The document contains a log of an application startup process, detailing various initialization steps and errors encountered. Key issues include a ClassNotFoundException for 'com.huawei.system.BuildEx' and multiple UnknownHostExceptions indicating failure to resolve hostnames. Additionally, there are warnings related to class loading and lock verification failures that may affect performance.
We take content rights seriously. If you suspect this is your content, claim it here.
Available Formats
Download as TXT, PDF, TXT or read online on Scribd
0 ratings0% found this document useful (0 votes)
4 views12 pages
Com - Upgadata.up7723 Logcat
The document contains a log of an application startup process, detailing various initialization steps and errors encountered. Key issues include a ClassNotFoundException for 'com.huawei.system.BuildEx' and multiple UnknownHostExceptions indicating failure to resolve hostnames. Additionally, there are warnings related to class loading and lock verification failures that may affect performance.
We take content rights seriously. If you suspect this is your content, claim it here.
Available Formats
Download as TXT, PDF, TXT or read online on Scribd
You are on page 1/ 12
--------- beginning of system
06-11 18:14:24.309 26541 26541 D ActivityThread: handleBindApplication() --
--------- beginning of main
06-11 18:14:24.320 26541 26541 I MMKV : <native-bridge.cpp:101::JNI_OnLoad> current API level = 31
06-11 18:14:24.320 26541 26541 I MMKV : <MMKV.cpp:156::initialize> version v1.2.2 page size:4096
06-11 18:14:24.320 26541 26541 I MMKV : <MMKV.cpp:167::initialize> armv8 AES instructions is supported
06-11 18:14:24.320 26541 26541 I MMKV : <MMKV.cpp:175::initialize> armv8 CRC32 instructions is supported
06-11 18:14:24.320 26541 26541 I MMKV : <MMKV.cpp:198::initializeMMKV> root dir: /data/user/0/com.upgadata.up7723/files/mmkv
06-11 18:14:24.325 26541 26575 D CompatibilityChangeReporter: Compat change id reported: 149924527; UID 10467; state: ENABLED
06-11 18:14:24.326 26541 26575 D CompatibilityChangeReporter: Compat change id reported: 132649864; UID 10467; state: DISABLED
06-11 18:14:24.381 26541 26575 D CompatibilityChangeReporter: Compat change id reported: 147798919; UID 10467; state: DISABLED
06-11 18:14:24.394 26541 26575 I MMKV : <MMKV_IO.cpp:81::loadFromFile> loading [mmkv.default] with 919963 actual size, file size 1048576, InterProcess 0, meta info version:3
06-11 18:14:24.394 26541 26575 I MMKV : <MMKV_IO.cpp:86::loadFromFile> loading [mmkv.default] with crc 1543225826 sequence 13 version 3
06-11 18:14:24.394 26541 26575 I MMKV : <MMKV_IO.cpp:130::loadFromFile> loaded [mmkv.default] with 26 key-values
06-11 18:14:24.425 26541 26575 I BluetoothAdapter: BluetoothAdapter() : com.upgadata.up7723
06-11 18:14:24.428 26541 26575 W System.err: java.lang.ClassNotFoundException: com.huawei.system.BuildEx
06-11 18:14:24.429 26541 26575 W System.err: at java.lang.Class.classForName(Native Method)
06-11 18:14:24.429 26541 26575 W System.err: at java.lang.Class.forName(Class.java:454)
06-11 18:14:24.429 26541 26575 W System.err: at java.lang.Class.forName(Class.java:379)
06-11 18:14:24.429 26541 26575 W System.err: at bzdevicesinfo.a0.x(SourceFile:1)
06-11 18:14:24.429 26541 26575 W System.err: at bzdevicesinfo.b0.d(SourceFile:28)
06-11 18:14:24.429 26541 26575 W System.err: at com.bz.devieceinfomod.BzDeviceManager.initSdk(SourceFile:1)
06-11 18:14:24.429 26541 26575 W System.err: at com.upgadata.up7723.http.utils.i.f(PhoneParamsUtil.java:20)
06-11 18:14:24.429 26541 26575 W System.err: at com.upgadata.up7723.MyApplication.initPhone(MyApplication.java:1)
06-11 18:14:24.429 26541 26575 W System.err: at com.upgadata.up7723.MyApplication.init(MyApplication.java:29)
06-11 18:14:24.429 26541 26575 W System.err: at com.upgadata.up7723.MyApplication.access$000(MyApplication.java:1)
06-11 18:14:24.429 26541 26575 W System.err: at com.upgadata.up7723.MyApplication$a.run(MyApplication.java:2)
06-11 18:14:24.429 26541 26575 W System.err: Caused by: java.lang.ClassNotFoundException: com.huawei.system.BuildEx
06-11 18:14:24.429 26541 26575 W System.err: ... 11 more
06-11 18:14:24.472 26541 26579 W Pinger : Error pinging server (attempt: 0, timeout: 70).
06-11 18:14:24.527 26541 26575 I eup : register native abi method success
06-11 18:14:24.534 26541 26588 W upgadata.up772: ClassLoaderContext parent mismatch. (PCL[] | PCL[];PCL[/data/app/~~5PVaGZncAjMXVBnIYX9r9w==/com.upgadata.up7723- cpCbPeLB5MSqkTHqYSK2KA==/base.apk*3176053791:/data/app/~~5PVaGZncAjMXVBnIYX9r9w==/ com.upgadata.up7723-cpCbPeLB5MSqkTHqYSK2KA==/base.apk!classes2.dex*1438791134:/ data/app/~~5PVaGZncAjMXVBnIYX9r9w==/com.upgadata.up7723-cpCbPeLB5MSqkTHqYSK2KA==/ base.apk!classes3.dex*513579609:/data/app/~~5PVaGZncAjMXVBnIYX9r9w==/ com.upgadata.up7723-cpCbPeLB5MSqkTHqYSK2KA==/base.apk!classes4.dex*307105541:/ data/app/~~5PVaGZncAjMXVBnIYX9r9w==/com.upgadata.up7723-cpCbPeLB5MSqkTHqYSK2KA==/ base.apk!classes5.dex*1603957664:/data/app/~~5PVaGZncAjMXVBnIYX9r9w==/ com.upgadata.up7723-cpCbPeLB5MSqkTHqYSK2KA==/base.apk!classes6.dex*4130892403] {PCL[/system/framework/android.test.base.jar*3790657674]#PCL[/system/framework/ org.apache.http.legacy.jar*128607898]})
06-11 18:14:24.564 26541 26575 W crashsdk: Set: Unknown key 38
06-11 18:14:24.564 26541 26575 W crashsdk: Set: Unknown key 39
06-11 18:14:24.565 26541 26635 D crashsdk: Native log stat thread 26635 setup, waiting
06-11 18:14:24.565 26541 26541 I crashsdk: Catcher mask: 5000, 20480
06-11 18:14:24.566 26541 26575 I crashsdk: begin hack android.os.Process
06-11 18:14:24.566 26541 26575 I crashsdk: end hack android.os.Process
06-11 18:14:24.566 26541 26575 I crashsdk: LibcMalloc detail: disabled.
06-11 18:14:24.567 26541 26541 I crashsdk: Catcher thread 26546
06-11 18:14:24.567 26541 26541 D crashsdk: Register ANR handler ...
06-11 18:14:24.572 26541 26638 E upgadata.up772: Invalid ID 0x00000000.
06-11 18:14:24.574 26541 26624 E upgadata.up772: Invalid ID 0x00000000.
06-11 18:14:24.596 26541 26644 W System.err: java.net.UnknownHostException: Unable to resolve host "android.bugly.qq.com": No address associated with hostname
06-11 18:14:24.596 26541 26644 W System.err: at java.net.Inet6AddressImpl.lookupHostByName(Inet6AddressImpl.java:156)
06-11 18:14:24.596 26541 26644 W System.err: at java.net.Inet6AddressImpl.lookupAllHostAddr(Inet6AddressImpl.java:103)
06-11 18:14:24.596 26541 26644 W System.err: at java.net.InetAddress.getAllByName(InetAddress.java:1152)
06-11 18:14:24.596 26541 26644 W System.err: at com.android.okhttp.Dns$1.lookup(Dns.java:41)
06-11 18:14:24.596 26541 26644 W System.err: at com.android.okhttp.internal.http.RouteSelector.resetNextInetSocketAddress(RouteSele ctor.java:178)
06-11 18:14:24.596 26541 26644 W System.err: at com.android.okhttp.internal.http.RouteSelector.nextProxy(RouteSelector.java:144)
06-11 18:14:24.596 26541 26644 W System.err: at com.android.okhttp.internal.http.RouteSelector.next(RouteSelector.java:86)
06-11 18:14:24.596 26541 26644 W System.err: at com.android.okhttp.internal.http.StreamAllocation.findConnection(StreamAllocation.j ava:176)
06-11 18:14:24.596 26541 26644 W System.err: at com.android.okhttp.internal.http.StreamAllocation.findHealthyConnection(StreamAlloc ation.java:128)
06-11 18:14:24.596 26541 26644 W System.err: at com.android.okhttp.internal.http.StreamAllocation.newStream(StreamAllocation.java:9 7)
06-11 18:14:24.596 26541 26644 W System.err: at com.android.okhttp.internal.http.HttpEngine.connect(HttpEngine.java:289)
06-11 18:14:24.596 26541 26644 W System.err: at com.android.okhttp.internal.http.HttpEngine.sendRequest(HttpEngine.java:232)
06-11 18:14:24.596 26541 26644 W System.err: at com.android.okhttp.internal.huc.HttpURLConnectionImpl.execute(HttpURLConnectionImpl .java:465)
06-11 18:14:24.596 26541 26644 W System.err: at com.android.okhttp.internal.huc.HttpURLConnectionImpl.connect(HttpURLConnectionImpl .java:131)
06-11 18:14:24.596 26541 26644 W System.err: at com.android.okhttp.internal.huc.HttpURLConnectionImpl.getOutputStream(HttpURLConnec tionImpl.java:262)
06-11 18:14:24.596 26541 26644 W System.err: at com.android.okhttp.internal.huc.DelegatingHttpsURLConnection.getOutputStream(Delega tingHttpsURLConnection.java:219)
06-11 18:14:24.596 26541 26644 W System.err: at com.android.okhttp.internal.huc.HttpsURLConnectionImpl.getOutputStream(HttpsURLConn ectionImpl.java:30)
06-11 18:14:24.596 26541 26644 W System.err: at com.tencent.bugly.proguard.af.a(BUGLY:63)
06-11 18:14:24.596 26541 26644 W System.err: at com.tencent.bugly.proguard.af.a(BUGLY:13)
06-11 18:14:24.596 26541 26644 W System.err: at com.tencent.bugly.proguard.aj.run(BUGLY:39)
06-11 18:14:24.596 26541 26644 W System.err: at com.tencent.bugly.proguard.ai$1.run(BUGLY:1)
06-11 18:14:24.596 26541 26644 W System.err: at java.lang.Thread.run(Thread.java:920)
06-11 18:14:24.596 26541 26644 W System.err: Caused by: android.system.GaiException: android_getaddrinfo failed: EAI_NODATA (No address associated with hostname)
06-11 18:14:24.596 26541 26644 W System.err: at libcore.io.Linux.android_getaddrinfo(Native Method)
06-11 18:14:24.596 26541 26644 W System.err: at libcore.io.ForwardingOs.android_getaddrinfo(ForwardingOs.java:136)
06-11 18:14:24.596 26541 26644 W System.err: at libcore.io.BlockGuardOs.android_getaddrinfo(BlockGuardOs.java:221)
06-11 18:14:24.596 26541 26644 W System.err: at libcore.io.ForwardingOs.android_getaddrinfo(ForwardingOs.java:136)
06-11 18:14:24.596 26541 26644 W System.err: at java.net.Inet6AddressImpl.lookupHostByName(Inet6AddressImpl.java:135)
06-11 18:14:24.596 26541 26644 W System.err: ... 21 more
06-11 18:14:24.599 26541 26575 W upgadata.up772: Class qm_m.qm_a.qm_b.qm_c.qm_u.qm_h.qm_e failed lock verification and will run slower.
06-11 18:14:24.599 26541 26575 W upgadata.up772: Common causes for lock verification issues are non-optimized dex code
06-11 18:14:24.599 26541 26575 W upgadata.up772: and incorrect proguard optimizations.
06-11 18:14:24.599 26658 26658 E libc : Access denied finding property "qemu.hw.mainkeys"
06-11 18:14:24.599 26658 26658 E libc : Access denied finding property "qemu.sf.lcd_density"
06-11 18:14:24.600 26658 26658 E libc : Access denied finding property "ro.serialno"
06-11 18:14:24.609 26541 26660 I WebViewFactory: Loading com.google.android.webview version 137.0.7151.61 (code 715106133)
06-11 18:14:24.610 26541 26588 W System.err: java.net.UnknownHostException: Unable to resolve host "cfg.imtt.qq.com": No address associated with hostname
06-11 18:14:24.611 26541 26588 W System.err: at java.net.Inet6AddressImpl.lookupHostByName(Inet6AddressImpl.java:156)
06-11 18:14:24.611 26541 26588 W System.err: at java.net.Inet6AddressImpl.lookupAllHostAddr(Inet6AddressImpl.java:103)
06-11 18:14:24.611 26541 26588 W System.err: at java.net.InetAddress.getAllByName(InetAddress.java:1152)
06-11 18:14:24.611 26541 26588 W System.err: at com.android.okhttp.Dns$1.lookup(Dns.java:41)
06-11 18:14:24.611 26541 26588 W System.err: at com.android.okhttp.internal.http.RouteSelector.resetNextInetSocketAddress(RouteSele ctor.java:178)
06-11 18:14:24.611 26541 26588 W System.err: at com.android.okhttp.internal.http.RouteSelector.nextProxy(RouteSelector.java:144)
06-11 18:14:24.611 26541 26588 W System.err: at com.android.okhttp.internal.http.RouteSelector.next(RouteSelector.java:86)
06-11 18:14:24.611 26541 26588 W System.err: at com.android.okhttp.internal.http.StreamAllocation.findConnection(StreamAllocation.j ava:176)
06-11 18:14:24.611 26541 26588 W System.err: at com.android.okhttp.internal.http.StreamAllocation.findHealthyConnection(StreamAlloc ation.java:128)
06-11 18:14:24.611 26541 26588 W System.err: at com.android.okhttp.internal.http.StreamAllocation.newStream(StreamAllocation.java:9 7)
06-11 18:14:24.611 26541 26588 W System.err: at com.android.okhttp.internal.http.HttpEngine.connect(HttpEngine.java:289)
06-11 18:14:24.611 26541 26588 W System.err: at com.android.okhttp.internal.http.HttpEngine.sendRequest(HttpEngine.java:232)
06-11 18:14:24.611 26541 26588 W System.err: at com.android.okhttp.internal.huc.HttpURLConnectionImpl.execute(HttpURLConnectionImpl .java:465)
06-11 18:14:24.611 26541 26588 W System.err: at com.android.okhttp.internal.huc.HttpURLConnectionImpl.connect(HttpURLConnectionImpl .java:131)
06-11 18:14:24.611 26541 26588 W System.err: at com.android.okhttp.internal.huc.HttpURLConnectionImpl.getOutputStream(HttpURLConnec tionImpl.java:262)
06-11 18:14:24.611 26541 26588 W System.err: at com.android.okhttp.internal.huc.DelegatingHttpsURLConnection.getOutputStream(Delega tingHttpsURLConnection.java:219)
06-11 18:14:24.611 26541 26588 W System.err: at com.android.okhttp.internal.huc.HttpsURLConnectionImpl.getOutputStream(HttpsURLConn ectionImpl.java:30)
06-11 18:14:24.611 26541 26588 W System.err: at com.tencent.smtt.utils.g.a(Unknown Source:1)
06-11 18:14:24.611 26541 26588 W System.err: at com.tencent.smtt.utils.g.a(Unknown Source:117)
06-11 18:14:24.611 26541 26588 W System.err: at com.tencent.smtt.sdk.TbsDownloader.b(Unknown Source:392)
06-11 18:14:24.611 26541 26588 W System.err: at com.tencent.smtt.sdk.TbsDownloader.a(Unknown Source:0)
06-11 18:14:24.611 26541 26588 W System.err: at com.tencent.smtt.sdk.TbsDownloader$1.handleMessage(Unknown Source:231)
06-11 18:14:24.611 26541 26588 W System.err: at android.os.Handler.dispatchMessage(Handler.java:106)
06-11 18:14:24.611 26541 26588 W System.err: at android.os.Looper.loopOnce(Looper.java:226)
06-11 18:14:24.611 26541 26588 W System.err: at android.os.Looper.loop(Looper.java:313)
06-11 18:14:24.611 26541 26588 W System.err: at android.os.HandlerThread.run(HandlerThread.java:67)
06-11 18:14:24.611 26541 26588 W System.err: Caused by: android.system.GaiException: android_getaddrinfo failed: EAI_NODATA (No address associated with hostname)
06-11 18:14:24.611 26541 26588 W System.err: at libcore.io.Linux.android_getaddrinfo(Native Method)
06-11 18:14:24.611 26541 26588 W System.err: at libcore.io.ForwardingOs.android_getaddrinfo(ForwardingOs.java:136)
06-11 18:14:24.611 26541 26588 W System.err: at libcore.io.BlockGuardOs.android_getaddrinfo(BlockGuardOs.java:221)
06-11 18:14:24.611 26541 26588 W System.err: at libcore.io.ForwardingOs.android_getaddrinfo(ForwardingOs.java:136)
06-11 18:14:24.611 26541 26588 W System.err: at java.net.Inet6AddressImpl.lookupHostByName(Inet6AddressImpl.java:135)
06-11 18:14:24.611 26541 26588 W System.err: ... 25 more
06-11 18:14:24.612 26541 26588 W System.err: org.json.JSONException: Value ["HttpError"] of type org.json.JSONArray cannot be converted to JSONObject
06-11 18:14:24.612 26541 26588 W System.err: at org.json.JSON.typeMismatch(JSON.java:112)
06-11 18:14:24.612 26541 26588 W System.err: at org.json.JSONObject.<init>(JSONObject.java:172)
06-11 18:14:24.612 26541 26588 W System.err: at org.json.JSONObject.<init>(JSONObject.java:185)
06-11 18:14:24.612 26541 26588 W System.err: at com.tencent.smtt.sdk.TbsDownloader.a(Unknown Source:70)
06-11 18:14:24.612 26541 26588 W System.err: at com.tencent.smtt.sdk.TbsDownloader.b(Unknown Source:463)
06-11 18:14:24.612 26541 26588 W System.err: at com.tencent.smtt.sdk.TbsDownloader.a(Unknown Source:0)
06-11 18:14:24.612 26541 26588 W System.err: at com.tencent.smtt.sdk.TbsDownloader$1.handleMessage(Unknown Source:231)
06-11 18:14:24.612 26541 26588 W System.err: at android.os.Handler.dispatchMessage(Handler.java:106)
06-11 18:14:24.612 26541 26588 W System.err: at android.os.Looper.loopOnce(Looper.java:226)
06-11 18:14:24.612 26541 26588 W System.err: at android.os.Looper.loop(Looper.java:313)
06-11 18:14:24.612 26541 26579 W Pinger : Error pinging server (attempt: 1, timeout: 140).
06-11 18:14:24.612 26541 26588 W System.err: at android.os.HandlerThread.run(HandlerThread.java:67)
06-11 18:14:24.613 26541 26660 W upgadata.up772: Entry not found
06-11 18:14:24.673 26541 26664 W upgadata.up772: ClassLoaderContext parent mismatch. (PCL[] | PCL[];PCL[/data/app/~~5PVaGZncAjMXVBnIYX9r9w==/com.upgadata.up7723- cpCbPeLB5MSqkTHqYSK2KA==/base.apk*3176053791:/data/app/~~5PVaGZncAjMXVBnIYX9r9w==/ com.upgadata.up7723-cpCbPeLB5MSqkTHqYSK2KA==/base.apk!classes2.dex*1438791134:/ data/app/~~5PVaGZncAjMXVBnIYX9r9w==/com.upgadata.up7723-cpCbPeLB5MSqkTHqYSK2KA==/ base.apk!classes3.dex*513579609:/data/app/~~5PVaGZncAjMXVBnIYX9r9w==/ com.upgadata.up7723-cpCbPeLB5MSqkTHqYSK2KA==/base.apk!classes4.dex*307105541:/ data/app/~~5PVaGZncAjMXVBnIYX9r9w==/com.upgadata.up7723-cpCbPeLB5MSqkTHqYSK2KA==/ base.apk!classes5.dex*1603957664:/data/app/~~5PVaGZncAjMXVBnIYX9r9w==/ com.upgadata.up7723-cpCbPeLB5MSqkTHqYSK2KA==/base.apk!classes6.dex*4130892403] {PCL[/system/framework/android.test.base.jar*3790657674]#PCL[/system/framework/ org.apache.http.legacy.jar*128607898]})
06-11 18:14:24.692 26541 26664 W upgadata.up772: ClassLoaderContext parent mismatch. (PCL[] | PCL[];PCL[/data/user/0/com.upgadata.up7723/app_tbs_64/core_share/apache_dex.jar*202 0980117];PCL[/data/app/~~5PVaGZncAjMXVBnIYX9r9w==/com.upgadata.up7723- cpCbPeLB5MSqkTHqYSK2KA==/base.apk*3176053791:/data/app/~~5PVaGZncAjMXVBnIYX9r9w==/ com.upgadata.up7723-cpCbPeLB5MSqkTHqYSK2KA==/base.apk!classes2.dex*1438791134:/ data/app/~~5PVaGZncAjMXVBnIYX9r9w==/com.upgadata.up7723-cpCbPeLB5MSqkTHqYSK2KA==/ base.apk!classes3.dex*513579609:/data/app/~~5PVaGZncAjMXVBnIYX9r9w==/ com.upgadata.up7723-cpCbPeLB5MSqkTHqYSK2KA==/base.apk!classes4.dex*307105541:/ data/app/~~5PVaGZncAjMXVBnIYX9r9w==/com.upgadata.up7723-cpCbPeLB5MSqkTHqYSK2KA==/ base.apk!classes5.dex*1603957664:/data/app/~~5PVaGZncAjMXVBnIYX9r9w==/ com.upgadata.up7723-cpCbPeLB5MSqkTHqYSK2KA==/base.apk!classes6.dex*4130892403] {PCL[/system/framework/android.test.base.jar*3790657674]#PCL[/system/framework/ org.apache.http.legacy.jar*128607898]})
06-11 18:14:24.698 26541 26660 I cr_WVCFactoryProvider: version=137.0.7151.61 (715106133) minSdkVersion=29 isBundle=false multiprocess=true packageId=127
06-11 18:14:24.703 26658 26658 I Umeng_ZID: native zid is APEnNvEICEz8C_QaQ- wvMqHbbwMlwU6GvdWtEXZgMIsq1QmWvu73vsRo5_JXVWAaWBEhTJfeESrZE7zEHTT11qNVKDGEwIoFHdEG9 -ANDTyCxpK_Xe5smDacYf26pkL1_2- zrlh5EDAUcgUIOTqWJNPYu0dEyw3YZslJ0NGaKCGHz5FCeVK6Ay5gFP8Li6u65pBkt2Gznfg6rErfUoACuM Vaf_v07MnHjwCwhPYyMLwRz6MrTG1HjFncmjSAKKSc0KN4sGSM1jlRv33pU9sviMLPwZMHmFjiWlp- pciwLWzt-ytDAIkAUd_5tOJD0tQl0Mp9qxKWzgMJ0rbzdVh6K- 9ib0X9qK1bc8_m50UC83r_b9CXcnf0crXng8OjfjFV5mW1U_eFoNBiY7I- JoKy3aPOWzJPsYONMGRhCMzL87ePNAIh1GBCdcQGjsLUgt2r01QogIgZoi2CCG88luSFlaNWWOwh7L2glrn dsuUap77AMkQE0kBaBnmgldRAOBOWj6uwZfIrf_GKHtZdhjKMFcdCXcu2ulPqpQ==
06-11 18:14:24.703 26658 26658 I Umeng_ZID:
06-11 18:14:24.734 26541 26652 W System.err: java.net.UnknownHostException: Unable to resolve host "utoken.umeng.com": No address associated with hostname
06-11 18:14:24.734 26541 26652 W System.err: at java.net.Inet6AddressImpl.lookupHostByName(Inet6AddressImpl.java:156)
06-11 18:14:24.734 26541 26652 W System.err: at java.net.Inet6AddressImpl.lookupAllHostAddr(Inet6AddressImpl.java:103)
06-11 18:14:24.734 26541 26652 W System.err: at java.net.InetAddress.getAllByName(InetAddress.java:1152)
06-11 18:14:24.734 26541 26652 W System.err: at com.android.okhttp.Dns$1.lookup(Dns.java:41)
06-11 18:14:24.734 26541 26652 W System.err: at com.android.okhttp.internal.http.RouteSelector.resetNextInetSocketAddress(RouteSele ctor.java:178)
06-11 18:14:24.734 26541 26652 W System.err: at com.android.okhttp.internal.http.RouteSelector.nextProxy(RouteSelector.java:144)
06-11 18:14:24.734 26541 26652 W System.err: at com.android.okhttp.internal.http.RouteSelector.next(RouteSelector.java:86)
06-11 18:14:24.734 26541 26652 W System.err: at com.android.okhttp.internal.http.StreamAllocation.findConnection(StreamAllocation.j ava:176)
06-11 18:14:24.734 26541 26652 W System.err: at com.android.okhttp.internal.http.StreamAllocation.findHealthyConnection(StreamAlloc ation.java:128)
06-11 18:14:24.734 26541 26652 W System.err: at com.android.okhttp.internal.http.StreamAllocation.newStream(StreamAllocation.java:9 7)
06-11 18:14:24.734 26541 26652 W System.err: at com.android.okhttp.internal.http.HttpEngine.connect(HttpEngine.java:289)
06-11 18:14:24.734 26541 26652 W System.err: at com.android.okhttp.internal.http.HttpEngine.sendRequest(HttpEngine.java:232)
06-11 18:14:24.734 26541 26652 W System.err: at com.android.okhttp.internal.huc.HttpURLConnectionImpl.execute(HttpURLConnectionImpl .java:465)
06-11 18:14:24.734 26541 26652 W System.err: at com.android.okhttp.internal.huc.HttpURLConnectionImpl.connect(HttpURLConnectionImpl .java:131)
06-11 18:14:24.734 26541 26652 W System.err: at com.android.okhttp.internal.huc.HttpURLConnectionImpl.getOutputStream(HttpURLConnec tionImpl.java:262)
06-11 18:14:24.734 26541 26652 W System.err: at com.android.okhttp.internal.huc.DelegatingHttpsURLConnection.getOutputStream(Delega tingHttpsURLConnection.java:219)
06-11 18:14:24.734 26541 26652 W System.err: at com.android.okhttp.internal.huc.HttpsURLConnectionImpl.getOutputStream(HttpsURLConn ectionImpl.java:30)
06-11 18:14:24.734 26541 26652 W System.err: at com.umeng.umzid.a.a(Unknown Source:79)
06-11 18:14:24.734 26541 26652 W System.err: at com.umeng.umzid.ZIDManager.b(:10)
06-11 18:14:24.734 26541 26652 W System.err: at com.umeng.umzid.ZIDManager$b.run(:1)
06-11 18:14:24.734 26541 26652 W System.err: at java.util.concurrent.Executors$RunnableAdapter.call(Executors.java:462)
06-11 18:14:24.734 26541 26652 W System.err: at java.util.concurrent.FutureTask.run(FutureTask.java:266)
06-11 18:14:24.734 26541 26652 W System.err: at java.util.concurrent.ScheduledThreadPoolExecutor$ScheduledFutureTask.run(ScheduledT hreadPoolExecutor.java:301)
06-11 18:14:24.734 26541 26652 W System.err: at java.util.concurrent.ThreadPoolExecutor.runWorker(ThreadPoolExecutor.java:1167)
06-11 18:14:24.734 26541 26652 W System.err: at java.util.concurrent.ThreadPoolExecutor$Worker.run(ThreadPoolExecutor.java:641)
06-11 18:14:24.734 26541 26652 W System.err: at java.lang.Thread.run(Thread.java:920)
06-11 18:14:24.734 26541 26652 W System.err: Caused by: android.system.GaiException: android_getaddrinfo failed: EAI_NODATA (No address associated with hostname)
06-11 18:14:24.734 26541 26652 W System.err: at libcore.io.Linux.android_getaddrinfo(Native Method)
06-11 18:14:24.734 26541 26652 W System.err: at libcore.io.ForwardingOs.android_getaddrinfo(ForwardingOs.java:136)
06-11 18:14:24.734 26541 26652 W System.err: at libcore.io.BlockGuardOs.android_getaddrinfo(BlockGuardOs.java:221)
06-11 18:14:24.734 26541 26652 W System.err: at libcore.io.ForwardingOs.android_getaddrinfo(ForwardingOs.java:136)
06-11 18:14:24.734 26541 26652 W System.err: at java.net.Inet6AddressImpl.lookupHostByName(Inet6AddressImpl.java:135)
06-11 18:14:24.734 26541 26652 W System.err: ... 25 more
06-11 18:14:24.761 26541 26683 E chromium: [0611/181424.758089:ERROR:android_webview/browser/variations/variations_seed_loader .cc:39] Seed missing signature.
06-11 18:14:24.801 26541 26689 I common-logging: make_dir > path : /data/user/0/com.upgadata.up7723/filescommonCache/tbs/com.upgadata.up7723/ logging_cache/
06-11 18:14:24.805 26541 26689 I common-logging: make_dir > path : /storage/emulated/0/Android/data/com.upgadata.up7723/files/commonlog/tbs/ com.upgadata.up7723/
06-11 18:14:24.810 26541 26689 I common-logging: cpu_byteorder > system is a low byteorder
06-11 18:14:24.810 26541 26689 I common-logging: read_mmap_data > path's json length : 37
06-11 18:14:24.810 26541 26689 I common-logging: dir_json {"version":3,"file":"1749589200000"}
06-11 18:14:24.810 26541 26689 I common-logging: read_mmapdata_tbslog > dir , path and version : /storage/emulated/0/Android/data/com.upgadata.up7723/files/commonlog/tbs/ com.upgadata.up7723/ || 1749589200000 || 3.000000
06-11 18:14:24.810 26541 26689 I common-logging: write_mmap_data > buffer total length 0
06-11 18:14:24.810 26541 26689 I common-logging: log_init > logging init success
06-11 18:14:24.828 26541 26664 E TBSBugly: init #00
06-11 18:14:24.829 26541 26664 E TBSBugly: init return can not use
06-11 18:14:24.839 26541 26541 I cr_LibraryLoader: Successfully loaded native library
06-11 18:14:24.893 26541 26579 W Pinger : Error pinging server (attempt: 2, timeout: 280).
06-11 18:14:24.893 26541 26541 I cr_CachingUmaRecorder: Flushed 7 samples from 7 histograms, 0 samples were dropped.
06-11 18:14:24.897 26541 26579 E Pinger : Error pinging server (attempts: 3, max timeout: 280). If you see this message, please, report at https://github.com/danikula/AndroidVideoCache/issues/134. Default proxies are: [DIRECT]
06-11 18:14:24.897 26541 26579 E Pinger : com.danikula.videocache.ProxyCacheException: Error pinging server (attempts: 3, max timeout: 280). If you see this message, please, report at https://github.com/danikula/AndroidVideoCache/issues/134. Default proxies are: [DIRECT]. Version: 1.0
06-11 18:14:24.897 26541 26579 E Pinger : at com.danikula.videocache.Pinger.ping(Pinger.java:10)
06-11 18:14:24.897 26541 26579 E Pinger : at com.danikula.videocache.HttpProxyCacheServer.isAlive(HttpProxyCacheServer.java:1)
06-11 18:14:24.897 26541 26579 E Pinger : at com.danikula.videocache.HttpProxyCacheServer.<init>(HttpProxyCacheServer.java:17)
06-11 18:14:24.897 26541 26579 E Pinger : at com.danikula.videocache.HttpProxyCacheServer.<init>(HttpProxyCacheServer.java:1)
06-11 18:14:24.897 26541 26579 E Pinger : at com.danikula.videocache.HttpProxyCacheServer$Builder.build(HttpProxyCacheServer.jav a:2)
06-11 18:14:24.897 26541 26579 E Pinger : at org.salient.artplayer.MediaPlayerManager.initVideoCache(MediaPlayerManager.java:5)
06-11 18:14:24.897 26541 26579 E Pinger : at com.upgadata.up7723.apps.ApplicationInit$initApplication$1.invokeSuspend(Applicatio nInit.kt:2)
06-11 18:14:24.897 26541 26579 E Pinger : at kotlin.coroutines.jvm.internal.BaseContinuationImpl.resumeWith(ContinuationImpl.kt: 4)
06-11 18:14:24.897 26541 26579 E Pinger : at kotlinx.coroutines.c1.run(DispatchedTask.kt:22)
06-11 18:14:24.897 26541 26579 E Pinger : at kotlinx.coroutines.scheduling.CoroutineScheduler.C(CoroutineScheduler.kt:1)
06-11 18:14:24.897 26541 26579 E Pinger : at kotlinx.coroutines.scheduling.CoroutineScheduler$c.d(CoroutineScheduler.kt:4)
06-11 18:14:24.897 26541 26579 E Pinger : at kotlinx.coroutines.scheduling.CoroutineScheduler$c.o(CoroutineScheduler.kt:4)
06-11 18:14:24.897 26541 26579 E Pinger : at kotlinx.coroutines.scheduling.CoroutineScheduler$c.run(CoroutineScheduler.kt:1)
06-11 18:14:24.897 26541 26579 I HttpProxyCacheServer: Proxy cache server started. Is it alive? false
06-11 18:14:24.899 26541 26701 W upgadata.up772: ClassLoaderContext parent mismatch. (PCL[] | PCL[];PCL[/data/user/0/com.upgadata.up7723/app_tbs_64/core_share/tbs_jars_fusion_de x.jar*216741145];PCL[/data/user/0/com.upgadata.up7723/app_tbs_64/core_share/ apache_dex.jar*2020980117];PCL[/data/app/~~5PVaGZncAjMXVBnIYX9r9w==/ com.upgadata.up7723-cpCbPeLB5MSqkTHqYSK2KA==/base.apk*3176053791:/data/app/ ~~5PVaGZncAjMXVBnIYX9r9w==/com.upgadata.up7723-cpCbPeLB5MSqkTHqYSK2KA==/base.apk! classes2.dex*1438791134:/data/app/~~5PVaGZncAjMXVBnIYX9r9w==/com.upgadata.up7723- cpCbPeLB5MSqkTHqYSK2KA==/base.apk!classes3.dex*513579609:/data/app/ ~~5PVaGZncAjMXVBnIYX9r9w==/com.upgadata.up7723-cpCbPeLB5MSqkTHqYSK2KA==/base.apk! classes4.dex*307105541:/data/app/~~5PVaGZncAjMXVBnIYX9r9w==/com.upgadata.up7723- cpCbPeLB5MSqkTHqYSK2KA==/base.apk!classes5.dex*1603957664:/data/app/ ~~5PVaGZncAjMXVBnIYX9r9w==/com.upgadata.up7723-cpCbPeLB5MSqkTHqYSK2KA==/base.apk! classes6.dex*4130892403]{PCL[/system/framework/ android.test.base.jar*3790657674]#PCL[/system/framework/ org.apache.http.legacy.jar*128607898]})
06-11 18:14:24.946 26541 26701 E TbsPbProxy: TbsPbBridge Class.forName exception
06-11 18:14:24.989 26541 26541 I cr_CombinedPProvider: #registerProvider() provider:WV.d9@abd208a isPolicyCacheEnabled:false policyProvidersSize:0
06-11 18:14:24.994 26541 26541 I cr_PolicyProvider: #setManagerAndSource() 0
06-11 18:14:25.092 26541 26664 W upgadata.up772: ClassLoaderContext parent mismatch. (PCL[] | PCL[];PCL[/data/user/0/com.upgadata.up7723/app_tbs_64/core_share/tbs_jars_fusion_de x.jar*216741145];PCL[/data/user/0/com.upgadata.up7723/app_tbs_64/core_share/ apache_dex.jar*2020980117];PCL[/data/app/~~5PVaGZncAjMXVBnIYX9r9w==/ com.upgadata.up7723-cpCbPeLB5MSqkTHqYSK2KA==/base.apk*3176053791:/data/app/ ~~5PVaGZncAjMXVBnIYX9r9w==/com.upgadata.up7723-cpCbPeLB5MSqkTHqYSK2KA==/base.apk! classes2.dex*1438791134:/data/app/~~5PVaGZncAjMXVBnIYX9r9w==/com.upgadata.up7723- cpCbPeLB5MSqkTHqYSK2KA==/base.apk!classes3.dex*513579609:/data/app/ ~~5PVaGZncAjMXVBnIYX9r9w==/com.upgadata.up7723-cpCbPeLB5MSqkTHqYSK2KA==/base.apk! classes4.dex*307105541:/data/app/~~5PVaGZncAjMXVBnIYX9r9w==/com.upgadata.up7723- cpCbPeLB5MSqkTHqYSK2KA==/base.apk!classes5.dex*1603957664:/data/app/ ~~5PVaGZncAjMXVBnIYX9r9w==/com.upgadata.up7723-cpCbPeLB5MSqkTHqYSK2KA==/base.apk! classes6.dex*4130892403]{PCL[/system/framework/ android.test.base.jar*3790657674]#PCL[/system/framework/ org.apache.http.legacy.jar*128607898]})
06-11 18:14:25.142 26541 26664 D TbsUg : Initialize ug plugin.
06-11 18:14:25.190 26541 26664 D TbsServiceProxy: BZUGV_2291
06-11 18:14:25.191 26541 26664 D TbsServiceProxy: upLoadToBeacon: evtname:TBS_UG_PLUGIN_INFOparams: {ugver=2291, ugpath=/data/user/0/com.upgadata.up7723/app_tbs_64/core_share/tbs_ug_plugin.jar, ugbn=20250103113246}
06-11 18:14:25.191 26541 26664 D TbsUg : switchSDKEmergence switchValue is fail
06-11 18:14:25.192 26541 26664 E TbsUgEngine: invokeMiscMethod tbsUg: com.tencent.tbs.ug.core.TbsUg@eea9c8d
06-11 18:14:25.192 26541 26664 D UgMidPageControl: execInvokeMethodWithArgs: method:initTbsUgagrs :{context=com.upgadata.up7723.VApp@8fc92d2, coreVersion=046295}
06-11 18:14:25.192 26541 26664 D UgMidPageControl: initTbsUg
06-11 18:14:25.244 26541 26664 D InterceptManager: upLoadToBeacon: {from_pkg_name=com.upgadata.up7723, is_installed=2, ug_version=2291, action=init_x5, id=236d305ff1d3d340907189ec13b788cb, tbs_version=046295, url=}
06-11 18:14:25.419 26541 26541 I cr_CombinedPProvider: #linkNativeInternal() 1
06-11 18:14:25.420 26541 26541 I cr_AppResProvider: #getApplicationRestrictionsFromUserManager() Bundle[EMPTY_PARCEL]
06-11 18:14:25.420 26541 26541 I cr_PolicyProvider: #notifySettingsAvailable() 0
06-11 18:14:25.420 26541 26541 I cr_CombinedPProvider: #onSettingsAvailable() 0
06-11 18:14:25.420 26541 26541 I cr_CombinedPProvider: #flushPolicies()
06-11 18:14:25.644 26541 26857 W chromium: [WARNING:net/dns/dns_config_service_android.cc:69] Failed to read DnsConfig.
06-11 18:14:25.805 26541 26541 I ReportUtils: UG_REPORT_CLOSE = 0
06-11 18:14:25.805 26541 26541 I ReportUtils: UG_REPORT_SAMPLE = 100
06-11 18:14:25.805 26541 26541 I ReportUtils: serverSample = 100
06-11 18:14:25.822 26541 26541 I ReportUtils: localSample = 100
06-11 18:14:25.822 26541 26541 I ReportUtils: getUgReportRandom = true,getUgReportEnable = false
06-11 18:14:25.822 26541 26541 I ReportUtils: RandomReportHelper.canReport = false
06-11 18:14:25.826 26541 26903 I CameraManagerGlobal: Connecting to camera service
06-11 18:14:25.843 26541 26903 D VendorTagDescriptor: addVendorDescriptor: vendor tag id 14172875900359437128 added
06-11 18:14:25.847 26541 26541 I MultiProcess: Fallback service has disabled
06-11 18:14:25.847 26541 26541 I MultiProcess: No sandbox if not isolated has enabled
06-11 18:14:25.847 26541 26541 I MultiProcess: Auto recovery has enabled
06-11 18:14:25.850 26541 26541 I MultiProcess: Type 0: 0 is chosen when multi- process is not enabled
06-11 18:14:25.855 26541 26553 I CameraManagerGlobal: Camera 0 facing CAMERA_FACING_BACK state now CAMERA_STATE_CLOSED for client android.system API Level 2
06-11 18:14:25.855 26541 26553 I CameraManagerGlobal: Camera 1 facing CAMERA_FACING_FRONT state now CAMERA_STATE_CLOSED for client android.system API Level 2
06-11 18:14:25.855 26541 26553 I CameraManagerGlobal: Camera 2 facing CAMERA_FACING_BACK state now CAMERA_STATE_CLOSED for client android.system API Level 2
06-11 18:14:25.856 26541 26903 I CameraManager: registerAvailabilityCallback: Is device callback = false
06-11 18:14:25.856 26541 26903 I CameraManagerGlobal: postSingleUpdate device: camera id 0 status STATUS_PRESENT
06-11 18:14:25.856 26541 26903 I CameraManagerGlobal: postSingleUpdate device: camera id 1 status STATUS_PRESENT
06-11 18:14:25.856 26541 26903 I CameraManagerGlobal: postSingleUpdate device: camera id 2 status STATUS_PRESENT
06-11 18:14:25.856 26541 26903 I CameraManagerGlobal: postSingleUpdate device: camera id 3 status STATUS_PRESENT
06-11 18:14:25.856 26541 26553 I CameraManagerGlobal: Camera 20 facing CAMERA_FACING_BACK state now CAMERA_STATE_CLOSED for client android.system API Level 2
06-11 18:14:25.904 26541 26553 I CameraManagerGlobal: Camera 21 facing CAMERA_FACING_BACK state now CAMERA_STATE_CLOSED for client android.system API Level 2
06-11 18:14:25.918 26541 26553 I CameraManagerGlobal: Camera 23 facing CAMERA_FACING_BACK state now CAMERA_STATE_CLOSED for client android.system API Level 2
06-11 18:14:25.918 26541 26553 I CameraManagerGlobal: Camera 3 facing CAMERA_FACING_FRONT state now CAMERA_STATE_CLOSED for client android.system API Level 2
06-11 18:14:25.921 26541 26553 I CameraManagerGlobal: Camera 50 facing CAMERA_FACING_BACK state now CAMERA_STATE_CLOSED for client android.system API Level 2
06-11 18:14:25.921 26541 26553 I CameraManagerGlobal: Camera 52 facing CAMERA_FACING_BACK state now CAMERA_STATE_CLOSED for client android.system API Level 2
06-11 18:14:25.921 26541 26553 I CameraManagerGlobal: Camera 91 facing CAMERA_FACING_FRONT state now CAMERA_STATE_CLOSED for client android.system API Level 2
06-11 18:14:25.963 26541 26551 W System : A resource failed to call close.
06-11 18:14:25.963 26541 26551 W System : A resource failed to call close.
06-11 18:14:25.963 26541 26551 W System : A resource failed to call close.
06-11 18:14:25.963 26541 26551 W System : A resource failed to call close.
06-11 18:14:25.963 26541 26551 W System : A resource failed to call close.
06-11 18:14:25.966 26541 26551 W System : A resource failed to call close.
06-11 18:14:26.143 26541 26541 E KING_CARD: WebSettingsExtension getQProxyEnabled false
06-11 18:14:26.192 26541 26541 D ConnectivityManager: StackLog: [android.net.ConnectivityManager.sendRequestForNetwork(ConnectivityManager.java:392 5)] [android.net.ConnectivityManager.registerDefaultNetworkCallbackForUid(ConnectivityM anager.java:4489)] [android.net.ConnectivityManager.registerDefaultNetworkCallback(ConnectivityManager .java:4456)] [org.chromium.net.NetworkChangeNotifierAutoDetect$c.a(TbsJavaCore:31)] [org.chromium.net.NetworkChangeNotifierAutoDetect.g(TbsJavaCore:7)] [org.chromium.net.NetworkChangeNotifierAutoDetect$h.d(TbsJavaCore:1)] [org.chromium.android_webview.n2.a(TbsJavaCore:3)] [org.chromium.android_webview.AwContentsLifecycleNotifier.onFirstWebViewCreated(Tbs JavaCore:4)] [J.N.MFiR_zHY(Native Method)] [org.chromium.base.natives.GEN_JNI.org_chromium_android_1webview_AwContents_init(Tb sJavaCore:1)] [org.chromium.android_webview.t1.c(TbsJavaCore:1)] [org.chromium.android_webview.AwContents.<init>(TbsJavaCore:55)] [org.chromium.tencent.TencentAwContent.<init>(TbsJavaCore:2)] [android.webview.chromium.tencent.TencentWebViewChromium.l0(TbsJavaCore:5)] [android.webview.chromium.tencent.TencentWebViewChromium.a(TbsJavaCore:1)] [android.webview.chromium.tencent.TencentWebViewChromium$1.run(TbsJavaCore:2)] [org.chromium.android_webview.g4.b(TbsJavaCore:3)] [org.chromium.android_webview.g4.c(TbsJavaCore:1)] [org.chromium.android_webview.i1.run(Unknown Source:2)] [org.chromium.base.task.PostTask.b(TbsJavaCore:3)] [org.chromium.android_webview.g4.a(TbsJavaCore:3)] [android.webview.chromium.i1.a(TbsJavaCore:2)] [android.webview.chromium.tencent.TencentWebViewChromium.a(TbsJavaCore:48)] [com.tencent.tbs.core.webkit.WebView.<init>(TbsJavaCore:17)] [com.tencent.tbs.core.webkit.WebView.<init>(TbsJavaCore:4)] [com.tencent.tbs.core.webkit.WebView.<init>(TbsJavaCore:3)] [com.tencent.tbs.core.webkit.tencent.TencentWebViewProxy$InnerWebView.<init>(TbsJav aCore:6)] [com.tencent.tbs.core.webkit.tencent.TencentWebViewProxy.<init>(TbsJavaCore:52)] [com.tencent.tbs.core.webkit.adapter.X5WebViewAdapter.<init>(TbsJavaCore:1)] [com.tencent.tbs.tbsshell.WebCoreProxy.createSDKWebViewInstance(TbsJavaCore:4)] [com.tencent.tbs.tbsshell.partner.webaccelerator.a.a(TbsJavaCore:23)] [com.tencent.tbs.tbsshell.WebCoreProxy.createSDKWebview(TbsJavaCore:4)] [java.lang.reflect.Method.invoke(Native Method)] [com.tencent.smtt.export.external.DexLoader.invokeStaticMethod(Unknown Source:15)] [com.tencent.smtt.sdk.v.a(Unknown Source:18)] [com.tencent.smtt.sdk.QbSdk$1.handleMessage(Unknown Source:91)]
06-11 18:14:26.199 26541 26541 D ConnectivityManager: StackLog: [android.net.ConnectivityManager.sendRequestForNetwork(ConnectivityManager.java:392 5)] [android.net.ConnectivityManager.sendRequestForNetwork(ConnectivityManager.java:396 7)] [android.net.ConnectivityManager.registerNetworkCallback(ConnectivityManager.java:4 349)] [org.chromium.net.NetworkChangeNotifierAutoDetect$c.a(TbsJavaCore:29)] [org.chromium.net.NetworkChangeNotifierAutoDetect.g(TbsJavaCore:14)] [org.chromium.net.NetworkChangeNotifierAutoDetect$h.d(TbsJavaCore:1)] [org.chromium.android_webview.n2.a(TbsJavaCore:3)] [org.chromium.android_webview.AwContentsLifecycleNotifier.onFirstWebViewCreated(Tbs JavaCore:4)] [J.N.MFiR_zHY(Native Method)] [org.chromium.base.natives.GEN_JNI.org_chromium_android_1webview_AwContents_init(Tb sJavaCore:1)] [org.chromium.android_webview.t1.c(TbsJavaCore:1)] [org.chromium.android_webview.AwContents.<init>(TbsJavaCore:55)] [org.chromium.tencent.TencentAwContent.<init>(TbsJavaCore:2)] [android.webview.chromium.tencent.TencentWebViewChromium.l0(TbsJavaCore:5)] [android.webview.chromium.tencent.TencentWebViewChromium.a(TbsJavaCore:1)] [android.webview.chromium.tencent.TencentWebViewChromium$1.run(TbsJavaCore:2)] [org.chromium.android_webview.g4.b(TbsJavaCore:3)] [org.chromium.android_webview.g4.c(TbsJavaCore:1)] [org.chromium.android_webview.i1.run(Unknown Source:2)] [org.chromium.base.task.PostTask.b(TbsJavaCore:3)] [org.chromium.android_webview.g4.a(TbsJavaCore:3)] [android.webview.chromium.i1.a(TbsJavaCore:2)] [android.webview.chromium.tencent.TencentWebViewChromium.a(TbsJavaCore:48)] [com.tencent.tbs.core.webkit.WebView.<init>(TbsJavaCore:17)] [com.tencent.tbs.core.webkit.WebView.<init>(TbsJavaCore:4)] [com.tencent.tbs.core.webkit.WebView.<init>(TbsJavaCore:3)] [com.tencent.tbs.core.webkit.tencent.TencentWebViewProxy$InnerWebView.<init>(TbsJav aCore:6)] [com.tencent.tbs.core.webkit.tencent.TencentWebViewProxy.<init>(TbsJavaCore:52)] [com.tencent.tbs.core.webkit.adapter.X5WebViewAdapter.<init>(TbsJavaCore:1)] [com.tencent.tbs.tbsshell.WebCoreProxy.createSDKWebViewInstance(TbsJavaCore:4)] [com.tencent.tbs.tbsshell.partner.webaccelerator.a.a(TbsJavaCore:23)] [com.tencent.tbs.tbsshell.WebCoreProxy.createSDKWebview(TbsJavaCore:4)] [java.lang.reflect.Method.invoke(Native Method)] [com.tencent.smtt.export.external.DexLoader.invokeStaticMethod(Unknown Source:15)] [com.tencent.smtt.sdk.v.a(Unknown Source:18)] [com.tencent.smtt.sdk.QbSdk$1.handleMessage(Unknown Source:91)]