04-27 13:18:40.765 31611 32360 I gralloc4: register: id=28100019003, vaddr=0x735029b000
04-27 13:18:40.766 31611 31828 W Parcel : Expecting binder but got null!
04-27 13:18:40.923 31611 31611 D androidtc: Initializing SystemTextClassifier, type = System
04-27 13:18:40.925 31611 32337 D androidtc: Interrupted during ResponseReceiver.get(): textclassification (InterruptedException)
04-27 13:18:40.926 31611 31828 I gralloc4: unregister: id=28100018fff, vaddr=0x75f0160000
04-27 13:18:40.926 31611 31828 I gralloc4: unregister: id=28100018ffe, vaddr=0x75f4cc3000
04-27 13:18:40.927 31611 31611 I gralloc4: unregister: id=28100019000, vaddr=0x75ecafe000
04-27 13:18:40.934 31611 31828 I gralloc4: unregister: id=28100019002, vaddr=0x7359213000
04-27 13:18:40.934 31611 31828 I gralloc4: unregister: id=28100019001, vaddr=0x75ec9b5000
04-27 13:18:40.935 31611 31611 I gralloc4: unregister: id=28100019003, vaddr=0x735029b000
04-27 13:18:41.025 31611 31611 W androidtc: TextClassifier called on main thread
04-27 13:18:41.180 31611 31828 I gralloc4: unregister: id=28100018ffc, vaddr=0x73502b2000
04-27 13:18:41.183 31611 31621 I gralloc4: unregister: id=28100018ffd, vaddr=0x7342893000
04-27 13:18:41.183 31611 31621 I gralloc4: unregister: id=28100018ffb, vaddr=0x735055c000
04-27 13:19:01.124 31611 31638 D SessionLifecycleClient: Sending lifecycle 2 to service
04-27 13:19:01.124 31611 31854 D SessionLifecycleService: Activity backgrounding at 139133307
04-27 13:19:01.311 31611 31828 I gralloc4: unregister: id=28100018fdf, vaddr=0x734cd13000
04-27 13:19:01.312 31611 31828 I gralloc4: unregister: id=28100018fe0, vaddr=0x734c2e3000
04-27 13:19:01.316 31611 31611 D VRI[AppLockActivity]: performTraversals relayoutWindow: maybeSyncSeqId=-1 ,mSyncSeqId=0 ,relayoutResult=2
04-27 13:19:01.319 31611 31611 I gralloc4: unregister: id=28100018fde, vaddr=0x734d743000
04-27 13:19:01.868 31611 31618 W System : A resource failed to call close.
04-27 13:19:01.869 31611 31618 W System : A resource failed to call close.
04-27 13:19:01.869 31611 31618 W System : A resource failed to call close.
04-27 13:19:01.870 31611 31618 W System : A resource failed to call close.
04-27 13:19:01.870 31611 31618 W System : A resource failed to call close.
04-27 13:19:01.870 31611 31618 W System : A resource failed to call close.
04-27 13:19:01.870 31611 31618 W System : A resource failed to call close.
04-27 13:19:01.870 31611 31618 W System : A resource failed to call close.
04-27 13:19:01.870 31611 31618 W System : A resource failed to call close.
04-27 13:19:02.277 31611 31611 D VRI[AppLockActivity]: performTraversals relayoutWindow: maybeSyncSeqId=-1 ,mSyncSeqId=0 ,relayoutResult=2
04-27 13:19:03.214 31611 32450 I FA : Application backgrounded at: timestamp_millis: 1745740141212
04-27 13:19:04.274 31611 31649 I TRuntime.CctTransportBackend: Making request to: https://firebaselogging-pa.googleapis.com/v1/firelog/legacy/batchlog
04-27 13:19:11.165 31611 31649 I TRuntime.CctTransportBackend: Status Code: 200
04-27 13:19:16.261 31611 31611 W System.err: android.content.pm.PackageManager$NameNotFoundException: com.android.permission.GET_INSTALLED_APPS
04-27 13:19:16.264 31611 31611 W System.err: at android.app.ApplicationPackageManager.getPermissionInfo(ApplicationPackageManager.j ava:432)
04-27 13:19:16.264 31611 31611 W System.err: at dc.d.c(GetInstalledAppsPermissionCompat.java:1)
04-27 13:19:16.264 31611 31611 W System.err: at dc.d.a(GetInstalledAppsPermissionCompat.java:1)
04-27 13:19:16.264 31611 31611 W System.err: at dc.m.b(PermissionDelegateImplV19.java:4)
04-27 13:19:16.264 31611 31611 W System.err: at dc.n.b(PermissionDelegateImplV21.java:3)
04-27 13:19:16.264 31611 31611 W System.err: at dc.o.b(PermissionDelegateImplV23.java:44)
04-27 13:19:16.264 31611 31611 W System.err: at dc.p.b(PermissionDelegateImplV26.java:7)
04-27 13:19:16.264 31611 31611 W System.err: at dc.q.b(PermissionDelegateImplV28.java:3)
04-27 13:19:16.264 31611 31611 W System.err: at dc.r.b(PermissionDelegateImplV29.java:9)
04-27 13:19:16.264 31611 31611 W System.err: at dc.s.b(PermissionDelegateImplV30.java:3)
04-27 13:19:16.264 31611 31611 W System.err: at dc.t.b(PermissionDelegateImplV31.java:6)
04-27 13:19:16.264 31611 31611 W System.err: at dc.u.b(PermissionDelegateImplV33.java:15)
04-27 13:19:16.264 31611 31611 W System.err: at dc.i.b(Unknown Source:2)
04-27 13:19:16.264 31611 31611 W System.err: at dc.i.c(PermissionApi.java:3)
04-27 13:19:16.264 31611 31611 W System.err: at dc.d0.a(XXPermissions.java:2)
04-27 13:19:16.264 31611 31611 W System.err: at com.hello.sandbox.ui.splash.SplashAct.onCreate(SplashAct.kt:4)
04-27 13:19:16.264 31611 31611 W System.err: at android.app.Activity.performCreate(Activity.java:8328)
04-27 13:19:16.264 31611 31611 W System.err: at android.app.Activity.performCreate(Activity.java:8307)
04-27 13:19:16.264 31611 31611 W System.err: at android.app.Instrumentation.callActivityOnCreate(Instrumentation.java:1384)
04-27 13:19:16.264 31611 31611 W System.err: at android.app.ActivityThread.performLaunchActivity(ActivityThread.java:3750)
04-27 13:19:16.264 31611 31611 W System.err: at android.app.ActivityThread.handleLaunchActivity(ActivityThread.java:3907)
04-27 13:19:16.264 31611 31611 W System.err: at android.app.servertransaction.LaunchActivityItem.execute(LaunchActivityItem.java:10 1)
04-27 13:19:16.264 31611 31611 W System.err: at android.app.servertransaction.TransactionExecutor.executeCallbacks(TransactionExecu tor.java:137)
04-27 13:19:16.264 31611 31611 W System.err: at android.app.servertransaction.TransactionExecutor.execute(TransactionExecutor.java: 97)
04-27 13:19:16.264 31611 31611 W System.err: at android.app.ActivityThread$H.handleMessage(ActivityThread.java:2393)
04-27 13:19:16.264 31611 31611 W System.err: at android.os.Handler.dispatchMessage(Handler.java:106)
04-27 13:19:16.264 31611 31611 W System.err: at android.os.Looper.loopOnce(Looper.java:201)
04-27 13:19:16.264 31611 31611 W System.err: at android.os.Looper.loop(Looper.java:288)
04-27 13:19:16.264 31611 31611 W System.err: at android.app.ActivityThread.main(ActivityThread.java:8061)
04-27 13:19:16.264 31611 31611 W System.err: at java.lang.reflect.Method.invoke(Native Method)
04-27 13:19:16.264 31611 31611 W System.err: at com.android.internal.os.RuntimeInit$MethodAndArgsCaller.run(RuntimeInit.java:703)
04-27 13:19:16.264 31611 31611 W System.err: at com.android.internal.os.ZygoteInit.main(ZygoteInit.java:923)
04-27 13:19:16.264 31611 31611 W System.err: android.provider.Settings$SettingNotFoundException: oem_installed_apps_runtime_permission_enable
04-27 13:19:16.265 31611 31611 W System.err: at android.provider.Settings.parseIntSetting(Settings.java:3533)
04-27 13:19:16.265 31611 31611 W System.err: at android.provider.Settings.-$ $Nest$smparseIntSetting(Unknown Source:0)
04-27 13:19:16.265 31611 31611 W System.err: at android.provider.Settings$Secure.getIntForUser(Settings.java:6450)
04-27 13:19:16.265 31611 31611 W System.err: at android.provider.Settings$Secure.getInt(Settings.java:6443)
04-27 13:19:16.265 31611 31611 W System.err: at dc.d.c(GetInstalledAppsPermissionCompat.java:6)
04-27 13:19:16.265 31611 31611 W System.err: at dc.d.a(GetInstalledAppsPermissionCompat.java:1)
04-27 13:19:16.265 31611 31611 W System.err: at dc.m.b(PermissionDelegateImplV19.java:4)
04-27 13:19:16.265 31611 31611 W System.err: at dc.n.b(PermissionDelegateImplV21.java:3)
04-27 13:19:16.265 31611 31611 W System.err: at dc.o.b(PermissionDelegateImplV23.java:44)
04-27 13:19:16.265 31611 31611 W System.err: at dc.p.b(PermissionDelegateImplV26.java:7)
04-27 13:19:16.265 31611 31611 W System.err: at dc.q.b(PermissionDelegateImplV28.java:3)
04-27 13:19:16.265 31611 31611 W System.err: at dc.r.b(PermissionDelegateImplV29.java:9)
04-27 13:19:16.265 31611 31611 W System.err: at dc.s.b(PermissionDelegateImplV30.java:3)
04-27 13:19:16.265 31611 31611 W System.err: at dc.t.b(PermissionDelegateImplV31.java:6)
04-27 13:19:16.265 31611 31611 W System.err: at dc.u.b(PermissionDelegateImplV33.java:15)
04-27 13:19:16.265 31611 31611 W System.err: at dc.i.b(Unknown Source:2)
04-27 13:19:16.265 31611 31611 W System.err: at dc.i.c(PermissionApi.java:3)
04-27 13:19:16.265 31611 31611 W System.err: at dc.d0.a(XXPermissions.java:2)
04-27 13:19:16.265 31611 31611 W System.err: at com.hello.sandbox.ui.splash.SplashAct.onCreate(SplashAct.kt:4)
04-27 13:19:16.265 31611 31611 W System.err: at android.app.Activity.performCreate(Activity.java:8328)
04-27 13:19:16.265 31611 31611 W System.err: at android.app.Activity.performCreate(Activity.java:8307)
04-27 13:19:16.265 31611 31611 W System.err: at android.app.Instrumentation.callActivityOnCreate(Instrumentation.java:1384)
04-27 13:19:16.265 31611 31611 W System.err: at android.app.ActivityThread.performLaunchActivity(ActivityThread.java:3750)
04-27 13:19:16.265 31611 31611 W System.err: at android.app.ActivityThread.handleLaunchActivity(ActivityThread.java:3907)
04-27 13:19:16.265 31611 31611 W System.err: at android.app.servertransaction.LaunchActivityItem.execute(LaunchActivityItem.java:10 1)
04-27 13:19:16.265 31611 31611 W System.err: at android.app.servertransaction.TransactionExecutor.executeCallbacks(TransactionExecu tor.java:137)
04-27 13:19:16.265 31611 31611 W System.err: at android.app.servertransaction.TransactionExecutor.execute(TransactionExecutor.java: 97)
04-27 13:19:16.265 31611 31611 W System.err: at android.app.ActivityThread$H.handleMessage(ActivityThread.java:2393)
04-27 13:19:16.265 31611 31611 W System.err: at android.os.Handler.dispatchMessage(Handler.java:106)
04-27 13:19:16.265 31611 31611 W System.err: at android.os.Looper.loopOnce(Looper.java:201)
04-27 13:19:16.265 31611 31611 W System.err: at android.os.Looper.loop(Looper.java:288)
04-27 13:19:16.265 31611 31611 W System.err: at android.app.ActivityThread.main(ActivityThread.java:8061)
04-27 13:19:16.265 31611 31611 W System.err: at java.lang.reflect.Method.invoke(Native Method)
04-27 13:19:16.265 31611 31611 W System.err: at com.android.internal.os.RuntimeInit$MethodAndArgsCaller.run(RuntimeInit.java:703)
04-27 13:19:16.265 31611 31611 W System.err: at com.android.internal.os.ZygoteInit.main(ZygoteInit.java:923)
04-27 13:19:16.278 31611 31611 W System.err: java.io.FileNotFoundException: /system/build.prop: open failed: EACCES (Permission denied)
04-27 13:19:16.278 31611 31611 W System.err: at libcore.io.IoBridge.open(IoBridge.java:574)
04-27 13:19:16.278 31611 31611 W System.err: at java.io.FileInputStream.<init>(FileInputStream.java:179)
04-27 13:19:16.278 31611 31611 W System.err: at dc.b0.c(PhoneRomUtils.java:13)
04-27 13:19:16.278 31611 31611 W System.err: at dc.b0.e(Unknown Source:2)
04-27 13:19:16.278 31611 31611 W System.err: at dc.d.a(GetInstalledAppsPermissionCompat.java:4)
04-27 13:19:16.278 31611 31611 W System.err: at dc.m.b(PermissionDelegateImplV19.java:4)
04-27 13:19:16.278 31611 31611 W System.err: at dc.n.b(PermissionDelegateImplV21.java:3)
04-27 13:19:16.278 31611 31611 W System.err: at dc.o.b(PermissionDelegateImplV23.java:44)
04-27 13:19:16.278 31611 31611 W System.err: at dc.p.b(PermissionDelegateImplV26.java:7)
04-27 13:19:16.278 31611 31611 W System.err: at dc.q.b(PermissionDelegateImplV28.java:3)
04-27 13:19:16.278 31611 31611 W System.err: at dc.r.b(PermissionDelegateImplV29.java:9)
04-27 13:19:16.278 31611 31611 W System.err: at dc.s.b(PermissionDelegateImplV30.java:3)
04-27 13:19:16.278 31611 31611 W System.err: at dc.t.b(PermissionDelegateImplV31.java:6)
04-27 13:19:16.278 31611 31611 W System.err: at dc.u.b(PermissionDelegateImplV33.java:15)
04-27 13:19:16.278 31611 31611 W System.err: at dc.i.b(Unknown Source:2)
04-27 13:19:16.278 31611 31611 W System.err: at dc.i.c(PermissionApi.java:3)
04-27 13:19:16.278 31611 31611 W System.err: at dc.d0.a(XXPermissions.java:2)
04-27 13:19:16.278 31611 31611 W System.err: at com.hello.sandbox.ui.splash.SplashAct.onCreate(SplashAct.kt:4)
04-27 13:19:16.278 31611 31611 W System.err: at android.app.Activity.performCreate(Activity.java:8328)
04-27 13:19:16.278 31611 31611 W System.err: at android.app.Activity.performCreate(Activity.java:8307)
04-27 13:19:16.278 31611 31611 W System.err: at android.app.Instrumentation.callActivityOnCreate(Instrumentation.java:1384)
04-27 13:19:16.278 31611 31611 W System.err: at android.app.ActivityThread.performLaunchActivity(ActivityThread.java:3750)
04-27 13:19:16.278 31611 31611 W System.err: at android.app.ActivityThread.handleLaunchActivity(ActivityThread.java:3907)
04-27 13:19:16.278 31611 31611 W System.err: at android.app.servertransaction.LaunchActivityItem.execute(LaunchActivityItem.java:10 1)
04-27 13:19:16.278 31611 31611 W System.err: at android.app.servertransaction.TransactionExecutor.executeCallbacks(TransactionExecu tor.java:137)
04-27 13:19:16.278 31611 31611 W System.err: at android.app.servertransaction.TransactionExecutor.execute(TransactionExecutor.java: 97)
04-27 13:19:16.278 31611 31611 W System.err: at android.app.ActivityThread$H.handleMessage(ActivityThread.java:2393)
04-27 13:19:16.278 31611 31611 W System.err: at android.os.Handler.dispatchMessage(Handler.java:106)
04-27 13:19:16.278 31611 31611 W System.err: at android.os.Looper.loopOnce(Looper.java:201)
04-27 13:19:16.278 31611 31611 W System.err: at android.os.Looper.loop(Looper.java:288)
04-27 13:19:16.278 31611 31611 W System.err: at android.app.ActivityThread.main(ActivityThread.java:8061)
04-27 13:19:16.278 31611 31611 W System.err: at java.lang.reflect.Method.invoke(Native Method)
04-27 13:19:16.278 31611 31611 W System.err: at com.android.internal.os.RuntimeInit$MethodAndArgsCaller.run(RuntimeInit.java:703)
04-27 13:19:16.278 31611 31611 W System.err: at com.android.internal.os.ZygoteInit.main(ZygoteInit.java:923)
04-27 13:19:16.278 31611 31611 W System.err: Caused by: android.system.ErrnoException: open failed: EACCES (Permission denied)
04-27 13:19:16.278 31611 31611 W System.err: at libcore.io.Linux.open(Native Method)
04-27 13:19:16.278 31611 31611 W System.err: at libcore.io.ForwardingOs.open(ForwardingOs.java:563)
04-27 13:19:16.278 31611 31611 W System.err: at libcore.io.BlockGuardOs.open(BlockGuardOs.java:274)
04-27 13:19:16.278 31611 31611 W System.err: at libcore.io.ForwardingOs.open(ForwardingOs.java:563)
04-27 13:19:16.278 31611 31611 W System.err: at android.app.ActivityThread$AndroidOs.open(ActivityThread.java:7919)
04-27 13:19:16.278 31611 31611 W System.err: at libcore.io.IoBridge.open(IoBridge.java:560)
04-27 13:19:16.278 31611 31611 W System.err: ... 33 more
04-27 13:19:16.327 31611 31650 D SessionLifecycleClient: Sending lifecycle 1 to service
04-27 13:19:16.331 31611 31854 D SessionLifecycleService: Activity foregrounding at 139148510.
04-27 13:19:16.346 31611 31611 D VRI[AppLockActivity]: performTraversals relayoutWindow: maybeSyncSeqId=-1 ,mSyncSeqId=0 ,relayoutResult=3
04-27 13:19:16.355 31611 32687 I gralloc4: register: id=2810001902e, vaddr=0x734a74b000
04-27 13:19:16.361 31611 32687 I gralloc4: register: id=2810001902f, vaddr=0x734410d000
04-27 13:19:16.369 31611 32687 I gralloc4: register: id=28100019030, vaddr=0x73436dd000
04-27 13:19:31.600 31611 31638 D SessionLifecycleClient: Sending lifecycle 2 to service
04-27 13:19:31.600 31611 31854 D SessionLifecycleService: Activity backgrounding at 139163783
04-27 13:19:31.651 31611 31828 I gralloc4: unregister: id=2810001902e, vaddr=0x734a74b000
04-27 13:19:31.654 31611 31828 I gralloc4: unregister: id=28100019030, vaddr=0x73436dd000
04-27 13:19:31.655 31611 31828 I gralloc4: unregister: id=2810001902f, vaddr=0x734410d000
04-27 13:19:31.659 31611 31611 D VRI[AppLockActivity]: performTraversals relayoutWindow: maybeSyncSeqId=-1 ,mSyncSeqId=0 ,relayoutResult=2
04-27 13:19:33.751 31611 32450 I FA : Application backgrounded at: timestamp_millis: 1745740171747
04-27 13:19:39.211 31611 31611 W System.err: android.content.pm.PackageManager$NameNotFoundException: com.android.permission.GET_INSTALLED_APPS
04-27 13:19:39.216 31611 31611 W System.err: at android.app.ApplicationPackageManager.getPermissionInfo(ApplicationPackageManager.j ava:432)
04-27 13:19:39.216 31611 31611 W System.err: at dc.d.c(GetInstalledAppsPermissionCompat.java:1)
04-27 13:19:39.216 31611 31611 W System.err: at dc.d.a(GetInstalledAppsPermissionCompat.java:1)
04-27 13:19:39.216 31611 31611 W System.err: at dc.m.b(PermissionDelegateImplV19.java:4)
04-27 13:19:39.216 31611 31611 W System.err: at dc.n.b(PermissionDelegateImplV21.java:3)
04-27 13:19:39.216 31611 31611 W System.err: at dc.o.b(PermissionDelegateImplV23.java:44)
04-27 13:19:39.216 31611 31611 W System.err: at dc.p.b(PermissionDelegateImplV26.java:7)
04-27 13:19:39.216 31611 31611 W System.err: at dc.q.b(PermissionDelegateImplV28.java:3)
04-27 13:19:39.216 31611 31611 W System.err: at dc.r.b(PermissionDelegateImplV29.java:9)
04-27 13:19:39.216 31611 31611 W System.err: at dc.s.b(PermissionDelegateImplV30.java:3)
04-27 13:19:39.216 31611 31611 W System.err: at dc.t.b(PermissionDelegateImplV31.java:6)
04-27 13:19:39.216 31611 31611 W System.err: at dc.u.b(PermissionDelegateImplV33.java:15)
04-27 13:19:39.216 31611 31611 W System.err: at dc.i.b(Unknown Source:2)
04-27 13:19:39.216 31611 31611 W System.err: at dc.i.c(PermissionApi.java:3)
04-27 13:19:39.216 31611 31611 W System.err: at dc.d0.a(XXPermissions.java:2)
04-27 13:19:39.216 31611 31611 W System.err: at com.hello.sandbox.ui.splash.SplashAct.onCreate(SplashAct.kt:4)
04-27 13:19:39.216 31611 31611 W System.err: at android.app.Activity.performCreate(Activity.java:8328)
04-27 13:19:39.216 31611 31611 W System.err: at android.app.Activity.performCreate(Activity.java:8307)
04-27 13:19:39.216 31611 31611 W System.err: at android.app.Instrumentation.callActivityOnCreate(Instrumentation.java:1384)
04-27 13:19:39.216 31611 31611 W System.err: at android.app.ActivityThread.performLaunchActivity(ActivityThread.java:3750)
04-27 13:19:39.216 31611 31611 W System.err: at android.app.ActivityThread.handleLaunchActivity(ActivityThread.java:3907)
04-27 13:19:39.216 31611 31611 W System.err: at android.app.servertransaction.LaunchActivityItem.execute(LaunchActivityItem.java:10 1)
04-27 13:19:39.216 31611 31611 W System.err: at android.app.servertransaction.TransactionExecutor.executeCallbacks(TransactionExecu tor.java:137)
04-27 13:19:39.216 31611 31611 W System.err: at android.app.servertransaction.TransactionExecutor.execute(TransactionExecutor.java: 97)
04-27 13:19:39.216 31611 31611 W System.err: at android.app.ActivityThread$H.handleMessage(ActivityThread.java:2393)
04-27 13:19:39.216 31611 31611 W System.err: at android.os.Handler.dispatchMessage(Handler.java:106)
04-27 13:19:39.216 31611 31611 W System.err: at android.os.Looper.loopOnce(Looper.java:201)
04-27 13:19:39.216 31611 31611 W System.err: at android.os.Looper.loop(Looper.java:288)
04-27 13:19:39.216 31611 31611 W System.err: at android.app.ActivityThread.main(ActivityThread.java:8061)
04-27 13:19:39.216 31611 31611 W System.err: at java.lang.reflect.Method.invoke(Native Method)
04-27 13:19:39.216 31611 31611 W System.err: at com.android.internal.os.RuntimeInit$MethodAndArgsCaller.run(RuntimeInit.java:703)
04-27 13:19:39.216 31611 31611 W System.err: at com.android.internal.os.ZygoteInit.main(ZygoteInit.java:923)
04-27 13:19:39.216 31611 31611 W System.err: android.provider.Settings$SettingNotFoundException: oem_installed_apps_runtime_permission_enable
04-27 13:19:39.217 31611 31611 W System.err: at android.provider.Settings.parseIntSetting(Settings.java:3533)
04-27 13:19:39.217 31611 31611 W System.err: at android.provider.Settings.-$ $Nest$smparseIntSetting(Unknown Source:0)
04-27 13:19:39.217 31611 31611 W System.err: at android.provider.Settings$Secure.getIntForUser(Settings.java:6450)
04-27 13:19:39.217 31611 31611 W System.err: at android.provider.Settings$Secure.getInt(Settings.java:6443)
04-27 13:19:39.217 31611 31611 W System.err: at dc.d.c(GetInstalledAppsPermissionCompat.java:6)
04-27 13:19:39.217 31611 31611 W System.err: at dc.d.a(GetInstalledAppsPermissionCompat.java:1)
04-27 13:19:39.217 31611 31611 W System.err: at dc.m.b(PermissionDelegateImplV19.java:4)
04-27 13:19:39.217 31611 31611 W System.err: at dc.n.b(PermissionDelegateImplV21.java:3)
04-27 13:19:39.217 31611 31611 W System.err: at dc.o.b(PermissionDelegateImplV23.java:44)
04-27 13:19:39.217 31611 31611 W System.err: at dc.p.b(PermissionDelegateImplV26.java:7)
04-27 13:19:39.217 31611 31611 W System.err: at dc.q.b(PermissionDelegateImplV28.java:3)
04-27 13:19:39.217 31611 31611 W System.err: at dc.r.b(PermissionDelegateImplV29.java:9)
04-27 13:19:39.217 31611 31611 W System.err: at dc.s.b(PermissionDelegateImplV30.java:3)
04-27 13:19:39.217 31611 31611 W System.err: at dc.t.b(PermissionDelegateImplV31.java:6)
04-27 13:19:39.217 31611 31611 W System.err: at dc.u.b(PermissionDelegateImplV33.java:15)
04-27 13:19:39.217 31611 31611 W System.err: at dc.i.b(Unknown Source:2)
04-27 13:19:39.217 31611 31611 W System.err: at dc.i.c(PermissionApi.java:3)
04-27 13:19:39.217 31611 31611 W System.err: at dc.d0.a(XXPermissions.java:2)
04-27 13:19:39.217 31611 31611 W System.err: at com.hello.sandbox.ui.splash.SplashAct.onCreate(SplashAct.kt:4)
04-27 13:19:39.217 31611 31611 W System.err: at android.app.Activity.performCreate(Activity.java:8328)
04-27 13:19:39.217 31611 31611 W System.err: at android.app.Activity.performCreate(Activity.java:8307)
04-27 13:19:39.217 31611 31611 W System.err: at android.app.Instrumentation.callActivityOnCreate(Instrumentation.java:1384)
04-27 13:19:39.217 31611 31611 W System.err: at android.app.ActivityThread.performLaunchActivity(ActivityThread.java:3750)
04-27 13:19:39.217 31611 31611 W System.err: at android.app.ActivityThread.handleLaunchActivity(ActivityThread.java:3907)
04-27 13:19:39.217 31611 31611 W System.err: at android.app.servertransaction.LaunchActivityItem.execute(LaunchActivityItem.java:10 1)
04-27 13:19:39.217 31611 31611 W System.err: at android.app.servertransaction.TransactionExecutor.executeCallbacks(TransactionExecu tor.java:137)
04-27 13:19:39.217 31611 31611 W System.err: at android.app.servertransaction.TransactionExecutor.execute(TransactionExecutor.java: 97)
04-27 13:19:39.217 31611 31611 W System.err: at android.app.ActivityThread$H.handleMessage(ActivityThread.java:2393)
04-27 13:19:39.217 31611 31611 W System.err: at android.os.Handler.dispatchMessage(Handler.java:106)
04-27 13:19:39.217 31611 31611 W System.err: at android.os.Looper.loopOnce(Looper.java:201)
04-27 13:19:39.217 31611 31611 W System.err: at android.os.Looper.loop(Looper.java:288)
04-27 13:19:39.217 31611 31611 W System.err: at android.app.ActivityThread.main(ActivityThread.java:8061)
04-27 13:19:39.217 31611 31611 W System.err: at java.lang.reflect.Method.invoke(Native Method)
04-27 13:19:39.217 31611 31611 W System.err: at com.android.internal.os.RuntimeInit$MethodAndArgsCaller.run(RuntimeInit.java:703)
04-27 13:19:39.217 31611 31611 W System.err: at com.android.internal.os.ZygoteInit.main(ZygoteInit.java:923)
04-27 13:19:39.229 31611 31611 W System.err: java.io.FileNotFoundException: /system/build.prop: open failed: EACCES (Permission denied)
04-27 13:19:39.229 31611 31611 W System.err: at libcore.io.IoBridge.open(IoBridge.java:574)
04-27 13:19:39.229 31611 31611 W System.err: at java.io.FileInputStream.<init>(FileInputStream.java:179)
04-27 13:19:39.229 31611 31611 W System.err: at dc.b0.c(PhoneRomUtils.java:13)
04-27 13:19:39.229 31611 31611 W System.err: at dc.b0.e(Unknown Source:2)
04-27 13:19:39.229 31611 31611 W System.err: at dc.d.a(GetInstalledAppsPermissionCompat.java:4)
04-27 13:19:39.229 31611 31611 W System.err: at dc.m.b(PermissionDelegateImplV19.java:4)
04-27 13:19:39.229 31611 31611 W System.err: at dc.n.b(PermissionDelegateImplV21.java:3)
04-27 13:19:39.229 31611 31611 W System.err: at dc.o.b(PermissionDelegateImplV23.java:44)
04-27 13:19:39.229 31611 31611 W System.err: at dc.p.b(PermissionDelegateImplV26.java:7)
04-27 13:19:39.229 31611 31611 W System.err: at dc.q.b(PermissionDelegateImplV28.java:3)
04-27 13:19:39.229 31611 31611 W System.err: at dc.r.b(PermissionDelegateImplV29.java:9)
04-27 13:19:39.229 31611 31611 W System.err: at dc.s.b(PermissionDelegateImplV30.java:3)
04-27 13:19:39.229 31611 31611 W System.err: at dc.t.b(PermissionDelegateImplV31.java:6)
04-27 13:19:39.229 31611 31611 W System.err: at dc.u.b(PermissionDelegateImplV33.java:15)
04-27 13:19:39.229 31611 31611 W System.err: at dc.i.b(Unknown Source:2)
04-27 13:19:39.229 31611 31611 W System.err: at dc.i.c(PermissionApi.java:3)
04-27 13:19:39.229 31611 31611 W System.err: at dc.d0.a(XXPermissions.java:2)
04-27 13:19:39.229 31611 31611 W System.err: at com.h