The document contains log entries from an Android application indicating various warnings and errors during its execution. Key issues include slow app performance, missing dependencies for the Glide image loading library, and a package manager exception related to a missing permission. Additionally, there are multiple entries about loading native libraries and compatibility changes reported during the app's initialization process.
We take content rights seriously. If you suspect this is your content, claim it here.
Available Formats
Download as TXT, PDF, TXT or read online on Scribd
0 ratings0% found this document useful (0 votes)
11 views24 pages
Com - Hello.miheapp - Secretspace Logcat
The document contains log entries from an Android application indicating various warnings and errors during its execution. Key issues include slow app performance, missing dependencies for the Glide image loading library, and a package manager exception related to a missing permission. Additionally, there are multiple entries about loading native libraries and compatibility changes reported during the app's initialization process.
We take content rights seriously. If you suspect this is your content, claim it here.
Available Formats
Download as TXT, PDF, TXT or read online on Scribd
You are on page 1/ 24
--------- beginning of main
04-27 13:17:52.153 31611 31611 W CheckTime: App running slow: Executing
handleBindApplication : installContentProviders took 202ms
04-27 13:17:52.154 31611 31611 W Glide : Failed to find GeneratedAppGlideModule. You should include an annotationProcessor compile dependency on com.github.bumptech.glide:compiler in your application and a @GlideModule annotated AppGlideModule implementation or LibraryGlideModules will be silently ignored
04-27 13:17:52.160 31611 31656 D CompatibilityChangeReporter: Compat change id reported: 160794467; UID 10223; state: ENABLED
04-27 13:17:52.398 31611 31640 W app.secretspace: ClassLoaderContext classpath element checksum mismatch. expected=776899840, found=3842124188 (DLC[];PCL[base.apk*776899840]{PCL[/system/framework/org.apache.http.legacy.jar*123 6094901]#PCL[/system/framework/ com.android.media.remotedisplay.jar*3743104114]#PCL[/system/framework/ com.android.location.provider.jar*3175360614]#PCL[/system/framework/ org.apache.http.legacy.jar*1236094901]} | DLC[];PCL[/data/app/~~3OiYRoj_376JFk37SkDuSQ==/com.hello.miheapp.secretspace- N8vZju8ktvRmoJzxCR2suA==/base.apk*3842124188]{PCL[/system/framework/ android.test.base.jar*1628045883]#PCL[/system/framework/ org.apache.http.legacy.jar*1236094901]})
04-27 13:17:52.415 31611 31654 I DynamiteModule: Considering local module com.google.android.gms.ads.dynamite:0 and remote module com.google.android.gms.ads.dynamite:250505301
04-27 13:17:52.415 31611 31654 I DynamiteModule: Selected remote version of com.google.android.gms.ads.dynamite, version >= 250505301
04-27 13:17:52.415 31611 31654 V DynamiteModule: Dynamite loader version >= 2, using loadModule2NoCrashUtils
04-27 13:17:52.422 31611 31611 I DynamiteModule: Considering local module com.google.android.gms.ads.dynamite:0 and remote module com.google.android.gms.ads.dynamite:250505301
04-27 13:17:52.423 31611 31611 I DynamiteModule: Selected remote version of com.google.android.gms.ads.dynamite, version >= 250505301
04-27 13:17:52.464 31611 31654 W app.secretspace: ClassLoaderContext classpath element checksum mismatch. expected=776899840, found=3842124188 (DLC[];PCL[base.apk*776899840]{PCL[/system/framework/org.apache.http.legacy.jar*123 6094901]#PCL[/system/framework/ com.android.media.remotedisplay.jar*3743104114]#PCL[/system/framework/ com.android.location.provider.jar*3175360614]#PCL[/system/framework/ org.apache.http.legacy.jar*1236094901]} | DLC[];PCL[/data/app/~~3OiYRoj_376JFk37SkDuSQ==/com.hello.miheapp.secretspace- N8vZju8ktvRmoJzxCR2suA==/base.apk*3842124188]{PCL[/system/framework/ android.test.base.jar*1628045883]#PCL[/system/framework/ org.apache.http.legacy.jar*1236094901]})
04-27 13:17:52.497 31611 31611 D DynamitePackage: Instantiated singleton DynamitePackage.
04-27 13:17:52.497 31611 31611 D DynamitePackage: Instantiating com.google.android.gms.ads.ChimeraMobileAdsSettingManagerCreatorImpl
04-27 13:17:52.518 31611 31700 E app.secretspace: No package ID 76 found for ID 0x760b000f.
04-27 13:17:52.519 31611 31700 I FA : App measurement initialized, version: 121000
04-27 13:17:52.520 31611 31700 I FA : To enable debug logging run: adb shell setprop log.tag.FA VERBOSE
04-27 13:17:52.520 31611 31700 I FA : To enable faster debug mode event logging run:
04-27 13:17:52.520 31611 31700 I FA : adb shell setprop debug.firebase.analytics.app com.hello.miheapp.secretspace
04-27 13:17:52.613 31611 31611 I WebViewFactory: Loading com.google.android.webview version 135.0.7049.100 (code 704910033)
04-27 13:17:52.619 31611 31611 W ziparchive: Unable to open '/data/app/~~DXIn05_gXNFyE4ec6HHebg==/com.google.android.trichromelibrary_704910033 -55okY2F9P0Xt-kA8wIhLZw==/base.dm': No such file or directory
04-27 13:17:52.619 31611 31611 W ziparchive: Unable to open '/data/app/~~DXIn05_gXNFyE4ec6HHebg==/com.google.android.trichromelibrary_704910033 -55okY2F9P0Xt-kA8wIhLZw==/base.dm': No such file or directory
04-27 13:17:52.620 31611 31611 W app.secretspace: Entry not found
04-27 13:17:52.620 31611 31611 D nativeloader: Configuring clns-10 for other apk /data/app/~~DXIn05_gXNFyE4ec6HHebg==/com.google.android.trichromelibrary_704910033- 55okY2F9P0Xt-kA8wIhLZw==/base.apk. target_sdk_version=35, uses_libraries=ALL, library_path=/data/app/~~0QwzJB0JaChrO1YnoronhA==/com.google.android.webview- 8tmXH8OT18AzVTmQ0rQHcQ==/lib/arm64:/data/app/~~0QwzJB0JaChrO1YnoronhA==/ com.google.android.webview-8tmXH8OT18AzVTmQ0rQHcQ==/base.apk!/lib/arm64-v8a:/data/ app/~~DXIn05_gXNFyE4ec6HHebg==/com.google.android.trichromelibrary_704910033- 55okY2F9P0Xt-kA8wIhLZw==/base.apk!/lib/arm64-v8a, permitted_path=/data:/mnt/expand
04-27 13:17:52.645 31611 31611 D nativeloader: Configuring clns-11 for other apk /data/app/~~0QwzJB0JaChrO1YnoronhA==/com.google.android.webview- 8tmXH8OT18AzVTmQ0rQHcQ==/base.apk. target_sdk_version=35, uses_libraries=, library_path=/data/app/~~0QwzJB0JaChrO1YnoronhA==/com.google.android.webview- 8tmXH8OT18AzVTmQ0rQHcQ==/lib/arm64:/data/app/~~0QwzJB0JaChrO1YnoronhA==/ com.google.android.webview-8tmXH8OT18AzVTmQ0rQHcQ==/base.apk!/lib/arm64-v8a:/data/ app/~~DXIn05_gXNFyE4ec6HHebg==/com.google.android.trichromelibrary_704910033- 55okY2F9P0Xt-kA8wIhLZw==/base.apk!/lib/arm64-v8a, permitted_path=/data:/mnt/expand
04-27 13:17:52.647 31611 31700 I FA : Tag Manager is not found and thus will not be used
04-27 13:17:52.697 31611 31611 I cr_WVCFactoryProvider: version=135.0.7049.100 (704910033) minSdkVersion=29 isBundle=true multiprocess=true packageId=127
04-27 13:17:52.702 31611 31611 D nativeloader: Load /data/app/~~DXIn05_gXNFyE4ec6HHebg==/com.google.android.trichromelibrary_704910033- 55okY2F9P0Xt-kA8wIhLZw==/base.apk!/lib/arm64-v8a/libmonochrome_64.so using ns clns- 11 from class loader (caller=/data/app/~~0QwzJB0JaChrO1YnoronhA==/com.google.android.webview- 8tmXH8OT18AzVTmQ0rQHcQ==/base.apk): ok
04-27 13:17:52.704 31611 31611 D nativeloader: Load /system/lib64/libwebviewchromium_plat_support.so using ns clns-11 from class loader (caller=/data/app/~~0QwzJB0JaChrO1YnoronhA==/com.google.android.webview- 8tmXH8OT18AzVTmQ0rQHcQ==/base.apk): ok
04-27 13:17:52.718 31611 31611 I cr_LibraryLoader: Successfully loaded native library
04-27 13:17:52.719 31611 31611 I cr_CachingUmaRecorder: Flushed 6 samples from 6 histograms, 0 samples were dropped.
04-27 13:17:52.818 31611 31611 I cr_CombinedPProvider: #registerProvider() provider:WV.V8@dad0a88 isPolicyCacheEnabled:false policyProvidersSize:0
04-27 13:17:52.820 31611 31611 I cr_PolicyProvider: #setManagerAndSource() 0
04-27 13:17:52.873 31611 31611 I cr_CombinedPProvider: #linkNativeInternal() 1
04-27 13:17:52.874 31611 31611 I cr_AppResProvider: #getApplicationRestrictionsFromUserManager() Bundle[EMPTY_PARCEL]
04-27 13:17:52.874 31611 31611 I cr_PolicyProvider: #notifySettingsAvailable() 0
04-27 13:17:52.874 31611 31611 I cr_CombinedPProvider: #onSettingsAvailable() 0
04-27 13:17:52.874 31611 31611 I cr_CombinedPProvider: #flushPolicies()
04-27 13:17:52.971 31611 31611 D CompatibilityChangeReporter: Compat change id reported: 214741472; UID 10223; state: ENABLED
04-27 13:17:52.980 31611 31611 D CompatibilityChangeReporter: Compat change id reported: 171228096; UID 10223; state: ENABLED
04-27 13:17:53.131 31611 31611 W CheckTime: App running slow: Executing handleBindApplication : callApplicationOnCreate took 978ms
04-27 13:17:53.132 31611 31818 I MATDBManager: sqllite db insert success! insert row id:43
04-27 13:17:53.133 31611 31818 I MATDBManager: sqllite db capacity:1
04-27 13:17:53.140 31611 31823 I CameraManagerGlobal: Connecting to camera service
04-27 13:17:53.144 31611 31823 I CameraManagerGlobal: LimitCameraNumber 2:com.hello.miheapp.secretspace
04-27 13:17:53.144 31611 31823 I CameraManagerGlobal: LimitCameraNumber 2:com.hello.miheapp.secretspace
04-27 13:17:53.239 31611 31611 W System.err: android.content.pm.PackageManager$NameNotFoundException: com.android.permission.GET_INSTALLED_APPS
04-27 13:17:53.239 31611 31611 W System.err: at android.app.ApplicationPackageManager.getPermissionInfo(ApplicationPackageManager.j ava:432)
04-27 13:17:53.239 31611 31611 W System.err: at dc.d.c(GetInstalledAppsPermissionCompat.java:1)
04-27 13:17:53.239 31611 31611 W System.err: at dc.d.a(GetInstalledAppsPermissionCompat.java:1)
04-27 13:17:53.239 31611 31611 W System.err: at dc.m.b(PermissionDelegateImplV19.java:4)
04-27 13:17:53.239 31611 31611 W System.err: at dc.n.b(PermissionDelegateImplV21.java:3)
04-27 13:17:53.239 31611 31611 W System.err: at dc.o.b(PermissionDelegateImplV23.java:44)
04-27 13:17:53.239 31611 31611 W System.err: at dc.p.b(PermissionDelegateImplV26.java:7)
04-27 13:17:53.239 31611 31611 W System.err: at dc.q.b(PermissionDelegateImplV28.java:3)
04-27 13:17:53.239 31611 31611 W System.err: at dc.r.b(PermissionDelegateImplV29.java:9)
04-27 13:17:53.239 31611 31611 W System.err: at dc.s.b(PermissionDelegateImplV30.java:3)
04-27 13:17:53.239 31611 31611 W System.err: at dc.t.b(PermissionDelegateImplV31.java:6)
04-27 13:17:53.239 31611 31611 W System.err: at dc.u.b(PermissionDelegateImplV33.java:15)
04-27 13:17:53.239 31611 31611 W System.err: at dc.i.b(Unknown Source:2)
04-27 13:17:53.239 31611 31611 W System.err: at dc.i.c(PermissionApi.java:3)
04-27 13:17:53.239 31611 31611 W System.err: at dc.d0.a(XXPermissions.java:2)
04-27 13:17:53.239 31611 31611 W System.err: at com.hello.sandbox.ui.splash.SplashAct.onCreate(SplashAct.kt:4)
04-27 13:17:53.239 31611 31611 W System.err: at android.app.Activity.performCreate(Activity.java:8328)
04-27 13:17:53.239 31611 31611 W System.err: at android.app.Activity.performCreate(Activity.java:8307)
04-27 13:17:53.239 31611 31611 W System.err: at android.app.Instrumentation.callActivityOnCreate(Instrumentation.java:1384)
04-27 13:17:53.239 31611 31611 W System.err: at android.app.ActivityThread.performLaunchActivity(ActivityThread.java:3750)
04-27 13:17:53.239 31611 31611 W System.err: at android.app.ActivityThread.handleLaunchActivity(ActivityThread.java:3907)
04-27 13:17:53.239 31611 31611 W System.err: at android.app.servertransaction.LaunchActivityItem.execute(LaunchActivityItem.java:10 1)
04-27 13:17:53.239 31611 31611 W System.err: at android.app.servertransaction.TransactionExecutor.executeCallbacks(TransactionExecu tor.java:137)
04-27 13:17:53.239 31611 31611 W System.err: at android.app.servertransaction.TransactionExecutor.execute(TransactionExecutor.java: 97)
04-27 13:17:53.239 31611 31611 W System.err: at android.app.ActivityThread$H.handleMessage(ActivityThread.java:2393)
04-27 13:17:53.239 31611 31611 W System.err: at android.os.Handler.dispatchMessage(Handler.java:106)
04-27 13:17:53.239 31611 31611 W System.err: at android.os.Looper.loopOnce(Looper.java:201)
04-27 13:17:53.239 31611 31611 W System.err: at android.os.Looper.loop(Looper.java:288)
04-27 13:17:53.239 31611 31611 W System.err: at android.app.ActivityThread.main(ActivityThread.java:8061)
04-27 13:17:53.239 31611 31611 W System.err: at java.lang.reflect.Method.invoke(Native Method)
04-27 13:17:53.239 31611 31611 W System.err: at com.android.internal.os.RuntimeInit$MethodAndArgsCaller.run(RuntimeInit.java:703)
04-27 13:17:53.239 31611 31611 W System.err: at com.android.internal.os.ZygoteInit.main(ZygoteInit.java:923)
04-27 13:17:53.455 31611 31611 W System.err: android.provider.Settings$SettingNotFoundException: oem_installed_apps_runtime_permission_enable
04-27 13:17:53.455 31611 31611 W System.err: at android.provider.Settings.parseIntSetting(Settings.java:3533)
04-27 13:17:53.455 31611 31611 W System.err: at android.provider.Settings.-$ $Nest$smparseIntSetting(Unknown Source:0)
04-27 13:17:53.455 31611 31611 W System.err: at android.provider.Settings$Secure.getIntForUser(Settings.java:6450)
04-27 13:17:53.455 31611 31611 W System.err: at android.provider.Settings$Secure.getInt(Settings.java:6443)
04-27 13:17:53.455 31611 31611 W System.err: at dc.d.c(GetInstalledAppsPermissionCompat.java:6)
04-27 13:17:53.455 31611 31611 W System.err: at dc.d.a(GetInstalledAppsPermissionCompat.java:1)
04-27 13:17:53.455 31611 31611 W System.err: at dc.m.b(PermissionDelegateImplV19.java:4)
04-27 13:17:53.455 31611 31611 W System.err: at dc.n.b(PermissionDelegateImplV21.java:3)
04-27 13:17:53.455 31611 31611 W System.err: at dc.o.b(PermissionDelegateImplV23.java:44)
04-27 13:17:53.455 31611 31611 W System.err: at dc.p.b(PermissionDelegateImplV26.java:7)
04-27 13:17:53.455 31611 31611 W System.err: at dc.q.b(PermissionDelegateImplV28.java:3)
04-27 13:17:53.455 31611 31611 W System.err: at dc.r.b(PermissionDelegateImplV29.java:9)
04-27 13:17:53.455 31611 31611 W System.err: at dc.s.b(PermissionDelegateImplV30.java:3)
04-27 13:17:53.455 31611 31611 W System.err: at dc.t.b(PermissionDelegateImplV31.java:6)
04-27 13:17:53.455 31611 31611 W System.err: at dc.u.b(PermissionDelegateImplV33.java:15)
04-27 13:17:53.455 31611 31611 W System.err: at dc.i.b(Unknown Source:2)
04-27 13:17:53.455 31611 31611 W System.err: at dc.i.c(PermissionApi.java:3)
04-27 13:17:53.455 31611 31611 W System.err: at dc.d0.a(XXPermissions.java:2)
04-27 13:17:53.455 31611 31611 W System.err: at com.hello.sandbox.ui.splash.SplashAct.onCreate(SplashAct.kt:4)
04-27 13:17:53.455 31611 31611 W System.err: at android.app.Activity.performCreate(Activity.java:8328)
04-27 13:17:53.455 31611 31611 W System.err: at android.app.Activity.performCreate(Activity.java:8307)
04-27 13:17:53.455 31611 31611 W System.err: at android.app.Instrumentation.callActivityOnCreate(Instrumentation.java:1384)
04-27 13:17:53.455 31611 31611 W System.err: at android.app.ActivityThread.performLaunchActivity(ActivityThread.java:3750)
04-27 13:17:53.455 31611 31611 W System.err: at android.app.ActivityThread.handleLaunchActivity(ActivityThread.java:3907)
04-27 13:17:53.455 31611 31611 W System.err: at android.app.servertransaction.LaunchActivityItem.execute(LaunchActivityItem.java:10 1)
04-27 13:17:53.455 31611 31611 W System.err: at android.app.servertransaction.TransactionExecutor.executeCallbacks(TransactionExecu tor.java:137)
04-27 13:17:53.455 31611 31611 W System.err: at android.app.servertransaction.TransactionExecutor.execute(TransactionExecutor.java: 97)
04-27 13:17:53.455 31611 31611 W System.err: at android.app.ActivityThread$H.handleMessage(ActivityThread.java:2393)
04-27 13:17:53.455 31611 31611 W System.err: at android.os.Handler.dispatchMessage(Handler.java:106)
04-27 13:17:53.455 31611 31611 W System.err: at android.os.Looper.loopOnce(Looper.java:201)
04-27 13:17:53.455 31611 31611 W System.err: at android.os.Looper.loop(Looper.java:288)
04-27 13:17:53.455 31611 31611 W System.err: at android.app.ActivityThread.main(ActivityThread.java:8061)
04-27 13:17:53.455 31611 31611 W System.err: at java.lang.reflect.Method.invoke(Native Method)
04-27 13:17:53.455 31611 31611 W System.err: at com.android.internal.os.RuntimeInit$MethodAndArgsCaller.run(RuntimeInit.java:703)
04-27 13:17:53.455 31611 31611 W System.err: at com.android.internal.os.ZygoteInit.main(ZygoteInit.java:923)
04-27 13:17:53.468 31611 31611 W System.err: java.io.FileNotFoundException: /system/build.prop: open failed: EACCES (Permission denied)
04-27 13:17:53.468 31611 31611 W System.err: at libcore.io.IoBridge.open(IoBridge.java:574)
04-27 13:17:53.468 31611 31611 W System.err: at java.io.FileInputStream.<init>(FileInputStream.java:179)
04-27 13:17:53.468 31611 31611 W System.err: at dc.b0.c(PhoneRomUtils.java:13)
04-27 13:17:53.468 31611 31611 W System.err: at dc.b0.e(Unknown Source:2)
04-27 13:17:53.468 31611 31611 W System.err: at dc.d.a(GetInstalledAppsPermissionCompat.java:4)
04-27 13:17:53.468 31611 31611 W System.err: at dc.m.b(PermissionDelegateImplV19.java:4)
04-27 13:17:53.468 31611 31611 W System.err: at dc.n.b(PermissionDelegateImplV21.java:3)
04-27 13:17:53.468 31611 31611 W System.err: at dc.o.b(PermissionDelegateImplV23.java:44)
04-27 13:17:53.468 31611 31611 W System.err: at dc.p.b(PermissionDelegateImplV26.java:7)
04-27 13:17:53.468 31611 31611 W System.err: at dc.q.b(PermissionDelegateImplV28.java:3)
04-27 13:17:53.468 31611 31611 W System.err: at dc.r.b(PermissionDelegateImplV29.java:9)
04-27 13:17:53.468 31611 31611 W System.err: at dc.s.b(PermissionDelegateImplV30.java:3)
04-27 13:17:53.468 31611 31611 W System.err: at dc.t.b(PermissionDelegateImplV31.java:6)
04-27 13:17:53.468 31611 31611 W System.err: at dc.u.b(PermissionDelegateImplV33.java:15)
04-27 13:17:53.468 31611 31611 W System.err: at dc.i.b(Unknown Source:2)
04-27 13:17:53.468 31611 31611 W System.err: at dc.i.c(PermissionApi.java:3)
04-27 13:17:53.468 31611 31611 W System.err: at dc.d0.a(XXPermissions.java:2)
04-27 13:17:53.469 31611 31611 W System.err: at com.hello.sandbox.ui.splash.SplashAct.onCreate(SplashAct.kt:4)
04-27 13:17:53.469 31611 31611 W System.err: at android.app.Activity.performCreate(Activity.java:8328)
04-27 13:17:53.469 31611 31611 W System.err: at android.app.Activity.performCreate(Activity.java:8307)
04-27 13:17:53.469 31611 31611 W System.err: at android.app.Instrumentation.callActivityOnCreate(Instrumentation.java:1384)
04-27 13:17:53.469 31611 31611 W System.err: at android.app.ActivityThread.performLaunchActivity(ActivityThread.java:3750)
04-27 13:17:53.469 31611 31611 W System.err: at android.app.ActivityThread.handleLaunchActivity(ActivityThread.java:3907)
04-27 13:17:53.469 31611 31611 W System.err: at android.app.servertransaction.LaunchActivityItem.execute(LaunchActivityItem.java:10 1)
04-27 13:17:53.469 31611 31611 W System.err: at android.app.servertransaction.TransactionExecutor.executeCallbacks(TransactionExecu tor.java:137)
04-27 13:17:53.469 31611 31611 W System.err: at android.app.servertransaction.TransactionExecutor.execute(TransactionExecutor.java: 97)
04-27 13:17:53.469 31611 31611 W System.err: at android.app.ActivityThread$H.handleMessage(ActivityThread.java:2393)
04-27 13:17:53.469 31611 31611 W System.err: at android.os.Handler.dispatchMessage(Handler.java:106)
04-27 13:17:53.469 31611 31611 W System.err: at android.os.Looper.loopOnce(Looper.java:201)
04-27 13:17:53.469 31611 31611 W System.err: at android.os.Looper.loop(Looper.java:288)
04-27 13:17:53.469 31611 31611 W System.err: at android.app.ActivityThread.main(ActivityThread.java:8061)
04-27 13:17:53.469 31611 31611 W System.err: at java.lang.reflect.Method.invoke(Native Method)
04-27 13:17:53.469 31611 31611 W System.err: at com.android.internal.os.RuntimeInit$MethodAndArgsCaller.run(RuntimeInit.java:703)
04-27 13:17:53.469 31611 31611 W System.err: at com.android.internal.os.ZygoteInit.main(ZygoteInit.java:923)
04-27 13:17:53.469 31611 31611 W System.err: Caused by: android.system.ErrnoException: open failed: EACCES (Permission denied)
04-27 13:17:53.469 31611 31611 W System.err: at libcore.io.Linux.open(Native Method)
04-27 13:17:53.469 31611 31611 W System.err: at libcore.io.ForwardingOs.open(ForwardingOs.java:563)
04-27 13:17:53.469 31611 31611 W System.err: at libcore.io.BlockGuardOs.open(BlockGuardOs.java:274)
04-27 13:17:53.469 31611 31611 W System.err: at libcore.io.ForwardingOs.open(ForwardingOs.java:563)
04-27 13:17:53.469 31611 31611 W System.err: at android.app.ActivityThread$AndroidOs.open(ActivityThread.java:7919)
04-27 13:17:53.469 31611 31611 W System.err: at libcore.io.IoBridge.open(IoBridge.java:560)
04-27 13:17:53.469 31611 31611 W System.err: ... 33 more
04-27 13:17:53.507 31611 31611 D SessionLifecycleService: Service bound to new client on process 31611
04-27 13:17:53.508 31611 31854 D SessionLifecycleService: App has not yet foregrounded. Using previously stored session: null
04-27 13:17:53.508 31611 31854 D SessionLifecycleService: Client android.os.Messenger@2329e6a bound at 139065690. Clients: 1
04-27 13:17:53.526 31611 31768 W cr_media: BLUETOOTH_CONNECT permission is missing.
04-27 13:17:53.528 31611 31768 W cr_media: getBluetoothAdapter() requires BLUETOOTH permission
04-27 13:17:53.528 31611 31768 W cr_media: registerBluetoothIntentsIfNeeded: Requires BLUETOOTH permission
04-27 13:17:53.538 31611 31859 D vulkan : searching for layers in '/data/app/~~3OiYRoj_376JFk37SkDuSQ==/com.hello.miheapp.secretspace- N8vZju8ktvRmoJzxCR2suA==/lib/arm64'
04-27 13:17:53.544 31611 31859 D vulkan : searching for layers in '/data/app/~~3OiYRoj_376JFk37SkDuSQ==/com.hello.miheapp.secretspace- N8vZju8ktvRmoJzxCR2suA==/base.apk!/lib/arm64-v8a'
04-27 13:17:53.546 31611 31859 D vulkan : searching for layers in '/data/app/~~3OiYRoj_376JFk37SkDuSQ==/com.hello.miheapp.secretspace- N8vZju8ktvRmoJzxCR2suA==/split_config.arm64_v8a.apk!/lib/arm64-v8a'
04-27 13:17:53.550 31611 31859 D vulkan : searching for layers in '/data/app/~~3OiYRoj_376JFk37SkDuSQ==/com.hello.miheapp.secretspace- N8vZju8ktvRmoJzxCR2suA==/split_config.bn.apk!/lib/arm64-v8a'
04-27 13:17:53.550 31611 31859 D vulkan : searching for layers in '/data/app/~~3OiYRoj_376JFk37SkDuSQ==/com.hello.miheapp.secretspace- N8vZju8ktvRmoJzxCR2suA==/split_config.en.apk!/lib/arm64-v8a'
04-27 13:17:53.553 31611 31859 D vulkan : searching for layers in '/data/app/~~3OiYRoj_376JFk37SkDuSQ==/com.hello.miheapp.secretspace- N8vZju8ktvRmoJzxCR2suA==/split_config.gu.apk!/lib/arm64-v8a'
04-27 13:17:53.554 31611 31859 D vulkan : searching for layers in '/data/app/~~3OiYRoj_376JFk37SkDuSQ==/com.hello.miheapp.secretspace- N8vZju8ktvRmoJzxCR2suA==/split_config.hi.apk!/lib/arm64-v8a'
04-27 13:17:53.554 31611 31859 D vulkan : searching for layers in '/data/app/~~3OiYRoj_376JFk37SkDuSQ==/com.hello.miheapp.secretspace- N8vZju8ktvRmoJzxCR2suA==/split_config.kn.apk!/lib/arm64-v8a'
04-27 13:17:53.554 31611 31859 D vulkan : searching for layers in '/data/app/~~3OiYRoj_376JFk37SkDuSQ==/com.hello.miheapp.secretspace- N8vZju8ktvRmoJzxCR2suA==/split_config.mr.apk!/lib/arm64-v8a'
04-27 13:17:53.554 31611 31859 D vulkan : searching for layers in '/data/app/~~3OiYRoj_376JFk37SkDuSQ==/com.hello.miheapp.secretspace- N8vZju8ktvRmoJzxCR2suA==/split_config.ta.apk!/lib/arm64-v8a'
04-27 13:17:53.554 31611 31859 D vulkan : searching for layers in '/data/app/~~3OiYRoj_376JFk37SkDuSQ==/com.hello.miheapp.secretspace- N8vZju8ktvRmoJzxCR2suA==/split_config.te.apk!/lib/arm64-v8a'
04-27 13:17:53.555 31611 31859 D vulkan : searching for layers in '/data/app/~~3OiYRoj_376JFk37SkDuSQ==/com.hello.miheapp.secretspace- N8vZju8ktvRmoJzxCR2suA==/split_config.xxhdpi.apk!/lib/arm64-v8a'
04-27 13:17:53.610 31611 31859 W libc : Access denied finding property "vendor.mali.config"
04-27 13:17:53.651 31611 31611 D SessionLifecycleClient: Connected to SessionLifecycleService. Queue size 0
04-27 13:17:53.720 31611 31611 D CompatibilityChangeReporter: Compat change id reported: 210923482; UID 10223; state: ENABLED
04-27 13:17:53.851 31611 31646 D SessionLifecycleClient: Sending lifecycle 1 to service
04-27 13:17:53.852 31611 31854 D SessionLifecycleService: Activity foregrounding at 139066035.
04-27 13:17:53.852 31611 31854 D SessionLifecycleService: Cold start detected.
04-27 13:17:53.852 31611 31854 D SessionLifecycleService: Generated new session e48a2e713bce4073a21a8be212de517f
04-27 13:17:53.852 31611 31854 D SessionLifecycleService: Broadcasting new session: SessionDetails(sessionId=e48a2e713bce4073a21a8be212de517f, firstSessionId=e48a2e713bce4073a21a8be212de517f, sessionIndex=0, sessionStartTimestampUs=1745740073852000)
04-27 13:17:53.853 31611 31650 D SessionFirelogPublisher: Data Collection is enabled for at least one Subscriber
04-27 13:17:53.863 31611 31650 D EventGDTLogger: Session Event: {"eventType":1,"sessionData": {"sessionId":"e48a2e713bce4073a21a8be212de517f","firstSessionId":"e48a2e713bce4073a 21a8be212de517f","sessionIndex":0,"eventTimestampUs":1745740073852000,"dataCollecti onStatus": {"performance":1,"crashlytics":2,"sessionSamplingRate":1.0},"firebaseInstallationId ":"cE3TP14HRt-pTcuiVu1ayQ"},"applicationInfo": {"appId":"1:716442668392:android:91ab0e5825942d3ba61add","deviceModel":"RMX3511","s essionSdkVersion":"1.2.1","osVersion":"13","logEnvironment":3,"androidAppInfo": {"packageName":"com.hello.miheapp.secretspace","versionName":"1.1.51","appBuildVers ion":"1151","deviceManufacturer":"realme","currentProcessDetails": {"processName":"com.hello.miheapp.secretspace","pid":31611,"importance":100,"defaul tProcess":true},"appProcessDetails": [{"processName":"com.hello.miheapp.secretspace","pid":31611,"importance":100,"defau ltProcess":true}, {"processName":"com.hello.miheapp.secretspace:black","pid":8267,"importance":100,"d efaultProcess":false}]}}}
04-27 13:17:53.865 31611 31650 D SessionFirelogPublisher: Successfully logged Session Start event: e48a2e713bce4073a21a8be212de517f
04-27 13:17:53.878 31611 31649 D CompatibilityChangeReporter: Compat change id reported: 194532703; UID 10223; state: ENABLED
04-27 13:17:53.906 31611 31611 D VRI[AppLockActivity]: performTraversals relayoutWindow: maybeSyncSeqId=-1 ,mSyncSeqId=0 ,relayoutResult=3
04-27 13:17:53.931 31611 31784 W AudioCapabilities: Unsupported mime audio/mpeg-L1
04-27 13:17:53.932 31611 31784 W AudioCapabilities: Unsupported mime audio/mpeg-L2
04-27 13:17:53.964 31611 31933 I gralloc4: register: id=28100018fc3, vaddr=0x71c211e000
04-27 13:17:53.970 31611 31933 I gralloc4: register: id=28100018fc4, vaddr=0x71bf3f4000
04-27 13:17:53.979 31611 31933 I gralloc4: register: id=28100018fc5, vaddr=0x71be93f000
04-27 13:17:54.525 31611 31828 W Parcel : Expecting binder but got null!
04-27 13:17:54.528 31611 31611 D SessionLifecycleClient: Session update received: e48a2e713bce4073a21a8be212de517f
04-27 13:17:54.529 31611 31642 D SessionLifecycleClient: Notified CRASHLYTICS of new session e48a2e713bce4073a21a8be212de517f
04-27 13:17:54.529 31611 31620 I OpenGLRenderer: Davey! duration=832ms; Flags=1, FrameTimelineVsyncId=68626912, IntendedVsync=139065875786163, Vsync=139066059106608, InputEventId=0, HandleInputStart=139066071306416, AnimationStart=139066071307685, PerformTraversalsStart=139066071321223, DrawStart=139066136822377, FrameDeadline=139065892452830, FrameInterval=139066071302262, FrameStartTime=16665495, SyncQueued=139066148312416, SyncStart=139066148453262, IssueDrawCommandsStart=139066152248146, SwapBuffers=139066700372569, FrameCompleted=139066708421223, DequeueBufferDuration=30500, QueueBufferDuration=572884, GpuCompleted=139066708421223, SwapBuffersCompleted=139066705895569, DisplayPresentTime=0, CommandSubmissionCompleted=139066700372569,
04-27 13:17:54.545 31611 31611 I Choreographer: Skipped 39 frames! The application may be doing too much work on its main thread.
04-27 13:17:54.560 31611 31611 W app.secretspace: type=1400 audit(0.0:142508): avc: denied { read } for name="u:object_r:unipnp_prop:s0" dev="tmpfs" ino=16029 scontext=u:r:untrusted_app:s0:c223,c256,c512,c768 tcontext=u:object_r:unipnp_prop:s0 tclass=file permissive=0 app=com.hello.miheapp.secretspace
04-27 13:17:54.562 31611 31611 W libc : Access denied finding property "persist.unipnp.debug"
04-27 13:17:54.560 31611 31611 W app.secretspace: type=1400 audit(0.0:142509): avc: denied { read } for name="u:object_r:unipnp_prop:s0" dev="tmpfs" ino=16029 scontext=u:r:untrusted_app:s0:c223,c256,c512,c768 tcontext=u:object_r:unipnp_prop:s0 tclass=file permissive=0 app=com.hello.miheapp.secretspace
04-27 13:17:54.562 31611 31611 W libc : Access denied finding property "persist.unipnp.debug"
04-27 13:17:54.563 31611 31611 W ziparchive: Unable to open '/system_ext/framework/unipnp-framework.dm': No such file or directory
04-27 13:17:54.563 31611 31611 W ziparchive: Unable to open '/system_ext/framework/unipnp-framework.dm': No such file or directory
04-27 13:17:54.680 31611 31611 D VRI[PopupWindow:af50802]: performTraversals relayoutWindow: maybeSyncSeqId=-1 ,mSyncSeqId=0 ,relayoutResult=3
04-27 13:17:54.685 31611 31973 I gralloc4: register: id=28100018fc6, vaddr=0x71b72e2000
04-27 13:17:54.688 31611 31973 I gralloc4: register: id=28100018fc7, vaddr=0x71b7188000
04-27 13:17:54.689 31611 31973 I gralloc4: register: id=28100018fc8, vaddr=0x71b702e000
04-27 13:17:54.697 31611 31828 W Parcel : Expecting binder but got null!
04-27 13:17:54.869 31611 31976 I MATDBManager: 服务端下发配置缓存成功! 插入行 id:4
04-27 13:17:54.934 31611 31611 I Ads : JS: The jsLoaded GMSG has been sent (https://googleads.g.doubleclick.net/mads/static/mad/sdk/native/production/sdk- core-v40-impl.html:924)
04-27 13:18:00.827 31611 31828 I gralloc4: unregister: id=28100018fc7, vaddr=0x71b7188000
04-27 13:18:00.830 31611 31620 I gralloc4: unregister: id=28100018fc6, vaddr=0x71b72e2000
04-27 13:18:00.831 31611 31620 I gralloc4: unregister: id=28100018fc8, vaddr=0x71b702e000
04-27 13:18:00.836 31611 31611 D BubbleManager: groups:0 lockMap:1
04-27 13:18:01.928 31611 31615 W app.secretspace: Cleared Reference was only reachable from finalizer (only reported once)
04-27 13:18:01.999 31611 31615 I app.secretspace: NativeAlloc concurrent mark compact GC freed 25MB AllocSpace bytes, 144(9832KB) LOS objects, 77% free, 7034KB/30MB, paused 937us,2.226ms total 112.812ms
04-27 13:18:05.314 31611 31650 D SessionLifecycleClient: Sending lifecycle 2 to service
04-27 13:18:05.316 31611 31854 D SessionLifecycleService: Activity backgrounding at 139077498
04-27 13:18:05.710 31611 31828 I gralloc4: unregister: id=28100018fc3, vaddr=0x71c211e000
04-27 13:18:05.711 31611 31828 I gralloc4: unregister: id=28100018fc4, vaddr=0x71bf3f4000
04-27 13:18:05.722 31611 31611 D VRI[AppLockActivity]: performTraversals relayoutWindow: maybeSyncSeqId=-1 ,mSyncSeqId=0 ,relayoutResult=2
04-27 13:18:05.725 31611 31611 I gralloc4: unregister: id=28100018fc5, vaddr=0x71be93f000
04-27 13:18:07.348 31611 31700 I FA : Application backgrounded at: timestamp_millis: 1745740085345
04-27 13:18:08.002 31611 31611 W System.err: android.content.pm.PackageManager$NameNotFoundException: com.android.permission.GET_INSTALLED_APPS
04-27 13:18:08.004 31611 31611 W System.err: at android.app.ApplicationPackageManager.getPermissionInfo(ApplicationPackageManager.j ava:432)
04-27 13:18:08.004 31611 31611 W System.err: at dc.d.c(GetInstalledAppsPermissionCompat.java:1)
04-27 13:18:08.004 31611 31611 W System.err: at dc.d.a(GetInstalledAppsPermissionCompat.java:1)
04-27 13:18:08.004 31611 31611 W System.err: at dc.m.b(PermissionDelegateImplV19.java:4)
04-27 13:18:08.004 31611 31611 W System.err: at dc.n.b(PermissionDelegateImplV21.java:3)
04-27 13:18:08.004 31611 31611 W System.err: at dc.o.b(PermissionDelegateImplV23.java:44)
04-27 13:18:08.004 31611 31611 W System.err: at dc.p.b(PermissionDelegateImplV26.java:7)
04-27 13:18:08.004 31611 31611 W System.err: at dc.q.b(PermissionDelegateImplV28.java:3)
04-27 13:18:08.004 31611 31611 W System.err: at dc.r.b(PermissionDelegateImplV29.java:9)
04-27 13:18:08.004 31611 31611 W System.err: at dc.s.b(PermissionDelegateImplV30.java:3)
04-27 13:18:08.004 31611 31611 W System.err: at dc.t.b(PermissionDelegateImplV31.java:6)
04-27 13:18:08.004 31611 31611 W System.err: at dc.u.b(PermissionDelegateImplV33.java:15)
04-27 13:18:08.004 31611 31611 W System.err: at dc.i.b(Unknown Source:2)
04-27 13:18:08.004 31611 31611 W System.err: at dc.i.c(PermissionApi.java:3)
04-27 13:18:08.004 31611 31611 W System.err: at dc.d0.a(XXPermissions.java:2)
04-27 13:18:08.004 31611 31611 W System.err: at com.hello.sandbox.ui.splash.SplashAct.onCreate(SplashAct.kt:4)
04-27 13:18:08.004 31611 31611 W System.err: at android.app.Activity.performCreate(Activity.java:8328)
04-27 13:18:08.004 31611 31611 W System.err: at android.app.Activity.performCreate(Activity.java:8307)
04-27 13:18:08.004 31611 31611 W System.err: at android.app.Instrumentation.callActivityOnCreate(Instrumentation.java:1384)
04-27 13:18:08.004 31611 31611 W System.err: at android.app.ActivityThread.performLaunchActivity(ActivityThread.java:3750)
04-27 13:18:08.004 31611 31611 W System.err: at android.app.ActivityThread.handleLaunchActivity(ActivityThread.java:3907)
04-27 13:18:08.004 31611 31611 W System.err: at android.app.servertransaction.LaunchActivityItem.execute(LaunchActivityItem.java:10 1)
04-27 13:18:08.004 31611 31611 W System.err: at android.app.servertransaction.TransactionExecutor.executeCallbacks(TransactionExecu tor.java:137)
04-27 13:18:08.004 31611 31611 W System.err: at android.app.servertransaction.TransactionExecutor.execute(TransactionExecutor.java: 97)
04-27 13:18:08.004 31611 31611 W System.err: at android.app.ActivityThread$H.handleMessage(ActivityThread.java:2393)
04-27 13:18:08.004 31611 31611 W System.err: at android.os.Handler.dispatchMessage(Handler.java:106)
04-27 13:18:08.004 31611 31611 W System.err: at android.os.Looper.loopOnce(Looper.java:201)
04-27 13:18:08.004 31611 31611 W System.err: at android.os.Looper.loop(Looper.java:288)
04-27 13:18:08.004 31611 31611 W System.err: at android.app.ActivityThread.main(ActivityThread.java:8061)
04-27 13:18:08.004 31611 31611 W System.err: at java.lang.reflect.Method.invoke(Native Method)
04-27 13:18:08.004 31611 31611 W System.err: at com.android.internal.os.RuntimeInit$MethodAndArgsCaller.run(RuntimeInit.java:703)
04-27 13:18:08.004 31611 31611 W System.err: at com.android.internal.os.ZygoteInit.main(ZygoteInit.java:923)
04-27 13:18:08.005 31611 31611 W System.err: android.provider.Settings$SettingNotFoundException: oem_installed_apps_runtime_permission_enable
04-27 13:18:08.005 31611 31611 W System.err: at android.provider.Settings.parseIntSetting(Settings.java:3533)
04-27 13:18:08.005 31611 31611 W System.err: at android.provider.Settings.-$ $Nest$smparseIntSetting(Unknown Source:0)
04-27 13:18:08.005 31611 31611 W System.err: at android.provider.Settings$Secure.getIntForUser(Settings.java:6450)
04-27 13:18:08.005 31611 31611 W System.err: at android.provider.Settings$Secure.getInt(Settings.java:6443)
04-27 13:18:08.005 31611 31611 W System.err: at dc.d.c(GetInstalledAppsPermissionCompat.java:6)
04-27 13:18:08.005 31611 31611 W System.err: at dc.d.a(GetInstalledAppsPermissionCompat.java:1)
04-27 13:18:08.005 31611 31611 W System.err: at dc.m.b(PermissionDelegateImplV19.java:4)
04-27 13:18:08.005 31611 31611 W System.err: at dc.n.b(PermissionDelegateImplV21.java:3)
04-27 13:18:08.005 31611 31611 W System.err: at dc.o.b(PermissionDelegateImplV23.java:44)
04-27 13:18:08.005 31611 31611 W System.err: at dc.p.b(PermissionDelegateImplV26.java:7)
04-27 13:18:08.005 31611 31611 W System.err: at dc.q.b(PermissionDelegateImplV28.java:3)
04-27 13:18:08.005 31611 31611 W System.err: at dc.r.b(PermissionDelegateImplV29.java:9)
04-27 13:18:08.005 31611 31611 W System.err: at dc.s.b(PermissionDelegateImplV30.java:3)
04-27 13:18:08.005 31611 31611 W System.err: at dc.t.b(PermissionDelegateImplV31.java:6)
04-27 13:18:08.005 31611 31611 W System.err: at dc.u.b(PermissionDelegateImplV33.java:15)
04-27 13:18:08.005 31611 31611 W System.err: at dc.i.b(Unknown Source:2)
04-27 13:18:08.005 31611 31611 W System.err: at dc.i.c(PermissionApi.java:3)
04-27 13:18:08.005 31611 31611 W System.err: at dc.d0.a(XXPermissions.java:2)
04-27 13:18:08.005 31611 31611 W System.err: at com.hello.sandbox.ui.splash.SplashAct.onCreate(SplashAct.kt:4)
04-27 13:18:08.005 31611 31611 W System.err: at android.app.Activity.performCreate(Activity.java:8328)
04-27 13:18:08.005 31611 31611 W System.err: at android.app.Activity.performCreate(Activity.java:8307)
04-27 13:18:08.005 31611 31611 W System.err: at android.app.Instrumentation.callActivityOnCreate(Instrumentation.java:1384)
04-27 13:18:08.005 31611 31611 W System.err: at android.app.ActivityThread.performLaunchActivity(ActivityThread.java:3750)
04-27 13:18:08.005 31611 31611 W System.err: at android.app.ActivityThread.handleLaunchActivity(ActivityThread.java:3907)
04-27 13:18:08.005 31611 31611 W System.err: at android.app.servertransaction.LaunchActivityItem.execute(LaunchActivityItem.java:10 1)
04-27 13:18:08.005 31611 31611 W System.err: at android.app.servertransaction.TransactionExecutor.executeCallbacks(TransactionExecu tor.java:137)
04-27 13:18:08.005 31611 31611 W System.err: at android.app.servertransaction.TransactionExecutor.execute(TransactionExecutor.java: 97)
04-27 13:18:08.005 31611 31611 W System.err: at android.app.ActivityThread$H.handleMessage(ActivityThread.java:2393)
04-27 13:18:08.005 31611 31611 W System.err: at android.os.Handler.dispatchMessage(Handler.java:106)
04-27 13:18:08.005 31611 31611 W System.err: at android.os.Looper.loopOnce(Looper.java:201)
04-27 13:18:08.005 31611 31611 W System.err: at android.os.Looper.loop(Looper.java:288)
04-27 13:18:08.005 31611 31611 W System.err: at android.app.ActivityThread.main(ActivityThread.java:8061)
04-27 13:18:08.005 31611 31611 W System.err: at java.lang.reflect.Method.invoke(Native Method)
04-27 13:18:08.005 31611 31611 W System.err: at com.android.internal.os.RuntimeInit$MethodAndArgsCaller.run(RuntimeInit.java:703)
04-27 13:18:08.005 31611 31611 W System.err: at com.android.internal.os.ZygoteInit.main(ZygoteInit.java:923)
04-27 13:18:08.019 31611 31611 W System.err: java.io.FileNotFoundException: /system/build.prop: open failed: EACCES (Permission denied)
04-27 13:18:08.019 31611 31611 W System.err: at libcore.io.IoBridge.open(IoBridge.java:574)
04-27 13:18:08.019 31611 31611 W System.err: at java.io.FileInputStream.<init>(FileInputStream.java:179)
04-27 13:18:08.019 31611 31611 W System.err: at dc.b0.c(PhoneRomUtils.java:13)
04-27 13:18:08.019 31611 31611 W System.err: at dc.b0.e(Unknown Source:2)
04-27 13:18:08.019 31611 31611 W System.err: at dc.d.a(GetInstalledAppsPermissionCompat.java:4)
04-27 13:18:08.019 31611 31611 W System.err: at dc.m.b(PermissionDelegateImplV19.java:4)
04-27 13:18:08.019 31611 31611 W System.err: at dc.n.b(PermissionDelegateImplV21.java:3)
04-27 13:18:08.019 31611 31611 W System.err: at dc.o.b(PermissionDelegateImplV23.java:44)
04-27 13:18:08.019 31611 31611 W System.err: at dc.p.b(PermissionDelegateImplV26.java:7)
04-27 13:18:08.019 31611 31611 W System.err: at dc.q.b(PermissionDelegateImplV28.java:3)
04-27 13:18:08.019 31611 31611 W System.err: at dc.r.b(PermissionDelegateImplV29.java:9)
04-27 13:18:08.019 31611 31611 W System.err: at dc.s.b(PermissionDelegateImplV30.java:3)
04-27 13:18:08.019 31611 31611 W System.err: at dc.t.b(PermissionDelegateImplV31.java:6)
04-27 13:18:08.019 31611 31611 W System.err: at dc.u.b(PermissionDelegateImplV33.java:15)
04-27 13:18:08.019 31611 31611 W System.err: at dc.i.b(Unknown Source:2)
04-27 13:18:08.019 31611 31611 W System.err: at dc.i.c(PermissionApi.java:3)
04-27 13:18:08.019 31611 31611 W System.err: at dc.d0.a(XXPermissions.java:2)
04-27 13:18:08.019 31611 31611 W System.err: at com.hello.sandbox.ui.splash.SplashAct.onCreate(SplashAct.kt:4)
04-27 13:18:08.019 31611 31611 W System.err: at android.app.Activity.performCreate(Activity.java:8328)
04-27 13:18:08.019 31611 31611 W System.err: at android.app.Activity.performCreate(Activity.java:8307)
04-27 13:18:08.019 31611 31611 W System.err: at android.app.Instrumentation.callActivityOnCreate(Instrumentation.java:1384)
04-27 13:18:08.019 31611 31611 W System.err: at android.app.ActivityThread.performLaunchActivity(ActivityThread.java:3750)
04-27 13:18:08.019 31611 31611 W System.err: at android.app.ActivityThread.handleLaunchActivity(ActivityThread.java:3907)
04-27 13:18:08.019 31611 31611 W System.err: at android.app.servertransaction.LaunchActivityItem.execute(LaunchActivityItem.java:10 1)
04-27 13:18:08.019 31611 31611 W System.err: at android.app.servertransaction.TransactionExecutor.executeCallbacks(TransactionExecu tor.java:137)
04-27 13:18:08.019 31611 31611 W System.err: at android.app.servertransaction.TransactionExecutor.execute(TransactionExecutor.java: 97)
04-27 13:18:08.020 31611 31611 W System.err: at android.app.ActivityThread$H.handleMessage(ActivityThread.java:2393)
04-27 13:18:08.020 31611 31611 W System.err: at android.os.Handler.dispatchMessage(Handler.java:106)
04-27 13:18:08.020 31611 31611 W System.err: at android.os.Looper.loopOnce(Looper.java:201)
04-27 13:18:08.020 31611 31611 W System.err: at android.os.Looper.loop(Looper.java:288)
04-27 13:18:08.020 31611 31611 W System.err: at android.app.ActivityThread.main(ActivityThread.java:8061)
04-27 13:18:08.020 31611 31611 W System.err: at java.lang.reflect.Method.invoke(Native Method)
04-27 13:18:08.020 31611 31611 W System.err: at com.android.internal.os.RuntimeInit$MethodAndArgsCaller.run(RuntimeInit.java:703)
04-27 13:18:08.020 31611 31611 W System.err: at com.android.internal.os.ZygoteInit.main(ZygoteInit.java:923)
04-27 13:18:08.020 31611 31611 W System.err: Caused by: android.system.ErrnoException: open failed: EACCES (Permission denied)
04-27 13:18:08.020 31611 31611 W System.err: at libcore.io.Linux.open(Native Method)
04-27 13:18:08.020 31611 31611 W System.err: at libcore.io.ForwardingOs.open(ForwardingOs.java:563)
04-27 13:18:08.020 31611 31611 W System.err: at libcore.io.BlockGuardOs.open(BlockGuardOs.java:274)
04-27 13:18:08.020 31611 31611 W System.err: at libcore.io.ForwardingOs.open(ForwardingOs.java:563)
04-27 13:18:08.020 31611 31611 W System.err: at android.app.ActivityThread$AndroidOs.open(ActivityThread.java:7919)
04-27 13:18:08.020 31611 31611 W System.err: at libcore.io.IoBridge.open(IoBridge.java:560)
04-27 13:18:08.020 31611 31611 W System.err: ... 33 more
04-27 13:18:08.102 31611 31638 D SessionLifecycleClient: Sending lifecycle 1 to service
04-27 13:18:08.102 31611 31854 D SessionLifecycleService: Activity foregrounding at 139080285.
04-27 13:18:08.133 31611 31611 D VRI[AppLockActivity]: performTraversals relayoutWindow: maybeSyncSeqId=-1 ,mSyncSeqId=0 ,relayoutResult=3
04-27 13:18:08.145 31611 32191 I gralloc4: register: id=28100018fde, vaddr=0x734d743000
04-27 13:18:08.155 31611 32191 I gralloc4: register: id=28100018fdf, vaddr=0x734cd13000
04-27 13:18:08.169 31611 31828 W Parcel : Expecting binder but got null!
04-27 13:18:08.174 31611 32191 I gralloc4: register: id=28100018fe0, vaddr=0x734c2e3000
04-27 13:18:37.498 31611 31611 D androidtc: Initializing SystemTextClassifier, type = System
04-27 13:18:37.500 31611 31611 W androidtc: TextClassifier called on main thread
04-27 13:18:37.520 31611 31611 D androidtc: Initializing SystemTextClassifier, type = System
04-27 13:18:38.056 31611 31611 W androidtc: TextClassifier called on main thread
04-27 13:18:38.084 31611 31611 D VRI[PopupWindow:65d5e55]: performTraversals relayoutWindow: maybeSyncSeqId=-1 ,mSyncSeqId=0 ,relayoutResult=3
04-27 13:18:38.090 31611 32340 I gralloc4: register: id=28100018fe9, vaddr=0x73507c2000
04-27 13:18:38.092 31611 32340 I gralloc4: register: id=28100018fea, vaddr=0x7350518000
04-27 13:18:38.094 31611 32340 I gralloc4: register: id=28100018feb, vaddr=0x735026e000
04-27 13:18:38.100 31611 31828 W Parcel : Expecting binder but got null!
04-27 13:18:38.113 31611 31611 D VRI[PopupWindow:e0ac037]: performTraversals relayoutWindow: maybeSyncSeqId=-1 ,mSyncSeqId=0 ,relayoutResult=3
04-27 13:18:38.116 31611 32341 I gralloc4: register: id=28100018fec, vaddr=0x75f4cc3000
04-27 13:18:38.117 31611 32341 I gralloc4: register: id=28100018fed, vaddr=0x75f0160000
04-27 13:18:38.117 31611 32341 I gralloc4: register: id=28100018fee, vaddr=0x75ecafe000
04-27 13:18:38.332 31611 31828 W Parcel : Expecting binder but got null!
04-27 13:18:38.338 31611 31611 D VRI[PopupWindow:be0dc10]: performTraversals relayoutWindow: maybeSyncSeqId=-1 ,mSyncSeqId=0 ,relayoutResult=3
04-27 13:18:38.341 31611 32345 I gralloc4: register: id=28100018fef, vaddr=0x75ec9b5000
04-27 13:18:38.342 31611 32345 I gralloc4: register: id=28100018ff0, vaddr=0x7359213000
04-27 13:18:38.343 31611 32345 I gralloc4: register: id=28100018ff1, vaddr=0x734ff06000
04-27 13:18:38.344 31611 31828 W Parcel : Expecting binder but got null!
04-27 13:18:38.638 31611 31828 I gralloc4: unregister: id=28100018fe9, vaddr=0x73507c2000
04-27 13:18:38.641 31611 31620 I gralloc4: unregister: id=28100018feb, vaddr=0x735026e000
04-27 13:18:38.642 31611 31620 I gralloc4: unregister: id=28100018fea, vaddr=0x7350518000
04-27 13:18:38.895 31611 31828 I gralloc4: unregister: id=28100018fed, vaddr=0x75f0160000
04-27 13:18:38.895 31611 31828 I gralloc4: unregister: id=28100018fec, vaddr=0x75f4cc3000
04-27 13:18:38.896 31611 31611 I gralloc4: unregister: id=28100018fee, vaddr=0x75ecafe000
04-27 13:18:38.903 31611 31828 I gralloc4: unregister: id=28100018ff0, vaddr=0x7359213000
04-27 13:18:38.903 31611 31828 I gralloc4: unregister: id=28100018fef, vaddr=0x75ec9b5000
04-27 13:18:38.904 31611 31611 I gralloc4: unregister: id=28100018ff1, vaddr=0x734ff06000
04-27 13:18:38.994 31611 31611 W androidtc: TextClassifier called on main thread
04-27 13:18:39.115 31611 31611 D androidtc: Initializing SystemTextClassifier, type = System
04-27 13:18:39.117 31611 31611 W androidtc: TextClassifier called on main thread
04-27 13:18:39.117 31611 31611 D androidtc: Initializing SystemTextClassifier, type = System
04-27 13:18:39.237 31611 31611 D VRI[PopupWindow:c38afd2]: performTraversals relayoutWindow: maybeSyncSeqId=-1 ,mSyncSeqId=0 ,relayoutResult=3
04-27 13:18:39.240 31611 32348 I gralloc4: register: id=28100018ff2, vaddr=0x7350610000
04-27 13:18:39.242 31611 32348 I gralloc4: register: id=28100018ff3, vaddr=0x7350366000
04-27 13:18:39.243 31611 32348 I gralloc4: register: id=28100018ff4, vaddr=0x7342893000
04-27 13:18:39.248 31611 31828 W Parcel : Expecting binder but got null!
04-27 13:18:39.260 31611 31611 D VRI[PopupWindow:e0ac037]: performTraversals relayoutWindow: maybeSyncSeqId=-1 ,mSyncSeqId=0 ,relayoutResult=3
04-27 13:18:39.262 31611 32349 I gralloc4: register: id=28100018ff5, vaddr=0x75f4cc3000
04-27 13:18:39.263 31611 32349 I gralloc4: register: id=28100018ff6, vaddr=0x75f0160000
04-27 13:18:39.264 31611 32349 I gralloc4: register: id=28100018ff7, vaddr=0x75ecafe000
04-27 13:18:39.265 31611 31828 W Parcel : Expecting binder but got null!
04-27 13:18:39.272 31611 31611 D VRI[PopupWindow:be0dc10]: performTraversals relayoutWindow: maybeSyncSeqId=-1 ,mSyncSeqId=0 ,relayoutResult=3
04-27 13:18:39.274 31611 32350 I gralloc4: register: id=28100018ff8, vaddr=0x75ec9b5000
04-27 13:18:39.276 31611 31828 W Parcel : Expecting binder but got null!
04-27 13:18:39.276 31611 32350 I gralloc4: register: id=28100018ff9, vaddr=0x7359213000
04-27 13:18:39.277 31611 32350 I gralloc4: register: id=28100018ffa, vaddr=0x735034f000
04-27 13:18:39.889 31611 31828 I gralloc4: unregister: id=28100018ff3, vaddr=0x7350366000
04-27 13:18:39.891 31611 31620 I gralloc4: unregister: id=28100018ff2, vaddr=0x7350610000
04-27 13:18:39.892 31611 31620 I gralloc4: unregister: id=28100018ff4, vaddr=0x7342893000
04-27 13:18:40.109 31611 31828 I gralloc4: unregister: id=28100018ff6, vaddr=0x75f0160000
04-27 13:18:40.109 31611 31828 I gralloc4: unregister: id=28100018ff5, vaddr=0x75f4cc3000
04-27 13:18:40.110 31611 31611 I gralloc4: unregister: id=28100018ff7, vaddr=0x75ecafe000
04-27 13:18:40.116 31611 31828 I gralloc4: unregister: id=28100018ff9, vaddr=0x7359213000
04-27 13:18:40.117 31611 31828 I gralloc4: unregister: id=28100018ff8, vaddr=0x75ec9b5000
04-27 13:18:40.117 31611 31611 I gralloc4: unregister: id=28100018ffa, vaddr=0x735034f000
04-27 13:18:40.208 31611 31611 W androidtc: TextClassifier called on main thread
04-27 13:18:40.607 31611 31611 D androidtc: Initializing SystemTextClassifier, type = System
04-27 13:18:40.608 31611 31611 W androidtc: TextClassifier called on main thread
04-27 13:18:40.609 31611 31611 D androidtc: Initializing SystemTextClassifier, type = System
04-27 13:18:40.735 31611 31611 D VRI[PopupWindow:acc2565]: performTraversals relayoutWindow: maybeSyncSeqId=-1 ,mSyncSeqId=0 ,relayoutResult=3
04-27 13:18:40.738 31611 32358 I gralloc4: register: id=28100018ffb, vaddr=0x735055c000
04-27 13:18:40.740 31611 32358 I gralloc4: register: id=28100018ffc, vaddr=0x73502b2000
04-27 13:18:40.742 31611 32358 I gralloc4: register: id=28100018ffd, vaddr=0x7342893000
04-27 13:18:40.742 31611 31828 W Parcel : Expecting binder but got null!
04-27 13:18:40.751 31611 31611 D VRI[PopupWindow:e0ac037]: performTraversals relayoutWindow: maybeSyncSeqId=-1 ,mSyncSeqId=0 ,relayoutResult=3
04-27 13:18:40.754 31611 32359 I gralloc4: register: id=28100018ffe, vaddr=0x75f4cc3000
04-27 13:18:40.756 31611 32359 I gralloc4: register: id=28100018fff, vaddr=0x75f0160000
04-27 13:18:40.756 31611 31828 W Parcel : Expecting binder but got null!
04-27 13:18:40.757 31611 32359 I gralloc4: register: id=28100019000, vaddr=0x75ecafe000
04-27 13:18:40.761 31611 31611 D VRI[PopupWindow:be0dc10]: performTraversals relayoutWindow: maybeSyncSeqId=-1 ,mSyncSeqId=0 ,relayoutResult=3
04-27 13:18:40.763 31611 32360 I gralloc4: register: id=28100019001, vaddr=0x75ec9b5000
04-27 13:18:40.764 31611 32360 I gralloc4: register: id=28100019002, vaddr=0x7359213000
