05-23 13:45:27.168 15887 15887 D DynamitePackage: Instantiating com.google.android.gms.ads.ChimeraAdManagerCreatorImpl
05-23 13:45:27.170 15887 15887 I Ads : Use RequestConfiguration.Builder().setTestDeviceIds(Arrays.asList("55D5C2FA57A4B98864BA 46E75484CB21")) to get test ads on this device.
05-23 13:45:27.174 15887 15887 I Ads : Please set theme of AdActivity to @android:style/Theme.Translucent to enable transparent background interstitial ad.
05-23 13:45:27.181 15887 21000 W Ads : Not retrying to fetch app settings
05-23 13:45:27.239 15887 15887 D ContentValues: onAdFailedToLoad: Error while connecting to ad server: Failed to connect to googleads.g.doubleclick.net/0.0.0.0:443
05-23 13:45:27.239 15887 15887 I Ads : Ad failed to load : 0
05-23 13:45:27.267 15887 15887 D DynamitePackage: Instantiating com.google.android.gms.ads.ChimeraAdManagerCreatorImpl
05-23 13:45:27.268 15887 15887 I Ads : Use RequestConfiguration.Builder().setTestDeviceIds(Arrays.asList("55D5C2FA57A4B98864BA 46E75484CB21")) to get test ads on this device.
05-23 13:45:27.272 15887 15887 I Ads : Please set theme of AdActivity to @android:style/Theme.Translucent to enable transparent background interstitial ad.
05-23 13:45:27.292 15887 20993 W Ads : Not retrying to fetch app settings
05-23 13:45:27.293 15887 21192 W ServiceBindIntentUtils: Dynamic lookup for intent failed for action: com.google.android.gms.ads.service.START
05-23 13:45:27.383 15887 15887 D ContentValues: onAdFailedToLoad: Error while connecting to ad server: Failed to connect to googleads.g.doubleclick.net/0.0.0.0:443
05-23 13:45:27.383 15887 15887 I Ads : Ad failed to load : 0
05-23 13:45:27.472 15887 15887 D DynamitePackage: Instantiating com.google.android.gms.ads.ChimeraAdManagerCreatorImpl
05-23 13:45:27.473 15887 15887 I Ads : Use RequestConfiguration.Builder().setTestDeviceIds(Arrays.asList("55D5C2FA57A4B98864BA 46E75484CB21")) to get test ads on this device.
05-23 13:45:27.477 15887 15887 I Ads : Please set theme of AdActivity to @android:style/Theme.Translucent to enable transparent background interstitial ad.
05-23 13:45:27.490 15887 21007 W Ads : Not retrying to fetch app settings
05-23 13:45:27.498 15887 20771 I TRuntime.CctTransportBackend: Making request to: https://firebaselogging-pa.googleapis.com/v1/firelog/legacy/batchlog
05-23 13:45:27.541 15887 15887 D ContentValues: onAdFailedToLoad: Error while connecting to ad server: Failed to connect to googleads.g.doubleclick.net/0.0.0.0:443
05-23 13:45:27.541 15887 15887 I Ads : Ad failed to load : 0
05-23 13:45:27.570 15887 15887 D DynamitePackage: Instantiating com.google.android.gms.ads.ChimeraAdManagerCreatorImpl
05-23 13:45:27.572 15887 15887 I Ads : Use RequestConfiguration.Builder().setTestDeviceIds(Arrays.asList("55D5C2FA57A4B98864BA 46E75484CB21")) to get test ads on this device.
05-23 13:45:27.575 15887 15887 I Ads : Please set theme of AdActivity to @android:style/Theme.Translucent to enable transparent background interstitial ad.
05-23 13:45:27.586 15887 21013 W Ads : Not retrying to fetch app settings
05-23 13:45:27.638 15887 15887 D ContentValues: onAdFailedToLoad: Error while connecting to ad server: Failed to connect to googleads.g.doubleclick.net/0.0.0.0:443
05-23 13:45:27.638 15887 15887 I Ads : Ad failed to load : 0
05-23 13:45:27.670 15887 15887 D DynamitePackage: Instantiating com.google.android.gms.ads.ChimeraAdManagerCreatorImpl
05-23 13:45:27.671 15887 15887 I Ads : Use RequestConfiguration.Builder().setTestDeviceIds(Arrays.asList("55D5C2FA57A4B98864BA 46E75484CB21")) to get test ads on this device.
05-23 13:45:27.674 15887 15887 I Ads : Please set theme of AdActivity to @android:style/Theme.Translucent to enable transparent background interstitial ad.
05-23 13:45:27.686 15887 21177 W Ads : Not retrying to fetch app settings
05-23 13:45:27.742 15887 15887 D ContentValues: onAdFailedToLoad: Error while connecting to ad server: Failed to connect to googleads.g.doubleclick.net/0.0.0.0:443
05-23 13:45:27.742 15887 15887 I Ads : Ad failed to load : 0
05-23 13:45:27.771 15887 15887 D DynamitePackage: Instantiating com.google.android.gms.ads.ChimeraAdManagerCreatorImpl
05-23 13:45:27.772 15887 15887 I Ads : Use RequestConfiguration.Builder().setTestDeviceIds(Arrays.asList("55D5C2FA57A4B98864BA 46E75484CB21")) to get test ads on this device.
05-23 13:45:27.775 15887 15887 I Ads : Please set theme of AdActivity to @android:style/Theme.Translucent to enable transparent background interstitial ad.
05-23 13:45:27.787 15887 21146 W Ads : Not retrying to fetch app settings
05-23 13:45:27.875 15887 15887 D ContentValues: onAdFailedToLoad: Error while connecting to ad server: Failed to connect to googleads.g.doubleclick.net/0.0.0.0:443
05-23 13:45:27.875 15887 15887 I Ads : Ad failed to load : 0
05-23 13:45:27.986 15887 15887 D DynamitePackage: Instantiating com.google.android.gms.ads.ChimeraAdManagerCreatorImpl
05-23 13:45:27.987 15887 15887 I Ads : Use RequestConfiguration.Builder().setTestDeviceIds(Arrays.asList("55D5C2FA57A4B98864BA 46E75484CB21")) to get test ads on this device.
05-23 13:45:27.990 15887 15887 I Ads : Please set theme of AdActivity to @android:style/Theme.Translucent to enable transparent background interstitial ad.
05-23 13:45:28.003 15887 21006 W Ads : Not retrying to fetch app settings
05-23 13:45:28.004 15887 21192 W ServiceBindIntentUtils: Dynamic lookup for intent failed for action: com.google.android.gms.ads.service.START
05-23 13:45:28.082 15887 15887 D ContentValues: onAdFailedToLoad: Error while connecting to ad server: Failed to connect to googleads.g.doubleclick.net/0.0.0.0:443
05-23 13:45:28.082 15887 15887 I Ads : Ad failed to load : 0
05-23 13:45:28.086 15887 15887 D DynamitePackage: Instantiating com.google.android.gms.ads.ChimeraAdManagerCreatorImpl
05-23 13:45:28.088 15887 15887 I Ads : Use RequestConfiguration.Builder().setTestDeviceIds(Arrays.asList("55D5C2FA57A4B98864BA 46E75484CB21")) to get test ads on this device.
05-23 13:45:28.092 15887 15887 I Ads : Please set theme of AdActivity to @android:style/Theme.Translucent to enable transparent background interstitial ad.
05-23 13:45:28.099 15887 21005 W Ads : Not retrying to fetch app settings
05-23 13:45:28.202 15887 15887 D ContentValues: onAdFailedToLoad: Error while connecting to ad server: Failed to connect to googleads.g.doubleclick.net/0.0.0.0:443
05-23 13:45:28.202 15887 15887 I Ads : Ad failed to load : 0
05-23 13:45:28.295 15887 15887 D DynamitePackage: Instantiating com.google.android.gms.ads.ChimeraAdManagerCreatorImpl
05-23 13:45:28.299 15887 15887 I Ads : Use RequestConfiguration.Builder().setTestDeviceIds(Arrays.asList("55D5C2FA57A4B98864BA 46E75484CB21")) to get test ads on this device.
05-23 13:45:28.310 15887 15887 I Ads : Please set theme of AdActivity to @android:style/Theme.Translucent to enable transparent background interstitial ad.
05-23 13:45:28.324 15887 21149 W Ads : Not retrying to fetch app settings
05-23 13:45:28.327 15887 21200 W ServiceBindIntentUtils: Dynamic lookup for intent failed for action: com.google.android.gms.ads.service.START
05-23 13:45:28.406 15887 15887 W JobService: onNetworkChanged() not implemented in com.google.android.datatransport.runtime.scheduling.jobscheduling.JobInfoSchedulerS ervice. Must override in a subclass.
05-23 13:45:28.436 15887 15887 D ContentValues: onAdFailedToLoad: Error while connecting to ad server: Failed to connect to googleads.g.doubleclick.net/0.0.0.0:443
05-23 13:45:28.437 15887 15887 I Ads : Ad failed to load : 0
05-23 13:45:28.492 15887 15887 D DynamitePackage: Instantiating com.google.android.gms.ads.ChimeraAdManagerCreatorImpl
05-23 13:45:28.494 15887 15887 I Ads : Use RequestConfiguration.Builder().setTestDeviceIds(Arrays.asList("55D5C2FA57A4B98864BA 46E75484CB21")) to get test ads on this device.
05-23 13:45:28.499 15887 15887 I Ads : Please set theme of AdActivity to @android:style/Theme.Translucent to enable transparent background interstitial ad.
05-23 13:45:28.515 15887 20999 W Ads : Not retrying to fetch app settings
05-23 13:45:28.516 15887 21194 W ServiceBindIntentUtils: Dynamic lookup for intent failed for action: com.google.android.gms.ads.service.START
05-23 13:45:28.626 15887 15887 D ContentValues: onAdFailedToLoad: Error while connecting to ad server: Failed to connect to googleads.g.doubleclick.net/0.0.0.0:443
05-23 13:45:28.627 15887 15887 I Ads : Ad failed to load : 0
05-23 13:45:28.695 15887 15887 D DynamitePackage: Instantiating com.google.android.gms.ads.ChimeraAdManagerCreatorImpl
05-23 13:45:28.697 15887 15887 I Ads : Use RequestConfiguration.Builder().setTestDeviceIds(Arrays.asList("55D5C2FA57A4B98864BA 46E75484CB21")) to get test ads on this device.
05-23 13:45:28.701 15887 15887 I Ads : Please set theme of AdActivity to @android:style/Theme.Translucent to enable transparent background interstitial ad.
05-23 13:45:28.717 15887 21239 W ServiceBindIntentUtils: Dynamic lookup for intent failed for action: com.google.android.gms.ads.service.START
05-23 13:45:28.870 15887 15887 D ContentValues: onAdFailedToLoad: Error while connecting to ad server: Failed to connect to googleads.g.doubleclick.net/0.0.0.0:443
05-23 13:45:28.870 15887 15887 I Ads : Ad failed to load : 0
05-23 13:45:28.897 15887 15887 D DynamitePackage: Instantiating com.google.android.gms.ads.ChimeraAdManagerCreatorImpl
05-23 13:45:28.902 15887 15887 I Ads : Use RequestConfiguration.Builder().setTestDeviceIds(Arrays.asList("55D5C2FA57A4B98864BA 46E75484CB21")) to get test ads on this device.
05-23 13:45:28.915 15887 15887 I Ads : Please set theme of AdActivity to @android:style/Theme.Translucent to enable transparent background interstitial ad.
05-23 13:45:28.931 15887 21007 W Ads : Not retrying to fetch app settings
05-23 13:45:29.044 15887 15887 D ContentValues: onAdFailedToLoad: Error while connecting to ad server: Failed to connect to googleads.g.doubleclick.net/0.0.0.0:443
05-23 13:45:29.045 15887 15887 I Ads : Ad failed to load : 0
05-23 13:45:29.097 15887 15887 D DynamitePackage: Instantiating com.google.android.gms.ads.ChimeraAdManagerCreatorImpl
05-23 13:45:29.100 15887 15887 I Ads : Use RequestConfiguration.Builder().setTestDeviceIds(Arrays.asList("55D5C2FA57A4B98864BA 46E75484CB21")) to get test ads on this device.
05-23 13:45:29.108 15887 15887 I Ads : Please set theme of AdActivity to @android:style/Theme.Translucent to enable transparent background interstitial ad.
05-23 13:45:29.129 15887 21004 W Ads : Not retrying to fetch app settings
05-23 13:45:29.253 15887 15887 D ContentValues: onAdFailedToLoad: Error while connecting to ad server: Failed to connect to googleads.g.doubleclick.net/0.0.0.0:443
05-23 13:45:29.253 15887 15887 I Ads : Ad failed to load : 0
05-23 13:45:29.295 15887 15887 D DynamitePackage: Instantiating com.google.android.gms.ads.ChimeraAdManagerCreatorImpl
05-23 13:45:29.299 15887 15887 I Ads : Use RequestConfiguration.Builder().setTestDeviceIds(Arrays.asList("55D5C2FA57A4B98864BA 46E75484CB21")) to get test ads on this device.
05-23 13:45:29.307 15887 15887 I Ads : Please set theme of AdActivity to @android:style/Theme.Translucent to enable transparent background interstitial ad.
05-23 13:45:29.321 15887 21177 W Ads : Not retrying to fetch app settings
05-23 13:45:29.533 15887 15887 D ContentValues: onAdFailedToLoad: Error while connecting to ad server: Failed to connect to googleads.g.doubleclick.net/0.0.0.0:443
05-23 13:45:29.533 15887 15887 I Ads : Ad failed to load : 0
05-23 13:45:29.622 15887 15887 D DynamitePackage: Instantiating com.google.android.gms.ads.ChimeraAdManagerCreatorImpl
05-23 13:45:29.624 15887 15887 I Ads : Use RequestConfiguration.Builder().setTestDeviceIds(Arrays.asList("55D5C2FA57A4B98864BA 46E75484CB21")) to get test ads on this device.
05-23 13:45:29.633 15887 15887 I Ads : Please set theme of AdActivity to @android:style/Theme.Translucent to enable transparent background interstitial ad.
05-23 13:45:29.643 15887 21185 W Ads : Not retrying to fetch app settings
05-23 13:45:29.750 15887 15887 D ContentValues: onAdFailedToLoad: Error while connecting to ad server: Failed to connect to googleads.g.doubleclick.net/0.0.0.0:443
05-23 13:45:29.751 15887 15887 I Ads : Ad failed to load : 0
05-23 13:45:29.822 15887 15887 D DynamitePackage: Instantiating com.google.android.gms.ads.ChimeraAdManagerCreatorImpl
05-23 13:45:29.826 15887 15887 I Ads : Use RequestConfiguration.Builder().setTestDeviceIds(Arrays.asList("55D5C2FA57A4B98864BA 46E75484CB21")) to get test ads on this device.
05-23 13:45:29.838 15887 15887 I Ads : Please set theme of AdActivity to @android:style/Theme.Translucent to enable transparent background interstitial ad.
05-23 13:45:29.859 15887 20999 W Ads : Not retrying to fetch app settings
05-23 13:45:29.963 15887 15887 D ContentValues: onAdFailedToLoad: Error while connecting to ad server: Failed to connect to googleads.g.doubleclick.net/0.0.0.0:443
05-23 13:45:29.964 15887 15887 I Ads : Ad failed to load : 0
05-23 13:45:30.028 15887 15887 D DynamitePackage: Instantiating com.google.android.gms.ads.ChimeraAdManagerCreatorImpl
05-23 13:45:30.032 15887 15887 I Ads : Use RequestConfiguration.Builder().setTestDeviceIds(Arrays.asList("55D5C2FA57A4B98864BA 46E75484CB21")) to get test ads on this device.
05-23 13:45:30.043 15887 15887 I Ads : Please set theme of AdActivity to @android:style/Theme.Translucent to enable transparent background interstitial ad.
05-23 13:45:30.057 15887 21007 W Ads : Not retrying to fetch app settings
05-23 13:45:30.058 15887 21192 W ServiceBindIntentUtils: Dynamic lookup for intent failed for action: com.google.android.gms.ads.service.START
05-23 13:45:30.105 15887 15887 D BLASTBufferQueue: [VRI[InAppPurchaseNewScreen]#3] (f:0,a:1) destructor()
05-23 13:45:30.105 15887 15887 D BufferQueueConsumer: [VRI[InAppPurchaseNewScreen]#3(BLAST Consumer)3](id:3e0f00000003,api:0,p:- 1,c:15887) disconnect
05-23 13:45:30.176 15887 15887 D ContentValues: onAdFailedToLoad: Error while connecting to ad server: Failed to connect to googleads.g.doubleclick.net/0.0.0.0:443
05-23 13:45:30.176 15887 15887 I Ads : Ad failed to load : 0
05-23 13:45:30.249 15887 15887 D DynamitePackage: Instantiating com.google.android.gms.ads.ChimeraAdManagerCreatorImpl
05-23 13:45:30.252 15887 15887 I Ads : Use RequestConfiguration.Builder().setTestDeviceIds(Arrays.asList("55D5C2FA57A4B98864BA 46E75484CB21")) to get test ads on this device.
05-23 13:45:30.260 15887 15887 I Ads : Please set theme of AdActivity to @android:style/Theme.Translucent to enable transparent background interstitial ad.
05-23 13:45:30.272 15887 21146 W Ads : Not retrying to fetch app settings
05-23 13:45:30.274 15887 21193 W ServiceBindIntentUtils: Dynamic lookup for intent failed for action: com.google.android.gms.ads.service.START
05-23 13:45:30.361 15887 15887 D ContentValues: onAdFailedToLoad: Error while connecting to ad server: Failed to connect to googleads.g.doubleclick.net/0.0.0.0:443
05-23 13:45:30.361 15887 15887 I Ads : Ad failed to load : 0
05-23 13:45:30.448 15887 15887 D DynamitePackage: Instantiating com.google.android.gms.ads.ChimeraAdManagerCreatorImpl
05-23 13:45:30.450 15887 15887 I Ads : Use RequestConfiguration.Builder().setTestDeviceIds(Arrays.asList("55D5C2FA57A4B98864BA 46E75484CB21")) to get test ads on this device.
05-23 13:45:30.459 15887 15887 I Ads : Please set theme of AdActivity to @android:style/Theme.Translucent to enable transparent background interstitial ad.
05-23 13:45:30.469 15887 21007 W Ads : Not retrying to fetch app settings
05-23 13:45:30.470 15887 21200 W ServiceBindIntentUtils: Dynamic lookup for intent failed for action: com.google.android.gms.ads.service.START
05-23 13:45:30.554 15887 15887 D ContentValues: onAdFailedToLoad: Error while connecting to ad server: Failed to connect to googleads.g.doubleclick.net/0.0.0.0:443
05-23 13:45:30.555 15887 15887 I Ads : Ad failed to load : 0
05-23 13:45:30.649 15887 15887 D DynamitePackage: Instantiating com.google.android.gms.ads.ChimeraAdManagerCreatorImpl
05-23 13:45:30.651 15887 15887 I Ads : Use RequestConfiguration.Builder().setTestDeviceIds(Arrays.asList("55D5C2FA57A4B98864BA 46E75484CB21")) to get test ads on this device.
05-23 13:45:30.661 15887 15887 I Ads : Please set theme of AdActivity to @android:style/Theme.Translucent to enable transparent background interstitial ad.
05-23 13:45:30.671 15887 20999 W Ads : Not retrying to fetch app settings
05-23 13:45:30.755 15887 15887 D ContentValues: onAdFailedToLoad: Error while connecting to ad server: Failed to connect to googleads.g.doubleclick.net/0.0.0.0:443
05-23 13:45:30.756 15887 15887 I Ads : Ad failed to load : 0
05-23 13:45:30.849 15887 15887 D DynamitePackage: Instantiating com.google.android.gms.ads.ChimeraAdManagerCreatorImpl
05-23 13:45:30.852 15887 15887 I Ads : Use RequestConfiguration.Builder().setTestDeviceIds(Arrays.asList("55D5C2FA57A4B98864BA 46E75484CB21")) to get test ads on this device.
05-23 13:45:30.862 15887 15887 I Ads : Please set theme of AdActivity to @android:style/Theme.Translucent to enable transparent background interstitial ad.
05-23 13:45:30.874 15887 21185 W Ads : Not retrying to fetch app settings
05-23 13:45:30.971 15887 20771 I TRuntime.CctTransportBackend: Status Code: 200
05-23 13:45:30.998 15887 15887 D ContentValues: onAdFailedToLoad: Error while connecting to ad server: Failed to connect to googleads.g.doubleclick.net/0.0.0.0:443
05-23 13:45:30.998 15887 15887 I Ads : Ad failed to load : 0
05-23 13:45:30.999 15887 20771 I TRuntime.CctTransportBackend: Making request to: https://firebaselogging.googleapis.com/v0cc/log/batch?format=json_proto3
05-23 13:45:31.054 15887 15887 D DynamitePackage: Instantiating com.google.android.gms.ads.ChimeraAdManagerCreatorImpl
05-23 13:45:31.058 15887 15887 I Ads : Use RequestConfiguration.Builder().setTestDeviceIds(Arrays.asList("55D5C2FA57A4B98864BA 46E75484CB21")) to get test ads on this device.
05-23 13:45:31.066 15887 15887 I Ads : Please set theme of AdActivity to @android:style/Theme.Translucent to enable transparent background interstitial ad.
05-23 13:45:31.083 15887 21000 W Ads : Not retrying to fetch app settings
05-23 13:45:31.085 15887 21192 W ServiceBindIntentUtils: Dynamic lookup for intent failed for action: com.google.android.gms.ads.service.START
05-23 13:45:31.251 15887 15887 D ContentValues: onAdFailedToLoad: Error while connecting to ad server: Failed to connect to googleads.g.doubleclick.net/0.0.0.0:443
05-23 13:45:31.252 15887 15887 I Ads : Ad failed to load : 0
05-23 13:45:31.353 15887 15887 D DynamitePackage: Instantiating com.google.android.gms.ads.ChimeraAdManagerCreatorImpl
05-23 13:45:31.358 15887 15887 I Ads : Use RequestConfiguration.Builder().setTestDeviceIds(Arrays.asList("55D5C2FA57A4B98864BA 46E75484CB21")) to get test ads on this device.
05-23 13:45:31.376 15887 15887 I Ads : Please set theme of AdActivity to @android:style/Theme.Translucent to enable transparent background interstitial ad.
05-23 13:45:31.386 15887 21009 W Ads : Not retrying to fetch app settings
05-23 13:45:31.388 15887 21193 W ServiceBindIntentUtils: Dynamic lookup for intent failed for action: com.google.android.gms.ads.service.START
05-23 13:45:31.462 15887 20744 I unts.appscloner: Background concurrent mark compact GC freed 11MB AllocSpace bytes, 15(492KB) LOS objects, 58% free, 8737KB/20MB, paused 1.657ms,2.609ms total 102.008ms
05-23 13:45:31.475 15887 15887 D ContentValues: onAdFailedToLoad: Error while connecting to ad server: Failed to connect to googleads.g.doubleclick.net/0.0.0.0:443
05-23 13:45:31.475 15887 15887 I Ads : Ad failed to load : 0
05-23 13:45:31.548 15887 15887 D DynamitePackage: Instantiating com.google.android.gms.ads.ChimeraAdManagerCreatorImpl
05-23 13:45:31.551 15887 15887 I Ads : Use RequestConfiguration.Builder().setTestDeviceIds(Arrays.asList("55D5C2FA57A4B98864BA 46E75484CB21")) to get test ads on this device.
05-23 13:45:31.557 15887 15887 I Ads : Please set theme of AdActivity to @android:style/Theme.Translucent to enable transparent background interstitial ad.
05-23 13:45:31.584 15887 21015 W Ads : Not retrying to fetch app settings
05-23 13:45:31.684 15887 15887 D ContentValues: onAdFailedToLoad: Error while connecting to ad server: Failed to connect to googleads.g.doubleclick.net/0.0.0.0:443
05-23 13:45:31.685 15887 15887 I Ads : Ad failed to load : 0
05-23 13:45:31.752 15887 15887 D DynamitePackage: Instantiating com.google.android.gms.ads.ChimeraAdManagerCreatorImpl
05-23 13:45:31.755 15887 15887 I Ads : Use RequestConfiguration.Builder().setTestDeviceIds(Arrays.asList("55D5C2FA57A4B98864BA 46E75484CB21")) to get test ads on this device.
05-23 13:45:31.761 15887 15887 I Ads : Please set theme of AdActivity to @android:style/Theme.Translucent to enable transparent background interstitial ad.
05-23 13:45:31.776 15887 21000 W Ads : Not retrying to fetch app settings
05-23 13:45:31.778 15887 21194 W ServiceBindIntentUtils: Dynamic lookup for intent failed for action: com.google.android.gms.ads.service.START
05-23 13:45:31.882 15887 15887 D ContentValues: onAdFailedToLoad: Error while connecting to ad server: Failed to connect to googleads.g.doubleclick.net/0.0.0.0:443
05-23 13:45:31.882 15887 15887 I Ads : Ad failed to load : 0
05-23 13:45:31.952 15887 15887 D DynamitePackage: Instantiating com.google.android.gms.ads.ChimeraAdManagerCreatorImpl
05-23 13:45:31.954 15887 15887 I Ads : Use RequestConfiguration.Builder().setTestDeviceIds(Arrays.asList("55D5C2FA57A4B98864BA 46E75484CB21")) to get test ads on this device.
05-23 13:45:31.960 15887 15887 I Ads : Please set theme of AdActivity to @android:style/Theme.Translucent to enable transparent background interstitial ad.
05-23 13:45:31.974 15887 21004 W Ads : Not retrying to fetch app settings
05-23 13:45:32.048 15887 15887 D ContentValues: onAdFailedToLoad: Error while connecting to ad server: Failed to connect to googleads.g.doubleclick.net/0.0.0.0:443
05-23 13:45:32.048 15887 15887 I Ads : Ad failed to load : 0
05-23 13:45:32.052 15887 15887 D DynamitePackage: Instantiating com.google.android.gms.ads.ChimeraAdManagerCreatorImpl
05-23 13:45:32.054 15887 15887 I Ads : Use RequestConfiguration.Builder().setTestDeviceIds(Arrays.asList("55D5C2FA57A4B98864BA 46E75484CB21")) to get test ads on this device.
05-23 13:45:32.062 15887 15887 I Ads : Please set theme of AdActivity to @android:style/Theme.Translucent to enable transparent background interstitial ad.
05-23 13:45:32.072 15887 21146 W Ads : Not retrying to fetch app settings
05-23 13:45:32.073 15887 21192 W ServiceBindIntentUtils: Dynamic lookup for intent failed for action: com.google.android.gms.ads.service.START
05-23 13:45:32.105 15887 20826 I FA : Application backgrounded at: timestamp_millis: 1747986330104
05-23 13:45:32.157 15887 15887 D ContentValues: onAdFailedToLoad: Error while connecting to ad server: Failed to connect to googleads.g.doubleclick.net/0.0.0.0:443
05-23 13:45:32.157 15887 15887 I Ads : Ad failed to load : 0
05-23 13:45:32.202 15887 20771 I TRuntime.CctTransportBackend: Status Code: 200
05-23 13:45:32.254 15887 15887 D DynamitePackage: Instantiating com.google.android.gms.ads.ChimeraAdManagerCreatorImpl
05-23 13:45:32.256 15887 15887 I Ads : Use RequestConfiguration.Builder().setTestDeviceIds(Arrays.asList("55D5C2FA57A4B98864BA 46E75484CB21")) to get test ads on this device.
05-23 13:45:32.261 15887 15887 I Ads : Please set theme of AdActivity to @android:style/Theme.Translucent to enable transparent background interstitial ad.
05-23 13:45:32.271 15887 21009 W Ads : Not retrying to fetch app settings
05-23 13:45:32.272 15887 21193 W ServiceBi