05-23 13:45:00.561 15887 15887 D ContentValues: onAdFailedToLoad: Error while connecting to ad server: Failed to connect to googleads.g.doubleclick.net/0.0.0.0:443
05-23 13:45:00.561 15887 15887 I Ads : Ad failed to load : 0
05-23 13:45:00.570 15887 15887 D DynamitePackage: Instantiating com.google.android.gms.ads.ChimeraAdManagerCreatorImpl
05-23 13:45:00.571 15887 15887 I Ads : Use RequestConfiguration.Builder().setTestDeviceIds(Arrays.asList("55D5C2FA57A4B98864BA 46E75484CB21")) to get test ads on this device.
05-23 13:45:00.576 15887 15887 I Ads : Please set theme of AdActivity to @android:style/Theme.Translucent to enable transparent background interstitial ad.
05-23 13:45:00.589 15887 21149 W Ads : Not retrying to fetch app settings
05-23 13:45:00.659 15887 15887 D ContentValues: onAdFailedToLoad: Error while connecting to ad server: Failed to connect to googleads.g.doubleclick.net/0.0.0.0:443
05-23 13:45:00.659 15887 15887 I Ads : Ad failed to load : 0
05-23 13:45:00.670 15887 15887 D DynamitePackage: Instantiating com.google.android.gms.ads.ChimeraAdManagerCreatorImpl
05-23 13:45:00.672 15887 15887 I Ads : Use RequestConfiguration.Builder().setTestDeviceIds(Arrays.asList("55D5C2FA57A4B98864BA 46E75484CB21")) to get test ads on this device.
05-23 13:45:00.678 15887 15887 I Ads : Please set theme of AdActivity to @android:style/Theme.Translucent to enable transparent background interstitial ad.
05-23 13:45:00.689 15887 21005 W Ads : Not retrying to fetch app settings
05-23 13:45:00.767 15887 15887 D ContentValues: onAdFailedToLoad: Error while connecting to ad server: Failed to connect to googleads.g.doubleclick.net/0.0.0.0:443
05-23 13:45:00.767 15887 15887 I Ads : Ad failed to load : 0
05-23 13:45:00.869 15887 15887 D DynamitePackage: Instantiating com.google.android.gms.ads.ChimeraAdManagerCreatorImpl
05-23 13:45:00.871 15887 15887 I Ads : Use RequestConfiguration.Builder().setTestDeviceIds(Arrays.asList("55D5C2FA57A4B98864BA 46E75484CB21")) to get test ads on this device.
05-23 13:45:00.878 15887 15887 I Ads : Please set theme of AdActivity to @android:style/Theme.Translucent to enable transparent background interstitial ad.
05-23 13:45:00.890 15887 21013 W Ads : Not retrying to fetch app settings
05-23 13:45:00.967 15887 15887 D ContentValues: onAdFailedToLoad: Error while connecting to ad server: Failed to connect to googleads.g.doubleclick.net/0.0.0.0:443
05-23 13:45:00.967 15887 15887 I Ads : Ad failed to load : 0
05-23 13:45:01.069 15887 15887 D DynamitePackage: Instantiating com.google.android.gms.ads.ChimeraAdManagerCreatorImpl
05-23 13:45:01.071 15887 15887 I Ads : Use RequestConfiguration.Builder().setTestDeviceIds(Arrays.asList("55D5C2FA57A4B98864BA 46E75484CB21")) to get test ads on this device.
05-23 13:45:01.075 15887 15887 I Ads : Please set theme of AdActivity to @android:style/Theme.Translucent to enable transparent background interstitial ad.
05-23 13:45:01.088 15887 21013 W Ads : Not retrying to fetch app settings
05-23 13:45:01.152 15887 15887 D ContentValues: onAdFailedToLoad: Error while connecting to ad server: Failed to connect to googleads.g.doubleclick.net/0.0.0.0:443
05-23 13:45:01.152 15887 15887 I Ads : Ad failed to load : 0
05-23 13:45:01.169 15887 15887 D DynamitePackage: Instantiating com.google.android.gms.ads.ChimeraAdManagerCreatorImpl
05-23 13:45:01.171 15887 15887 I Ads : Use RequestConfiguration.Builder().setTestDeviceIds(Arrays.asList("55D5C2FA57A4B98864BA 46E75484CB21")) to get test ads on this device.
05-23 13:45:01.177 15887 15887 I Ads : Please set theme of AdActivity to @android:style/Theme.Translucent to enable transparent background interstitial ad.
05-23 13:45:01.185 15887 21177 W Ads : Not retrying to fetch app settings
05-23 13:45:01.259 15887 15887 D ContentValues: onAdFailedToLoad: Error while connecting to ad server: Failed to connect to googleads.g.doubleclick.net/0.0.0.0:443
05-23 13:45:01.259 15887 15887 I Ads : Ad failed to load : 0
05-23 13:45:01.269 15887 15887 D DynamitePackage: Instantiating com.google.android.gms.ads.ChimeraAdManagerCreatorImpl
05-23 13:45:01.271 15887 15887 I Ads : Use RequestConfiguration.Builder().setTestDeviceIds(Arrays.asList("55D5C2FA57A4B98864BA 46E75484CB21")) to get test ads on this device.
05-23 13:45:01.276 15887 15887 I Ads : Please set theme of AdActivity to @android:style/Theme.Translucent to enable transparent background interstitial ad.
05-23 13:45:01.284 15887 21008 W Ads : Not retrying to fetch app settings
05-23 13:45:01.363 15887 15887 D ContentValues: onAdFailedToLoad: Error while connecting to ad server: Failed to connect to googleads.g.doubleclick.net/0.0.0.0:443
05-23 13:45:01.363 15887 15887 I Ads : Ad failed to load : 0
05-23 13:45:01.369 15887 15887 D DynamitePackage: Instantiating com.google.android.gms.ads.ChimeraAdManagerCreatorImpl
05-23 13:45:01.371 15887 15887 I Ads : Use RequestConfiguration.Builder().setTestDeviceIds(Arrays.asList("55D5C2FA57A4B98864BA 46E75484CB21")) to get test ads on this device.
05-23 13:45:01.378 15887 15887 I Ads : Please set theme of AdActivity to @android:style/Theme.Translucent to enable transparent background interstitial ad.
05-23 13:45:01.390 15887 21009 W Ads : Not retrying to fetch app settings
05-23 13:45:01.498 15887 15887 D ContentValues: onAdFailedToLoad: Error while connecting to ad server: Failed to connect to googleads.g.doubleclick.net/0.0.0.0:443
05-23 13:45:01.498 15887 15887 I Ads : Ad failed to load : 0
05-23 13:45:01.569 15887 15887 D DynamitePackage: Instantiating com.google.android.gms.ads.ChimeraAdManagerCreatorImpl
05-23 13:45:01.571 15887 15887 I Ads : Use RequestConfiguration.Builder().setTestDeviceIds(Arrays.asList("55D5C2FA57A4B98864BA 46E75484CB21")) to get test ads on this device.
05-23 13:45:01.575 15887 15887 I Ads : Please set theme of AdActivity to @android:style/Theme.Translucent to enable transparent background interstitial ad.
05-23 13:45:01.585 15887 21013 W Ads : Not retrying to fetch app settings
05-23 13:45:01.659 15887 15887 D ContentValues: onAdFailedToLoad: Error while connecting to ad server: Failed to connect to googleads.g.doubleclick.net/0.0.0.0:443
05-23 13:45:01.659 15887 15887 I Ads : Ad failed to load : 0
05-23 13:45:01.670 15887 15887 D DynamitePackage: Instantiating com.google.android.gms.ads.ChimeraAdManagerCreatorImpl
05-23 13:45:01.672 15887 15887 I Ads : Use RequestConfiguration.Builder().setTestDeviceIds(Arrays.asList("55D5C2FA57A4B98864BA 46E75484CB21")) to get test ads on this device.
05-23 13:45:01.677 15887 15887 I Ads : Please set theme of AdActivity to @android:style/Theme.Translucent to enable transparent background interstitial ad.
05-23 13:45:01.685 15887 21013 W Ads : Not retrying to fetch app settings
05-23 13:45:01.768 15887 15887 D ContentValues: onAdFailedToLoad: Error while connecting to ad server: Failed to connect to googleads.g.doubleclick.net/0.0.0.0:443
05-23 13:45:01.768 15887 15887 I Ads : Ad failed to load : 0
05-23 13:45:01.871 15887 15887 D DynamitePackage: Instantiating com.google.android.gms.ads.ChimeraAdManagerCreatorImpl
05-23 13:45:01.872 15887 15887 I Ads : Use RequestConfiguration.Builder().setTestDeviceIds(Arrays.asList("55D5C2FA57A4B98864BA 46E75484CB21")) to get test ads on this device.
05-23 13:45:01.877 15887 15887 I Ads : Please set theme of AdActivity to @android:style/Theme.Translucent to enable transparent background interstitial ad.
05-23 13:45:01.889 15887 21004 W Ads : Not retrying to fetch app settings
05-23 13:45:01.967 15887 15887 D ContentValues: onAdFailedToLoad: Error while connecting to ad server: Failed to connect to googleads.g.doubleclick.net/0.0.0.0:443
05-23 13:45:01.967 15887 15887 I Ads : Ad failed to load : 0
05-23 13:45:01.971 15887 15887 D DynamitePackage: Instantiating com.google.android.gms.ads.ChimeraAdManagerCreatorImpl
05-23 13:45:01.973 15887 15887 I Ads : Use RequestConfiguration.Builder().setTestDeviceIds(Arrays.asList("55D5C2FA57A4B98864BA 46E75484CB21")) to get test ads on this device.
05-23 13:45:01.978 15887 15887 I Ads : Please set theme of AdActivity to @android:style/Theme.Translucent to enable transparent background interstitial ad.
05-23 13:45:01.986 15887 21015 W Ads : Not retrying to fetch app settings
05-23 13:45:02.066 15887 15887 D ContentValues: onAdFailedToLoad: Error while connecting to ad server: Failed to connect to googleads.g.doubleclick.net/0.0.0.0:443
05-23 13:45:02.066 15887 15887 I Ads : Ad failed to load : 0
05-23 13:45:02.071 15887 15887 D DynamitePackage: Instantiating com.google.android.gms.ads.ChimeraAdManagerCreatorImpl
05-23 13:45:02.072 15887 15887 I Ads : Use RequestConfiguration.Builder().setTestDeviceIds(Arrays.asList("55D5C2FA57A4B98864BA 46E75484CB21")) to get test ads on this device.
05-23 13:45:02.076 15887 15887 I Ads : Please set theme of AdActivity to @android:style/Theme.Translucent to enable transparent background interstitial ad.
05-23 13:45:02.087 15887 21004 W Ads : Not retrying to fetch app settings
05-23 13:45:02.163 15887 15887 D ContentValues: onAdFailedToLoad: Error while connecting to ad server: Failed to connect to googleads.g.doubleclick.net/0.0.0.0:443
05-23 13:45:02.163 15887 15887 I Ads : Ad failed to load : 0
05-23 13:45:02.171 15887 15887 D DynamitePackage: Instantiating com.google.android.gms.ads.ChimeraAdManagerCreatorImpl
05-23 13:45:02.173 15887 15887 I Ads : Use RequestConfiguration.Builder().setTestDeviceIds(Arrays.asList("55D5C2FA57A4B98864BA 46E75484CB21")) to get test ads on this device.
05-23 13:45:02.178 15887 15887 I Ads : Please set theme of AdActivity to @android:style/Theme.Translucent to enable transparent background interstitial ad.
05-23 13:45:02.186 15887 21149 W Ads : Not retrying to fetch app settings
05-23 13:45:02.251 15887 15887 D ContentValues: onAdFailedToLoad: Error while connecting to ad server: Failed to connect to googleads.g.doubleclick.net/0.0.0.0:443
05-23 13:45:02.251 15887 15887 I Ads : Ad failed to load : 0
05-23 13:45:02.271 15887 15887 D DynamitePackage: Instantiating com.google.android.gms.ads.ChimeraAdManagerCreatorImpl
05-23 13:45:02.273 15887 15887 I Ads : Use RequestConfiguration.Builder().setTestDeviceIds(Arrays.asList("55D5C2FA57A4B98864BA 46E75484CB21")) to get test ads on this device.
05-23 13:45:02.277 15887 15887 I Ads : Please set theme of AdActivity to @android:style/Theme.Translucent to enable transparent background interstitial ad.
05-23 13:45:02.286 15887 21005 W Ads : Not retrying to fetch app settings
05-23 13:45:02.353 15887 15887 D ContentValues: onAdFailedToLoad: Error while connecting to ad server: Failed to connect to googleads.g.doubleclick.net/0.0.0.0:443
05-23 13:45:02.353 15887 15887 I Ads : Ad failed to load : 0
05-23 13:45:02.369 15887 15887 D DynamitePackage: Instantiating com.google.android.gms.ads.ChimeraAdManagerCreatorImpl
05-23 13:45:02.371 15887 15887 I Ads : Use RequestConfiguration.Builder().setTestDeviceIds(Arrays.asList("55D5C2FA57A4B98864BA 46E75484CB21")) to get test ads on this device.
05-23 13:45:02.377 15887 15887 I Ads : Please set theme of AdActivity to @android:style/Theme.Translucent to enable transparent background interstitial ad.
05-23 13:45:02.386 15887 21000 W Ads : Not retrying to fetch app settings
05-23 13:45:02.461 15887 15887 D ContentValues: onAdFailedToLoad: Error while connecting to ad server: Failed to connect to googleads.g.doubleclick.net/0.0.0.0:443
05-23 13:45:02.461 15887 15887 I Ads : Ad failed to load : 0
05-23 13:45:02.469 15887 15887 D DynamitePackage: Instantiating com.google.android.gms.ads.ChimeraAdManagerCreatorImpl
05-23 13:45:02.470 15887 15887 I Ads : Use RequestConfiguration.Builder().setTestDeviceIds(Arrays.asList("55D5C2FA57A4B98864BA 46E75484CB21")) to get test ads on this device.
05-23 13:45:02.475 15887 15887 I Ads : Please set theme of AdActivity to @android:style/Theme.Translucent to enable transparent background interstitial ad.
05-23 13:45:02.485 15887 21013 W Ads : Not retrying to fetch app settings
05-23 13:45:02.558 15887 15887 D ContentValues: onAdFailedToLoad: Error while connecting to ad server: Failed to connect to googleads.g.doubleclick.net/0.0.0.0:443
05-23 13:45:02.558 15887 15887 I Ads : Ad failed to load : 0
05-23 13:45:02.569 15887 15887 D DynamitePackage: Instantiating com.google.android.gms.ads.ChimeraAdManagerCreatorImpl
05-23 13:45:02.570 15887 15887 I Ads : Use RequestConfiguration.Builder().setTestDeviceIds(Arrays.asList("55D5C2FA57A4B98864BA 46E75484CB21")) to get test ads on this device.
05-23 13:45:02.575 15887 15887 I Ads : Please set theme of AdActivity to @android:style/Theme.Translucent to enable transparent background interstitial ad.
05-23 13:45:02.583 15887 21007 W Ads : Not retrying to fetch app settings
05-23 13:45:02.654 15887 15887 D ContentValues: onAdFailedToLoad: Error while connecting to ad server: Failed to connect to googleads.g.doubleclick.net/0.0.0.0:443
05-23 13:45:02.654 15887 15887 I Ads : Ad failed to load : 0
05-23 13:45:02.670 15887 15887 D DynamitePackage: Instantiating com.google.android.gms.ads.ChimeraAdManagerCreatorImpl
05-23 13:45:02.672 15887 15887 I Ads : Use RequestConfiguration.Builder().setTestDeviceIds(Arrays.asList("55D5C2FA57A4B98864BA 46E75484CB21")) to get test ads on this device.
05-23 13:45:02.677 15887 15887 I Ads : Please set theme of AdActivity to @android:style/Theme.Translucent to enable transparent background interstitial ad.
05-23 13:45:02.687 15887 21015 W Ads : Not retrying to fetch app settings
05-23 13:45:02.760 15887 15887 D ContentValues: onAdFailedToLoad: Error while connecting to ad server: Failed to connect to googleads.g.doubleclick.net/0.0.0.0:443
05-23 13:45:02.760 15887 15887 I Ads : Ad failed to load : 0
05-23 13:45:02.770 15887 15887 D DynamitePackage: Instantiating com.google.android.gms.ads.ChimeraAdManagerCreatorImpl
05-23 13:45:02.772 15887 15887 I Ads : Use RequestConfiguration.Builder().setTestDeviceIds(Arrays.asList("55D5C2FA57A4B98864BA 46E75484CB21")) to get test ads on this device.
05-23 13:45:02.777 15887 15887 I Ads : Please set theme of AdActivity to @android:style/Theme.Translucent to enable transparent background interstitial ad.
05-23 13:45:02.786 15887 21149 W Ads : Not retrying to fetch app settings
05-23 13:45:02.859 15887 15887 D ContentValues: onAdFailedToLoad: Error while connecting to ad server: Failed to connect to googleads.g.doubleclick.net/0.0.0.0:443
05-23 13:45:02.859 15887 15887 I Ads : Ad failed to load : 0
05-23 13:45:02.872 15887 15887 D DynamitePackage: Instantiating com.google.android.gms.ads.ChimeraAdManagerCreatorImpl
05-23 13:45:02.874 15887 15887 I Ads : Use RequestConfiguration.Builder().setTestDeviceIds(Arrays.asList("55D5C2FA57A4B98864BA 46E75484CB21")) to get test ads on this device.
05-23 13:45:02.878 15887 15887 I Ads : Please set theme of AdActivity to @android:style/Theme.Translucent to enable transparent background interstitial ad.
05-23 13:45:02.890 15887 21185 W Ads : Not retrying to fetch app settings
05-23 13:45:02.972 15887 15887 D ContentValues: onAdFailedToLoad: Error while connecting to ad server: Failed to connect to googleads.g.doubleclick.net/0.0.0.0:443
05-23 13:45:02.972 15887 15887 I Ads : Ad failed to load : 0
05-23 13:45:03.073 15887 15887 D DynamitePackage: Instantiating com.google.android.gms.ads.ChimeraAdManagerCreatorImpl
05-23 13:45:03.074 15887 15887 I Ads : Use RequestConfiguration.Builder().setTestDeviceIds(Arrays.asList("55D5C2FA57A4B98864BA 46E75484CB21")) to get test ads on this device.
05-23 13:45:03.081 15887 15887 I Ads : Please set theme of AdActivity to @android:style/Theme.Translucent to enable transparent background interstitial ad.
05-23 13:45:03.088 15887 21146 W Ads : Not retrying to fetch app settings
05-23 13:45:03.174 15887 15887 D ContentValues: onAdFailedToLoad: Error while connecting to ad server: Failed to connect to googleads.g.doubleclick.net/0.0.0.0:443
05-23 13:45:03.175 15887 15887 I Ads : Ad failed to load : 0
05-23 13:45:03.276 15887 15887 D DynamitePackage: Instantiating com.google.android.gms.ads.ChimeraAdManagerCreatorImpl
05-23 13:45:03.279 15887 15887 I Ads : Use RequestConfiguration.Builder().setTestDeviceIds(Arrays.asList("55D5C2FA57A4B98864BA 46E75484CB21")) to get test ads on this device.
05-23 13:45:03.290 15887 15887 I Ads : Please set theme of AdActivity to @android:style/Theme.Translucent to enable transparent background interstitial ad.
05-23 13:45:03.402 15887 15887 D ContentValues: onAdFailedToLoad: Error while connecting to ad server: Failed to connect to googleads.g.doubleclick.net/0.0.0.0:443
05-23 13:45:03.403 15887 15887 I Ads : Ad failed to load : 0
05-23 13:45:03.476 15887 15887 D DynamitePackage: Instantiating com.google.android.gms.ads.ChimeraAdManagerCreatorImpl
05-23 13:45:03.478 15887 15887 I Ads : Use RequestConfiguration.Builder().setTestDeviceIds(Arrays.asList("55D5C2FA57A4B98864BA 46E75484CB21")) to get test ads on this device.
05-23 13:45:03.488 15887 15887 I Ads : Please set theme of AdActivity to @android:style/Theme.Translucent to enable transparent background interstitial ad.
05-23 13:45:03.499 15887 21146 W Ads : Not retrying to fetch app settings
05-23 13:45:03.587 15887 15887 D ContentValues: onAdFailedToLoad: Error while connecting to ad server: Failed to connect to googleads.g.doubleclick.net/0.0.0.0:443
05-23 13:45:03.587 15887 15887 I Ads : Ad failed to load : 0
05-23 13:45:03.675 15887 15887 D DynamitePackage: Instantiating com.google.android.gms.ads.ChimeraAdManagerCreatorImpl
05-23 13:45:03.676 15887 15887 I Ads : Use RequestConfiguration.Builder().setTestDeviceIds(Arrays.asList("55D5C2FA57A4B98864BA 46E75484CB21")) to get test ads on this device.
05-23 13:45:03.679 15887 15887 I Ads : Please set theme of AdActivity to @android:style/Theme.Translucent to enable transparent background interstitial ad.
05-23 13:45:03.692 15887 21149 W Ads : Not retrying to fetch app settings
05-23 13:45:03.764 15887 15887 D ContentValues: onAdFailedToLoad: Error while connecting to ad server: Failed to connect to googleads.g.doubleclick.net/0.0.0.0:443
05-23 13:45:03.764 15887 15887 I Ads : Ad failed to load : 0
05-23 13:45:03.776 15887 15887 D DynamitePackage: Instantiating com.google.android.gms.ads.ChimeraAdManagerCreatorImpl
05-23 13:45:03.777 15887 15887 I Ads : Use RequestConfiguration.Builder().setTestDeviceIds(Arrays.asList("55D5C2FA57A4B98864BA 46E75484CB21")) to get test ads on this device.
05-23 13:45:03.780 15887 15887 I Ads : Please set theme of AdActivity to @android:style/Theme.Translucent to enable transparent background interstitial ad.
05-23 13:45:03.790 15887 21006 W Ads : Not retrying to fetch app settings
05-23 13:45:03.860 15887 15887 D ContentValues: onAdFailedToLoad: Error while connecting to ad server: Failed to connect to googleads.g.doubleclick.net/0.0.0.0:443
05-23 13:45:03.860 15887 15887 I Ads : Ad failed to load : 0
05-23 13:45:03.876 15887 15887 D DynamitePackage: Instantiating com.google.android.gms.ads.ChimeraAdManagerCreatorImpl
05-23 13:45:03.878 15887 15887 I Ads : Use RequestConfiguration.Builder().setTestDeviceIds(Arrays.asList("55D5C2FA57A4B98864BA 46E75484CB21")) to get test ads on this device.
05-23 13:45:03.884 15887 15887 I Ads : Please set theme of AdActivity to @android:style/Theme.Translucent to enable transparent background interstitial ad.
05-23 13:45:03.892 15887 21177 W Ads : Not retrying to fetch app settings
05-23 13:45:03.952 15887 15887 D ContentValues: onAdFailedToLoad: Error while connecting to ad server: Failed to connect to googleads.g.doubleclick.net/0.0.0.0:443
05-23 13:45:03.952 15887 15887 I Ads : Ad failed to load : 0
05-23 13:45:03.976 15887 15887 D DynamitePackage: Instantiating com.google.android.gms.ads.ChimeraAdManagerCreatorImpl
05-23 13:45:03.977 15887 15887 I Ads : Use RequestConfiguration.Builder().setTestDeviceIds(Arrays.asList("55D5C2FA57A4B98864BA 46E75484CB21")) to get test ads on this device.
05-23 13:45:03.985 15887 15887 I Ads : Please set theme of AdActivity to @android:style/Theme.Translucent to enable transparent background interstitial ad.
05-23 13:45:03.990 15887 21015 W Ads : Not retrying to fetch app settings
05-23 13:45:04.072 15887 15887 D ContentValues: onAdFailedToLoad: Error while connecting to ad server: Failed to connect to googleads.g.doubleclick.net/0.0.0.0:443
05-23 13:45:04.073 15887 15887 I Ads : Ad failed to load : 0
05-23 13:45:04.077 15887 15887 D DynamitePackage: Instantiating com.google.android.gms.ads.ChimeraAdManagerCreatorImpl
05-23 13:45:04.079 15887 15887 I Ads : Use RequestConfiguration.Builder().setTestDeviceIds(Arrays.asList("55D5C2FA57A4B98864BA 46E75484CB21")) to get test ads on this device.
05-23 13:45:04.083 15887 15887 I Ads : Please set theme of AdActivity to @android:style/Theme.Translucent to enable transparent background interstitial ad.
05-23 13:45:04.100 15887 21185 W Ads : Not retrying to fetch app settings
05-23 13:45:04.175 15887 15887 D ContentValues: onAdFailedToLoad: Error while connecting to ad server: Failed to connect to googleads.g.doubleclick.net/0.0.0.0:443
05-23 13:45:04.175 15887 15887 I Ads : Ad failed to load : 0
05-23 13:45:04.277 15887 15887 D DynamitePackage: Instantiating com.google.android.gms.ads.ChimeraAdManagerCreatorImpl
05-23 13:45:04.278 15887 15887 I Ads : Use RequestConfiguration.Builder().setTestDeviceIds(Arrays.asList("55D5C2FA57A4B98864BA 46E75484CB21")) to get test ads on this device.
05-23 13:45:04.284 15887 15887 I Ads : Please set theme of AdActivity to @android:style/Theme.Translucent to enable transparent background interstitial ad.
05-23 13:45:04.294 15887 21149 W Ads : Not retrying to fetch app settings
05-23 13:45:04.379 15887 15887 D ContentValues: onAdFailedToLoad: Error while connecting to ad server: Failed to connect to googleads.g.doubleclick.net/0.0.0.0:443
05-23 13:45:04.379 15887 15887 I Ads : Ad failed to load : 0
05-23 13:45:04.405 15887 15887 D TranClassInfo: instance successfully. com.transsion.hubcore.spdopts.flingmanager.implement.TranFlingManagerImpl@eec400a from com.transsion.hubcore.flingmanager.ITranFlingManager
05-23 13:45:04.405 15887 15887 D TranClassInfo: instance successfully. com.transsion.hubcore.spdopts.appturbo.implement.TranAppturboComponentImpl@7d6807b from com.transsion.hubcore.appturbo.ITranAppturboComponent
05-23 13:45:04.405 15887 15887 D TranClassInfo: instance successfully. com.transsion.hubcore.spdopts.magellan.implement.TranMagellanComponentImpl@b9c5e98 from com.transsion.hubcore.magellan.ITranMagellanComponent
05-23 13:45:04.405 15887 15887 I ScrollIdentify: on fling
05-23 13:45:04.476 15887 15887 D DynamitePackage: Instantiating com.google.android.gms.ads.ChimeraAdManagerCreatorImpl
05-23 13:45:04.477 15887 15887 I Ads : Use RequestConfiguration.Builder().setTestDeviceIds(Arrays.asList("55D5C2FA57A4B98864BA 46E75484CB21")) to get test ads on this device.
05-23 13:45:04.482 15887 15887 I Ads : Please set theme of AdActivity to @android:style/Theme.Translucent to enable transparent background interstitial ad.
05-23 13:45:04.492 15887 21149 W Ads : Not retrying to fetch app settings
05-23 13:45:04.568 15887 15887 D ContentValues: onAdFailedToLoad: Error while connecting to ad server: Failed to connect to googleads.g.doubleclick.net/0.0.0.0:443
05-23 13:45:04.568 15887 15887 I Ads : Ad failed to load : 0
05-23 13:45:04.576 15887 15887 D DynamitePackage: Instantiating com.google.android.gms.ads.ChimeraAdManagerCreatorImpl
05-23 13:45:04.577 15887 15887 I Ads : Use RequestConfiguration.Builder().setTestDeviceIds(Arrays.asList("55D5C2FA57A4B98864BA 46E75484CB21")) to get test ads on this device.
05-23 13:45:04.584 15887 15887 I Ads : Please set theme of AdActivity to @android:style/Theme.Translucent to enable transparent background interstitial ad.
05-23 13:45:04.592 15887 21185 W Ads : Not retrying to fetch app settings
05-23 13:45:04.598 15887 15887 I ScrollIdentify: on fling
05-23 13:45:04.661 15887 15887 D ContentValues: onAdFailedToLoad: Error while connecting to ad server: Failed to connect to googleads.g.doubleclick.net/0.0.0.0:443
05-23 13:45:04.661 15887 15887 I Ads : Ad failed to load : 0
05-23 13:45:04.676 15887 15887 D DynamitePackage: Instantiating com.google.android.gms.ads.ChimeraAdManagerCreatorImpl
05-23 13:45:04.678 15887 15887 I Ads : Use RequestConfiguration.Builder().setTestDeviceIds(Arrays.asList("55D5C2FA57A4B98864BA 46E75484CB21")) to get test ads on this device.
05-23 13:45:04.684 15887 15887 I Ads : Please set theme of AdActivity to @android:style/Theme.Translucent to enable transparent background interstitial ad.
05-23 13:45:04.693 15887 21015 W Ads : Not retrying to fetch app settings
05-23 13:45:04.767 15887 15887 D ContentValues: onAdFailedToLoad: Error while connecting to ad server: Failed to connect to googleads.g.doubleclick.net/0.0.0.0:443
05-23 13:45:04.767 15887 15887 I Ads : Ad failed to load : 0
05-23 13:45:04.776 15887 15887 D DynamitePackage: Instantiating com.google.android.gms.ads.ChimeraAdManagerCreatorImpl
05-23 13:45:04.777 15887 15887 I Ads : Use RequestConfiguration.Builder().setTestDeviceIds(Arrays.asList("55D5C2FA57A4B98864BA 46E75484CB21")) to get test ads on this device.
05-23 13:45:04.781 15887 15887 I Ads : Please set theme of AdActivity to @android:style/Theme.Translucent to enable transparent background interstitial ad.
05-23 13:45:04.791 15887 21014 W Ads : Not retrying to fetch app settings
05-23 13:45:04.862 15887 15887 D ContentValues: onAdFailedToLoad: Error while connecting to ad server: Failed to connect to googleads.g.doubleclick.net/0.0.0.0:443
05-23 13:45:04.862 15887 15887 I Ads : Ad failed to load : 0
05-23 13:45:04.876 15887 15887 D DynamitePackage: Instantiating com.google.android.gms.ads.ChimeraAdManagerCreatorImpl
05-23 13:45:04.877 15887 15887 I Ads : Use RequestConfiguration.Builder().setTestDeviceIds(Arrays.asList("55D5C2FA57A4B98864BA 46E75484CB21")) to get test ads on this device.
05-23 13:45:04.884 15887 15887 I Ads : Please set theme of AdActivity to @android:style/Theme.Translucent to enable transparent background interstitial ad.
05-23 13:45:04.892 15887 21000 W Ads : Not retrying to fetch app settings
05-23 13:45:04.952 15887 15887 D ContentValues: onAdFailedToLoad: Error while connecting to ad server: Failed to connect to googleads.g.doubleclick.net/0.0.0.0:443
05-23 13:45:04.952 15887 15887 I Ads : Ad failed to load : 0
05-23 13:45:04.977 15887 15887 D DynamitePackage: Instantiating com.google.android.gms.ads.ChimeraAdManagerCreatorImpl
05-23 13:45:04.978 15887 15887 I Ads : Use RequestConfiguration.Builder().setTestDeviceIds(Arrays.asList("55D5C2FA57A4B98864BA 46E75484CB21")) to get test ads on this device.
05-23 13:45:04.984 15887 15887 I Ads : Please set theme of AdActivity to @android:style/Theme.Translucent to enable transparent background interstitial ad.
05-23 13:45:05.001 15887 21000 W Ads : Not retrying to fetch app settings
05-23 13:45:05.100 15887 15887 D ContentValues: onAdFailedToLoad: Error while connecting to ad server: Failed to connect to googleads.g.doubleclick.net/0.0.0.0:443
05-23 13:45:05.101 15887 15887 I Ads : Ad failed to load : 0
05-23 13:45:05.176 15887 15887 D DynamitePackage: Instantiating com.google.android.gms.ads.ChimeraAdManagerCreatorImpl
05-23 13:45:05.177 15887 15887 I Ads : Use RequestConfiguration.Builder().setTestDeviceIds(Arrays.asList("55D5C2FA57A4B98864BA 46E75484CB21")) to get test ads on this device.
05-23 13:45:05.181 15887 15887 I Ads : Please set theme of AdActivity to @android:style/Theme.Translucent to enable transparent background interstitial ad.
05-23 13:45:05.192 15887 21014 W Ads : Not retrying to fetch app settings
05-23 13:45:05.261 15887 15887 D ContentValues: onAdFailedToLoad: Error while connecting to ad server: Failed to connect to googleads.g.doubleclick.net/0.0.0.0:443
05-23 13:45:05.261 15887 15887 I Ads : Ad failed to load : 0
05-23 13:45:05.276 15887 15887 D DynamitePackage: Instantiating com.google.android.gms.ads.ChimeraAdManagerCreatorImpl
05-23 13:45:05.278 15887 15887 I Ads : Use RequestConfiguration.Builder().setTestDeviceIds(Arrays.asList("55D5C2FA57A4B98864BA 46E75484CB21")) to get test ads on this device.
05-23 13:45:05.283 15887 15887 I Ads : Please set theme of AdActivity to @android:style/Theme.Translucent to enable transparent background interstitial ad.
05-23 13:45:05.292 15887 21013 W Ads : Not retrying to fetch app settings
05-23 13:45:05.369 15887 15887 D ContentValues: onAdFailedToLoad: Error while connecting to ad server: Failed to connect to googleads.g.doubleclick.net/0.0.0.0:443
05-23 13:45:05.369 15887 15887 I Ads : Ad failed to load : 0
05-23 13:45:05.376 15887 15887 D DynamitePackage: Instantiating com.google.android.gms.ads.ChimeraAdManagerCreatorImpl
05-23 13:45:05.377 15887 15887 I Ads : Use RequestConfiguration.Builder().setTestDeviceIds(Arrays.asList("55D5C2FA57A4B98864BA 46E75484CB21")) to get test ads on this device.
05-23 13:45:05.384 15887 15887 I Ads : Please set theme of AdActivity to @android:style/Theme.Translucent to enable transparent background interstitial ad.
05-23 13:45:05.391 15887 21185 W Ads : Not retrying to fetch app settings
05-23 13:45:05.391 15887 21200 W ServiceBindIntentUtils: Dynamic lookup for intent failed for action: com.google.android.gms.ads.service.START
05-23 13:45:05.474 15887 15887 D ContentValues: onAdFailedToLoad: Error while connecting to ad server: Failed to connect to googleads.g.doubleclick.net/0.0.0.0:443
05-23 13:45:05.475 15887 15887 I Ads : Ad failed to load : 0
05-23 13:45:05.577 15887 15887 D DynamitePackage: Instantiating com.google.android.gms.ads.ChimeraAdManagerCreatorImpl
05-23 13:45:05.578 15887 15887 I Ads : Use RequestConfiguration.Builder().setTestDeviceIds(Arrays.asList("55D5C2FA57A4B98864BA 46E75484CB21")) to get test ads on this device.
05-23 13:45:05.582 15887 15887 I Ads : Please set theme of AdActivity to @android:style/Theme.Translucent to enable transparent background interstitial ad.
05-23 13:45:05.591 15887 20993 W Ads : Not retrying to fetch app settings
05-23 13:45:05.592 15887 21194 W ServiceBindIntentUtils: Dynamic lookup for intent failed for action: com.google.android.gms.ads.service.START
05-23 13:45:05.675 15887 15887 D ContentValues: onAdFailedToLoad: Error while connecting to ad server: Failed to connect to googleads.g.doubleclick.net/0.0.0.0:443
05-23 13:45:05.676 15887 15887 I Ads : Ad failed to load : 0
05-23 13:45:05.780 15887 15887 D DynamitePackage: Instantiating com.google.android.gms.ads.ChimeraAdManagerCreatorImpl
05-23 13:45:05.781 15887 15887 I Ads : Use RequestConfiguration.Builder().setTestDeviceIds(Arrays.asList("55D5C2FA57A4B98864BA 46E75484CB21")) to get test ads on this device.
05-23 13:45:05.784 15887 15887 I Ads : Please set theme of AdActivity to @android:style/Theme.Translucent to enable transparent background interstitial ad.
05-23 13:45:05.794 15887 21008 W Ads : Not retrying to fetch app settings
05-23 13:45:05.797 15887 21239 W ServiceBindIntentUtils: Dynamic lookup for intent failed for action: com.google.android.gms.ads.service.START
05-23 13:45:05.876 15887 15887 D ContentValues: onAdFailedToLoad: Error while connecting to ad server: Failed to connect to googleads.g.doubleclick.net/0.0.0.0:443
05-23 13:45:05.876 15887 15887 I Ads : Ad failed to load : 0
05-23 13:45:05.978 15887 15887 D DynamitePackage: Instantiating com.google.android.gms.ads.ChimeraAdManagerCreatorImpl
05-23 13:45:05.980 15887 15887 I Ads : Use RequestConfiguration.Builder().setTestDeviceIds(Arrays.asList("55D5C2FA57A4B98864BA 46E75484CB21")) to get test ads on this device.
05-23 13:45:05.985 15887 15887 I Ads : Please set theme of AdActivity to @android:style/Theme.Translucent to enable transparent background interstitial ad.
05-23 13:45:05.994 15887 20999 W Ads : Not retrying to fetch app settings
05-23 13:45:05.995 15887 21192 W ServiceBindIntentUtils: Dynamic lookup for intent failed for action: com.google.android.gms.ads.service.START
05-23 13:45:06.062 15887 15887 D ContentValues: onAdFailedToLoad: Error while connecting to ad server: Failed to connect to googleads.g.doubleclick.net/0.0.0.0:443
05-23 13:45:06.062 15887 15887 I Ads : Ad failed to load : 0
05-23 13:45:06.078 15887 15887 D DynamitePackage: Instantiating com.google.android.gms.ads.ChimeraAdManagerCreatorImpl
05-23 13:45:06.080 15887 15887 I Ads : Use RequestConfiguration.Builder().setTestDeviceIds(Arrays.asList("55D5C2FA57A4B98864BA 46E75484CB21")) to get test ads on this device.
05-23 13:45:06.085 15887 15887 I Ads : Please set theme of AdActivity to @android:style/Theme.Translucent to enable transparent background interstitial ad.
05-23 13:45:06.094 15887 20999 W Ads : Not retrying to fetch app settings
05-23 13:45:06.155 15887 15887 D ContentValues: onAdFailedToLoad: Error while connecting to ad server: Failed to connect to googleads.g.doubleclick.net/0.0.0.0:443
05-23 13:45:06.155 15887 15887 I Ads : Ad failed to load : 0
05-23 13:45:06.180 15887 15887 D DynamitePackage: Instantiating com.google.android.gms.ads.ChimeraAdManagerCreatorImpl
05-23 13:45:06.181 15887 15887 I Ads : Use RequestConfiguration.Builder().setTestDeviceIds(Arrays.asList("55D5C2FA57A4B98864BA 46E75484CB21")) to get test ads on this device.
05-23 13:45:06.185 15887 15887 I Ads : Please set theme of AdActivity to @android:style/Theme.Translucent to enable transparent background interstitial ad.
05-23 13:45:06.194 15887 20999 W Ads : Not retrying to fetch app settings
05-23 13:45:06.268 15887 15887 D ContentValues: onAdFailedToLoad: Error while connecting to ad server: Failed to connect to googleads.g.doubleclick.net/0.0.0.0:443
05-23 13:45:06.268 15887 15887 I Ads : Ad failed to load : 0
05-23 13:45:06.281 15887 15887 D DynamitePackage: Instantiating com.google.android.gms.ads.ChimeraAdManagerCreatorImpl
05-23 13:45:06.282 15887 15887 I Ads : Use RequestConfiguration.Builder().setTestDeviceIds(Arrays.asList("55D5C2FA57A4B98864BA 46E75484CB21")) to get test ads on this device.
05-23 13:45:06.287 15887 15887 I Ads : Please set theme of AdActivity to @android:style/Theme.Translucent to enable transparent background interstitial ad.
05-23 13:45:06.295 15887 21185 W Ads : Not retrying to fetch app settings
05-23 13:45:06.370 15887 15887 D ContentValues: onAdFailedToLoad: Error while connecting to ad server: Failed to connect to googleads.g.doubleclick.net/0.0.0.0:443
05-23 13:45:06.370 15887 15887 I Ads : Ad failed to load : 0
05-23 13:45:06.381 15887 15887 D DynamitePackage: Instantiating com.google.android.gms.ads.ChimeraAdManagerCreatorImpl
05-23 13:45:06.382 15887 15887 I Ads : Use RequestConfiguration.Builder().setTestDeviceIds(Arrays.asList("55D5C2FA57A4B98864BA 46E75484CB21")) to get test ads on this device.
05-23 13:45:06.385 15887 15887 I Ads : Please set theme of AdActivity to @android:style/Theme.Translucent to enable transparent background interstitial ad.
05-23 13:45:06.398 15887 21015 W Ads : Not retrying to fetch app settings
05-23 13:45:06.473 15887 15887 D ContentValues: onAdFailedToLoad: Error while connecting to ad server: Failed to connect to googleads.g.doubleclick.net/0.0.0.0:443
05-23 13:45:06.474 15887 15887 I Ads : Ad failed to load : 0
05-23 13:45:06.482 15887 15887 D DynamitePackage: Instantiating com.google.android.gms.ads.ChimeraAdManagerCreatorImpl
05-23 13:45:06.483 15887 15887 I Ads : Use RequestConfiguration.Builder().setTestDeviceIds(Arrays.asList("55D5C2FA57A4B98864BA 46E75484CB21")) to get test ads on this device.
05-23 13:45:06.489 15887 15887 I Ads : Please set theme of AdActivity to @android:style/Theme.Translucent to enable transparent background interstitial ad.
05-23 13:45:06.502 15887 21014 W Ads : Not retrying to fetch app settings
05-23 13:45:06.504 15887 21192 W ServiceBindIntentUtils: Dynamic lookup for intent failed for action: com.google.android.gms.ads.service.START
05-23 13:45:06.575 15887 15887 D ContentValues: onAdFailedToLoad: Error while connecting to ad server: Failed to connect to googleads.g.doubleclick.net/0.0.0.0:443
05-23 13:45:06.575 15887 15887 I Ads : Ad failed to load : 0
05-23 13:45:06.581 15887 15887 D DynamitePackage: Instantiating com.google.android.gms.ads.ChimeraAdManagerCreatorImpl
05-23 13:45:06.582 15887 15887 I Ads : Use RequestConfiguration.Builder().setTestDeviceIds(Arrays.asList("55D5C2FA57A4B98864BA 46E75484CB21")) to get test ads on this device.
05-23 13:45:06.587 15887 15887 I Ads : Please set theme of AdActivity to @android:style/Theme.Translucent to enable transparent background interstitial ad.
05-23 13:45:06.596 15887 21009 W Ads : Not retrying to fetch app settings
05-23 13:45:06.665 15887 15887 D ContentValues: onAdFailedToLoad: Error while connecting to ad server: Failed to connect to googleads.g.doubleclick.net/0.0.0.0:443
05-23 13:45:06.665 15887 15887 I Ads : Ad failed to load : 0
05-23 13:45:06.681 15887 15887 D DynamitePackage: Instantiating com.google.android.gms.ads.ChimeraAdManagerCreatorImpl
05-23 13:45:06.683 15887 15887 I Ads : Use RequestConfiguration.Builder().setTestDeviceIds(Arrays.asList("55D5C2FA57A4B98864BA 46E75484CB21")) to get test ads on this device.
05-23 13:45:06.685 15887 15887 I Ads : Please set theme of AdActivity to @android:style/Theme.Translucent to enable transparent background interstitial ad.
05-23 13:45:06.697 15887 21146 W Ads : Not retrying to fetch app settings
05-23 13:45:06.768 15887 15887 D ContentValues: onAdFailedToLoad: Error while connecting to ad server: Failed to connect to googleads.g.doubleclick.net/0.0.0.0:443
05-23 13:45:06.768 15887 15887 I Ads : Ad failed to load : 0
05-23 13:45:06.782 15887 15887 D DynamitePackage: Instantiating com.google.android.gms.ads.ChimeraAdManagerCreatorImpl
05-23 13:45:06.783 15887 15887 I Ads : Use RequestConfiguration.Builder().setTestDeviceIds(Arrays.asList("55D5C2FA57A4B98864BA 46E75484CB21")) to get test ads on this device.
05-23 13:45:06.787 15887 15887 I Ads : Please set theme of AdActivity to @android:style/Theme.Translucent to enable transparent background interstitial ad.
05-23 13:45:06.799 15887 21149 W Ads : Not retrying to fetch app settings
05-23 13:45:06.876 15887 15887 D ContentValues: onAdFailedToLoad: Error while connecting to ad server: Failed to connect to googleads.g.doubleclick.net/0.0.0.0:443
05-23 13:45:06.876 15887 15887 I Ads : Ad failed to load : 0
05-23 13:45:06.884 15887 15887 D DynamitePackage: Instantiating com.google.android.gms.ads.ChimeraAdManagerCreatorImpl
05-23 13:45:06.887 15887 15887 I Ads : Use RequestConfiguration.Builder().setTestDeviceIds(Arrays.asList("55D5C2FA57A4B98864BA 46E75484CB21")) to get test ads on this device.
05-23 13:45:06.896 15887 15887 I Ads : Please set theme of AdActivity to @android:style/Theme.Translucent to enable transparent background interstitial ad.
05-23 13:45:06.906 15887 21185 W Ads : Not retrying to fetch app settings
05-23 13:45:07.025 15887 15887 D ContentValues: onAdFailedToLoad: Error while connecting to ad server: Failed to connect to googleads.g.doubleclick.net/0.0.0.0:443
05-23 13:45:07.026 15887 15887 I Ads : Ad failed to load : 0
05-23 13:45:07.096 15887 15887 D DynamitePackage: Instantiating com.google.android.gms.ads.ChimeraAdManagerCreatorImpl
05-23 13:45:07.098 15887 15887 I Ads : Use RequestConfiguration.Builder().setTestDeviceIds(Arrays.asList("55D5C2FA57A4B98864BA 46E75484CB21")) to get test ads on this device.
05-23 13:45:07.103 15887 15887 I Ads : Please set theme of AdActivity to @android:style/Theme.Translucent to enable transparent background interstitial ad.
05-23 13:45:07.124 15887 21014 W Ads : Not retrying to fetch app settings
05-23 13:45:07.125 15887 21192 W ServiceBindIntentUtils: Dynamic lookup for intent failed for action: com.google.android.gms.ads.service.START
05-23 13:45:07.236 15887 15887 D ContentValues: onAdFailedToLoad: Error while connecting to ad server: Failed to connect to googleads.g.doubleclick.net/0.0.0.0:443
05-23 13:45:07.238 15887 15887 I Ads : Ad failed to load : 0
05-23 13:45:07.293 15887 15887 D DynamitePackage: Instantiating com.google.android.gms.ads.ChimeraAdManagerCreatorImpl
05-23 13:45:07.293 15887 20745 W JavaBinder: BinderProxy is being destroyed but the application did not call unlinkToDeath to unlink all of its death recipients beforehand. Releasing leaked death recipient: com.google.android.play.core.appupdate.internal.zzp
05-23 13:45:07.293 15887 20745 I BpBinder: onLastStrongRef automatically unlinking death recipients:
05-23 13:45:07.296 15887 15887 I Ads : Use RequestConfiguration.Builder().setTestDeviceIds(Arrays.asList("55D5C2FA57A4B98864BA 46E75484CB21")) to get test ads on this device.
05-23 13:45:07.303 15887 15887 I Ads : Please set theme of AdActivity to @android:style/Theme.Translucent to enable transparent background interstitial ad.
05-23 13:45:07.304 15887 15887 W FinalizerDaemon: type=1400 audit(0.0:101008): avc: denied { getopt } for path="/dev/socket/usap_pool_primary" scontext=u:r:untrusted_app:s0:c53,c257,c512,c768 tcontext=u:r:zygote:s0 tclass=unix_stream_socket permissive=0 app=com.dual.space.parallel.apps.multiaccounts.appscloner
05-23 13:45:07.314 15887 21149 W Ads : Not retrying to fetch app settings
05-23 13:45:07.315 15887 21193 W ServiceBindIntentUtils: Dynamic lookup for intent failed for action: com.google.android.gms.ads.service.START
05-23 13:45:07.392 15887 15887 D ContentValues: onAdFailedToLoad: Error while connecting to ad server: Failed to connect to googleads.g.doubleclick.net/0.0.0.0:443
05-23 13:45:07.392 15887 15887 I Ads : Ad failed to load : 0
05-23 13:45:07.484 15887 15887 D DynamitePackage: Instantiating com.google.android.gms.ads.ChimeraAdManagerCreatorImpl
05-23 13:45:07.485 15887 15887 I Ads : Use RequestConfiguration.Builder().setTestDeviceIds(Arrays.asList("55D5C2FA57A4B98864BA 46E75484CB21")) to get test ads on this device.
05-23 13:45:07.490 15887 15887 I Ads : Please set theme of AdActivity to @android:style/Theme.Translucent to enable transparent background interstitial ad.
05-23 13:45:07.499 15887 21149 W Ads : Not retrying to fetch app settings
05-23 13:45:07.501 15887 21200 W ServiceBindIntentUtils: Dynamic lookup for intent failed for action: com.google.android.gms.ads.service.START
05-23 13:45:07.586 15887 15887 D ContentValues: onAdFailedToLoad: Error while connecting to ad server: Failed to connect to googleads.g.doubleclick.net/0.0.0.0:443
05-23 13:45:07.587 15887 15887 I Ads : Ad failed to load : 0
05-23 13:45:07.685 15887 15887 D DynamitePackage: Instantiating com.google.android.gms.ads.ChimeraAdManagerCreatorImpl
05-23 13:45:07.686 15887 15887 I Ads : Use RequestConfiguration.Builder().setTestDeviceIds(Arrays.asList("55D5C2FA57A4B98864BA 46E75484CB21")) to get test ads on this device.
05-23 13:45:07.691 15887 15887 I Ads : Please set theme of AdActivity to @android:style/Theme.Translucent to enable transparent background interstitial ad.
05-23 13:45:07.700 15887 21146 W Ads : Not retrying to fetch app settings
05-23 13:45:07.701 15887 21194 W ServiceBindIntentUtils: Dynamic lookup for intent failed for action: com.google.android.gms.ads.service.START
05-23 13:45:07.776 15887 15887 D ContentValues: onAdFailedToLoad: Error while connecting to ad server: Failed to connect to googleads.g.doubleclick.net/0.0.0.0:443
05-23 13:45:07.776 15887 15887 I Ads : Ad failed to load : 0
05-23 13:45:07.784 15887 15887 D DynamitePackage: Instantiating com.google.android.gms.ads.ChimeraAdManagerCreatorImpl
05-23 13:45:07.785 15887 15887 I Ads : Use RequestConfiguration.Builder().setTestDeviceIds(Arrays.asList("55D5C2FA57A4B98864BA 46E75484CB21")) to get test ads on this device.
05-23 13:45:07.791 15887 15887 I Ads : Please set theme of AdActivity to @android:style/Theme.Translucent to enable transparent background interstitial ad.
05-23 13:45:07.803 15887 21177 W Ads : Not retrying to fetch app settings
05-23 13:45:07.878 15887 15887 D ContentValues: onAdFailedToLoad: Error while connecting to ad server: Failed to connect to googleads.g.doubleclick.net/0.0.0.0:443
05-23 13:45:07.878 15887 15887 I Ads : Ad failed to load : 0
05-23 13:45:07.888 15887 15887 D DynamitePackage: Instantiating com.google.android.gms.ads.ChimeraAdManagerCreatorImpl
05-23 13:45:07.890 15887 15887 I Ads : Use RequestConfiguration.Builder().setTestDeviceIds(Arrays.asList("55D5C2FA57A4B98864BA 46E75484CB21")) to get test ads on this device.
05-23 13:45:07.894 15887 15887 I Ads : Please set theme of AdActivity to @android:style/Theme.Translucent to enable transparent background interstitial ad.
05-23 13:45:07.907 15887 21185 W Ads : Not retrying to fetch app settings
05-23 13:45:07.999 15887 15887 D ContentValues: onAdFailedToLoad: Error while connecting to ad server: Failed to connect to googleads.g.doubleclick.net/0.0.0.0:443
05-23 13:45:07.999 15887 15887 I Ads : Ad failed to load : 0
05-23 13:45:08.087 15887 15887 D DynamitePackage: Instantiating com.google.android.gms.ads.ChimeraAdManagerCreatorImpl
05-23 13:45:08.091 15887 15887 I Ads : Use RequestConfiguration.Builder().setTestDeviceIds(Arrays.asList("55D5C2FA57A4B98864BA 46E75484CB21")) to get test ads on this device.
05-23 13:45:08.097 15887 15887 I Ads : Please set theme of AdActivity to @android:style/Theme.Translucent to enable transparent background interstitial ad.
05-23 13:45:08.124 15887 21005 W Ads : Not retrying to fetch app settings
05-23 13:45:08.242 15887 15887 D ContentValues: onAdFailedToLoad: Error while connecting to ad server: Failed to connect to googleads.g.doubleclick.net/0.0.0.0:443
05-23 13:45:08.243 15887 15887 I Ads : Ad failed to load : 0
05-23 13:45:08.287 15887 15887 D DynamitePackage: Instantiating com.google.android.gms.ads.ChimeraAdManagerCreatorImpl
05-23 13:45:08.289 15887 15887 I Ads : Use RequestConfiguration.Builder().setTestDeviceIds(Arrays.asList("55D5C2FA57A4B98864BA 46E75484CB21")) to get test ads on this device.
05-23 13:45:08.296 15887 15887 I Ads : Please set theme of AdActivity to @android:style/Theme.Translucent to enable transparent background interstitial ad.
05-23 13:45:08.394 15887 15887 D ContentValues: onAdFailedToLoad: Error while connecting to ad server: Failed to connect to googleads.g.doubleclick.net/0.0.0.0:443
05-23 13:45:08.394 15887 15887 I Ads : Ad failed to load : 0
05-23 13:45:08.486 15887 15887 D DynamitePackage: Instantiating com.google.android.gms.ads.ChimeraAdManagerCreatorImpl
05-23 13:45:08.488 15887 15887 I Ads : Use RequestConfiguration.Builder().setTestDeviceIds(Arrays.asList("55D5C2FA57A4B98864BA 46E75484CB21")) to get test ads on this device.
05-23 13:45:08.493 15887 15887 I Ads : Please set theme of AdActivity to @android:style/Theme.Translucent to enable transparent background interstitial ad.
05-23 13:45:08.499 15887 20999 W Ads : Not retrying to fetch app settings
05-23 13:45:08.500 15887 21194 W ServiceBindIntentUtils: Dynamic lookup for intent failed for action: com.google.android.gms.ads.service.START
05-23 13:45:08.566 15887 15887 D ContentValues: onAdFailedToLoad: Error while connecting to ad server: Failed to connect to googleads.g.doubleclick.net/0.0.0.0:443
05-23 13:45:08.567 15887 15887 I Ads : Ad failed to load : 0
05-23 13:45:08.587 15887 15887 D DynamitePackage: Instantiating com.google.android.gms.ads.ChimeraAdManagerCreatorImpl
05-23 13:45:08.588 15887 15887 I Ads : Use RequestConfiguration.Builder().setTestDeviceIds(Arrays.asList("55D5C2FA57A4B98864BA 46E75484CB21")) to get test ads on this device.
05-23 13:45:08.592 15887 15887 I Ads : Please set theme of AdActivity to @android:style/Theme.Translucent to enable transparent background interstitial ad.
05-23 13:45:08.604 15887 21014 W Ads : Not retrying to fetch app settings
05-23 13:45:08.604 15887 21239 W ServiceBindIntentUtils: Dynamic lookup for intent failed for action: com.google.android.gms.ads.service.START
05-23 13:45:08.696 15887 15887 D ContentValues: onAdFailedToLoad: Error while connecting to ad server: Failed to connect to googleads.g.doubleclick.net/0.0.0.0:443
05-23 13:45:08.696 15887 15887 I Ads : Ad failed to load : 0
05-23 13:45:08.787 15887 15887 D DynamitePackage: Instantiating com.google.android.gms.ads.ChimeraAdManagerCreatorImpl
05-23 13:45:08.788 15887 15887 I Ads : Use RequestConfiguration.Builder().setTestDeviceIds(Arrays.asList("55D5C2FA57A4B98864BA 46E75484CB21")) to get test ads on this device.
05-23 13:45:08.793 15887 15887 I Ads : Please set theme of AdActivity to @android:style/Theme.Translucent to enable transparent background interstitial ad.
05-23 13:45:08.803 15887 21014 W Ads : Not retrying to fetch app settings
05-23 13:45:08.804 15887 21192 W ServiceBindIntentUtils: Dynamic lookup for intent failed for action: com.google.android.gms.ads.service.START
05-23 13:45:08.880 15887 15887 D ContentValues: onAdFailedToLoad: Error while connecting to ad server: Failed to connect to googleads.g.doubleclick.net/0.0.0.0:443
05-23 13:45:08.880 15887 15887 I Ads : Ad failed to load : 0
05-23 13:45:08.885 15887 15887 D DynamitePackage: Instantiating com.google.android.gms.ads.ChimeraAdManagerCreatorImpl
05-23 13:45:08.887 15887 15887 I Ads : Use RequestConfiguration.Builder().setTestDeviceIds(Arrays.asList("55D5C2FA57A4B98864BA 46E75484CB21")) to get test ads on this device.
05-23 13:45:08.893 15887 15887 I Ads : Please set theme of AdActivity to @android:style/Theme.Translucent to enable transparent background interstitial ad.
05-23 13:45:08.900 15887 21146 W Ads : Not retrying to fetch app settings
05-23 13:45:08.971 15887 15887 D ContentValues: onAdFailedToLoad: Error while connecting to ad server: Failed to connect to googleads.g.doubleclick.net/0.0.0.0:443
05-23 13:45:08.971 15887 15887 I Ads : Ad failed to load : 0
05-23 13:45:08.984 15887 15887 D DynamitePackage: Instantiating com.google.android.gms.ads.ChimeraAdManagerCreatorImpl
05-23 13:45:08.986 15887 15887 I Ads : Use RequestConfiguration.Builder().setTestDeviceIds(Arrays.asList("55D5C2FA57A4B98864BA 46E75484CB21")) to get test ads on this device.
