Com - Dual.space - Parallel.apps - Multiaccounts.appscloner Logcat
The document contains log entries from an application, indicating various errors and warnings during its execution. Key issues include missing resource IDs, failed attempts to open certain files, and exceptions related to package management and class loading. The logs suggest problems with the application's ability to hook services and locate specific packages, which may affect its functionality.
We take content rights seriously. If you suspect this is your content, claim it here.
Available Formats
Download as TXT, PDF, TXT or read online on Scribd
0 ratings0% found this document useful (0 votes)
12 views61 pages
Com - Dual.space - Parallel.apps - Multiaccounts.appscloner Logcat
The document contains log entries from an application, indicating various errors and warnings during its execution. Key issues include missing resource IDs, failed attempts to open certain files, and exceptions related to package management and class loading. The logs suggest problems with the application's ability to hook services and locate specific packages, which may affect its functionality.
We take content rights seriously. If you suspect this is your content, claim it here.
Available Formats
Download as TXT, PDF, TXT or read online on Scribd
You are on page 1/ 61
--------- beginning of main
05-23 13:44:57.554 15887 20826 E unts.appscloner: No package ID 6d found for
resource ID 0x6d0b000f.
05-23 13:44:57.555 15887 20826 I FA : App measurement initialized, version: 125000
05-23 13:44:57.555 15887 20826 I FA : To enable debug logging run: adb shell setprop log.tag.FA VERBOSE
05-23 13:44:57.555 15887 20826 I FA : To enable faster debug mode event logging run:
05-23 13:44:57.555 15887 20826 I FA : adb shell setprop debug.firebase.analytics.app com.dual.space.parallel.apps.multiaccounts.appscloner
05-23 13:44:57.577 15887 20756 W AsyncDrawableCache: can not found res: 2131492865, maybe dynamic res id.
05-23 13:44:57.592 15887 20756 W AsyncDrawableCache: can not found res: 2131230903, maybe dynamic res id.
05-23 13:44:57.698 20813 20813 W ziparchive: Unable to open '/data/app/~~mjcCm2ttOhYh1RzB5x3hPQ==/com.dual.space.parallel.apps.multiaccounts.ap pscloner-Yb6z3v_P62cnnZxEKMG9gQ==/split_config.arm64_v8a.dm': No such file or directory
05-23 13:44:57.698 20813 20813 W ziparchive: Unable to open '/data/app/~~mjcCm2ttOhYh1RzB5x3hPQ==/com.dual.space.parallel.apps.multiaccounts.ap pscloner-Yb6z3v_P62cnnZxEKMG9gQ==/split_config.arm64_v8a.dm': No such file or directory
05-23 13:44:57.698 20813 20813 W ppscloner:black: Entry not found
05-23 13:44:57.698 20813 20813 W ziparchive: Unable to open '/data/app/~~mjcCm2ttOhYh1RzB5x3hPQ==/com.dual.space.parallel.apps.multiaccounts.ap pscloner-Yb6z3v_P62cnnZxEKMG9gQ==/split_config.xxhdpi.dm': No such file or directory
05-23 13:44:57.698 20813 20813 W ziparchive: Unable to open '/data/app/~~mjcCm2ttOhYh1RzB5x3hPQ==/com.dual.space.parallel.apps.multiaccounts.ap pscloner-Yb6z3v_P62cnnZxEKMG9gQ==/split_config.xxhdpi.dm': No such file or directory
05-23 13:44:57.698 20813 20813 W ppscloner:black: Entry not found
05-23 13:44:57.714 20813 20813 I LoadedApk: No resource references to update in package com.transsion.theme.icon
05-23 13:44:57.717 20813 20813 E BlackBoxCore: Failed to hook bindService:
05-23 13:44:57.717 20813 20813 E BlackBoxCore: java.lang.IllegalArgumentException: top.niunaijun.blackbox.fake.frameworks.BActivityManager is not an interface
05-23 13:44:57.717 20813 20813 E BlackBoxCore: at java.lang.reflect.Proxy$ProxyClassFactory.apply(Proxy.java:635)
05-23 13:44:57.717 20813 20813 E BlackBoxCore: at java.lang.reflect.Proxy$ProxyClassFactory.apply(Proxy.java:602)
05-23 13:44:57.717 20813 20813 E BlackBoxCore: at java.lang.reflect.WeakCache$Factory.get(WeakCache.java:230)
05-23 13:44:57.717 20813 20813 E BlackBoxCore: at java.lang.reflect.WeakCache.get(WeakCache.java:127)
05-23 13:44:57.717 20813 20813 E BlackBoxCore: at java.lang.reflect.Proxy.getProxyClass0(Proxy.java:438)
05-23 13:44:57.717 20813 20813 E BlackBoxCore: at java.lang.reflect.Proxy.newProxyInstance(Proxy.java:873)
05-23 13:44:57.717 20813 20813 E BlackBoxCore: at top.niunaijun.blackbox.BlackBoxCore.hookBindService(BlackBoxCore.java:224)
05-23 13:44:57.717 20813 20813 E BlackBoxCore: at top.niunaijun.blackbox.BlackBoxCore.doAttachBaseContext(BlackBoxCore.java:135)
05-23 13:44:57.717 20813 20813 E BlackBoxCore: at com.dual.space.view.main.BlackBoxLoader.attachBaseContext(BlackBoxLoader.kt:100)
05-23 13:44:57.717 20813 20813 E BlackBoxCore: at com.dual.space.app.AppManager.doAttachBaseContext(AppManager.kt:29)
05-23 13:44:57.717 20813 20813 E BlackBoxCore: at com.dual.space.app.MyApplication.attachBaseContext(MyApplication.kt:63)
05-23 13:44:57.717 20813 20813 E BlackBoxCore: at android.app.Application.attach(Application.java:348)
05-23 13:44:57.717 20813 20813 E BlackBoxCore: at android.app.Instrumentation.newApplication(Instrumentation.java:1287)
05-23 13:44:57.717 20813 20813 E BlackBoxCore: at android.app.LoadedApk.makeApplicationInner(LoadedApk.java:1471)
05-23 13:44:57.717 20813 20813 E BlackBoxCore: at android.app.LoadedApk.makeApplicationInner(LoadedApk.java:1404)
05-23 13:44:57.717 20813 20813 E BlackBoxCore: at android.app.ActivityThread.handleBindApplication(ActivityThread.java:7150)
05-23 13:44:57.717 20813 20813 E BlackBoxCore: at android.app.ActivityThread.-$ $Nest$mhandleBindApplication(Unknown Source:0)
05-23 13:44:57.717 20813 20813 E BlackBoxCore: at android.app.ActivityThread$H.handleMessage(ActivityThread.java:2314)
05-23 13:44:57.717 20813 20813 E BlackBoxCore: at android.os.Handler.dispatchMessage(Handler.java:106)
05-23 13:44:57.717 20813 20813 E BlackBoxCore: at android.os.Looper.loopOnce(Looper.java:243)
05-23 13:44:57.717 20813 20813 E BlackBoxCore: at android.os.Looper.loop(Looper.java:338)
05-23 13:44:57.717 20813 20813 E BlackBoxCore: at android.app.ActivityThread.main(ActivityThread.java:8399)
05-23 13:44:57.717 20813 20813 E BlackBoxCore: at java.lang.reflect.Method.invoke(Native Method)
05-23 13:44:57.717 20813 20813 E BlackBoxCore: at com.android.internal.os.RuntimeInit$MethodAndArgsCaller.run(RuntimeInit.java:589)
05-23 13:44:57.717 20813 20813 E BlackBoxCore: at com.android.internal.os.ZygoteInit.main(ZygoteInit.java:1055)
05-23 13:44:57.888 20813 20813 W System.err: android.content.pm.PackageManager$NameNotFoundException: com.whatsapp.w4b
05-23 13:44:57.888 20813 20813 W System.err: at android.app.ApplicationPackageManager.getPackageInfoAsUser(ApplicationPackageManage r.java:256)
05-23 13:44:57.888 20813 20813 W System.err: at android.app.ApplicationPackageManager.getPackageInfo(ApplicationPackageManager.java :216)
05-23 13:44:57.888 20813 20813 W System.err: at android.app.ApplicationPackageManager.getPackageInfo(ApplicationPackageManager.java :210)
05-23 13:44:57.888 20813 20813 W System.err: at top.niunaijun.blackbox.core.system.pm.Settings.updatePackageLP(Settings.java:191)
05-23 13:44:57.888 20813 20813 W System.err: at top.niunaijun.blackbox.core.system.pm.Settings.scanPackage(Settings.java:174)
05-23 13:44:57.888 20813 20813 W System.err: at top.niunaijun.blackbox.core.system.pm.Settings.scanPackage(Settings.java:167)
05-23 13:44:57.888 20813 20813 W System.err: at top.niunaijun.blackbox.core.system.pm.BPackageManagerService.systemReady(BPackageMa nagerService.java:808)
05-23 13:44:57.888 20813 20813 W System.err: at top.niunaijun.blackbox.core.system.BlackBoxSystem.startup(BlackBoxSystem.java:74)
05-23 13:44:57.888 20813 20813 W System.err: at top.niunaijun.blackbox.core.system.SystemCallProvider.initSystem(SystemCallProvider .java:24)
05-23 13:44:57.888 20813 20813 W System.err: at top.niunaijun.blackbox.core.system.SystemCallProvider.onCreate(SystemCallProvider.j ava:20)
05-23 13:44:57.888 20813 20813 W System.err: at android.content.ContentProvider.attachInfo(ContentProvider.java:2630)
05-23 13:44:57.888 20813 20813 W System.err: at android.content.ContentProvider.attachInfo(ContentProvider.java:2600)
05-23 13:44:57.888 20813 20813 W System.err: at android.app.ActivityThread.installProvider(ActivityThread.java:7978)
05-23 13:44:57.888 20813 20813 W System.err: at android.app.ActivityThread.installContentProviders(ActivityThread.java:7481)
05-23 13:44:57.888 20813 20813 W System.err: at android.app.ActivityThread.handleBindApplication(ActivityThread.java:7174)
05-23 13:44:57.888 20813 20813 W System.err: at android.app.ActivityThread.-$ $Nest$mhandleBindApplication(Unknown Source:0)
05-23 13:44:57.888 20813 20813 W System.err: at android.app.ActivityThread$H.handleMessage(ActivityThread.java:2314)
05-23 13:44:57.888 20813 20813 W System.err: at android.os.Handler.dispatchMessage(Handler.java:106)
05-23 13:44:57.888 20813 20813 W System.err: at android.os.Looper.loopOnce(Looper.java:243)
05-23 13:44:57.888 20813 20813 W System.err: at android.os.Looper.loop(Looper.java:338)
05-23 13:44:57.888 20813 20813 W System.err: at android.app.ActivityThread.main(ActivityThread.java:8399)
05-23 13:44:57.888 20813 20813 W System.err: at java.lang.reflect.Method.invoke(Native Method)
05-23 13:44:57.888 20813 20813 W System.err: at com.android.internal.os.RuntimeInit$MethodAndArgsCaller.run(RuntimeInit.java:589)
05-23 13:44:57.888 20813 20813 W System.err: at com.android.internal.os.ZygoteInit.main(ZygoteInit.java:1055)
05-23 13:44:57.891 20813 20813 D BPackageManagerService: onPackageUninstalled: com.whatsapp.w4b, userId: -1
05-23 13:44:57.891 20813 20813 D Settings: bad Package: com.whatsapp.w4b --------- beginning of system
05-23 13:44:57.976 20813 20813 D TranClassInfo: instance successfully. com.transsion.hubcore.util.TranAtomFileImpl@86a5577 from com.transsion.hubcore.util.ITranAtomFile
05-23 13:44:57.977 20813 20813 W System : ClassLoader referenced unknown path: /system/framework/xmlprotect.jar
05-23 13:44:57.977 20813 20813 W TranClassInfo: instance failed. com.transsion.storage.xmlprotect.TranXmlProtectVerifyComponentImpl from com.transsion.hubcore.fileprotect.ITranXmlProtectVerifyComponent
05-23 13:44:57.977 20813 20813 W TranClassInfo: java.lang.ClassNotFoundException: com.transsion.storage.xmlprotect.TranXmlProtectVerifyComponentImpl
05-23 13:44:57.977 20813 20813 W TranClassInfo: at java.lang.Class.classForName(Native Method)
05-23 13:44:57.977 20813 20813 W TranClassInfo: at java.lang.Class.forName(Class.java:607)
05-23 13:44:57.977 20813 20813 W TranClassInfo: at com.transsion.hubcore.utils.TranClassInfo.getImpl(TranClassInfo.java:124)
05-23 13:44:57.977 20813 20813 W TranClassInfo: at com.transsion.hubcore.fileprotect.ITranXmlProtectVerifyComponent.Instance(ITranXmlP rotectVerifyComponent.java:18)
05-23 13:44:57.977 20813 20813 W TranClassInfo: at com.transsion.hubcore.util.TranAtomFileImpl.verifyFileBeforeFinishWrite(TranAtomFil eImpl.java:11)
05-23 13:44:57.977 20813 20813 W TranClassInfo: at android.util.AtomicFile.finishWrite(AtomicFile.java:193)
05-23 13:44:57.977 20813 20813 W TranClassInfo: at top.niunaijun.blackbox.core.system.pm.BPackageSettings.save(BPackageSettings.java:1 02)
05-23 13:44:57.977 20813 20813 W TranClassInfo: at top.niunaijun.blackbox.core.system.pm.Settings.updatePackageLP(Settings.java:202)
05-23 13:44:57.977 20813 20813 W TranClassInfo: at top.niunaijun.blackbox.core.system.pm.Settings.scanPackage(Settings.java:174)
05-23 13:44:57.977 20813 20813 W TranClassInfo: at top.niunaijun.blackbox.core.system.pm.Settings.scanPackage(Settings.java:167)
05-23 13:44:57.977 20813 20813 W TranClassInfo: at top.niunaijun.blackbox.core.system.pm.BPackageManagerService.systemReady(BPackageMa nagerService.java:808)
05-23 13:44:57.977 20813 20813 W TranClassInfo: at top.niunaijun.blackbox.core.system.BlackBoxSystem.startup(BlackBoxSystem.java:74)
05-23 13:44:57.977 20813 20813 W TranClassInfo: at top.niunaijun.blackbox.core.system.SystemCallProvider.initSystem(SystemCallProvider .java:24)
05-23 13:44:57.977 20813 20813 W TranClassInfo: at top.niunaijun.blackbox.core.system.SystemCallProvider.onCreate(SystemCallProvider.j ava:20)
05-23 13:44:57.977 20813 20813 W TranClassInfo: at android.content.ContentProvider.attachInfo(ContentProvider.java:2630)
05-23 13:44:57.977 20813 20813 W TranClassInfo: at android.content.ContentProvider.attachInfo(ContentProvider.java:2600)
05-23 13:44:57.977 20813 20813 W TranClassInfo: at android.app.ActivityThread.installProvider(ActivityThread.java:7978)
05-23 13:44:57.977 20813 20813 W TranClassInfo: at android.app.ActivityThread.installContentProviders(ActivityThread.java:7481)
05-23 13:44:57.977 20813 20813 W TranClassInfo: at android.app.ActivityThread.handleBindApplication(ActivityThread.java:7174)
05-23 13:44:57.977 20813 20813 W TranClassInfo: at android.app.ActivityThread.-$$Nest$mhandleBindApplication(Unknown Source:0)
05-23 13:44:57.977 20813 20813 W TranClassInfo: at android.app.ActivityThread$H.handleMessage(ActivityThread.java:2314)
05-23 13:44:57.977 20813 20813 W TranClassInfo: at android.os.Handler.dispatchMessage(Handler.java:106)
05-23 13:44:57.977 20813 20813 W TranClassInfo: at android.os.Looper.loopOnce(Looper.java:243)
05-23 13:44:57.977 20813 20813 W TranClassInfo: at android.os.Looper.loop(Looper.java:338)
05-23 13:44:57.977 20813 20813 W TranClassInfo: at android.app.ActivityThread.main(ActivityThread.java:8399)
05-23 13:44:57.977 20813 20813 W TranClassInfo: at java.lang.reflect.Method.invoke(Native Method)
05-23 13:44:57.977 20813 20813 W TranClassInfo: at com.android.internal.os.RuntimeInit$MethodAndArgsCaller.run(RuntimeInit.java:589)
05-23 13:44:57.977 20813 20813 W TranClassInfo: at com.android.internal.os.ZygoteInit.main(ZygoteInit.java:1055)
05-23 13:44:57.977 20813 20813 W TranClassInfo: Caused by: java.lang.ClassNotFoundException: com.transsion.storage.xmlprotect.TranXmlProtectVerifyComponentImpl
05-23 13:44:57.977 20813 20813 W TranClassInfo: ... 28 more
05-23 13:44:57.977 20813 20813 D TranClassInfo: using com.transsion.hubcore.fileprotect.ITranXmlProtectVerifyComponent$1@c10f902 instead of [com.transsion.storage.xmlprotect.TranXmlProtectVerifyComponentImpl] from com.transsion.hubcore.fileprotect.ITranXmlProtectVerifyComponent
05-23 13:44:57.977 20813 20813 D Settings: loaded Package: com.whatsapp
05-23 13:44:57.980 20813 20813 D BroadcastManager: register: com.whatsapp, size: 54
05-23 13:44:57.982 20813 20813 D CompatibilityChangeReporter: Compat change id reported: 160794467; UID 10309; state: ENABLED
05-23 13:44:58.021 20813 20813 D ActivityThread: Loading provider com.dual.space.parallel.apps.multiaccounts.appscloner.blackbox.SystemCallProvider: top.niunaijun.blackbox.core.system.SystemCallProvider
05-23 13:44:58.021 20813 20813 D SystemCallProvider: call: VM, Bundle[{_B_| _server_name_=package_manager}]
05-23 13:44:58.021 20813 20813 D BlackBoxCore: getService: package_manager, top.niunaijun.blackbox.core.system.pm.BPackageManagerService@d7c5d06
05-23 13:44:58.027 20813 20874 D SystemCallProvider: call: VM, Bundle[mParcelledData.dataSize=88]
05-23 13:44:58.027 15887 15887 D BlackBoxCore: getService: activity_manager, android.os.BinderProxy@e908980
05-23 13:44:58.028 20813 20877 D SystemCallProvider: call: VM, Bundle[mParcelledData.dataSize=76]
05-23 13:44:58.028 15887 15887 D BlackBoxCore: getService: job_manager, android.os.BinderProxy@66fbbb9
05-23 13:44:58.028 20813 20911 D SystemCallProvider: call: VM, Bundle[mParcelledData.dataSize=84]
05-23 13:44:58.028 15887 15887 D BlackBoxCore: getService: package_manager, android.os.BinderProxy@2db7bfe
05-23 13:44:58.028 20813 20915 D SystemCallProvider: call: VM, Bundle[mParcelledData.dataSize=84]
05-23 13:44:58.029 15887 15887 D BlackBoxCore: getService: storage_manager, android.os.BinderProxy@baf5f5f
05-23 13:44:58.029 20813 20915 D SystemCallProvider: call: VM, Bundle[mParcelledData.dataSize=80]
05-23 13:44:58.029 15887 15887 D BlackBoxCore: getService: user_manager, android.os.BinderProxy@b34bdac
05-23 13:44:58.029 20813 20915 D SystemCallProvider: call: VM, Bundle[mParcelledData.dataSize=84]
05-23 13:44:58.029 15887 15887 D BlackBoxCore: getService: xposed_manager, android.os.BinderProxy@6475a75
05-23 13:44:58.029 20813 20911 D SystemCallProvider: call: VM, Bundle[mParcelledData.dataSize=84]
05-23 13:44:58.030 15887 15887 D BlackBoxCore: getService: account_manager, android.os.BinderProxy@56f5a0a
05-23 13:44:58.030 20813 20915 D SystemCallProvider: call: VM, Bundle[mParcelledData.dataSize=88]
05-23 13:44:58.030 15887 15887 D BlackBoxCore: getService: location_manager, android.os.BinderProxy@b94927b
05-23 13:44:58.030 20813 20911 D SystemCallProvider: call: VM, Bundle[mParcelledData.dataSize=96]
05-23 13:44:58.030 15887 15887 D BlackBoxCore: getService: notification_manager, android.os.BinderProxy@9060898
05-23 13:44:58.031 20813 20813 D CompatibilityChangeReporter: Compat change id reported: 183155436; UID 10309; state: ENABLED
05-23 13:44:58.031 20813 20813 I FirebaseApp: Device unlocked: initializing all Firebase APIs for app [DEFAULT]
05-23 13:44:58.034 20813 20813 I FirebaseCrashlytics: Initializing Firebase Crashlytics 18.2.12 for com.dual.space.parallel.apps.multiaccounts.appscloner
05-23 13:44:58.034 20813 20813 D CompatibilityChangeReporter: Compat change id reported: 247079863; UID 10309; state: ENABLED
05-23 13:44:58.040 15887 20940 D libMEOW : meow new tls: 0xb4000073cfab80c0
05-23 13:44:58.040 15887 20940 D libMEOW : meow reload base cfg path: na
05-23 13:44:58.040 15887 20940 D libMEOW : meow reload overlay cfg path: na
05-23 13:44:58.040 15887 20940 W QT : qt_process_init() called
05-23 13:44:58.040 15887 20940 E QT : [QT]file does not exist
05-23 13:44:58.040 15887 20940 W QT : Support!!
05-23 13:44:58.044 15887 20940 I libMEOW_gift: open /data/performance/gift/arc.ini
05-23 13:44:58.044 15887 20940 E QT : [QT]file does not exist
05-23 13:44:58.044 15887 20940 D libMEOW : applied 1 plugins for [com.dual.space.parallel.apps.multiaccounts.appscloner]:
05-23 13:44:58.044 15887 20940 D libMEOW : plugin 1: [libMEOW_gift.so]: 0xb4000073bfa0d010
05-23 13:44:58.044 15887 20940 D libMEOW : rebuild call chain: 0xb4000073cfae80f0
05-23 13:44:58.045 15887 15887 D ActivityThread: ++ activityComponent:com.dual.space.parallel.apps.multiaccounts.appscloner/ com.dual.space.view.main.SplashActivity counts:1 ALEAK_CLEAR_SUPPORT:true
05-23 13:44:58.045 15887 20940 D libMEOW : meow delete tls: 0xb4000073cfab80c0
05-23 13:44:58.050 20813 20918 I DynamiteModule: Considering local module com.google.android.gms.measurement.dynamite:86 and remote module com.google.android.gms.measurement.dynamite:147
05-23 13:44:58.050 20813 20918 I DynamiteModule: Selected remote version of com.google.android.gms.measurement.dynamite, version >= 147
05-23 13:44:58.050 20813 20918 V DynamiteModule: Dynamite loader version >= 2, using loadModule2NoCrashUtils
05-23 13:44:58.052 15887 15887 D TranClassInfo: instance successfully. com.transsion.hubcore.app.TranActivityImpl@abec7e0 from com.transsion.hubcore.app.ITranActivity
05-23 13:44:58.053 15887 15887 I TranVersion: TranVersion static initializer: default = 34.2.1.1
05-23 13:44:58.053 15887 15887 I TranVersion: debug = false, debug_version = 34.2.1.1
05-23 13:44:58.053 15887 15887 D TranClassInfo: instance successfully. com.transsion.hubcore.spdopts.magellan.implement.TranMagellanActivityComponentImpl@ b618a99 from com.transsion.hubcore.magellan.ITranMagellanActivityComponent
05-23 13:44:58.060 20813 20947 D TranClassInfo: instance successfully. com.transsion.hubcore.database.sqlite.TranSQLiteDatabaseImpl@cf3a001 from com.transsion.hubcore.database.sqlite.ITranSQLiteDatabase
05-23 13:44:58.060 20813 20947 D TranClassInfo: instance successfully. com.transsion.hubcore.spdopts.others.implement.TranSQLiteDatabaseComponentImpl@419e a6 from com.transsion.hubcore.spdcomponent.ITranSQLiteDatabaseComponent
05-23 13:44:58.063 20813 20918 W System : ClassLoader referenced unknown path:
05-23 13:44:58.063 20813 20918 D nativeloader: Configuring clns-5 for other apk . target_sdk_version=36, uses_libraries=, library_path=/data/app/~~7zzpmQLnrso9ToswseIddA==/com.google.android.gms- o5_r_lBa4xRgZvAHonGvjA==/lib/arm64:/data/app/~~7zzpmQLnrso9ToswseIddA==/ com.google.android.gms-o5_r_lBa4xRgZvAHonGvjA==/base.apk!/lib/arm64-v8a, permitted_path=/data:/mnt/expand:/data/user/0/com.google.android.gms
05-23 13:44:58.071 15887 15887 D TranClassInfo: instance successfully. com.transsion.hubcore.view.TranViewImpl@f4b06a4 from com.transsion.hubcore.view.ITranView
05-23 13:44:58.071 15887 15887 D TranClassInfo: instance successfully. com.transsion.hubcore.spdopts.appturbo.implement.TranViewAppturboImpl@5cffc0d from com.transsion.hubcore.appturbo.ITranViewAppturboComponent
05-23 13:44:58.072 15887 15887 D TranClassInfo: instance successfully. com.transsion.hubcore.spdopts.appturbo.TranAppturboServiceImpl@76877c2 from com.transsion.hubcore.spdopts.appturbo.ITranAppturboService
05-23 13:44:58.074 15887 15887 D os.SingleLice: instance successfully. com.transsion.dragdrop.v1.DragDropLice@e0449d3 from com.transsion.dragdrop.DragDropLiceFactory
05-23 13:44:58.075 15887 15887 D os.SingleLiceFactory: instance successfully. com.transsion.dragdrop.v1.DragDropLice@e0449d3 from android.view.IViewLice
05-23 13:44:58.075 15887 15887 D os.LiceInfo: instance successfully. com.transsion.view.ViewLice@283e910 from android.view.IViewLice
05-23 13:44:58.078 15887 15887 D TranClassInfo: instance successfully. com.transsion.hubcore.spdopts.magellan.implement.TranMagellanViewComponentImpl@24a4 e0e from com.transsion.hubcore.magellan.ITranMagellanViewComponent
05-23 13:44:58.084 15887 15887 D CompatibilityChangeReporter: Compat change id reported: 210923482; UID 10309; state: ENABLED
05-23 13:44:58.098 15887 15887 D TranClassInfo: instance successfully. com.transsion.hubcore.internal.TranInternalViewImpl@5bcb682 from com.transsion.hubcore.internal.ITranInternalView
05-23 13:44:58.098 15887 15887 D os.SingleLiceFactory: using com.android.internal.IInternalViewLice$DefaultImpl@b818193 instead of com.transsion.activityembedding.ActivityEmbeddingLiceFactory from com.android.internal.IInternalViewLice
05-23 13:44:58.098 15887 15887 D os.SingleLice: instance successfully. com.transsion.whitenavigation.v1.WhiteNavigationLice@65125d0 from com.transsion.whitenavigation.WhiteNavigationLiceFactory
05-23 13:44:58.098 15887 15887 D os.SingleLiceFactory: instance successfully. com.transsion.whitenavigation.v1.WhiteNavigationLice@65125d0 from com.android.internal.IInternalViewLice
05-23 13:44:58.099 15887 15887 D os.SingleLice: instance successfully. com.transsion.screenshothelper.v1.ScreenShotHelperImplLice@8f2a9c9 from com.transsion.screenshothelper.ScreenShotHelperImplLiceFactory
05-23 13:44:58.099 15887 15887 D os.SingleLiceFactory: instance successfully. com.transsion.screenshothelper.v1.ScreenShotHelperImplLice@8f2a9c9 from com.android.internal.IInternalViewLice
05-23 13:44:58.099 15887 15887 D os.LiceInfo: instance successfully. com.transsion.internal.InternalViewLice@983b8ce from com.android.internal.IInternalViewLice
05-23 13:44:58.106 15887 15887 D TAG_1 : setup_billing_client: nullnull
05-23 13:44:58.110 20813 20970 E ppscloner:black: No package ID 6d found for resource ID 0x6d0b000f.
05-23 13:44:58.110 20813 20970 I FA : App measurement initialized, version: 125000
05-23 13:44:58.110 20813 20970 I FA : To enable debug logging run: adb shell setprop log.tag.FA VERBOSE
05-23 13:44:58.111 20813 20970 I FA : To enable faster debug mode event logging run:
05-23 13:44:58.111 20813 20970 I FA : adb shell setprop debug.firebase.analytics.app com.dual.space.parallel.apps.multiaccounts.appscloner
05-23 13:44:58.112 15887 15887 I PlayCore: UID: [10309] PID: [15887] AppUpdateService : requestUpdateInfo(com.dual.space.parallel.apps.multiaccounts.appscloner)
05-23 13:44:58.113 15887 20973 I PlayCore: UID: [10309] PID: [15887] AppUpdateService : Initiate binding to the service.
05-23 13:44:58.134 15887 15887 I DynamiteModule: Considering local module com.google.android.gms.ads.dynamite:0 and remote module com.google.android.gms.ads.dynamite:250505301
05-23 13:44:58.134 15887 15887 I DynamiteModule: Selected remote version of com.google.android.gms.ads.dynamite, version >= 250505301
05-23 13:44:58.145 15887 15887 D DynamitePackage: Instantiated singleton DynamitePackage.
05-23 13:44:58.145 15887 15887 D DynamitePackage: Instantiating com.google.android.gms.ads.ChimeraMobileAdsSettingManagerCreatorImpl
05-23 13:44:58.191 15887 15887 I WebViewFactory: Loading com.google.android.webview version 136.0.7103.60 (code 710306033)
05-23 13:44:58.193 15887 15887 W ziparchive: Unable to open '/data/app/~~GemI86YFEXrtUqkVTK-lbQ==/com.google.android.trichromelibrary_710306033 -d3_2QynreXo5JtyjzZwEXw==/base.dm': No such file or directory
05-23 13:44:58.193 15887 15887 W ziparchive: Unable to open '/data/app/~~GemI86YFEXrtUqkVTK-lbQ==/com.google.android.trichromelibrary_710306033 -d3_2QynreXo5JtyjzZwEXw==/base.dm': No such file or directory
05-23 13:44:58.193 15887 15887 W unts.appscloner: Entry not found
05-23 13:44:58.193 15887 15887 D nativeloader: Configuring clns-10 for other apk /data/app/~~GemI86YFEXrtUqkVTK-lbQ==/com.google.android.trichromelibrary_710306033- d3_2QynreXo5JtyjzZwEXw==/base.apk. target_sdk_version=35, uses_libraries=ALL, library_path=/data/app/~~7ZV-4BagYQpFQ1qDpOMdwg==/com.google.android.webview- 4H_sIAjmsIedidp0syHBQg==/lib/arm64:/data/app/~~7ZV-4BagYQpFQ1qDpOMdwg==/ com.google.android.webview-4H_sIAjmsIedidp0syHBQg==/base.apk!/lib/arm64-v8a:/data/ app/~~GemI86YFEXrtUqkVTK-lbQ==/com.google.android.trichromelibrary_710306033- d3_2QynreXo5JtyjzZwEXw==/base.apk!/lib/arm64-v8a, permitted_path=/data:/mnt/expand
05-23 13:44:58.193 15887 15887 D nativeloader: Extending system_exposed_libraries: libapuwareapusys.mtk.so:libapuwareapusys_v2.mtk.so:libapuwarexrp.mtk.so:libapuwarex rp_v2.mtk.so:libapuwareutils.mtk.so:libapuwareutils_v2.mtk.so:libapuwarehmp.mtk.so: libmcv_runtime_usdk.mtk.so:libneuron_graph_delegate.mtk.so:libneuronusdk_adapter.mt k.so:libtflite_mtk.mtk.so:libarmnn_ndk.mtk.so:libcmdl_ndk.mtk.so:libnir_neon_driver _ndk.mtk.so:libmvpu_runtime.mtk.so:libmvpu_runtime_pub.mtk.so:libmvpu_engine_pub.mt k.so:libmvpu_pattern_pub.mtk.so:libmvpuop_mtk_cv.mtk.so:libmvpuop_mtk_nn.mtk.so:lib mvpu_runtime_25.mtk.so:libmvpu_runtime_25_pub.mtk.so:libmvpu_engine_25_pub.mtk.so:l ibmvpu_pattern_25_pub.mtk.so:libmvpuop25_mtk_cv.mtk.so:libmvpuop25_mtk_nn.mtk.so:li bmvpu_config.mtk.so:libteeservice_client.trustonic.so
05-23 13:44:58.197 15887 15887 I unts.appscloner: Failed to add image file: Dex cache count and dex file count mismatch while trying to initialize from image
05-23 13:44:58.197 15887 15887 D nativeloader: Configuring clns-11 for other apk /data/app/~~7ZV-4BagYQpFQ1qDpOMdwg==/com.google.android.webview- 4H_sIAjmsIedidp0syHBQg==/base.apk. target_sdk_version=35, uses_libraries=, library_path=/data/app/~~7ZV-4BagYQpFQ1qDpOMdwg==/com.google.android.webview- 4H_sIAjmsIedidp0syHBQg==/lib/arm64:/data/app/~~7ZV-4BagYQpFQ1qDpOMdwg==/ com.google.android.webview-4H_sIAjmsIedidp0syHBQg==/base.apk!/lib/arm64-v8a:/data/ app/~~GemI86YFEXrtUqkVTK-lbQ==/com.google.android.trichromelibrary_710306033- d3_2QynreXo5JtyjzZwEXw==/base.apk!/lib/arm64-v8a, permitted_path=/data:/mnt/expand
05-23 13:44:58.212 15887 15887 I cr_WVCFactoryProvider: version=136.0.7103.60 (710306033) minSdkVersion=29 isBundle=true multiprocess=true packageId=127
05-23 13:44:58.218 15887 15887 D nativeloader: Load /data/app/~~GemI86YFEXrtUqkVTK- lbQ==/com.google.android.trichromelibrary_710306033-d3_2QynreXo5JtyjzZwEXw==/ base.apk!/lib/arm64-v8a/libmonochrome_64.so using ns clns-11 from class loader (caller=/data/app/~~7ZV-4BagYQpFQ1qDpOMdwg==/com.google.android.webview- 4H_sIAjmsIedidp0syHBQg==/base.apk): ok
05-23 13:44:58.219 15887 15887 D nativeloader: Load /system/lib64/libwebviewchromium_plat_support.so using ns clns-11 from class loader (caller=/data/app/~~7ZV-4BagYQpFQ1qDpOMdwg==/com.google.android.webview- 4H_sIAjmsIedidp0syHBQg==/base.apk): ok
05-23 13:44:58.221 15887 21019 I chromium: [0523/134458.221250:INFO:android_webview/browser/variations/variations_seed_loader. cc:67] Failed to open file for reading.: No such file or directory (2)
05-23 13:44:58.230 15887 15887 I cr_LibraryLoader: Successfully loaded native library
05-23 13:44:58.231 15887 15887 I cr_CachingUmaRecorder: Flushed 7 samples from 7 histograms, 0 samples were dropped.
05-23 13:44:58.234 15887 15887 I cr_CombinedPProvider: #registerProvider() provider:WV.J8@c2d1495 isPolicyCacheEnabled:false policyProvidersSize:0
05-23 13:44:58.236 15887 15887 I cr_PolicyProvider: #setManagerAndSource() 0
05-23 13:44:58.251 15887 15887 I cr_CombinedPProvider: #linkNativeInternal() 1
05-23 13:44:58.252 15887 15887 I cr_AppResProvider: #getApplicationRestrictionsFromUserManager() Bundle[EMPTY_PARCEL]
05-23 13:44:58.252 15887 15887 I cr_PolicyProvider: #notifySettingsAvailable() 0
05-23 13:44:58.252 15887 15887 I cr_CombinedPProvider: #onSettingsAvailable() 0
05-23 13:44:58.252 15887 15887 I cr_CombinedPProvider: #flushPolicies()
05-23 13:44:58.305 15887 15887 D CompatibilityChangeReporter: Compat change id reported: 214741472; UID 10309; state: ENABLED
05-23 13:44:58.311 15887 15887 D CompatibilityChangeReporter: Compat change id reported: 171228096; UID 10309; state: ENABLED
05-23 13:44:58.317 15887 15887 D MbrainDebugManagerImpl: getService failed
05-23 13:44:58.365 15887 20751 D ActivityThreadLice: received OSMessage 110001
05-23 13:44:58.366 15887 20751 D ActivityThreadLice: send OSMessage 110001 to [-1]
05-23 13:44:58.367 15887 20751 D OSServiceManager: update local os service os.activity from null to android.os.BinderProxy@ff55f4b
05-23 13:44:58.372 15887 15887 D TranClassInfo: instance successfully. com.transsion.hubcore.spdopts.appturbo.implement.TranActivityAppturboImpl@6932b35 from com.transsion.hubcore.appturbo.ITranActivityAppturboComponent
05-23 13:44:58.372 15887 15887 D TranActivityAppturboImpl: onResumeHork
05-23 13:44:58.376 15887 15887 I M-ProMotion: M-ProMotion is disabled
05-23 13:44:58.377 15887 20826 I FA : Tag Manager is not found and thus will not be used
05-23 13:44:58.381 15887 15887 I SurfaceFactory: [static] sSurfaceFactory = com.mediatek.view.impl.SurfaceFactoryImpl@c38ab7a
05-23 13:44:58.382 15887 15887 D CompatibilityChangeReporter: Compat change id reported: 237531167; UID 10309; state: DISABLED
05-23 13:44:58.386 15887 21065 D nativeloader: Load libpowerhalwrap_jni.so using system ns (caller=/system_ext/framework/mediatek-framework.jar): ok
05-23 13:44:58.386 15887 21065 I PowerHalWrapper: PowerHalWrapper.getInstance
05-23 13:44:58.391 15887 15887 D VRI[SplashActivity]: hardware acceleration = true, forceHwAccelerated = false
05-23 13:44:58.400 15887 15887 D libMEOW : meow new tls: 0xb4000073cfab80c0
05-23 13:44:58.400 15887 15887 D libMEOW : applied 1 plugins for [com.dual.space.parallel.apps.multiaccounts.appscloner]:
05-23 13:44:58.400 15887 15887 D libMEOW : plugin 1: [libMEOW_gift.so]: 0xb4000073bfa0d010
05-23 13:44:58.400 15887 15887 D libMEOW : rebuild call chain: 0xb4000073cfae80f0
05-23 13:44:58.401 15887 15887 D InputTransport: Create ARC handle: 0xb40000738fa6d700
05-23 13:44:58.401 15887 15887 D InputEventReceiver: Input log is disabled in InputEventReceiver.
05-23 13:44:58.401 15887 15887 D InputTransport: Input log is disabled in InputChannel.
05-23 13:44:58.406 15887 15887 D LicenseClient: Connected to the licensing service.
05-23 13:44:58.406 15887 21071 I CameraManagerGlobal: Connecting to camera service
05-23 13:44:58.407 15887 15887 I PlayCore: UID: [10309] PID: [15887] AppUpdateService : ServiceConnectionImpl.onServiceConnected(ComponentInfo{com.android.vending/ com.google.android.finsky.installservice.DevTriggeredUpdateService})
05-23 13:44:58.411 15887 21073 D LicenseClient: Sending request to licensing service...
05-23 13:44:58.413 15887 20973 I PlayCore: UID: [10309] PID: [15887] AppUpdateService : linkToDeath
05-23 13:44:58.421 15887 21041 W cr_media: BLUETOOTH_CONNECT permission is missing.
05-23 13:44:58.423 15887 21071 D TranClassInfo: instance successfully. com.transsion.camera.camadapter.Implement.TranCamAdapterComponentImpl@784d600 from com.transsion.hubcore.camadapter.ITranCamAdapterComponent
05-23 13:44:58.423 15887 21071 D TranClassInfo: instance successfully. com.transsion.hubcore.hardware.camera2.TranCameraManagerImpl@c34e39 from com.transsion.hubcore.hardware.camera2.ITranCameraManager
05-23 13:44:58.424 15887 21071 D TranCamManagerExt: ignore id:2
05-23 13:44:58.425 15887 21041 W cr_media: getBluetoothAdapter() requires BLUETOOTH permission
05-23 13:44:58.425 15887 21041 W cr_media: registerBluetoothIntentsIfNeeded: Requires BLUETOOTH permission
05-23 13:44:58.427 15887 20752 D TranCamManagerExt: id:2 ignore...
05-23 13:44:58.449 15887 21076 D libMEOW : meow new tls: 0xb4000073cfaf8100
05-23 13:44:58.449 15887 21076 D libMEOW : applied 1 plugins for [com.dual.space.parallel.apps.multiaccounts.appscloner]:
05-23 13:44:58.449 15887 21076 D libMEOW : plugin 1: [libMEOW_gift.so]: 0xb4000073bfa0d010
05-23 13:44:58.449 15887 21076 D libMEOW : rebuild call chain: 0xb4000073cfb08110
05-23 13:44:58.456 15887 21076 D vulkan : searching for layers in '/data/app/~~mjcCm2ttOhYh1RzB5x3hPQ==/com.dual.space.parallel.apps.multiaccounts.ap pscloner-Yb6z3v_P62cnnZxEKMG9gQ==/lib/arm64'
05-23 13:44:58.458 15887 21076 D vulkan : searching for layers in '/data/app/~~mjcCm2ttOhYh1RzB5x3hPQ==/com.dual.space.parallel.apps.multiaccounts.ap pscloner-Yb6z3v_P62cnnZxEKMG9gQ==/base.apk!/lib/arm64-v8a'
05-23 13:44:58.458 15887 21076 D vulkan : searching for layers in '/data/app/~~mjcCm2ttOhYh1RzB5x3hPQ==/com.dual.space.parallel.apps.multiaccounts.ap pscloner-Yb6z3v_P62cnnZxEKMG9gQ==/split_config.arm64_v8a.apk!/lib/arm64-v8a'
05-23 13:44:58.460 15887 21076 D vulkan : searching for layers in '/data/app/~~mjcCm2ttOhYh1RzB5x3hPQ==/com.dual.space.parallel.apps.multiaccounts.ap pscloner-Yb6z3v_P62cnnZxEKMG9gQ==/split_config.xxhdpi.apk!/lib/arm64-v8a'
05-23 13:44:58.462 15887 21076 W libc : Access denied finding property "vendor.debug.forcibly_enable_mtk_ray_tracing"
05-23 13:44:58.464 15887 15887 D BufferQueueConsumer: [](id:3e0f00000000,api:0,p:- 1,c:15887) connect: controlledByApp=false
05-23 13:44:58.466 15887 15887 E FBI : fbcNotifyBufferUX is NULL: undefined symbol: fbcNotifyBufferUX
05-23 13:44:58.466 15887 15887 E FBI : Can't load library: dlopen failed: library "libmagtsync.so" not found
05-23 13:44:58.467 15887 15887 I config_debug: updateDecorCaptionStatus: {0.84999 470mcc1mnc [en_US] ldltr sw360dp w360dp h776dp 480dpi nrml long widecg port night finger -keyb/v/h -nav/h winConfig={ mBounds=Rect(0, 0 - 1080, 2436) mAppBounds=Rect(0, 108 - 1080, 2436) mMaxBounds=Rect(0, 0 - 1080, 2436) mDisplayRotation=ROTATION_0 mWindowingMode=fullscreen mDisplayWindowingMode=fullscreen mMultiWindowMode=normal mMultiWindowId=0 mWindowResiable=6 mInLargeScreen=-1 mActivityType=standard mAlwaysOnTop=undefined mRotation=ROTATION_0} s.1 fontWeightAdjustment=0} fromMultiWindow: true
05-23 13:44:58.468 15887 20924 D libMEOW : meow new tls: 0xb4000073cfad80e0
05-23 13:44:58.468 15887 20924 D libMEOW : applied 1 plugins for [com.dual.space.parallel.apps.multiaccounts.appscloner]:
05-23 13:44:58.468 15887 20924 D libMEOW : plugin 1: [libMEOW_gift.so]: 0xb4000073bfa0d010
05-23 13:44:58.468 15887 20924 D libMEOW : rebuild call chain: 0xb4000073cfb28130
05-23 13:44:58.492 15887 20924 E OpenGLRenderer: Unable to match the desired swap behavior.
05-23 13:44:58.504 15887 20924 W libc : Access denied finding property "ro.vendor.mbrain.mode"
05-23 13:44:58.504 15887 20924 D unts.appscloner: Can't load libmbrainSDK
05-23 13:44:58.533 15887 20924 D BLASTBufferQueue: [VRI[SplashActivity]#0](f:0,a:1) acquireNextBufferLocked size=1080x2436 mFrameNumber=1 applyTransaction=true mTimestamp=45829341026115(auto) mPendingTransactions.size=0 graphicBufferId=68234145431552 transform=0
05-23 13:44:58.533 15887 20924 W libc : Access denied finding property "ro.vendor.mbrain.mode"
05-23 13:44:58.533 15887 20924 D unts.appscloner: Can't load libmbrainSDK
05-23 13:44:58.554 15887 21126 D productList: ife_time_in_app_purchase_dual_space
05-23 13:44:58.554 15887 21126 D productList: ife_time_in_app_purchase_dual_space_dics
05-23 13:44:58.570 15887 21124 D productList: one_month_subscription_dual_space
05-23 13:44:58.570 15887 21124 D productList: one_month_subscription_dual_space_disc
05-23 13:44:58.570 15887 21124 D productList: one_week_subscription_dual_space
05-23 13:44:58.570 15887 21124 D productList: one_week_subscription_dual_space_disc
05-23 13:44:58.570 15887 21124 D productList: one_year_subscription_dual_space
05-23 13:44:58.570 15887 21124 D productList: one_year_subscription_dual_space_dics
05-23 13:44:58.570 15887 21124 D productList: six_months_subscription_dual_space
05-23 13:44:58.570 15887 21124 D productList: six_months_subscription_dual_space_dics
05-23 13:44:58.570 15887 21124 D productList: three_months_sub_dual_space_disc
05-23 13:44:58.570 15887 21124 D productList: three_months_subscription_dual_space
05-23 13:44:58.573 15887 21073 D LicenseClient: Request to licensing service sent.
05-23 13:44:58.581 15887 20752 I LicenseClient: License check succeeded.
05-23 13:44:58.622 15887 15887 D app_purchased: not_purchase_app_MyApplication
05-23 13:44:58.694 15887 21027 D CompatibilityChangeReporter: Compat change id reported: 263076149; UID 10309; state: ENABLED
05-23 13:44:58.716 15887 21053 W AudioCapabilities: Unsupported mime audio/x-adpcm- dvi-ima
05-23 13:44:58.717 15887 21053 W AudioCapabilities: Unsupported mime audio/x-adpcm- dvi-ima
05-23 13:44:58.717 15887 21053 W AudioCapabilities: Unsupported mime audio/x-adpcm- ms
05-23 13:44:58.717 15887 21053 W AudioCapabilities: Unsupported mime audio/x-adpcm- ms
05-23 13:44:58.717 15887 21053 W AudioCapabilities: Unsupported mime audio/alac
05-23 13:44:58.717 15887 21053 W AudioCapabilities: Unsupported mime audio/alac
05-23 13:44:58.718 15887 21053 W AudioCapabilities: Unsupported mime audio/ape
05-23 13:44:58.718 15887 21053 W AudioCapabilities: Unsupported mime audio/ape
05-23 13:44:58.728 15887 21053 W VideoCapabilities: Unsupported mime image/vnd.android.heic
05-23 13:44:58.728 15887 21053 W VideoCapabilities: Unsupported mime image/vnd.android.heic
05-23 13:44:58.728 15887 21053 W VideoCapabilities: Unsupported mime image/vnd.android.heic
05-23 13:44:58.729 15887 21053 W VideoCapabilities: Unsupported mime image/vnd.android.heic
05-23 13:44:58.729 15887 21053 W VideoCapabilities: Unrecognized profile/level 32768/256 for video/mp4v-es
05-23 13:44:58.733 15887 21053 W VideoCapabilities: Unrecognized profile/level 32768/256 for video/mp4v-es
05-23 13:44:58.965 15887 15887 I Ads : JS: The jsLoaded GMSG has been sent (https://googleads.g.doubleclick.net/mads/static/mad/sdk/native/production/sdk- core-v40-impl.html:923)
05-23 13:44:59.513 15887 20752 I PlayCore: UID: [10309] PID: [15887] OnRequestInstallCallback : onRequestInfo
05-23 13:44:59.513 15887 20973 I PlayCore: UID: [10309] PID: [15887] AppUpdateService : Unbind from service.
05-23 13:44:59.514 15887 15887 D ContentValues: No Update available
05-23 13:44:59.865 15887 15887 D os.LiceInfo: instance successfully. com.transsion.message.bank.v1.MessageBankLice@3613a09 from com.transsion.message.bank.IMessageBankLice
05-23 13:44:59.874 15887 15887 D TranClassInfo: instance successfully. com.transsion.hubcore.internal.policy.TranDecorViewImpl@f584e2f from com.transsion.hubcore.internal.policy.ITranDecorView
05-23 13:44:59.926 15887 15887 D BANNER_ID: ca-app-pub-2769622665687343/8564447387
05-23 13:44:59.926 15887 15887 D BANNERLOVE: e721210ddbf169ca
05-23 13:44:59.926 15887 15887 D Banner bottom: 6
05-23 13:44:59.926 15887 15887 D AllFirebaseValue: sixmonthdiscountText ID 50% OFF
05-23 13:44:59.926 15887 15887 D AllFirebaseValue: oneyeardiscountText ID 40% OFF
05-23 13:44:59.926 15887 15887 D AllFirebaseValue: lifetimediscountText ID 65% OFF
05-23 13:44:59.926 15887 15887 D AllFirebaseValue: unknown_install ID true
05-23 13:44:59.926 15887 15887 D Pro_dialog_control: target_inapp ID 1
05-23 13:44:59.926 15887 15887 D Pro_dialog_control: continue_btn_text ID Purchase Now
05-23 13:44:59.926 15887 15887 D Pro_dialog_control: pro_textview_text ID Hurry up, 50% OFF Today Only!
05-23 13:44:59.926 15887 15887 D jsonObjectControlInAppDiscount: AdmobNativeStyleOnOFF ID false
05-23 13:44:59.926 15887 15887 D jsonObjectControlInAppDiscount: isNormalNativeON_OFF ID true
05-23 13:44:59.926 15887 15887 D jsonObjectControlInAppDiscount: isNormalNative_2_ON_OFF ID false
05-23 13:44:59.926 15887 15887 D jsonObjectControlInAppDiscount: isNormalBannerON_OFF ID true
05-23 13:44:59.926 15887 15887 D jsonObjectControlInAppDiscount: isNormalInterstitialON_OFF ID true
05-23 13:44:59.926 15887 15887 D jsonObjectControlInAppDiscount: isShowingNativeApplovinON_OFF ID true
05-23 13:44:59.926 15887 15887 D jsonObjectControlInAppDiscount: isShowingBannerApplovinON_OFF ID true
05-23 13:44:59.927 15887 15887 D jsonObjectControlInAppDiscount: preLoadAdmobNativeOnOff ID true
05-23 13:44:59.927 15887 15887 D jsonObjectControlInAppDiscount: preLoadAdmobBannerOnOff ID true
05-23 13:44:59.927 15887 15887 D jsonObjectControlInAppDiscount: preLoadAdmobInterstitialOnOff ID true
05-23 13:44:59.927 15887 15887 D jsonObjectControlInAppDiscount: isShowingInterstitialApplovinON_OFF ID true
05-23 13:44:59.927 15887 15887 D jsonObjectControlInAppDiscount: isShowingInterstitialVungleON_OFF ID false
05-23 13:44:59.927 15887 15887 D jsonObjectControlInAppDiscount: InterstitialCountDownMilliSec ID 0
05-23 13:44:59.927 15887 15887 D jsonObjectControlInAppDiscount: headingFirstTextDialog ID Please Wait
05-23 13:44:59.927 15887 15887 D jsonObjectControlInAppDiscount: headingSecondTextDialog ID Loading Ad
05-23 13:44:59.941 15887 15887 D BANNER_ID: ca-app-pub-2769622665687343/8564447387
05-23 13:44:59.941 15887 15887 D BANNERLOVE: e721210ddbf169ca
05-23 13:44:59.941 15887 15887 D Banner bottom: 6
05-23 13:44:59.941 15887 15887 D AllFirebaseValue: sixmonthdiscountText ID 50% OFF
05-23 13:44:59.941 15887 15887 D AllFirebaseValue: oneyeardiscountText ID 40% OFF
05-23 13:44:59.941 15887 15887 D AllFirebaseValue: lifetimediscountText ID 65% OFF
05-23 13:44:59.942 15887 15887 D AllFirebaseValue: unknown_install ID true
05-23 13:44:59.942 15887 15887 D Pro_dialog_control: target_inapp ID 1
05-23 13:44:59.942 15887 15887 D Pro_dialog_control: continue_btn_text ID Purchase Now
05-23 13:44:59.942 15887 15887 D Pro_dialog_control: pro_textview_text ID Hurry up, 50% OFF Today Only!
05-23 13:44:59.942 15887 15887 D jsonObjectControlInAppDiscount: AdmobNativeStyleOnOFF ID false
05-23 13:44:59.942 15887 15887 D jsonObjectControlInAppDiscount: isNormalNativeON_OFF ID true
05-23 13:44:59.942 15887 15887 D jsonObjectControlInAppDiscount: isNormalNative_2_ON_OFF ID false
05-23 13:44:59.942 15887 15887 D jsonObjectControlInAppDiscount: isNormalBannerON_OFF ID true
05-23 13:44:59.942 15887 15887 D jsonObjectControlInAppDiscount: isNormalInterstitialON_OFF ID true
05-23 13:44:59.942 15887 15887 D jsonObjectControlInAppDiscount: isShowingNativeApplovinON_OFF ID true
05-23 13:44:59.942 15887 15887 D jsonObjectControlInAppDiscount: isShowingBannerApplovinON_OFF ID true
05-23 13:44:59.942 15887 15887 D jsonObjectControlInAppDiscount: preLoadAdmobNativeOnOff ID true
05-23 13:44:59.942 15887 15887 D jsonObjectControlInAppDiscount: preLoadAdmobBannerOnOff ID true
05-23 13:44:59.942 15887 15887 D jsonObjectControlInAppDiscount: preLoadAdmobInterstitialOnOff ID true
05-23 13:44:59.942 15887 15887 D jsonObjectControlInAppDiscount: isShowingInterstitialApplovinON_OFF ID true
05-23 13:44:59.942 15887 15887 D jsonObjectControlInAppDiscount: isShowingInterstitialVungleON_OFF ID false
05-23 13:44:59.942 15887 15887 D jsonObjectControlInAppDiscount: InterstitialCountDownMilliSec ID 0
05-23 13:44:59.942 15887 15887 D jsonObjectControlInAppDiscount: headingFirstTextDialog ID Please Wait
05-23 13:44:59.942 15887 15887 D jsonObjectControlInAppDiscount: headingSecondTextDialog ID Loading Ad
05-23 13:44:59.988 15887 15887 D FAILED_TO_LOAD: failed
05-23 13:44:59.996 15887 15887 D DynamitePackage: Instantiating com.google.android.gms.ads.ChimeraAdManagerCreatorImpl
05-23 13:45:00.004 15887 15887 I Ads : Use RequestConfiguration.Builder().setTestDeviceIds(Arrays.asList("55D5C2FA57A4B98864BA 46E75484CB21")) to get test ads on this device.
05-23 13:45:00.038 15887 15887 I Ads : Please set theme of AdActivity to @android:style/Theme.Translucent to enable transparent background interstitial ad.
05-23 13:45:00.045 15887 20762 E unts.appscloner: No package ID 6d found for resource ID 0x6d0b000f.
05-23 13:45:00.045 15887 15887 W ServiceBindIntentUtils: Dynamic lookup for intent failed for action: com.google.android.gms.ads.service.CACHE
05-23 13:45:00.046 15887 21177 D nativeloader: Configuring clns-12 for other apk . target_sdk_version=34, uses_libraries=ALL, library_path=, permitted_path=/data:/mnt/expand
05-23 13:45:00.046 15887 21177 D nativeloader: Extending system_exposed_libraries: libapuwareapusys.mtk.so:libapuwareapusys_v2.mtk.so:libapuwarexrp.mtk.so:libapuwarex rp_v2.mtk.so:libapuwareutils.mtk.so:libapuwareutils_v2.mtk.so:libapuwarehmp.mtk.so: libmcv_runtime_usdk.mtk.so:libneuron_graph_delegate.mtk.so:libneuronusdk_adapter.mt k.so:libtflite_mtk.mtk.so:libarmnn_ndk.mtk.so:libcmdl_ndk.mtk.so:libnir_neon_driver _ndk.mtk.so:libmvpu_runtime.mtk.so:libmvpu_runtime_pub.mtk.so:libmvpu_engine_pub.mt k.so:libmvpu_pattern_pub.mtk.so:libmvpuop_mtk_cv.mtk.so:libmvpuop_mtk_nn.mtk.so:lib mvpu_runtime_25.mtk.so:libmvpu_runtime_25_pub.mtk.so:libmvpu_engine_25_pub.mtk.so:l ibmvpu_pattern_25_pub.mtk.so:libmvpuop25_mtk_cv.mtk.so:libmvpuop25_mtk_nn.mtk.so:li bmvpu_config.mtk.so:libteeservice_client.trustonic.so
05-23 13:45:00.050 15887 21177 D nativeloader: Load /data/user/0/com.dual.space.parallel.apps.multiaccounts.appscloner/app_pccache/ 5/489355508977D532C720E6C215E54A3904FCE000/pcam.jar!/libd7B2A6FE44B27.so using isolated ns clns-12 (caller=/data/user/0/com.dual.space.parallel.apps.multiaccounts.appscloner/ app_pccache/5/489355508977D532C720E6C215E54A3904FCE000/pcam.jar): ok
05-23 13:45:00.044 15887 15887 W AdWorker(Defaul: type=1400 audit(0.0:101007): avc: granted { execute } for path="/data/data/com.dual.space.parallel.apps.multiaccounts.appscloner/ app_pccache/5/489355508977D532C720E6C215E54A3904FCE000/pcam.jar" dev="dm-96" ino=539510 scontext=u:r:untrusted_app:s0:c53,c257,c512,c768 tcontext=u:object_r:app_data_file:s0:c53,c257,c512,c768 tclass=file app=com.dual.space.parallel.apps.multiaccounts.appscloner
05-23 13:45:00.057 15887 15887 D DynamitePackage: Instantiating com.google.android.gms.ads.ChimeraAdManagerCreatorImpl
05-23 13:45:00.058 15887 15887 I Ads : Use RequestConfiguration.Builder().setTestDeviceIds(Arrays.asList("55D5C2FA57A4B98864BA 46E75484CB21")) to get test ads on this device.
05-23 13:45:00.063 15887 15887 I Ads : Please set theme of AdActivity to @android:style/Theme.Translucent to enable transparent background interstitial ad.
05-23 13:45:00.072 15887 15887 D DynamitePackage: Instantiating com.google.android.gms.ads.ChimeraAdManagerCreatorImpl
05-23 13:45:00.075 15887 15887 I Ads : Use RequestConfiguration.Builder().setTestDeviceIds(Arrays.asList("55D5C2FA57A4B98864BA 46E75484CB21")) to get test ads on this device.
05-23 13:45:00.083 15887 15887 I Ads : Please set theme of AdActivity to @android:style/Theme.Translucent to enable transparent background interstitial ad.
05-23 13:45:00.089 15887 21015 W Ads : Not retrying to fetch app settings
05-23 13:45:00.091 15887 21009 W Ads : Not retrying to fetch app settings
05-23 13:45:00.092 15887 21192 W ServiceBindIntentUtils: Dynamic lookup for intent failed for action: com.google.android.gms.ads.service.START
05-23 13:45:00.097 15887 21008 W Ads : Not retrying to fetch app settings
05-23 13:45:00.100 15887 15887 D DynamitePackage: Instantiating com.google.android.gms.ads.ChimeraAdLoaderBuilderCreatorImpl
05-23 13:45:00.103 15887 15887 I Ads : Use RequestConfiguration.Builder().setTestDeviceIds(Arrays.asList("55D5C2FA57A4B98864BA 46E75484CB21")) to get test ads on this device.
05-23 13:45:00.114 15887 15887 I Ads : Please set theme of AdActivity to @android:style/Theme.Translucent to enable transparent background interstitial ad.
05-23 13:45:00.126 15887 21006 W Ads : Not retrying to fetch app settings
05-23 13:45:00.342 15887 15887 D ContentValues: Error while connecting to ad server: Failed to connect to googleads.g.doubleclick.net/0.0.0.0:443
05-23 13:45:00.342 15887 15887 I Ads : Ad failed to load : 0
05-23 13:45:00.362 15887 15887 D ContentValues: Error while connecting to ad server: Failed to connect to googleads.g.doubleclick.net/0.0.0.0:443
05-23 13:45:00.362 15887 15887 I Ads : Ad failed to load : 0
05-23 13:45:00.374 15887 21005 I Ads : Ad failed to load : 0
05-23 13:45:00.374 15887 15887 D ERROR_N : domain: com.google.android.gms.ads, code: 0, message: Error while connecting to ad server: Failed to connect to googleads.g.doubleclick.net/0.0.0.0:443
05-23 13:45:00.374 15887 15887 D ERROR_N : "
05-23 13:45:00.386 15887 15887 D ContentValues: onAdFailedToLoad: Error while connecting to ad server: Failed to connect to googleads.g.doubleclick.net/0.0.0.0:443
05-23 13:45:00.386 15887 15887 I Ads : Ad failed to load : 0
05-23 13:45:00.470 15887 15887 D DynamitePackage: Instantiating com.google.android.gms.ads.ChimeraAdManagerCreatorImpl
05-23 13:45:00.472 15887 15887 I Ads : Use RequestConfiguration.Builder().setTestDeviceIds(Arrays.asList("55D5C2FA57A4B98864BA 46E75484CB21")) to get test ads on this device.
05-23 13:45:00.478 15887 15887 I Ads : Please set theme of AdActivity to @android:style/Theme.Translucent to enable transparent background interstitial ad.
05-23 13:45:00.488 15887 21007 W Ads : Not retrying to fetch app settings
