05-23 13:45:08.991 15887 15887 I Ads : Please set theme of AdActivity to @android:style/Theme.Translucent to enable transparent background interstitial ad.
05-23 13:45:08.998 15887 21000 W Ads : Not retrying to fetch app settings
05-23 13:45:09.054 15887 15887 D ContentValues: onAdFailedToLoad: Error while connecting to ad server: Failed to connect to googleads.g.doubleclick.net/0.0.0.0:443
05-23 13:45:09.054 15887 15887 I Ads : Ad failed to load : 0
05-23 13:45:09.085 15887 15887 D DynamitePackage: Instantiating com.google.android.gms.ads.ChimeraAdManagerCreatorImpl
05-23 13:45:09.087 15887 15887 I Ads : Use RequestConfiguration.Builder().setTestDeviceIds(Arrays.asList("55D5C2FA57A4B98864BA 46E75484CB21")) to get test ads on this device.
05-23 13:45:09.090 15887 15887 I Ads : Please set theme of AdActivity to @android:style/Theme.Translucent to enable transparent background interstitial ad.
05-23 13:45:09.099 15887 21008 W Ads : Not retrying to fetch app settings
05-23 13:45:09.099 15887 21194 W ServiceBindIntentUtils: Dynamic lookup for intent failed for action: com.google.android.gms.ads.service.START
05-23 13:45:09.173 15887 15887 D ContentValues: onAdFailedToLoad: Error while connecting to ad server: Failed to connect to googleads.g.doubleclick.net/0.0.0.0:443
05-23 13:45:09.173 15887 15887 I Ads : Ad failed to load : 0
05-23 13:45:09.185 15887 15887 D DynamitePackage: Instantiating com.google.android.gms.ads.ChimeraAdManagerCreatorImpl
05-23 13:45:09.186 15887 15887 I Ads : Use RequestConfiguration.Builder().setTestDeviceIds(Arrays.asList("55D5C2FA57A4B98864BA 46E75484CB21")) to get test ads on this device.
05-23 13:45:09.190 15887 15887 I Ads : Please set theme of AdActivity to @android:style/Theme.Translucent to enable transparent background interstitial ad.
05-23 13:45:09.200 15887 21177 W Ads : Not retrying to fetch app settings
05-23 13:45:09.201 15887 21239 W ServiceBindIntentUtils: Dynamic lookup for intent failed for action: com.google.android.gms.ads.service.START
05-23 13:45:09.299 15887 15887 D ContentValues: onAdFailedToLoad: Error while connecting to ad server: Failed to connect to googleads.g.doubleclick.net/0.0.0.0:443
05-23 13:45:09.299 15887 15887 I Ads : Ad failed to load : 0
05-23 13:45:09.386 15887 15887 D DynamitePackage: Instantiating com.google.android.gms.ads.ChimeraAdManagerCreatorImpl
05-23 13:45:09.387 15887 15887 I Ads : Use RequestConfiguration.Builder().setTestDeviceIds(Arrays.asList("55D5C2FA57A4B98864BA 46E75484CB21")) to get test ads on this device.
05-23 13:45:09.392 15887 15887 I Ads : Please set theme of AdActivity to @android:style/Theme.Translucent to enable transparent background interstitial ad.
05-23 13:45:09.402 15887 20993 W Ads : Not retrying to fetch app settings
05-23 13:45:09.403 15887 21192 W ServiceBindIntentUtils: Dynamic lookup for intent failed for action: com.google.android.gms.ads.service.START
05-23 13:45:09.483 15887 15887 D ContentValues: onAdFailedToLoad: Error while connecting to ad server: Failed to connect to googleads.g.doubleclick.net/0.0.0.0:443
05-23 13:45:09.483 15887 15887 I Ads : Ad failed to load : 0
05-23 13:45:09.586 15887 15887 D DynamitePackage: Instantiating com.google.android.gms.ads.ChimeraAdManagerCreatorImpl
05-23 13:45:09.587 15887 15887 I Ads : Use RequestConfiguration.Builder().setTestDeviceIds(Arrays.asList("55D5C2FA57A4B98864BA 46E75484CB21")) to get test ads on this device.
05-23 13:45:09.591 15887 15887 I Ads : Please set theme of AdActivity to @android:style/Theme.Translucent to enable transparent background interstitial ad.
05-23 13:45:09.598 15887 21004 W Ads : Not retrying to fetch app settings
05-23 13:45:09.599 15887 21193 W ServiceBindIntentUtils: Dynamic lookup for intent failed for action: com.google.android.gms.ads.service.START
05-23 13:45:09.666 15887 15887 D ContentValues: onAdFailedToLoad: Error while connecting to ad server: Failed to connect to googleads.g.doubleclick.net/0.0.0.0:443
05-23 13:45:09.666 15887 15887 I Ads : Ad failed to load : 0
05-23 13:45:09.685 15887 15887 D DynamitePackage: Instantiating com.google.android.gms.ads.ChimeraAdManagerCreatorImpl
05-23 13:45:09.686 15887 15887 I Ads : Use RequestConfiguration.Builder().setTestDeviceIds(Arrays.asList("55D5C2FA57A4B98864BA 46E75484CB21")) to get test ads on this device.
05-23 13:45:09.691 15887 15887 I Ads : Please set theme of AdActivity to @android:style/Theme.Translucent to enable transparent background interstitial ad.
05-23 13:45:09.697 15887 20993 W Ads : Not retrying to fetch app settings
05-23 13:45:09.760 15887 15887 D ContentValues: onAdFailedToLoad: Error while connecting to ad server: Failed to connect to googleads.g.doubleclick.net/0.0.0.0:443
05-23 13:45:09.760 15887 15887 I Ads : Ad failed to load : 0
05-23 13:45:09.786 15887 15887 D DynamitePackage: Instantiating com.google.android.gms.ads.ChimeraAdManagerCreatorImpl
05-23 13:45:09.787 15887 15887 I Ads : Use RequestConfiguration.Builder().setTestDeviceIds(Arrays.asList("55D5C2FA57A4B98864BA 46E75484CB21")) to get test ads on this device.
05-23 13:45:09.794 15887 15887 I Ads : Please set theme of AdActivity to @android:style/Theme.Translucent to enable transparent background interstitial ad.
05-23 13:45:09.806 15887 21004 W Ads : Not retrying to fetch app settings
05-23 13:45:09.807 15887 21194 W ServiceBindIntentUtils: Dynamic lookup for intent failed for action: com.google.android.gms.ads.service.START
05-23 13:45:09.890 15887 15887 D ContentValues: onAdFailedToLoad: Error while connecting to ad server: Failed to connect to googleads.g.doubleclick.net/0.0.0.0:443
05-23 13:45:09.890 15887 15887 I Ads : Ad failed to load : 0
05-23 13:45:09.987 15887 15887 D DynamitePackage: Instantiating com.google.android.gms.ads.ChimeraAdManagerCreatorImpl
05-23 13:45:09.988 15887 15887 I Ads : Use RequestConfiguration.Builder().setTestDeviceIds(Arrays.asList("55D5C2FA57A4B98864BA 46E75484CB21")) to get test ads on this device.
05-23 13:45:09.991 15887 15887 I Ads : Please set theme of AdActivity to @android:style/Theme.Translucent to enable transparent background interstitial ad.
05-23 13:45:09.999 15887 21009 W Ads : Not retrying to fetch app settings
05-23 13:45:10.000 15887 21239 W ServiceBindIntentUtils: Dynamic lookup for intent failed for action: com.google.android.gms.ads.service.START
05-23 13:45:10.080 15887 15887 D ContentValues: onAdFailedToLoad: Error while connecting to ad server: Failed to connect to googleads.g.doubleclick.net/0.0.0.0:443
05-23 13:45:10.080 15887 15887 I Ads : Ad failed to load : 0
05-23 13:45:10.089 15887 15887 D DynamitePackage: Instantiating com.google.android.gms.ads.ChimeraAdManagerCreatorImpl
05-23 13:45:10.091 15887 15887 I Ads : Use RequestConfiguration.Builder().setTestDeviceIds(Arrays.asList("55D5C2FA57A4B98864BA 46E75484CB21")) to get test ads on this device.
05-23 13:45:10.096 15887 15887 I Ads : Please set theme of AdActivity to @android:style/Theme.Translucent to enable transparent background interstitial ad.
05-23 13:45:10.107 15887 20993 W Ads : Not retrying to fetch app settings
05-23 13:45:10.108 15887 21192 W ServiceBindIntentUtils: Dynamic lookup for intent failed for action: com.google.android.gms.ads.service.START
05-23 13:45:10.157 15887 21390 D libMEOW : meow new tls: 0xb4000073cfbe81f0
05-23 13:45:10.157 15887 21390 D libMEOW : applied 1 plugins for [com.dual.space.parallel.apps.multiaccounts.appscloner]:
05-23 13:45:10.157 15887 21390 D libMEOW : plugin 1: [libMEOW_gift.so]: 0xb4000073bfa0d010
05-23 13:45:10.157 15887 21390 D libMEOW : rebuild call chain: 0xb4000073cfbb81c0
05-23 13:45:10.157 15887 21390 D libMEOW : meow delete tls: 0xb4000073cfbe81f0
05-23 13:45:10.160 15887 15887 D ActivityThread: ++ activityComponent:com.dual.space.parallel.apps.multiaccounts.appscloner/ com.dual.space.view.main.ReturningUserActivity counts:1 ALEAK_CLEAR_SUPPORT:true
05-23 13:45:10.188 15887 15887 D DynamitePackage: Instantiating com.google.android.gms.ads.ChimeraAdLoaderBuilderCreatorImpl
05-23 13:45:10.190 15887 15887 I Ads : Use RequestConfiguration.Builder().setTestDeviceIds(Arrays.asList("55D5C2FA57A4B98864BA 46E75484CB21")) to get test ads on this device.
05-23 13:45:10.197 15887 15887 I Ads : Please set theme of AdActivity to @android:style/Theme.Translucent to enable transparent background interstitial ad.
05-23 13:45:10.201 15887 15887 D TranActivityAppturboImpl: onResumeHork
05-23 13:45:10.204 15887 15887 D VRI[ReturningUserActivity]: hardware acceleration = true, forceHwAccelerated = false
05-23 13:45:10.207 15887 20993 W Ads : Not retrying to fetch app settings
05-23 13:45:10.214 15887 15887 D InputTransport: Create ARC handle: 0xb40000738fab18c0
05-23 13:45:10.214 15887 15887 D InputEventReceiver: Input log is disabled in InputEventReceiver.
05-23 13:45:10.214 15887 15887 D InputTransport: Input log is disabled in InputChannel.
05-23 13:45:10.241 15887 15887 D BufferQueueConsumer: [](id:3e0f00000001,api:0,p:- 1,c:15887) connect: controlledByApp=false
05-23 13:45:10.242 15887 15887 I config_debug: updateDecorCaptionStatus: {0.84999 470mcc1mnc [en_US] ldltr sw360dp w360dp h776dp 480dpi nrml long widecg port night finger -keyb/v/h -nav/h winConfig={ mBounds=Rect(0, 0 - 1080, 2436) mAppBounds=Rect(0, 108 - 1080, 2436) mMaxBounds=Rect(0, 0 - 1080, 2436) mDisplayRotation=ROTATION_0 mWindowingMode=fullscreen mDisplayWindowingMode=fullscreen mMultiWindowMode=normal mMultiWindowId=0 mWindowResiable=6 mInLargeScreen=-1 mActivityType=standard mAlwaysOnTop=undefined mRotation=ROTATION_0} s.1 fontWeightAdjustment=0} fromMultiWindow: true
05-23 13:45:10.243 15887 20924 E OpenGLRenderer: Unable to match the desired swap behavior.
05-23 13:45:10.262 15887 20924 D BLASTBufferQueue: [VRI[ReturningUserActivity]#1] (f:0,a:1) acquireNextBufferLocked size=1080x2436 mFrameNumber=1 applyTransaction=true mTimestamp=45841070974116(auto) mPendingTransactions.size=0 graphicBufferId=68234145431559 transform=0
05-23 13:45:10.268 15887 15887 D ContentValues: onAdFailedToLoad: Error while connecting to ad server: Failed to connect to googleads.g.doubleclick.net/0.0.0.0:443
05-23 13:45:10.268 15887 15887 I Ads : Ad failed to load : 0
05-23 13:45:10.302 15887 20993 I Ads : Ad failed to load : 0
05-23 13:45:10.302 15887 15887 D ERROR_N : domain: com.google.android.gms.ads, code: 0, message: Error while connecting to ad server: Failed to connect to googleads.g.doubleclick.net/0.0.0.0:443
05-23 13:45:10.302 15887 15887 D ERROR_N : "
05-23 13:45:10.367 15887 15887 D DynamitePackage: Instantiating com.google.android.gms.ads.ChimeraAdManagerCreatorImpl
05-23 13:45:10.368 15887 15887 I Ads : Use RequestConfiguration.Builder().setTestDeviceIds(Arrays.asList("55D5C2FA57A4B98864BA 46E75484CB21")) to get test ads on this device.
05-23 13:45:10.371 15887 15887 I Ads : Please set theme of AdActivity to @android:style/Theme.Translucent to enable transparent background interstitial ad.
05-23 13:45:10.385 15887 21007 W Ads : Not retrying to fetch app settings
05-23 13:45:10.386 15887 21200 W ServiceBindIntentUtils: Dynamic lookup for intent failed for action: com.google.android.gms.ads.service.START
05-23 13:45:10.460 15887 15887 D BLASTBufferQueue: [VRI[SplashActivity]#0](f:0,a:1) destructor()
05-23 13:45:10.460 15887 15887 D BufferQueueConsumer: [VRI[SplashActivity]#0(BLAST Consumer)0](id:3e0f00000000,api:0,p:-1,c:15887) disconnect
05-23 13:45:10.465 15887 15887 D ActivityThread: mToDestroying.remove:ActivityRecord{6db6a6b token=android.os.BinderProxy@124cae5 {com.dual.space.parallel.apps.multiaccounts.appscloner/com.dual.space.view.main.Spl ashActivity}}
05-23 13:45:10.466 15887 15887 W WindowOnBackDispatcher: sendCancelIfRunning: isInProgress=falsecallback=android.view.ViewRootImpl$ $ExternalSyntheticLambda20@e9d32e1
05-23 13:45:10.466 15887 15887 D View : [Warning] assignParent to null: this = DecorView@f951a61[SplashActivity]
05-23 13:45:10.486 15887 15887 D InputTransport: Destroy ARC handle: 0xb40000738fa6d700
05-23 13:45:10.508 15887 15887 D ContentValues: onAdFailedToLoad: Error while connecting to ad server: Failed to connect to googleads.g.doubleclick.net/0.0.0.0:443
05-23 13:45:10.508 15887 15887 I Ads : Ad failed to load : 0
05-23 13:45:10.590 15887 15887 D DynamitePackage: Instantiating com.google.android.gms.ads.ChimeraAdManagerCreatorImpl
05-23 13:45:10.591 15887 15887 I Ads : Use RequestConfiguration.Builder().setTestDeviceIds(Arrays.asList("55D5C2FA57A4B98864BA 46E75484CB21")) to get test ads on this device.
05-23 13:45:10.594 15887 15887 I Ads : Please set theme of AdActivity to @android:style/Theme.Translucent to enable transparent background interstitial ad.
05-23 13:45:10.607 15887 21015 W Ads : Not retrying to fetch app settings
05-23 13:45:10.694 15887 15887 D ContentValues: onAdFailedToLoad: Error while connecting to ad server: Failed to connect to googleads.g.doubleclick.net/0.0.0.0:443
05-23 13:45:10.694 15887 15887 I Ads : Ad failed to load : 0
05-23 13:45:10.792 15887 15887 D DynamitePackage: Instantiating com.google.android.gms.ads.ChimeraAdManagerCreatorImpl
05-23 13:45:10.795 15887 15887 I Ads : Use RequestConfiguration.Builder().setTestDeviceIds(Arrays.asList("55D5C2FA57A4B98864BA 46E75484CB21")) to get test ads on this device.
05-23 13:45:10.802 15887 15887 I Ads : Please set theme of AdActivity to @android:style/Theme.Translucent to enable transparent background interstitial ad.
05-23 13:45:10.818 15887 21013 W Ads : Not retrying to fetch app settings
05-23 13:45:10.916 15887 15887 D ContentValues: onAdFailedToLoad: Error while connecting to ad server: Failed to connect to googleads.g.doubleclick.net/0.0.0.0:443
05-23 13:45:10.916 15887 15887 I Ads : Ad failed to load : 0
05-23 13:45:11.000 15887 15887 D DynamitePackage: Instantiating com.google.android.gms.ads.ChimeraAdManagerCreatorImpl
05-23 13:45:11.003 15887 15887 I Ads : Use RequestConfiguration.Builder().setTestDeviceIds(Arrays.asList("55D5C2FA57A4B98864BA 46E75484CB21")) to get test ads on this device.
05-23 13:45:11.011 15887 15887 I Ads : Please set theme of AdActivity to @android:style/Theme.Translucent to enable transparent background interstitial ad.
05-23 13:45:11.025 15887 21006 W Ads : Not retrying to fetch app settings
05-23 13:45:11.108 15887 15887 D ContentValues: onAdFailedToLoad: Error while connecting to ad server: Failed to connect to googleads.g.doubleclick.net/0.0.0.0:443
05-23 13:45:11.108 15887 15887 I Ads : Ad failed to load : 0
05-23 13:45:11.189 15887 15887 D DynamitePackage: Instantiating com.google.android.gms.ads.ChimeraAdManagerCreatorImpl
05-23 13:45:11.191 15887 15887 I Ads : Use RequestConfiguration.Builder().setTestDeviceIds(Arrays.asList("55D5C2FA57A4B98864BA 46E75484CB21")) to get test ads on this device.
05-23 13:45:11.194 15887 15887 I Ads : Please set theme of AdActivity to @android:style/Theme.Translucent to enable transparent background interstitial ad.
05-23 13:45:11.205 15887 21007 W Ads : Not retrying to fetch app settings
05-23 13:45:11.206 15887 21193 W ServiceBindIntentUtils: Dynamic lookup for intent failed for action: com.google.android.gms.ads.service.START
05-23 13:45:11.285 15887 15887 D ContentValues: onAdFailedToLoad: Error while connecting to ad server: Failed to connect to googleads.g.doubleclick.net/0.0.0.0:443
05-23 13:45:11.285 15887 15887 I Ads : Ad failed to load : 0
05-23 13:45:11.290 15887 15887 D DynamitePackage: Instantiating com.google.android.gms.ads.ChimeraAdManagerCreatorImpl
05-23 13:45:11.292 15887 15887 I Ads : Use RequestConfiguration.Builder().setTestDeviceIds(Arrays.asList("55D5C2FA57A4B98864BA 46E75484CB21")) to get test ads on this device.
05-23 13:45:11.297 15887 15887 I Ads : Please set theme of AdActivity to @android:style/Theme.Translucent to enable transparent background interstitial ad.
05-23 13:45:11.303 15887 21177 W Ads : Not retrying to fetch app settings
05-23 13:45:11.367 15887 15887 D ContentValues: onAdFailedToLoad: Error while connecting to ad server: Failed to connect to googleads.g.doubleclick.net/0.0.0.0:443
05-23 13:45:11.367 15887 15887 I Ads : Ad failed to load : 0
05-23 13:45:11.390 15887 15887 D DynamitePackage: Instantiating com.google.android.gms.ads.ChimeraAdManagerCreatorImpl
05-23 13:45:11.391 15887 15887 I Ads : Use RequestConfiguration.Builder().setTestDeviceIds(Arrays.asList("55D5C2FA57A4B98864BA 46E75484CB21")) to get test ads on this device.
05-23 13:45:11.396 15887 15887 I Ads : Please set theme of AdActivity to @android:style/Theme.Translucent to enable transparent background interstitial ad.
05-23 13:45:11.402 15887 21005 W Ads : Not retrying to fetch app settings
05-23 13:45:11.403 15887 21194 W ServiceBindIntentUtils: Dynamic lookup for intent failed for action: com.google.android.gms.ads.service.START
05-23 13:45:11.481 15887 15887 D ContentValues: onAdFailedToLoad: Error while connecting to ad server: Failed to connect to googleads.g.doubleclick.net/0.0.0.0:443
05-23 13:45:11.481 15887 15887 I Ads : Ad failed to load : 0
05-23 13:45:11.492 15887 15887 D DynamitePackage: Instantiating com.google.android.gms.ads.ChimeraAdManagerCreatorImpl
05-23 13:45:11.493 15887 15887 I Ads : Use RequestConfiguration.Builder().setTestDeviceIds(Arrays.asList("55D5C2FA57A4B98864BA 46E75484CB21")) to get test ads on this device.
05-23 13:45:11.500 15887 15887 I Ads : Please set theme of AdActivity to @android:style/Theme.Translucent to enable transparent background interstitial ad.
05-23 13:45:11.506 15887 21000 W Ads : Not retrying to fetch app settings
05-23 13:45:11.595 15887 15887 D ContentValues: onAdFailedToLoad: Error while connecting to ad server: Failed to connect to googleads.g.doubleclick.net/0.0.0.0:443
05-23 13:45:11.595 15887 15887 I Ads : Ad failed to load : 0
05-23 13:45:11.690 15887 15887 D DynamitePackage: Instantiating com.google.android.gms.ads.ChimeraAdManagerCreatorImpl
05-23 13:45:11.691 15887 15887 I Ads : Use RequestConfiguration.Builder().setTestDeviceIds(Arrays.asList("55D5C2FA57A4B98864BA 46E75484CB21")) to get test ads on this device.
05-23 13:45:11.694 15887 15887 I Ads : Please set theme of AdActivity to @android:style/Theme.Translucent to enable transparent background interstitial ad.
05-23 13:45:11.702 15887 21185 W Ads : Not retrying to fetch app settings
05-23 13:45:11.703 15887 21192 W ServiceBindIntentUtils: Dynamic lookup for intent failed for action: com.google.android.gms.ads.service.START
05-23 13:45:11.782 15887 21473 D libMEOW : meow new tls: 0xb4000073cfbb81c0
05-23 13:45:11.782 15887 21473 D libMEOW : applied 1 plugins for [com.dual.space.parallel.apps.multiaccounts.appscloner]:
05-23 13:45:11.782 15887 21473 D libMEOW : plugin 1: [libMEOW_gift.so]: 0xb4000073bfa0d010
05-23 13:45:11.783 15887 21473 D libMEOW : rebuild call chain: 0xb4000073cfbe81f0
05-23 13:45:11.783 15887 21473 D libMEOW : meow delete tls: 0xb4000073cfbb81c0
05-23 13:45:11.787 15887 15887 D ActivityThread: ++ activityComponent:com.dual.space.parallel.apps.multiaccounts.appscloner/ com.dual.space.view.inApp.InAppPurchaseNewScreen counts:1 ALEAK_CLEAR_SUPPORT:true
05-23 13:45:11.844 15887 15887 D CompatibilityChangeReporter: Compat change id reported: 247079863; UID 10309; state: ENABLED
05-23 13:45:11.848 15887 15887 D TranActivityAppturboImpl: onResumeHork
05-23 13:45:11.851 15887 15887 D VRI[InAppPurchaseNewScreen]: hardware acceleration = true, forceHwAccelerated = false
05-23 13:45:11.855 15887 15887 D InputTransport: Create ARC handle: 0xb40000738faa2980
05-23 13:45:11.855 15887 15887 D InputEventReceiver: Input log is disabled in InputEventReceiver.
05-23 13:45:11.855 15887 15887 D InputTransport: Input log is disabled in InputChannel.
05-23 13:45:11.856 15887 15887 D ContentValues: onAdFailedToLoad: Error while connecting to ad server: Failed to connect to googleads.g.doubleclick.net/0.0.0.0:443
05-23 13:45:11.856 15887 15887 I Ads : Ad failed to load : 0
05-23 13:45:11.859 15887 15887 D DynamitePackage: Instantiating com.google.android.gms.ads.ChimeraAdManagerCreatorImpl
05-23 13:45:11.860 15887 15887 I Ads : Use RequestConfiguration.Builder().setTestDeviceIds(Arrays.asList("55D5C2FA57A4B98864BA 46E75484CB21")) to get test ads on this device.
05-23 13:45:11.864 15887 15887 I Ads : Please set theme of AdActivity to @android:style/Theme.Translucent to enable transparent background interstitial ad.
05-23 13:45:11.873 15887 21149 W Ads : Not retrying to fetch app settings
05-23 13:45:11.874 15887 21193 W ServiceBindIntentUtils: Dynamic lookup for intent failed for action: com.google.android.gms.ads.service.START
05-23 13:45:11.897 15887 15887 D BufferQueueConsumer: [](id:3e0f00000002,api:0,p:- 1,c:15887) connect: controlledByApp=false
05-23 13:45:11.898 15887 15887 I config_debug: updateDecorCaptionStatus: {0.84999 470mcc1mnc [en_US] ldltr sw360dp w360dp h776dp 480dpi nrml long widecg port night finger -keyb/v/h -nav/h winConfig={ mBounds=Rect(0, 0 - 1080, 2436) mAppBounds=Rect(0, 108 - 1080, 2436) mMaxBounds=Rect(0, 0 - 1080, 2436) mDisplayRotation=ROTATION_0 mWindowingMode=fullscreen mDisplayWindowingMode=fullscreen mMultiWindowMode=normal mMultiWindowId=0 mWindowResiable=6 mInLargeScreen=-1 mActivityType=standard mAlwaysOnTop=undefined mRotation=ROTATION_0} s.1 fontWeightAdjustment=0} fromMultiWindow: true
05-23 13:45:11.899 15887 20924 E OpenGLRenderer: Unable to match the desired swap behavior.
05-23 13:45:11.935 15887 20924 D BLASTBufferQueue: [VRI[InAppPurchaseNewScreen]#2] (f:0,a:1) acquireNextBufferLocked size=1080x2436 mFrameNumber=1 applyTransaction=true mTimestamp=45842743361577(auto) mPendingTransactions.size=0 graphicBufferId=68234145431572 transform=0
05-23 13:45:12.036 15887 15887 D ContentValues: onAdFailedToLoad: Error while connecting to ad server: Failed to connect to googleads.g.doubleclick.net/0.0.0.0:443
05-23 13:45:12.037 15887 15887 I Ads : Ad failed to load : 0
05-23 13:45:12.059 15887 15887 D DynamitePackage: Instantiating com.google.android.gms.ads.ChimeraAdManagerCreatorImpl
05-23 13:45:12.061 15887 15887 I Ads : Use RequestConfiguration.Builder().setTestDeviceIds(Arrays.asList("55D5C2FA57A4B98864BA 46E75484CB21")) to get test ads on this device.
05-23 13:45:12.065 15887 15887 I Ads : Please set theme of AdActivity to @android:style/Theme.Translucent to enable transparent background interstitial ad.
05-23 13:45:12.074 15887 20993 W Ads : Not retrying to fetch app settings
05-23 13:45:12.125 15887 15887 D BLASTBufferQueue: [VRI[ReturningUserActivity]#1] (f:0,a:1) destructor()
05-23 13:45:12.125 15887 15887 D BufferQueueConsumer: [VRI[ReturningUserActivity]#1(BLAST Consumer)1](id:3e0f00000001,api:0,p:-1,c:15887) disconnect
05-23 13:45:12.134 15887 15887 D ActivityThread: mToDestroying.remove:ActivityRecord{fd59135 token=android.os.BinderProxy@8e41e52 {com.dual.space.parallel.apps.multiaccounts.appscloner/com.dual.space.view.main.Ret urningUserActivity}}
05-23 13:45:12.135 15887 15887 W WindowOnBackDispatcher: sendCancelIfRunning: isInProgress=falsecallback=android.view.ViewRootImpl$ $ExternalSyntheticLambda20@e058aeb
05-23 13:45:12.136 15887 15887 D View : [Warning] assignParent to null: this = DecorView@958873b[ReturningUserActivity]
05-23 13:45:12.140 15887 15887 D InputTransport: Destroy ARC handle: 0xb40000738fab18c0
05-23 13:45:12.152 15887 15887 D ContentValues: onAdFailedToLoad: Error while connecting to ad server: Failed to connect to googleads.g.doubleclick.net/0.0.0.0:443
05-23 13:45:12.152 15887 15887 I Ads : Ad failed to load : 0
05-23 13:45:12.162 15887 15887 D DynamitePackage: Instantiating com.google.android.gms.ads.ChimeraAdManagerCreatorImpl
05-23 13:45:12.163 15887 15887 I Ads : Use RequestConfiguration.Builder().setTestDeviceIds(Arrays.asList("55D5C2FA57A4B98864BA 46E75484CB21")) to get test ads on this device.
05-23 13:45:12.167 15887 15887 I Ads : Please set theme of AdActivity to @android:style/Theme.Translucent to enable transparent background interstitial ad.
05-23 13:45:12.176 15887 21006 W Ads : Not retrying to fetch app settings
05-23 13:45:12.246 15887 15887 D ContentValues: onAdFailedToLoad: Error while connecting to ad server: Failed to connect to googleads.g.doubleclick.net/0.0.0.0:443
05-23 13:45:12.246 15887 15887 I Ads : Ad failed to load : 0
05-23 13:45:12.261 15887 15887 D DynamitePackage: Instantiating com.google.android.gms.ads.ChimeraAdManagerCreatorImpl
05-23 13:45:12.262 15887 15887 I Ads : Use RequestConfiguration.Builder().setTestDeviceIds(Arrays.asList("55D5C2FA57A4B98864BA 46E75484CB21")) to get test ads on this device.
05-23 13:45:12.265 15887 15887 I Ads : Please set theme of AdActivity to @android:style/Theme.Translucent to enable transparent background interstitial ad.
05-23 13:45:12.275 15887 21177 W Ads : Not retrying to fetch app settings
05-23 13:45:12.352 15887 15887 D ContentValues: onAdFailedToLoad: Error while connecting to ad server: Failed to connect to googleads.g.doubleclick.net/0.0.0.0:443
05-23 13:45:12.352 15887 15887 I Ads : Ad failed to load : 0
05-23 13:45:12.362 15887 15887 D DynamitePackage: Instantiating com.google.android.gms.ads.ChimeraAdManagerCreatorImpl
05-23 13:45:12.363 15887 15887 I Ads : Use RequestConfiguration.Builder().setTestDeviceIds(Arrays.asList("55D5C2FA57A4B98864BA 46E75484CB21")) to get test ads on this device.
05-23 13:45:12.367 15887 15887 I Ads : Please set theme of AdActivity to @android:style/Theme.Translucent to enable transparent background interstitial ad.
05-23 13:45:12.377 15887 21014 W Ads : Not retrying to fetch app settings
05-23 13:45:12.450 15887 15887 D ContentValues: onAdFailedToLoad: Error while connecting to ad server: Failed to connect to googleads.g.doubleclick.net/0.0.0.0:443
05-23 13:45:12.451 15887 15887 I Ads : Ad failed to load : 0
05-23 13:45:12.462 15887 15887 D DynamitePackage: Instantiating com.google.android.gms.ads.ChimeraAdManagerCreatorImpl
05-23 13:45:12.464 15887 15887 I Ads : Use RequestConfiguration.Builder().setTestDeviceIds(Arrays.asList("55D5C2FA57A4B98864BA 46E75484CB21")) to get test ads on this device.
05-23 13:45:12.468 15887 15887 I Ads : Please set theme of AdActivity to @android:style/Theme.Translucent to enable transparent background interstitial ad.
05-23 13:45:12.477 15887 20993 W Ads : Not retrying to fetch app settings
05-23 13:45:12.555 15887 15887 D ContentValues: onAdFailedToLoad: Error while connecting to ad server: Failed to connect to googleads.g.doubleclick.net/0.0.0.0:443
05-23 13:45:12.555 15887 15887 I Ads : Ad failed to load : 0
05-23 13:45:12.563 15887 15887 D DynamitePackage: Instantiating com.google.android.gms.ads.ChimeraAdManagerCreatorImpl
05-23 13:45:12.564 15887 15887 I Ads : Use RequestConfiguration.Builder().setTestDeviceIds(Arrays.asList("55D5C2FA57A4B98864BA 46E75484CB21")) to get test ads on this device.
05-23 13:45:12.567 15887 15887 I Ads : Please set theme of AdActivity to @android:style/Theme.Translucent to enable transparent background interstitial ad.
05-23 13:45:12.576 15887 21014 W Ads : Not retrying to fetch app settings
05-23 13:45:12.655 15887 15887 D ContentValues: onAdFailedToLoad: Error while connecting to ad server: Failed to connect to googleads.g.doubleclick.net/0.0.0.0:443
05-23 13:45:12.655 15887 15887 I Ads : Ad failed to load : 0
05-23 13:45:12.663 15887 15887 D DynamitePackage: Instantiating com.google.android.gms.ads.ChimeraAdManagerCreatorImpl
05-23 13:45:12.664 15887 15887 I Ads : Use RequestConfiguration.Builder().setTestDeviceIds(Arrays.asList("55D5C2FA57A4B98864BA 46E75484CB21")) to get test ads on this device.
05-23 13:45:12.668 15887 15887 I Ads : Please set theme of AdActivity to @android:style/Theme.Translucent to enable transparent background interstitial ad.
05-23 13:45:12.676 15887 21007 W Ads : Not retrying to fetch app settings
05-23 13:45:12.737 15887 15887 D ContentValues: onAdFailedToLoad: Error while connecting to ad server: Failed to connect to googleads.g.doubleclick.net/0.0.0.0:443
05-23 13:45:12.737 15887 15887 I Ads : Ad failed to load : 0
05-23 13:45:12.762 15887 15887 D DynamitePackage: Instantiating com.google.android.gms.ads.ChimeraAdManagerCreatorImpl
05-23 13:45:12.763 15887 15887 I Ads : Use RequestConfiguration.Builder().setTestDeviceIds(Arrays.asList("55D5C2FA57A4B98864BA 46E75484CB21")) to get test ads on this device.
05-23 13:45:12.766 15887 15887 I Ads : Please set theme of AdActivity to @android:style/Theme.Translucent to enable transparent background interstitial ad.
05-23 13:45:12.776 15887 21007 W Ads : Not retrying to fetch app settings
05-23 13:45:12.778 15887 21239 W ServiceBindIntentUtils: Dynamic lookup for intent failed for action: com.google.android.gms.ads.service.START
05-23 13:45:12.862 15887 15887 D ContentValues: onAdFailedToLoad: Error while connecting to ad server: Failed to connect to googleads.g.doubleclick.net/0.0.0.0:443
05-23 13:45:12.862 15887 15887 I Ads : Ad failed to load : 0
05-23 13:45:12.963 15887 15887 D DynamitePackage: Instantiating com.google.android.gms.ads.ChimeraAdManagerCreatorImpl
05-23 13:45:12.964 15887 15887 I Ads : Use RequestConfiguration.Builder().setTestDeviceIds(Arrays.asList("55D5C2FA57A4B98864BA 46E75484CB21")) to get test ads on this device.
05-23 13:45:12.968 15887 15887 I Ads : Please set theme of AdActivity to @android:style/Theme.Translucent to enable transparent background interstitial ad.
05-23 13:45:12.978 15887 21000 W Ads : Not retrying to fetch app settings
05-23 13:45:12.979 15887 21192 W ServiceBindIntentUtils: Dynamic lookup for intent failed for action: com.google.android.gms.ads.service.START
05-23 13:45:13.057 15887 15887 D ContentValues: onAdFailedToLoad: Error while connecting to ad server: Failed to connect to googleads.g.doubleclick.net/0.0.0.0:443
05-23 13:45:13.057 15887 15887 I Ads : Ad failed to load : 0
05-23 13:45:13.063 15887 15887 D DynamitePackage: Instantiating com.google.android.gms.ads.ChimeraAdManagerCreatorImpl
05-23 13:45:13.064 15887 15887 I Ads : Use RequestConfiguration.Builder().setTestDeviceIds(Arrays.asList("55D5C2FA57A4B98864BA 46E75484CB21")) to get test ads on this device.
05-23 13:45:13.067 15887 15887 I Ads : Please set theme of AdActivity to @android:style/Theme.Translucent to enable transparent background interstitial ad.
05-23 13:45:13.077 15887 20993 W Ads : Not retrying to fetch app settings
05-23 13:45:13.121 15887 21172 D TranClassInfo: instance successfully. com.transsion.hubcore.view.TranSurfaceControlImpl@3457404 from com.transsion.hubcore.view.ITranSurfaceControl
05-23 13:45:13.125 15887 21172 D TranClassInfo: instance successfully. com.transsion.hubcore.widget.TranScrollPolicyImpl@d03cded from com.transsion.hubcore.widget.ITranScrollPolicy
05-23 13:45:13.125 15887 21172 D TranClassInfo: instance successfully. com.transsion.hubcore.spdopts.magellan.implement.TranScrollPolicyMagellanImpl@5ab14 22 from com.transsion.hubcore.magellan.ITranMagellanScrollPolicyComponent
05-23 13:45:13.148 15887 15887 D ContentValues: onAdFailedToLoad: Error while connecting to ad server: Failed to connect to googleads.g.doubleclick.net/0.0.0.0:443
05-23 13:45:13.148 15887 15887 I Ads : Ad failed to load : 0
05-23 13:45:13.163 15887 15887 D DynamitePackage: Instantiating com.google.android.gms.ads.ChimeraAdManagerCreatorImpl
05-23 13:45:13.165 15887 15887 I Ads : Use RequestConfiguration.Builder().setTestDeviceIds(Arrays.asList("55D5C2FA57A4B98864BA 46E75484CB21")) to get test ads on this device.
05-23 13:45:13.171 15887 15887 I Ads : Please set theme of AdActivity to @android:style/Theme.Translucent to enable transparent background interstitial ad.
05-23 13:45:13.180 15887 21149 W Ads : Not retrying to fetch app settings
05-23 13:45:13.196 15887 15887 D TranClassInfo: instance successfully. com.transsion.hubcore.internal.jank.TranFrameTrackerImpl@d8f713e from com.transsion.hubcore.internal.jank.ITranFrameTracker
05-23 13:45:13.196 15887 15887 I ScrollIdentify: on fling
05-23 13:45:13.200 15887 15887 D TranClassInfo: instance successfully. com.transsion.hubcore.widget.TranOverScrollerImpl@e884b9f from com.transsion.hubcore.widget.ITranOverScroller
05-23 13:45:13.255 15887 15887 D ContentValues: onAdFailedToLoad: Error while connecting to ad server: Failed to connect to googleads.g.doubleclick.net/0.0.0.0:443
05-23 13:45:13.256 15887 15887 I Ads : Ad failed to load : 0
05-23 13:45:13.264 15887 15887 D DynamitePackage: Instantiating com.google.android.gms.ads.ChimeraAdManagerCreatorImpl
05-23 13:45:13.265 15887 15887 I Ads : Use RequestConfiguration.Builder().setTestDeviceIds(Arrays.asList("55D5C2FA57A4B98864BA 46E75484CB21")) to get test ads on this device.
05-23 13:45:13.269 15887 15887 I Ads : Please set theme of AdActivity to @android:style/Theme.Translucent to enable transparent background interstitial ad.
05-23 13:45:13.281 15887 21000 W Ads : Not retrying to fetch app settings
05-23 13:45:13.281 15887 21194 W ServiceBindIntentUtils: Dynamic lookup for intent failed for action: com.google.android.gms.ads.service.START
05-23 13:45:13.348 15887 15887 D ContentValues: onAdFailedToLoad: Error while connecting to ad server: Failed to connect to googleads.g.doubleclick.net/0.0.0.0:443
05-23 13:45:13.348 15887 15887 I Ads : Ad failed to load : 0
05-23 13:45:13.365 15887 15887 D DynamitePackage: Instantiating com.google.android.gms.ads.ChimeraAdManagerCreatorImpl
05-23 13:45:13.367 15887 15887 I Ads : Use RequestConfiguration.Builder().setTestDeviceIds(Arrays.asList("55D5C2FA57A4B98864BA 46E75484CB21")) to get test ads on this device.
05-23 13:45:13.373 15887 15887 I Ads : Please set theme of AdActivity to @android:style/Theme.Translucent to enable transparent background interstitial ad.
05-23 13:45:13.459 15887 15887 D ContentValues: onAdFailedToLoad: Error while connecting to ad server: Failed to connect to googleads.g.doubleclick.net/0.0.0.0:443
05-23 13:45:13.459 15887 15887 I Ads : Ad failed to load : 0
05-23 13:45:13.465 15887 15887 D DynamitePackage: Instantiating com.google.android.gms.ads.ChimeraAdManagerCreatorImpl
05-23 13:45:13.467 15887 15887 I Ads : Use RequestConfiguration.Builder().setTestDeviceIds(Arrays.asList("55D5C2FA57A4B98864BA 46E75484CB21")) to get test ads on this device.
05-23 13:45:13.472 15887 15887 I Ads : Please set theme of AdActivity to @android:style/Theme.Translucent to enable transparent background interstitial ad.
05-23 13:45:13.483 15887 21177 W Ads : Not retrying to fetch app settings
05-23 13:45:13.554 15887 15887 D ContentValues: onAdFailedToLoad: Error while connecting to ad server: Failed to connect to googleads.g.doubleclick.net/0.0.0.0:443
05-23 13:45:13.554 15887 15887 I Ads : Ad failed to load : 0
05-23 13:45:13.576 15887 15887 D DynamitePackage: Instantiating com.google.android.gms.ads.ChimeraAdManagerCreatorImpl
05-23 13:45:13.577 15887 15887 I Ads : Use RequestConfiguration.Builder().setTestDeviceIds(Arrays.asList("55D5C2FA57A4B98864BA 46E75484CB21")) to get test ads on this device.
05-23 13:45:13.581 15887 15887 I Ads : Please set theme of AdActivity to @android:style/Theme.Translucent to enable transparent background interstitial ad.
05-23 13:45:13.601 15887 21013 W Ads : Not retrying to fetch app settings
05-23 13:45:13.606 15887 21193 W ServiceBindIntentUtils: Dynamic lookup for intent failed for action: com.google.android.gms.ads.service.START
05-23 13:45:13.673 15887 15887 D ContentValues: onAdFailedToLoad: Error while connecting to ad server: Failed to connect to googleads.g.doubleclick.net/0.0.0.0:443
05-23 13:45:13.673 15887 15887 I Ads : Ad failed to load : 0
05-23 13:45:13.776 15887 15887 D DynamitePackage: Instantiating com.google.android.gms.ads.ChimeraAdManagerCreatorImpl
05-23 13:45:13.777 15887 15887 I Ads : Use RequestConfiguration.Builder().setTestDeviceIds(Arrays.asList("55D5C2FA57A4B98864BA 46E75484CB21")) to get test ads on this device.
05-23 13:45:13.781 15887 15887 I Ads : Please set theme of AdActivity to @android:style/Theme.Translucent to enable transparent background interstitial ad.
05-23 13:45:13.793 15887 21149 W Ads : Not retrying to fetch app settings
05-23 13:45:13.795 15887 21200 W ServiceBindIntentUtils: Dynamic lookup for intent failed for action: com.google.android.gms.ads.service.START
05-23 13:45:13.875 15887 15887 D ContentValues: onAdFailedToLoad: Error while connecting to ad server: Failed to connect to googleads.g.doubleclick.net/0.0.0.0:443
05-23 13:45:13.875 15887 15887 I Ads : Ad failed to load : 0
05-23 13:45:13.986 15887 15887 D DynamitePackage: Instantiating com.google.android.gms.ads.ChimeraAdManagerCreatorImpl
05-23 13:45:13.988 15887 15887 I Ads : Use RequestConfiguration.Builder().setTestDeviceIds(Arrays.asList("55D5C2FA57A4B98864BA 46E75484CB21")) to get test ads on this device.
05-23 13:45:13.991 15887 15887 I Ads : Please set theme of AdActivity to @android:style/Theme.Translucent to enable transparent background interstitial ad.
05-23 13:45:14.004 15887 21009 W Ads : Not retrying to fetch app settings
05-23 13:45:14.005 15887 21194 W ServiceBindIntentUtils: Dynamic lookup for intent failed for action: com.google.android.gms.ads.service.START
05-23 13:45:14.115 15887 15887 D ContentValues: onAdFailedToLoad: Error while connecting to ad server: Failed to connect to googleads.g.doubleclick.net/0.0.0.0:443
05-23 13:45:14.115 15887 15887 I Ads : Ad failed to load : 0
05-23 13:45:14.128 15887 15887 I ScrollIdentify: on fling
05-23 13:45:14.187 15887 15887 D DynamitePackage: Instantiating com.google.android.gms.ads.ChimeraAdManagerCreatorImpl
05-23 13:45:14.189 15887 15887 I Ads : Use RequestConfiguration.Builder().setTestDeviceIds(Arrays.asList("55D5C2FA57A4B98864BA 46E75484CB21")) to get test ads on this device.
05-23 13:45:14.192 15887 15887 I Ads : Please set theme of AdActivity to @android:style/Theme.Translucent to enable transparent background interstitial ad.
05-23 13:45:14.208 15887 20999 W Ads : Not retrying to fetch app settings
05-23 13:45:14.210 15887 21239 W ServiceBindIntentUtils: Dynamic lookup for intent failed for action: com.google.android.gms.ads.service.START
05-23 13:45:14.273 15887 15887 D ContentValues: onAdFailedToLoad: Error while connecting to ad server: Failed to connect to googleads.g.doubleclick.net/0.0.0.0:443
05-23 13:45:14.273 15887 15887 I Ads : Ad failed to load : 0
05-23 13:45:14.288 15887 15887 D DynamitePackage: Instantiating com.google.android.gms.ads.ChimeraAdManagerCreatorImpl
05-23 13:45:14.289 15887 15887 I Ads : Use RequestConfiguration.Builder().setTestDeviceIds(Arrays.asList("55D5C2FA57A4B98864BA 46E75484CB21")) to get test ads on this device.
05-23 13:45:14.294 15887 15887 I Ads : Please set theme of AdActivity to @android:style/Theme.Translucent to enable transparent background interstitial ad.
05-23 13:45:14.308 15887 21005 W Ads : Not retrying to fetch app settings
05-23 13:45:14.309 15887 21192 W ServiceBindIntentUtils: Dynamic lookup for intent failed for action: com.google.android.gms.ads.service.START
05-23 13:45:14.372 15887 15887 D ContentValues: onAdFailedToLoad: Error while connecting to ad server: Failed to connect to googleads.g.doubleclick.net/0.0.0.0:443
05-23 13:45:14.372 15887 15887 I Ads : Ad failed to load : 0
05-23 13:45:14.388 15887 15887 D DynamitePackage: Instantiating com.google.android.gms.ads.ChimeraAdManagerCreatorImpl
05-23 13:45:14.389 15887 15887 I Ads : Use RequestConfiguration.Builder().setTestDeviceIds(Arrays.asList("55D5C2FA57A4B98864BA 46E75484CB21")) to get test ads on this device.
05-23 13:45:14.394 15887 15887 I Ads : Please set theme of AdActivity to @android:style/Theme.Translucent to enable transparent background interstitial ad.
05-23 13:45:14.404 15887 21013 W Ads : Not retrying to fetch app settings
05-23 13:45:14.485 15887 15887 D ContentValues: onAdFailedToLoad: Error while connecting to ad server: Failed to connect to googleads.g.doubleclick.net/0.0.0.0:443
05-23 13:45:14.485 15887 15887 I Ads : Ad failed to load : 0
05-23 13:45:14.588 15887 15887 D DynamitePackage: Instantiating com.google.android.gms.ads.ChimeraAdManagerCreatorImpl
05-23 13:45:14.589 15887 15887 I Ads : Use RequestConfiguration.Builder().setTestDeviceIds(Arrays.asList("55D5C2FA57A4B98864BA 46E75484CB21")) to get test ads on this device.
05-23 13:45:14.593 15887 15887 I Ads : Please set theme of AdActivity to @android:style/Theme.Translucent to enable transparent background interstitial ad.
05-23 13:45:14.606 15887 21177 W Ads : Not retrying to fetch app settings
05-23 13:45:14.668 15887 15887 D ContentValues: onAdFailedToLoad: Error while connecting to ad server: Failed to connect to googleads.g.doubleclick.net/0.0.0.0:443
05-23 13:45:14.668 15887 15887 I Ads : Ad failed to load : 0
05-23 13:45:14.691 15887 15887 D DynamitePackage: Instantiating com.google.android.gms.ads.ChimeraAdManagerCreatorImpl
05-23 13:45:14.693 15887 15887 I Ads : Use RequestConfiguration.Builder().setTestDeviceIds(Arrays.asList("55D5C2FA57A4B98864BA 46E75484CB21")) to get test ads on this device.
05-23 13:45:14.700 15887 15887 I Ads : Please set theme of AdActivity to @android:style/Theme.Translucent to enable transparent background interstitial ad.
05-23 13:45:14.717 15887 21014 W Ads : Not retrying to fetch app settings
05-23 13:45:14.800 15887 15887 D ContentValues: onAdFailedToLoad: Error while connecting to ad server: Failed to connect to googleads.g.doubleclick.net/0.0.0.0:443
05-23 13:45:14.800 15887 15887 I Ads : Ad failed to load : 0
05-23 13:45:14.902 15887 15887 D DynamitePackage: Instantiating com.google.android.gms.ads.ChimeraAdManagerCreatorImpl
05-23 13:45:14.904 15887 15887 I Ads : Use RequestConfiguration.Builder().setTestDeviceIds(Arrays.asList("55D5C2FA57A4B98864BA 46E75484CB21")) to get test ads on this device.
05-23 13:45:14.907 15887 15887 I Ads : Please set theme of AdActivity to @android:style/Theme.Translucent to enable transparent background interstitial ad.
05-23 13:45:14.919 15887 20999 W Ads : Not retrying to fetch app settings
05-23 13:45:14.919 15887 21239 W ServiceBindIntentUtils: Dynamic lookup for intent failed for action: com.google.android.gms.ads.service.START
05-23 13:45:15.000 15887 15887 D ContentValues: onAdFailedToLoad: Error while connecting to ad server: Failed to connect to googleads.g.doubleclick.net/0.0.0.0:443
05-23 13:45:15.000 15887 15887 I Ads : Ad failed to load : 0
05-23 13:45:15.102 15887 15887 D DynamitePackage: Instantiating com.google.android.gms.ads.ChimeraAdManagerCreatorImpl
05-23 13:45:15.104 15887 15887 I Ads : Use RequestConfiguration.Builder().setTestDeviceIds(Arrays.asList("55D5C2FA57A4B98864BA 46E75484CB21")) to get test ads on this device.
05-23 13:45:15.108 15887 15887 I Ads : Please set theme of AdActivity to @android:style/Theme.Translucent to enable transparent background interstitial ad.
05-23 13:45:15.120 15887 21007 W Ads : Not retrying to fetch app settings
05-23 13:45:15.121 15887 21192 W ServiceBindIntentUtils: Dynamic lookup for intent failed for action: com.google.android.gms.ads.service.START
05-23 13:45:15.204 15887 15887 D ContentValues: onAdFailedToLoad: Error while connecting to ad server: Failed to connect to googleads.g.doubleclick.net/0.0.0.0:443
05-23 13:45:15.205 15887 15887 I Ads : Ad failed to load : 0
05-23 13:45:15.261 15887 15887 I ScrollIdentify: on fling
05-23 13:45:15.301 15887 15887 D DynamitePackage: Instantiating com.google.android.gms.ads.ChimeraAdManagerCreatorImpl
05-23 13:45:15.302 15887 15887 I Ads : Use RequestConfiguration.Builder().setTestDeviceIds(Arrays.asList("55D5C2FA57A4B98864BA 46E75484CB21")) to get test ads on this device.
05-23 13:45:15.305 15887 15887 I Ads : Please set theme of AdActivity to @android:style/Theme.Translucent to enable transparent background interstitial ad.
05-23 13:45:15.321 15887 21004 W Ads : Not retrying to fetch app settings
05-23 13:45:15.322 15887 21193 W ServiceBindIntentUtils: Dynamic lookup for intent failed for action: com.google.android.gms.ads.service.START
05-23 13:45:15.390 15887 15887 D ContentValues: onAdFailedToLoad: Error while connecting to ad server: Failed to connect to googleads.g.doubleclick.net/0.0.0.0:443
05-23 13:45:15.390 15887 15887 I Ads : Ad failed to load : 0
05-23 13:45:15.401 15887 15887 D DynamitePackage: Instantiating com.google.android.gms.ads.ChimeraAdManagerCreatorImpl
05-23 13:45:15.402 15887 15887 I Ads : Use RequestConfiguration.Builder().setTestDeviceIds(Arrays.asList("55D5C2FA57A4B98864BA 46E75484CB21")) to get test ads on this device.
05-23 13:45:15.406 15887 15887 I Ads : Please set theme of AdActivity to @android:style/Theme.Translucent to enable transparent background interstitial ad.
05-23 13:45:15.417 15887 21004 W Ads : Not retrying to fetch app settings
05-23 13:45:15.474 15887 15887 D ContentValues: onAdFailedToLoad: Error while connecting to ad server: Failed to connect to googleads.g.doubleclick.net/0.0.0.0:443
05-23 13:45:15.474 15887 15887 I Ads : Ad failed to load : 0
05-23 13:45:15.500 15887 15887 D DynamitePackage: Instantiating com.google.android.gms.ads.ChimeraAdManagerCreatorImpl
05-23 13:45:15.501 15887 15887 I Ads : Use RequestConfiguration.Builder().setTestDeviceIds(Arrays.asList("55D5C2FA57A4B98864BA 46E75484CB21")) to get test ads on this device.
05-23 13:45:15.505 15887 15887 I Ads : Please set theme of AdActivity to @android:style/Theme.Translucent to enable transparent background interstitial ad.
05-23 13:45:15.519 15887 21007 W Ads : Not retrying to fetch app settings
05-23 13:45:15.520 15887 21194 W ServiceBindIntentUtils: Dynamic lookup for intent failed for action: com.google.android.gms.ads.service.START
05-23 13:45:15.584 15887 15887 D ContentValues: onAdFailedToLoad: Error while connecting to ad server: Failed to connect to googleads.g.doubleclick.net/0.0.0.0:443
05-23 13:45:15.584 15887 15887 I Ads : Ad failed to load : 0
05-23 13:45:15.599 15887 15887 D DynamitePackage: Instantiating com.google.android.gms.ads.ChimeraAdManagerCreatorImpl
05-23 13:45:15.600 15887 15887 I Ads : Use RequestConfiguration.Builder().setTestDeviceIds(Arrays.asList("55D5C2FA57A4B98864BA 46E75484CB21")) to get test ads on this device.
05-23 13:45:15.603 15887 15887 I Ads : Please set theme of AdActivity to @android:style/Theme.Translucent to enable transparent background interstitial ad.
05-23 13:45:15.617 15887 21177 W Ads : Not retrying to fetch app settings
05-23 13:45:15.675 15887 15887 D ContentValues: onAdFailedToLoad: Error while connecting to ad server: Failed to connect to googleads.g.doubleclick.net/0.0.0.0:443
05-23 13:45:15.675 15887 15887 I Ads : Ad failed to load : 0
05-23 13:45:15.704 15887 15887 D DynamitePackage: Instantiating com.google.android.gms.ads.ChimeraAdManagerCreatorImpl
05-23 13:45:15.705 15887 15887 I Ads : Use RequestConfiguration.Builder().setTestDeviceIds(Arrays.asList("55D5C2FA57A4B98864BA 46E75484CB21")) to get test ads on this device.
05-23 13:45:15.709 15887 15887 I Ads : Please set theme of AdActivity to @android:style/Theme.Translucent to enable transparent background interstitial ad.
05-23 13:45:15.722 15887 21005 W Ads : Not retrying to fetch app settings
05-23 13:45:15.723 15887 21192 W ServiceBindIntentUtils: Dynamic lookup for intent failed for action: com.google.android.gms.ads.service.START
05-23 13:45:15.792 15887 15887 D ContentValues: onAdFailedToLoad: Error while connecting to ad server: Failed to connect to googleads.g.doubleclick.net/0.0.0.0:443
05-23 13:45:15.792 15887 15887 I Ads : Ad failed to load : 0
05-23 13:45:15.812 15887 15887 D DynamitePackage: Instantiating com.google.android.gms.ads.ChimeraAdManagerCreatorImpl
05-23 13:45:15.813 15887 15887 I Ads : Use RequestConfiguration.Builder().setTestDeviceIds(Arrays.asList("55D5C2FA57A4B98864BA 46E75484CB21")) to get test ads on this device.
05-23 13:45:15.819 15887 15887 I Ads : Please set theme of AdActivity to @android:style/Theme.Translucent to enable transparent background interstitial ad.
05-23 13:45:15.831 15887 21015 W Ads : Not retrying to fetch app settings
05-23 13:45:15.930 15887 15887 D ContentValues: onAdFailedToLoad: Error while connecting to ad server: Failed to connect to googleads.g.doubleclick.net/0.0.0.0:443
05-23 13:45:15.930 15887 15887 I Ads : Ad failed to load : 0
05-23 13:45:16.014 15887 15887 D DynamitePackage: Instantiating com.google.android.gms.ads.ChimeraAdManagerCreatorImpl
05-23 13:45:16.015 15887 15887 I Ads : Use RequestConfiguration.Builder().setTestDeviceIds(Arrays.asList("55D5C2FA57A4B98864BA 46E75484CB21")) to get test ads on this device.
05-23 13:45:16.019 15887 15887 I Ads : Please set theme of AdActivity to @android:style/Theme.Translucent to enable transparent background interstitial ad.
05-23 13:45:16.029 15887 21177 W Ads : Not retrying to fetch app settings
05-23 13:45:16.116 15887 15887 D ContentValues: onAdFailedToLoad: Error while connecting to ad server: Failed to connect to googleads.g.doubleclick.net/0.0.0.0:443
05-23 13:45:16.116 15887 15887 I Ads : Ad failed to load : 0
05-23 13:45:16.213 15887 15887 D DynamitePackage: Instantiating com.google.android.gms.ads.ChimeraAdManagerCreatorImpl
05-23 13:45:16.214 15887 15887 I Ads : Use RequestConfiguration.Builder().setTestDeviceIds(Arrays.asList("55D5C2FA57A4B98864BA 46E75484CB21")) to get test ads on this device.
05-23 13:45:16.218 15887 15887 I Ads : Please set theme of AdActivity to @android:style/Theme.Translucent to enable transparent background interstitial ad.
05-23 13:45:16.228 15887 20999 W Ads : Not retrying to fetch app settings
05-23 13:45:16.308 15887 15887 D ContentValues: onAdFailedToLoad: Error while connecting to ad server: Failed to connect to googleads.g.doubleclick.net/0.0.0.0:443
05-23 13:45:16.308 15887 15887 I Ads : Ad failed to load : 0
05-23 13:45:16.314 15887 15887 D DynamitePackage: Instantiating com.google.android.gms.ads.ChimeraAdManagerCreatorImpl
05-23 13:45:16.316 15887 15887 I Ads : Use RequestConfiguration.Builder().setTestDeviceIds(Arrays.asList("55D5C2FA57A4B98864BA 46E75484CB21")) to get test ads on this device.
