05-23 13:45:16.319 15887 15887 I Ads : Please set theme of AdActivity to @android:style/Theme.Translucent to enable transparent background interstitial ad.
05-23 13:45:16.335 15887 21009 W Ads : Not retrying to fetch app settings
05-23 13:45:16.425 15887 15887 D ContentValues: onAdFailedToLoad: Error while connecting to ad server: Failed to connect to googleads.g.doubleclick.net/0.0.0.0:443
05-23 13:45:16.425 15887 15887 I Ads : Ad failed to load : 0
05-23 13:45:16.513 15887 15887 D DynamitePackage: Instantiating com.google.android.gms.ads.ChimeraAdManagerCreatorImpl
05-23 13:45:16.515 15887 15887 I Ads : Use RequestConfiguration.Builder().setTestDeviceIds(Arrays.asList("55D5C2FA57A4B98864BA 46E75484CB21")) to get test ads on this device.
05-23 13:45:16.517 15887 15887 I Ads : Please set theme of AdActivity to @android:style/Theme.Translucent to enable transparent background interstitial ad.
05-23 13:45:16.528 15887 21007 W Ads : Not retrying to fetch app settings
05-23 13:45:16.529 15887 21192 W ServiceBindIntentUtils: Dynamic lookup for intent failed for action: com.google.android.gms.ads.service.START
05-23 13:45:16.607 15887 15887 D ContentValues: onAdFailedToLoad: Error while connecting to ad server: Failed to connect to googleads.g.doubleclick.net/0.0.0.0:443
05-23 13:45:16.607 15887 15887 I Ads : Ad failed to load : 0
05-23 13:45:16.613 15887 15887 D DynamitePackage: Instantiating com.google.android.gms.ads.ChimeraAdManagerCreatorImpl
05-23 13:45:16.615 15887 15887 I Ads : Use RequestConfiguration.Builder().setTestDeviceIds(Arrays.asList("55D5C2FA57A4B98864BA 46E75484CB21")) to get test ads on this device.
05-23 13:45:16.619 15887 15887 I Ads : Please set theme of AdActivity to @android:style/Theme.Translucent to enable transparent background interstitial ad.
05-23 13:45:16.628 15887 21005 W Ads : Not retrying to fetch app settings
05-23 13:45:16.704 15887 15887 D ContentValues: onAdFailedToLoad: Error while connecting to ad server: Failed to connect to googleads.g.doubleclick.net/0.0.0.0:443
05-23 13:45:16.704 15887 15887 I Ads : Ad failed to load : 0
05-23 13:45:16.714 15887 15887 D DynamitePackage: Instantiating com.google.android.gms.ads.ChimeraAdManagerCreatorImpl
05-23 13:45:16.715 15887 15887 I Ads : Use RequestConfiguration.Builder().setTestDeviceIds(Arrays.asList("55D5C2FA57A4B98864BA 46E75484CB21")) to get test ads on this device.
05-23 13:45:16.718 15887 15887 I Ads : Please set theme of AdActivity to @android:style/Theme.Translucent to enable transparent background interstitial ad.
05-23 13:45:16.728 15887 21006 W Ads : Not retrying to fetch app settings
05-23 13:45:16.795 15887 15887 D ContentValues: onAdFailedToLoad: Error while connecting to ad server: Failed to connect to googleads.g.doubleclick.net/0.0.0.0:443
05-23 13:45:16.795 15887 15887 I Ads : Ad failed to load : 0
05-23 13:45:16.814 15887 15887 D DynamitePackage: Instantiating com.google.android.gms.ads.ChimeraAdManagerCreatorImpl
05-23 13:45:16.815 15887 15887 I Ads : Use RequestConfiguration.Builder().setTestDeviceIds(Arrays.asList("55D5C2FA57A4B98864BA 46E75484CB21")) to get test ads on this device.
05-23 13:45:16.818 15887 15887 I Ads : Please set theme of AdActivity to @android:style/Theme.Translucent to enable transparent background interstitial ad.
05-23 13:45:16.829 15887 21008 W Ads : Not retrying to fetch app settings
05-23 13:45:16.897 15887 15887 D ContentValues: onAdFailedToLoad: Error while connecting to ad server: Failed to connect to googleads.g.doubleclick.net/0.0.0.0:443
05-23 13:45:16.897 15887 15887 I Ads : Ad failed to load : 0
05-23 13:45:16.914 15887 15887 D DynamitePackage: Instantiating com.google.android.gms.ads.ChimeraAdManagerCreatorImpl
05-23 13:45:16.915 15887 15887 I Ads : Use RequestConfiguration.Builder().setTestDeviceIds(Arrays.asList("55D5C2FA57A4B98864BA 46E75484CB21")) to get test ads on this device.
05-23 13:45:16.920 15887 15887 I Ads : Please set theme of AdActivity to @android:style/Theme.Translucent to enable transparent background interstitial ad.
05-23 13:45:16.928 15887 21013 W Ads : Not retrying to fetch app settings
05-23 13:45:17.007 15887 15887 D ContentValues: onAdFailedToLoad: Error while connecting to ad server: Failed to connect to googleads.g.doubleclick.net/0.0.0.0:443
05-23 13:45:17.007 15887 15887 I Ads : Ad failed to load : 0
05-23 13:45:17.014 15887 15887 D DynamitePackage: Instantiating com.google.android.gms.ads.ChimeraAdManagerCreatorImpl
05-23 13:45:17.015 15887 15887 I Ads : Use RequestConfiguration.Builder().setTestDeviceIds(Arrays.asList("55D5C2FA57A4B98864BA 46E75484CB21")) to get test ads on this device.
05-23 13:45:17.018 15887 15887 I Ads : Please set theme of AdActivity to @android:style/Theme.Translucent to enable transparent background interstitial ad.
05-23 13:45:17.030 15887 21014 W Ads : Not retrying to fetch app settings
05-23 13:45:17.108 15887 15887 D ContentValues: onAdFailedToLoad: Error while connecting to ad server: Failed to connect to googleads.g.doubleclick.net/0.0.0.0:443
05-23 13:45:17.108 15887 15887 I Ads : Ad failed to load : 0
05-23 13:45:17.119 15887 15887 D DynamitePackage: Instantiating com.google.android.gms.ads.ChimeraAdManagerCreatorImpl
05-23 13:45:17.120 15887 15887 I Ads : Use RequestConfiguration.Builder().setTestDeviceIds(Arrays.asList("55D5C2FA57A4B98864BA 46E75484CB21")) to get test ads on this device.
05-23 13:45:17.125 15887 15887 I Ads : Please set theme of AdActivity to @android:style/Theme.Translucent to enable transparent background interstitial ad.
05-23 13:45:17.133 15887 21005 W Ads : Not retrying to fetch app settings
05-23 13:45:17.216 15887 15887 D ContentValues: onAdFailedToLoad: Error while connecting to ad server: Failed to connect to googleads.g.doubleclick.net/0.0.0.0:443
05-23 13:45:17.217 15887 15887 I Ads : Ad failed to load : 0
05-23 13:45:17.227 15887 15887 D DynamitePackage: Instantiating com.google.android.gms.ads.ChimeraAdManagerCreatorImpl
05-23 13:45:17.228 15887 15887 I Ads : Use RequestConfiguration.Builder().setTestDeviceIds(Arrays.asList("55D5C2FA57A4B98864BA 46E75484CB21")) to get test ads on this device.
05-23 13:45:17.232 15887 15887 I Ads : Please set theme of AdActivity to @android:style/Theme.Translucent to enable transparent background interstitial ad.
05-23 13:45:17.243 15887 21008 W Ads : Not retrying to fetch app settings
05-23 13:45:17.333 15887 15887 D ContentValues: onAdFailedToLoad: Error while connecting to ad server: Failed to connect to googleads.g.doubleclick.net/0.0.0.0:443
05-23 13:45:17.334 15887 15887 I Ads : Ad failed to load : 0
05-23 13:45:17.427 15887 15887 D DynamitePackage: Instantiating com.google.android.gms.ads.ChimeraAdManagerCreatorImpl
05-23 13:45:17.429 15887 15887 I Ads : Use RequestConfiguration.Builder().setTestDeviceIds(Arrays.asList("55D5C2FA57A4B98864BA 46E75484CB21")) to get test ads on this device.
05-23 13:45:17.434 15887 15887 I Ads : Please set theme of AdActivity to @android:style/Theme.Translucent to enable transparent background interstitial ad.
05-23 13:45:17.442 15887 21005 W Ads : Not retrying to fetch app settings
05-23 13:45:17.443 15887 21194 W ServiceBindIntentUtils: Dynamic lookup for intent failed for action: com.google.android.gms.ads.service.START
05-23 13:45:17.530 15887 15887 D ContentValues: onAdFailedToLoad: Error while connecting to ad server: Failed to connect to googleads.g.doubleclick.net/0.0.0.0:443
05-23 13:45:17.530 15887 15887 I Ads : Ad failed to load : 0
05-23 13:45:17.627 15887 15887 D DynamitePackage: Instantiating com.google.android.gms.ads.ChimeraAdManagerCreatorImpl
05-23 13:45:17.628 15887 15887 I Ads : Use RequestConfiguration.Builder().setTestDeviceIds(Arrays.asList("55D5C2FA57A4B98864BA 46E75484CB21")) to get test ads on this device.
05-23 13:45:17.632 15887 15887 I Ads : Please set theme of AdActivity to @android:style/Theme.Translucent to enable transparent background interstitial ad.
05-23 13:45:17.640 15887 21149 W Ads : Not retrying to fetch app settings
05-23 13:45:17.641 15887 21239 W ServiceBindIntentUtils: Dynamic lookup for intent failed for action: com.google.android.gms.ads.service.START
05-23 13:45:17.713 15887 15887 D ContentValues: onAdFailedToLoad: Error while connecting to ad server: Failed to connect to googleads.g.doubleclick.net/0.0.0.0:443
05-23 13:45:17.713 15887 15887 I Ads : Ad failed to load : 0
05-23 13:45:17.726 15887 15887 D DynamitePackage: Instantiating com.google.android.gms.ads.ChimeraAdManagerCreatorImpl
05-23 13:45:17.727 15887 15887 I Ads : Use RequestConfiguration.Builder().setTestDeviceIds(Arrays.asList("55D5C2FA57A4B98864BA 46E75484CB21")) to get test ads on this device.
05-23 13:45:17.732 15887 15887 I Ads : Please set theme of AdActivity to @android:style/Theme.Translucent to enable transparent background interstitial ad.
05-23 13:45:17.741 15887 21185 W Ads : Not retrying to fetch app settings
05-23 13:45:17.742 15887 21192 W ServiceBindIntentUtils: Dynamic lookup for intent failed for action: com.google.android.gms.ads.service.START
05-23 13:45:17.827 15887 15887 D ContentValues: onAdFailedToLoad: Error while connecting to ad server: Failed to connect to googleads.g.doubleclick.net/0.0.0.0:443
05-23 13:45:17.827 15887 15887 I Ads : Ad failed to load : 0
05-23 13:45:17.926 15887 15887 D DynamitePackage: Instantiating com.google.android.gms.ads.ChimeraAdManagerCreatorImpl
05-23 13:45:17.928 15887 15887 I Ads : Use RequestConfiguration.Builder().setTestDeviceIds(Arrays.asList("55D5C2FA57A4B98864BA 46E75484CB21")) to get test ads on this device.
05-23 13:45:17.934 15887 15887 I Ads : Please set theme of AdActivity to @android:style/Theme.Translucent to enable transparent background interstitial ad.
05-23 13:45:17.946 15887 21006 W Ads : Not retrying to fetch app settings
05-23 13:45:17.947 15887 21193 W ServiceBindIntentUtils: Dynamic lookup for intent failed for action: com.google.android.gms.ads.service.START
05-23 13:45:18.078 15887 15887 D ContentValues: onAdFailedToLoad: Error while connecting to ad server: Failed to connect to googleads.g.doubleclick.net/0.0.0.0:443
05-23 13:45:18.078 15887 15887 I Ads : Ad failed to load : 0
05-23 13:45:18.130 15887 15887 D DynamitePackage: Instantiating com.google.android.gms.ads.ChimeraAdManagerCreatorImpl
05-23 13:45:18.132 15887 15887 I Ads : Use RequestConfiguration.Builder().setTestDeviceIds(Arrays.asList("55D5C2FA57A4B98864BA 46E75484CB21")) to get test ads on this device.
05-23 13:45:18.136 15887 15887 I Ads : Please set theme of AdActivity to @android:style/Theme.Translucent to enable transparent background interstitial ad.
05-23 13:45:18.156 15887 21007 W Ads : Not retrying to fetch app settings
05-23 13:45:18.157 15887 21200 W ServiceBindIntentUtils: Dynamic lookup for intent failed for action: com.google.android.gms.ads.service.START
05-23 13:45:18.269 15887 15887 D ContentValues: onAdFailedToLoad: Error while connecting to ad server: Failed to connect to googleads.g.doubleclick.net/0.0.0.0:443
05-23 13:45:18.269 15887 15887 I Ads : Ad failed to load : 0
05-23 13:45:18.330 15887 15887 D DynamitePackage: Instantiating com.google.android.gms.ads.ChimeraAdManagerCreatorImpl
05-23 13:45:18.334 15887 15887 I Ads : Use RequestConfiguration.Builder().setTestDeviceIds(Arrays.asList("55D5C2FA57A4B98864BA 46E75484CB21")) to get test ads on this device.
05-23 13:45:18.342 15887 15887 I Ads : Please set theme of AdActivity to @android:style/Theme.Translucent to enable transparent background interstitial ad.
05-23 13:45:18.353 15887 21004 W Ads : Not retrying to fetch app settings
05-23 13:45:18.355 15887 21194 W ServiceBindIntentUtils: Dynamic lookup for intent failed for action: com.google.android.gms.ads.service.START
05-23 13:45:18.480 15887 15887 D ContentValues: onAdFailedToLoad: Error while connecting to ad server: Failed to connect to googleads.g.doubleclick.net/0.0.0.0:443
05-23 13:45:18.480 15887 15887 I Ads : Ad failed to load : 0
05-23 13:45:18.537 15887 15887 D DynamitePackage: Instantiating com.google.android.gms.ads.ChimeraAdManagerCreatorImpl
05-23 13:45:18.540 15887 15887 I Ads : Use RequestConfiguration.Builder().setTestDeviceIds(Arrays.asList("55D5C2FA57A4B98864BA 46E75484CB21")) to get test ads on this device.
05-23 13:45:18.546 15887 15887 I Ads : Please set theme of AdActivity to @android:style/Theme.Translucent to enable transparent background interstitial ad.
05-23 13:45:18.567 15887 21239 W ServiceBindIntentUtils: Dynamic lookup for intent failed for action: com.google.android.gms.ads.service.START
05-23 13:45:18.720 15887 15887 D ContentValues: onAdFailedToLoad: Error while connecting to ad server: Failed to connect to googleads.g.doubleclick.net/0.0.0.0:443
05-23 13:45:18.720 15887 15887 I Ads : Ad failed to load : 0
05-23 13:45:18.739 15887 15887 D DynamitePackage: Instantiating com.google.android.gms.ads.ChimeraAdManagerCreatorImpl
05-23 13:45:18.743 15887 15887 I Ads : Use RequestConfiguration.Builder().setTestDeviceIds(Arrays.asList("55D5C2FA57A4B98864BA 46E75484CB21")) to get test ads on this device.
05-23 13:45:18.754 15887 15887 I Ads : Please set theme of AdActivity to @android:style/Theme.Translucent to enable transparent background interstitial ad.
05-23 13:45:18.764 15887 21007 W Ads : Not retrying to fetch app settings
05-23 13:45:18.781 15887 20924 I mali : [DebugProp] GPU Debug-Mechanism Disable !
05-23 13:45:18.974 15887 15887 D ContentValues: onAdFailedToLoad: Error while connecting to ad server: Failed to connect to googleads.g.doubleclick.net/0.0.0.0:443
05-23 13:45:18.975 15887 15887 I Ads : Ad failed to load : 0
05-23 13:45:19.048 15887 15887 D DynamitePackage: Instantiating com.google.android.gms.ads.ChimeraAdManagerCreatorImpl
05-23 13:45:19.051 15887 15887 I Ads : Use RequestConfiguration.Builder().setTestDeviceIds(Arrays.asList("55D5C2FA57A4B98864BA 46E75484CB21")) to get test ads on this device.
05-23 13:45:19.057 15887 15887 I Ads : Please set theme of AdActivity to @android:style/Theme.Translucent to enable transparent background interstitial ad.
05-23 13:45:19.069 15887 21007 W Ads : Not retrying to fetch app settings
05-23 13:45:19.198 15887 15887 D ContentValues: onAdFailedToLoad: Error while connecting to ad server: Failed to connect to googleads.g.doubleclick.net/0.0.0.0:443
05-23 13:45:19.198 15887 15887 I Ads : Ad failed to load : 0
05-23 13:45:19.252 15887 15887 D DynamitePackage: Instantiating com.google.android.gms.ads.ChimeraAdManagerCreatorImpl
05-23 13:45:19.255 15887 15887 I Ads : Use RequestConfiguration.Builder().setTestDeviceIds(Arrays.asList("55D5C2FA57A4B98864BA 46E75484CB21")) to get test ads on this device.
05-23 13:45:19.264 15887 15887 I Ads : Please set theme of AdActivity to @android:style/Theme.Translucent to enable transparent background interstitial ad.
05-23 13:45:19.281 15887 21000 W Ads : Not retrying to fetch app settings
05-23 13:45:19.293 15887 21200 W ServiceBindIntentUtils: Dynamic lookup for intent failed for action: com.google.android.gms.ads.service.START
05-23 13:45:19.427 15887 15887 D ContentValues: onAdFailedToLoad: Error while connecting to ad server: Failed to connect to googleads.g.doubleclick.net/0.0.0.0:443
05-23 13:45:19.427 15887 15887 I Ads : Ad failed to load : 0
05-23 13:45:19.447 15887 15887 D DynamitePackage: Instantiating com.google.android.gms.ads.ChimeraAdManagerCreatorImpl
05-23 13:45:19.450 15887 15887 I Ads : Use RequestConfiguration.Builder().setTestDeviceIds(Arrays.asList("55D5C2FA57A4B98864BA 46E75484CB21")) to get test ads on this device.
05-23 13:45:19.456 15887 15887 I Ads : Please set theme of AdActivity to @android:style/Theme.Translucent to enable transparent background interstitial ad.
05-23 13:45:19.469 15887 20993 W Ads : Not retrying to fetch app settings
05-23 13:45:19.571 15887 15887 D BLASTBufferQueue: [VRI[InAppPurchaseNewScreen]#2] (f:0,a:1) destructor()
05-23 13:45:19.571 15887 15887 D BufferQueueConsumer: [VRI[InAppPurchaseNewScreen]#2(BLAST Consumer)2](id:3e0f00000002,api:0,p:- 1,c:15887) disconnect
05-23 13:45:19.618 15887 15887 D ContentValues: onAdFailedToLoad: Error while connecting to ad server: Failed to connect to googleads.g.doubleclick.net/0.0.0.0:443
05-23 13:45:19.618 15887 15887 I Ads : Ad failed to load : 0
05-23 13:45:19.678 15887 15887 D DynamitePackage: Instantiating com.google.android.gms.ads.ChimeraAdManagerCreatorImpl
05-23 13:45:19.681 15887 15887 I Ads : Use RequestConfiguration.Builder().setTestDeviceIds(Arrays.asList("55D5C2FA57A4B98864BA 46E75484CB21")) to get test ads on this device.
05-23 13:45:19.690 15887 15887 I Ads : Please set theme of AdActivity to @android:style/Theme.Translucent to enable transparent background interstitial ad.
05-23 13:45:19.700 15887 21004 W Ads : Not retrying to fetch app settings
05-23 13:45:19.701 15887 21239 W ServiceBindIntentUtils: Dynamic lookup for intent failed for action: com.google.android.gms.ads.service.START
05-23 13:45:19.793 15887 15887 D ContentValues: onAdFailedToLoad: Error while connecting to ad server: Failed to connect to googleads.g.doubleclick.net/0.0.0.0:443
05-23 13:45:19.793 15887 15887 I Ads : Ad failed to load : 0
05-23 13:45:19.878 15887 15887 D DynamitePackage: Instantiating com.google.android.gms.ads.ChimeraAdManagerCreatorImpl
05-23 13:45:19.880 15887 15887 I Ads : Use RequestConfiguration.Builder().setTestDeviceIds(Arrays.asList("55D5C2FA57A4B98864BA 46E75484CB21")) to get test ads on this device.
05-23 13:45:19.890 15887 15887 I Ads : Please set theme of AdActivity to @android:style/Theme.Translucent to enable transparent background interstitial ad.
05-23 13:45:19.901 15887 21004 W Ads : Not retrying to fetch app settings
05-23 13:45:19.902 15887 21192 W ServiceBindIntentUtils: Dynamic lookup for intent failed for action: com.google.android.gms.ads.service.START
05-23 13:45:19.989 15887 15887 D ContentValues: onAdFailedToLoad: Error while connecting to ad server: Failed to connect to googleads.g.doubleclick.net/0.0.0.0:443
05-23 13:45:19.989 15887 15887 I Ads : Ad failed to load : 0
05-23 13:45:20.076 15887 15887 D DynamitePackage: Instantiating com.google.android.gms.ads.ChimeraAdManagerCreatorImpl
05-23 13:45:20.079 15887 15887 I Ads : Use RequestConfiguration.Builder().setTestDeviceIds(Arrays.asList("55D5C2FA57A4B98864BA 46E75484CB21")) to get test ads on this device.
05-23 13:45:20.086 15887 15887 I Ads : Please set theme of AdActivity to @android:style/Theme.Translucent to enable transparent background interstitial ad.
05-23 13:45:20.097 15887 21015 W Ads : Not retrying to fetch app settings
05-23 13:45:20.099 15887 21193 W ServiceBindIntentUtils: Dynamic lookup for intent failed for action: com.google.android.gms.ads.service.START
05-23 13:45:20.183 15887 15887 D ContentValues: onAdFailedToLoad: Error while connecting to ad server: Failed to connect to googleads.g.doubleclick.net/0.0.0.0:443
05-23 13:45:20.183 15887 15887 I Ads : Ad failed to load : 0
05-23 13:45:20.278 15887 15887 D DynamitePackage: Instantiating com.google.android.gms.ads.ChimeraAdManagerCreatorImpl
05-23 13:45:20.281 15887 15887 I Ads : Use RequestConfiguration.Builder().setTestDeviceIds(Arrays.asList("55D5C2FA57A4B98864BA 46E75484CB21")) to get test ads on this device.
05-23 13:45:20.289 15887 15887 I Ads : Please set theme of AdActivity to @android:style/Theme.Translucent to enable transparent background interstitial ad.
05-23 13:45:20.300 15887 21149 W Ads : Not retrying to fetch app settings
05-23 13:45:20.301 15887 21200 W ServiceBindIntentUtils: Dynamic lookup for intent failed for action: com.google.android.gms.ads.service.START
05-23 13:45:20.384 15887 15887 D ContentValues: onAdFailedToLoad: Error while connecting to ad server: Failed to connect to googleads.g.doubleclick.net/0.0.0.0:443
05-23 13:45:20.384 15887 15887 I Ads : Ad failed to load : 0
05-23 13:45:20.484 15887 15887 D DynamitePackage: Instantiating com.google.android.gms.ads.ChimeraAdManagerCreatorImpl
05-23 13:45:20.490 15887 15887 I Ads : Use RequestConfiguration.Builder().setTestDeviceIds(Arrays.asList("55D5C2FA57A4B98864BA 46E75484CB21")) to get test ads on this device.
05-23 13:45:20.506 15887 15887 I Ads : Please set theme of AdActivity to @android:style/Theme.Translucent to enable transparent background interstitial ad.
05-23 13:45:20.515 15887 21000 W Ads : Not retrying to fetch app settings
05-23 13:45:20.517 15887 21194 W ServiceBindIntentUtils: Dynamic lookup for intent failed for action: com.google.android.gms.ads.service.START
05-23 13:45:20.627 15887 15887 D ContentValues: onAdFailedToLoad: Error while connecting to ad server: Failed to connect to googleads.g.doubleclick.net/0.0.0.0:443
05-23 13:45:20.627 15887 15887 I Ads : Ad failed to load : 0
05-23 13:45:20.680 15887 15887 D DynamitePackage: Instantiating com.google.android.gms.ads.ChimeraAdManagerCreatorImpl
05-23 13:45:20.684 15887 15887 I Ads : Use RequestConfiguration.Builder().setTestDeviceIds(Arrays.asList("55D5C2FA57A4B98864BA 46E75484CB21")) to get test ads on this device.
05-23 13:45:20.697 15887 15887 I Ads : Please set theme of AdActivity to @android:style/Theme.Translucent to enable transparent background interstitial ad.
05-23 13:45:20.708 15887 21185 W Ads : Not retrying to fetch app settings
05-23 13:45:20.710 15887 21239 W ServiceBindIntentUtils: Dynamic lookup for intent failed for action: com.google.android.gms.ads.service.START
05-23 13:45:20.831 15887 15887 D ContentValues: onAdFailedToLoad: Error while connecting to ad server: Failed to connect to googleads.g.doubleclick.net/0.0.0.0:443
05-23 13:45:20.831 15887 15887 I Ads : Ad failed to load : 0
05-23 13:45:20.881 15887 15887 D DynamitePackage: Instantiating com.google.android.gms.ads.ChimeraAdManagerCreatorImpl
05-23 13:45:20.885 15887 15887 I Ads : Use RequestConfiguration.Builder().setTestDeviceIds(Arrays.asList("55D5C2FA57A4B98864BA 46E75484CB21")) to get test ads on this device.
05-23 13:45:20.893 15887 15887 I Ads : Please set theme of AdActivity to @android:style/Theme.Translucent to enable transparent background interstitial ad.
05-23 13:45:20.906 15887 21146 W Ads : Not retrying to fetch app settings
05-23 13:45:21.002 15887 15887 D ContentValues: onAdFailedToLoad: Error while connecting to ad server: Failed to connect to googleads.g.doubleclick.net/0.0.0.0:443
05-23 13:45:21.002 15887 15887 I Ads : Ad failed to load : 0
05-23 13:45:21.083 15887 15887 D DynamitePackage: Instantiating com.google.android.gms.ads.ChimeraAdManagerCreatorImpl
05-23 13:45:21.089 15887 15887 I Ads : Use RequestConfiguration.Builder().setTestDeviceIds(Arrays.asList("55D5C2FA57A4B98864BA 46E75484CB21")) to get test ads on this device.
05-23 13:45:21.104 15887 15887 I Ads : Please set theme of AdActivity to @android:style/Theme.Translucent to enable transparent background interstitial ad.
05-23 13:45:21.120 15887 20999 W Ads : Not retrying to fetch app settings
05-23 13:45:21.121 15887 21193 W ServiceBindIntentUtils: Dynamic lookup for intent failed for action: com.google.android.gms.ads.service.START
05-23 13:45:21.216 15887 15887 D ContentValues: onAdFailedToLoad: Error while connecting to ad server: Failed to connect to googleads.g.doubleclick.net/0.0.0.0:443
05-23 13:45:21.216 15887 15887 I Ads : Ad failed to load : 0
05-23 13:45:21.281 15887 15887 D DynamitePackage: Instantiating com.google.android.gms.ads.ChimeraAdManagerCreatorImpl
05-23 13:45:21.284 15887 15887 I Ads : Use RequestConfiguration.Builder().setTestDeviceIds(Arrays.asList("55D5C2FA57A4B98864BA 46E75484CB21")) to get test ads on this device.
05-23 13:45:21.297 15887 15887 I Ads : Please set theme of AdActivity to @android:style/Theme.Translucent to enable transparent background interstitial ad.
05-23 13:45:21.312 15887 21014 W Ads : Not retrying to fetch app settings
05-23 13:45:21.314 15887 21200 W ServiceBindIntentUtils: Dynamic lookup for intent failed for action: com.google.android.gms.ads.service.START
05-23 13:45:21.445 15887 15887 D ContentValues: onAdFailedToLoad: Error while connecting to ad server: Failed to connect to googleads.g.doubleclick.net/0.0.0.0:443
05-23 13:45:21.445 15887 15887 I Ads : Ad failed to load : 0
05-23 13:45:21.482 15887 15887 D DynamitePackage: Instantiating com.google.android.gms.ads.ChimeraAdManagerCreatorImpl
05-23 13:45:21.486 15887 15887 I Ads : Use RequestConfiguration.Builder().setTestDeviceIds(Arrays.asList("55D5C2FA57A4B98864BA 46E75484CB21")) to get test ads on this device.
05-23 13:45:21.493 15887 15887 I Ads : Please set theme of AdActivity to @android:style/Theme.Translucent to enable transparent background interstitial ad.
05-23 13:45:21.541 15887 21177 W Ads : Not retrying to fetch app settings
05-23 13:45:21.554 15887 20826 I FA : Application backgrounded at: timestamp_millis: 1747986319551
05-23 13:45:21.683 15887 15887 D ContentValues: onAdFailedToLoad: Error while connecting to ad server: Failed to connect to googleads.g.doubleclick.net/0.0.0.0:443
05-23 13:45:21.683 15887 15887 I Ads : Ad failed to load : 0
05-23 13:45:21.781 15887 15887 D DynamitePackage: Instantiating com.google.android.gms.ads.ChimeraAdManagerCreatorImpl
05-23 13:45:21.784 15887 15887 I Ads : Use RequestConfiguration.Builder().setTestDeviceIds(Arrays.asList("55D5C2FA57A4B98864BA 46E75484CB21")) to get test ads on this device.
05-23 13:45:21.794 15887 15887 I Ads : Please set theme of AdActivity to @android:style/Theme.Translucent to enable transparent background interstitial ad.
05-23 13:45:21.816 15887 21146 W Ads : Not retrying to fetch app settings
05-23 13:45:21.817 15887 21239 W ServiceBindIntentUtils: Dynamic lookup for intent failed for action: com.google.android.gms.ads.service.START
05-23 13:45:21.889 15887 15887 D ContentValues: onAdFailedToLoad: Error while connecting to ad server: Failed to connect to googleads.g.doubleclick.net/0.0.0.0:443
05-23 13:45:21.890 15887 15887 I Ads : Ad failed to load : 0
05-23 13:45:21.981 15887 15887 D DynamitePackage: Instantiating com.google.android.gms.ads.ChimeraAdManagerCreatorImpl
05-23 13:45:21.984 15887 15887 I Ads : Use RequestConfiguration.Builder().setTestDeviceIds(Arrays.asList("55D5C2FA57A4B98864BA 46E75484CB21")) to get test ads on this device.
05-23 13:45:21.996 15887 15887 I Ads : Please set theme of AdActivity to @android:style/Theme.Translucent to enable transparent background interstitial ad.
05-23 13:45:22.009 15887 21008 W Ads : Not retrying to fetch app settings
05-23 13:45:22.011 15887 21192 W ServiceBindIntentUtils: Dynamic lookup for intent failed for action: com.google.android.gms.ads.service.START
05-23 13:45:22.097 15887 15887 D ContentValues: onAdFailedToLoad: Error while connecting to ad server: Failed to connect to googleads.g.doubleclick.net/0.0.0.0:443
05-23 13:45:22.098 15887 15887 I Ads : Ad failed to load : 0
05-23 13:45:22.182 15887 15887 D DynamitePackage: Instantiating com.google.android.gms.ads.ChimeraAdManagerCreatorImpl
05-23 13:45:22.184 15887 15887 I Ads : Use RequestConfiguration.Builder().setTestDeviceIds(Arrays.asList("55D5C2FA57A4B98864BA 46E75484CB21")) to get test ads on this device.
05-23 13:45:22.191 15887 15887 I Ads : Please set theme of AdActivity to @android:style/Theme.Translucent to enable transparent background interstitial ad.
05-23 13:45:22.205 15887 21146 W Ads : Not retrying to fetch app settings
05-23 13:45:22.206 15887 21193 W ServiceBindIntentUtils: Dynamic lookup for intent failed for action: com.google.android.gms.ads.service.START
05-23 13:45:22.285 15887 15887 D ContentValues: onAdFailedToLoad: Error while connecting to ad server: Failed to connect to googleads.g.doubleclick.net/0.0.0.0:443
05-23 13:45:22.285 15887 15887 I Ads : Ad failed to load : 0
05-23 13:45:22.383 15887 15887 D DynamitePackage: Instantiating com.google.android.gms.ads.ChimeraAdManagerCreatorImpl
05-23 13:45:22.385 15887 15887 I Ads : Use RequestConfiguration.Builder().setTestDeviceIds(Arrays.asList("55D5C2FA57A4B98864BA 46E75484CB21")) to get test ads on this device.
05-23 13:45:22.392 15887 15887 I Ads : Please set theme of AdActivity to @android:style/Theme.Translucent to enable transparent background interstitial ad.
05-23 13:45:22.407 15887 21009 W Ads : Not retrying to fetch app settings
05-23 13:45:22.409 15887 21200 W ServiceBindIntentUtils: Dynamic lookup for intent failed for action: com.google.android.gms.ads.service.START
05-23 13:45:22.497 15887 15887 D ContentValues: onAdFailedToLoad: Error while connecting to ad server: Failed to connect to googleads.g.doubleclick.net/0.0.0.0:443
05-23 13:45:22.497 15887 15887 I Ads : Ad failed to load : 0
05-23 13:45:22.588 15887 15887 D DynamitePackage: Instantiating com.google.android.gms.ads.ChimeraAdManagerCreatorImpl
05-23 13:45:22.591 15887 15887 I Ads : Use RequestConfiguration.Builder().setTestDeviceIds(Arrays.asList("55D5C2FA57A4B98864BA 46E75484CB21")) to get test ads on this device.
05-23 13:45:22.606 15887 15887 I Ads : Please set theme of AdActivity to @android:style/Theme.Translucent to enable transparent background interstitial ad.
05-23 13:45:22.635 15887 21005 W Ads : Not retrying to fetch app settings
05-23 13:45:22.637 15887 21194 W ServiceBindIntentUtils: Dynamic lookup for intent failed for action: com.google.android.gms.ads.service.START
05-23 13:45:22.740 15887 15887 D ContentValues: onAdFailedToLoad: Error while connecting to ad server: Failed to connect to googleads.g.doubleclick.net/0.0.0.0:443
05-23 13:45:22.740 15887 15887 I Ads : Ad failed to load : 0
05-23 13:45:22.742 15887 20744 I unts.appscloner: Background concurrent mark compact GC freed 11MB AllocSpace bytes, 12(424KB) LOS objects, 56% free, 9289KB/21MB, paused 1.827ms,2.990ms total 127.503ms
05-23 13:45:22.782 15887 15887 D DynamitePackage: Instantiating com.google.android.gms.ads.ChimeraAdManagerCreatorImpl
05-23 13:45:22.784 15887 15887 I Ads : Use RequestConfiguration.Builder().setTestDeviceIds(Arrays.asList("55D5C2FA57A4B98864BA 46E75484CB21")) to get test ads on this device.
05-23 13:45:22.791 15887 15887 I Ads : Please set theme of AdActivity to @android:style/Theme.Translucent to enable transparent background interstitial ad.
05-23 13:45:22.806 15887 21013 W Ads : Not retrying to fetch app settings
05-23 13:45:22.895 15887 15887 D ContentValues: onAdFailedToLoad: Error while connecting to ad server: Failed to connect to googleads.g.doubleclick.net/0.0.0.0:443
05-23 13:45:22.895 15887 15887 I Ads : Ad failed to load : 0
05-23 13:45:22.980 15887 15887 D DynamitePackage: Instantiating com.google.android.gms.ads.ChimeraAdManagerCreatorImpl
05-23 13:45:22.982 15887 15887 I Ads : Use RequestConfiguration.Builder().setTestDeviceIds(Arrays.asList("55D5C2FA57A4B98864BA 46E75484CB21")) to get test ads on this device.
05-23 13:45:22.987 15887 15887 I Ads : Please set theme of AdActivity to @android:style/Theme.Translucent to enable transparent background interstitial ad.
05-23 13:45:22.999 15887 21177 W Ads : Not retrying to fetch app settings
05-23 13:45:23.048 15887 15887 D ContentValues: onAdFailedToLoad: Error while connecting to ad server: Failed to connect to googleads.g.doubleclick.net/0.0.0.0:443
05-23 13:45:23.048 15887 15887 I Ads : Ad failed to load : 0
05-23 13:45:23.082 15887 15887 D DynamitePackage: Instantiating com.google.android.gms.ads.ChimeraAdManagerCreatorImpl
05-23 13:45:23.084 15887 15887 I Ads : Use RequestConfiguration.Builder().setTestDeviceIds(Arrays.asList("55D5C2FA57A4B98864BA 46E75484CB21")) to get test ads on this device.
05-23 13:45:23.092 15887 15887 I Ads : Please set theme of AdActivity to @android:style/Theme.Translucent to enable transparent background interstitial ad.
05-23 13:45:23.101 15887 21185 W Ads : Not retrying to fetch app settings
05-23 13:45:23.102 15887 21193 W ServiceBindIntentUtils: Dynamic lookup for intent failed for action: com.google.android.gms.ads.service.START
05-23 13:45:23.153 15887 15887 D ContentValues: onAdFailedToLoad: Error while connecting to ad server: Failed to connect to googleads.g.doubleclick.net/0.0.0.0:443
05-23 13:45:23.153 15887 15887 I Ads : Ad failed to load : 0
05-23 13:45:23.183 15887 15887 D DynamitePackage: Instantiating com.google.android.gms.ads.ChimeraAdManagerCreatorImpl
05-23 13:45:23.185 15887 15887 I Ads : Use RequestConfiguration.Builder().setTestDeviceIds(Arrays.asList("55D5C2FA57A4B98864BA 46E75484CB21")) to get test ads on this device.
05-23 13:45:23.189 15887 15887 I Ads : Please set theme of AdActivity to @android:style/Theme.Translucent to enable transparent background interstitial ad.
05-23 13:45:23.200 15887 21015 W Ads : Not retrying to fetch app settings
05-23 13:45:23.246 15887 15887 D ContentValues: onAdFailedToLoad: Error while connecting to ad server: Failed to connect to googleads.g.doubleclick.net/0.0.0.0:443
05-23 13:45:23.246 15887 15887 I Ads : Ad failed to load : 0
05-23 13:45:23.282 15887 15887 D DynamitePackage: Instantiating com.google.android.gms.ads.ChimeraAdManagerCreatorImpl
05-23 13:45:23.284 15887 15887 I Ads : Use RequestConfiguration.Builder().setTestDeviceIds(Arrays.asList("55D5C2FA57A4B98864BA 46E75484CB21")) to get test ads on this device.
05-23 13:45:23.289 15887 15887 I Ads : Please set theme of AdActivity to @android:style/Theme.Translucent to enable transparent background interstitial ad.
05-23 13:45:23.300 15887 21007 W Ads : Not retrying to fetch app settings
05-23 13:45:23.301 15887 21194 W ServiceBindIntentUtils: Dynamic lookup for intent failed for action: com.google.android.gms.ads.service.START
05-23 13:45:23.364 15887 15887 D ContentValues: onAdFailedToLoad: Error while connecting to ad server: Failed to connect to googleads.g.doubleclick.net/0.0.0.0:443
05-23 13:45:23.364 15887 15887 I Ads : Ad failed to load : 0
05-23 13:45:23.383 15887 15887 D DynamitePackage: Instantiating com.google.android.gms.ads.ChimeraAdManagerCreatorImpl
05-23 13:45:23.385 15887 15887 I Ads : Use RequestConfiguration.Builder().setTestDeviceIds(Arrays.asList("55D5C2FA57A4B98864BA 46E75484CB21")) to get test ads on this device.
05-23 13:45:23.393 15887 15887 I Ads : Please set theme of AdActivity to @android:style/Theme.Translucent to enable transparent background interstitial ad.
05-23 13:45:23.401 15887 20999 W Ads : Not retrying to fetch app settings
05-23 13:45:23.459 15887 15887 D ContentValues: onAdFailedToLoad: Error while connecting to ad server: Failed to connect to googleads.g.doubleclick.net/0.0.0.0:443
05-23 13:45:23.459 15887 15887 I Ads : Ad failed to load : 0
05-23 13:45:23.483 15887 15887 D DynamitePackage: Instantiating com.google.android.gms.ads.ChimeraAdManagerCreatorImpl
05-23 13:45:23.485 15887 15887 I Ads : Use RequestConfiguration.Builder().setTestDeviceIds(Arrays.asList("55D5C2FA57A4B98864BA 46E75484CB21")) to get test ads on this device.
05-23 13:45:23.491 15887 15887 I Ads : Please set theme of AdActivity to @android:style/Theme.Translucent to enable transparent background interstitial ad.
05-23 13:45:23.500 15887 21185 W Ads : Not retrying to fetch app settings
05-23 13:45:23.502 15887 21192 W ServiceBindIntentUtils: Dynamic lookup for intent failed for action: com.google.android.gms.ads.service.START
05-23 13:45:23.564 15887 15887 D ContentValues: onAdFailedToLoad: Error while connecting to ad server: Failed to connect to googleads.g.doubleclick.net/0.0.0.0:443
05-23 13:45:23.564 15887 15887 I Ads : Ad failed to load : 0
05-23 13:45:23.582 15887 15887 D DynamitePackage: Instantiating com.google.android.gms.ads.ChimeraAdManagerCreatorImpl
05-23 13:45:23.584 15887 15887 I Ads : Use RequestConfiguration.Builder().setTestDeviceIds(Arrays.asList("55D5C2FA57A4B98864BA 46E75484CB21")) to get test ads on this device.
05-23 13:45:23.592 15887 15887 I Ads : Please set theme of AdActivity to @android:style/Theme.Translucent to enable transparent background interstitial ad.
05-23 13:45:23.670 15887 15887 D ContentValues: onAdFailedToLoad: Error while connecting to ad server: Failed to connect to googleads.g.doubleclick.net/0.0.0.0:443
05-23 13:45:23.670 15887 15887 I Ads : Ad failed to load : 0
05-23 13:45:23.683 15887 15887 D DynamitePackage: Instantiating com.google.android.gms.ads.ChimeraAdManagerCreatorImpl
05-23 13:45:23.685 15887 15887 I Ads : Use RequestConfiguration.Builder().setTestDeviceIds(Arrays.asList("55D5C2FA57A4B98864BA 46E75484CB21")) to get test ads on this device.
05-23 13:45:23.692 15887 15887 I Ads : Please set theme of AdActivity to @android:style/Theme.Translucent to enable transparent background interstitial ad.
05-23 13:45:23.705 15887 21005 W Ads : Not retrying to fetch app settings
05-23 13:45:23.771 15887 15887 D ContentValues: onAdFailedToLoad: Error while connecting to ad server: Failed to connect to googleads.g.doubleclick.net/0.0.0.0:443
05-23 13:45:23.772 15887 15887 I Ads : Ad failed to load : 0
05-23 13:45:23.783 15887 15887 D DynamitePackage: Instantiating com.google.android.gms.ads.ChimeraAdManagerCreatorImpl
05-23 13:45:23.785 15887 15887 I Ads : Use RequestConfiguration.Builder().setTestDeviceIds(Arrays.asList("55D5C2FA57A4B98864BA 46E75484CB21")) to get test ads on this device.
05-23 13:45:23.791 15887 15887 I Ads : Please set theme of AdActivity to @android:style/Theme.Translucent to enable transparent background interstitial ad.
05-23 13:45:23.801 15887 21006 W Ads : Not retrying to fetch app settings
05-23 13:45:24.878 15887 15887 D ContentValues: onAdFailedToLoad: Error while connecting to ad server: Failed to connect to googleads.g.doubleclick.net/0.0.0.0:443
05-23 13:45:24.878 15887 15887 I Ads : Ad failed to load : 0
05-23 13:45:24.914 15887 15887 D DynamitePackage: Instantiating com.google.android.gms.ads.ChimeraAdManagerCreatorImpl
05-23 13:45:24.918 15887 15887 I Ads : Use RequestConfiguration.Builder().setTestDeviceIds(Arrays.asList("55D5C2FA57A4B98864BA 46E75484CB21")) to get test ads on this device.
05-23 13:45:24.924 15887 15887 I Ads : Please set theme of AdActivity to @android:style/Theme.Translucent to enable transparent background interstitial ad.
05-23 13:45:24.936 15887 21007 W Ads : Not retrying to fetch app settings
05-23 13:45:25.014 15887 15887 D ContentValues: onAdFailedToLoad: Error while connecting to ad server: Failed to connect to googleads.g.doubleclick.net/0.0.0.0:443
05-23 13:45:25.015 15887 15887 I Ads : Ad failed to load : 0
05-23 13:45:25.111 15887 15887 D DynamitePackage: Instantiating com.google.android.gms.ads.ChimeraAdManagerCreatorImpl
05-23 13:45:25.114 15887 15887 I Ads : Use RequestConfiguration.Builder().setTestDeviceIds(Arrays.asList("55D5C2FA57A4B98864BA 46E75484CB21")) to get test ads on this device.
05-23 13:45:25.121 15887 15887 I Ads : Please set theme of AdActivity to @android:style/Theme.Translucent to enable transparent background interstitial ad.
05-23 13:45:25.131 15887 21185 W Ads : Not retrying to fetch app settings
05-23 13:45:25.204 15887 15887 D ContentValues: onAdFailedToLoad: Error while connecting to ad server: Failed to connect to googleads.g.doubleclick.net/0.0.0.0:443
05-23 13:45:25.204 15887 15887 I Ads : Ad failed to load : 0
05-23 13:45:25.211 15887 15887 D DynamitePackage: Instantiating com.google.android.gms.ads.ChimeraAdManagerCreatorImpl
05-23 13:45:25.213 15887 15887 I Ads : Use RequestConfiguration.Builder().setTestDeviceIds(Arrays.asList("55D5C2FA57A4B98864BA 46E75484CB21")) to get test ads on this device.
05-23 13:45:25.219 15887 15887 I Ads : Please set theme of AdActivity to @android:style/Theme.Translucent to enable transparent background interstitial ad.
05-23 13:45:25.231 15887 21149 W Ads : Not retrying to fetch app settings
05-23 13:45:25.303 15887 15887 D ContentValues: onAdFailedToLoad: Error while connecting to ad server: Failed to connect to googleads.g.doubleclick.net/0.0.0.0:443
05-23 13:45:25.304 15887 15887 I Ads : Ad failed to load : 0
05-23 13:45:25.311 15887 15887 D DynamitePackage: Instantiating com.google.android.gms.ads.ChimeraAdManagerCreatorImpl
05-23 13:45:25.313 15887 15887 I Ads : Use RequestConfiguration.Builder().setTestDeviceIds(Arrays.asList("55D5C2FA57A4B98864BA 46E75484CB21")) to get test ads on this device.
05-23 13:45:25.318 15887 15887 I Ads : Please set theme of AdActivity to @android:style/Theme.Translucent to enable transparent background interstitial ad.
05-23 13:45:25.333 15887 21013 W Ads : Not retrying to fetch app settings
05-23 13:45:25.389 15887 15887 D TranActivityAppturboImpl: onResumeHork
05-23 13:45:25.423 15887 15887 D BufferQueueConsumer: [](id:3e0f00000003,api:0,p:- 1,c:15887) connect: controlledByApp=false
05-23 13:45:25.425 15887 20924 E OpenGLRenderer: Unable to match the desired swap behavior.
05-23 13:45:25.435 15887 20924 D BLASTBufferQueue: [VRI[InAppPurchaseNewScreen]#3] (f:0,a:1) acquireNextBufferLocked size=1080x2436 mFrameNumber=1 applyTransaction=true mTimestamp=45856242779655(auto) mPendingTransactions.size=0 graphicBufferId=68234145431573 transform=0
05-23 13:45:25.442 15887 15887 D ContentValues: onAdFailedToLoad: Error while connecting to ad server: Failed to connect to googleads.g.doubleclick.net/0.0.0.0:443
05-23 13:45:25.442 15887 15887 I Ads : Ad failed to load : 0
05-23 13:45:25.544 15887 15887 D DynamitePackage: Instantiating com.google.android.gms.ads.ChimeraAdManagerCreatorImpl
05-23 13:45:25.546 15887 15887 I Ads : Use RequestConfiguration.Builder().setTestDeviceIds(Arrays.asList("55D5C2FA57A4B98864BA 46E75484CB21")) to get test ads on this device.
05-23 13:45:25.553 15887 15887 I Ads : Please set theme of AdActivity to @android:style/Theme.Translucent to enable transparent background interstitial ad.
05-23 13:45:25.567 15887 21006 W Ads : Not retrying to fetch app settings
05-23 13:45:25.568 15887 21194 W ServiceBindIntentUtils: Dynamic lookup for intent failed for action: com.google.android.gms.ads.service.START
05-23 13:45:25.683 15887 15887 D ContentValues: onAdFailedToLoad: Error while connecting to ad server: Failed to connect to googleads.g.doubleclick.net/0.0.0.0:443
05-23 13:45:25.684 15887 15887 I Ads : Ad failed to load : 0
05-23 13:45:25.746 15887 15887 D DynamitePackage: Instantiating com.google.android.gms.ads.ChimeraAdManagerCreatorImpl
05-23 13:45:25.747 15887 15887 I Ads : Use RequestConfiguration.Builder().setTestDeviceIds(Arrays.asList("55D5C2FA57A4B98864BA 46E75484CB21")) to get test ads on this device.
05-23 13:45:25.751 15887 15887 I Ads : Please set theme of AdActivity to @android:style/Theme.Translucent to enable transparent background interstitial ad.
05-23 13:45:25.769 15887 21006 W Ads : Not retrying to fetch app settings
05-23 13:45:25.878 15887 15887 D ContentValues: onAdFailedToLoad: Error while connecting to ad server: Failed to connect to googleads.g.doubleclick.net/0.0.0.0:443
05-23 13:45:25.878 15887 15887 I Ads : Ad failed to load : 0
05-23 13:45:25.945 15887 15887 D DynamitePackage: Instantiating com.google.android.gms.ads.ChimeraAdManagerCreatorImpl
05-23 13:45:25.947 15887 15887 I Ads : Use RequestConfiguration.Builder().setTestDeviceIds(Arrays.asList("55D5C2FA57A4B98864BA 46E75484CB21")) to get test ads on this device.
05-23 13:45:25.952 15887 15887 I Ads : Please set theme of AdActivity to @android:style/Theme.Translucent to enable transparent background interstitial ad.
05-23 13:45:25.961 15887 21013 W Ads : Not retrying to fetch app settings
05-23 13:45:26.030 15887 15887 D ContentValues: onAdFailedToLoad: Error while connecting to ad server: Failed to connect to googleads.g.doubleclick.net/0.0.0.0:443
05-23 13:45:26.030 15887 15887 I Ads : Ad failed to load : 0
05-23 13:45:26.045 15887 15887 D DynamitePackage: Instantiating com.google.android.gms.ads.ChimeraAdManagerCreatorImpl
05-23 13:45:26.047 15887 15887 I Ads : Use RequestConfiguration.Builder().setTestDeviceIds(Arrays.asList("55D5C2FA57A4B98864BA 46E75484CB21")) to get test ads on this device.
05-23 13:45:26.049 15887 15887 I Ads : Please set theme of AdActivity to @android:style/Theme.Translucent to enable transparent background interstitial ad.
05-23 13:45:26.060 15887 21008 W Ads : Not retrying to fetch app settings
05-23 13:45:26.131 15887 15887 D ContentValues: onAdFailedToLoad: Error while connecting to ad server: Failed to connect to googleads.g.doubleclick.net/0.0.0.0:443
05-23 13:45:26.131 15887 15887 I Ads : Ad failed to load : 0
05-23 13:45:26.145 15887 15887 D DynamitePackage: Instantiating com.google.android.gms.ads.ChimeraAdManagerCreatorImpl
05-23 13:45:26.147 15887 15887 I Ads : Use RequestConfiguration.Builder().setTestDeviceIds(Arrays.asList("55D5C2FA57A4B98864BA 46E75484CB21")) to get test ads on this device.
05-23 13:45:26.152 15887 15887 I Ads : Please set theme of AdActivity to @android:style/Theme.Translucent to enable transparent background interstitial ad.
05-23 13:45:26.160 15887 21009 W Ads : Not retrying to fetch app settings
05-23 13:45:26.241 15887 15887 D ContentValues: onAdFailedToLoad: Error while connecting to ad server: Failed to connect to googleads.g.doubleclick.net/0.0.0.0:443
05-23 13:45:26.242 15887 15887 I Ads : Ad failed to load : 0
05-23 13:45:26.246 15887 15887 D DynamitePackage: Instantiating com.google.android.gms.ads.ChimeraAdManagerCreatorImpl
05-23 13:45:26.247 15887 15887 I Ads : Use RequestConfiguration.Builder().setTestDeviceIds(Arrays.asList("55D5C2FA57A4B98864BA 46E75484CB21")) to get test ads on this device.
05-23 13:45:26.250 15887 15887 I Ads : Please set theme of AdActivity to @android:style/Theme.Translucent to enable transparent background interstitial ad.
05-23 13:45:26.264 15887 21146 W Ads : Not retrying to fetch app settings
05-23 13:45:26.346 15887 15887 D ContentValues: onAdFailedToLoad: Error while connecting to ad server: Failed to connect to googleads.g.doubleclick.net/0.0.0.0:443
05-23 13:45:26.347 15887 15887 I Ads : Ad failed to load : 0
05-23 13:45:26.471 15887 15887 D DynamitePackage: Instantiating com.google.android.gms.ads.ChimeraAdManagerCreatorImpl
05-23 13:45:26.473 15887 15887 I Ads : Use RequestConfiguration.Builder().setTestDeviceIds(Arrays.asList("55D5C2FA57A4B98864BA 46E75484CB21")) to get test ads on this device.
05-23 13:45:26.476 15887 15887 I Ads : Please set theme of AdActivity to @android:style/Theme.Translucent to enable transparent background interstitial ad.
05-23 13:45:26.496 15887 20993 W Ads : Not retrying to fetch app settings
05-23 13:45:26.498 15887 21239 W ServiceBindIntentUtils: Dynamic lookup for intent failed for action: com.google.android.gms.ads.service.START
05-23 13:45:26.606 15887 15887 D ContentValues: onAdFailedToLoad: Error while connecting to ad server: Failed to connect to googleads.g.doubleclick.net/0.0.0.0:443
05-23 13:45:26.606 15887 15887 I Ads : Ad failed to load : 0
05-23 13:45:26.665 15887 15887 D DynamitePackage: Instantiating com.google.android.gms.ads.ChimeraAdManagerCreatorImpl
05-23 13:45:26.667 15887 15887 I Ads : Use RequestConfiguration.Builder().setTestDeviceIds(Arrays.asList("55D5C2FA57A4B98864BA 46E75484CB21")) to get test ads on this device.
05-23 13:45:26.671 15887 15887 I Ads : Please set theme of AdActivity to @android:style/Theme.Translucent to enable transparent background interstitial ad.
05-23 13:45:26.684 15887 21007 W Ads : Not retrying to fetch app settings
05-23 13:45:26.687 15887 21192 W ServiceBindIntentUtils: Dynamic lookup for intent failed for action: com.google.android.gms.ads.service.START
05-23 13:45:26.754 15887 15887 D ContentValues: onAdFailedToLoad: Error while connecting to ad server: Failed to connect to googleads.g.doubleclick.net/0.0.0.0:443
05-23 13:45:26.754 15887 15887 I Ads : Ad failed to load : 0
05-23 13:45:26.765 15887 15887 D DynamitePackage: Instantiating com.google.android.gms.ads.ChimeraAdManagerCreatorImpl
05-23 13:45:26.766 15887 15887 I Ads : Use RequestConfiguration.Builder().setTestDeviceIds(Arrays.asList("55D5C2FA57A4B98864BA 46E75484CB21")) to get test ads on this device.
05-23 13:45:26.769 15887 15887 I Ads : Please set theme of AdActivity to @android:style/Theme.Translucent to enable transparent background interstitial ad.
05-23 13:45:26.783 15887 20993 W Ads : Not retrying to fetch app settings
05-23 13:45:26.843 15887 15887 I ScrollIdentify: on fling
05-23 13:45:26.875 15887 15887 D ContentValues: onAdFailedToLoad: Error while connecting to ad server: Failed to connect to googleads.g.doubleclick.net/0.0.0.0:443
05-23 13:45:26.875 15887 15887 I Ads : Ad failed to load : 0
05-23 13:45:26.970 15887 15887 D DynamitePackage: Instantiating com.google.android.gms.ads.ChimeraAdManagerCreatorImpl
05-23 13:45:26.971 15887 15887 I Ads : Use RequestConfiguration.Builder().setTestDeviceIds(Arrays.asList("55D5C2FA57A4B98864BA 46E75484CB21")) to get test ads on this device.
05-23 13:45:26.975 15887 15887 I Ads : Please set theme of AdActivity to @android:style/Theme.Translucent to enable transparent background interstitial ad.
05-23 13:45:26.986 15887 21015 W Ads : Not retrying to fetch app settings
05-23 13:45:26.987 15887 21200 W ServiceBindIntentUtils: Dynamic lookup for intent failed for action: com.google.android.gms.ads.service.START
05-23 13:45:27.045 15887 15887 D ContentValues: onAdFailedToLoad: Error while connecting to ad server: Failed to connect to googleads.g.doubleclick.net/0.0.0.0:443
05-23 13:45:27.046 15887 15887 I Ads : Ad failed to load : 0
05-23 13:45:27.068 15887 15887 D DynamitePackage: Instantiating com.google.android.gms.ads.ChimeraAdManagerCreatorImpl
05-23 13:45:27.069 15887 15887 I Ads : Use RequestConfiguration.Builder().setTestDeviceIds(Arrays.asList("55D5C2FA57A4B98864BA 46E75484CB21")) to get test ads on this device.
05-23 13:45:27.074 15887 15887 I Ads : Please set theme of AdActivity to @android:style/Theme.Translucent to enable transparent background interstitial ad.
05-23 13:45:27.083 15887 21004 W Ads : Not retrying to fetch app settings
05-23 13:45:27.138 15887 15887 D ContentValues: onAdFailedToLoad: Error while connecting to ad server: Failed to connect to googleads.g.doubleclick.net/0.0.0.0:443
05-23 13:45:27.138 15887 15887 I Ads : Ad failed to load : 0
