Com - Dual.space - Parallel.apps - Multiaccounts.appscloner Logcat
The document contains log entries from an application using Firebase services, indicating the initialization of Firebase APIs and Crashlytics. There are several warnings related to resource entry counts being inconsistent and errors regarding hidden API access. Additionally, it mentions the successful initialization of WorkManager and various package information related to the app 'com.dual.space.parallel.apps.multiaccounts.appscloner'.
We take content rights seriously. If you suspect this is your content, claim it here.
Available Formats
Download as TXT, PDF, TXT or read online on Scribd
0 ratings0% found this document useful (0 votes)
42 views10 pages
Com - Dual.space - Parallel.apps - Multiaccounts.appscloner Logcat
The document contains log entries from an application using Firebase services, indicating the initialization of Firebase APIs and Crashlytics. There are several warnings related to resource entry counts being inconsistent and errors regarding hidden API access. Additionally, it mentions the successful initialization of WorkManager and various package information related to the app 'com.dual.space.parallel.apps.multiaccounts.appscloner'.
We take content rights seriously. If you suspect this is your content, claim it here.
Available Formats
Download as TXT, PDF, TXT or read online on Scribd
You are on page 1/ 10
--------- beginning of main
04-07 05:45:54.332 16562 16562 I FirebaseApp: Device unlocked: initializing all
Firebase APIs for app [DEFAULT]
04-07 05:45:54.349 16562 16562 I FirebaseCrashlytics: Initializing Firebase Crashlytics 18.2.12 for com.dual.space.parallel.apps.multiaccounts.appscloner
04-07 05:45:54.384 16562 16562 I HwApiCacheMangerEx: apicache pi PackageInfo{9df5113 com.dual.space.parallel.apps.multiaccounts.appscloner}
04-07 05:45:54.392 16562 16591 W zygote64: Skipping duplicate class check due to unrecognized classloader
04-07 05:45:54.396 16562 16591 I DynamiteModule: Considering local module com.google.android.gms.measurement.dynamite:86 and remote module com.google.android.gms.measurement.dynamite:140
04-07 05:45:54.396 16562 16591 I DynamiteModule: Selected remote version of com.google.android.gms.measurement.dynamite, version >= 140
04-07 05:45:54.396 16562 16591 V DynamiteModule: Dynamite loader version >= 2, using loadModule2NoCrashUtils
04-07 05:45:54.408 16562 16600 D NetworkSecurityConfig: Using Network Security Config from resource network_security_config debugBuild: false
04-07 05:45:54.419 16562 16600 E FirebaseCrashlytics: Settings request failed.
04-07 05:45:54.426 16562 16591 W ResourceType: ResTable_typeSpec entry count inconsistent: given 96, previously 99
04-07 05:45:54.427 16562 16591 W ResourceType: ResTable_typeSpec entry count inconsistent: given 4710, previously 5321
04-07 05:45:54.427 16562 16591 W ResourceType: ResTable_typeSpec entry count inconsistent: given 3292, previously 3312
04-07 05:45:54.428 16562 16591 W ResourceType: ResTable_typeSpec entry count inconsistent: given 250, previously 254
04-07 05:45:54.428 16562 16591 W ResourceType: ResTable_typeSpec entry count inconsistent: given 524, previously 5334
04-07 05:45:54.456 16562 16562 I FirebaseInitProvider: FirebaseApp initialization successful
04-07 05:45:54.467 16562 16609 I HwApiCacheMangerEx: apicache pi PackageInfo{9df5113 com.dual.space.parallel.apps.multiaccounts.appscloner}
04-07 05:45:54.495 16562 16591 W zygote64: Skipping duplicate class check due to unrecognized classloader
04-07 05:45:54.504 16562 16617 I HwCust : Constructor found for class android.net.HwCustConnectivityManagerImpl
04-07 05:45:54.504 16562 16617 D HwCust : Create obj success use class android.net.HwCustConnectivityManagerImpl
04-07 05:45:54.510 16562 16562 I HwApiCacheMangerEx: apicache oUid 10129
04-07 05:45:54.510 16562 16562 I HwApiCacheMangerEx: apicache volumes [Landroid.os.storage.StorageVolume;@ccab7b8
04-07 05:45:54.510 16562 16562 I HwApiCacheMangerEx: apicache oUid 10129
04-07 05:45:54.510 16562 16562 I HwApiCacheMangerEx: apicache volumes [Landroid.os.storage.StorageVolume;@ccab7b8
04-07 05:45:54.517 16562 16562 E BypassProvider: Unable to unseal hidden api access
04-07 05:45:54.517 16562 16562 E BypassProvider: java.lang.reflect.InvocationTargetException
04-07 05:45:54.517 16562 16562 E BypassProvider: at java.lang.reflect.Method.invoke(Native Method)
04-07 05:45:54.517 16562 16562 E BypassProvider: at org.chickenhook.restrictionbypass.RestrictionBypass.getDeclaredMethod(RestrictionBy pass.java:18)
04-07 05:45:54.517 16562 16562 E BypassProvider: at org.chickenhook.restrictionbypass.Unseal.unseal(Unseal.java:15)
04-07 05:45:54.517 16562 16562 E BypassProvider: at org.chickenhook.restrictionbypass.BypassProvider.attachInfo(BypassProvider.java:51)
04-07 05:45:54.517 16562 16562 E BypassProvider: at android.app.ActivityThread.installProvider(ActivityThread.java:7212)
04-07 05:45:54.517 16562 16562 E BypassProvider: at android.app.ActivityThread.installContentProviders(ActivityThread.java:6699)
04-07 05:45:54.517 16562 16562 E BypassProvider: at android.app.ActivityThread.handleBindApplication(ActivityThread.java:6600)
04-07 05:45:54.517 16562 16562 E BypassProvider: at android.app.ActivityThread.-wrap2(Unknown Source:0)
04-07 05:45:54.517 16562 16562 E BypassProvider: at android.app.ActivityThread$H.handleMessage(ActivityThread.java:2066)
04-07 05:45:54.517 16562 16562 E BypassProvider: at android.os.Handler.dispatchMessage(Handler.java:108)
04-07 05:45:54.517 16562 16562 E BypassProvider: at android.os.Looper.loop(Looper.java:166)
04-07 05:45:54.517 16562 16562 E BypassProvider: at android.app.ActivityThread.main(ActivityThread.java:7529)
04-07 05:45:54.517 16562 16562 E BypassProvider: at java.lang.reflect.Method.invoke(Native Method)
04-07 05:45:54.517 16562 16562 E BypassProvider: at com.android.internal.os.Zygote$MethodAndArgsCaller.run(Zygote.java:245)
04-07 05:45:54.517 16562 16562 E BypassProvider: at com.android.internal.os.ZygoteInit.main(ZygoteInit.java:921)
04-07 05:45:54.517 16562 16562 E BypassProvider: Caused by: java.lang.NoSuchMethodException: setHiddenApiExemptions [class [Ljava.lang.String;]
04-07 05:45:54.517 16562 16562 E BypassProvider: at java.lang.Class.getMethod(Class.java:2068)
04-07 05:45:54.517 16562 16562 E BypassProvider: at java.lang.Class.getDeclaredMethod(Class.java:2047)
04-07 05:45:54.517 16562 16562 E BypassProvider: ... 15 more
04-07 05:45:54.535 16562 16562 D WM-WrkMgrInitializer: Initializing WorkManager with default configuration.
04-07 05:45:54.572 16562 16620 I DynamiteModule: Considering local module com.google.android.gms.ads.dynamite:0 and remote module com.google.android.gms.ads.dynamite:250505301
04-07 05:45:54.572 16562 16620 I DynamiteModule: Selected remote version of com.google.android.gms.ads.dynamite, version >= 250505301
04-07 05:45:54.573 16562 16620 V DynamiteModule: Dynamite loader version >= 2, using loadModule2NoCrashUtils
04-07 05:45:54.578 16562 16562 I HwApiCacheMangerEx: apicache oUid 10129
04-07 05:45:54.578 16562 16562 I HwApiCacheMangerEx: apicache volumes [Landroid.os.storage.StorageVolume;@ccab7b8
04-07 05:45:54.588 16562 16562 D LicenseClient: Connecting to the licensing service...
04-07 05:45:54.606 16562 16620 W zygote64: Skipping duplicate class check due to unrecognized classloader --------- beginning of system
04-07 05:45:54.649 16626 16626 D ActivityThread: ActivityThread,attachApplication
04-07 05:45:54.657 16562 16623 I HwApiCacheMangerEx: apicache pi PackageInfo{9df5113 com.dual.space.parallel.apps.multiaccounts.appscloner}
04-07 05:45:54.661 16562 16623 W ResourceType: For resource 0x7f0b000f, entry index(15) is beyond type entryCount(11)
04-07 05:45:54.662 16562 16623 W ResourceType: For resource 0x7f0b000f, entry index(15) is beyond type entryCount(11)
04-07 05:45:54.665 16562 16623 I FA : App measurement initialized, version: 118018
04-07 05:45:54.665 16562 16623 I FA : To enable debug logging run: adb shell setprop log.tag.FA VERBOSE
04-07 05:45:54.665 16562 16623 I FA : To enable faster debug mode event logging run:
04-07 05:45:54.665 16562 16623 I FA : adb shell setprop debug.firebase.analytics.app com.dual.space.parallel.apps.multiaccounts.appscloner
04-07 05:45:54.668 16626 16626 D HwFLClassLoader: get used feature list :/feature/used-list failed!
04-07 05:45:54.668 16626 16626 D HwFLClassLoader: USE_FEATURE_LIST had not init!
04-07 05:45:54.669 16626 16641 I HwApiCacheMangerEx: apicache mCurPackageName=com.dual.space.parallel.apps.multiaccounts.appscloner uptimes=321066501
04-07 05:45:54.670 16626 16641 I HwApiCacheMangerEx: apicache oUid null
04-07 05:45:54.671 16626 16641 I HwApiCacheMangerEx: apicache volumes null
04-07 05:45:54.672 16626 16641 I HwApiCacheMangerEx: apicache path=/storage/emulated/0 state=mounted key=com.dual.space.parallel.apps.multiaccounts.appscloner#10129#256
04-07 05:45:54.673 16626 16641 I HwApiCacheMangerEx: apicache oUid 10129
04-07 05:45:54.673 16626 16641 I HwApiCacheMangerEx: apicache volumes null
04-07 05:45:54.674 16626 16641 I HwApiCacheMangerEx: apicache path=/storage/emulated/0 state=mounted key=com.dual.space.parallel.apps.multiaccounts.appscloner#10129#0
04-07 05:45:54.674 16626 16641 I HwApiCacheMangerEx: apicache async read begin packageName=com.dual.space.parallel.apps.multiaccounts.appscloner userid=0
04-07 05:45:54.674 16626 16641 I HwApiCacheMangerEx: apicache pi null
04-07 05:45:54.675 16626 16641 I chatty : uid=10129(u0_a129) queued-work-loo identical 1 line
04-07 05:45:54.676 16626 16641 I HwApiCacheMangerEx: apicache pi null
04-07 05:45:54.681 16562 16623 I HwApiCacheMangerEx: apicache pi PackageInfo{e5e366e com.dual.space.parallel.apps.multiaccounts.appscloner}
04-07 05:45:54.683 16562 16623 I HwApiCacheMangerEx: apicache pi PackageInfo{e5e366e com.dual.space.parallel.apps.multiaccounts.appscloner}
04-07 05:45:54.683 16626 16641 I HwApiCacheMangerEx: apicache oUid null
04-07 05:45:54.684 16626 16641 I HwApiCacheMangerEx: apicache async read finished packageName=com.dual.space.parallel.apps.multiaccounts.appscloner userid=0 totalus=9572
04-07 05:45:54.687 16626 16626 W ResourceType: ResTable_typeSpec entry count inconsistent: given 1129, previously 1145
04-07 05:45:54.687 16626 16626 W ResourceType: ResTable_typeSpec entry count inconsistent: given 205, previously 1121
04-07 05:45:54.697 16626 16626 I HwApiCacheMangerEx: apicache pi null
04-07 05:45:54.716 16626 16626 W HiddenApiBypass: setHiddenApiExemptions
04-07 05:45:54.716 16626 16626 W HiddenApiBypass: java.lang.NoSuchMethodException: Cannot find matching method
04-07 05:45:54.716 16626 16626 W HiddenApiBypass: at org.lsposed.hiddenapibypass.HiddenApiBypass.invoke(Unknown Source:112)
04-07 05:45:54.716 16626 16626 W HiddenApiBypass: at org.lsposed.hiddenapibypass.HiddenApiBypass.setHiddenApiExemptions(Unknown Source:21)
04-07 05:45:54.716 16626 16626 W HiddenApiBypass: at org.lsposed.hiddenapibypass.HiddenApiBypass.addHiddenApiExemptions(Unknown Source:21)
04-07 05:45:54.716 16626 16626 W HiddenApiBypass: at top.niunaijun.blackbox.BlackBoxCore.doAttachBaseContext(BlackBoxCore.java:132)
04-07 05:45:54.716 16626 16626 W HiddenApiBypass: at com.dual.space.view.main.BlackBoxLoader.attachBaseContext(BlackBoxLoader.kt:100)
04-07 05:45:54.716 16626 16626 W HiddenApiBypass: at com.dual.space.app.AppManager.doAttachBaseContext(AppManager.kt:26)
04-07 05:45:54.716 16626 16626 W HiddenApiBypass: at com.dual.space.app.MyApplication.attachBaseContext(MyApplication.kt:62)
04-07 05:45:54.716 16626 16626 W HiddenApiBypass: at android.app.Application.attach(Application.java:200)
04-07 05:45:54.716 16626 16626 W HiddenApiBypass: at android.app.Instrumentation.newApplication(Instrumentation.java:1105)
04-07 05:45:54.716 16626 16626 W HiddenApiBypass: at android.app.Instrumentation.newApplication(Instrumentation.java:1089)
04-07 05:45:54.716 16626 16626 W HiddenApiBypass: at android.app.LoadedApk.makeApplication(LoadedApk.java:1053)
04-07 05:45:54.716 16626 16626 W HiddenApiBypass: at android.app.ActivityThread.handleBindApplication(ActivityThread.java:6590)
04-07 05:45:54.716 16626 16626 W HiddenApiBypass: at android.app.ActivityThread.-wrap2(Unknown Source:0)
04-07 05:45:54.716 16626 16626 W HiddenApiBypass: at android.app.ActivityThread$H.handleMessage(ActivityThread.java:2066)
04-07 05:45:54.716 16626 16626 W HiddenApiBypass: at android.os.Handler.dispatchMessage(Handler.java:108)
04-07 05:45:54.716 16626 16626 W HiddenApiBypass: at android.os.Looper.loop(Looper.java:166)
04-07 05:45:54.716 16626 16626 W HiddenApiBypass: at android.app.ActivityThread.main(ActivityThread.java:7529)
04-07 05:45:54.716 16626 16626 W HiddenApiBypass: at java.lang.reflect.Method.invoke(Native Method)
04-07 05:45:54.716 16626 16626 W HiddenApiBypass: at com.android.internal.os.Zygote$MethodAndArgsCaller.run(Zygote.java:245)
04-07 05:45:54.716 16626 16626 W HiddenApiBypass: at com.android.internal.os.ZygoteInit.main(ZygoteInit.java:921)
04-07 05:45:54.718 16626 16626 E BlackBoxCore: Failed to hook bindService:
04-07 05:45:54.718 16626 16626 E BlackBoxCore: java.lang.IllegalArgumentException: top.niunaijun.blackbox.fake.frameworks.BActivityManager is not an interface
04-07 05:45:54.718 16626 16626 E BlackBoxCore: at java.lang.reflect.Proxy$ProxyClassFactory.apply(Proxy.java:589)
04-07 05:45:54.718 16626 16626 E BlackBoxCore: at java.lang.reflect.Proxy$ProxyClassFactory.apply(Proxy.java:566)
04-07 05:45:54.718 16626 16626 E BlackBoxCore: at java.lang.reflect.WeakCache$Factory.get(WeakCache.java:230)
04-07 05:45:54.718 16626 16626 E BlackBoxCore: at java.lang.reflect.WeakCache.get(WeakCache.java:127)
04-07 05:45:54.718 16626 16626 E BlackBoxCore: at java.lang.reflect.Proxy.getProxyClass0(Proxy.java:419)
04-07 05:45:54.718 16626 16626 E BlackBoxCore: at java.lang.reflect.Proxy.newProxyInstance(Proxy.java:820)
04-07 05:45:54.718 16626 16626 E BlackBoxCore: at top.niunaijun.blackbox.BlackBoxCore.hookBindService(BlackBoxCore.java:222)
04-07 05:45:54.718 16626 16626 E BlackBoxCore: at top.niunaijun.blackbox.BlackBoxCore.doAttachBaseContext(BlackBoxCore.java:133)
04-07 05:45:54.718 16626 16626 E BlackBoxCore: at com.dual.space.view.main.BlackBoxLoader.attachBaseContext(BlackBoxLoader.kt:100)
04-07 05:45:54.718 16626 16626 E BlackBoxCore: at com.dual.space.app.AppManager.doAttachBaseContext(AppManager.kt:26)
04-07 05:45:54.718 16626 16626 E BlackBoxCore: at com.dual.space.app.MyApplication.attachBaseContext(MyApplication.kt:62)
04-07 05:45:54.718 16626 16626 E BlackBoxCore: at android.app.Application.attach(Application.java:200)
04-07 05:45:54.718 16626 16626 E BlackBoxCore: at android.app.Instrumentation.newApplication(Instrumentation.java:1105)
04-07 05:45:54.718 16626 16626 E BlackBoxCore: at android.app.Instrumentation.newApplication(Instrumentation.java:1089)
04-07 05:45:54.718 16626 16626 E BlackBoxCore: at android.app.LoadedApk.makeApplication(LoadedApk.java:1053)
04-07 05:45:54.718 16626 16626 E BlackBoxCore: at android.app.ActivityThread.handleBindApplication(ActivityThread.java:6590)
04-07 05:45:54.718 16626 16626 E BlackBoxCore: at android.app.ActivityThread.- wrap2(Unknown Source:0)
04-07 05:45:54.718 16626 16626 E BlackBoxCore: at android.app.ActivityThread$H.handleMessage(ActivityThread.java:2066)
04-07 05:45:54.718 16626 16626 E BlackBoxCore: at android.os.Handler.dispatchMessage(Handler.java:108)
04-07 05:45:54.718 16626 16626 E BlackBoxCore: at android.os.Looper.loop(Looper.java:166)
04-07 05:45:54.718 16626 16626 E BlackBoxCore: at android.app.ActivityThread.main(ActivityThread.java:7529)
04-07 05:45:54.718 16626 16626 E BlackBoxCore: at java.lang.reflect.Method.invoke(Native Method)
04-07 05:45:54.718 16626 16626 E BlackBoxCore: at com.android.internal.os.Zygote$MethodAndArgsCaller.run(Zygote.java:245)
04-07 05:45:54.718 16626 16626 E BlackBoxCore: at com.android.internal.os.ZygoteInit.main(ZygoteInit.java:921)
04-07 05:45:54.778 16626 16626 D HookManager: hook: top.niunaijun.blackbox.fake.service.IWindowManagerProxy@3224160
04-07 05:45:54.787 16626 16626 D HookManager: hook: top.niunaijun.blackbox.fake.service.ILauncherAppsProxy@59d4824
04-07 05:45:54.790 16626 16626 D HookManager: hook: top.niunaijun.blackbox.fake.delegate.AppInstrumentation@b12e789
04-07 05:45:54.793 16626 16626 D HookManager: hook: top.niunaijun.blackbox.fake.service.IPackageManagerProxy@eb97345
04-07 05:45:54.804 16626 16626 D HookManager: hook: top.niunaijun.blackbox.fake.service.libcore.OsStub@cf50254
04-07 05:45:54.809 16626 16626 D HookManager: hook: top.niunaijun.blackbox.fake.service.ILocationManagerProxy@4c9efc0
04-07 05:45:54.814 16626 16626 D HookManager: hook: top.niunaijun.blackbox.fake.service.IFingerprintManagerProxy@4038e4a
04-07 05:45:54.816 16626 16626 D HookManager: hook: top.niunaijun.blackbox.fake.service.IPowerManagerProxy@487a884
04-07 05:45:54.820 16626 16626 D HookManager: hook: top.niunaijun.blackbox.fake.service.IActivityManagerProxy@1c6e0ee
04-07 05:45:54.836 16626 16626 D HookManager: hook: top.niunaijun.blackbox.fake.service.IMediaSessionManagerProxy@dfc06dd
04-07 05:45:54.841 16626 16626 D HookManager: hook: top.niunaijun.blackbox.fake.service.IShortcutManagerProxy@f82e47f
04-07 05:45:54.846 16626 16626 D HookManager: hook: top.niunaijun.blackbox.fake.service.IAppWidgetManagerProxy@e3a8511
04-07 05:45:54.849 16626 16626 D HookManager: hook: top.niunaijun.blackbox.fake.service.IAutofillManagerProxy@9df5113
04-07 05:45:54.853 16626 16626 D HookManager: hook: top.niunaijun.blackbox.fake.service.IContextHubServiceProxy@6366d05
04-07 05:45:54.856 16626 16626 D HookManager: hook: top.niunaijun.blackbox.fake.service.IDevicePolicyManagerProxy@e70f926
04-07 05:45:54.864 16626 16626 D HookManager: hook: top.niunaijun.blackbox.fake.service.IAlarmManagerProxy@1555c80
04-07 05:45:54.866 16626 16626 D HookManager: hook: top.niunaijun.blackbox.fake.service.INetworkManagementServiceProxy@e95950a
04-07 05:45:54.871 16626 16626 D HookManager: hook: top.niunaijun.blackbox.fake.service.IConnectivityManagerProxy@9db7944
04-07 05:45:54.878 16626 16626 D HookManager: hook: top.niunaijun.blackbox.fake.service.IMediaRouterServiceProxy@13e2bae
04-07 05:45:54.881 16626 16626 D HookManager: hook: top.niunaijun.blackbox.fake.service.IAppOpsManagerProxy@831ef6b
04-07 05:45:54.887 16626 16626 D HookManager: hook: top.niunaijun.blackbox.fake.service.IJobServiceProxy@a691ae0
04-07 05:45:54.891 16626 16626 D HookManager: hook: top.niunaijun.blackbox.fake.service.IAccountManagerProxy@2fc606a
04-07 05:45:54.898 16626 16626 D HookManager: hook: top.niunaijun.blackbox.fake.service.ITelephonyManagerProxy@774e9a4
04-07 05:45:54.908 16626 16626 D HookManager: hook: top.niunaijun.blackbox.fake.service.IUserManagerProxy@32d190e
04-07 05:45:54.911 16626 16626 D HookManager: hook: top.niunaijun.blackbox.fake.service.IStorageStatsManagerProxy@e883d28
04-07 05:45:54.914 16626 16626 D HookManager: hook: top.niunaijun.blackbox.fake.service.HCallbackProxy@37c697d
04-07 05:45:54.917 16626 16626 D HookManager: hook: top.niunaijun.blackbox.fake.service.IWifiManagerProxy@8eb2079
04-07 05:45:54.922 16626 16626 D HookManager: hook: top.niunaijun.blackbox.fake.service.context.ContentServiceStub@9d6d13b
04-07 05:45:54.925 16626 16626 D HookManager: hook: top.niunaijun.blackbox.fake.service.IDeviceIdentifiersPolicyProxy@4dfabed
04-07 05:45:54.929 16626 16626 D HookManager: hook: top.niunaijun.blackbox.fake.service.IDisplayManagerProxy@e5e366e
04-07 05:45:54.932 16626 16626 D HookManager: hook: top.niunaijun.blackbox.fake.service.IAccessibilityManagerProxy@8bfe307
04-07 05:45:54.935 16626 16626 D HookManager: hook: top.niunaijun.blackbox.fake.service.context.RestrictionsManagerStub@aa82bff
04-07 05:45:54.938 16626 16626 D HookManager: hook: top.niunaijun.blackbox.fake.service.IPhoneSubInfoProxy@47bcab8
04-07 05:45:54.939 16626 16626 D HookManager: hook error: top.niunaijun.blackbox.fake.service.IPhoneSubInfoProxy@47bcab8
04-07 05:45:54.939 16626 16626 D HookManager: hook: top.niunaijun.blackbox.fake.service.IWifiScannerProxy@2c99091
04-07 05:45:54.941 16626 16626 D HookManager: hook error: top.niunaijun.blackbox.fake.service.IWifiScannerProxy@2c99091
04-07 05:45:54.941 16626 16626 D HookManager: hook: top.niunaijun.blackbox.fake.service.IVibratorServiceProxy@b04ebf6
04-07 05:45:54.943 16626 16626 D HookManager: hook: top.niunaijun.blackbox.fake.service.IStorageManagerProxy@f8138d0
04-07 05:45:54.950 16626 16626 D HookManager: hook: top.niunaijun.blackbox.fake.service.INotificationManagerProxy@3de0eda
04-07 05:45:54.955 16626 16626 D HookManager: hook: top.niunaijun.blackbox.fake.service.ITelephonyRegistryProxy@69e3ea6
04-07 05:45:54.959 16626 16626 D HookManager: hook: top.niunaijun.blackbox.fake.service.IPersistentDataBlockServiceProxy@1fc7600
04-07 05:45:54.960 16626 16626 D HookManager: hook error: top.niunaijun.blackbox.fake.service.IPersistentDataBlockServiceProxy@1fc7600
04-07 05:45:54.961 16626 16626 D HookManager: hook: top.niunaijun.blackbox.fake.service.IGraphicsStatsProxy@32b95df
04-07 05:45:54.966 16626 16626 I HwApiCacheMangerEx: apicache oUid 10129
04-07 05:45:54.966 16626 16626 I HwApiCacheMangerEx: apicache volumes [Landroid.os.storage.StorageVolume;@ab2f22c
04-07 05:45:55.339 16626 16626 D Settings: loaded Package: com.whatsapp
04-07 05:45:55.352 16626 16632 I zygote64: Do partial code cache collection, code=28KB, data=18KB
04-07 05:45:55.352 16626 16632 I zygote64: After code cache collection, code=28KB, data=18KB
04-07 05:45:55.352 16626 16632 I zygote64: Increasing code cache capacity to 128KB
04-07 05:45:55.364 16626 16626 D BroadcastManager: register: com.whatsapp, size: 53
04-07 05:45:55.565 16626 16626 D ActivityThread: Loading provider com.dual.space.parallel.apps.multiaccounts.appscloner.blackbox.SystemCallProvider: top.niunaijun.blackbox.core.system.SystemCallProvider
04-07 05:45:55.566 16626 16626 D SystemCallProvider: call: VM, Bundle[{_B_| _server_name_=package_manager}]
04-07 05:45:55.568 16626 16626 D BlackBoxCore: getService: package_manager, top.niunaijun.blackbox.core.system.pm.BPackageManagerService@f846e2f
04-07 05:45:55.681 16626 16626 V HwWidgetFactory: : successes to get AllImpl object and return....
04-07 05:45:55.741 16626 16626 W PackageParser: No actions in intent filter at /cust/hw/eu/app/HMS/HMS.apk Binary XML file line #1412
04-07 05:45:55.749 16626 16626 W PackageParser: No actions in intent filter at /cust/hw/eu/app/HMS/HMS.apk Binary XML file line #1680
04-07 05:45:55.750 16626 16626 W PackageParser: No actions in intent filter at /cust/hw/eu/app/HMS/HMS.apk Binary XML file line #1694
04-07 05:45:55.963 16626 16626 W ResourceType: No known package when getting value for resource number 0x7f0902e9
04-07 05:45:55.964 16626 16626 W PackageManager: Failure retrieving text 0x7f0902e9 in package com.huawei.hwid
04-07 05:45:55.964 16626 16626 W PackageManager: android.content.res.Resources$NotFoundException: String resource ID #0x7f0902e9
04-07 05:45:55.964 16626 16626 W PackageManager: at android.content.res.Resources.getText(Resources.java:410)
04-07 05:45:55.964 16626 16626 W PackageManager: at android.content.res.HwResources.getText(HwResources.java:465)
04-07 05:45:55.964 16626 16626 W PackageManager: at android.app.ApplicationPackageManager.getText(ApplicationPackageManager.java:1711)
04-07 05:45:55.964 16626 16626 W PackageManager: at android.content.pm.PackageItemInfo.loadLabel(PackageItemInfo.java:160)
04-07 05:45:55.964 16626 16626 W PackageManager: at top.niunaijun.blackbox.core.system.pm.BPackageManagerService.installPackageAsUserLo cked(BPackageManagerService.java:688)
04-07 05:45:55.964 16626 16626 W PackageManager: at top.niunaijun.blackbox.core.system.pm.BPackageManagerService.installPackageAsUser(B PackageManagerService.java:516)
04-07 05:45:55.964 16626 16626 W PackageManager: at top.niunaijun.blackbox.core.system.BlackBoxSystem.startup(BlackBoxSystem.java:82)
04-07 05:45:55.964 16626 16626 W PackageManager: at top.niunaijun.blackbox.core.system.SystemCallProvider.initSystem(SystemCallProvider .java:24)
04-07 05:45:55.964 16626 16626 W PackageManager: at top.niunaijun.blackbox.core.system.SystemCallProvider.onCreate(SystemCallProvider.j ava:20)
04-07 05:45:55.964 16626 16626 W PackageManager: at android.content.ContentProvider.attachInfo(ContentProvider.java:1921)
04-07 05:45:55.964 16626 16626 W PackageManager: at android.content.ContentProvider.attachInfo(ContentProvider.java:1896)
04-07 05:45:55.964 16626 16626 W PackageManager: at android.app.ActivityThread.installProvider(ActivityThread.java:7212)
04-07 05:45:55.964 16626 16626 W PackageManager: at android.app.ActivityThread.installContentProviders(ActivityThread.java:6699)
04-07 05:45:55.964 16626 16626 W PackageManager: at android.app.ActivityThread.handleBindApplication(ActivityThread.java:6600)
04-07 05:45:55.964 16626 16626 W PackageManager: at android.app.ActivityThread.-wrap2(Unknown Source:0)
04-07 05:45:55.964 16626 16626 W PackageManager: at android.app.ActivityThread$H.handleMessage(ActivityThread.java:2066)
04-07 05:45:55.964 16626 16626 W PackageManager: at android.os.Handler.dispatchMessage(Handler.java:108)
04-07 05:45:55.964 16626 16626 W PackageManager: at android.os.Looper.loop(Looper.java:166)
04-07 05:45:55.964 16626 16626 W PackageManager: at android.app.ActivityThread.main(ActivityThread.java:7529)
04-07 05:45:55.964 16626 16626 W PackageManager: at java.lang.reflect.Method.invoke(Native Method)
04-07 05:45:55.964 16626 16626 W PackageManager: at com.android.internal.os.Zygote$MethodAndArgsCaller.run(Zygote.java:245)
04-07 05:45:55.964 16626 16626 W PackageManager: at com.android.internal.os.ZygoteInit.main(ZygoteInit.java:921)
04-07 05:45:55.964 16626 16626 D InstallResult: com.huawei.hms.app.CoreApplication[com.huawei.hwid] not support armeabi-v7a abi
04-07 05:45:55.964 16626 16626 D BPackageManagerService: install finish: 393ms
04-07 05:45:55.985 16626 16639 D SystemCallProvider: call: VM, Bundle[mParcelledData.dataSize=88]
04-07 05:45:55.986 16562 16562 D BlackBoxCore: getService: activity_manager, android.os.BinderProxy@f01d21
04-07 05:45:55.987 16626 16639 D SystemCallProvider: call: VM, Bundle[mParcelledData.dataSize=76]
04-07 05:45:55.987 16562 16562 D BlackBoxCore: getService: job_manager, android.os.BinderProxy@7a2a546
04-07 05:45:55.988 16626 16639 D SystemCallProvider: call: VM, Bundle[mParcelledData.dataSize=84]
04-07 05:45:55.988 16562 16562 D BlackBoxCore: getService: package_manager, android.os.BinderProxy@8bfe307
04-07 05:45:55.989 16626 16639 D SystemCallProvider: call: VM, Bundle[mParcelledData.dataSize=84]
04-07 05:45:55.990 16562 16562 D BlackBoxCore: getService: storage_manager, android.os.BinderProxy@f49fc34
04-07 05:45:55.990 16626 16639 D SystemCallProvider: call: VM, Bundle[mParcelledData.dataSize=80]
04-07 05:45:55.991 16562 16562 D BlackBoxCore: getService: user_manager, android.os.BinderProxy@1906a5d
04-07 05:45:55.991 16626 16639 D SystemCallProvider: call: VM, Bundle[mParcelledData.dataSize=84]
04-07 05:45:55.992 16562 16562 D BlackBoxCore: getService: xposed_manager, android.os.BinderProxy@bd3cfd2
04-07 05:45:55.992 16626 16639 D SystemCallProvider: call: VM, Bundle[mParcelledData.dataSize=84]
04-07 05:45:55.993 16562 16562 D BlackBoxCore: getService: account_manager, android.os.BinderProxy@eda8a3
04-07 05:45:55.994 16626 16639 D SystemCallProvider: call: VM, Bundle[mParcelledData.dataSize=88]
04-07 05:45:55.995 16562 16562 D BlackBoxCore: getService: location_manager, android.os.BinderProxy@fa4a7a0
04-07 05:45:55.995 16626 16639 D SystemCallProvider: call: VM, Bundle[mParcelledData.dataSize=96]
04-07 05:45:55.996 16562 16562 D BlackBoxCore: getService: notification_manager, android.os.BinderProxy@9ee4f59
04-07 05:45:56.001 16562 16576 E MemoryLeakMonitorManager: MemoryLeakMonitor.jar is not exist!
04-07 05:45:56.003 16562 16562 E Minikin : Could not get cmap table size!
04-07 05:45:56.013 16562 16562 D LicenseClient: Connected to the licensing service.
04-07 05:45:56.014 16562 16668 D LicenseClient: Sending request to licensing service...
04-07 05:45:56.016 16562 16623 I FA : Tag Manager is not found and thus will not be used
04-07 05:45:56.018 16626 16626 I FirebaseApp: Device unlocked: initializing all Firebase APIs for app [DEFAULT]
04-07 05:45:56.036 16626 16626 I FirebaseCrashlytics: Initializing Firebase Crashlytics 18.2.12 for com.dual.space.parallel.apps.multiaccounts.appscloner
04-07 05:45:56.070 16626 16671 W zygote64: Skipping duplicate class check due to unrecognized classloader
04-07 05:45:56.073 16626 16671 I DynamiteModule: Considering local module com.google.android.gms.measurement.dynamite:86 and remote module com.google.android.gms.measurement.dynamite:140
04-07 05:45:56.074 16626 16671 I DynamiteModule: Selected remote version of com.google.android.gms.measurement.dynamite, version >= 140
04-07 05:45:56.074 16626 16671 V DynamiteModule: Dynamite loader version >= 2, using loadModule2NoCrashUtils
04-07 05:45:56.075 16626 16626 I HwApiCacheMangerEx: apicache pi PackageInfo{81255c0 com.dual.space.parallel.apps.multiaccounts.appscloner}
04-07 05:45:56.100 16626 16682 D NetworkSecurityConfig: Using Network Security Config from resource network_security_config debugBuild: false
04-07 05:45:56.101 16626 16671 W ResourceType: ResTable_typeSpec entry count inconsistent: given 96, previously 99
04-07 05:45:56.102 16626 16671 W ResourceType: ResTable_typeSpec entry count inconsistent: given 4710, previously 5321
04-07 05:45:56.102 16626 16671 W ResourceType: ResTable_typeSpec entry count inconsistent: given 3292, previously 3312
04-07 05:45:56.102 16626 16671 W ResourceType: ResTable_typeSpec entry count inconsistent: given 250, previously 254
04-07 05:45:56.102 16626 16671 W ResourceType: ResTable_typeSpec entry count inconsistent: given 524, previously 5334
04-07 05:45:56.112 16626 16682 E FirebaseCrashlytics: Settings request failed.
04-07 05:45:56.140 16562 16668 D LicenseClient: Request to licensing service sent.
04-07 05:45:56.160 16626 16671 W zygote64: Skipping duplicate class check due to unrecognized classloader
04-07 05:45:56.170 16626 16693 I HwApiCacheMangerEx: apicache pi PackageInfo{81255c0 com.dual.space.parallel.apps.multiaccounts.appscloner}
04-07 05:45:56.173 16562 16574 I LicenseClient: License check succeeded.
04-07 05:45:56.177 16626 16641 E MemoryLeakMonitorManager: MemoryLeakMonitor.jar is not exist!
04-07 05:45:56.182 16626 16626 E Minikin : Could not get cmap table size!
04-07 05:45:56.199 16626 16697 I HwCust : Constructor found for class android.net.HwCustConnectivityManagerImpl
04-07 05:45:56.199 16626 16697 D HwCust : Create obj success use class android.net.HwCustConnectivityManagerImpl
04-07 05:45:56.296 16626 16702 I HwApiCacheMangerEx: apicache pi PackageInfo{81255c0 com.dual.space.parallel.apps.multiaccounts.appscloner}
04-07 05:45:56.299 16626 16702 W ResourceType: For resource 0x7f0b000f, entry index(15) is beyond type entryCount(11)
04-07 05:45:56.300 16626 16702 W ResourceType: For resource 0x7f0b000f, entry index(15) is beyond type entryCount(11)
04-07 05:45:56.302 16626 16702 I FA : App measurement initialized, version: 118018
04-07 05:45:56.302 16626 16702 I FA : To enable debug logging run: adb shell setprop log.tag.FA VERBOSE
04-07 05:45:56.302 16626 16702 I FA : To enable faster debug mode event logging run:
04-07 05:45:56.302 16626 16702 I FA : adb shell setprop debug.firebase.analytics.app com.dual.space.parallel.apps.multiaccounts.appscloner
04-07 05:45:56.320 16626 16702 I HwApiCacheMangerEx: apicache pi PackageInfo{45260c8 com.dual.space.parallel.apps.multiaccounts.appscloner}
04-07 05:45:56.321 16626 16702 I HwApiCacheMangerEx: apicache pi PackageInfo{45260c8 com.dual.space.parallel.apps.multiaccounts.appscloner}
04-07 05:45:56.344 16626 16702 W GmsClient: unable to connect to service: com.google.android.gms.measurement.START on com.google.android.gms
04-07 05:45:56.347 16626 16626 W FA : Service connection failed: cq{statusCode=API_UNAVAILABLE, resolution=null, message=null}
04-07 05:45:56.353 16626 16702 W GmsClient: unable to connect to service: com.google.android.gms.measurement.START on com.google.android.gms
04-07 05:45:56.354 16626 16626 W FA : Service connection failed: cq{statusCode=API_UNAVAILABLE, resolution=null, message=null}
04-07 05:45:56.361 16626 16702 W GmsClient: unable to connect to service: com.google.android.gms.measurement.START on com.google.android.gms
04-07 05:45:56.361 16626 16626 W FA : Service connection failed: cq{statusCode=API_UNAVAILABLE, resolution=null, message=null}
04-07 05:45:56.364 16626 16702 E FA : Discarding data. Failed to send app launch
04-07 05:45:56.364 16626 16702 E FA : Failed to get app instance id
04-07 05:45:56.365 16626 16702 E FA : Failed to send default event parameters to service