09-12 01:54:27.951 22535 23172 D CCodec : setup formats output: AMessage(what =
0x00000000) = {
09-12 01:54:27.951 22535 23172 D CCodec : int32_t android._color-format =
2135033992
09-12 01:54:27.951 22535 23172 D CCodec : int32_t android._video-scaling = 1
09-12 01:54:27.951 22535 23172 D CCodec : Rect crop(0, 0, 359, 639)
09-12 01:54:27.951 22535 23172 D CCodec : int32_t color-standard = 2
09-12 01:54:27.951 22535 23172 D CCodec : int32_t color-range = 2
09-12 01:54:27.951 22535 23172 D CCodec : int32_t color-transfer = 3
09-12 01:54:27.951 22535 23172 D CCodec : Buffer hdr10-plus-info = {
09-12 01:54:27.951 22535 23172 D CCodec : }
09-12 01:54:27.951 22535 23172 D CCodec : int32_t height = 640
09-12 01:54:27.951 22535 23172 D CCodec : int32_t max-height = 640
09-12 01:54:27.951 22535 23172 D CCodec : int32_t max-width = 360
09-12 01:54:27.951 22535 23172 D CCodec : string mime = "video/raw"
09-12 01:54:27.951 22535 23172 D CCodec : int32_t priority = 0
09-12 01:54:27.951 22535 23172 D CCodec : int32_t rotation-degrees = 0
09-12 01:54:27.951 22535 23172 D CCodec : int32_t sar-height = 1
09-12 01:54:27.951 22535 23172 D CCodec : int32_t sar-width = 1
09-12 01:54:27.951 22535 23172 D CCodec : int32_t width = 360
09-12 01:54:27.951 22535 23172 D CCodec : int32_t android._dataspace = 258
09-12 01:54:27.951 22535 23172 D CCodec : int32_t color-format = 2130708361
09-12 01:54:27.951 22535 23172 D CCodec : }
09-12 01:54:27.951 22535 23172 I CCodecConfig: query failed after returning 13
values (BAD_INDEX)
09-12 01:54:27.952 22535 23131 D MediaCodec: keep callback message for reclaim
09-12 01:54:27.954 22535 23172 W Codec2Client: query -- param skipped: index =
1342179345.
09-12 01:54:27.954 22535 23172 W Codec2Client: query -- param skipped: index =
2415921170.
09-12 01:54:27.954 22535 23172 W Codec2Client: query -- param skipped: index =
1610614798.
09-12 01:54:27.955 22535 23172 W Codec2Client: query -- param skipped: index =
2684356609.
09-12 01:54:27.955 22535 23172 D CCodecBufferChannel: [c2.unisoc.vp9.decoder#228]
Created input block pool with allocatorID 16 => poolID 24 - OK (0)
09-12 01:54:27.955 22535 23172 D CCodecBufferChannel: [c2.unisoc.vp9.decoder#228]
Query output surface allocator returned 0 params => BAD_INDEX (6)
09-12 01:54:27.956 22535 23172 I CCodecBufferChannel: [c2.unisoc.vp9.decoder#228]
Created output block pool with allocatorID 18 => poolID 686 - OK
09-12 01:54:27.956 22535 23172 D CCodecBufferChannel: [c2.unisoc.vp9.decoder#228]
Configured output block pool ids 686 => OK
09-12 01:54:27.957 22535 23172 D Codec2-OutputBufferQueue: remote graphic buffer
migration 0/0
09-12 01:54:27.957 22535 23172 D Codec2Client: setOutputSurface -- failed to set
consumer usage (6/BAD_INDEX)
09-12 01:54:27.957 22535 23172 D Codec2Client: setOutputSurface --
generation=23075846 consumer usage=0x900
09-12 01:54:27.959 22535 23172 I gralloc4: register: id=3360000c5b8
09-12 01:54:27.960 22535 23172 I gralloc4: unregister: id=3360000c5b8
09-12 01:54:27.961 22535 23172 D Codec2Client: Surface configure completed
09-12 01:54:28.012 22535 23001 I gralloc4: register: id=3360000c5b9
09-12 01:54:28.015 22535 23001 I gralloc4: register: id=3360000c5ba
09-12 01:54:28.018 22535 23001 I gralloc4: register: id=3360000c5bb
09-12 01:54:28.027 22535 23001 I gralloc4: register: id=3360000c5b9
09-12 01:54:28.028 22535 23172 D CCodecConfig: c2 config diff is c2::u32
raw.crop.height = 640
09-12 01:54:28.028 22535 23172 D CCodecConfig: c2::u32 raw.crop.left = 0
09-12 01:54:28.028 22535 23172 D CCodecConfig: c2::u32 raw.crop.top = 0
09-12 01:54:28.028 22535 23172 D CCodecConfig: c2::u32 raw.crop.width = 360
09-12 01:54:28.029 22535 23001 I gralloc4: register: id=3360000c5bc
09-12 01:54:28.034 22535 23001 I gralloc4: register: id=3360000c5bd
09-12 01:54:28.034 22535 23001 I gralloc4: register: id=3360000c5bb
09-12 01:54:28.036 22535 23171 W MediaCodec: mapFormat: no mediaType information
09-12 01:54:28.038 22535 23001 I gralloc4: register: id=3360000c5be
09-12 01:54:28.038 22535 23001 I gralloc4: register: id=3360000c5bc
09-12 01:54:28.041 22535 23001 I gralloc4: register: id=3360000c5bd
09-12 01:54:28.043 22535 23001 I gralloc4: register: id=3360000c5bf
09-12 01:54:28.045 22535 23001 I gralloc4: register: id=3360000c5c0
09-12 01:54:28.046 22535 23001 I gralloc4: register: id=3360000c5be
09-12 01:54:28.047 22535 23001 I gralloc4: register: id=3360000c5bb
09-12 01:54:28.047 22535 23001 I gralloc4: unregister: id=3360000c5bb
09-12 01:54:28.050 22535 23001 I gralloc4: register: id=3360000c5c0
09-12 01:54:28.055 22535 23165 D CCodecConfig: c2 config diff is c2::u32
raw.channel-mask.value = 12
09-12 01:54:28.056 22535 23001 I gralloc4: register: id=3360000c5bc
09-12 01:54:28.056 22535 23001 I gralloc4: unregister: id=3360000c5bc
09-12 01:54:28.058 22535 23001 I gralloc4: register: id=3360000c5bd
09-12 01:54:28.058 22535 23001 I gralloc4: unregister: id=3360000c5bd
09-12 01:54:28.059 22535 23001 I gralloc4: register: id=3360000c5be
09-12 01:54:28.059 22535 23001 I gralloc4: unregister: id=3360000c5be
09-12 01:54:28.061 22535 23001 I gralloc4: register: id=3360000c5c1
09-12 01:54:28.064 22535 23001 I gralloc4: register: id=3360000c5bb
09-12 01:54:28.064 22535 23001 I gralloc4: unregister: id=3360000c5bb
09-12 01:54:28.067 22535 23001 I gralloc4: register: id=3360000c5c2
09-12 01:54:28.068 22535 23001 I gralloc4: register: id=3360000c5c0
09-12 01:54:28.068 22535 23001 I gralloc4: unregister: id=3360000c5c0
09-12 01:54:28.070 22535 23001 I gralloc4: register: id=3360000c5c1
09-12 01:54:28.070 22535 23131 I AudioTrack: set(): streamType -1, sampleRate
44100, format 0x1, channelMask 0x3, frameCount 16992, flags #0, notificationFrames
0, sessionId 363137, transferType 3, uid -1, pid -1
09-12 01:54:28.071 22535 23001 I gralloc4: register: id=3360000c5c3
09-12 01:54:28.073 22535 23001 I gralloc4: register: id=3360000c5c4
09-12 01:54:28.091 22535 23001 I gralloc4: register: id=3360000c5ba
09-12 01:54:28.094 22535 23001 I gralloc4: register: id=3360000c5c3
09-12 01:54:28.095 22535 23001 I gralloc4: register: id=3360000c5c4
09-12 01:54:28.098 22535 23001 I gralloc4: register: id=3360000c5bd
09-12 01:54:28.098 22535 23001 I gralloc4: unregister: id=3360000c5bd
09-12 01:54:28.107 22535 23001 I gralloc4: register: id=3360000c5bb
09-12 01:54:28.107 22535 23001 I gralloc4: unregister: id=3360000c5bb
09-12 01:54:28.109 22535 23001 I gralloc4: register: id=3360000c5bf
09-12 01:54:28.113 22535 23001 I gralloc4: register: id=3360000c5c0
09-12 01:54:28.113 22535 23001 I gralloc4: unregister: id=3360000c5c0
09-12 01:54:28.114 22535 23001 I gralloc4: register: id=3360000c5c1
09-12 01:54:28.114 22535 23001 I gralloc4: unregister: id=3360000c5c1
09-12 01:54:28.123 22535 23001 I gralloc4: register: id=3360000c5ba
09-12 01:54:28.123 22535 23001 I gralloc4: unregister: id=3360000c5ba
09-12 01:54:28.125 22535 23001 I gralloc4: register: id=3360000c5c3
09-12 01:54:28.126 22535 23001 I gralloc4: unregister: id=3360000c5c3
09-12 01:54:28.127 22535 23001 I gralloc4: register: id=3360000c5c4
09-12 01:54:28.127 22535 23001 I gralloc4: unregister: id=3360000c5c4
09-12 01:54:28.132 22535 23001 I gralloc4: register: id=3360000c5c2
09-12 01:54:28.135 22535 23001 I gralloc4: register: id=3360000c5bb
09-12 01:54:28.135 22535 23001 I gralloc4: unregister: id=3360000c5bb
09-12 01:54:28.137 22535 23001 I gralloc4: register: id=3360000c5bf
09-12 01:54:28.137 22535 23001 I gralloc4: unregister: id=3360000c5bf
09-12 01:54:28.140 22535 23001 I gralloc4: register: id=3360000c5c0
09-12 01:54:28.140 22535 23001 I gralloc4: unregister: id=3360000c5c0
09-12 01:54:28.143 22535 23001 I gralloc4: register: id=3360000c5c1
09-12 01:54:28.143 22535 23001 I gralloc4: unregister: id=3360000c5c1
09-12 01:54:28.145 22535 23001 I gralloc4: register: id=3360000c5ba
09-12 01:54:28.145 22535 23001 I gralloc4: unregister: id=3360000c5ba
09-12 01:54:28.148 22535 23001 I gralloc4: register: id=3360000c5c3
09-12 01:54:28.148 22535 23001 I gralloc4: unregister: id=3360000c5c3
09-12 01:54:28.154 22535 23001 I gralloc4: register: id=3360000c5c4
09-12 01:54:28.154 22535 23001 I gralloc4: unregister: id=3360000c5c4
09-12 01:54:28.157 22535 23001 I gralloc4: register: id=3360000c5c2
09-12 01:54:28.157 22535 23001 I gralloc4: unregister: id=3360000c5c2
09-12 01:54:28.159 22535 23001 I gralloc4: register: id=3360000c5bb
09-12 01:54:28.159 22535 23001 I gralloc4: unregister: id=3360000c5bb
09-12 01:54:28.161 22535 23001 I gralloc4: register: id=3360000c5bf
09-12 01:54:28.162 22535 23001 I gralloc4: unregister: id=3360000c5bf
09-12 01:54:28.165 22535 23001 I gralloc4: register: id=3360000c5be
09-12 01:54:28.165 22535 23001 I gralloc4: unregister: id=3360000c5be
09-12 01:54:28.167 22535 23001 I gralloc4: register: id=3360000c5c1
09-12 01:54:28.167 22535 23001 I gralloc4: unregister: id=3360000c5c1
09-12 01:54:28.173 22535 23001 I gralloc4: register: id=3360000c5ba
09-12 01:54:28.173 22535 23001 I gralloc4: unregister: id=3360000c5ba
09-12 01:54:28.177 22535 23001 I gralloc4: register: id=3360000c5c3
09-12 01:54:28.177 22535 23001 I gralloc4: unregister: id=3360000c5c3
09-12 01:54:28.178 22535 23001 I gralloc4: register: id=3360000c5c4
09-12 01:54:28.179 22535 23001 I gralloc4: unregister: id=3360000c5c4
09-12 01:54:28.180 22535 23001 I gralloc4: register: id=3360000c5c2
09-12 01:54:28.180 22535 23001 I gralloc4: unregister: id=3360000c5c2
09-12 01:54:28.185 22535 23001 I gralloc4: register: id=3360000c5bb
09-12 01:54:28.185 22535 23001 I gralloc4: unregister: id=3360000c5bb
09-12 01:54:28.187 22535 23001 I gralloc4: register: id=3360000c5bf
09-12 01:54:28.187 22535 23001 I gralloc4: unregister: id=3360000c5bf
09-12 01:54:28.188 22535 23001 I gralloc4: register: id=3360000c5be
09-12 01:54:28.189 22535 23001 I gralloc4: unregister: id=3360000c5be
09-12 01:54:28.189 22535 23001 I gralloc4: register: id=3360000c5c1
09-12 01:54:28.190 22535 23001 I gralloc4: unregister: id=3360000c5c1
09-12 01:54:28.194 22535 23001 I gralloc4: register: id=3360000c5ba
09-12 01:54:28.194 22535 23001 I gralloc4: unregister: id=3360000c5ba
09-12 01:54:28.198 22535 23001 I gralloc4: register: id=3360000c5c4
09-12 01:54:28.198 22535 23001 I gralloc4: unregister: id=3360000c5c4
09-12 01:54:28.199 22535 23001 I gralloc4: register: id=3360000c5bd
09-12 01:54:28.200 22535 23001 I gralloc4: unregister: id=3360000c5bd
09-12 01:54:28.201 22535 23001 I gralloc4: register: id=3360000c5c2
09-12 01:54:28.201 22535 23001 I gralloc4: unregister: id=3360000c5c2
09-12 01:54:28.203 22535 23001 I gralloc4: register: id=3360000c5bb
09-12 01:54:28.203 22535 23001 I gralloc4: unregister: id=3360000c5bb
09-12 01:54:28.205 22535 23001 I gralloc4: register: id=3360000c5bf
09-12 01:54:28.205 22535 23001 I gralloc4: unregister: id=3360000c5bf
09-12 01:54:28.214 22535 23001 I gralloc4: register: id=3360000c5be
09-12 01:54:28.214 22535 23001 I gralloc4: unregister: id=3360000c5be
09-12 01:54:28.215 22535 23001 I gralloc4: register: id=3360000c5c1
09-12 01:54:28.216 22535 23001 I gralloc4: unregister: id=3360000c5c1
09-12 01:54:28.217 22535 23001 I gralloc4: register: id=3360000c5ba
09-12 01:54:28.217 22535 23001 I gralloc4: unregister: id=3360000c5ba
09-12 01:54:28.218 22535 23001 I gralloc4: register: id=3360000c5c4
09-12 01:54:28.219 22535 23001 I gralloc4: unregister: id=3360000c5c4
09-12 01:54:28.225 22535 23001 I gralloc4: register: id=3360000c5bd
09-12 01:54:28.225 22535 23001 I gralloc4: unregister: id=3360000c5bd
09-12 01:54:28.226 22535 23001 I gralloc4: register: id=3360000c5c2
09-12 01:54:28.226 22535 23001 I gralloc4: unregister: id=3360000c5c2
09-12 01:54:28.230 22535 23001 I gralloc4: register: id=3360000c5c0
09-12 01:54:28.231 22535 23001 I gralloc4: unregister: id=3360000c5c0
09-12 01:54:28.231 22535 23001 I gralloc4: register: id=3360000c5bf
09-12 01:54:28.231 22535 23001 I gralloc4: unregister: id=3360000c5bf
09-12 01:54:28.234 22535 23001 I gralloc4: register: id=3360000c5be
09-12 01:54:28.234 22535 23001 I gralloc4: unregister: id=3360000c5be
09-12 01:54:28.237 22535 23001 I gralloc4: register: id=3360000c5c1
09-12 01:54:28.237 22535 23001 I gralloc4: unregister: id=3360000c5c1
09-12 01:54:28.239 22535 23001 I gralloc4: register: id=3360000c5ba
09-12 01:54:28.239 22535 23001 I gralloc4: unregister: id=3360000c5ba
09-12 01:54:28.240 22535 23001 I gralloc4: register: id=3360000c5bc
09-12 01:54:28.240 22535 23001 I gralloc4: unregister: id=3360000c5bc
09-12 01:54:28.245 22535 23001 I gralloc4: register: id=3360000c5c4
09-12 01:54:28.246 22535 23001 I gralloc4: unregister: id=3360000c5c4
09-12 01:54:28.247 22535 23001 I gralloc4: register: id=3360000c5c2
09-12 01:54:28.248 22535 23001 I gralloc4: unregister: id=3360000c5c2
09-12 01:54:28.249 22535 23001 I gralloc4: register: id=3360000c5bd
09-12 01:54:28.249 22535 23001 I gralloc4: unregister: id=3360000c5bd
09-12 01:54:28.252 22535 23001 I gralloc4: register: id=3360000c5c0
09-12 01:54:28.252 22535 23001 I gralloc4: unregister: id=3360000c5c0
09-12 01:54:28.254 22535 23001 I gralloc4: register: id=3360000c5be
09-12 01:54:28.254 22535 23001 I gralloc4: unregister: id=3360000c5be
09-12 01:54:28.258 22535 23001 I gralloc4: register: id=3360000c5c3
09-12 01:54:28.258 22535 23001 I gralloc4: unregister: id=3360000c5c3
09-12 01:54:28.259 22535 23001 I gralloc4: register: id=3360000c5ba
09-12 01:54:28.259 22535 23001 I gralloc4: unregister: id=3360000c5ba
09-12 01:54:28.264 22535 23001 I gralloc4: register: id=3360000c5bc
09-12 01:54:28.265 22535 23001 I gralloc4: unregister: id=3360000c5bc
09-12 01:54:28.266 22535 23001 I gralloc4: register: id=3360000c5c4
09-12 01:54:28.266 22535 23001 I gralloc4: unregister: id=3360000c5c4
09-12 01:54:28.268 22535 23001 I gralloc4: register: id=3360000c5c2
09-12 01:54:28.268 22535 23001 I gralloc4: unregister: id=3360000c5c2
09-12 01:54:28.269 22535 23001 I gralloc4: register: id=3360000c5bd
09-12 01:54:28.269 22535 23001 I gralloc4: unregister: id=3360000c5bd
09-12 01:54:28.275 22535 23001 I gralloc4: register: id=3360000c5c0
09-12 01:54:28.275 22535 23001 I gralloc4: unregister: id=3360000c5c0
09-12 01:54:28.276 22535 23001 I gralloc4: register: id=3360000c5be
09-12 01:54:28.277 22535 23001 I gralloc4: unregister: id=3360000c5be
09-12 01:54:28.279 22535 23001 I gralloc4: register: id=3360000c5c3
09-12 01:54:28.279 22535 23001 I gralloc4: unregister: id=3360000c5c3
09-12 01:54:28.280 22535 23001 I gralloc4: register: id=3360000c5ba
09-12 01:54:28.280 22535 23001 I gralloc4: unregister: id=3360000c5ba
09-12 01:54:28.285 22535 23001 I gralloc4: register: id=3360000c5bc
09-12 01:54:28.285 22535 23001 I gralloc4: unregister: id=3360000c5bc
09-12 01:54:28.290 22535 23001 I gralloc4: register: id=3360000c5bb
09-12 01:54:28.290 22535 23001 I gralloc4: unregister: id=3360000c5bb
09-12 01:54:28.291 22535 23001 I gralloc4: register: id=3360000c5c2
09-12 01:54:28.291 22535 23001 I gralloc4: unregister: id=3360000c5c2
09-12 01:54:28.293 22535 23001 I gralloc4: register: id=3360000c5bd
09-12 01:54:28.294 22535 23001 I gralloc4: unregister: id=3360000c5bd
09-12 01:54:28.294 22535 23001 I gralloc4: register: id=3360000c5c0
09-12 01:54:28.294 22535 23001 I gralloc4: unregister: id=3360000c5c0
09-12 01:54:28.298 22535 23001 I gralloc4: register: id=3360000c5c1
09-12 01:54:28.298 22535 23001 I gralloc4: unregister: id=3360000c5c1
09-12 01:54:28.307 22535 23001 I gralloc4: register: id=3360000c5c3
09-12 01:54:28.308 22535 23001 I gralloc4: unregister: id=3360000c5c3
09-12 01:54:28.310 22535 23001 I gralloc4: register: id=3360000c5ba
09-12 01:54:28.310 22535 23001 I gralloc4: unregister: id=3360000c5ba
09-12 01:54:28.311 22535 23001 I gralloc4: register: id=3360000c5bc
09-12 01:54:28.311 22535 23001 I gralloc4: unregister: id=3360000c5bc
09-12 01:54:28.315 22535 23001 I gralloc4: register: id=3360000c5c4
09-12 01:54:28.315 22535 23001 I gralloc4: unregister: id=3360000c5c4
09-12 01:54:28.317 22535 23001 I gralloc4: register: id=3360000c5c2
09-12 01:54:28.317 22535 23001 I gralloc4: unregister: id=3360000c5c2
09-12 01:54:28.319 22535 23001 I gralloc4: register: id=3360000c5bd
09-12 01:54:28.319 22535 23001 I gralloc4: unregister: id=3360000c5bd
09-12 01:54:28.326 22535 23001 I gralloc4: register: id=3360000c5c0
09-12 01:54:28.326 22535 23001 I gralloc4: unregister: id=3360000c5c0
09-12 01:54:28.329 22535 23001 I gralloc4: register: id=3360000c5c1
09-12 01:54:28.330 22535 23001 I gralloc4: unregister: id=3360000c5c1
09-12 01:54:28.331 22535 23001 I gralloc4: register: id=3360000c5c3
09-12 01:54:28.331 22535 23001 I gralloc4: unregister: id=3360000c5c3
09-12 01:54:28.332 22535 23001 I gralloc4: register: id=3360000c5ba
09-12 01:54:28.332 22535 23001 I gralloc4: unregister: id=3360000c5ba
09-12 01:54:28.334 22535 23001 I gralloc4: register: id=3360000c5bc
09-12 01:54:28.334 22535 23001 I gralloc4: unregister: id=3360000c5bc
09-12 01:54:28.336 22535 23001 I gralloc4: register: id=3360000c5c4
09-12 01:54:28.336 22535 23001 I gralloc4: unregister: id=3360000c5c4
09-12 01:54:28.347 22535 23001 I gralloc4: register: id=3360000c5c2
09-12 01:54:28.348 22535 23001 I gralloc4: unregister: id=3360000c5c2
09-12 01:54:28.348 22535 23001 I gralloc4: register: id=3360000c5bd
09-12 01:54:28.349 22535 23001 I gralloc4: unregister: id=3360000c5bd
09-12 01:54:28.353 22535 23001 I gralloc4: register: id=3360000c5c1
09-12 01:54:28.353 22535 23001 I gralloc4: unregister: id=3360000c5c1
09-12 01:54:28.355 22535 23001 I gralloc4: register: id=3360000c5be
09-12 01:54:28.355 22535 23001 I gralloc4: unregister: id=3360000c5be
09-12 01:54:28.356 22535 23001 I gralloc4: register: id=3360000c5c3
09-12 01:54:28.357 22535 23001 I gralloc4: unregister: id=3360000c5c3
09-12 01:54:28.359 22535 23001 I gralloc4: register: id=3360000c5ba
09-12 01:54:28.360 22535 23001 I gralloc4: unregister: id=3360000c5ba
09-12 01:54:28.366 22535 23001 I gralloc4: register: id=3360000c5bc
09-12 01:54:28.366 22535 23001 I gralloc4: unregister: id=3360000c5bc
09-12 01:54:28.367 22535 23001 I gralloc4: register: id=3360000c5c4
09-12 01:54:28.368 22535 23001 I gralloc4: unregister: id=3360000c5c4
09-12 01:54:28.369 22535 23001 I gralloc4: register: id=3360000c5c2
09-12 01:54:28.369 22535 23001 I gralloc4: unregister: id=3360000c5c2
09-12 01:54:28.371 22535 23001 I gralloc4: register: id=3360000c5bd
09-12 01:54:28.371 22535 23001 I gralloc4: unregister: id=3360000c5bd
09-12 01:54:28.377 22535 23001 I gralloc4: register: id=3360000c5c1
09-12 01:54:28.377 22535 23001 I gralloc4: unregister: id=3360000c5c1
09-12 01:54:28.378 22535 23001 I gralloc4: register: id=3360000c5be
09-12 01:54:28.378 22535 23001 I gralloc4: unregister: id=3360000c5be
09-12 01:54:28.380 22535 23001 I gralloc4: register: id=3360000c5c3
09-12 01:54:28.380 22535 23001 I gralloc4: unregister: id=3360000c5c3
09-12 01:54:28.384 22535 23001 I gralloc4: register: id=3360000c5bc
09-12 01:54:28.384 22535 23001 I gralloc4: unregister: id=3360000c5bc
09-12 01:54:28.388 22535 23001 I gralloc4: register: id=3360000c5bb
09-12 01:54:28.388 22535 23001 I gralloc4: unregister: id=3360000c5bb
09-12 01:54:28.389 22535 23001 I gralloc4: register: id=3360000c5c4
09-12 01:54:28.389 22535 23001 I gralloc4: unregister: id=3360000c5c4
09-12 01:54:28.391 22535 23001 I gralloc4: register: id=3360000c5c2
09-12 01:54:28.391 22535 23001 I gralloc4: unregister: id=3360000c5c2
09-12 01:54:28.393 22535 23001 I gralloc4: register: id=3360000c5bd
09-12 01:54:28.393 22535 23001 I gralloc4: unregister: id=3360000c5bd
09-12 01:54:28.397 22535 23001 I gralloc4: register: id=3360000c5c1
09-12 01:54:28.397 22535 23001 I gralloc4: unregister: id=3360000c5c1
09-12 01:54:28.398 22535 23001 I gralloc4: register: id=3360000c5be
09-12 01:54:28.398 22535 23001 I gralloc4: unregister: id=3360000c5be
09-12 01:54:28.400 22535 23001 I gralloc4: register: id=3360000c5c3
09-12 01:54:28.400 22535 23001 I gralloc4: unregister: id=3360000c5c3
09-12 01:54:28.402 22535 23001 I gralloc4: register: id=3360000c5bc
09-12 01:54:28.402 22535 23001 I gralloc4: unregister: id=3360000c5bc
09-12 01:54:28.405 22535 23131 I AudioTrack: start
mClientAttributionSource.uid:10283 mClientAttributionSource.pid:22535
mSessionId:363137 app name:com.dual.space.parallel.apps.multiaccounts.appscloner
09-12 01:54:28.410 22535 23001 I gralloc4: register: id=3360000c5bb
09-12 01:54:28.410 22535 23001 I gralloc4: unregister: id=3360000c5bb
09-12 01:54:28.411 22535 23001 I gralloc4: register: id=3360000c5c4
09-12 01:54:28.411 22535 23001 I gralloc4: unregister: id=3360000c5c4
09-12 01:54:28.415 22535 23001 I gralloc4: register: id=3360000c5bd
09-12 01:54:28.416 22535 23001 I gralloc4: unregister: id=3360000c5bd
09-12 01:54:28.416 22535 23001 I gralloc4: register: id=3360000c5c0
09-12 01:54:28.416 22535 23001 I gralloc4: unregister: id=3360000c5c0
09-12 01:54:28.422 22535 23001 I gralloc4: register: id=3360000c5c1
09-12 01:54:28.422 22535 23001 I gralloc4: unregister: id=3360000c5c1
09-12 01:54:28.429 22535 23001 I gralloc4: register: id=3360000c5be
09-12 01:54:28.429 22535 23001 I gralloc4: unregister: id=3360000c5be
09-12 01:54:28.435 22535 23001 I gralloc4: register: id=3360000c5c5
09-12 01:54:28.436 22535 23001 I gralloc4: register: id=3360000c5c3
09-12 01:54:28.436 22535 23001 I gralloc4: unregister: id=3360000c5c3
09-12 01:54:28.439 22535 23001 I gralloc4: register: id=3360000c5c6
09-12 01:54:28.439 22535 23001 I gralloc4: register: id=3360000c5bc
09-12 01:54:28.440 22535 23001 I gralloc4: unregister: id=3360000c5bc
09-12 01:54:28.443 22535 23001 I gralloc4: register: id=3360000c5c7
09-12 01:54:28.444 22535 23001 I gralloc4: register: id=3360000c5bf
09-12 01:54:28.444 22535 23001 I gralloc4: unregister: id=3360000c5bf
09-12 01:54:28.444 22535 23131 D AudioTrack: getTimestamp_l(3059): device stall
time corrected using current time 82351124230942
09-12 01:54:28.446 22535 23001 I gralloc4: register: id=3360000c5c5
09-12 01:54:28.448 22535 23001 I gralloc4: register: id=3360000c5c8
09-12 01:54:28.449 22535 23001 I gralloc4: register: id=3360000c5c6
09-12 01:54:28.450 22535 23001 I gralloc4: register: id=3360000c5b9
09-12 01:54:28.451 22535 23001 I gralloc4: unregister: id=3360000c5b9
09-12 01:54:28.451 22535 23001 I gralloc4: register: id=3360000c5c2
09-12 01:54:28.452 22535 23001 I gralloc4: unregister: id=3360000c5c2
09-12 01:54:28.453 22535 23001 I gralloc4: register: id=3360000c5c8
09-12 01:54:28.458 22535 23001 I gralloc4: register: id=3360000c5ba
09-12 01:54:28.459 22535 23001 I gralloc4: unregister: id=3360000c5ba
09-12 01:54:28.520 22535 23001 I gralloc4: register: id=3360000c5bb
09-12 01:54:28.520 22535 23001 I gralloc4: unregister: id=3360000c5bb
09-12 01:54:28.614 22535 23000 D BufferPoolAccessor2.0: evictor expired: 1,
evicted: 1
09-12 01:54:28.701 22535 23001 I gralloc4: register: id=3360000c5c4
09-12 01:54:28.701 22535 23001 I gralloc4: unregister: id=3360000c5c4
09-12 01:54:28.704 22535 23001 I gralloc4: register: id=3360000c5bd
09-12 01:54:28.704 22535 23001 I gralloc4: unregister: id=3360000c5bd
09-12 01:54:28.707 22535 23001 I gralloc4: register: id=3360000c5c0
09-12 01:54:28.708 22535 23001 I gralloc4: unregister: id=3360000c5c0
09-12 01:54:28.710 22535 23001 I gralloc4: register: id=3360000c5c1
09-12 01:54:28.710 22535 23001 I gralloc4: unregister: id=3360000c5c1
09-12 01:54:28.754 22535 23001 I gralloc4: register: id=3360000c5be
09-12 01:54:28.755 22535 23001 I gralloc4: unregister: id=3360000c5be
09-12 01:54:28.775 22535 23001 I gralloc4: register: id=3360000c5c3
09-12 01:54:28.775 22535 23001 I gralloc4: unregister: id=3360000c5c3
09-12 01:54:28.955 22535 23001 I gralloc4: register: id=3360000c5bc
09-12 01:54:28.956 22535 23001 I gralloc4: unregister: id=3360000c5bc
09-12 01:54:28.958 22535 23001 I gralloc4: register: id=3360000c5c5
09-12 01:54:28.959 22535 23001 I gralloc4: unregister: id=3360000c5c5
09-12 01:54:29.001 22535 23001 I gralloc4: register: id=3360000c5b9
09-12 01:54:29.001 22535 23001 I gralloc4: unregister: id=3360000c5b9
09-12 01:54:29.023 22535 23001 I gralloc4: register: id=3360000c5c2
09-12 01:54:29.023 22535 23001 I gralloc4: unregister: id=3360000c5c2
09-12 01:54:29.078 22535 23001 I gralloc4: register: id=3360000c5c8
09-12 01:54:29.079 22535 23001 I gralloc4: unregister: id=3360000c5c8
09-12 01:54:29.112 22535 23001 I gralloc4: register: id=3360000c5ba
09-12 01:54:29.112 22535 23001 I gralloc4: unregister: id=3360000c5ba
09-12 01:54:29.167 22535 23001 I gralloc4: register: id=3360000c5bb
09-12 01:54:29.167 22535 23001 I gralloc4: unregister: id=3360000c5bb
09-12 01:54:29.189 22535 23001 I gralloc4: register: id=3360000c5c7
09-12 01:54:29.242 22535 23001 I gralloc4: register: id=3360000c5bd
09-12 01:54:29.243 22535 23001 I gralloc4: unregister: id=3360000c5bd
09-12 01:54:29.274 22535 23001 I gralloc4: register: id=3360000c5c0
09-12 01:54:29.275 22535 23001 I gralloc4: unregister: id=3360000c5c0
09-12 01:54:29.330 22535 23001 I gralloc4: register: id=3360000c5c1
09-12 01:54:29.330 22535 23001 I gralloc4: unregister: id=3360000c5c1
09-12 01:54:29.362 22535 23001 I gralloc4: register: id=3360000c5be
09-12 01:54:29.363 22535 23001 I gralloc4: unregister: id=3360000c5be
09-12 01:54:29.404 22535 23001 I gralloc4: register: id=3360000c5c3
09-12 01:54:29.405 22535 23001 I gralloc4: unregister: id=3360000c5c3
09-12 01:54:29.437 22535 23001 I gralloc4: register: id=3360000c5bc
09-12 01:54:29.437 22535 23001 I gralloc4: unregister: id=3360000c5bc
09-12 01:54:29.492 22535 23001 I gralloc4: register: id=3360000c5c5
09-12 01:54:29.492 22535 23001 I gralloc4: unregister: id=3360000c5c5
09-12 01:54:29.548 22535 23001 I gralloc4: register: id=3360000c5b9
09-12 01:54:29.548 22535 23001 I gralloc4: unregister: id=3360000c5b9
09-12 01:54:29.579 22535 23001 I gralloc4: register: id=3360000c5c2
09-12 01:54:29.579 22535 23001 I gralloc4: unregister: id=3360000c5c2
09-12 01:54:29.621 22535 23001 I gralloc4: register: id=3360000c5c8
09-12 01:54:29.621 22535 23001 I gralloc4: unregister: id=3360000c5c8
09-12 01:54:29.661 22535 23001 I gralloc4: register: id=3360000c5bf
09-12 01:54:29.661 22535 23001 I gralloc4: unregister: id=3360000c5bf
09-12 01:54:29.708 22535 23001 I gralloc4: register: id=3360000c5bb
09-12 01:54:29.709 22535 23001 I gralloc4: unregister: id=3360000c5bb
09-12 01:54:29.743 22535 23001 I gralloc4: register: id=3360000c5c7
09-12 01:54:29.743 22535 23001 I gralloc4: unregister: id=3360000c5c7
09-12 01:54:29.789 22535 23001 I gralloc4: register: id=3360000c5bd
09-12 01:54:29.789 22535 23001 I gralloc4: unregister: id=3360000c5bd
09-12 01:54:29.821 22535 23001 I gralloc4: register: id=3360000c5c0
09-12 01:54:29.821 22535 23001 I gralloc4: unregister: id=3360000c5c0
09-12 01:54:29.877 22535 23001 I gralloc4: register: id=3360000c5c1
09-12 01:54:29.878 22535 23001 I gralloc4: unregister: id=3360000c5c1
09-12 01:54:29.898 22535 23001 I gralloc4: register: id=3360000c5be
09-12 01:54:29.898 22535 23001 I gralloc4: unregister: id=3360000c5be
09-12 01:54:29.965 22535 23001 I gralloc4: register: id=3360000c5c3
09-12 01:54:29.965 22535 23001 I gralloc4: unregister: id=3360000c5c3
09-12 01:54:29.987 22535 22535 I WhiteNavigationLice: Modify naviBarColor to
0xFFF0F0F0, and windowBackgroundColor is -1 /windowIsTranslucent:false
09-12 01:54:29.997 22535 23001 I gralloc4: register: id=3360000c5bc
09-12 01:54:29.998 22535 23001 I gralloc4: unregister: id=3360000c5bc
09-12 01:54:30.022 22535 23267 I incfs : Initial API level of the device: 31
09-12 01:54:30.022 22535 23267 W libc : Access denied finding property
"ro.incremental.enable"
09-12 01:54:30.022 22535 23267 I incfs : ro.incremental.enable: on
09-12 01:54:30.018 22535 22535 W DefaultDispatch: type=1400 audit(0.0:161333): avc:
denied { read } for name="u:object_r:incremental_prop:s0" dev="tmpfs" ino=17715
scontext=u:r:untrusted_app:s0:c27,c257,c512,c768
tcontext=u:object_r:incremental_prop:s0 tclass=file permissive=0
app=com.dual.space.parallel.apps.multiaccounts.appscloner
09-12 01:54:30.018 22535 22535 W DefaultDispatch: type=1400 audit(0.0:161334): avc:
denied { read } for name="filesystems" dev="proc" ino=4026532133
scontext=u:r:untrusted_app:s0:c27,c257,c512,c768
tcontext=u:object_r:proc_filesystems:s0 tclass=file permissive=0
app=com.dual.space.parallel.apps.multiaccounts.appscloner
09-12 01:54:30.022 22535 23267 I incfs : IncFs_Features: v2
09-12 01:54:30.023 22535 23267 I incfs-mounts: [incfs] Loaded incremental-fs mount
info: 4 instances, 8 mount points
09-12 01:54:30.041 22535 23001 I gralloc4: register: id=3360000c5c5
09-12 01:54:30.041 22535 23001 I gralloc4: unregister: id=3360000c5c5
09-12 01:54:30.073 22535 23001 I gralloc4: register: id=3360000c5b9
09-12 01:54:30.073 22535 23001 I gralloc4: unregister: id=3360000c5b9
09-12 01:54:30.128 22535 23001 I gralloc4: register: id=3360000c5c4
09-12 01:54:30.128 22535 23001 I gralloc4: unregister: id=3360000c5c4
09-12 01:54:30.157 22535 23001 I gralloc4: register: id=3360000c5c8
09-12 01:54:30.158 22535 23001 I gralloc4: unregister: id=3360000c5c8
09-12 01:54:30.202 22535 22535 I WhiteNavigationLice: Modify naviBarColor to
0xFFF0F0F0, and windowBackgroundColor is -1 /windowIsTranslucent:false
09-12 01:54:30.210 22535 23001 I gralloc4: register: id=3360000c5bf
09-12 01:54:30.210 22535 23001 I gralloc4: unregister: id=3360000c5bf
09-12 01:54:30.211 22535 22535 D User ID : 0
09-12 01:54:30.224 22535 22535 D TAG_1 : setup_billing_client: nullnull
09-12 01:54:30.234 22535 22535 D MultiLinkManager: smart_link is not supported
09-12 01:54:30.236 22535 22535 D TranLayerControlManager: initSkipInfo getSkipInfo
fail strPkgName:com.dual.space.parallel.apps.multiaccounts.appscloner
09-12 01:54:30.242 22535 23001 I gralloc4: register: id=3360000c5bb
09-12 01:54:30.242 22535 23001 I gralloc4: unregister: id=3360000c5bb
09-12 01:54:30.290 22535 23001 I gralloc4: register: id=3360000c5c7
09-12 01:54:30.290 22535 23001 I gralloc4: unregister: id=3360000c5c7
09-12 01:54:30.333 22535 23001 I gralloc4: register: id=3360000c5bd
09-12 01:54:30.333 22535 23001 I gralloc4: unregister: id=3360000c5bd
09-12 01:54:30.350 22535 23273 I gralloc4: register: id=3360000c5c9
09-12 01:54:30.354 22535 23273 I gralloc4: register: id=3360000c5ca
09-12 01:54:30.359 22535 23273 I gralloc4: register: id=3360000c5cb
09-12 01:54:30.364 22535 22535 D User ID : 0
09-12 01:54:30.365 22535 23273 I gralloc4: register: id=3360000c5cc
09-12 01:54:30.376 22535 23001 I gralloc4: register: id=3360000c5c0
09-12 01:54:30.377 22535 23001 I gralloc4: unregister: id=3360000c5c0
09-12 01:54:30.408 22535 22540 I unts.appsclone: Background concurrent mark compact
GC freed 38MB AllocSpace bytes, 213(20MB) LOS objects, 75% free, 28MB/115MB, paused
2.733ms,4.237ms total 179.072ms
09-12 01:54:30.411 22535 23001 I gralloc4: register: id=3360000c5c1
09-12 01:54:30.412 22535 23001 I gralloc4: unregister: id=3360000c5c1
09-12 01:54:30.418 22535 22539 W unts.appsclone: Missing inline cache for void
kotlinx.coroutines.internal.DispatchedContinuationKt.resumeCancellableWith(kotlin.c
oroutines.Continuation, java.lang.Object, kotlin.jvm.functions.Function1)
09-12 01:54:30.457 22535 23001 I gralloc4: register: id=3360000c5be
09-12 01:54:30.458 22535 23001 I gralloc4: unregister: id=3360000c5be
09-12 01:54:30.468 22535 22535 D DynamitePackage: Instantiating
com.google.android.gms.ads.ChimeraAdLoaderBuilderCreatorImpl
09-12 01:54:30.471 22535 22535 I Ads : Use
RequestConfiguration.Builder().setTestDeviceIds(Arrays.asList("6EA124FFC8EFF3718801
B9845113C531")) to get test ads on this device.
09-12 01:54:30.483 22535 22535 I Ads : Please set theme of AdActivity to
@android:style/Theme.Translucent to enable transparent background interstitial ad.
09-12 01:54:30.497 22535 23278 D productList: ife_time_in_app_purchase_dual_space
09-12 01:54:30.507 22535 23001 I gralloc4: register: id=3360000c5c3
09-12 01:54:30.507 22535 23001 I gralloc4: unregister: id=3360000c5c3
09-12 01:54:30.522 22535 23277 D productList: one_month_subscription_dual_space
09-12 01:54:30.522 22535 23277 D productList: one_week_subscription_dual_space
09-12 01:54:30.522 22535 23277 D productList: one_year_subscription_dual_space
09-12 01:54:30.522 22535 23277 D productList: six_months_subscription_dual_space
09-12 01:54:30.522 22535 23277 D productList: three_months_subscription_dual_space
09-12 01:54:30.523 22535 23279 W ConnectionStatusConfig: Dynamic lookup for intent
failed for action: com.google.android.gms.ads.service.START
09-12 01:54:30.538 22535 23001 I gralloc4: register: id=3360000c5bc
09-12 01:54:30.539 22535 23001 I gralloc4: unregister: id=3360000c5bc
09-12 01:54:30.588 22535 23001 I gralloc4: register: id=3360000c5ba
09-12 01:54:30.589 22535 23001 I gralloc4: unregister: id=3360000c5ba
09-12 01:54:30.620 22535 23001 I gralloc4: register: id=3360000c5b9
09-12 01:54:30.620 22535 23001 I gralloc4: unregister: id=3360000c5b9
09-12 01:54:30.655 22535 23001 I gralloc4: register: id=3360000c5c4
09-12 01:54:30.655 22535 23001 I gralloc4: unregister: id=3360000c5c4
09-12 01:54:30.698 22535 23001 I gralloc4: register: id=3360000c5c8
09-12 01:54:30.699 22535 23001 I gralloc4: unregister: id=3360000c5c8
09-12 01:54:30.740 22535 23001 I gralloc4: register: id=3360000c5bf
09-12 01:54:30.740 22535 23001 I gralloc4: unregister: id=3360000c5bf
09-12 01:54:30.794 22535 23001 I gralloc4: register: id=3360000c5bb
09-12 01:54:30.794 22535 23001 I gralloc4: unregister: id=3360000c5bb
09-12 01:54:30.825 22535 23001 I gralloc4: register: id=3360000c5c7
09-12 01:54:30.825 22535 23001 I gralloc4: unregister: id=3360000c5c7
09-12 01:54:30.877 22535 23001 I gralloc4: register: id=3360000c5bd
09-12 01:54:30.877 22535 23001 I gralloc4: unregister: id=3360000c5bd
09-12 01:54:30.898 22535 23001 I gralloc4: register: id=3360000c5c0
09-12 01:54:30.899 22535 23001 I gralloc4: unregister: id=3360000c5c0
09-12 01:54:30.911 22535 22623 I gralloc4: unregister: id=3360000c58c
09-12 01:54:30.912 22535 22623 I gralloc4: unregister: id=3360000c58d
09-12 01:54:30.916 22535 22535 I gralloc4: unregister: id=3360000c58a
09-12 01:54:30.916 22535 22535 I gralloc4: unregister: id=3360000c58b
09-12 01:54:30.928 22535 23131 I AudioTrack: pause
09-12 01:54:30.936 22535 23165 D CCodecBuffers: [c2.android.aac.decoder#153:1D-
Output.Impl[N]] Client returned a buffer it does not own according to our record: 0
09-12 01:54:30.936 22535 23165 D CCodecBuffers: [c2.android.aac.decoder#153:1D-
Output.Impl[N]] Client returned a buffer it does not own according to our record: 1
09-12 01:54:30.936 22535 23165 D CCodecBuffers: [c2.android.aac.decoder#153:1D-
Output.Impl[N]] Client returned a buffer it does not own according to our record: 2
09-12 01:54:30.936 22535 23131 D MediaCodec: keep callback message for reclaim
09-12 01:54:30.936 22535 23165 I CCodecConfig: query failed after returning 19
values (BAD_INDEX)
09-12 01:54:30.937 22535 23165 W Codec2Client: query -- param skipped: index =
1342179345.
09-12 01:54:30.937 22535 23165 W Codec2Client: query -- param skipped: index =
2415921170.
09-12 01:54:30.937 22535 23165 W Codec2Client: query -- param skipped: index =
1610614798.
09-12 01:54:30.940 22535 23172 D BufferPoolAccessor2.0: bufferpool2
0xb400007248de7198 : 0(0 size) total buffers - 0(0 size) used buffers - 23/30
(recycle/alloc) - 17/30 (fetch/transfer)
09-12 01:54:30.941 22535 23131 D MediaCodec: keep callback message for reclaim
09-12 01:54:30.942 22535 23171 I CCodecConfig: query failed after returning 13
values (BAD_INDEX)
09-12 01:54:30.942 22535 23171 W Codec2Client: query -- param skipped: index =
1342179345.
09-12 01:54:30.942 22535 23171 W Codec2Client: query -- param skipped: index =
2415921170.
09-12 01:54:30.942 22535 23171 W Codec2Client: query -- param skipped: index =
1610614798.
09-12 01:54:30.943 22535 23001 I gralloc4: register: id=3360000c5c4
09-12 01:54:30.943 22535 23001 I gralloc4: unregister: id=3360000c5c4
09-12 01:54:30.944 22535 23172 D CCodecBufferChannel: [c2.unisoc.vp9.decoder#228]
flushed work; ignored.
09-12 01:54:30.944 22535 23172 D CCodecBufferChannel: [c2.unisoc.vp9.decoder#228]
Discard frames from previous generation.
09-12 01:54:30.945 22535 23165 D CCodecBufferChannel: [c2.android.aac.decoder#153]
MediaCodec discarded an unknown buffer
09-12 01:54:30.945 22535 23165 D CCodecBufferChannel: [c2.android.aac.decoder#153]
MediaCodec discarded an unknown buffer
09-12 01:54:30.945 22535 23165 D CCodecBufferChannel: [c2.android.aac.decoder#153]
MediaCodec discarded an unknown buffer
09-12 01:54:30.945 22535 23165 D CCodecBufferChannel: [c2.android.aac.decoder#153]
MediaCodec discarded an unknown buffer
09-12 01:54:30.945 22535 23165 I hw-BpHwBinder: onLastStrongRef automatically
unlinking death recipients
09-12 01:54:30.946 22535 23171 D SurfaceUtils: connecting to surface
0xb4000072e8ddda40, reason connectToSurface
09-12 01:54:30.946 22535 23171 I MediaCodec: [c2.unisoc.vp9.decoder] setting
surface generation to 23075847
09-12 01:54:30.946 22535 23171 D SurfaceUtils: disconnecting from surface
0xb4000072e8ddda40, reason connectToSurface(reconnect)
09-12 01:54:30.946 22535 23165 D MediaCodec: flushMediametrics
09-12 01:54:30.946 22535 23171 D SurfaceUtils: connecting to surface
0xb4000072e8ddda40, reason connectToSurface(reconnect)
09-12 01:54:30.947 22535 23165 D MediaCodec: flushMediametrics
09-12 01:54:30.947 22535 23171 I gralloc4: unregister: id=3360000c5b9
09-12 01:54:30.947 22535 23171 I gralloc4: unregister: id=3360000c5ba
09-12 01:54:30.947 22535 23171 I gralloc4: unregister: id=3360000c5bb
09-12 01:54:30.947 22535 23171 I gralloc4: unregister: id=3360000c5bc
09-12 01:54:30.947 22535 23171 I gralloc4: unregister: id=3360000c5bd
09-12 01:54:30.947 22535 23171 I gralloc4: unregister: id=3360000c5be
09-12 01:54:30.948 22535 23171 I gralloc4: unregister: id=3360000c5bf
09-12 01:54:30.948 22535 23171 I gralloc4: unregister: id=3360000c5c0
09-12 01:54:30.948 22535 23171 I gralloc4: unregister: id=3360000c5c1
09-12 01:54:30.948 22535 23171 I gralloc4: unregister: id=3360000c5c2
09-12 01:54:30.948 22535 23171 I gralloc4: unregister: id=3360000c5c3
09-12 01:54:30.948 22535 23171 I gralloc4: unregister: id=3360000c5c4
09-12 01:54:30.948 22535 23171 I gralloc4: unregister: id=3360000c5c5
09-12 01:54:30.948 22535 23171 I gralloc4: unregister: id=3360000c5c6
09-12 01:54:30.948 22535 23171 I gralloc4: unregister: id=3360000c5c7
09-12 01:54:30.948 22535 23171 I gralloc4: unregister: id=3360000c5c8
09-12 01:54:30.948 22535 23171 D Codec2-OutputBufferQueue: remote graphic buffer
migration 0/0
09-12 01:54:30.949 22535 23171 D Codec2Client: setOutputSurface -- failed to set
consumer usage (6/BAD_INDEX)
09-12 01:54:30.949 22535 23171 D Codec2Client: setOutputSurface --
generation=23075847 consumer usage=0x900
09-12 01:54:30.950 22535 23171 I gralloc4: register: id=3360000c5cd
09-12 01:54:30.950 22535 23171 I gralloc4: unregister: id=3360000c5cd
09-12 01:54:30.952 22535 23171 I gralloc4: unregister: id=3360000c5b9
09-12 01:54:30.953 22535 23171 E BufferQueueProducer: [SurfaceTexture-0-22535-4]
(id:58070000000e,api:3,p:22535,c:22535) detachBuffer: slot 1 is not owned by the
producer (state = FREE)
09-12 01:54:30.953 22535 23171 E BufferQueueProducer: [SurfaceTexture-0-22535-4]
(id:58070000000e,api:3,p:22535,c:22535) detachBuffer: slot 2 is not owned by the
producer (state = FREE)
09-12 01:54:30.953 22535 23171 E BufferQueueProducer: [SurfaceTexture-0-22535-4]
(id:58070000000e,api:3,p:22535,c:22535) detachBuffer: slot 3 is not owned by the
producer (state = FREE)
09-12 01:54:30.953 22535 23171 E BufferQueueProducer: [SurfaceTexture-0-22535-4]
(id:58070000000e,api:3,p:22535,c:22535) detachBuffer: slot 4 is not owned by the
producer (state = FREE)
09-12 01:54:30.953 22535 23171 E BufferQueueProducer: [SurfaceTexture-0-22535-4]
(id:58070000000e,api:3,p:22535,c:22535) detachBuffer: slot 5 is not owned by the
producer (state = FREE)
09-12 01:54:30.954 22535 23171 I gralloc4: unregister: id=3360000c5bf
09-12 01:54:30.954 22535 23171 E BufferQueueProducer: [SurfaceTexture-0-22535-4]
(id:58070000000e,api:3,p:22535,c:22535) detachBuffer: slot 7 is not owned by the
producer (state = FREE)
09-12 01:54:30.954 22535 23171 E BufferQueueProducer: [SurfaceTexture-0-22535-4]
(id:58070000000e,api:3,p:22535,c:22535) detachBuffer: slot 8 is not owned by the
producer (state = QUEUED)
09-12 01:54:30.954 22535 23171 I gralloc4: unregister: id=3360000c5c2
09-12 01:54:30.955 22535 23171 E BufferQueueProducer: [SurfaceTexture-0-22535-4]
(id:58070000000e,api:3,p:22535,c:22535) detachBuffer: slot 10 is not owned by the
producer (state = FREE)
09-12 01:54:30.955 22535 23171 E BufferQueueProducer: [SurfaceTexture-0-22535-4]
(id:58070000000e,api:3,p:22535,c:22535) detachBuffer: slot 11 is not owned by the
producer (state = FREE)
09-12 01:54:30.955 22535 23171 I gralloc4: unregister: id=3360000c5c5
09-12 01:54:30.956 22535 23171 I gralloc4: unregister: id=3360000c5c6
09-12 01:54:30.956 22535 23171 E BufferQueueProducer: [SurfaceTexture-0-22535-4]
(id:58070000000e,api:3,p:22535,c:22535) detachBuffer: slot 14 is not owned by the
producer (state = FREE)
09-12 01:54:30.956 22535 23171 I gralloc4: unregister: id=3360000c5c8
09-12 01:54:30.957 22535 23171 E BufferQueueProducer: [SurfaceTexture-0-22535-4]
(id:58070000000e,api:3,p:22535,c:22535) detachBuffer: slot 16 is not owned by the
producer (state = FREE)
09-12 01:54:30.957 22535 23171 E BufferQueueProducer: [SurfaceTexture-0-22535-4]
(id:58070000000e,api:3,p:22535,c:22535) detachBuffer: slot 17 is not owned by the
producer (state = FREE)
09-12 01:54:30.957 22535 23171 E BufferQueueProducer: [SurfaceTexture-0-22535-4]
(id:58070000000e,api:3,p:22535,c:22535) detachBuffer: slot 18 is not owned by the
producer (state = FREE)
09-12 01:54:30.957 22535 23171 E BufferQueueProducer: [SurfaceTexture-0-22535-4]
(id:58070000000e,api:3,p:22535,c:22535) detachBuffer: slot 19 is not owned by the
producer (state = FREE)
09-12 01:54:30.957 22535 23171 E BufferQueueProducer: [SurfaceTexture-0-22535-4]
(id:58070000000e,api:3,p:22535,c:22535) detachBuffer: slot 20 is not owned by the
producer (state = FREE)
09-12 01:54:30.957 22535 23171 E BufferQueueProducer: [SurfaceTexture-0-22535-4]
(id:58070000000e,api:3,p:22535,c:22535) detachBuffer: slot 21 is not owned by the
producer (state = FREE)
09-12 01:54:30.958 22535 23171 E BufferQueueProducer: [SurfaceTexture-0-22535-4]
(id:58070000000e,api:3,p:22535,c:22535) detachBuffer: slot 22 is not owned by the
producer (state = FREE)
09-12 01:54:30.958 22535 23171 E BufferQueueProducer: [SurfaceTexture-0-22535-4]
(id:58070000000e,api:3,p:22535,c:22535) detachBuffer: slot 23 is not owned by the
producer (state = FREE)
09-12 01:54:30.958 22535 23171 E BufferQueueProducer: [SurfaceTexture-0-22535-4]
(id:58070000000e,api:3,p:22535,c:22535) detachBuffer: slot 24 is not owned by the
producer (state = FREE)
09-12 01:54:30.958 22535 23171 E BufferQueueProducer: [SurfaceTexture-0-22535-4]
(id:58070000000e,api:3,p:22535,c:22535) detachBuffer: slot 25 is not owned by the
producer (state = FREE)
09-12 01:54:30.958 22535 23171 E BufferQueueProducer: [SurfaceTexture-0-22535-4]
(id:58070000000e,api:3,p:22535,c:22535) detachBuffer: slot 26 is not owned by the
producer (state = FREE)
09-12 01:54:30.959 22535 23171 E BufferQueueProducer: [SurfaceTexture-0-22535-4]
(id:58070000000e,api:3,p:22535,c:22535) detachBuffer: slot 27 is not owned by the
producer (state = FREE)
09-12 01:54:30.959 22535 23171 E BufferQueueProducer: [SurfaceTexture-0-22535-4]
(id:58070000000e,api:3,p:22535,c:22535) detachBuffer: slot 28 is not owned by the
producer (state = FREE)
09-12 01:54:30.959 22535 23171 E BufferQueueProducer: [SurfaceTexture-0-22535-4]
(id:58070000000e,api:3,p:22535,c:22535) detachBuffer: slot 29 is not owned by the
producer (state = FREE)
09-12 01:54:30.959 22535 23171 E BufferQueueProducer: [SurfaceTexture-0-22535-4]
(id:58070000000e,api:3,p:22535,c:22535) detachBuffer: slot 30 is not owned by the
producer (state = FREE)
09-12 01:54:30.959 22535 23171 E BufferQueueProducer: [SurfaceTexture-0-22535-4]
(id:58070000000e,api:3,p:22535,c:22535) detachBuffer: slot 31 is not owned by the
producer (state = FREE)
09-12 01:54:30.959 22535 23171 E BufferQueueProducer: [SurfaceTexture-0-22535-4]
(id:58070000000e,api:3,p:22535,c:22535) detachBuffer: slot 32 is not owned by the
producer (state = FREE)
09-12 01:54:30.960 22535 23171 E BufferQueueProducer: [SurfaceTexture-0-22535-4]
(id:58070000000e,api:3,p:22535,c:22535) detachBuffer: slot 33 is not owned by the
producer (state = FREE)
09-12 01:54:30.960 22535 23171 E BufferQueueProducer: [SurfaceTexture-0-22535-4]
(id:58070000000e,api:3,p:22535,c:22535) detachBuffer: slot 34 is not owned by the
producer (state = FREE)
09-12 01:54:30.960 22535 23171 E BufferQueueProducer: [SurfaceTexture-0-22535-4]
(id:58070000000e,api:3,p:22535,c:22535) detachBuffer: slot 35 is not owned by the
producer (state = FREE)
09-12 01:54:30.960 22535 23171 E BufferQueueProducer: [SurfaceTexture-0-22535-4]
(id:58070000000e,api:3,p:22535,c:22535) detachBuffer: slot 36 is not owned by the
producer (state = FREE)
09-12 01:54:30.960 22535 23171 E BufferQueueProducer: [SurfaceTexture-0-22535-4]
(id:58070000000e,api:3,p:22535,c:22535) detachBuffer: slot 37 is not owned by the
producer (state = FREE)
09-12 01:54:30.961 22535 23171 E BufferQueueProducer: [SurfaceTexture-0-22535-4]
(id:58070000000e,api:3,p:22535,c:22535) detachBuffer: slot 38 is not owned by the
producer (state = FREE)
09-12 01:54:30.961 22535 23171 E BufferQueueProducer: [SurfaceTexture-0-22535-4]
(id:58070000000e,api:3,p:22535,c:22535) detachBuffer: slot 39 is not owned by the
producer (state = FREE)
09-12 01:54:30.961 22535 23171 E BufferQueueProducer: [SurfaceTexture-0-22535-4]
(id:58070000000e,api:3,p:22535,c:22535) detachBuffer: slot 40 is not owned by the
producer (state = FREE)
09-12 01:54:30.961 22535 23171 E BufferQueueProducer: [SurfaceTexture-0-22535-4]
(id:58070000000e,api:3,p:22535,c:22535) detachBuffer: slot 41 is not owned by the
producer (state = FREE)
09-12 01:54:30.961 22535 23171 E BufferQueueProducer: [SurfaceTexture-0-22535-4]
(id:58070000000e,api:3,p:22535,c:22535) detachBuffer: slot 42 is not owned by the
producer (state = FREE)
09-12 01:54:30.961 22535 23171 E BufferQueueProducer: [SurfaceTexture-0-22535-4]
(id:58070000000e,api:3,p:22535,c:22535) detachBuffer: slot 43 is not owned by the
producer (state = FREE)
09-12 01:54:30.962 22535 23171 E BufferQueueProducer: [SurfaceTexture-0-22535-4]
(id:58070000000e,api:3,p:22535,c:22535) detachBuffer: slot 44 is not owned by the
producer (state = FREE)
09-12 01:54:30.962 22535 23171 E BufferQueueProducer: [SurfaceTexture-0-22535-4]
(id:58070000000e,api:3,p:22535,c:22535) detachBuffer: slot 45 is not owned by the
producer (state = FREE)
09-12 01:54:30.962 22535 23171 E BufferQueueProducer: [SurfaceTexture-0-22535-4]
(id:58070000000e,api:3,p:22535,c:22535) detachBuffer: slot 46 is not owned by the
producer (state = FREE)
09-12 01:54:30.962 22535 23171 E BufferQueueProducer: [SurfaceTexture-0-22535-4]
(id:58070000000e,api:3,p:22535,c:22535) detachBuffer: slot 47 is not owned by the
producer (state = FREE)
09-12 01:54:30.962 22535 23171 E BufferQueueProducer: [SurfaceTexture-0-22535-4]
(id:58070000000e,api:3,p:22535,c:22535) detachBuffer: slot 48 is not owned by the
producer (state = FREE)
09-12 01:54:30.962 22535 23171 E BufferQueueProducer: [SurfaceTexture-0-22535-4]
(id:58070000000e,api:3,p:22535,c:22535) detachBuffer: slot 49 is not owned by the
producer (state = FREE)
09-12 01:54:30.963 22535 23171 E BufferQueueProducer: [SurfaceTexture-0-22535-4]
(id:58070000000e,api:3,p:22535,c:22535) detachBuffer: slot 50 is not owned by the
producer (state = FREE)
09-12 01:54:30.963 22535 23171 E BufferQueueProducer: [SurfaceTexture-0-22535-4]
(id:58070000000e,api:3,p:22535,c:22535) detachBuffer: slot 51 is not owned by the
producer (state = FREE)
09-12 01:54:30.963 22535 23171 E BufferQueueProducer: [SurfaceTexture-0-22535-4]
(id:58070000000e,api:3,p:22535,c:22535) detachBuffer: slot 52 is not owned by the
producer (state = FREE)
09-12 01:54:30.963 22535 23171 E BufferQueueProducer: [SurfaceTexture-0-22535-4]
(id:58070000000e,api:3,p:22535,c:22535) detachBuffer: slot 53 is not owned by the
producer (state = FREE)
09-12 01:54:30.963 22535 23171 E BufferQueueProducer: [SurfaceTexture-0-22535-4]
(id:58070000000e,api:3,p:22535,c:22535) detachBuffer: slot 54 is not owned by the
producer (state = FREE)
09-12 01:54:30.963 22535 23171 E BufferQueueProducer: [SurfaceTexture-0-22535-4]
(id:58070000000e,api:3,p:22535,c:22535) detachBuffer: slot 55 is not owned by the
producer (state = FREE)
09-12 01:54:30.964 22535 23171 E BufferQueueProducer: [SurfaceTexture-0-22535-4]
(id:58070000000e,api:3,p:22535,c:22535) detachBuffer: slot 56 is not owned by the
producer (state = FREE)
09-12 01:54:30.964 22535 23171 E BufferQueueProducer: [SurfaceTexture-0-22535-4]
(id:58070000000e,api:3,p:22535,c:22535) detachBuffer: slot 57 is not owned by the
producer (state = FREE)
09-12 01:54:30.964 22535 23171 E BufferQueueProducer: [SurfaceTexture-0-22535-4]
(id:58070000000e,api:3,p:22535,c:22535) detachBuffer: slot 58 is not owned by the
producer (state = FREE)
09-12 01:54:30.964 22535 23171 E BufferQueueProducer: [SurfaceTexture-0-22535-4]
(id:58070000000e,api:3,p:22535,c:22535) detachBuffer: slot 59 is not owned by the
producer (state = FREE)
09-12 01:54:30.964 22535 23171 E BufferQueueProducer: [SurfaceTexture-0-22535-4]
(id:58070000000e,api:3,p:22535,c:22535) detachBuffer: slot 60 is not owned by the
producer (state = FREE)
09-12 01:54:30.965 22535 23171 E BufferQueueProducer: [SurfaceTexture-0-22535-4]
(id:58070000000e,api:3,p:22535,c:22535) detachBuffer: slot 61 is not owned by the
producer (state = FREE)
09-12 01:54:30.965 22535 23171 E BufferQueueProducer: [SurfaceTexture-0-22535-4]
(id:58070000000e,api:3,p:22535,c:22535) detachBuffer: slot 62 is not owned by the
producer (state = FREE)
09-12 01:54:30.965 22535 23171 E BufferQueueProducer: [SurfaceTexture-0-22535-4]
