03-22 22:23:11.322 9340 9340 I Ads : Ad failed to load : 1
03-22 22:23:11.339 9340 9340 D MiuiMultiWindowAdapter: MiuiMultiWindowAdapter::getFreeformVideoWhiteListInSystem::LIST_ABOUT_SUPPORT_LANDS CAPE_VIDEO = [com.hunantv.imgo.activity, com.tencent.qqlive, com.qiyi.video, com.hunantv.imgo.activity.inter, com.tencent.qqlivei18n, com.iqiyi.i18n, tv.danmaku.bili]
03-22 22:23:11.380 9340 9340 D IS_CTS_MODE: false
03-22 22:23:11.380 9340 9340 D MULTI_WINDOW_ENABLED: false
03-22 22:23:11.381 9340 9340 D DecorView[]: getWindowModeFromSystem windowmode is 1
03-22 22:23:11.389 9340 9340 D TAG_1 : setup_billing_client: nullnull
03-22 22:23:11.444 9340 9340 D VRI[newSettingActivity]: vri.reportNextDraw android.view.ViewRootImpl.performTraversals:3878 android.view.ViewRootImpl.doTraversal:2610 android.view.ViewRootImpl$TraversalRunnable.run:9619 android.view.Choreographer$CallbackRecord.run:1491 android.view.Choreographer$CallbackRecord.run:1499
03-22 22:23:11.444 9340 9340 D VRI[newSettingActivity]: vri.Setup new sync id=0 syncSeqId=0
03-22 22:23:11.458 9340 11187 D productList: one_month_subscription_dual_space
03-22 22:23:11.458 9340 11187 D productList: one_week_subscription_dual_space
03-22 22:23:11.458 9340 11187 D productList: one_year_subscription_dual_space
03-22 22:23:11.458 9340 11187 D productList: six_months_subscription_dual_space
03-22 22:23:11.458 9340 11187 D productList: three_months_subscription_dual_space
03-22 22:23:11.462 9340 11188 D productList: ife_time_in_app_purchase_dual_space
03-22 22:23:11.465 9340 9502 E perf_hint: Session creation failed, mPreferredRateNanos: -1
03-22 22:23:11.468 9340 9340 D VRI[newSettingActivity]: vri.reportDrawFinished syncSeqId=0 android.view.ViewRootImpl.lambda$createSyncIfNeeded$4$android-view- ViewRootImpl:3946 android.view.ViewRootImpl$$ExternalSyntheticLambda1.run:6 android.os.Handler.handleCallback:942 android.os.Handler.dispatchMessage:99 android.os.Looper.loopOnce:211
03-22 22:23:11.469 9340 9340 D DecorView[]: onWindowFocusChanged hasWindowFocus false
03-22 22:23:11.479 9340 9340 D DynamitePackage: Instantiating com.google.android.gms.ads.ChimeraAdManagerCreatorImpl
03-22 22:23:11.481 9340 9340 I Ads : Use RequestConfiguration.Builder().setTestDeviceIds(Arrays.asList("2361F722360E5083C920 247A23AFB535")) to get test ads on this device.
03-22 22:23:11.492 9340 9340 I Ads : Please set theme of AdActivity to @android:style/Theme.Translucent to enable transparent background interstitial ad.
03-22 22:23:11.497 9340 10131 I AudioManager: In isSpeakerphoneOn() calling application: com.dual.space.parallel.apps.multiaccounts.appscloner
03-22 22:23:11.500 9340 9340 D DecorView[]: onWindowFocusChanged hasWindowFocus true
03-22 22:23:11.501 9340 9340 I HandWritingStubImpl: refreshLastKeyboardType: 1
03-22 22:23:11.501 9340 9340 I HandWritingStubImpl: getCurrentKeyboardType: 1
03-22 22:23:11.503 9340 9799 W Ads : Not retrying to fetch app settings
03-22 22:23:12.131 9340 9340 D ContentValues: onAdFailedToLoad: Error building request URL: Too many recently failed requests for ad unit ID: ca-app-pub- 2769622665687343/3719314815. You must wait a few seconds before making another ad request.
03-22 22:23:12.132 9340 9340 I Ads : Ad failed to load : 1
03-22 22:23:12.183 9340 9340 D DynamitePackage: Instantiating com.google.android.gms.ads.ChimeraAdManagerCreatorImpl
03-22 22:23:12.190 9340 9340 I Ads : Use RequestConfiguration.Builder().setTestDeviceIds(Arrays.asList("2361F722360E5083C920 247A23AFB535")) to get test ads on this device.
03-22 22:23:12.206 9340 10128 I AudioManager: In isSpeakerphoneOn() calling application: com.dual.space.parallel.apps.multiaccounts.appscloner
03-22 22:23:12.211 9340 9340 I Ads : Please set theme of AdActivity to @android:style/Theme.Translucent to enable transparent background interstitial ad.
03-22 22:23:12.213 9340 10124 W Ads : Not retrying to fetch app settings
03-22 22:23:12.215 9340 10234 W ServiceBindIntentUtils: Dynamic lookup for intent failed for action: com.google.android.gms.ads.service.START
03-22 22:23:13.223 9340 9340 D ContentValues: onAdFailedToLoad: No fill.
03-22 22:23:13.224 9340 9340 I Ads : Ad failed to load : 3
03-22 22:23:13.315 9340 9340 D DynamitePackage: Instantiating com.google.android.gms.ads.ChimeraAdManagerCreatorImpl
03-22 22:23:13.325 9340 9340 I Ads : Use RequestConfiguration.Builder().setTestDeviceIds(Arrays.asList("2361F722360E5083C920 247A23AFB535")) to get test ads on this device.
03-22 22:23:13.363 9340 10130 I AudioManager: In isSpeakerphoneOn() calling application: com.dual.space.parallel.apps.multiaccounts.appscloner
03-22 22:23:13.365 9340 9340 I Ads : Please set theme of AdActivity to @android:style/Theme.Translucent to enable transparent background interstitial ad.
03-22 22:23:13.368 9340 9967 W Ads : Not retrying to fetch app settings
03-22 22:23:14.122 9340 9340 D ContentValues: onAdFailedToLoad: No fill.
03-22 22:23:14.122 9340 9340 I Ads : Ad failed to load : 3
03-22 22:23:14.184 9340 9340 D DynamitePackage: Instantiating com.google.android.gms.ads.ChimeraAdManagerCreatorImpl
03-22 22:23:14.188 9340 9340 I Ads : Use RequestConfiguration.Builder().setTestDeviceIds(Arrays.asList("2361F722360E5083C920 247A23AFB535")) to get test ads on this device.
03-22 22:23:14.198 9340 9340 I Ads : Please set theme of AdActivity to @android:style/Theme.Translucent to enable transparent background interstitial ad.
03-22 22:23:14.206 9340 9800 I AudioManager: In isSpeakerphoneOn() calling application: com.dual.space.parallel.apps.multiaccounts.appscloner
03-22 22:23:14.211 9340 10124 W Ads : Not retrying to fetch app settings
03-22 22:23:15.044 9340 9340 D ContentValues: onAdFailedToLoad: No fill.
03-22 22:23:15.045 9340 9340 I Ads : Ad failed to load : 3
03-22 22:23:15.093 9340 9340 D DynamitePackage: Instantiating com.google.android.gms.ads.ChimeraAdManagerCreatorImpl
03-22 22:23:15.099 9340 9340 I Ads : Use RequestConfiguration.Builder().setTestDeviceIds(Arrays.asList("2361F722360E5083C920 247A23AFB535")) to get test ads on this device.
03-22 22:23:15.128 9340 9340 I Ads : Please set theme of AdActivity to @android:style/Theme.Translucent to enable transparent background interstitial ad.
03-22 22:23:15.133 9340 10124 I AudioManager: In isSpeakerphoneOn() calling application: com.dual.space.parallel.apps.multiaccounts.appscloner
03-22 22:23:15.140 9340 10130 W Ads : Not retrying to fetch app settings
03-22 22:23:15.741 9340 9340 D DecorView[]: onWindowFocusChanged hasWindowFocus false
03-22 22:23:15.842 9340 9340 D ContentValues: onAdFailedToLoad: Error building request URL: Too many recently failed requests for ad unit ID: ca-app-pub- 2769622665687343/3719314815. You must wait a few seconds before making another ad request.
03-22 22:23:15.842 9340 9340 I Ads : Ad failed to load : 1
03-22 22:23:15.887 9340 9340 D DynamitePackage: Instantiating com.google.android.gms.ads.ChimeraAdManagerCreatorImpl
03-22 22:23:15.889 9340 9340 I Ads : Use RequestConfiguration.Builder().setTestDeviceIds(Arrays.asList("2361F722360E5083C920 247A23AFB535")) to get test ads on this device.
03-22 22:23:15.895 9340 9756 I AudioManager: In isSpeakerphoneOn() calling application: com.dual.space.parallel.apps.multiaccounts.appscloner
03-22 22:23:15.896 9340 9340 I Ads : Please set theme of AdActivity to @android:style/Theme.Translucent to enable transparent background interstitial ad.
03-22 22:23:16.516 9340 9340 D ContentValues: onAdFailedToLoad: Error building request URL: Too many recently failed requests for ad unit ID: ca-app-pub- 2769622665687343/3719314815. You must wait a few seconds before making another ad request.
03-22 22:23:16.517 9340 9340 I Ads : Ad failed to load : 1
03-22 22:23:16.601 9340 9340 D DynamitePackage: Instantiating com.google.android.gms.ads.ChimeraAdManagerCreatorImpl
03-22 22:23:16.607 9340 9340 I Ads : Use RequestConfiguration.Builder().setTestDeviceIds(Arrays.asList("2361F722360E5083C920 247A23AFB535")) to get test ads on this device.
03-22 22:23:16.617 9340 9340 I Ads : Please set theme of AdActivity to @android:style/Theme.Translucent to enable transparent background interstitial ad.
03-22 22:23:16.621 9340 9755 I AudioManager: In isSpeakerphoneOn() calling application: com.dual.space.parallel.apps.multiaccounts.appscloner
03-22 22:23:16.629 9340 10059 W Ads : Not retrying to fetch app settings
03-22 22:23:17.288 9340 9340 D ContentValues: onAdFailedToLoad: Error building request URL: Too many recently failed requests for ad unit ID: ca-app-pub- 2769622665687343/3719314815. You must wait a few seconds before making another ad request.
03-22 22:23:17.289 9340 9340 I Ads : Ad failed to load : 1
03-22 22:23:17.303 9340 9340 D DynamitePackage: Instantiating com.google.android.gms.ads.ChimeraAdManagerCreatorImpl
03-22 22:23:17.308 9340 9340 I Ads : Use RequestConfiguration.Builder().setTestDeviceIds(Arrays.asList("2361F722360E5083C920 247A23AFB535")) to get test ads on this device.
03-22 22:23:17.332 9340 9340 I Ads : Please set theme of AdActivity to @android:style/Theme.Translucent to enable transparent background interstitial ad.
03-22 22:23:17.332 9340 9755 I AudioManager: In isSpeakerphoneOn() calling application: com.dual.space.parallel.apps.multiaccounts.appscloner
03-22 22:23:17.341 9340 10124 W Ads : Not retrying to fetch app settings
03-22 22:23:17.674 9340 9442 I FA : Application backgrounded at: timestamp_millis: 1742696595671
03-22 22:23:18.183 9340 9340 D ContentValues: onAdFailedToLoad: Error building request URL: Too many recently failed requests for ad unit ID: ca-app-pub- 2769622665687343/3719314815. You must wait a few seconds before making another ad request.
03-22 22:23:18.184 9340 9340 I Ads : Ad failed to load : 1
03-22 22:23:18.198 9340 9340 D DynamitePackage: Instantiating com.google.android.gms.ads.ChimeraAdManagerCreatorImpl
03-22 22:23:18.208 9340 9340 I Ads : Use RequestConfiguration.Builder().setTestDeviceIds(Arrays.asList("2361F722360E5083C920 247A23AFB535")) to get test ads on this device.
03-22 22:23:18.221 9340 9340 I Ads : Please set theme of AdActivity to @android:style/Theme.Translucent to enable transparent background interstitial ad.
03-22 22:23:18.228 9340 9801 I AudioManager: In isSpeakerphoneOn() calling application: com.dual.space.parallel.apps.multiaccounts.appscloner
03-22 22:23:18.233 9340 10125 W Ads : Not retrying to fetch app settings
03-22 22:23:18.236 9340 11068 W ServiceBindIntentUtils: Dynamic lookup for intent failed for action: com.google.android.gms.ads.service.START
03-22 22:23:18.833 9340 9340 D ContentValues: onAdFailedToLoad: Error building request URL: Too many recently failed requests for ad unit ID: ca-app-pub- 2769622665687343/3719314815. You must wait a few seconds before making another ad request.
03-22 22:23:18.833 9340 9340 I Ads : Ad failed to load : 1
03-22 22:23:18.903 9340 9340 D DynamitePackage: Instantiating com.google.android.gms.ads.ChimeraAdManagerCreatorImpl
03-22 22:23:18.908 9340 9340 I Ads : Use RequestConfiguration.Builder().setTestDeviceIds(Arrays.asList("2361F722360E5083C920 247A23AFB535")) to get test ads on this device.
03-22 22:23:18.923 9340 9756 I AudioManager: In isSpeakerphoneOn() calling application: com.dual.space.parallel.apps.multiaccounts.appscloner
03-22 22:23:18.924 9340 9340 I Ads : Please set theme of AdActivity to @android:style/Theme.Translucent to enable transparent background interstitial ad.
03-22 22:23:18.934 9340 10124 W Ads : Not retrying to fetch app settings
03-22 22:23:19.517 9340 9340 D ContentValues: onAdFailedToLoad: Error building request URL: Too many recently failed requests for ad unit ID: ca-app-pub- 2769622665687343/3719314815. You must wait a few seconds before making another ad request.
03-22 22:23:19.517 9340 9340 I Ads : Ad failed to load : 1
03-22 22:23:19.601 9340 9340 D DynamitePackage: Instantiating com.google.android.gms.ads.ChimeraAdManagerCreatorImpl
03-22 22:23:19.603 9340 9340 I Ads : Use RequestConfiguration.Builder().setTestDeviceIds(Arrays.asList("2361F722360E5083C920 247A23AFB535")) to get test ads on this device.
03-22 22:23:19.609 9340 9340 I Ads : Please set theme of AdActivity to @android:style/Theme.Translucent to enable transparent background interstitial ad.
03-22 22:23:19.610 9340 9800 I AudioManager: In isSpeakerphoneOn() calling application: com.dual.space.parallel.apps.multiaccounts.appscloner
03-22 22:23:19.620 9340 10131 W Ads : Not retrying to fetch app settings
03-22 22:23:20.202 9340 9340 D ContentValues: onAdFailedToLoad: Error building request URL: Too many recently failed requests for ad unit ID: ca-app-pub- 2769622665687343/3719314815. You must wait a few seconds before making another ad request.
03-22 22:23:20.202 9340 9340 I Ads : Ad failed to load : 1
03-22 22:23:20.303 9340 9340 D DynamitePackage: Instantiating com.google.android.gms.ads.ChimeraAdManagerCreatorImpl
03-22 22:23:20.305 9340 9340 I Ads : Use RequestConfiguration.Builder().setTestDeviceIds(Arrays.asList("2361F722360E5083C920 247A23AFB535")) to get test ads on this device.
03-22 22:23:20.312 9340 9340 I Ads : Please set theme of AdActivity to @android:style/Theme.Translucent to enable transparent background interstitial ad.
03-22 22:23:20.317 9340 10125 I AudioManager: In isSpeakerphoneOn() calling application: com.dual.space.parallel.apps.multiaccounts.appscloner
03-22 22:23:20.319 9340 10125 W Ads : Not retrying to fetch app settings
03-22 22:23:20.726 9340 9340 D TAG_1 : setup_billing_client: nullnull
03-22 22:23:20.811 9340 9340 D DecorView[]: onWindowFocusChanged hasWindowFocus true
03-22 22:23:20.811 9340 9340 I HandWritingStubImpl: refreshLastKeyboardType: 1
03-22 22:23:20.811 9340 9340 I HandWritingStubImpl: getCurrentKeyboardType: 1
03-22 22:23:20.829 9340 11312 D productList: ife_time_in_app_purchase_dual_space
03-22 22:23:20.840 9340 11311 D productList: one_month_subscription_dual_space
03-22 22:23:20.840 9340 11311 D productList: one_week_subscription_dual_space
03-22 22:23:20.840 9340 11311 D productList: one_year_subscription_dual_space
03-22 22:23:20.840 9340 11311 D productList: six_months_subscription_dual_space
03-22 22:23:20.840 9340 11311 D productList: three_months_subscription_dual_space
03-22 22:23:20.923 9340 9340 D ContentValues: onAdFailedToLoad: No fill.
03-22 22:23:20.924 9340 9340 I Ads : Ad failed to load : 3
03-22 22:23:21.018 9340 9340 D DynamitePackage: Instantiating com.google.android.gms.ads.ChimeraAdManagerCreatorImpl
03-22 22:23:21.020 9340 9340 I Ads : Use RequestConfiguration.Builder().setTestDeviceIds(Arrays.asList("2361F722360E5083C920 247A23AFB535")) to get test ads on this device.
03-22 22:23:21.025 9340 9340 I Ads : Please set theme of AdActivity to @android:style/Theme.Translucent to enable transparent background interstitial ad.
03-22 22:23:21.029 9340 10131 I AudioManager: In isSpeakerphoneOn() calling application: com.dual.space.parallel.apps.multiaccounts.appscloner
03-22 22:23:21.228 9340 9340 D MiuiMultiWindowAdapter: MiuiMultiWindowAdapter::getFreeformVideoWhiteListInSystem::LIST_ABOUT_SUPPORT_LANDS CAPE_VIDEO = [com.hunantv.imgo.activity, com.tencent.qqlive, com.qiyi.video, com.hunantv.imgo.activity.inter, com.tencent.qqlivei18n, com.iqiyi.i18n, tv.danmaku.bili]
03-22 22:23:21.288 9340 9340 D IS_CTS_MODE: false
03-22 22:23:21.288 9340 9340 D MULTI_WINDOW_ENABLED: false
03-22 22:23:21.290 9340 9340 D DecorView[]: getWindowModeFromSystem windowmode is 1
03-22 22:23:21.297 9340 9340 D TAG_1 : setup_billing_client: nullnull
03-22 22:23:21.382 9340 9340 D VRI[PasswordActivity]: vri.reportNextDraw android.view.ViewRootImpl.performTraversals:3878 android.view.ViewRootImpl.doTraversal:2610 android.view.ViewRootImpl$TraversalRunnable.run:9619 android.view.Choreographer$CallbackRecord.run:1491 android.view.Choreographer$CallbackRecord.run:1499
03-22 22:23:21.382 9340 9340 D VRI[PasswordActivity]: vri.Setup new sync id=0 syncSeqId=0
03-22 22:23:21.395 9340 11337 D productList: ife_time_in_app_purchase_dual_space
03-22 22:23:21.403 9340 11336 D productList: one_month_subscription_dual_space
03-22 22:23:21.403 9340 11336 D productList: one_week_subscription_dual_space
03-22 22:23:21.403 9340 11336 D productList: one_year_subscription_dual_space
03-22 22:23:21.403 9340 11336 D productList: six_months_subscription_dual_space
03-22 22:23:21.403 9340 11336 D productList: three_months_subscription_dual_space
03-22 22:23:21.431 9340 9502 E perf_hint: Session creation failed, mPreferredRateNanos: -1
03-22 22:23:21.432 9340 9340 D VRI[PasswordActivity]: vri.reportDrawFinished syncSeqId=0 android.view.ViewRootImpl.lambda$createSyncIfNeeded$4$android-view- ViewRootImpl:3946 android.view.ViewRootImpl$$ExternalSyntheticLambda1.run:6 android.os.Handler.handleCallback:942 android.os.Handler.dispatchMessage:99 android.os.Looper.loopOnce:211
03-22 22:23:21.433 9340 9340 D DecorView[]: onWindowFocusChanged hasWindowFocus false
03-22 22:23:21.462 9340 9406 I TRuntime.CctTransportBackend: Making request to: https://firebaselogging.googleapis.com/v0cc/log/batch?format=json_proto3
03-22 22:23:21.462 9340 9340 D DecorView[]: onWindowFocusChanged hasWindowFocus true
03-22 22:23:21.462 9340 9340 I HandWritingStubImpl: refreshLastKeyboardType: 1
03-22 22:23:21.462 9340 9340 I HandWritingStubImpl: getCurrentKeyboardType: 1
03-22 22:23:21.610 9340 9340 D ContentValues: onAdFailedToLoad: No fill.
03-22 22:23:21.611 9340 9340 I Ads : Ad failed to load : 3
03-22 22:23:21.650 9340 9340 D DynamitePackage: Instantiating com.google.android.gms.ads.ChimeraAdManagerCreatorImpl
03-22 22:23:21.663 9340 9340 I Ads : Use RequestConfiguration.Builder().setTestDeviceIds(Arrays.asList("2361F722360E5083C920 247A23AFB535")) to get test ads on this device.
03-22 22:23:21.681 9340 9340 I Ads : Please set theme of AdActivity to @android:style/Theme.Translucent to enable transparent background interstitial ad.
03-22 22:23:21.686 9340 10130 I AudioManager: In isSpeakerphoneOn() calling application: com.dual.space.parallel.apps.multiaccounts.appscloner
03-22 22:23:21.694 9340 10125 W Ads : Not retrying to fetch app settings
03-22 22:23:21.732 9340 9406 I TRuntime.CctTransportBackend: Status Code: 200
03-22 22:23:21.771 9340 9406 I TRuntime.CctTransportBackend: Making request to: https://firebaselogging-pa.googleapis.com/v1/firelog/legacy/batchlog
03-22 22:23:22.280 9340 9340 D ContentValues: onAdFailedToLoad: No fill.
03-22 22:23:22.281 9340 9340 I Ads : Ad failed to load : 3
03-22 22:23:22.345 9340 9340 D DynamitePackage: Instantiating com.google.android.gms.ads.ChimeraAdManagerCreatorImpl
03-22 22:23:22.349 9340 9340 I Ads : Use RequestConfiguration.Builder().setTestDeviceIds(Arrays.asList("2361F722360E5083C920 247A23AFB535")) to get test ads on this device.
03-22 22:23:22.357 9340 9340 I Ads : Please set theme of AdActivity to @android:style/Theme.Translucent to enable transparent background interstitial ad.
03-22 22:23:22.363 9340 10131 I AudioManager: In isSpeakerphoneOn() calling application: com.dual.space.parallel.apps.multiaccounts.appscloner
03-22 22:23:22.371 9340 9802 W Ads : Not retrying to fetch app settings
03-22 22:23:22.372 9340 11105 W ServiceBindIntentUtils: Dynamic lookup for intent failed for action: com.google.android.gms.ads.service.START
03-22 22:23:23.001 9340 9340 D ContentValues: onAdFailedToLoad: Error building request URL: Too many recently failed requests for ad unit ID: ca-app-pub- 2769622665687343/3719314815. You must wait a few seconds before making another ad request.
03-22 22:23:23.001 9340 9340 I Ads : Ad failed to load : 1
03-22 22:23:23.046 9340 9340 D DynamitePackage: Instantiating com.google.android.gms.ads.ChimeraAdManagerCreatorImpl
03-22 22:23:23.049 9340 9340 I Ads : Use RequestConfiguration.Builder().setTestDeviceIds(Arrays.asList("2361F722360E5083C920 247A23AFB535")) to get test ads on this device.
03-22 22:23:23.054 9340 9340 I Ads : Please set theme of AdActivity to @android:style/Theme.Translucent to enable transparent background interstitial ad.
03-22 22:23:23.062 9340 10130 I AudioManager: In isSpeakerphoneOn() calling application: com.dual.space.parallel.apps.multiaccounts.appscloner
03-22 22:23:23.064 9340 9749 W Ads : Not retrying to fetch app settings
03-22 22:23:23.649 9340 9340 D ContentValues: onAdFailedToLoad: Error building request URL: Too many recently failed requests for ad unit ID: ca-app-pub- 2769622665687343/3719314815. You must wait a few seconds before making another ad request.
03-22 22:23:23.649 9340 9340 I Ads : Ad failed to load : 1
03-22 22:23:23.749 9340 9340 D DynamitePackage: Instantiating com.google.android.gms.ads.ChimeraAdManagerCreatorImpl
03-22 22:23:23.752 9340 9340 I Ads : Use RequestConfiguration.Builder().setTestDeviceIds(Arrays.asList("2361F722360E5083C920 247A23AFB535")) to get test ads on this device.
03-22 22:23:23.763 9340 9340 I Ads : Please set theme of AdActivity to @android:style/Theme.Translucent to enable transparent background interstitial ad.
03-22 22:23:23.764 9340 10127 I AudioManager: In isSpeakerphoneOn() calling application: com.dual.space.parallel.apps.multiaccounts.appscloner
03-22 22:23:23.771 9340 9756 W Ads : Not retrying to fetch app settings
03-22 22:23:24.159 9340 9406 I TRuntime.CctTransportBackend: Status Code: 200
03-22 22:23:24.374 9340 9340 D ContentValues: onAdFailedToLoad: Error building request URL: Too many recently failed requests for ad unit ID: ca-app-pub- 2769622665687343/3719314815. You must wait a few seconds before making another ad request.
03-22 22:23:24.375 9340 9340 I Ads : Ad failed to load : 1
03-22 22:23:24.446 9340 9340 D DynamitePackage: Instantiating com.google.android.gms.ads.ChimeraAdManagerCreatorImpl
03-22 22:23:24.448 9340 9340 I Ads : Use RequestConfiguration.Builder().setTestDeviceIds(Arrays.asList("2361F722360E5083C920 247A23AFB535")) to get test ads on this device.
03-22 22:23:24.454 9340 9340 I Ads : Please set theme of AdActivity to @android:style/Theme.Translucent to enable transparent background interstitial ad.
03-22 22:23:24.457 9340 9802 I AudioManager: In isSpeakerphoneOn() calling application: com.dual.space.parallel.apps.multiaccounts.appscloner
03-22 22:23:24.461 9340 10059 W Ads : Not retrying to fetch app settings
03-22 22:23:25.033 9340 9340 D ContentValues: onAdFailedToLoad: Error building request URL: Too many recently failed requests for ad unit ID: ca-app-pub- 2769622665687343/3719314815. You must wait a few seconds before making another ad request.
03-22 22:23:25.034 9340 9340 I Ads : Ad failed to load : 1
03-22 22:23:25.047 9340 9340 D DynamitePackage: Instantiating com.google.android.gms.ads.ChimeraAdManagerCreatorImpl
03-22 22:23:25.049 9340 9340 I Ads : Use RequestConfiguration.Builder().setTestDeviceIds(Arrays.asList("2361F722360E5083C920 247A23AFB535")) to get test ads on this device.
03-22 22:23:25.055 9340 9800 I AudioManager: In isSpeakerphoneOn() calling application: com.dual.space.parallel.apps.multiaccounts.appscloner
03-22 22:23:25.055 9340 9340 I Ads : Please set theme of AdActivity to @android:style/Theme.Translucent to enable transparent background interstitial ad.
03-22 22:23:25.058 9340 10128 W Ads : Not retrying to fetch app settings
03-22 22:23:25.645 9340 9340 D ContentValues: onAdFailedToLoad: Error building request URL: Too many recently failed requests for ad unit ID: ca-app-pub- 2769622665687343/3719314815. You must wait a few seconds before making another ad request.
03-22 22:23:25.646 9340 9340 I Ads : Ad failed to load : 1
03-22 22:23:25.662 9340 9340 D DynamitePackage: Instantiating com.google.android.gms.ads.ChimeraAdManagerCreatorImpl
03-22 22:23:25.665 9340 9340 I Ads : Use RequestConfiguration.Builder().setTestDeviceIds(Arrays.asList("2361F722360E5083C920 247A23AFB535")) to get test ads on this device.
03-22 22:23:25.675 9340 9340 I Ads : Please set theme of AdActivity to @android:style/Theme.Translucent to enable transparent background interstitial ad.
03-22 22:23:25.676 9340 9749 I AudioManager: In isSpeakerphoneOn() calling application: com.dual.space.parallel.apps.multiaccounts.appscloner
03-22 22:23:25.683 9340 10128 W Ads : Not retrying to fetch app settings
03-22 22:23:26.420 9340 9340 D ContentValues: onAdFailedToLoad: Error building request URL: Too many recently failed requests for ad unit ID: ca-app-pub- 2769622665687343/3719314815. You must wait a few seconds before making another ad request.
03-22 22:23:26.421 9340 9340 I Ads : Ad failed to load : 1
03-22 22:23:26.478 9340 9340 D MiuiMultiWindowAdapter: MiuiMultiWindowAdapter::getFreeformVideoWhiteListInSystem::LIST_ABOUT_SUPPORT_LANDS CAPE_VIDEO = [com.hunantv.imgo.activity, com.tencent.qqlive, com.qiyi.video, com.hunantv.imgo.activity.inter, com.tencent.qqlivei18n, com.iqiyi.i18n, tv.danmaku.bili]
03-22 22:23:26.495 9340 9340 D IS_CTS_MODE: false
03-22 22:23:26.495 9340 9340 D MULTI_WINDOW_ENABLED: false
03-22 22:23:26.496 9340 9340 D DecorView[]: getWindowModeFromSystem windowmode is 1
03-22 22:23:26.503 9340 9340 D TAG_1 : setup_billing_client: nullnull
03-22 22:23:26.516 9340 9340 D android.widget.GridLayout: horizontal constraints: x3-x0>=598, x3-x2<=199, x2-x1<=199, x1-x0<=199 are inconsistent; permanently removing: x3-x2<=199.
03-22 22:23:26.530 9340 9340 D VRI[PatternLock]: vri.reportNextDraw android.view.ViewRootImpl.performTraversals:3878 android.view.ViewRootImpl.doTraversal:2610 android.view.ViewRootImpl$TraversalRunnable.run:9619 android.view.Choreographer$CallbackRecord.run:1491 android.view.Choreographer$CallbackRecord.run:1499
03-22 22:23:26.530 9340 9340 D VRI[PatternLock]: vri.Setup new sync id=0 syncSeqId=0
03-22 22:23:26.537 9340 9502 E perf_hint: Session creation failed, mPreferredRateNanos: -1
03-22 22:23:26.539 9340 9340 D VRI[PatternLock]: vri.reportDrawFinished syncSeqId=0 android.view.ViewRootImpl.lambda$createSyncIfNeeded$4$android-view- ViewRootImpl:3946 android.view.ViewRootImpl$$ExternalSyntheticLambda1.run:6 android.os.Handler.handleCallback:942 android.os.Handler.dispatchMessage:99 android.os.Looper.loopOnce:211
03-22 22:23:26.540 9340 9340 D DecorView[]: onWindowFocusChanged hasWindowFocus false
03-22 22:23:26.544 9340 9340 D DynamitePackage: Instantiating com.google.android.gms.ads.ChimeraAdManagerCreatorImpl
03-22 22:23:26.546 9340 9340 I Ads : Use RequestConfiguration.Builder().setTestDeviceIds(Arrays.asList("2361F722360E5083C920 247A23AFB535")) to get test ads on this device.
03-22 22:23:26.554 9340 9340 I Ads : Please set theme of AdActivity to @android:style/Theme.Translucent to enable transparent background interstitial ad.
03-22 22:23:26.558 9340 10127 I AudioManager: In isSpeakerphoneOn() calling application: com.dual.space.parallel.apps.multiaccounts.appscloner
03-22 22:23:26.561 9340 9340 D DecorView[]: onWindowFocusChanged hasWindowFocus true
03-22 22:23:26.561 9340 9340 I HandWritingStubImpl: refreshLastKeyboardType: 1
03-22 22:23:26.561 9340 9340 I HandWritingStubImpl: getCurrentKeyboardType: 1
03-22 22:23:26.600 9340 11922 D productList: ife_time_in_app_purchase_dual_space
03-22 22:23:26.611 9340 11921 D productList: one_month_subscription_dual_space
03-22 22:23:26.611 9340 11921 D productList: one_week_subscription_dual_space
03-22 22:23:26.611 9340 11921 D productList: one_year_subscription_dual_space
03-22 22:23:26.611 9340 11921 D productList: six_months_subscription_dual_space
03-22 22:23:26.611 9340 11921 D productList: three_months_subscription_dual_space
03-22 22:23:27.079 9340 9502 D OpenGLRenderer: endAllActiveAnimators on 0xb4000071344fed00 (RippleDrawable) with handle 0xb400007140435800
03-22 22:23:27.214 9340 9340 D ContentValues: onAdFailedToLoad: Error building request URL: Too many recently failed requests for ad unit ID: ca-app-pub- 2769622665687343/3719314815. You must wait a few seconds before making another ad request.
03-22 22:23:27.215 9340 9340 I Ads : Ad failed to load : 1
03-22 22:23:27.256 9340 9340 D DynamitePackage: Instantiating com.google.android.gms.ads.ChimeraAdManagerCreatorImpl
03-22 22:23:27.264 9340 9340 I Ads : Use RequestConfiguration.Builder().setTestDeviceIds(Arrays.asList("2361F722360E5083C920 247A23AFB535")) to get test ads on this device.
03-22 22:23:27.287 9340 9802 I AudioManager: In isSpeakerphoneOn() calling application: com.dual.space.parallel.apps.multiaccounts.appscloner
03-22 22:23:27.289 9340 9340 I Ads : Please set theme of AdActivity to @android:style/Theme.Translucent to enable transparent background interstitial ad.
03-22 22:23:27.293 9340 10131 W Ads : Not retrying to fetch app settings
03-22 22:23:27.296 9340 10234 W ServiceBindIntentUtils: Dynamic lookup for intent failed for action: com.google.android.gms.ads.service.START
03-22 22:23:27.845 9340 9502 W RenderInspector: DequeueBuffer time out on com.dual.space.parallel.apps.multiaccounts.appscloner/com.dual.space.view.main.Patt ernLock, count=1, avg=17 ms, max=17 ms.
03-22 22:23:27.868 9340 9340 D CompatibilityChangeReporter: Compat change id reported: 147798919; UID 10189; state: ENABLED
03-22 22:23:27.987 9340 9340 D ContentValues: onAdFailedToLoad: No fill.
03-22 22:23:27.987 9340 9340 I Ads : Ad failed to load : 3
03-22 22:23:28.058 9340 9340 D DynamitePackage: Instantiating com.google.android.gms.ads.ChimeraAdManagerCreatorImpl
03-22 22:23:28.065 9340 9340 I Ads : Use RequestConfiguration.Builder().setTestDeviceIds(Arrays.asList("2361F722360E5083C920 247A23AFB535")) to get test ads on this device.
03-22 22:23:28.086 9340 9340 I Ads : Please set theme of AdActivity to @android:style/Theme.Translucent to enable transparent background interstitial ad.
03-22 22:23:28.089 9340 9749 I AudioManager: In isSpeakerphoneOn() calling application: com.dual.space.parallel.apps.multiaccounts.appscloner
03-22 22:23:28.094 9340 10124 W Ads : Not retrying to fetch app settings
03-22 22:23:28.096 9340 10962 W ServiceBindIntentUtils: Dynamic lookup for intent failed for action: com.google.android.gms.ads.service.START
03-22 22:23:28.922 9340 9340 D ContentValues: onAdFailedToLoad: No fill.
03-22 22:23:28.922 9340 9340 I Ads : Ad failed to load : 3
03-22 22:23:28.935 9340 9346 W unts.appscloner: Missing inline cache for void m.sn.ab(java.lang.String, java.lang.String, long, android.os.Bundle, boolean, boolean, boolean)
03-22 22:23:28.954 9340 9340 D DynamitePackage: Instantiating com.google.android.gms.ads.ChimeraAdManagerCreatorImpl
03-22 22:23:28.956 9340 9340 I Ads : Use RequestConfiguration.Builder().setTestDeviceIds(Arrays.asList("2361F722360E5083C920 247A23AFB535")) to get test ads on this device.
03-22 22:23:28.957 9340 9347 W unts.appscloner: Cleared Reference was only reachable from finalizer (only reported once)
03-22 22:23:28.963 9340 10124 I AudioManager: In isSpeakerphoneOn() calling application: com.dual.space.parallel.apps.multiaccounts.appscloner
03-22 22:23:28.965 9340 9340 I Ads : Please set theme of AdActivity to @android:style/Theme.Translucent to enable transparent background interstitial ad.
03-22 22:23:28.970 9340 9799 W Ads : Not retrying to fetch app settings
03-22 22:23:29.230 9340 9340 D TESTAG : pattern0341
03-22 22:23:29.262 9340 9340 D MiuiMultiWindowAdapter: MiuiMultiWindowAdapter::getFreeformVideoWhiteListInSystem::LIST_ABOUT_SUPPORT_LANDS CAPE_VIDEO = [com.hunantv.imgo.activity, com.tencent.qqlive, com.qiyi.video, com.hunantv.imgo.activity.inter, com.tencent.qqlivei18n, com.iqiyi.i18n, tv.danmaku.bili]
03-22 22:23:29.286 9340 9340 D IS_CTS_MODE: false
03-22 22:23:29.286 9340 9340 D MULTI_WINDOW_ENABLED: false
03-22 22:23:29.287 9340 9340 D DecorView[]: getWindowModeFromSystem windowmode is 1
03-22 22:23:29.333 9340 9340 D VRI[ForgotPassword]: vri.reportNextDraw android.view.ViewRootImpl.performTraversals:3878 android.view.ViewRootImpl.doTraversal:2610 android.view.ViewRootImpl$TraversalRunnable.run:9619 android.view.Choreographer$CallbackRecord.run:1491 android.view.Choreographer$CallbackRecord.run:1499
03-22 22:23:29.333 9340 9340 D VRI[ForgotPassword]: vri.Setup new sync id=0 syncSeqId=0
03-22 22:23:29.339 9340 9502 E perf_hint: Session creation failed, mPreferredRateNanos: -1
03-22 22:23:29.339 9340 9340 D VRI[ForgotPassword]: vri.reportDrawFinished syncSeqId=0 android.view.ViewRootImpl.lambda$createSyncIfNeeded$4$android-view- ViewRootImpl:3946 android.view.ViewRootImpl$$ExternalSyntheticLambda1.run:6 android.os.Handler.handleCallback:942 android.os.Handler.dispatchMessage:99 android.os.Looper.loopOnce:211
03-22 22:23:29.340 9340 9340 D DecorView[]: onWindowFocusChanged hasWindowFocus false
03-22 22:23:29.358 9340 9340 D DecorView[]: onWindowFocusChanged hasWindowFocus true
03-22 22:23:29.358 9340 9340 I HandWritingStubImpl: refreshLastKeyboardType: 1
03-22 22:23:29.358 9340 9340 I HandWritingStubImpl: getCurrentKeyboardType: 1
03-22 22:23:29.513 9340 9340 D ContentValues: onAdFailedToLoad: No fill.
03-22 22:23:29.513 9340 9340 I Ads : Ad failed to load : 3
03-22 22:23:29.579 9340 9340 D DynamitePackage: Instantiating com.google.android.gms.ads.ChimeraAdManagerCreatorImpl
03-22 22:23:29.580 9340 9340 I Ads : Use RequestConfiguration.Builder().setTestDeviceIds(Arrays.asList("2361F722360E5083C920 247A23AFB535")) to get test ads on this device.
03-22 22:23:29.584 9340 9755 I AudioManager: In isSpeakerphoneOn() calling application: com.dual.space.parallel.apps.multiaccounts.appscloner
03-22 22:23:29.586 9340 9340 I Ads : Please set theme of AdActivity to @android:style/Theme.Translucent to enable transparent background interstitial ad.
03-22 22:23:29.589 9340 10127 W Ads : Not retrying to fetch app settings
03-22 22:23:30.184 9340 9340 D ContentValues: onAdFailedToLoad: Error building request URL: Too many recently failed requests for ad unit ID: ca-app-pub- 2769622665687343/3719314815. You must wait a few seconds before making another ad request.
03-22 22:23:30.185 9340 9340 I Ads : Ad failed to load : 1
03-22 22:23:30.204 9340 9340 D DynamitePackage: Instantiating com.google.android.gms.ads.ChimeraAdManagerCreatorImpl
03-22 22:23:30.212 9340 9340 I Ads : Use RequestConfiguration.Builder().setTestDeviceIds(Arrays.asList("2361F722360E5083C920 247A23AFB535")) to get test ads on this device.
03-22 22:23:30.231 9340 9756 I AudioManager: In isSpeakerphoneOn() calling application: com.dual.space.parallel.apps.multiaccounts.appscloner
03-22 22:23:30.232 9340 9340 I Ads : Please set theme of AdActivity to @android:style/Theme.Translucent to enable transparent background interstitial ad.
03-22 22:23:30.239 9340 9756 W Ads : Not retrying to fetch app settings
03-22 22:23:31.029 9340 9340 D ContentValues: onAdFailedToLoad: Error building request URL: Too many recently failed requests for ad unit ID: ca-app-pub- 2769622665687343/3719314815. You must wait a few seconds before making another ad request.
03-22 22:23:31.030 9340 9340 I Ads : Ad failed to load : 1
03-22 22:23:31.136 9340 9340 D DynamitePackage: Instantiating com.google.android.gms.ads.ChimeraAdManagerCreatorImpl
03-22 22:23:31.141 9340 9340 I Ads : Use RequestConfiguration.Builder().setTestDeviceIds(Arrays.asList("2361F722360E5083C920 247A23AFB535")) to get test ads on this device.
03-22 22:23:31.156 9340 9340 I Ads : Please set theme of AdActivity to @android:style/Theme.Translucent to enable transparent background interstitial ad.
03-22 22:23:31.160 9340 9755 I AudioManager: In isSpeakerphoneOn() calling application: com.dual.space.parallel.apps.multiaccounts.appscloner
03-22 22:23:31.164 9340 10124 W Ads : Not retrying to fetch app settings
03-22 22:23:31.890 9340 9340 D ContentValues: onAdFailedToLoad: Error building request URL: Too many recently failed requests for ad unit ID: ca-app-pub- 2769622665687343/3719314815. You must wait a few seconds before making another ad request.
03-22 22:23:31.891 9340 9340 I Ads : Ad failed to load : 1
03-22 22:23:31.942 9340 9340 D DynamitePackage: Instantiating com.google.android.gms.ads.ChimeraAdManagerCreatorImpl
03-22 22:23:31.949 9340 9340 I Ads : Use RequestConfiguration.Builder().setTestDeviceIds(Arrays.asList("2361F722360E5083C920 247A23AFB535")) to get test ads on this device.
03-22 22:23:31.973 9340 10125 I AudioManager: In isSpeakerphoneOn() calling application: com.dual.space.parallel.apps.multiaccounts.appscloner
03-22 22:23:31.976 9340 9340 I Ads : Please set theme of AdActivity to @android:style/Theme.Translucent to enable transparent background interstitial ad.
03-22 22:23:32.288 9340 9340 D MIUIInput: [KeyEvent] ViewRootImpl windowName 'com.dual.space.parallel.apps.multiaccounts.appscloner/com.dual.space.view.main.For gotPassword', KeyEvent { action=ACTION_DOWN, keyCode=KEYCODE_BACK, scanCode=0, metaState=0, flags=0x48, repeatCount=0, eventTime=50495486000000, downTime=50495486000000, deviceId=-1, source=0x101, displayId=0 }, phoneEventTime=22:23:32.269
03-22 22:23:32.294 9340 9340 D MIUIInput: [KeyEvent] ViewRootImpl windowName 'com.dual.space.parallel.apps.multiaccounts.appscloner/com.dual.space.view.main.For gotPassword', KeyEvent { action=ACTION_UP, keyCode=KEYCODE_BACK, scanCode=0, metaState=0, flags=0x48, repeatCount=0, eventTime=50495499000000, downTime=50495486000000, deviceId=-1, source=0x101, displayId=0 }, phoneEventTime=22:23:32.282
03-22 22:23:32.342 9340 9340 D MiuiMultiWindowAdapter: MiuiMultiWindowAdapter::getFreeformVideoWhiteListInSystem::LIST_ABOUT_SUPPORT_LANDS CAPE_VIDEO = [com.hunantv.imgo.activity, com.tencent.qqlive, com.qiyi.video, com.hunantv.imgo.activity.inter, com.tencent.qqlivei18n, com.iqiyi.i18n, tv.danmaku.bili]
03-22 22:23:32.354 9340 9340 D IS_CTS_MODE: false
03-22 22:23:32.354 9340 9340 D MULTI_WINDOW_ENABLED: false
03-22 22:23:32.355 9340 9340 D DecorView[]: getWindowModeFromSystem windowmode is 1
03-22 22:23:32.361 9340 9340 D TAG_1 : setup_billing_client: nullnull
03-22 22:23:32.375 9340 9340 D android.widget.GridLayout: horizontal constraints: x3-x0>=598, x3-x2<=199, x2-x1<=199, x1-x0<=199 are inconsistent; permanently removing: x3-x2<=199.
03-22 22:23:32.392 9340 9340 D VRI[PatternLock]: vri.reportNextDraw android.view.ViewRootImpl.performTraversals:3878 android.view.ViewRootImpl.doTraversal:2610 android.view.ViewRootImpl$TraversalRunnable.run:9619 android.view.Choreographer$CallbackRecord.run:1491 android.view.Choreographer$CallbackRecord.run:1499
03-22 22:23:32.392 9340 9340 D VRI[PatternLock]: vri.Setup new sync id=0 syncSeqId=0
03-22 22:23:32.396 9340 9502 E perf_hint: Session creation failed, mPreferredRateNanos: -1
03-22 22:23:32.396 9340 9340 D VRI[PatternLock]: vri.reportDrawFinished syncSeqId=0 android.view.ViewRootImpl.lambda$createSyncIfNeeded$4$android-view- ViewRootImpl:3946 android.view.ViewRootImpl$$ExternalSyntheticLambda1.run:6 android.os.Handler.handleCallback:942 android.os.Handler.dispatchMessage:99 android.os.Looper.loopOnce:211
03-22 22:23:32.396 9340 9340 D DecorView[]: onWindowFocusChanged hasWindowFocus false
03-22 22:23:32.424 9340 11948 D productList: one_month_subscription_dual_space
03-22 22:23:32.424 9340 11948 D productList: one_week_subscription_dual_space
03-22 22:23:32.424 9340 11948 D productList: one_year_subscription_dual_space
03-22 22:23:32.424 9340 11948 D productList: six_months_subscription_dual_space
03-22 22:23:32.424 9340 11948 D productList: three_months_subscription_dual_space
03-22 22:23:32.424 9340 9340 D DecorView[]: onWindowFocusChanged hasWindowFocus true
03-22 22:23:32.425 9340 9340 I HandWritingStubImpl: refreshLastKeyboardType: 1
03-22 22:23:32.425 9340 9340 I HandWritingStubImpl: getCurrentKeyboardType: 1
03-22 22:23:32.429 9340 11949 D productList: ife_time_in_app_purchase_dual_space
03-22 22:23:32.729 9340 9340 D ContentValues: onAdFailedToLoad: Error building request URL: Too many recently failed requests for ad unit ID: ca-app-pub- 2769622665687343/3719314815. You must wait a few seconds before making another ad request.
03-22 22:23:32.729 9340 9340 I Ads : Ad failed to load : 1
03-22 22:23:32.743 9340 9340 D DynamitePackage: Instantiating com.google.android.gms.ads.ChimeraAdManagerCreatorImpl
03-22 22:23:32.745 9340 9340 I Ads : Use RequestConfiguration.Builder().setTestDeviceIds(Arrays.asList("2361F722360E5083C920 247A23AFB535")) to get test ads on this device.
03-22 22:23:32.748 9340 9340 I Ads : Please set theme of AdActivity to @android:style/Theme.Translucent to enable transparent background interstitial ad.
03-22 22:23:32.751 9340 10124 I AudioManager: In isSpeakerphoneOn() calling application: com.dual.space.parallel.apps.multiaccounts.appscloner
03-22 22:23:32.753 9340 10124 W Ads : Not retrying to fetch app settings
03-22 22:23:33.189 9340 9340 D MIUIInput: [KeyEvent] ViewRootImpl windowName 'com.dual.space.parallel.apps.multiaccounts.appscloner/com.dual.space.view.main.Pat ternLock', KeyEvent { action=ACTION_DOWN, keyCode=KEYCODE_BACK, scanCode=0, metaState=0, flags=0x48, repeatCount=0, eventTime=50496385000000, downTime=50496385000000, deviceId=-1, source=0x101, displayId=0 }, phoneEventTime=22:23:33.168
03-22 22:23:33.193 9340 9340 D MIUIInput: [KeyEvent] ViewRootImpl windowName 'com.dual.space.parallel.apps.multiaccounts.appscloner/com.dual.space.view.main.Pat ternLock', KeyEvent { action=ACTION_UP, keyCode=KEYCODE_BACK, scanCode=0, metaState=0, flags=0x48, repeatCount=0, eventTime=50496399000000, downTime=50496385000000, deviceId=-1, source=0x101, displayId=0 }, phoneEventTime=22:23:33.182
03-22 22:23:33.226 9340 9340 D MiuiMultiWindowAdapter: MiuiMultiWindowAdapter::getFreeformVideoWhiteListInSystem::LIST_ABOUT_SUPPORT_LANDS CAPE_VIDEO = [com.hunantv.imgo.activity, com.tencent.qqlive, com.qiyi.video, com.hunantv.imgo.activity.inter, com.tencent.qqlivei18n, com.iqiyi.i18n, tv.danmaku.bili]
03-22 22:23:33.258 9340 9340 D IS_CTS_MODE: false
03-22 22:23:33.258 9340 9340 D MULTI_WINDOW_ENABLED: false
03-22 22:23:33.259 9340 9340 D DecorView[]: getWindowModeFromSystem windowmode is 1
03-22 22:23:33.265 9340 9340 D TAG_1 : setup_billing_client: nullnull
03-22 22:23:33.303 9340 11974 D productList: ife_time_in_app_purchase_dual_space
03-22 22:23:33.304 9340 11973 D productList: one_month_subscription_dual_space
03-22 22:23:33.304 9340 11973 D productList: one_week_subscription_dual_space
03-22 22:23:33.304 9340 11973 D productList: one_year_subscription_dual_space
03-22 22:23:33.304 9340 11973 D productList: six_months_subscription_dual_space
03-22 22:23:33.304 9340 11973 D productList: three_months_subscription_dual_space
03-22 22:23:33.304 9340 9340 D VRI[PasswordActivity]: vri.reportNextDraw android.view.ViewRootImpl.performTraversals:3878 android.view.ViewRootImpl.doTraversal:2610 android.view.ViewRootImpl$TraversalRunnable.run:9619 android.view.Choreographer$CallbackRecord.run:1491 android.view.Choreographer$CallbackRecord.run:1499
03-22 22:23:33.304 9340 9340 D VRI[PasswordActivity]: vri.Setup new sync id=0 syncSeqId=0
03-22 22:23:33.312 9340 9502 E perf_hint: Session creation failed, mPreferredRateNanos: -1
03-22 22:23:33.313 9340 9340 D VRI[PasswordActivity]: vri.reportDrawFinished syncSeqId=0 android.view.ViewRootImpl.lambda$createSyncIfNeeded$4$android-view- ViewRootImpl:3946 android.view.ViewRootImpl$$ExternalSyntheticLambda1.run:6 android.os.Handler.handleCallback:942 android.os.Handler.dispatchMessage:99 android.os.Looper.loopOnce:211
03-22 22:23:33.313 9340 9340 D DecorView[]: onWindowFocusChanged hasWindowFocus false
03-22 22:23:33.321 9340 9340 D ContentValues: onAdFailedToLoad: Error building request URL: Too many recently failed requests for ad unit ID: ca-app-pub- 2769622665687343/3719314815. You must wait a few seconds before making another ad request.
03-22 22:23:33.321 9340 9340 I Ads : Ad failed to load : 1
03-22 22:23:33.343 9340 9340 D DecorView[]: onWindowFocusChanged hasWindowFocus true
03-22 22:23:33.343 9340 9340 I HandWritingStubImpl: refreshLastKeyboardType: 1
03-22 22:23:33.343 9340 9340 I HandWritingStubImpl: getCurrentKeyboardType: 1
03-22 22:23:33.380 9340 9340 D DynamitePackage: Instantiating com.google.android.gms.ads.ChimeraAdManagerCreatorImpl
03-22 22:23:33.382 9340 9340 I Ads : Use RequestConfiguration.Builder().setTestDeviceIds(Arrays.asList("2361F722360E5083C920 247A23AFB535")) to get test ads on this device.
03-22 22:23:33.386 9340 9340 I Ads : Please set theme of AdActivity to @android:style/Theme.Translucent to enable transparent background interstitial ad.
03-22 22:23:33.387 9340 9801 I AudioManager: In isSpeakerphoneOn() calling application: com.dual.space.parallel.apps.multiaccounts.appscloner
03-22 22:23:33.391 9340 10131 W Ads : Not retrying to fetch app settings
03-22 22:23:33.986 9340 9340 D ContentValues: onAdFailedToLoad: Error building request URL: Too many recently failed requests for ad unit ID: ca-app-pub- 2769622665687343/3719314815. You must wait a few seconds before making another ad request.
03-22 22:23:33.987 9340 9340 I Ads : Ad failed to load : 1
03-22 22:23:34.089 9340 9340 D DynamitePackage: Instantiating com.google.android.gms.ads.ChimeraAdManagerCreatorImpl
03-22 22:23:34.096 9340 9340 I Ads : Use RequestConfiguration.Builder().setTestDeviceIds(Arrays.asList("2361F722360E5083C920 247A23AFB535")) to get test ads on this device.
03-22 22:23:34.118 9340 9340 I Ads : Please set theme of AdActivity to @android:style/Theme.Translucent to enable transparent background interstitial ad.
03-22 22:23:34.124 9340 9801 I AudioManager: In isSpeakerphoneOn() calling application: com.dual.space.parallel.apps.multiaccounts.appscloner
03-22 22:23:34.128 9340 9755 W Ads : Not retrying to fetch app settings
03-22 22:23:34.184 9340 9340 D MIUIInput: [KeyEvent] ViewRootImpl windowName 'com.dual.space.parallel.apps.multiaccounts.appscloner/com.dual.space.view.main.Pas swordActivity', KeyEvent { action=ACTION_DOWN, keyCode=KEYCODE_BACK, scanCode=0, metaState=0, flags=0x48, repeatCount=0, eventTime=50497384000000, downTime=50497384000000, deviceId=-1, source=0x101, displayId=0 }, phoneEventTime=22:23:34.167
03-22 22:23:34.185 9340 9340 D MIUIInput: [KeyEvent] ViewRootImpl windowName 'com.dual.space.parallel.apps.multiaccounts.appscloner/com.dual.space.view.main.Pas swordActivity', KeyEvent { action=ACTION_UP, keyCode=KEYCODE_BACK, scanCode=0, metaState=0, flags=0x48, repeatCount=0, eventTime=50497397000000, downTime=50497384000000, deviceId=-1, source=0x101, displayId=0 }, phoneEventTime=22:23:34.180
03-22 22:23:34.214 9340 9340 D MiuiMultiWindowAdapter: MiuiMultiWindowAdapter::getFreeformVideoWhiteListInSystem::LIST_ABOUT_SUPPORT_LANDS CAPE_VIDEO = [com.hunantv.imgo.activity, com.tencent.qqlive, com.qiyi.video, com.hunantv.imgo.activity.inter, com.tencent.qqlivei18n, com.iqiyi.i18n, tv.danmaku.bili]
03-22 22:23:34.250 9340 9340 D IS_CTS_MODE: false
03-22 22:23:34.250 9340 9340 D MULTI_WINDOW_ENABLED: false
03-22 22:23:34.251 9340 9340 D DecorView[]: getWindowModeFromSystem windowmode is 1
03-22 22:23:34.256 9340 9340 D TAG_1 : setup_billing_client: nullnull
03-22 22:23:34.298 9340 9340 D VRI[newSettingActivity]: vri.reportNextDraw android.view.ViewRootImpl.performTraversals:3878 android.view.ViewRootImpl.doTraversal:2610 android.view.ViewRootImpl$TraversalRunnable.run:9619 android.view.Choreographer$CallbackRecord.run:1491 android.view.Choreographer$CallbackRecord.run:1499
03-22 22:23:34.298 9340 9340 D VRI[newSettingActivity]: vri.Setup new sync id=0 syncSeqId=0
03-22 22:23:34.299 9340 11992 D productList: ife_time_in_app_purchase_dual_space
03-22 22:23:34.300 9340 11991 D productList: one_month_subscription_dual_space
03-22 22:23:34.300 9340 11991 D productList: one_week_subscription_dual_space
03-22 22:23:34.300 9340 11991 D productList: one_year_subscription_dual_space
03-22 22:23:34.300 9340 11991 D productList: six_months_subscription_dual_space
03-22 22:23:34.300 9340 11991 D productList: three_months_subscription_dual_space
03-22 22:23:34.312 9340 9502 E perf_hint: Session creation failed, mPreferredRateNanos: -1
03-22 22:23:34.312 9340 9340 D VRI[newSettingActivity]: vri.reportDrawFinished syncSeqId=0 android.view.ViewRootImpl.lambda$createSyncIfNeeded$4$android-view- ViewRootImpl:3946 android.view.ViewRootImpl$$ExternalSyntheticLambda1.run:6 android.os.Handler.handleCallback:942 android.os.Handler.dispatchMessage:99 android.os.Looper.loopOnce:211
03-22 22:23:34.313 9340 9340 D DecorView[]: onWindowFocusChanged hasWindowFocus false
03-22 22:23:34.342 9340 9340 D DecorView[]: onWindowFocusChanged hasWindowFocus true
03-22 22:23:34.343 9340 9340 I HandWritingStubImpl: refreshLastKeyboardType: 1
03-22 22:23:34.343 9340 9340 I HandWritingStubImpl: getCurrentKeyboardType: 1
03-22 22:23:34.742 9340 9340 D ContentValues: onAdFailedToLoad: Error building request URL: Too many recently failed requests for ad unit ID: ca-app-pub- 2769622665687343/3719314815. You must wait a few seconds before making another ad request.
03-22 22:23:34.743 9340 9340 I Ads : Ad failed to load : 1
03-22 22:23:34.846 9340 9340 D DynamitePackage: Instantiating com.google.android.gms.ads.ChimeraAdManagerCreatorImpl
03-22 22:23:34.850 9340 9340 I Ads : Use RequestConfiguration.Builder().setTestDeviceIds(Arrays.asList("2361F722360E5083C920 247A23AFB535")) to get test ads on this device.
03-22 22:23:34.856 9340 9340 I Ads : Please set theme of AdActivity to @android:style/Theme.Translucent to enable transparent background interstitial ad.
03-22 22:23:34.862 9340 9799 I AudioManager: In isSpeakerphoneOn() calling application: com.dual.space.parallel.apps.multiaccounts.appscloner
03-22 22:23:34.865 9340 10121 W Ads : Not retrying to fetch app settings
03-22 22:23:35.548 9340 9340 D ContentValues: onAdFailedToLoad: No fill.
03-22 22:23:35.548 9340 9340 I Ads : Ad failed to load : 3
03-22 22:23:35.558 9340 9340 D DynamitePackage: Instantiating com.google.android.gms.ads.ChimeraAdManagerCreatorImpl
03-22 22:23:35.564 9340 9340 I Ads : Use RequestConfiguration.Builder().setTestDeviceIds(Arrays.asList("2361F722360E5083C920 247A23AFB535")) to get test ads on this device.
03-22 22:23:35.576 9340 10124 I AudioManager: In isSpeakerphoneOn() calling application: com.dual.space.parallel.apps.multiaccounts.appscloner
