Com - Dual.space - Parallel.apps - Multiaccounts.appscloner Logcat
The log details various warnings and errors related to the initialization of an application, including checksum mismatches and missing files. It indicates issues with loading modules and libraries, as well as problems with service binding in the BlackBoxCore framework. Additionally, there are entries related to network security configuration and performance monitoring, suggesting ongoing attempts to set up the application environment.
We take content rights seriously. If you suspect this is your content, claim it here.
Available Formats
Download as TXT, PDF, TXT or read online on Scribd
0 ratings0% found this document useful (0 votes)
15 views49 pages
Com - Dual.space - Parallel.apps - Multiaccounts.appscloner Logcat
The log details various warnings and errors related to the initialization of an application, including checksum mismatches and missing files. It indicates issues with loading modules and libraries, as well as problems with service binding in the BlackBoxCore framework. Additionally, there are entries related to network security configuration and performance monitoring, suggesting ongoing attempts to set up the application environment.
We take content rights seriously. If you suspect this is your content, claim it here.
Available Formats
Download as TXT, PDF, TXT or read online on Scribd
You are on page 1/ 49
--------- beginning of main
03-22 22:22:46.831 9340 9412 W unts.appscloner: ClassLoaderContext classpath
element checksum mismatch. expected=2503073469, found=2606757807 (DLC[];PCL[base.apk*2503073469]{PCL[/system/framework/org.apache.http.legacy.jar*14 14085461]#PCL[/system/framework/ com.android.media.remotedisplay.jar*3886290638]#PCL[/system/framework/ com.android.location.provider.jar*3868789109]#PCL[/system/framework/ org.apache.http.legacy.jar*1414085461]} | DLC[];PCL[/data/app/~~7cZ66tGBquMN_EvBOl5LpA==/com.dual.space.parallel.apps.multiac counts.appscloner-qhmJ0OttzNZUBMJCMRvSsg==/base.apk*2606757807])
03-22 22:22:46.836 9340 9399 I DynamiteModule: Considering local module com.google.android.gms.ads.dynamite:0 and remote module com.google.android.gms.ads.dynamite:250505301
03-22 22:22:46.836 9340 9399 I DynamiteModule: Selected remote version of com.google.android.gms.ads.dynamite, version >= 250505301
03-22 22:22:46.836 9340 9399 V DynamiteModule: Dynamite loader version >= 2, using loadModule2NoCrashUtils
03-22 22:22:46.860 9340 9340 D WM-WrkMgrInitializer: Initializing WorkManager with default configuration.
03-22 22:22:46.866 9340 9399 W ziparchive: Unable to open '/data/user_de/0/com.google.android.gms/app_chimera/m/000004a9/dl- AdsFdrDynamite.integ_250505301100000.dm': No such file or directory
03-22 22:22:46.866 9340 9399 W ziparchive: Unable to open '/data/user_de/0/com.google.android.gms/app_chimera/m/000004a9/dl- AdsFdrDynamite.integ_250505301100000.dm': No such file or directory
03-22 22:22:46.910 9340 9340 D nativeloader: Load /data/app/~~7cZ66tGBquMN_EvBOl5LpA==/com.dual.space.parallel.apps.multiaccounts.app scloner-qhmJ0OttzNZUBMJCMRvSsg==/split_config.arm64_v8a.apk!/lib/arm64-v8a/ libnrb.so using ns clns-4 from class loader (caller=base.apk!classes4.dex): ok
03-22 22:22:46.916 9340 9447 D native : Found attached 0
03-22 22:22:46.916 9340 9447 D native : Calling class is: java.lang.Class
03-22 22:22:46.917 9340 9448 D native : Found attached 0
03-22 22:22:46.917 9340 9448 D native : Calling class is: java.lang.Class
03-22 22:22:46.955 9340 9442 E unts.appscloner: No package ID 76 found for ID 0x760b000f.
03-22 22:22:46.955 9340 9442 E unts.appscloner: No package ID 76 found for ID 0x760b000f.
03-22 22:22:46.965 9340 9442 I FA : App measurement initialized, version: 118010
03-22 22:22:46.965 9340 9442 I FA : To enable debug logging run: adb shell setprop log.tag.FA VERBOSE
03-22 22:22:46.965 9340 9442 I FA : To enable faster debug mode event logging run:
03-22 22:22:46.965 9340 9442 I FA : adb shell setprop debug.firebase.analytics.app com.dual.space.parallel.apps.multiaccounts.appscloner
03-22 22:22:46.997 9340 9441 D FBAudienceNetwork: SDK dex loading time: 94
03-22 22:22:47.056 9457 9457 I ppscloner:black: Using CollectorTypeCC GC.
03-22 22:22:47.064 9457 9457 E ppscloner:black: Not starting debugger since process cannot load the jdwp agent.
03-22 22:22:47.084 9340 9440 D CompatibilityChangeReporter: Compat change id reported: 160794467; UID 10189; state: ENABLED
03-22 22:22:47.096 9457 9457 D nativeloader: Load libframework-connectivity- tiramisu-jni.so using APEX ns com_android_tethering for caller /apex/com.android.tethering/javalib/framework-connectivity-t.jar: ok
03-22 22:22:47.101 9457 9457 W System.err: android.system.ErrnoException: open failed: ENOENT (No such file or directory)
03-22 22:22:47.102 9457 9457 W System.err: at libcore.io.Linux.open(Native Method)
03-22 22:22:47.102 9457 9457 W System.err: at libcore.io.ForwardingOs.open(ForwardingOs.java:563)
03-22 22:22:47.102 9457 9457 W System.err: at libcore.io.BlockGuardOs.open(BlockGuardOs.java:274)
03-22 22:22:47.102 9457 9457 W System.err: at libcore.io.ForwardingOs.open(ForwardingOs.java:563)
03-22 22:22:47.102 9457 9457 W System.err: at android.app.ActivityThread$AndroidOs.open(ActivityThread.java:8288)
03-22 22:22:47.102 9457 9457 W System.err: at android.system.Os.open(Os.java:494)
03-22 22:22:47.102 9457 9457 W System.err: at android.os.perfdebug.PerfDebugMonitorImpl.monitorVersionControl(PerfDebugMonitorImp l.java:204)
03-22 22:22:47.102 9457 9457 W System.err: at android.os.perfdebug.PerfDebugMonitorImpl.prepareMonitor(PerfDebugMonitorImpl.java: 185)
03-22 22:22:47.102 9457 9457 W System.err: at android.app.ActivityThread.main(ActivityThread.java:8375)
03-22 22:22:47.102 9457 9457 W System.err: at java.lang.reflect.Method.invoke(Native Method)
03-22 22:22:47.102 9457 9457 W System.err: at com.android.internal.os.RuntimeInit$MethodAndArgsCaller.run(RuntimeInit.java:559)
03-22 22:22:47.102 9457 9457 W System.err: at com.android.internal.os.ZygoteInit.main(ZygoteInit.java:954)
03-22 22:22:47.102 9457 9457 I MessageMonitor: Load libmiui_runtime
03-22 22:22:47.118 9457 9457 D CompatibilityChangeReporter: Compat change id reported: 171979766; UID 10189; state: ENABLED
03-22 22:22:47.155 9457 9457 W ziparchive: Unable to open '/data/app/~~7cZ66tGBquMN_EvBOl5LpA==/com.dual.space.parallel.apps.multiaccounts.ap pscloner-qhmJ0OttzNZUBMJCMRvSsg==/split_config.arm64_v8a.dm': No such file or directory
03-22 22:22:47.155 9457 9457 W ziparchive: Unable to open '/data/app/~~7cZ66tGBquMN_EvBOl5LpA==/com.dual.space.parallel.apps.multiaccounts.ap pscloner-qhmJ0OttzNZUBMJCMRvSsg==/split_config.arm64_v8a.dm': No such file or directory
03-22 22:22:47.155 9457 9457 W ppscloner:black: Entry not found
03-22 22:22:47.156 9457 9457 W ziparchive: Unable to open '/data/app/~~7cZ66tGBquMN_EvBOl5LpA==/com.dual.space.parallel.apps.multiaccounts.ap pscloner-qhmJ0OttzNZUBMJCMRvSsg==/split_config.xhdpi.dm': No such file or directory
03-22 22:22:47.156 9457 9457 W ziparchive: Unable to open '/data/app/~~7cZ66tGBquMN_EvBOl5LpA==/com.dual.space.parallel.apps.multiaccounts.ap pscloner-qhmJ0OttzNZUBMJCMRvSsg==/split_config.xhdpi.dm': No such file or directory
03-22 22:22:47.157 9457 9457 W ppscloner:black: Entry not found
03-22 22:22:47.159 9457 9457 D nativeloader: Configuring clns-4 for other apk /data/app/~~7cZ66tGBquMN_EvBOl5LpA==/com.dual.space.parallel.apps.multiaccounts.app scloner-qhmJ0OttzNZUBMJCMRvSsg==/base.apk:/data/app/~~7cZ66tGBquMN_EvBOl5LpA==/ com.dual.space.parallel.apps.multiaccounts.appscloner-qhmJ0OttzNZUBMJCMRvSsg==/ split_config.arm64_v8a.apk:/data/app/~~7cZ66tGBquMN_EvBOl5LpA==/ com.dual.space.parallel.apps.multiaccounts.appscloner-qhmJ0OttzNZUBMJCMRvSsg==/ split_config.xhdpi.apk. target_sdk_version=34, uses_libraries=, library_path=/data/app/~~7cZ66tGBquMN_EvBOl5LpA==/com.dual.space.parallel.apps.mult iaccounts.appscloner-qhmJ0OttzNZUBMJCMRvSsg==/lib/arm64:/data/app/ ~~7cZ66tGBquMN_EvBOl5LpA==/com.dual.space.parallel.apps.multiaccounts.appscloner- qhmJ0OttzNZUBMJCMRvSsg==/base.apk!/lib/arm64-v8a:/data/app/ ~~7cZ66tGBquMN_EvBOl5LpA==/com.dual.space.parallel.apps.multiaccounts.appscloner- qhmJ0OttzNZUBMJCMRvSsg==/split_config.arm64_v8a.apk!/lib/arm64-v8a:/data/app/ ~~7cZ66tGBquMN_EvBOl5LpA==/com.dual.space.parallel.apps.multiaccounts.appscloner- qhmJ0OttzNZUBM
03-22 22:22:47.166 9457 9457 D nativeloader: Load /data/app/~~7cZ66tGBquMN_EvBOl5LpA==/com.dual.space.parallel.apps.multiaccounts.app scloner-qhmJ0OttzNZUBMJCMRvSsg==/split_config.arm64_v8a.apk!/lib/arm64-v8a/ libpairipcore.so using ns clns-4 from class loader (caller=base.apk!classes5.dex): ok
03-22 22:22:47.259 9457 9457 D nativeloader: Load libframework-connectivity- jni.so using APEX ns com_android_tethering for caller /apex/com.android.tethering/javalib/framework-connectivity.jar: ok
03-22 22:22:47.261 9457 9457 I Perf : Connecting to perf service.
03-22 22:22:47.265 9457 9457 V GraphicsEnvironment: ANGLE Developer option for 'com.dual.space.parallel.apps.multiaccounts.appscloner' set to: 'default'
03-22 22:22:47.265 9457 9457 V GraphicsEnvironment: ANGLE GameManagerService for com.dual.space.parallel.apps.multiaccounts.appscloner: false
03-22 22:22:47.266 9457 9457 V GraphicsEnvironment: Neither updatable production driver nor prerelease driver is supported.
03-22 22:22:47.269 9457 9457 I ForceDarkHelperStubImpl: initialize for com.dual.space.parallel.apps.multiaccounts.appscloner , ForceDarkOrigin
03-22 22:22:47.271 9457 9457 D nativeloader: Load libforcedarkimpl.so using system ns (caller=/system_ext/framework/miui-framework.jar): ok
03-22 22:22:47.271 9457 9457 D ppscloner:black: JNI_OnLoad success
03-22 22:22:47.271 9457 9457 I MiuiForceDarkConfig: setConfig density:1.800000, mainRule:0, secondaryRule:0, tertiaryRule:0
03-22 22:22:47.273 9457 9457 D NetworkSecurityConfig: Using Network Security Config from resource network_security_config debugBuild: false
03-22 22:22:47.274 9457 9457 D NetworkSecurityConfig: Using Network Security Config from resource network_security_config debugBuild: false
03-22 22:22:47.274 9457 9457 I SignatureCheck: Signature check ok
03-22 22:22:47.278 9457 9457 E BlackBoxCore: Failed to hook bindService:
03-22 22:22:47.278 9457 9457 E BlackBoxCore: java.lang.IllegalArgumentException: top.niunaijun.blackbox.fake.frameworks.BActivityManager is not an interface
03-22 22:22:47.278 9457 9457 E BlackBoxCore: at java.lang.reflect.Proxy$ProxyClassFactory.apply(Proxy.java:635)
03-22 22:22:47.278 9457 9457 E BlackBoxCore: at java.lang.reflect.Proxy$ProxyClassFactory.apply(Proxy.java:602)
03-22 22:22:47.278 9457 9457 E BlackBoxCore: at java.lang.reflect.WeakCache$Factory.get(WeakCache.java:230)
03-22 22:22:47.278 9457 9457 E BlackBoxCore: at java.lang.reflect.WeakCache.get(WeakCache.java:127)
03-22 22:22:47.278 9457 9457 E BlackBoxCore: at java.lang.reflect.Proxy.getProxyClass0(Proxy.java:438)
03-22 22:22:47.278 9457 9457 E BlackBoxCore: at java.lang.reflect.Proxy.newProxyInstance(Proxy.java:873)
03-22 22:22:47.278 9457 9457 E BlackBoxCore: at top.niunaijun.blackbox.BlackBoxCore.hookBindService(BlackBoxCore.java:222)
03-22 22:22:47.278 9457 9457 E BlackBoxCore: at top.niunaijun.blackbox.BlackBoxCore.doAttachBaseContext(BlackBoxCore.java:133)
03-22 22:22:47.278 9457 9457 E BlackBoxCore: at com.dual.space.view.main.BlackBoxLoader.attachBaseContext(BlackBoxLoader.kt:100)
03-22 22:22:47.278 9457 9457 E BlackBoxCore: at com.dual.space.app.AppManager.doAttachBaseContext(AppManager.kt:26)
03-22 22:22:47.278 9457 9457 E BlackBoxCore: at com.dual.space.app.MyApplication.attachBaseContext(MyApplication.kt:62)
03-22 22:22:47.278 9457 9457 E BlackBoxCore: at com.pairip.application.Application.attachBaseContext(Unknown Source:6)
03-22 22:22:47.278 9457 9457 E BlackBoxCore: at android.app.Application.attach(Application.java:358)
03-22 22:22:47.278 9457 9457 E BlackBoxCore: at android.app.Instrumentation.newApplication(Instrumentation.java:1253)
03-22 22:22:47.278 9457 9457 E BlackBoxCore: at android.app.LoadedApk.makeApplicationInner(LoadedApk.java:1485)
03-22 22:22:47.278 9457 9457 E BlackBoxCore: at android.app.LoadedApk.makeApplicationInner(LoadedApk.java:1422)
03-22 22:22:47.278 9457 9457 E BlackBoxCore: at android.app.ActivityThread.handleBindApplication(ActivityThread.java:7196)
03-22 22:22:47.278 9457 9457 E BlackBoxCore: at android.app.ActivityThread.-$ $Nest$mhandleBindApplication(Unknown Source:0)
03-22 22:22:47.278 9457 9457 E BlackBoxCore: at android.app.ActivityThread$H.handleMessage(ActivityThread.java:2241)
03-22 22:22:47.278 9457 9457 E BlackBoxCore: at android.os.Handler.dispatchMessage(Handler.java:106)
03-22 22:22:47.278 9457 9457 E BlackBoxCore: at android.os.Looper.loopOnce(Looper.java:211)
03-22 22:22:47.278 9457 9457 E BlackBoxCore: at android.os.Looper.loop(Looper.java:300)
03-22 22:22:47.278 9457 9457 E BlackBoxCore: at android.app.ActivityThread.main(ActivityThread.java:8410)
03-22 22:22:47.278 9457 9457 E BlackBoxCore: at java.lang.reflect.Method.invoke(Native Method)
03-22 22:22:47.278 9457 9457 E BlackBoxCore: at com.android.internal.os.RuntimeInit$MethodAndArgsCaller.run(RuntimeInit.java:559)
03-22 22:22:47.278 9457 9457 E BlackBoxCore: at com.android.internal.os.ZygoteInit.main(ZygoteInit.java:954)
03-22 22:22:47.310 9457 9457 D HookManager: hook: top.niunaijun.blackbox.fake.service.ITelephonyRegistryProxy@38d922e
03-22 22:22:47.312 9457 9457 D HookManager: hook: top.niunaijun.blackbox.fake.service.ISystemUpdateProxy@45c27e1
03-22 22:22:47.319 9457 9457 D HookManager: hook error: top.niunaijun.blackbox.fake.service.ISystemUpdateProxy@45c27e1
03-22 22:22:47.319 9457 9457 D HookManager: hook: top.niunaijun.blackbox.fake.service.IAccountManagerProxy@25295f4
03-22 22:22:47.321 9457 9457 D HookManager: hook: top.niunaijun.blackbox.fake.service.IMediaRouterServiceProxy@ff8f219
03-22 22:22:47.323 9457 9457 D HookManager: hook: top.niunaijun.blackbox.fake.service.IWindowManagerProxy@4cc4eea
03-22 22:22:47.342 9457 9457 D HookManager: hook: top.niunaijun.blackbox.fake.service.IPhoneSubInfoProxy@8b2cb8d
03-22 22:22:47.343 9457 9457 D HookManager: hook: top.niunaijun.blackbox.fake.service.IWifiManagerProxy@ec29e90
03-22 22:22:47.384 9457 9457 D HookManager: hook: top.niunaijun.blackbox.fake.service.IWifiScannerProxy@732df45
03-22 22:22:47.386 9457 9457 D HookManager: hook error: top.niunaijun.blackbox.fake.service.IWifiScannerProxy@732df45
03-22 22:22:47.386 9457 9457 D HookManager: hook: top.niunaijun.blackbox.fake.service.ILocationManagerProxy@50e469a
03-22 22:22:47.393 9457 9457 D HookManager: hook: top.niunaijun.blackbox.fake.service.IVpnManagerProxy@ac6b9a7
03-22 22:22:47.411 9457 9457 D HookManager: hook: top.niunaijun.blackbox.fake.service.IDisplayManagerProxy@f53283e
03-22 22:22:47.412 9340 9442 I FA : Tag Manager is not found and thus will not be used
03-22 22:22:47.415 9457 9457 D HookManager: hook: top.niunaijun.blackbox.fake.service.HCallbackProxy@66a0116
03-22 22:22:47.417 9457 9457 D HookManager: hook: top.niunaijun.blackbox.fake.service.IMediaSessionManagerProxy@8a78a69
03-22 22:22:47.420 9457 9457 D HookManager: hook: top.niunaijun.blackbox.fake.service.IContextHubServiceProxy@b8d19fa
03-22 22:22:47.433 9457 9457 D HookManager: hook error: top.niunaijun.blackbox.fake.service.IContextHubServiceProxy@b8d19fa
03-22 22:22:47.433 9457 9457 D HookManager: hook: top.niunaijun.blackbox.fake.service.IConnectivityManagerProxy@fed1da1
03-22 22:22:47.436 9457 9457 D HookManager: hook: top.niunaijun.blackbox.fake.service.IPackageManagerProxy@6c0ee52
03-22 22:22:47.439 9457 9457 D HookManager: hook: top.niunaijun.blackbox.fake.service.IUserManagerProxy@93cc84c
03-22 22:22:47.447 9457 9457 D HookManager: hook: top.niunaijun.blackbox.fake.service.IAlarmManagerProxy@547b111
03-22 22:22:47.448 9457 9457 D HookManager: hook: top.niunaijun.blackbox.fake.service.IFingerprintManagerProxy@3d9002
03-22 22:22:47.449 9457 9457 D HookManager: hook: top.niunaijun.blackbox.fake.service.IPermissionManagerProxy@418776f
03-22 22:22:47.452 9457 9457 D HookManager: hook: top.niunaijun.blackbox.fake.service.INetworkManagementServiceProxy@ae54468
03-22 22:22:47.453 9457 9457 D HookManager: hook: top.niunaijun.blackbox.fake.service.IAppOpsManagerProxy@ef123bd
03-22 22:22:47.464 9457 9457 D HookManager: hook: top.niunaijun.blackbox.fake.service.ILauncherAppsProxy@57e0d75
03-22 22:22:47.466 9457 9457 D HookManager: hook: top.niunaijun.blackbox.fake.service.IJobServiceProxy@e11b3d6
03-22 22:22:47.468 9457 9457 D HookManager: hook: top.niunaijun.blackbox.fake.service.IVibratorServiceProxy@e0ca0f3
03-22 22:22:47.472 9457 9457 D HookManager: hook: top.niunaijun.blackbox.fake.service.context.ContentServiceStub@dc448dc
03-22 22:22:47.475 9457 9457 D HookManager: hook: top.niunaijun.blackbox.fake.service.IPowerManagerProxy@49d361
03-22 22:22:47.478 9457 9457 D HookManager: hook: top.niunaijun.blackbox.fake.service.IActivityClientProxy@db63d12
03-22 22:22:47.483 9457 9457 D HookManager: hook: top.niunaijun.blackbox.fake.service.IAutofillManagerProxy@c1d56d1
03-22 22:22:47.485 9457 9457 D HookManager: hook: top.niunaijun.blackbox.fake.service.IGraphicsStatsProxy@79105a4
03-22 22:22:47.485 9457 9457 D HookManager: hook: top.niunaijun.blackbox.fake.service.libcore.OsStub@94f8f0d
03-22 22:22:47.486 9457 9457 D HookManager: hook: top.niunaijun.blackbox.fake.service.IPersistentDataBlockServiceProxy@2aad810
03-22 22:22:47.487 9457 9457 D HookManager: hook error: top.niunaijun.blackbox.fake.service.IPersistentDataBlockServiceProxy@2aad810
03-22 22:22:47.487 9457 9457 D HookManager: hook: top.niunaijun.blackbox.fake.service.IShortcutManagerProxy@4aab2f
03-22 22:22:47.489 9457 9457 D HookManager: hook: top.niunaijun.blackbox.fake.service.IStorageStatsManagerProxy@d299928
03-22 22:22:47.490 9457 9457 D HookManager: hook: top.niunaijun.blackbox.fake.delegate.AppInstrumentation@dcf557d
03-22 22:22:47.490 9457 9457 D HookManager: hook: top.niunaijun.blackbox.fake.service.IStorageManagerProxy@901ac72
03-22 22:22:47.491 9457 9457 D HookManager: hook: top.niunaijun.blackbox.fake.service.ITelephonyManagerProxy@542be1f
03-22 22:22:47.505 9457 9457 D HookManager: hook: top.niunaijun.blackbox.fake.service.IActivityManagerProxy@a899c58
03-22 22:22:47.509 9457 9457 D HookManager: hook: top.niunaijun.blackbox.fake.service.IAppWidgetManagerProxy@9ba1622
03-22 22:22:47.511 9457 9457 D HookManager: hook: top.niunaijun.blackbox.fake.service.context.RestrictionsManagerStub@69d6d0f
03-22 22:22:47.513 9457 9457 D HookManager: hook: top.niunaijun.blackbox.fake.service.IActivityTaskManagerProxy@348cb88
03-22 22:22:47.516 9457 9457 D HookManager: hook: top.niunaijun.blackbox.fake.service.INotificationManagerProxy@f3383a0
03-22 22:22:47.518 9457 9457 D HookManager: hook: top.niunaijun.blackbox.fake.service.IDeviceIdentifiersPolicyProxy@39b7ff
03-22 22:22:47.519 9457 9457 D HookManager: hook: top.niunaijun.blackbox.fake.service.IDevicePolicyManagerProxy@38a26b8
03-22 22:22:47.532 9457 9457 D HookManager: hook: top.niunaijun.blackbox.fake.service.IAccessibilityManagerProxy@23190cd --------- beginning of system
03-22 22:22:47.610 9457 9457 D ActivityThread: Loading provider com.dual.space.parallel.apps.multiaccounts.appscloner.blackbox.SystemCallProvider: top.niunaijun.blackbox.core.system.SystemCallProvider
03-22 22:22:47.665 9340 9340 W unts.appscloner: type=1400 audit(0.0:217423): avc: denied { read } for name="u:object_r:vendor_displayfeature_prop:s0" dev="tmpfs" ino=15576 scontext=u:r:untrusted_app:s0:c189,c256,c512,c768 tcontext=u:object_r:vendor_displayfeature_prop:s0 tclass=file permissive=0 app=com.dual.space.parallel.apps.multiaccounts.appscloner
03-22 22:22:47.610 9457 9457 D SystemCallProvider: call: VM, Bundle[{_B_| _server_name_=package_manager}]
03-22 22:22:47.610 9457 9457 D BlackBoxCore: getService: package_manager, top.niunaijun.blackbox.core.system.pm.BPackageManagerService@630ade8
03-22 22:22:47.617 9457 9475 D SystemCallProvider: call: VM, Bundle[mParcelledData.dataSize=88]
03-22 22:22:47.618 9340 9340 D BlackBoxCore: getService: activity_manager, android.os.BinderProxy@e3c4997
03-22 22:22:47.619 9457 9474 D SystemCallProvider: call: VM, Bundle[mParcelledData.dataSize=76]
03-22 22:22:47.619 9340 9340 D BlackBoxCore: getService: job_manager, android.os.BinderProxy@fe18784
03-22 22:22:47.622 9457 9457 D CompatibilityChangeReporter: Compat change id reported: 183155436; UID 10189; state: ENABLED
03-22 22:22:47.623 9457 9475 D SystemCallProvider: call: VM, Bundle[mParcelledData.dataSize=84]
03-22 22:22:47.623 9457 9457 I FirebaseApp: Device unlocked: initializing all Firebase APIs for app [DEFAULT]
03-22 22:22:47.624 9340 9340 D BlackBoxCore: getService: package_manager, android.os.BinderProxy@e691b6d
03-22 22:22:47.624 9457 9475 D SystemCallProvider: call: VM, Bundle[mParcelledData.dataSize=84]
03-22 22:22:47.624 9340 9340 D BlackBoxCore: getService: storage_manager, android.os.BinderProxy@c6a13a2
03-22 22:22:47.625 9457 9475 D SystemCallProvider: call: VM, Bundle[mParcelledData.dataSize=80]
03-22 22:22:47.625 9340 9340 D BlackBoxCore: getService: user_manager, android.os.BinderProxy@c71e833
03-22 22:22:47.625 9457 9474 D SystemCallProvider: call: VM, Bundle[mParcelledData.dataSize=84]
03-22 22:22:47.625 9340 9340 D BlackBoxCore: getService: xposed_manager, android.os.BinderProxy@bb197f0
03-22 22:22:47.625 9457 9475 D SystemCallProvider: call: VM, Bundle[mParcelledData.dataSize=84]
03-22 22:22:47.625 9340 9340 D BlackBoxCore: getService: account_manager, android.os.BinderProxy@a890169
03-22 22:22:47.626 9457 9475 D SystemCallProvider: call: VM, Bundle[mParcelledData.dataSize=88]
03-22 22:22:47.626 9340 9340 D BlackBoxCore: getService: location_manager, android.os.BinderProxy@af9c7ee
03-22 22:22:47.626 9457 9474 D SystemCallProvider: call: VM, Bundle[mParcelledData.dataSize=96]
03-22 22:22:47.626 9340 9340 D BlackBoxCore: getService: notification_manager, android.os.BinderProxy@758d48f
03-22 22:22:47.626 9457 9457 I FirebaseCrashlytics: Initializing Firebase Crashlytics 18.2.12 for com.dual.space.parallel.apps.multiaccounts.appscloner
03-22 22:22:47.633 9340 9340 W Looper : PerfMonitor longMsg : seq=2 plan=22:22:46.431 late=18ms wall=1183ms h=android.app.ActivityThread$H w=110 procState=-1
03-22 22:22:47.637 9340 9340 D MiuiMultiWindowAdapter: MiuiMultiWindowAdapter::getFreeformVideoWhiteListInSystem::LIST_ABOUT_SUPPORT_LANDS CAPE_VIDEO = [com.hunantv.imgo.activity, com.tencent.qqlive, com.qiyi.video, com.hunantv.imgo.activity.inter, com.tencent.qqlivei18n, com.iqiyi.i18n, tv.danmaku.bili]
03-22 22:22:47.668 9340 9340 W libc : Access denied finding property "ro.vendor.df.effect.conflict"
03-22 22:22:47.682 9340 9340 D CompatibilityChangeReporter: Compat change id reported: 210923482; UID 10189; state: ENABLED
03-22 22:22:47.693 9457 9510 W ppscloner:black: ClassLoaderContext classpath size mismatch. expected=1, found=0 (DLC[];PCL[base.apk*2503073469]{PCL[/system/framework/org.apache.http.legacy.jar*14 14085461]#PCL[/system/framework/ com.android.media.remotedisplay.jar*3886290638]#PCL[/system/framework/ com.android.location.provider.jar*3868789109]#PCL[/system/framework/ org.apache.http.legacy.jar*1414085461]} | DLC[];PCL[])
03-22 22:22:47.696 9457 9510 I DynamiteModule: Considering local module com.google.android.gms.measurement.dynamite:86 and remote module com.google.android.gms.measurement.dynamite:140
03-22 22:22:47.697 9457 9510 I DynamiteModule: Selected remote version of com.google.android.gms.measurement.dynamite, version >= 140
03-22 22:22:47.697 9457 9510 V DynamiteModule: Dynamite loader version >= 2, using loadModule2NoCrashUtils
03-22 22:22:47.711 9340 9340 D IS_CTS_MODE: false
03-22 22:22:47.711 9340 9340 D MULTI_WINDOW_ENABLED: false
03-22 22:22:47.717 9457 9510 W System : ClassLoader referenced unknown path:
03-22 22:22:47.717 9457 9510 D nativeloader: Configuring clns-5 for other apk . target_sdk_version=34, uses_libraries=, library_path=/data/app/~~aVLW9m0UAZttHTNDlt3iOA==/com.google.android.gms- cYHwXdVDZNssfpkp2l2-sQ==/lib/arm64:/data/app/~~aVLW9m0UAZttHTNDlt3iOA==/ com.google.android.gms-cYHwXdVDZNssfpkp2l2-sQ==/base.apk!/lib/arm64-v8a, permitted_path=/data:/mnt/expand:/data/user/0/com.google.android.gms
03-22 22:22:47.724 9340 9340 D DecorView[]: getWindowModeFromSystem windowmode is 1
03-22 22:22:47.729 9457 9510 W ppscloner:black: ClassLoaderContext classpath element checksum mismatch. expected=2503073469, found=2606757807 (DLC[];PCL[base.apk*2503073469]{PCL[/system/framework/org.apache.http.legacy.jar*14 14085461]#PCL[/system/framework/ com.android.media.remotedisplay.jar*3886290638]#PCL[/system/framework/ com.android.location.provider.jar*3868789109]#PCL[/system/framework/ org.apache.http.legacy.jar*1414085461]} | DLC[];PCL[/data/app/~~7cZ66tGBquMN_EvBOl5LpA==/com.dual.space.parallel.apps.multiac counts.appscloner-qhmJ0OttzNZUBMJCMRvSsg==/base.apk*2606757807])
03-22 22:22:47.730 9340 9340 D TAG_1 : setup_billing_client: nullnull
03-22 22:22:47.747 9340 9340 I PlayCore: UID: [10189] PID: [9340] AppUpdateService : requestUpdateInfo(com.dual.space.parallel.apps.multiaccounts.appscloner)
03-22 22:22:47.747 9340 9540 I PlayCore: UID: [10189] PID: [9340] AppUpdateService : Initiate binding to the service.
03-22 22:22:47.805 9340 9545 I UserMessagingPlatform: Use new ConsentDebugSettings.Builder().addTestDeviceHashedId("2361F722360E5083C920247A23AFB 535") to set this as a debug device.
03-22 22:22:47.806 9340 9545 D UserMessagingPlatform: Stored info not exists: IABTCF_TCString
03-22 22:22:47.806 9340 9545 D UserMessagingPlatform: Stored info not exists: IABGPP_HDR_GppString
03-22 22:22:47.806 9340 9545 D UserMessagingPlatform: Stored info not exists: IABGPP_GppSID
03-22 22:22:47.806 9340 9545 D UserMessagingPlatform: Stored info not exists: IABUSPrivacy_String
03-22 22:22:47.839 9340 9545 I WebViewFactory: Loading com.google.android.webview version 134.0.6998.39 (code 699803933)
03-22 22:22:47.853 9340 9545 W ziparchive: Unable to open '/data/app/~~BLv90AjtmJlkKj05N3CXUQ==/com.google.android.trichromelibrary_699803933 -IY92ywvqrqKd8cvLnOeTPQ==/base.dm': No such file or directory
03-22 22:22:47.853 9340 9545 W ziparchive: Unable to open '/data/app/~~BLv90AjtmJlkKj05N3CXUQ==/com.google.android.trichromelibrary_699803933 -IY92ywvqrqKd8cvLnOeTPQ==/base.dm': No such file or directory
03-22 22:22:47.854 9340 9545 W unts.appscloner: Entry not found
03-22 22:22:47.855 9340 9545 D nativeloader: Configuring clns-10 for other apk /data/app/~~BLv90AjtmJlkKj05N3CXUQ==/com.google.android.trichromelibrary_699803933- IY92ywvqrqKd8cvLnOeTPQ==/base.apk. target_sdk_version=35, uses_libraries=ALL, library_path=/data/app/~~VYRrcgT6Xf3SPttYzNqjLw==/com.google.android.webview- eqnTFC2CshHSZS_c2ejW-A==/lib/arm64:/data/app/~~VYRrcgT6Xf3SPttYzNqjLw==/ com.google.android.webview-eqnTFC2CshHSZS_c2ejW-A==/base.apk!/lib/arm64-v8a:/data/ app/~~BLv90AjtmJlkKj05N3CXUQ==/com.google.android.trichromelibrary_699803933- IY92ywvqrqKd8cvLnOeTPQ==/base.apk!/lib/arm64-v8a, permitted_path=/data:/mnt/expand
03-22 22:22:47.855 9340 9545 D nativeloader: Extending system_exposed_libraries: libmisys_jni.xiaomi.so:libbinauralrenderer_wrapper.qti.so:libhoaeffects.qti.so:libQ OC.qti.so:libupdateprof.qti.so:libthermalclient.qti.so:libQOC.qti.so:libdiag_system .qti.so:libqape.qti.so:liblistenjni.qti.so
03-22 22:22:47.858 9340 9340 W Looper : PerfMonitor looperActivity : package=com.dual.space.parallel.apps.multiaccounts.appscloner/com.dual.space.view.m ain.SplashActivity time=225ms latency=1192ms procState=-1 historyMsgCount=2 (msgIndex=2 wall=1183ms seq=2 late=18ms h=android.app.ActivityThread$H w=110)
03-22 22:22:47.858 9340 9340 W Looper : PerfMonitor looperActivity : package=com.dual.space.parallel.apps.multiaccounts.appscloner/com.dual.space.view.m ain.SplashActivity time=0ms latency=1410ms procState=-1 historyMsgCount=3 (msgIndex=2 wall=1183ms seq=2 late=18ms h=android.app.ActivityThread$H w=110) (msgIndex=3 wall=225ms seq=3 late=1192ms h=android.app.ActivityThread$H w=159)
03-22 22:22:47.865 9340 9340 D LicenseClient: Connected to the licensing service.
03-22 22:22:47.868 9340 9340 I PlayCore: UID: [10189] PID: [9340] AppUpdateService : ServiceConnectionImpl.onServiceConnected(ComponentInfo{com.android.vending/ com.google.android.finsky.installservice.DevTriggeredUpdateService})
03-22 22:22:47.869 9340 9540 I PlayCore: UID: [10189] PID: [9340] AppUpdateService : linkToDeath
03-22 22:22:47.870 9340 9560 D LicenseClient: Sending request to licensing service...
03-22 22:22:47.872 9340 9340 D FramePredict: FramePredict init: false
03-22 22:22:47.888 9340 9406 D CompatibilityChangeReporter: Compat change id reported: 194532703; UID 10189; state: ENABLED
03-22 22:22:47.893 9340 9545 D nativeloader: Configuring clns-11 for other apk /data/app/~~VYRrcgT6Xf3SPttYzNqjLw==/com.google.android.webview- eqnTFC2CshHSZS_c2ejW-A==/base.apk. target_sdk_version=35, uses_libraries=, library_path=/data/app/~~VYRrcgT6Xf3SPttYzNqjLw==/com.google.android.webview- eqnTFC2CshHSZS_c2ejW-A==/lib/arm64:/data/app/~~VYRrcgT6Xf3SPttYzNqjLw==/ com.google.android.webview-eqnTFC2CshHSZS_c2ejW-A==/base.apk!/lib/arm64-v8a:/data/ app/~~BLv90AjtmJlkKj05N3CXUQ==/com.google.android.trichromelibrary_699803933- IY92ywvqrqKd8cvLnOeTPQ==/base.apk!/lib/arm64-v8a, permitted_path=/data:/mnt/expand
03-22 22:22:47.954 9340 9560 D LicenseClient: Request to licensing service sent.
03-22 22:22:47.956 9340 9357 I LicenseClient: License check succeeded.
03-22 22:22:47.964 9340 9502 I AdrenoGLES-0: QUALCOMM build : 43fc279f3a, I58833f8ed4
03-22 22:22:47.964 9340 9502 I AdrenoGLES-0: Build Date : 03/24/23
03-22 22:22:47.964 9340 9502 I AdrenoGLES-0: OpenGL ES Shader Compiler Version: EV031.32.02.17
03-22 22:22:47.964 9340 9502 I AdrenoGLES-0: Local Branch :
03-22 22:22:47.964 9340 9502 I AdrenoGLES-0: Remote Branch :
03-22 22:22:47.964 9340 9502 I AdrenoGLES-0: Remote Branch :
03-22 22:22:47.964 9340 9502 I AdrenoGLES-0: Reconstruct Branch :
03-22 22:22:47.964 9340 9502 I AdrenoGLES-0: Build Config : S P 10.0.7 AArch64
03-22 22:22:47.964 9340 9502 I AdrenoGLES-0: Driver Path : /vendor/lib64/egl/libGLESv2_adreno.so
03-22 22:22:47.966 9340 9340 D VRI[SplashActivity]: vri.reportNextDraw android.view.ViewRootImpl.performTraversals:3878 android.view.ViewRootImpl.doTraversal:2610 android.view.ViewRootImpl$TraversalRunnable.run:9619 android.view.Choreographer$CallbackRecord.run:1491 android.view.Choreographer$CallbackRecord.run:1499
03-22 22:22:47.966 9340 9340 D VRI[SplashActivity]: vri.Setup new sync id=0 syncSeqId=0
03-22 22:22:47.986 9340 9545 I cr_WVCFactoryProvider: version=134.0.6998.39 (699803933) minSdkVersion=29 isBundle=true multiprocess=true packageId=2
03-22 22:22:47.999 9340 9502 I AdrenoGLES-0: PFP: 0x016ee197, ME: 0x00000000
03-22 22:22:48.002 9457 9553 E ppscloner:black: No package ID 76 found for ID 0x760b000f.
03-22 22:22:48.004 9457 9553 E ppscloner:black: No package ID 76 found for ID 0x760b000f.
03-22 22:22:48.007 9457 9553 I FA : App measurement initialized, version: 118010
03-22 22:22:48.007 9457 9553 I FA : To enable debug logging run: adb shell setprop log.tag.FA VERBOSE
03-22 22:22:48.007 9457 9553 I FA : To enable faster debug mode event logging run:
03-22 22:22:48.007 9457 9553 I FA : adb shell setprop debug.firebase.analytics.app com.dual.space.parallel.apps.multiaccounts.appscloner
03-22 22:22:48.008 9340 9545 D nativeloader: Load /data/app/~~BLv90AjtmJlkKj05N3CXUQ==/com.google.android.trichromelibrary_699803933- IY92ywvqrqKd8cvLnOeTPQ==/base.apk!/lib/arm64-v8a/libmonochrome_64.so using ns clns- 11 from class loader (caller=/data/app/~~VYRrcgT6Xf3SPttYzNqjLw==/com.google.android.webview- eqnTFC2CshHSZS_c2ejW-A==/base.apk): ok
03-22 22:22:48.050 9340 9353 I PlayCore: UID: [10189] PID: [9340] OnRequestInstallCallback : onRequestInfo
03-22 22:22:48.050 9340 9540 I PlayCore: UID: [10189] PID: [9340] AppUpdateService : Unbind from service.
03-22 22:22:48.062 9340 9545 D nativeloader: Load /system/lib64/libwebviewchromium_plat_support.so using ns clns-11 from class loader (caller=/data/app/~~VYRrcgT6Xf3SPttYzNqjLw==/com.google.android.webview- eqnTFC2CshHSZS_c2ejW-A==/base.apk): ok
03-22 22:22:48.103 9340 9502 W libc : Access denied finding property "vendor.migl.debug"
03-22 22:22:48.111 9340 9502 E libEGL : pre_cache appList: ,,,
03-22 22:22:48.111 9340 9586 I chromium: [0322/222248.111468:INFO:variations_seed_loader.cc(67)] Failed to open file for reading.: No such file or directory (2)
03-22 22:22:48.112 9340 9586 I chromium: [0322/222248.112238:INFO:variations_seed_loader.cc(67)] Failed to open file for reading.: No such file or directory (2)
03-22 22:22:48.135 9340 9502 D unts.appscloner: MiuiProcessManagerServiceStub setSchedFifo
03-22 22:22:48.135 9340 9502 I MiuiProcessManagerImpl: setSchedFifo pid:9340, mode:3
03-22 22:22:48.208 9340 9502 E libEGL : pre_cache appList: ,,,
03-22 22:22:48.432 9340 9502 E LB : fail to open node: No such file or directory
03-22 22:22:48.441 9340 9502 E perf_hint: Session creation failed, mPreferredRateNanos: -1
03-22 22:22:48.442 9340 9340 W Looper : PerfMonitor doFrame : time=570ms vsyncFrame=0 latency=16ms procState=-1 historyMsgCount=21 (msgIndex=1 wall=225ms seq=3 late=1192ms h=android.app.ActivityThread$H w=159)
03-22 22:22:48.443 9340 9340 D VRI[SplashActivity]: vri.reportDrawFinished syncSeqId=0 android.view.ViewRootImpl.lambda$createSyncIfNeeded$4$android-view- ViewRootImpl:3946 android.view.ViewRootImpl$$ExternalSyntheticLambda1.run:6 android.os.Handler.handleCallback:942 android.os.Handler.dispatchMessage:99 android.os.Looper.loopOnce:211
03-22 22:22:48.451 9340 9340 I Choreographer: Skipped 33 frames! The application may be doing too much work on its main thread.
03-22 22:22:48.453 9340 9340 W Looper : PerfMonitor doFrame : time=2ms vsyncFrame=0 latency=562ms procState=-1 historyMsgCount=7 (msgIndex=1 wall=570ms seq=24 late=16ms h=android.view.Choreographer$FrameHandler c=android.view.Choreographer$FrameDisplayEventReceiver)
03-22 22:22:48.455 9340 9340 D ContentValues: No Update available
03-22 22:22:48.456 9340 9340 D app_purchased: not_purchase_app_MyApplication
03-22 22:22:48.472 9340 9340 I cr_LibraryLoader: Successfully loaded native library
03-22 22:22:48.473 9340 9340 I cr_CachingUmaRecorder: Flushed 6 samples from 6 histograms, 0 samples were dropped.
03-22 22:22:48.478 9340 9340 I cr_CombinedPProvider: #registerProvider() provider:WV.I8@2fd55a8 isPolicyCacheEnabled:false policyProvidersSize:0
03-22 22:22:48.480 9340 9340 I cr_PolicyProvider: #setManagerAndSource() 0
03-22 22:22:48.497 9340 9502 W RenderInspector: DequeueBuffer time out on com.dual.space.parallel.apps.multiaccounts.appscloner/com.dual.space.view.main.Spla shActivity, count=1, avg=33 ms, max=33 ms.
03-22 22:22:48.543 9340 9340 I cr_CombinedPProvider: #linkNativeInternal() 1
03-22 22:22:48.544 9340 9340 I cr_AppResProvider: #getApplicationRestrictionsFromUserManager() Bundle[EMPTY_PARCEL]
03-22 22:22:48.545 9340 9340 I cr_PolicyProvider: #notifySettingsAvailable() 0
03-22 22:22:48.545 9340 9340 I cr_CombinedPProvider: #onSettingsAvailable() 0
03-22 22:22:48.545 9340 9340 I cr_CombinedPProvider: #flushPolicies()
03-22 22:22:48.727 9340 9579 W BpBinder: PerfMonitor binderTransact : time=696ms interface=com.android.vending.billing.IInAppBillingService code=901
03-22 22:22:48.728 9340 9579 D productList: ife_time_in_app_purchase_dual_space
03-22 22:22:48.749 9340 9577 W BpBinder: PerfMonitor binderTransact : time=720ms interface=com.android.vending.billing.IInAppBillingService code=901
03-22 22:22:48.750 9340 9577 D productList: one_month_subscription_dual_space
03-22 22:22:48.750 9340 9577 D productList: one_week_subscription_dual_space
03-22 22:22:48.750 9340 9577 D productList: one_year_subscription_dual_space
03-22 22:22:48.750 9340 9577 D productList: six_months_subscription_dual_space
03-22 22:22:48.750 9340 9577 D productList: three_months_subscription_dual_space
03-22 22:22:48.788 9340 9340 D CompatibilityChangeReporter: Compat change id reported: 214741472; UID 10189; state: ENABLED
03-22 22:22:48.837 9340 9695 I CameraManagerGlobal: Connecting to camera service
03-22 22:22:48.844 9340 9695 D CameraExtStub: init android.hardware.camera2.impl.CameraExtImplXiaoMi
03-22 22:22:48.845 9340 9695 D CameraInjector: waitForResult:
03-22 22:22:48.847 9340 9707 D CameraInjector: updateCloudCameraControllerInfoAsync: E
03-22 22:22:48.872 9340 9340 D DecorView[]: onWindowFocusChanged hasWindowFocus true
03-22 22:22:48.872 9340 9340 I HandWritingStubImpl: refreshLastKeyboardType: 1
03-22 22:22:48.872 9340 9340 I HandWritingStubImpl: getCurrentKeyboardType: 1
03-22 22:22:49.095 9340 9545 D UserMessagingPlatform: Action[write]: {"IABTCF_CmpSdkID":300,"IABTCF_gdprApplies":0}
03-22 22:22:49.096 9340 9545 D UserMessagingPlatform: Writing to storage: [IABTCF_CmpSdkID] 300
03-22 22:22:49.096 9340 9545 D UserMessagingPlatform: Writing to storage: [IABTCF_gdprApplies] 0
03-22 22:22:49.099 9340 9340 I HandWritingStubImpl: getCurrentKeyboardType: 1
03-22 22:22:49.145 9340 9340 I DynamiteModule: Considering local module com.google.android.gms.ads.dynamite:0 and remote module com.google.android.gms.ads.dynamite:250505301
03-22 22:22:49.146 9340 9340 I DynamiteModule: Selected remote version of com.google.android.gms.ads.dynamite, version >= 250505301
03-22 22:22:49.149 9340 9340 D DynamitePackage: Instantiated singleton DynamitePackage.
03-22 22:22:49.149 9340 9340 D DynamitePackage: Instantiating com.google.android.gms.ads.ChimeraMobileAdsSettingManagerCreatorImpl
03-22 22:22:49.155 9457 9700 W BpBinder: PerfMonitor binderTransact : time=213ms interface=android.app.IActivityManager code=30
03-22 22:22:49.196 9340 9695 I CameraInjector: waitForResult: time out waiting for sUpdateCloudCameraInfoLatch isInCloudCameraAuxPackageList
03-22 22:22:49.196 9340 9634 W BpBinder: PerfMonitor binderTransact : time=276ms interface=com.google.android.gms.safetynet.internal.ISafetyNetService code=14
03-22 22:22:49.196 9340 9695 W libc : Access denied finding property "vendor.camera.aux.packagelist"
03-22 22:22:49.196 9340 9695 W libc : Access denied finding property "vendor.camera.aux.packagelistext"
03-22 22:22:49.197 9340 9695 W CameraManagerGlobal: [soar.cts] ignore the status update of camera: 2
03-22 22:22:49.197 9340 9695 D CameraInjector: updateCloudCameraControllerInfoAsync: has aleardy start update task.
03-22 22:22:49.197 9340 9695 D CameraInjector: waitForResult:
03-22 22:22:49.209 9457 9553 W BpBinder: PerfMonitor binderTransact : time=519ms interface=com.google.android.gms.measurement.internal.IMeasurementService code=11
03-22 22:22:49.350 9340 9644 W BpBinder: PerfMonitor binderTransact : time=420ms interface=android.app.IActivityManager code=32
03-22 22:22:49.437 9340 9634 W BpBinder: PerfMonitor binderTransact : time=201ms interface=com.google.android.gms.safebrowsing.internal.ISafeBrowsingService code=3
03-22 22:22:49.442 9340 9628 W cr_ChildProcessConn: onServiceDisconnected (crash or killed by oom): pid=0 bindings:WV
03-22 22:22:49.541 9340 9442 W BpBinder: PerfMonitor binderTransact : time=686ms interface=com.google.android.gms.measurement.internal.IMeasurementService code=11
03-22 22:22:49.547 9340 9695 I CameraInjector: waitForResult: time out waiting for sUpdateCloudCameraInfoLatch isInCloudCameraAuxPackageList
03-22 22:22:49.548 9340 9695 W libc : Access denied finding property "vendor.camera.aux.packagelist"
03-22 22:22:49.548 9340 9695 W libc : Access denied finding property "vendor.camera.aux.packagelistext"
03-22 22:22:49.548 9340 9695 W CameraManagerGlobal: [soar.cts] ignore the status update of camera: 3
03-22 22:22:49.548 9340 9695 D CameraInjector: updateCloudCameraControllerInfoAsync: has aleardy start update task.
03-22 22:22:49.548 9340 9695 D CameraInjector: waitForResult:
03-22 22:22:49.667 9340 9340 D CompatibilityChangeReporter: Compat change id reported: 171228096; UID 10189; state: ENABLED
03-22 22:22:49.827 9340 9442 W BpBinder: PerfMonitor binderTransact : time=242ms interface=com.google.android.gms.measurement.internal.IMeasurementService code=14
03-22 22:22:49.899 9340 9695 I CameraInjector: waitForResult: time out waiting for sUpdateCloudCameraInfoLatch isInCloudCameraAuxPackageList
03-22 22:22:49.899 9340 9695 W libc : Access denied finding property "vendor.camera.aux.packagelist"
03-22 22:22:49.900 9340 9695 W libc : Access denied finding property "vendor.camera.aux.packagelistext"
03-22 22:22:49.900 9340 9695 W CameraManagerGlobal: [soar.cts] ignore the status update of camera: 4
03-22 22:22:49.900 9340 9695 D CameraInjector: updateCloudCameraControllerInfoAsync: has aleardy start update task.
03-22 22:22:49.900 9340 9695 D CameraInjector: waitForResult:
03-22 22:22:49.901 9340 9502 W RenderInspector: QueueBuffer time out on com.dual.space.parallel.apps.multiaccounts.appscloner/com.dual.space.view.main.Spla shActivity, count=1, avg=17 ms, max=17 ms.
03-22 22:22:49.991 9340 9340 D HRRR : here
03-22 22:22:49.993 9340 9340 I Choreographer: Skipped 53 frames! The application may be doing too much work on its main thread.
03-22 22:22:49.997 9340 9340 W Looper : PerfMonitor doFrame : time=4ms vsyncFrame=0 latency=887ms procState=-1 historyMsgCount=1 (msgIndex=1 wall=889ms seq=71 late=4ms h=android.os.Handler c=com.google.android.gms.internal.consent_sdk.zzt)
03-22 22:22:50.118 9340 9541 W System : Ignoring header If-None-Match because its value was null.
03-22 22:22:50.129 9457 9457 E FirebaseMessaging: Invalid service connection: android.os.BinderProxy@f4659bc
03-22 22:22:50.131 9340 9340 W Looper : PerfMonitor looperActivity : package=com.dual.space.parallel.apps.multiaccounts.appscloner/com.dual.space.view.m ain.SplashActivity time=2ms latency=903ms procState=-1 historyMsgCount=12 (msgIndex=1 wall=889ms seq=71 late=4ms h=android.os.Handler c=com.google.android.gms.internal.consent_sdk.zzt) (msgIndex=3 wall=97ms seq=73 late=894ms h=android.app.ActivityThread$H c=android.app.LoadedApk$ServiceDispatcher$RunConnection)
03-22 22:22:50.138 9340 9340 W Looper : PerfMonitor looperActivity : package=com.dual.space.parallel.apps.multiaccounts.appscloner/com.dual.space.view.m ain.SplashActivity time=7ms latency=896ms procState=-1 historyMsgCount=14 (msgIndex=1 wall=889ms seq=71 late=4ms h=android.os.Handler c=com.google.android.gms.internal.consent_sdk.zzt) (msgIndex=3 wall=97ms seq=73 late=894ms h=android.app.ActivityThread$H c=android.app.LoadedApk$ServiceDispatcher$RunConnection)
03-22 22:22:50.151 9340 9663 W cr_media: BLUETOOTH_CONNECT permission is missing.
03-22 22:22:50.152 9340 9663 W cr_media: getBluetoothAdapter() requires BLUETOOTH permission
03-22 22:22:50.152 9340 9663 W cr_media: registerBluetoothIntentsIfNeeded: Requires BLUETOOTH permission
03-22 22:22:50.188 9340 9409 W System : Ignoring header If-None-Match because its value was null.
03-22 22:22:50.230 9340 9340 D DecorView[]: onWindowFocusChanged hasWindowFocus false
03-22 22:22:50.250 9340 9695 I CameraInjector: waitForResult: time out waiting for sUpdateCloudCameraInfoLatch isInCloudCameraAuxPackageList
03-22 22:22:50.251 9340 9695 W libc : Access denied finding property "vendor.camera.aux.packagelist"
03-22 22:22:50.251 9340 9695 W libc : Access denied finding property "vendor.camera.aux.packagelistext"
03-22 22:22:50.251 9340 9695 W CameraManagerGlobal: [soar.cts] ignore the status update of camera: 5
03-22 22:22:50.263 9340 9682 W unts.appscloner: Long monitor contention with owner ThreadPoolSingl (9695) at void android.hardware.camera2.CameraManager$CameraManagerGlobal.registerAvailabilityCall back(android.hardware.camera2.CameraManager$AvailabilityCallback, java.util.concurrent.Executor, boolean)(CameraManager.java:2509) waiters=0 in void android.hardware.camera2.CameraManager$CameraManagerGlobal.onTorchStatusChanged(int , java.lang.String) for 1.406s
03-22 22:22:50.264 9340 9682 D CameraInjector: updateCloudCameraControllerInfoAsync: has aleardy start update task.
03-22 22:22:50.264 9340 9682 D CameraInjector: waitForResult:
03-22 22:22:50.281 9340 9340 D VRI[SplashActivity]: vri.reportNextDraw android.view.ViewRootImpl.performTraversals:3878 android.view.ViewRootImpl.doTraversal:2610 android.view.ViewRootImpl$TraversalRunnable.run:9619 android.view.Choreographer$CallbackRecord.run:1491 android.view.Choreographer$CallbackRecord.run:1499
03-22 22:22:50.281 9340 9340 D VRI[SplashActivity]: vri.Setup new sync id=1 syncSeqId=0
03-22 22:22:50.294 9340 9911 I System.out: FirebaseMessagingService token --> cZaWqiASQn2nZb8JOCOmm0:APA91bEoDjowza5eHFf73MXmWTS8z6H6jodDSjHS3M- C4sh8n90yiljEkhn8did02vzBd5XpTE2wKc9yW68f22oSt6cIf9R1FBSluadOTPCmXflGvJCaJG8
03-22 22:22:50.300 9340 9879 D vulkan : searching for layers in '/data/app/~~7cZ66tGBquMN_EvBOl5LpA==/com.dual.space.parallel.apps.multiaccounts.ap pscloner-qhmJ0OttzNZUBMJCMRvSsg==/lib/arm64'
03-22 22:22:50.300 9340 9340 D VRI[SplashActivity]: vri.reportDrawFinished syncSeqId=0 android.view.ViewRootImpl.lambda$createSyncIfNeeded$4$android-view- ViewRootImpl:3946 android.view.ViewRootImpl$$ExternalSyntheticLambda1.run:6 android.os.Handler.handleCallback:942 android.os.Handler.dispatchMessage:99 android.os.Looper.loopOnce:211
03-22 22:22:50.327 9340 9879 D vulkan : searching for layers in '/data/app/~~7cZ66tGBquMN_EvBOl5LpA==/com.dual.space.parallel.apps.multiaccounts.ap pscloner-qhmJ0OttzNZUBMJCMRvSsg==/base.apk!/lib/arm64-v8a'
03-22 22:22:50.329 9340 9879 D vulkan : searching for layers in '/data/app/~~7cZ66tGBquMN_EvBOl5LpA==/com.dual.space.parallel.apps.multiaccounts.ap pscloner-qhmJ0OttzNZUBMJCMRvSsg==/split_config.arm64_v8a.apk!/lib/arm64-v8a'
03-22 22:22:50.329 9340 9879 D vulkan : searching for layers in '/data/app/~~7cZ66tGBquMN_EvBOl5LpA==/com.dual.space.parallel.apps.multiaccounts.ap pscloner-qhmJ0OttzNZUBMJCMRvSsg==/split_config.xhdpi.apk!/lib/arm64-v8a'
03-22 22:22:50.360 9340 9879 I AdrenoVK-0: ===== BEGIN DUMP OF OVERRIDDEN SETTINGS =====
03-22 22:22:50.360 9340 9879 I AdrenoVK-0: ===== END DUMP OF OVERRIDDEN SETTINGS =====
03-22 22:22:50.360 9340 9879 I AdrenoVK-0: QUALCOMM build : 43fc279f3a, I58833f8ed4
03-22 22:22:50.360 9340 9879 I AdrenoVK-0: Build Date : 03/24/23
03-22 22:22:50.360 9340 9879 I AdrenoVK-0: Shader Compiler Version : EV031.32.02.17
03-22 22:22:50.360 9340 9879 I AdrenoVK-0: Local Branch :
03-22 22:22:50.360 9340 9879 I AdrenoVK-0: Remote Branch :
03-22 22:22:50.360 9340 9879 I AdrenoVK-0: Remote Branch :
03-22 22:22:50.360 9340 9879 I AdrenoVK-0: Reconstruct Branch :
03-22 22:22:50.360 9340 9879 I AdrenoVK-0: Build Config : S P 10.0.7 AArch64
03-22 22:22:50.360 9340 9879 I AdrenoVK-0: Driver Path : /vendor/lib64/hw/vulkan.adreno.so
03-22 22:22:50.448 9340 9879 W chromium: [WARNING:viz_main_impl.cc(85)] VizNullHypothesis is disabled (not a warning)
03-22 22:22:50.623 9340 9682 I CameraInjector: waitForResult: time out waiting for sUpdateCloudCameraInfoLatch isInCloudCameraAuxPackageList
03-22 22:22:50.623 9340 9682 W libc : Access denied finding property "vendor.camera.aux.packagelist"
03-22 22:22:50.623 9340 9682 W libc : Access denied finding property "vendor.camera.aux.packagelistext"
03-22 22:22:50.624 9340 9682 W CameraManagerGlobal: ignore the torch status update of camera: 3
03-22 22:22:50.625 9340 9682 D CameraInjector: updateCloudCameraControllerInfoAsync: has aleardy start update task.
03-22 22:22:50.625 9340 9682 D CameraInjector: waitForResult:
03-22 22:22:50.814 9340 9502 W RenderInspector: QueueBuffer time out on com.dual.space.parallel.apps.multiaccounts.appscloner/com.dual.space.view.main.Spla shActivity, count=1, avg=53 ms, max=53 ms.
03-22 22:22:50.901 9340 9674 W VideoCapabilities: Unsupported mime image/vnd.android.heic
03-22 22:22:50.975 9340 9682 I CameraInjector: waitForResult: time out waiting for sUpdateCloudCameraInfoLatch isInCloudCameraAuxPackageList
03-22 22:22:50.976 9340 9682 W libc : Access denied finding property "vendor.camera.aux.packagelist"
03-22 22:22:50.976 9340 9682 W libc : Access denied finding property "vendor.camera.aux.packagelistext"
03-22 22:22:50.976 9340 9682 W CameraManagerGlobal: ignore the torch status update of camera: 4
03-22 22:22:51.087 9340 9442 W BpBinder: PerfMonitor binderTransact : time=353ms interface=com.google.android.gms.measurement.internal.IMeasurementService code=16
03-22 22:22:51.094 9340 9340 D BANNER_ID: ca-app-pub-2769622665687343/8564447387
03-22 22:22:51.094 9340 9340 D BANNERLOVE: e721210ddbf169ca
03-22 22:22:51.095 9340 9340 D Banner bottom: 0
03-22 22:22:51.096 9340 9340 D AllFirebaseValue: sixmonthdiscountText ID 50% OFF
03-22 22:22:51.096 9340 9340 D AllFirebaseValue: oneyeardiscountText ID 40% OFF
03-22 22:22:51.096 9340 9340 D AllFirebaseValue: lifetimediscountText ID 65% OFF
03-22 22:22:51.096 9340 9340 D AllFirebaseValue: unknown_install ID true
03-22 22:22:51.096 9340 9340 D Pro_dialog_control: target_inapp ID 1
03-22 22:22:51.096 9340 9340 D Pro_dialog_control: continue_btn_text ID Purchase Now
03-22 22:22:51.096 9340 9340 D Pro_dialog_control: pro_textview_text ID Hurry up, 50% OFF Today Only!
03-22 22:22:51.096 9340 9340 D jsonObjectControlInAppDiscount: AdmobNativeStyleOnOFF ID false
03-22 22:22:51.096 9340 9340 D jsonObjectControlInAppDiscount: isNormalNativeON_OFF ID true
03-22 22:22:51.096 9340 9340 D jsonObjectControlInAppDiscount: isNormalNative_2_ON_OFF ID false
03-22 22:22:51.097 9340 9340 D jsonObjectControlInAppDiscount: isNormalBannerON_OFF ID true
03-22 22:22:51.097 9340 9340 D jsonObjectControlInAppDiscount: isNormalInterstitialON_OFF ID true
03-22 22:22:51.097 9340 9340 D jsonObjectControlInAppDiscount: isShowingNativeApplovinON_OFF ID true
03-22 22:22:51.097 9340 9340 D jsonObjectControlInAppDiscount: isShowingBannerApplovinON_OFF ID true
03-22 22:22:51.097 9340 9340 D jsonObjectControlInAppDiscount: preLoadAdmobNativeOnOff ID true
