03-22 22:23:35.580 9340 9340 I Ads : Please set theme of AdActivity to @android:style/Theme.Translucent to enable transparent background interstitial ad.
03-22 22:23:35.586 9340 9756 W Ads : Not retrying to fetch app settings
03-22 22:23:36.447 9340 9340 D ContentValues: onAdFailedToLoad: No fill.
03-22 22:23:36.447 9340 9340 I Ads : Ad failed to load : 3
03-22 22:23:36.468 9340 9340 D DynamitePackage: Instantiating com.google.android.gms.ads.ChimeraAdManagerCreatorImpl
03-22 22:23:36.473 9340 9340 I Ads : Use RequestConfiguration.Builder().setTestDeviceIds(Arrays.asList("2361F722360E5083C920 247A23AFB535")) to get test ads on this device.
03-22 22:23:36.489 9340 9340 I Ads : Please set theme of AdActivity to @android:style/Theme.Translucent to enable transparent background interstitial ad.
03-22 22:23:36.492 9340 9799 I AudioManager: In isSpeakerphoneOn() calling application: com.dual.space.parallel.apps.multiaccounts.appscloner
03-22 22:23:36.496 9340 10131 W Ads : Not retrying to fetch app settings
03-22 22:23:37.199 9340 9340 D ContentValues: onAdFailedToLoad: No fill.
03-22 22:23:37.200 9340 9340 I Ads : Ad failed to load : 3
03-22 22:23:37.272 9340 9340 D DynamitePackage: Instantiating com.google.android.gms.ads.ChimeraAdManagerCreatorImpl
03-22 22:23:37.278 9340 9340 I Ads : Use RequestConfiguration.Builder().setTestDeviceIds(Arrays.asList("2361F722360E5083C920 247A23AFB535")) to get test ads on this device.
03-22 22:23:37.308 9340 9340 I Ads : Please set theme of AdActivity to @android:style/Theme.Translucent to enable transparent background interstitial ad.
03-22 22:23:37.313 9340 9749 I AudioManager: In isSpeakerphoneOn() calling application: com.dual.space.parallel.apps.multiaccounts.appscloner
03-22 22:23:38.113 9340 9340 D ContentValues: onAdFailedToLoad: Error building request URL: Too many recently failed requests for ad unit ID: ca-app-pub- 2769622665687343/3719314815. You must wait a few seconds before making another ad request.
03-22 22:23:38.114 9340 9340 I Ads : Ad failed to load : 1
03-22 22:23:38.177 9340 9340 D DynamitePackage: Instantiating com.google.android.gms.ads.ChimeraAdManagerCreatorImpl
03-22 22:23:38.182 9340 9340 I Ads : Use RequestConfiguration.Builder().setTestDeviceIds(Arrays.asList("2361F722360E5083C920 247A23AFB535")) to get test ads on this device.
03-22 22:23:38.202 9340 9340 I Ads : Please set theme of AdActivity to @android:style/Theme.Translucent to enable transparent background interstitial ad.
03-22 22:23:38.208 9340 10130 I AudioManager: In isSpeakerphoneOn() calling application: com.dual.space.parallel.apps.multiaccounts.appscloner
03-22 22:23:38.219 9340 10130 W Ads : Not retrying to fetch app settings
03-22 22:23:38.510 9340 9340 D MiuiMultiWindowAdapter: MiuiMultiWindowAdapter::getFreeformVideoWhiteListInSystem::LIST_ABOUT_SUPPORT_LANDS CAPE_VIDEO = [com.hunantv.imgo.activity, com.tencent.qqlive, com.qiyi.video, com.hunantv.imgo.activity.inter, com.tencent.qqlivei18n, com.iqiyi.i18n, tv.danmaku.bili]
03-22 22:23:38.533 9340 9340 D IS_CTS_MODE: false
03-22 22:23:38.533 9340 9340 D MULTI_WINDOW_ENABLED: false
03-22 22:23:38.534 9340 9340 D DecorView[]: getWindowModeFromSystem windowmode is 1
03-22 22:23:38.539 9340 9340 D TAG_1 : setup_billing_client: nullnull
03-22 22:23:38.584 9340 9340 D VRI[PasswordActivity]: vri.reportNextDraw android.view.ViewRootImpl.performTraversals:3878 android.view.ViewRootImpl.doTraversal:2610 android.view.ViewRootImpl$TraversalRunnable.run:9619 android.view.Choreographer$CallbackRecord.run:1491 android.view.Choreographer$CallbackRecord.run:1499
03-22 22:23:38.584 9340 9340 D VRI[PasswordActivity]: vri.Setup new sync id=0 syncSeqId=0
03-22 22:23:38.584 9340 12012 D productList: ife_time_in_app_purchase_dual_space
03-22 22:23:38.587 9340 12011 D productList: one_month_subscription_dual_space
03-22 22:23:38.587 9340 12011 D productList: one_week_subscription_dual_space
03-22 22:23:38.587 9340 12011 D productList: one_year_subscription_dual_space
03-22 22:23:38.587 9340 12011 D productList: six_months_subscription_dual_space
03-22 22:23:38.587 9340 12011 D productList: three_months_subscription_dual_space
03-22 22:23:38.589 9340 9502 E perf_hint: Session creation failed, mPreferredRateNanos: -1
03-22 22:23:38.590 9340 9340 D VRI[PasswordActivity]: vri.reportDrawFinished syncSeqId=0 android.view.ViewRootImpl.lambda$createSyncIfNeeded$4$android-view- ViewRootImpl:3946 android.view.ViewRootImpl$$ExternalSyntheticLambda1.run:6 android.os.Handler.handleCallback:942 android.os.Handler.dispatchMessage:99 android.os.Looper.loopOnce:211
03-22 22:23:38.590 9340 9340 D DecorView[]: onWindowFocusChanged hasWindowFocus false
03-22 22:23:38.609 9340 9340 D DecorView[]: onWindowFocusChanged hasWindowFocus true
03-22 22:23:38.609 9340 9340 I HandWritingStubImpl: refreshLastKeyboardType: 1
03-22 22:23:38.609 9340 9340 I HandWritingStubImpl: getCurrentKeyboardType: 1
03-22 22:23:38.943 9340 9340 D ContentValues: onAdFailedToLoad: Error building request URL: Too many recently failed requests for ad unit ID: ca-app-pub- 2769622665687343/3719314815. You must wait a few seconds before making another ad request.
03-22 22:23:38.943 9340 9340 I Ads : Ad failed to load : 1
03-22 22:23:38.997 9340 9340 D DynamitePackage: Instantiating com.google.android.gms.ads.ChimeraAdManagerCreatorImpl
03-22 22:23:38.999 9340 9340 I Ads : Use RequestConfiguration.Builder().setTestDeviceIds(Arrays.asList("2361F722360E5083C920 247A23AFB535")) to get test ads on this device.
03-22 22:23:39.004 9340 10121 I AudioManager: In isSpeakerphoneOn() calling application: com.dual.space.parallel.apps.multiaccounts.appscloner
03-22 22:23:39.005 9340 9340 I Ads : Please set theme of AdActivity to @android:style/Theme.Translucent to enable transparent background interstitial ad.
03-22 22:23:39.010 9340 9800 W Ads : Not retrying to fetch app settings
03-22 22:23:39.011 9340 10234 W ServiceBindIntentUtils: Dynamic lookup for intent failed for action: com.google.android.gms.ads.service.START
03-22 22:23:39.606 9340 9340 D ContentValues: onAdFailedToLoad: Error building request URL: Too many recently failed requests for ad unit ID: ca-app-pub- 2769622665687343/3719314815. You must wait a few seconds before making another ad request.
03-22 22:23:39.607 9340 9340 I Ads : Ad failed to load : 1
03-22 22:23:39.709 9340 9340 D DynamitePackage: Instantiating com.google.android.gms.ads.ChimeraAdManagerCreatorImpl
03-22 22:23:39.716 9340 9340 I Ads : Use RequestConfiguration.Builder().setTestDeviceIds(Arrays.asList("2361F722360E5083C920 247A23AFB535")) to get test ads on this device.
03-22 22:23:39.744 9340 9802 I AudioManager: In isSpeakerphoneOn() calling application: com.dual.space.parallel.apps.multiaccounts.appscloner
03-22 22:23:39.745 9340 9340 I Ads : Please set theme of AdActivity to @android:style/Theme.Translucent to enable transparent background interstitial ad.
03-22 22:23:39.752 9340 10130 W Ads : Not retrying to fetch app settings
03-22 22:23:39.754 9340 10962 W ServiceBindIntentUtils: Dynamic lookup for intent failed for action: com.google.android.gms.ads.service.START
03-22 22:23:39.983 9340 9340 D MiuiMultiWindowAdapter: MiuiMultiWindowAdapter::getFreeformVideoWhiteListInSystem::LIST_ABOUT_SUPPORT_LANDS CAPE_VIDEO = [com.hunantv.imgo.activity, com.tencent.qqlive, com.qiyi.video, com.hunantv.imgo.activity.inter, com.tencent.qqlivei18n, com.iqiyi.i18n, tv.danmaku.bili]
03-22 22:23:39.998 9340 9340 D IS_CTS_MODE: false
03-22 22:23:39.998 9340 9340 D MULTI_WINDOW_ENABLED: false
03-22 22:23:39.999 9340 9340 D DecorView[]: getWindowModeFromSystem windowmode is 1
03-22 22:23:40.004 9340 9340 D TAG_1 : setup_billing_client: nullnull
03-22 22:23:40.019 9340 9340 D android.widget.GridLayout: horizontal constraints: x3-x0>=598, x3-x2<=199, x2-x1<=199, x1-x0<=199 are inconsistent; permanently removing: x3-x2<=199.
03-22 22:23:40.032 9340 9340 D VRI[PatternLock]: vri.reportNextDraw android.view.ViewRootImpl.performTraversals:3878 android.view.ViewRootImpl.doTraversal:2610 android.view.ViewRootImpl$TraversalRunnable.run:9619 android.view.Choreographer$CallbackRecord.run:1491 android.view.Choreographer$CallbackRecord.run:1499
03-22 22:23:40.032 9340 9340 D VRI[PatternLock]: vri.Setup new sync id=0 syncSeqId=0
03-22 22:23:40.036 9340 9502 E perf_hint: Session creation failed, mPreferredRateNanos: -1
03-22 22:23:40.038 9340 9340 D VRI[PatternLock]: vri.reportDrawFinished syncSeqId=0 android.view.ViewRootImpl.lambda$createSyncIfNeeded$4$android-view- ViewRootImpl:3946 android.view.ViewRootImpl$$ExternalSyntheticLambda1.run:6 android.os.Handler.handleCallback:942 android.os.Handler.dispatchMessage:99 android.os.Looper.loopOnce:211
03-22 22:23:40.039 9340 9340 D DecorView[]: onWindowFocusChanged hasWindowFocus false
03-22 22:23:40.058 9340 9340 D DecorView[]: onWindowFocusChanged hasWindowFocus true
03-22 22:23:40.058 9340 9340 I HandWritingStubImpl: refreshLastKeyboardType: 1
03-22 22:23:40.058 9340 9340 I HandWritingStubImpl: getCurrentKeyboardType: 1
03-22 22:23:40.064 9340 12026 D productList: ife_time_in_app_purchase_dual_space
03-22 22:23:40.071 9340 12025 D productList: one_month_subscription_dual_space
03-22 22:23:40.071 9340 12025 D productList: one_week_subscription_dual_space
03-22 22:23:40.071 9340 12025 D productList: one_year_subscription_dual_space
03-22 22:23:40.071 9340 12025 D productList: six_months_subscription_dual_space
03-22 22:23:40.071 9340 12025 D productList: three_months_subscription_dual_space
03-22 22:23:40.494 9340 9340 D ContentValues: onAdFailedToLoad: Error building request URL: Too many recently failed requests for ad unit ID: ca-app-pub- 2769622665687343/3719314815. You must wait a few seconds before making another ad request.
03-22 22:23:40.494 9340 9340 I Ads : Ad failed to load : 1
03-22 22:23:40.540 9340 9340 D DynamitePackage: Instantiating com.google.android.gms.ads.ChimeraAdManagerCreatorImpl
03-22 22:23:40.542 9340 9340 I Ads : Use RequestConfiguration.Builder().setTestDeviceIds(Arrays.asList("2361F722360E5083C920 247A23AFB535")) to get test ads on this device.
03-22 22:23:40.546 9340 9340 I Ads : Please set theme of AdActivity to @android:style/Theme.Translucent to enable transparent background interstitial ad.
03-22 22:23:40.550 9340 9799 I AudioManager: In isSpeakerphoneOn() calling application: com.dual.space.parallel.apps.multiaccounts.appscloner
03-22 22:23:40.554 9340 9799 W Ads : Not retrying to fetch app settings
03-22 22:23:40.555 9340 11068 W ServiceBindIntentUtils: Dynamic lookup for intent failed for action: com.google.android.gms.ads.service.START
03-22 22:23:40.575 9340 9502 D OpenGLRenderer: endAllActiveAnimators on 0xb400007159d48900 (RippleDrawable) with handle 0xb4000071404359a0
03-22 22:23:41.215 9340 9340 D ContentValues: onAdFailedToLoad: Error building request URL: Too many recently failed requests for ad unit ID: ca-app-pub- 2769622665687343/3719314815. You must wait a few seconds before making another ad request.
03-22 22:23:41.215 9340 9340 I Ads : Ad failed to load : 1
03-22 22:23:41.242 9340 9340 D DynamitePackage: Instantiating com.google.android.gms.ads.ChimeraAdManagerCreatorImpl
03-22 22:23:41.244 9340 9340 I Ads : Use RequestConfiguration.Builder().setTestDeviceIds(Arrays.asList("2361F722360E5083C920 247A23AFB535")) to get test ads on this device.
03-22 22:23:41.250 9340 9340 I Ads : Please set theme of AdActivity to @android:style/Theme.Translucent to enable transparent background interstitial ad.
03-22 22:23:41.253 9340 10121 I AudioManager: In isSpeakerphoneOn() calling application: com.dual.space.parallel.apps.multiaccounts.appscloner
03-22 22:23:41.256 9340 10121 W Ads : Not retrying to fetch app settings
03-22 22:23:41.834 9340 9340 D ContentValues: onAdFailedToLoad: Error building request URL: Too many recently failed requests for ad unit ID: ca-app-pub- 2769622665687343/3719314815. You must wait a few seconds before making another ad request.
03-22 22:23:41.835 9340 9340 I Ads : Ad failed to load : 1
03-22 22:23:41.844 9340 9340 D DynamitePackage: Instantiating com.google.android.gms.ads.ChimeraAdManagerCreatorImpl
03-22 22:23:41.846 9340 9340 I Ads : Use RequestConfiguration.Builder().setTestDeviceIds(Arrays.asList("2361F722360E5083C920 247A23AFB535")) to get test ads on this device.
03-22 22:23:41.853 9340 9340 I Ads : Please set theme of AdActivity to @android:style/Theme.Translucent to enable transparent background interstitial ad.
03-22 22:23:41.854 9340 9756 I AudioManager: In isSpeakerphoneOn() calling application: com.dual.space.parallel.apps.multiaccounts.appscloner
03-22 22:23:41.858 9340 9755 W Ads : Not retrying to fetch app settings
03-22 22:23:41.963 9340 9340 D TESTAG : pattern0341
03-22 22:23:41.993 9340 9340 D MiuiMultiWindowAdapter: MiuiMultiWindowAdapter::getFreeformVideoWhiteListInSystem::LIST_ABOUT_SUPPORT_LANDS CAPE_VIDEO = [com.hunantv.imgo.activity, com.tencent.qqlive, com.qiyi.video, com.hunantv.imgo.activity.inter, com.tencent.qqlivei18n, com.iqiyi.i18n, tv.danmaku.bili]
03-22 22:23:42.014 9340 9340 D IS_CTS_MODE: false
03-22 22:23:42.014 9340 9340 D MULTI_WINDOW_ENABLED: false
03-22 22:23:42.015 9340 9340 D DecorView[]: getWindowModeFromSystem windowmode is 1
03-22 22:23:42.065 9340 9340 D VRI[ForgotPassword]: vri.reportNextDraw android.view.ViewRootImpl.performTraversals:3878 android.view.ViewRootImpl.doTraversal:2610 android.view.ViewRootImpl$TraversalRunnable.run:9619 android.view.Choreographer$CallbackRecord.run:1491 android.view.Choreographer$CallbackRecord.run:1499
03-22 22:23:42.065 9340 9340 D VRI[ForgotPassword]: vri.Setup new sync id=0 syncSeqId=0
03-22 22:23:42.070 9340 9502 E perf_hint: Session creation failed, mPreferredRateNanos: -1
03-22 22:23:42.071 9340 9340 D VRI[ForgotPassword]: vri.reportDrawFinished syncSeqId=0 android.view.ViewRootImpl.lambda$createSyncIfNeeded$4$android-view- ViewRootImpl:3946 android.view.ViewRootImpl$$ExternalSyntheticLambda1.run:6 android.os.Handler.handleCallback:942 android.os.Handler.dispatchMessage:99 android.os.Looper.loopOnce:211
03-22 22:23:42.072 9340 9340 D DecorView[]: onWindowFocusChanged hasWindowFocus false
03-22 22:23:42.092 9340 9340 D DecorView[]: onWindowFocusChanged hasWindowFocus true
03-22 22:23:42.092 9340 9340 I HandWritingStubImpl: refreshLastKeyboardType: 1
03-22 22:23:42.092 9340 9340 I HandWritingStubImpl: getCurrentKeyboardType: 1
03-22 22:23:42.429 9340 9340 D ContentValues: onAdFailedToLoad: Error building request URL: Too many recently failed requests for ad unit ID: ca-app-pub- 2769622665687343/3719314815. You must wait a few seconds before making another ad request.
03-22 22:23:42.429 9340 9340 I Ads : Ad failed to load : 1
03-22 22:23:42.477 9340 9340 D DynamitePackage: Instantiating com.google.android.gms.ads.ChimeraAdManagerCreatorImpl
03-22 22:23:42.478 9340 9340 I Ads : Use RequestConfiguration.Builder().setTestDeviceIds(Arrays.asList("2361F722360E5083C920 247A23AFB535")) to get test ads on this device.
03-22 22:23:42.483 9340 9340 I Ads : Please set theme of AdActivity to @android:style/Theme.Translucent to enable transparent background interstitial ad.
03-22 22:23:42.484 9340 9967 I AudioManager: In isSpeakerphoneOn() calling application: com.dual.space.parallel.apps.multiaccounts.appscloner
03-22 22:23:42.640 9340 9340 D Editor : Double tap detection is fail
03-22 22:23:42.723 9340 9340 I HandWritingStubImpl: refreshLastKeyboardType: 1
03-22 22:23:42.725 9340 9340 I HandWritingStubImpl: getCurrentKeyboardType: 1
03-22 22:23:42.734 9340 9340 D CompatibilityChangeReporter: Compat change id reported: 163400105; UID 10189; state: ENABLED
03-22 22:23:42.735 9340 9340 D InputMethodManager: showSoftInput() view=androidx.appcompat.widget.AppCompatEditText{1decd87 VFED..CL. .F.P..ID 9,9- 637,85 #7f0a01b9 app:id/editpetname aid=1073741824} flags=0 reason=SHOW_SOFT_INPUT
03-22 22:23:42.744 9340 9340 V TextView: sendCursorInfo support:false
03-22 22:23:42.753 9340 9340 I AssistStructure: Flattened final assist data: 3076 bytes, containing 1 windows, 18 views
03-22 22:23:42.973 9340 9340 W OnBackInvokedCallback: OnBackInvokedCallback is not enabled for the application.
03-22 22:23:42.973 9340 9340 W OnBackInvokedCallback: Set 'android:enableOnBackInvokedCallback="true"' in the application manifest.
03-22 22:23:43.011 9340 9340 D InsetsController: show(ime(), fromIme=true)
03-22 22:23:43.091 9340 9340 D ContentValues: onAdFailedToLoad: No fill.
03-22 22:23:43.091 9340 9340 I Ads : Ad failed to load : 3
03-22 22:23:43.180 9340 9340 D DynamitePackage: Instantiating com.google.android.gms.ads.ChimeraAdManagerCreatorImpl
03-22 22:23:43.182 9340 9340 I Ads : Use RequestConfiguration.Builder().setTestDeviceIds(Arrays.asList("2361F722360E5083C920 247A23AFB535")) to get test ads on this device.
03-22 22:23:43.187 9340 9749 I AudioManager: In isSpeakerphoneOn() calling application: com.dual.space.parallel.apps.multiaccounts.appscloner
03-22 22:23:43.187 9340 9340 I Ads : Please set theme of AdActivity to @android:style/Theme.Translucent to enable transparent background interstitial ad.
03-22 22:23:43.194 9340 9755 W Ads : Not retrying to fetch app settings
03-22 22:23:43.197 9340 10962 W ServiceBindIntentUtils: Dynamic lookup for intent failed for action: com.google.android.gms.ads.service.START
03-22 22:23:43.843 9340 9340 D ContentValues: onAdFailedToLoad: No fill.
03-22 22:23:43.843 9340 9340 I Ads : Ad failed to load : 3
03-22 22:23:43.912 9340 9340 D DynamitePackage: Instantiating com.google.android.gms.ads.ChimeraAdManagerCreatorImpl
03-22 22:23:43.914 9340 9340 I Ads : Use RequestConfiguration.Builder().setTestDeviceIds(Arrays.asList("2361F722360E5083C920 247A23AFB535")) to get test ads on this device.
03-22 22:23:43.920 9340 9340 I Ads : Please set theme of AdActivity to @android:style/Theme.Translucent to enable transparent background interstitial ad.
03-22 22:23:43.922 9340 9967 I AudioManager: In isSpeakerphoneOn() calling application: com.dual.space.parallel.apps.multiaccounts.appscloner
03-22 22:23:43.924 9340 9755 W Ads : Not retrying to fetch app settings
03-22 22:23:44.649 9340 9340 D ContentValues: onAdFailedToLoad: No fill.
03-22 22:23:44.650 9340 9340 I Ads : Ad failed to load : 3
03-22 22:23:44.719 9340 9340 D DynamitePackage: Instantiating com.google.android.gms.ads.ChimeraAdManagerCreatorImpl
03-22 22:23:44.725 9340 9340 I Ads : Use RequestConfiguration.Builder().setTestDeviceIds(Arrays.asList("2361F722360E5083C920 247A23AFB535")) to get test ads on this device.
03-22 22:23:44.735 9340 9340 I Ads : Please set theme of AdActivity to @android:style/Theme.Translucent to enable transparent background interstitial ad.
03-22 22:23:44.735 9340 9755 I AudioManager: In isSpeakerphoneOn() calling application: com.dual.space.parallel.apps.multiaccounts.appscloner
03-22 22:23:44.738 9340 10131 W Ads : Not retrying to fetch app settings
03-22 22:23:45.401 9340 9340 D ContentValues: onAdFailedToLoad: Error building request URL: Too many recently failed requests for ad unit ID: ca-app-pub- 2769622665687343/3719314815. You must wait a few seconds before making another ad request.
03-22 22:23:45.402 9340 9340 I Ads : Ad failed to load : 1
03-22 22:23:45.424 9340 9340 D DynamitePackage: Instantiating com.google.android.gms.ads.ChimeraAdManagerCreatorImpl
03-22 22:23:45.429 9340 9340 I Ads : Use RequestConfiguration.Builder().setTestDeviceIds(Arrays.asList("2361F722360E5083C920 247A23AFB535")) to get test ads on this device.
03-22 22:23:45.444 9340 9340 I Ads : Please set theme of AdActivity to @android:style/Theme.Translucent to enable transparent background interstitial ad.
03-22 22:23:45.449 9340 9755 I AudioManager: In isSpeakerphoneOn() calling application: com.dual.space.parallel.apps.multiaccounts.appscloner
03-22 22:23:45.452 9340 9800 W Ads : Not retrying to fetch app settings
03-22 22:23:46.143 9340 9340 D ContentValues: onAdFailedToLoad: Error building request URL: Too many recently failed requests for ad unit ID: ca-app-pub- 2769622665687343/3719314815. You must wait a few seconds before making another ad request.
03-22 22:23:46.144 9340 9340 I Ads : Ad failed to load : 1
03-22 22:23:46.236 9340 9340 D DynamitePackage: Instantiating com.google.android.gms.ads.ChimeraAdManagerCreatorImpl
03-22 22:23:46.243 9340 9340 I Ads : Use RequestConfiguration.Builder().setTestDeviceIds(Arrays.asList("2361F722360E5083C920 247A23AFB535")) to get test ads on this device.
03-22 22:23:46.256 9340 10130 I AudioManager: In isSpeakerphoneOn() calling application: com.dual.space.parallel.apps.multiaccounts.appscloner
03-22 22:23:46.263 9340 9340 I Ads : Please set theme of AdActivity to @android:style/Theme.Translucent to enable transparent background interstitial ad.
03-22 22:23:46.269 9340 9756 W Ads : Not retrying to fetch app settings
03-22 22:23:46.270 9340 10234 W ServiceBindIntentUtils: Dynamic lookup for intent failed for action: com.google.android.gms.ads.service.START
03-22 22:23:46.999 9340 9340 D ContentValues: onAdFailedToLoad: Error building request URL: Too many recently failed requests for ad unit ID: ca-app-pub- 2769622665687343/3719314815. You must wait a few seconds before making another ad request.
03-22 22:23:47.000 9340 9340 I Ads : Ad failed to load : 1
03-22 22:23:47.040 9340 9340 D DynamitePackage: Instantiating com.google.android.gms.ads.ChimeraAdManagerCreatorImpl
03-22 22:23:47.046 9340 9340 I Ads : Use RequestConfiguration.Builder().setTestDeviceIds(Arrays.asList("2361F722360E5083C920 247A23AFB535")) to get test ads on this device.
03-22 22:23:47.063 9340 9340 I Ads : Please set theme of AdActivity to @android:style/Theme.Translucent to enable transparent background interstitial ad.
03-22 22:23:47.069 9340 10131 I AudioManager: In isSpeakerphoneOn() calling application: com.dual.space.parallel.apps.multiaccounts.appscloner
03-22 22:23:47.081 9340 10130 W Ads : Not retrying to fetch app settings
03-22 22:23:47.805 9340 9340 D ContentValues: onAdFailedToLoad: Error building request URL: Too many recently failed requests for ad unit ID: ca-app-pub- 2769622665687343/3719314815. You must wait a few seconds before making another ad request.
03-22 22:23:47.806 9340 9340 I Ads : Ad failed to load : 1
03-22 22:23:47.843 9340 9340 D DynamitePackage: Instantiating com.google.android.gms.ads.ChimeraAdManagerCreatorImpl
03-22 22:23:47.848 9340 9340 I Ads : Use RequestConfiguration.Builder().setTestDeviceIds(Arrays.asList("2361F722360E5083C920 247A23AFB535")) to get test ads on this device.
03-22 22:23:47.864 9340 9340 I Ads : Please set theme of AdActivity to @android:style/Theme.Translucent to enable transparent background interstitial ad.
03-22 22:23:47.866 9340 9755 I AudioManager: In isSpeakerphoneOn() calling application: com.dual.space.parallel.apps.multiaccounts.appscloner
03-22 22:23:48.361 9340 9340 D DecorView[]: onWindowFocusChanged hasWindowFocus false
03-22 22:23:48.614 9340 9340 D ContentValues: onAdFailedToLoad: Error building request URL: Too many recently failed requests for ad unit ID: ca-app-pub- 2769622665687343/3719314815. You must wait a few seconds before making another ad request.
03-22 22:23:48.614 9340 9340 I Ads : Ad failed to load : 1
03-22 22:23:48.663 9340 9340 D DynamitePackage: Instantiating com.google.android.gms.ads.ChimeraAdManagerCreatorImpl
03-22 22:23:48.669 9340 9340 I Ads : Use RequestConfiguration.Builder().setTestDeviceIds(Arrays.asList("2361F722360E5083C920 247A23AFB535")) to get test ads on this device.
03-22 22:23:48.685 9340 9340 I Ads : Please set theme of AdActivity to @android:style/Theme.Translucent to enable transparent background interstitial ad.
03-22 22:23:48.689 9340 9802 I AudioManager: In isSpeakerphoneOn() calling application: com.dual.space.parallel.apps.multiaccounts.appscloner
03-22 22:23:48.696 9340 9802 W Ads : Not retrying to fetch app settings
03-22 22:23:49.282 9340 9340 D ContentValues: onAdFailedToLoad: Error building request URL: Too many recently failed requests for ad unit ID: ca-app-pub- 2769622665687343/3719314815. You must wait a few seconds before making another ad request.
03-22 22:23:49.283 9340 9340 I Ads : Ad failed to load : 1
03-22 22:23:49.381 9340 9340 D DynamitePackage: Instantiating com.google.android.gms.ads.ChimeraAdManagerCreatorImpl
03-22 22:23:49.385 9340 9340 I Ads : Use RequestConfiguration.Builder().setTestDeviceIds(Arrays.asList("2361F722360E5083C920 247A23AFB535")) to get test ads on this device.
03-22 22:23:49.399 9340 9340 I Ads : Please set theme of AdActivity to @android:style/Theme.Translucent to enable transparent background interstitial ad.
03-22 22:23:49.405 9340 10125 I AudioManager: In isSpeakerphoneOn() calling application: com.dual.space.parallel.apps.multiaccounts.appscloner
03-22 22:23:49.412 9340 10125 W Ads : Not retrying to fetch app settings
03-22 22:23:49.987 9340 9340 D ContentValues: onAdFailedToLoad: Error building request URL: Too many recently failed requests for ad unit ID: ca-app-pub- 2769622665687343/3719314815. You must wait a few seconds before making another ad request.
03-22 22:23:49.987 9340 9340 I Ads : Ad failed to load : 1
03-22 22:23:50.078 9340 9340 D DynamitePackage: Instantiating com.google.android.gms.ads.ChimeraAdManagerCreatorImpl
03-22 22:23:50.083 9340 9340 I Ads : Use RequestConfiguration.Builder().setTestDeviceIds(Arrays.asList("2361F722360E5083C920 247A23AFB535")) to get test ads on this device.
03-22 22:23:50.097 9340 9340 I Ads : Please set theme of AdActivity to @android:style/Theme.Translucent to enable transparent background interstitial ad.
03-22 22:23:50.100 9340 9756 I AudioManager: In isSpeakerphoneOn() calling application: com.dual.space.parallel.apps.multiaccounts.appscloner
03-22 22:23:50.107 9340 9967 W Ads : Not retrying to fetch app settings
03-22 22:23:50.401 9340 9442 I FA : Application backgrounded at: timestamp_millis: 1742696628400
03-22 22:23:50.617 9340 9340 D ContentValues: onAdFailedToLoad: No fill.
03-22 22:23:50.618 9340 9340 I Ads : Ad failed to load : 3
03-22 22:23:50.677 9340 9340 D DynamitePackage: Instantiating com.google.android.gms.ads.ChimeraAdManagerCreatorImpl
03-22 22:23:50.682 9340 9340 I Ads : Use RequestConfiguration.Builder().setTestDeviceIds(Arrays.asList("2361F722360E5083C920 247A23AFB535")) to get test ads on this device.
03-22 22:23:50.696 9340 10130 I AudioManager: In isSpeakerphoneOn() calling application: com.dual.space.parallel.apps.multiaccounts.appscloner
03-22 22:23:50.696 9340 9340 I Ads : Please set theme of AdActivity to @android:style/Theme.Translucent to enable transparent background interstitial ad.
03-22 22:23:50.701 9340 9755 W Ads : Not retrying to fetch app settings
03-22 22:23:51.232 9340 9340 D ContentValues: onAdFailedToLoad: No fill.
03-22 22:23:51.232 9340 9340 I Ads : Ad failed to load : 3
03-22 22:23:51.278 9340 9340 D DynamitePackage: Instantiating com.google.android.gms.ads.ChimeraAdManagerCreatorImpl
03-22 22:23:51.282 9340 9340 I Ads : Use RequestConfiguration.Builder().setTestDeviceIds(Arrays.asList("2361F722360E5083C920 247A23AFB535")) to get test ads on this device.
03-22 22:23:51.295 9340 10127 I AudioManager: In isSpeakerphoneOn() calling application: com.dual.space.parallel.apps.multiaccounts.appscloner
03-22 22:23:51.296 9340 9340 I Ads : Please set theme of AdActivity to @android:style/Theme.Translucent to enable transparent background interstitial ad.
03-22 22:23:51.303 9340 9800 W Ads : Not retrying to fetch app settings
03-22 22:23:51.845 9340 9340 D ContentValues: onAdFailedToLoad: No fill.
03-22 22:23:51.845 9340 9340 I Ads : Ad failed to load : 3
03-22 22:23:51.878 9340 9340 D DynamitePackage: Instantiating com.google.android.gms.ads.ChimeraAdManagerCreatorImpl
03-22 22:23:51.882 9340