03-22 22:22:51.097 9340 9340 D jsonObjectControlInAppDiscount: preLoadAdmobBannerOnOff ID true
03-22 22:22:51.097 9340 9340 D jsonObjectControlInAppDiscount: preLoadAdmobInterstitialOnOff ID true
03-22 22:22:51.097 9340 9340 D jsonObjectControlInAppDiscount: isShowingInterstitialApplovinON_OFF ID true
03-22 22:22:51.097 9340 9340 D jsonObjectControlInAppDiscount: isShowingInterstitialVungleON_OFF ID false
03-22 22:22:51.097 9340 9340 D jsonObjectControlInAppDiscount: InterstitialCountDownMilliSec ID 0
03-22 22:22:51.097 9340 9340 D jsonObjectControlInAppDiscount: headingFirstTextDialog ID Please Wait
03-22 22:22:51.097 9340 9340 D jsonObjectControlInAppDiscount: headingSecondTextDialog ID Loading Ad
03-22 22:22:51.121 9340 9340 D FAILED_TO_LOAD: failed
03-22 22:22:51.212 9340 9340 D DynamitePackage: Instantiating com.google.android.gms.ads.ChimeraAdManagerCreatorImpl
03-22 22:22:51.222 9340 9707 W BpBinder: PerfMonitor binderTransact : time=392ms interface=android.content.IContentProvider code=21
03-22 22:22:51.223 9340 9707 D CameraInjector: updateCloudCameraControllerInfoAsync: X
03-22 22:22:51.310 9340 9340 I Ads : Use RequestConfiguration.Builder().setTestDeviceIds(Arrays.asList("2361F722360E5083C920 247A23AFB535")) to get test ads on this device.
03-22 22:22:51.361 9340 10059 W ziparchive: Unable to open '/data/user/0/com.dual.space.parallel.apps.multiaccounts.appscloner/cache/ 1731536186208.dm': No such file or directory
03-22 22:22:51.642 9340 9799 I AudioManager: In isSpeakerphoneOn() calling application: com.dual.space.parallel.apps.multiaccounts.appscloner
03-22 22:22:51.659 9340 9340 I Ads : Please set theme of AdActivity to @android:style/Theme.Translucent to enable transparent background interstitial ad.
03-22 22:22:51.675 9340 9340 W ServiceBindIntentUtils: Dynamic lookup for intent failed for action: com.google.android.gms.ads.service.CACHE
03-22 22:22:51.692 9340 9412 E unts.appscloner: No package ID 76 found for ID 0x760b000f.
03-22 22:22:51.749 9340 9340 D DynamitePackage: Instantiating com.google.android.gms.ads.ChimeraAdManagerCreatorImpl
03-22 22:22:51.815 9340 9340 I Ads : Use RequestConfiguration.Builder().setTestDeviceIds(Arrays.asList("2361F722360E5083C920 247A23AFB535")) to get test ads on this device.
03-22 22:22:51.917 9340 10121 I AudioManager: In isSpeakerphoneOn() calling application: com.dual.space.parallel.apps.multiaccounts.appscloner
03-22 22:22:51.917 9340 9340 I Ads : Please set theme of AdActivity to @android:style/Theme.Translucent to enable transparent background interstitial ad.
03-22 22:22:52.055 9340 9340 D DynamitePackage: Instantiating com.google.android.gms.ads.ChimeraAdManagerCreatorImpl
03-22 22:22:52.091 9340 9340 I Ads : Use RequestConfiguration.Builder().setTestDeviceIds(Arrays.asList("2361F722360E5083C920 247A23AFB535")) to get test ads on this device.
03-22 22:22:52.106 9340 9340 I Ads : Please set theme of AdActivity to @android:style/Theme.Translucent to enable transparent background interstitial ad.
03-22 22:22:52.112 9340 9967 I AudioManager: In isSpeakerphoneOn() calling application: com.dual.space.parallel.apps.multiaccounts.appscloner
03-22 22:22:52.125 9340 9340 D BANNER_ID: ca-app-pub-2769622665687343/8564447387
03-22 22:22:52.126 9340 9340 D BANNERLOVE: e721210ddbf169ca
03-22 22:22:52.126 9340 9340 D Banner bottom: 0
03-22 22:22:52.126 9340 9340 D AllFirebaseValue: sixmonthdiscountText ID 50% OFF
03-22 22:22:52.126 9340 9340 D AllFirebaseValue: oneyeardiscountText ID 40% OFF
03-22 22:22:52.126 9340 9340 D AllFirebaseValue: lifetimediscountText ID 65% OFF
03-22 22:22:52.126 9340 9340 D AllFirebaseValue: unknown_install ID true
03-22 22:22:52.126 9340 9340 D Pro_dialog_control: target_inapp ID 1
03-22 22:22:52.126 9340 9340 D Pro_dialog_control: continue_btn_text ID Purchase Now
03-22 22:22:52.126 9340 9340 D Pro_dialog_control: pro_textview_text ID Hurry up, 50% OFF Today Only!
03-22 22:22:52.126 9340 9340 D jsonObjectControlInAppDiscount: AdmobNativeStyleOnOFF ID false
03-22 22:22:52.126 9340 9340 D jsonObjectControlInAppDiscount: isNormalNativeON_OFF ID true
03-22 22:22:52.126 9340 9340 D jsonObjectControlInAppDiscount: isNormalNative_2_ON_OFF ID false
03-22 22:22:52.126 9340 9340 D jsonObjectControlInAppDiscount: isNormalBannerON_OFF ID true
03-22 22:22:52.126 9340 9340 D jsonObjectControlInAppDiscount: isNormalInterstitialON_OFF ID true
03-22 22:22:52.126 9340 9340 D jsonObjectControlInAppDiscount: isShowingNativeApplovinON_OFF ID true
03-22 22:22:52.126 9340 9340 D jsonObjectControlInAppDiscount: isShowingBannerApplovinON_OFF ID true
03-22 22:22:52.126 9340 9340 D jsonObjectControlInAppDiscount: preLoadAdmobNativeOnOff ID true
03-22 22:22:52.126 9340 9340 D jsonObjectControlInAppDiscount: preLoadAdmobBannerOnOff ID true
03-22 22:22:52.126 9340 9340 D jsonObjectControlInAppDiscount: preLoadAdmobInterstitialOnOff ID true
03-22 22:22:52.126 9340 9340 D jsonObjectControlInAppDiscount: isShowingInterstitialApplovinON_OFF ID true
03-22 22:22:52.126 9340 9340 D jsonObjectControlInAppDiscount: isShowingInterstitialVungleON_OFF ID false
03-22 22:22:52.127 9340 9340 D jsonObjectControlInAppDiscount: InterstitialCountDownMilliSec ID 0
03-22 22:22:52.127 9340 9340 D jsonObjectControlInAppDiscount: headingFirstTextDialog ID Please Wait
03-22 22:22:52.127 9340 9340 D jsonObjectControlInAppDiscount: headingSecondTextDialog ID Loading Ad
03-22 22:22:52.133 9340 9800 W Ads : Not retrying to fetch app settings
03-22 22:22:52.134 9340 9800 W Ads : Not retrying to fetch app settings
03-22 22:22:52.139 9340 10131 W Ads : Not retrying to fetch app settings
03-22 22:22:52.202 9340 10181 W ServiceBindIntentUtils: Dynamic lookup for intent failed for action: com.google.android.gms.ads.service.START
03-22 22:22:52.252 9340 9340 D DynamitePackage: Instantiating com.google.android.gms.ads.ChimeraAdLoaderBuilderCreatorImpl
03-22 22:22:52.283 9340 9340 I Ads : Use RequestConfiguration.Builder().setTestDeviceIds(Arrays.asList("2361F722360E5083C920 247A23AFB535")) to get test ads on this device.
03-22 22:22:52.396 9340 9340 I Ads : Please set theme of AdActivity to @android:style/Theme.Translucent to enable transparent background interstitial ad.
03-22 22:22:52.400 9340 10124 I AudioManager: In isSpeakerphoneOn() calling application: com.dual.space.parallel.apps.multiaccounts.appscloner
03-22 22:22:52.421 9340 10119 W BpBinder: PerfMonitor binderTransact : time=237ms interface=com.google.android.gms.gass.internal.IGassService code=3
03-22 22:22:52.453 9340 9442 I FA : Application backgrounded at: timestamp_millis: 1742696570379
03-22 22:22:52.468 9340 10127 W Ads : Not retrying to fetch app settings
03-22 22:22:52.608 9340 10118 E unts.appscloner: Attempt to load writable dex file: /data/user/0/com.dual.space.parallel.apps.multiaccounts.appscloner/ app_pccache/5/BA25D6C30EFB6C9558598E7A52C72F1AC5A5E793/pcam.jar
03-22 22:22:52.609 9340 10118 W ziparchive: Unable to open '/data/user/0/com.dual.space.parallel.apps.multiaccounts.appscloner/app_pccache/5/ BA25D6C30EFB6C9558598E7A52C72F1AC5A5E793/pcam.dm': No such file or directory
03-22 22:22:52.631 9340 10118 E DexLoadReporter: Could not create the profile directory: /data/user/0/com.dual.space.parallel.apps.multiaccounts.appscloner/ app_pccache/5/BA25D6C30EFB6C9558598E7A52C72F1AC5A5E793/oat/pcam.jar.cur.prof
03-22 22:22:52.648 9340 10118 D nativeloader: Configuring clns-12 for other apk . target_sdk_version=34, uses_libraries=ALL, library_path=, permitted_path=/data:/mnt/expand
03-22 22:22:52.648 9340 10118 D nativeloader: Extending system_exposed_libraries: libmisys_jni.xiaomi.so:libbinauralrenderer_wrapper.qti.so:libhoaeffects.qti.so:libQ OC.qti.so:libupdateprof.qti.so:libthermalclient.qti.so:libQOC.qti.so:libdiag_system .qti.so:libqape.qti.so:liblistenjni.qti.so
03-22 22:22:52.655 9340 10118 D nativeloader: Load /data/user/0/com.dual.space.parallel.apps.multiaccounts.appscloner/app_pccache/5/ BA25D6C30EFB6C9558598E7A52C72F1AC5A5E793/pcam.jar!/libdDE3A43B97AEB.so using isolated ns clns-12 (caller=/data/user/0/com.dual.space.parallel.apps.multiaccounts.appscloner/ app_pccache/5/BA25D6C30EFB6C9558598E7A52C72F1AC5A5E793/pcam.jar): ok
03-22 22:22:53.089 9340 9340 I Ads : JS: The jsLoaded GMSG has been sent (https://googleads.g.doubleclick.net/mads/static/mad/sdk/native/production/sdk- core-v40-impl.html:896)
03-22 22:22:55.639 9340 10131 I Ads : Ad failed to load : 3
03-22 22:22:55.640 9340 9340 D ERROR_N : domain: com.google.android.gms.ads, code: 3, message: No fill.
03-22 22:22:55.640 9340 9340 D ERROR_N : "
03-22 22:22:56.323 9340 9340 I Ads : JS: The jsLoaded GMSG has been sent (https://googleads.g.doubleclick.net/mads/static/mad/sdk/native/production/sdk- core-v40-impl.html:896)
03-22 22:22:56.480 9340 9347 I unts.appscloner: Background concurrent copying GC freed 14MB AllocSpace bytes, 189(33MB) LOS objects, 49% free, 11MB/22MB, paused 328us,379us total 118.713ms
03-22 22:22:56.487 9340 9348 W JavaBinder: BinderProxy is being destroyed but the application did not call unlinkToDeath to unlink all of its death recipients beforehand. Releasing leaked death recipient: com.google.android.play.core.appupdate.internal.zzp
03-22 22:22:56.487 9340 9348 I BpBinder: onLastStrongRef automatically unlinking death recipients: <uncached descriptor>
03-22 22:22:57.388 9340 9340 D ContentValues: onAdLoaded.
03-22 22:22:57.832 9340 9663 W AidlConversion: aidl2legacy_AudioChannelLayout_audio_channel_mask_t: no legacy output audio_channel_mask_t found for AudioChannelLayout{layoutMask: 16}
03-22 22:22:57.869 9340 9663 I AAudio : AAudioStreamBuilder_openStream() called ----------------------------------------
03-22 22:22:57.869 9340 9663 I AudioStreamBuilder: rate = 44100, channels = 2, channelMask = 0x3, format = 5, sharing = SH, dir = OUTPUT
03-22 22:22:57.869 9340 9663 I AudioStreamBuilder: device = 0, sessionId = - 1, perfMode = 11, callback: ON with frames = 3844
03-22 22:22:57.869 9340 9663 I AudioStreamBuilder: usage = 1, contentType = 0, inputPreset = 0, allowedCapturePolicy = 0
03-22 22:22:57.869 9340 9663 I AudioStreamBuilder: privacy sensitive = false, opPackageName = (null), attributionTag = (null)
03-22 22:22:57.872 9340 9663 D AudioStreamBuilder: build() MMAP not used because AAUDIO_PERFORMANCE_MODE_LOW_LATENCY not requested.
03-22 22:22:57.878 9340 9663 D unts.appscloner: PlayerBase::PlayerBase()
03-22 22:22:57.879 9340 9663 D AudioStreamTrack: open(), request notificationFrames = 0, frameCount = 0
03-22 22:22:57.880 9340 9637 I cr_MediaCodecBridge: create MediaCodec video decoder, mime video/x-vnd.on2.vp9, decoder name OMX.qcom.video.decoder.vp9, block_model=false
03-22 22:22:57.881 9340 9663 D AudioTrack: set(sessionId=0), mcallback is 1
03-22 22:22:57.881 9340 9663 D AudioTrack: set(): streamType -1, sampleRate 44100, format 0x5, channelMask 0x3, frameCount 0, flags #8, notificationFrames 0, sessionId 0, transferType 1, uid -1, pid -1
03-22 22:22:57.877 9340 9340 W AudioThread: type=1400 audit(0.0:217641): avc: denied { read } for name="u:object_r:vendor_audio_prop:s0" dev="tmpfs" ino=15538 scontext=u:r:untrusted_app:s0:c189,c256,c512,c768 tcontext=u:object_r:vendor_audio_prop:s0 tclass=file permissive=0 app=com.dual.space.parallel.apps.multiaccounts.appscloner
03-22 22:22:57.882 9340 9663 W libc : Access denied finding property "ro.vendor.audio.multichannel.5point1"
03-22 22:22:57.923 9340 9637 I MediaCodec: init video box disabled for codec not supported
03-22 22:22:57.924 9340 10750 I MediaCodec: [mId: 0] video-debug setState: INITIALIZING
03-22 22:22:57.951 9340 10751 I OMXClient: IOmx service obtained
03-22 22:22:57.961 9340 9340 W AudioThread: type=1400 audit(0.0:217642): avc: denied { read } for name="u:object_r:vendor_audio_prop:s0" dev="tmpfs" ino=15538 scontext=u:r:untrusted_app:s0:c189,c256,c512,c768 tcontext=u:object_r:vendor_audio_prop:s0 tclass=file permissive=0 app=com.dual.space.parallel.apps.multiaccounts.appscloner
03-22 22:22:57.961 9340 9340 W AudioThread: type=1400 audit(0.0:217643): avc: denied { read } for name="u:object_r:vendor_audio_prop:s0" dev="tmpfs" ino=15538 scontext=u:r:untrusted_app:s0:c189,c256,c512,c768 tcontext=u:object_r:vendor_audio_prop:s0 tclass=file permissive=0 app=com.dual.space.parallel.apps.multiaccounts.appscloner
03-22 22:22:57.965 9340 9663 W libc : Access denied finding property "vendor.audio.LL.coeff"
03-22 22:22:57.965 9340 9663 W libc : Access denied finding property "vendor.audio.rxvol.mode"
03-22 22:22:57.993 9340 9340 W AudioThread: type=1400 audit(0.0:217644): avc: denied { read } for name="u:object_r:vendor_audio_prop:s0" dev="tmpfs" ino=15538 scontext=u:r:untrusted_app:s0:c189,c256,c512,c768 tcontext=u:object_r:vendor_audio_prop:s0 tclass=file permissive=0 app=com.dual.space.parallel.apps.multiaccounts.appscloner
03-22 22:22:57.998 9340 9663 W libc : Access denied finding property "vendor.audio.lowpower"
03-22 22:22:58.113 9340 9340 W AudioThread: type=1400 audit(0.0:217645): avc: denied { read } for name="u:object_r:vendor_audio_prop:s0" dev="tmpfs" ino=15538 scontext=u:r:untrusted_app:s0:c189,c256,c512,c768 tcontext=u:object_r:vendor_audio_prop:s0 tclass=file permissive=0 app=com.dual.space.parallel.apps.multiaccounts.appscloner
03-22 22:22:58.116 9340 9663 W libc : Access denied finding property "vendor.audio.cpu.sched"
03-22 22:22:58.116 9340 9663 W libc : Access denied finding property "vendor.audio.rt.mode"
03-22 22:22:58.116 9340 9663 W libc : Access denied finding property "ro.vendor.audio.zerodata.upload"
03-22 22:22:58.120 9340 9663 W libc : Access denied finding property "vendor.audio.caretaker.at"
03-22 22:22:58.121 9340 9663 I AudioTrack: AudioTrack::setVolume L:1.000000 R:1.000000 and the pakage is com.dual.space.parallel.apps.multiaccounts.appscloner
03-22 22:22:58.121 9340 9663 W libc : Access denied finding property "ro.vendor.audio.shortvideo.index"
03-22 22:22:58.121 9340 9663 I AudioTrack: AudioTrack::setVolume L:1.000000 R:1.000000
03-22 22:22:58.121 9340 9663 D AAudioStream: setState(s#1) from 0 to 2
03-22 22:22:58.124 9340 9663 I AAudio : AAudioStreamBuilder_openStream() returns 0 = AAUDIO_OK for s#1 ----------------
03-22 22:22:58.113 9340 9340 W AudioThread: type=1400 audit(0.0:217646): avc: denied { read } for name="u:object_r:vendor_audio_prop:s0" dev="tmpfs" ino=15538 scontext=u:r:untrusted_app:s0:c189,c256,c512,c768 tcontext=u:object_r:vendor_audio_prop:s0 tclass=file permissive=0 app=com.dual.space.parallel.apps.multiaccounts.appscloner
03-22 22:22:58.127 9340 9663 D AAudio : AAudioStream_requestStart(s#1) called --------------
03-22 22:22:58.127 9340 9663 D AAudioStream: setState(s#1) from 2 to 3
03-22 22:22:58.127 9340 9663 D AudioTrack: start(1324): prior state:STATE_STOPPED
03-22 22:22:58.180 9340 10750 I MediaCodec: [mId: 0] video-debug setState: INITIALIZED
03-22 22:22:58.197 9340 9637 D VideoInfo: com.dual.space.parallel.apps.multiaccounts.appscloner create OMX.qcom.video.decoder.vp9 in MediaCodec
03-22 22:22:58.201 9340 10750 I MediaCodec: MediaCodec will operate in async mode
03-22 22:22:58.203 9340 9637 D MediaCodec: [mId: 0] video-debug configure: ClientName: com.dual.space.parallel.apps.multiaccounts.appscloner ComponentName: OMX.qcom.video.decoder.vp9
03-22 22:22:58.204 9340 9637 D MediaCodec: [mId: 0] video-debug configure: ClientFormat: AMessage(what = 0x00000000) = {
03-22 22:22:58.204 9340 9637 D MediaCodec: int32_t max-height = 360
03-22 22:22:58.204 9340 9637 D MediaCodec: int32_t max-width = 640
03-22 22:22:58.204 9340 9637 D MediaCodec: string mime = "video/x-vnd.on2.vp9"
03-22 22:22:58.204 9340 9637 D MediaCodec: int32_t width = 640
03-22 22:22:58.204 9340 9637 D MediaCodec: int32_t max-input-size = 86400
03-22 22:22:58.204 9340 9637 D MediaCodec: int32_t height = 360
03-22 22:22:58.204 9340 9637 D MediaCodec: }
03-22 22:22:58.204 9340 9637 I MiMediaCodecStub: MiMediaCodecStub::MiMediaCodecStub
03-22 22:22:58.204 9340 9637 I MediaCodec: fps video to display enabled
03-22 22:22:58.210 9340 9663 D AAudio : AAudioStream_requestStart(s#1) returned 0 ---------
03-22 22:22:58.212 9340 9663 I AAudio : AAudioStreamBuilder_openStream() called ----------------------------------------
03-22 22:22:58.212 9340 9663 I AudioStreamBuilder: rate = 44100, channels = 2, channelMask = 0x3, format = 5, sharing = SH, dir = OUTPUT
03-22 22:22:58.212 9340 9663 I AudioStreamBuilder: device = 0, sessionId = - 1, perfMode = 11, callback: ON with frames = 3844
03-22 22:22:58.212 9340 9663 I AudioStreamBuilder: usage = 1, contentType = 0, inputPreset = 0, allowedCapturePolicy = 0
03-22 22:22:58.212 9340 9663 I AudioStreamBuilder: privacy sensitive = false, opPackageName = (null), attributionTag = (null)
03-22 22:22:58.213 9340 9663 D AudioStreamBuilder: build() MMAP not used because AAUDIO_PERFORMANCE_MODE_LOW_LATENCY not requested.
03-22 22:22:58.213 9340 9663 D unts.appscloner: PlayerBase::PlayerBase()
03-22 22:22:58.216 9340 9663 D AudioStreamTrack: open(), request notificationFrames = 0, frameCount = 0
03-22 22:22:58.217 9340 9357 D AudioStreamLegacy: onAudioDeviceUpdate(deviceId = 3)
03-22 22:22:58.218 9340 9663 D AudioTrack: set(sessionId=0), mcallback is 1
03-22 22:22:58.218 9340 9663 D AudioTrack: set(): streamType -1, sampleRate 44100, format 0x5, channelMask 0x3, frameCount 0, flags #8, notificationFrames 0, sessionId 0, transferType 1, uid -1, pid -1
03-22 22:22:58.219 9340 9663 W libc : Access denied finding property "ro.vendor.audio.multichannel.5point1"
03-22 22:22:58.223 9340 9637 I MediaCodec: The Fps from player is 0.000000 frameRateFloat -1.000000 frameRateInt -1
03-22 22:22:58.223 9340 9637 I MediaCodec: MediaStub sendFrameRate
03-22 22:22:58.294 9340 9663 W libc : Access denied finding property "vendor.audio.lowpower"
03-22 22:22:58.309 9340 9637 W libc : Access denied finding property "ro.vendor.audio.zoom.support"
03-22 22:22:58.309 9340 9637 V MediaStub: MediaStub::GetImplInstance for debug create,0x7142dcc6d8
03-22 22:22:58.309 9340 9637 D MediaImpl: MediaImpl::sendFrameRate: -1
03-22 22:22:58.310 9340 9663 W libc : Access denied finding property "vendor.audio.cpu.sched"
03-22 22:22:58.310 9340 9663 W libc : Access denied finding property "vendor.audio.rt.mode"
03-22 22:22:58.310 9340 9663 W libc : Access denied finding property "ro.vendor.audio.zerodata.upload"
03-22 22:22:58.310 9340 9663 W libc : Access denied finding property "vendor.audio.caretaker.at"
03-22 22:22:58.310 9340 9663 I AudioTrack: AudioTrack::setVolume L:1.000000 R:1.000000 and the pakage is com.dual.space.parallel.apps.multiaccounts.appscloner
03-22 22:22:58.310 9340 9663 W libc : Access denied finding property "ro.vendor.audio.shortvideo.index"
03-22 22:22:58.310 9340 9663 I AudioTrack: AudioTrack::setVolume L:1.000000 R:1.000000
03-22 22:22:58.311 9340 9663 D AAudioStream: setState(s#2) from 0 to 2
03-22 22:22:58.311 9340 9637 I MediaCodec: MediaStub sendMine
03-22 22:22:58.311 9340 9637 D MediaImpl: MediaImpl::sendMine: video/x- vnd.on2.vp9
03-22 22:22:58.311 9340 9637 D MediaStub: MediaStub::sendMine video/x-vnd.on2.vp9
03-22 22:22:58.311 9340 9637 D MediaCodec: currery video type video/x-vnd.on2.vp9
03-22 22:22:58.312 9340 9637 I MediaCodec: MediaStub sendDolbyVision
03-22 22:22:58.312 9340 9637 W libc : Access denied finding property "ro.vendor.audio.dolby.vision.support"
03-22 22:22:58.312 9340 9637 I MediaCodec: MediaStub sendPackageName
03-22 22:22:58.312 9340 9637 D MediaImpl: MediaImpl::sendPackageName: com.dual.space.parallel.apps.multiaccounts.appscloner
03-22 22:22:58.312 9340 9637 D MediaStub: MediaStub::sendPackageName com.dual.space.parallel.apps.multiaccounts.appscloner
03-22 22:22:58.312 9340 9637 I MediaCodec: MediaStub sendWidth/sendHeight
03-22 22:22:58.312 9340 9637 I MediaCodec: configure : init video box disabled
03-22 22:22:58.312 9340 10750 D MediaCodec: flushMediametrics
03-22 22:22:58.312 9340 10750 I MediaCodec: [mId: 0] video-debug connectToSurface: surface 0xb4000071008e9000, mSurface 0x0
03-22 22:22:58.312 9340 10750 D SurfaceUtils: connecting to surface 0xb4000071008e9010, reason connectToSurface
03-22 22:22:58.312 9340 10750 I MediaCodec: [OMX.qcom.video.decoder.vp9] setting surface generation to 9564161
03-22 22:22:58.312 9340 10750 D SurfaceUtils: disconnecting from surface 0xb4000071008e9010, reason connectToSurface(reconnect)
03-22 22:22:58.313 9340 9663 I AAudio : AAudioStreamBuilder_openStream() returns 0 = AAUDIO_OK for s#2 ----------------
03-22 22:22:58.313 9340 10750 D SurfaceUtils: connecting to surface 0xb4000071008e9010, reason connectToSurface(reconnect)
03-22 22:22:58.313 9340 9663 D AAudio : AAudioStream_requestStart(s#2) called --------------
03-22 22:22:58.313 9340 9663 D AAudioStream: setState(s#2) from 2 to 3
03-22 22:22:58.313 9340 9663 D AudioTrack: start(1325): prior state:STATE_STOPPED
03-22 22:22:58.314 9340 10750 I MediaCodec: [mId: 0] video-debug setState: CONFIGURING
03-22 22:22:58.320 9340 10751 I ExtendedACodec: setupVideoDecoder()
03-22 22:22:58.322 9340 10751 I ExtendedACodec: Decoder will be in frame by frame mode
03-22 22:22:58.322 9340 10751 W ExtendedACodec: Failed to set frame packing format on component
03-22 22:22:58.325 9340 10750 I MediaCodec: [mId: 0] video-debug setState: CONFIGURED
03-22 22:22:58.326 9340 9637 D MediaCodec: keep callback message for reclaim
03-22 22:22:58.326 9340 10750 I MediaCodec: [mId: 0] video-debug setState: STARTING
03-22 22:22:58.337 9340 10749 D AAudioStream: setState(s#1) from 3 to 4
03-22 22:22:58.338 9340 9663 D AAudio : AAudioStream_requestStart(s#2) returned 0 ---------
03-22 22:22:58.357 9340 9357 D AudioStreamLegacy: onAudioDeviceUpdate(deviceId = 3)
03-22 22:22:58.429 9340 10751 D SurfaceUtils: set up nativeWindow 0xb4000071008e9010 for 640x360, color 0x7fa30c04, rotation 0, usage 0x20402900
03-22 22:22:58.433 9340 10773 D AAudioStream: setState(s#2) from 3 to 4
03-22 22:22:58.435 9340 10750 I MediaCodec: [mId: 0] video-debug setState: STARTED
03-22 22:22:58.437 9340 9637 I cr_MediaCodecBridge: create MediaCodec video decoder, mime video/x-vnd.on2.vp9, decoder name OMX.qcom.video.decoder.vp9, block_model=false
03-22 22:22:58.442 9340 9637 I MediaCodec: init video box disabled for codec not supported
03-22 22:22:58.442 9340 10808 I MediaCodec: [mId: 1] video-debug setState: INITIALIZING
03-22 22:22:58.443 9340 10750 I MiMediaCodec: The CSD is not calculated
03-22 22:22:58.448 9340 10809 I OMXClient: IOmx service obtained
03-22 22:22:58.460 9340 10808 I MediaCodec: [mId: 1] video-debug setState: INITIALIZED
03-22 22:22:58.461 9340 9637 D VideoInfo: com.dual.space.parallel.apps.multiaccounts.appscloner create OMX.qcom.video.decoder.vp9 in MediaCodec
03-22 22:22:58.462 9340 10808 I MediaCodec: MediaCodec will operate in async mode
03-22 22:22:58.463 9340 9637 D MediaCodec: [mId: 1] video-debug configure: ClientName: com.dual.space.parallel.apps.multiaccounts.appscloner ComponentName: OMX.qcom.video.decoder.vp9
03-22 22:22:58.463 9340 9637 D MediaCodec: [mId: 1] video-debug configure: ClientFormat: AMessage(what = 0x00000000) = {
03-22 22:22:58.463 9340 9637 D MediaCodec: int32_t max-height = 640
03-22 22:22:58.463 9340 9637 D MediaCodec: int32_t max-width = 360
03-22 22:22:58.463 9340 9637 D MediaCodec: string mime = "video/x-vnd.on2.vp9"
03-22 22:22:58.463 9340 9637 D MediaCodec: int32_t width = 360
03-22 22:22:58.463 9340 9637 D MediaCodec: int32_t max-input-size = 153600
03-22 22:22:58.463 9340 9637 D MediaCodec: int32_t height = 640
03-22 22:22:58.463 9340 9637 D MediaCodec: }
03-22 22:22:58.463 9340 9637 I MiMediaCodecStub: MiMediaCodecStub::MiMediaCodecStub
03-22 22:22:58.463 9340 9637 I MediaCodec: fps video to display enabled
03-22 22:22:58.464 9340 9637 I MediaCodec: The Fps from player is 0.000000 frameRateFloat -1.000000 frameRateInt -1
03-22 22:22:58.464 9340 9637 I MediaCodec: MediaStub sendFrameRate
03-22 22:22:58.464 9340 9637 D MediaImpl: MediaImpl::sendFrameRate: -1
03-22 22:22:58.465 9340 9637 I MediaCodec: MediaStub sendMine
03-22 22:22:58.465 9340 9637 D MediaImpl: MediaImpl::sendMine: video/x- vnd.on2.vp9
03-22 22:22:58.466 9340 9637 D MediaStub: MediaStub::sendMine video/x-vnd.on2.vp9
03-22 22:22:58.466 9340 9637 D MediaCodec: currery video type video/x-vnd.on2.vp9
03-22 22:22:58.466 9340 9637 I MediaCodec: MediaStub sendDolbyVision
03-22 22:22:58.466 9340 9637 W libc : Access denied finding property "ro.vendor.audio.dolby.vision.support"
03-22 22:22:58.466 9340 9637 I MediaCodec: MediaStub sendPackageName
03-22 22:22:58.466 9340 9637 D MediaImpl: MediaImpl::sendPackageName: com.dual.space.parallel.apps.multiaccounts.appscloner
03-22 22:22:58.466 9340 9637 D MediaStub: MediaStub::sendPackageName com.dual.space.parallel.apps.multiaccounts.appscloner
03-22 22:22:58.466 9340 9637 I MediaCodec: MediaStub sendWidth/sendHeight
03-22 22:22:58.466 9340 9637 I MediaCodec: configure : init video box disabled
03-22 22:22:58.466 9340 10808 D MediaCodec: flushMediametrics
03-22 22:22:58.466 9340 10808 I MediaCodec: [mId: 1] video-debug connectToSurface: surface 0xb400007140433000, mSurface 0x0
03-22 22:22:58.466 9340 10808 D SurfaceUtils: connecting to surface 0xb400007140433010, reason connectToSurface
03-22 22:22:58.467 9340 10808 I MediaCodec: [OMX.qcom.video.decoder.vp9] setting surface generation to 9564162
03-22 22:22:58.467 9340 10808 D SurfaceUtils: disconnecting from surface 0xb400007140433010, reason connectToSurface(reconnect)
03-22 22:22:58.467 9340 10808 D SurfaceUtils: connecting to surface 0xb400007140433010, reason connectToSurface(reconnect)
03-22 22:22:58.467 9340 10808 I MediaCodec: [mId: 1] video-debug setState: CONFIGURING
03-22 22:22:58.468 9340 10809 I ExtendedACodec: setupVideoDecoder()
03-22 22:22:58.470 9340 10809 I ExtendedACodec: Decoder will be in frame by frame mode
03-22 22:22:58.470 9340 10809 W ExtendedACodec: Failed to set frame packing format on component
03-22 22:22:58.475 9340 10808 I MediaCodec: [mId: 1] video-debug setState: CONFIGURED
03-22 22:22:58.480 9340 9637 D MediaCodec: keep callback message for reclaim
03-22 22:22:58.480 9340 10808 I MediaCodec: [mId: 1] video-debug setState: STARTING
03-22 22:22:58.547 9340 10751 D SurfaceUtils: set up nativeWindow 0xb4000071008e9010 for 640x360, color 0x7fa30c04, rotation 0, usage 0x20402900
03-22 22:22:58.596 9340 10809 D SurfaceUtils: set up nativeWindow 0xb400007140433010 for 360x640, color 0x7fa30c04, rotation 0, usage 0x20402900
03-22 22:22:58.601 9340 10808 I MediaCodec: [mId: 1] video-debug setState: STARTED
03-22 22:22:58.609 9340 10808 I MiMediaCodec: The CSD is not calculated
03-22 22:22:58.646 9340 9663 D AAudio : AAudioStream_requestStop(s#1) called
03-22 22:22:58.646 9340 9663 D AAudioStream: setState(s#1) from 4 to 9
03-22 22:22:58.646 9340 9663 D AudioTrack: stop(sessionID=56777)
03-22 22:22:58.646 9340 9663 D AudioTrack: stop(1324): prior state:STATE_ACTIVE
03-22 22:22:58.646 9340 9663 D AudioTrack: stop(1324): called with 24752 frames delivered
03-22 22:22:58.648 9340 9663 D AAudioStream: setState(s#1) from 9 to 10
03-22 22:22:58.651 9340 9340 D ContentValues: Ad was loaded.
03-22 22:22:58.662 9340 10809 D SurfaceUtils: set up nativeWindow 0xb400007140433010 for 360x640, color 0x7fa30c04, rotation 0, usage 0x20402900
03-22 22:22:58.664 9340 9643 W cr_MediaCodecBridge: Releasing: OMX.qcom.video.decoder.vp9
03-22 22:22:58.664 9340 10750 I MediaCodec: [mId: 0] video-debug connectToSurface: surface 0xb40000710090e000, mSurface 0xb4000071008e9000
03-22 22:22:58.664 9340 10750 D SurfaceUtils: connecting to surface 0xb40000710090e010, reason connectToSurface
03-22 22:22:58.664 9340 10750 I MediaCodec: [OMX.qcom.video.decoder.vp9] setting surface generation to 9564163
03-22 22:22:58.664 9340 10750 D SurfaceUtils: disconnecting from surface 0xb40000710090e010, reason connectToSurface(reconnect)
03-22 22:22:58.664 9340 10750 D SurfaceUtils: connecting to surface 0xb40000710090e010, reason connectToSurface(reconnect)
03-22 22:22:58.666 9340 10751 D SurfaceUtils: set up nativeWindow 0xb40000710090e010 for 640x360, color 0x7fa30c04, rotation 0, usage 0x20402900
03-22 22:22:58.666 9340 10750 I MediaCodec: [mId: 0] video-debug disconnectFromSurface: mSurface 0xb4000071008e9000
03-22 22:22:58.666 9340 10750 D SurfaceUtils: disconnecting from surface 0xb4000071008e9010, reason disconnectFromSurface
03-22 22:22:58.666 9340 10750 E Surface : freeAllBuffers: 13 buffers were freed while being dequeued!
03-22 22:22:58.666 9340 10750 I MediaCodec: [mId: 0] video-debug setState: RELEASING
03-22 22:22:58.668 9340 9643 W cr_MediaCodecBridge: Codec released
03-22 22:22:58.695 9340 10750 I MediaCodec: [mId: 0] video-debug disconnectFromSurface: mSurface 0xb40000710090e000
03-22 22:22:58.696 9340 10750 D SurfaceUtils: disconnecting from surface 0xb40000710090e010, reason disconnectFromSurface
03-22 22:22:58.698 9340 10750 I MediaCodec: [mId: 0] video-debug setState: UNINITIALIZED
03-22 22:22:58.700 9340 10750 I MediaCodec: MediaStub sendHdrInfo/sendFrameRateFloatCal/updateFrcAieAisState
03-22 22:22:58.700 9340 10750 D MediaImpl: FRC not support: valueSupport :
03-22 22:22:58.700 9340 10750 D MediaImpl: AIE not support: valueSupport :
03-22 22:22:58.700 9340 10750 D MediaImpl: AIS not support: valueSupport :
03-22 22:22:58.700 9340 10750 D MediaCodec: flushMediametrics
03-22 22:22:58.703 9340 10750 D MediaCodec: flushMediametrics
03-22 22:22:58.703 9340 10750 D VideoInfo: com.dual.space.parallel.apps.multiaccounts.appscloner destroy OMX.qcom.video.decoder.vp9 in MediaCodec, input num 13 output num 13 render num 1
03-22 22:22:58.703 9340 10750 D VideoInfo: max input intervel 142ms max output intervel 9ms max render interval 0ms
03-22 22:22:58.714 9340 9663 D AAudio : AAudioStream_requestStop(s#2) called
03-22 22:22:58.715 9340 9663 D AAudioStream: setState(s#2) from 4 to 9
03-22 22:22:58.715 9340 9663 D AudioTrack: stop(sessionID=56785)
03-22 22:22:58.715 9340 9663 D AudioTrack: stop(1325): prior state:STATE_ACTIVE
03-22 22:22:58.715 9340 9663 D AudioTrack: stop(1325): called with 21184 frames delivered
03-22 22:22:58.715 9340 9340 D ContentValues: Ad was loaded.
03-22 22:22:58.715 9340 9663 D AAudioStream: setState(s#2) from 9 to 10
03-22 22:22:58.716 9340 9663 D AAudio : AAudioStream_requestStop(s#2) called
03-22 22:22:58.716 9340 9663 D AAudio : AAudioStream_close(s#2) called ---------------
03-22 22:22:58.716 9340 9663 D AAudioStream: setState(s#2) from 10 to 11
03-22 22:22:58.716 9340 9663 D AudioTrack: stop(sessionID=56785)
03-22 22:22:58.716 9340 9663 D AudioTrack: stop(1325): prior state:STATE_STOPPED
03-22 22:22:58.716 9340 9663 D AudioTrack: ~AudioTrack(sessionID=56785)
03-22 22:22:58.716 9340 9663 D AudioTrack: stop(sessionID=56785)
03-22 22:22:58.716 9340 9663 D AudioTrack: stop(1325): prior state:STATE_STOPPED
03-22 22:22:58.718 9340 9663 D AAudioStream: setState(s#2) from 11 to 12
03-22 22:22:58.718 9340 9663 D AAudioStream: ~AudioStream(s#2) mPlayerBase strongCount = 2
03-22 22:22:58.718 9340 9663 D AAudio : AAudioStream_close(s#2) returned 0 ---------
03-22 22:22:58.732 9340 9637 W cr_MediaCodecBridge: Releasing: OMX.qcom.video.decoder.vp9
03-22 22:22:58.733 9340 10808 I MediaCodec: [mId: 1] video-debug connectToSurface: surface 0xb4000070e8cbd000, mSurface 0xb400007140433000
03-22 22:22:58.733 9340 10808 D SurfaceUtils: connecting to surface 0xb4000070e8cbd010, reason connectToSurface
03-22 22:22:58.733 9340 10808 I MediaCodec: [OMX.qcom.video.decoder.vp9] setting surface generation to 9564164
03-22 22:22:58.733 9340 10808 D SurfaceUtils: disconnecting from surface 0xb4000070e8cbd010, reason connectToSurface(reconnect)
03-22 22:22:58.733 9340 10808 D SurfaceUtils: connecting to surface 0xb4000070e8cbd010, reason connectToSurface(reconnect)
03-22 22:22:58.735 9340 10809 D SurfaceUtils: set up nativeWindow 0xb4000070e8cbd010 for 360x640, color 0x7fa30c04, rotation 0, usage 0x20402900
03-22 22:22:58.735 9340 10808 I MediaCodec: [mId: 1] video-debug disconnectFromSurface: mSurface 0xb400007140433000
03-22 22:22:58.735 9340 10808 D SurfaceUtils: disconnecting from surface 0xb400007140433010, reason disconnectFromSurface
03-22 22:22:58.735 9340 10808 E Surface : freeAllBuffers: 15 buffers were freed while being dequeued!
03-22 22:22:58.735 9340 10808 I MediaCodec: [mId: 1] video-debug setState: RELEASING
03-22 22:22:58.737 9340 9637 W cr_MediaCodecBridge: Codec released
03-22 22:22:58.750 9340 10808 I MediaCodec: [mId: 1] video-debug disconnectFromSurface: mSurface 0xb4000070e8cbd000
03-22 22:22:58.750 9340 10808 D SurfaceUtils: disconnecting from surface 0xb4000070e8cbd010, reason disconnectFromSurface
03-22 22:22:58.752 9340 10808 I MediaCodec: [mId: 1] video-debug setState: UNINITIALIZED
03-22 22:22:58.754 9340 10808 I MediaCodec: MediaStub sendHdrInfo/sendFrameRateFloatCal/updateFrcAieAisState
03-22 22:22:58.754 9340 10808 D MediaImpl: FRC not support: valueSupport :
03-22 22:22:58.754 9340 10808 D MediaImpl: AIE not support: valueSupport :
03-22 22:22:58.754 9340 10808 D MediaImpl: AIS not support: valueSupport :
03-22 22:22:58.754 9340 10808 D MediaCodec: flushMediametrics
03-22 22:22:58.756 9340 10808 D MediaCodec: flushMediametrics
03-22 22:22:58.756 9340 10808 D VideoInfo: com.dual.space.parallel.apps.multiaccounts.appscloner destroy OMX.qcom.video.decoder.vp9 in MediaCodec, input num 15 output num 15 render num 1
03-22 22:22:58.756 9340 10808 D VideoInfo: max input intervel 61ms max output intervel 15ms max render interval 0ms
03-22 22:23:01.135 9340 9340 D CompatibilityChangeReporter: Compat change id reported: 78294732; UID 10189; state: ENABLED
03-22 22:23:01.161 9340 9340 D DecorView[]: onWindowFocusChanged hasWindowFocus true
03-22 22:23:01.162 9340 9340 I HandWritingStubImpl: refreshLastKeyboardType: 1
03-22 22:23:01.162 9340 9340 I HandWritingStubImpl: getCurrentKeyboardType: 1
03-22 22:23:01.583 9340 9340 W MirrorManager: this model don't Support
03-22 22:23:01.695 9340 9340 D ContentValues: Will show ad.
03-22 22:23:01.728 9340 9340 D MiuiMultiWindowAdapter: MiuiMultiWindowAdapter::getFreeformVideoWhiteListInSystem::LIST_ABOUT_SUPPORT_LANDS CAPE_VIDEO = [com.hunantv.imgo.activity, com.tencent.qqlive, com.qiyi.video, com.hunantv.imgo.activity.inter, com.tencent.qqlivei18n, com.iqiyi.i18n, tv.danmaku.bili]
03-22 22:23:01.743 9340 9340 D DynamitePackage: Instantiating com.google.android.gms.ads.ChimeraAdOverlayCreatorImpl
03-22 22:23:01.747 9340 9340 D ContentValues: onAdShowedFullScreenContent.
03-22 22:23:01.752 9340 9340 D IS_CTS_MODE: false
03-22 22:23:01.752 9340 9340 D MULTI_WINDOW_ENABLED: false
03-22 22:23:01.754 9340 9340 D DecorView[]: getWindowModeFromSystem windowmode is 1
03-22 22:23:01.760 9340 9340 I DynamiteModule: Considering local module com.google.android.gms.ads.dynamite:0 and remote module com.google.android.gms.ads.dynamite:250505301
03-22 22:23:01.760 9340 9340 I DynamiteModule: Selected remote version of com.google.android.gms.ads.dynamite, version >= 250505301
03-22 22:23:01.814 9340 9340 D VRI[AdActivity]: vri.reportNextDraw android.view.ViewRootImpl.performTraversals:3878 android.view.ViewRootImpl.doTraversal:2610 android.view.ViewRootImpl$TraversalRunnable.run:9619 android.view.Choreographer$CallbackRecord.run:1491 android.view.Choreographer$CallbackRecord.run:1499
03-22 22:23:01.814 9340 9340 D VRI[AdActivity]: vri.Setup new sync id=0 syncSeqId=0
03-22 22:23:01.851 9340 9502 E perf_hint: Session creation failed, mPreferredRateNanos: -1
03-22 22:23:01.853 9340 9340 D VRI[AdActivity]: vri.reportDrawFinished syncSeqId=0 android.view.ViewRootImpl.lambda$createSyncIfNeeded$4$android-view- ViewRootImpl:3946 android.view.ViewRootImpl$$ExternalSyntheticLambda1.run:6 android.os.Handler.handleCallback:942 android.os.Handler.dispatchMessage:99 android.os.Looper.loopOnce:211
03-22 22:23:01.854 9340 9340 D DecorView[]: onWindowFocusChanged hasWindowFocus false
03-22 22:23:01.862 9340 9340 D VRI[AdActivity]: vri.reportNextDraw android.view.ViewRootImpl.handleResized:1982 android.view.ViewRootImpl.-$ $Nest$mhandleResized:0 android.view.ViewRootImpl$ViewRootHandler.handleMessageImpl:6000 android.view.ViewRootImpl$ViewRootHandler.handleMessage:5969 android.os.Handler.dispatchMessage:106
03-22 22:23:01.864 9340 9340 D VRI[AdActivity]: vri.Setup new sync id=1 syncSeqId=0
03-22 22:23:01.867 9340 9340 D VRI[AdActivity]: vri.reportDrawFinished syncSeqId=0 android.view.ViewRootImpl.lambda$createSyncIfNeeded$4$android-view- ViewRootImpl:3946 android.view.ViewRootImpl$$ExternalSyntheticLambda1.run:6 android.os.Handler.handleCallback:942 android.os.Handler.dispatchMessage:99 android.os.Looper.loopOnce:211
03-22 22:23:01.962 9340 9340 D DecorView[]: onWindowFocusChanged hasWindowFocus true
03-22 22:23:01.975 9340 9340 I HandWritingStubImpl: refreshLastKeyboardType: 1
03-22 22:23:01.975 9340 9340 I HandWritingStubImpl: getCurrentKeyboardType: 1
03-22 22:23:02.430 9340 9340 W Looper : PerfMonitor doFrame : time=439ms vsyncFrame=0 latency=2ms procState=-1
03-22 22:23:02.436 9340 9340 W Looper : PerfMonitor doFrame : time=4ms vsyncFrame=0 latency=426ms procState=-1 historyMsgCount=2 (msgIndex=1 wall=439ms seq=1528 late=2ms h=android.view.Choreographer$FrameHandler c=android.view.Choreographer$FrameDisplayEventReceiver)
03-22 22:23:03.718 9340 9663 D AAudio : AAudioStream_requestStop(s#1) called
03-22 22:23:03.718 9340 9663 D AAudio : AAudioStream_close(s#1) called ---------------
03-22 22:23:03.718 9340 9663 D AAudioStream: setState(s#1) from 10 to 11
03-22 22:23:03.718 9340 9663 D AudioTrack: stop(sessionID=56777)
03-22 22:23:03.718 9340 9663 D AudioTrack: stop(1324): prior state:STATE_STOPPED
03-22 22:23:03.719 9340 9663 D AudioTrack: ~AudioTrack(sessionID=56777)
03-22 22:23:03.719 9340 9663 D AudioTrack: stop(sessionID=56777)
03-22 22:23:03.719 9340 9663 D AudioTrack: stop(1324): prior state:STATE_STOPPED
03-22 22:23:03.721 9340 9663 D AAudioStream: setState(s#1) from 11 to 12
03-22 22:23:03.722 9340 9663 D AAudioStream: ~AudioStream(s#1) mPlayerBase strongCount = 2
03-22 22:23:03.722 9340 9663 D AAudio : AAudioStream_close(s#1) returned 0 ---------
03-22 22:23:04.989 9340 9340 I HandWritingStubImpl: refreshLastKeyboardType: 1
03-22 22:23:04.990 9340 9340 I HandWritingStubImpl: getCurrentKeyboardType: 1
03-22 22:23:04.998 9340 9340 D ContentValues: onAdDismissedFullScreenContent.
03-22 22:23:05.059 9340 9340 D DynamitePackage: Instantiating com.google.android.gms.ads.ChimeraAdManagerCreatorImpl
03-22 22:23:05.061 9340 9340 I Ads : Use RequestConfiguration.Builder().setTestDeviceIds(Arrays.asList("2361F722360E5083C920 247A23AFB535")) to get test ads on this device.
03-22 22:23:05.066 9340 9340 I Ads : Please set theme of AdActivity to @android:style/Theme.Translucent to enable transparent background interstitial ad.
03-22 22:23:05.071 9340 9967 I AudioManager: In isSpeakerphoneOn() calling application: com.dual.space.parallel.apps.multiaccounts.appscloner
03-22 22:23:05.072 9340 9340 I HandWritingStubImpl: refreshLastKeyboardType: 1
03-22 22:23:05.078 9340 9340 D MiuiMultiWindowAdapter: MiuiMultiWindowAdapter::getFreeformVideoWhiteListInSystem::LIST_ABOUT_SUPPORT_LANDS CAPE_VIDEO = [com.hunantv.imgo.activity, com.tencent.qqlive, com.qiyi.video, com.hunantv.imgo.activity.inter, com.tencent.qqlivei18n, com.iqiyi.i18n, tv.danmaku.bili]
03-22 22:23:05.117 9340 9340 D IS_CTS_MODE: false
03-22 22:23:05.117 9340 9340 D MULTI_WINDOW_ENABLED: false
03-22 22:23:05.118 9340 9340 D DecorView[]: getWindowModeFromSystem windowmode is 1
03-22 22:23:05.122 9340 10950 W ServiceBindIntentUtils: Dynamic lookup for intent failed for action: com.google.android.gms.ads.service.START
03-22 22:23:05.143 9340 9340 D DecorView[]: onWindowFocusChanged hasWindowFocus false
03-22 22:23:05.211 9340 9968 W System : Ignoring header If-None-Match because its value was null.
03-22 22:23:05.231 9340 9340 D VRI[LanguageActivity]: vri.reportNextDraw android.view.ViewRootImpl.performTraversals:3878 android.view.ViewRootImpl.doTraversal:2610 android.view.ViewRootImpl$TraversalRunnable.run:9619 android.view.Choreographer$CallbackRecord.run:1491 android.view.Choreographer$CallbackRecord.run:1499
03-22 22:23:05.231 9340 9340 D VRI[LanguageActivity]: vri.Setup new sync id=0 syncSeqId=0
03-22 22:23:05.248 9340 9502 E perf_hint: Session creation failed, mPreferredRateNanos: -1
03-22 22:23:05.250 9340 9340 D VRI[LanguageActivity]: vri.reportDrawFinished syncSeqId=0 android.view.ViewRootImpl.lambda$createSyncIfNeeded$4$android-view- ViewRootImpl:3946 android.view.ViewRootImpl$$ExternalSyntheticLambda1.run:6 android.os.Handler.handleCallback:942 android.os.Handler.dispatchMessage:99 android.os.Looper.loopOnce:211
03-22 22:23:05.254 9340 9340 D DynamitePackage: Instantiating com.google.android.gms.ads.ChimeraAdLoaderBuilderCreatorImpl
03-22 22:23:05.257 9340 9340 I Ads : Use RequestConfiguration.Builder().setTestDeviceIds(Arrays.asList("2361F722360E5083C920 247A23AFB535")) to get test ads on this device.
03-22 22:23:05.269 9340 9799 I AudioManager: In isSpeakerphoneOn() calling application: com.dual.space.parallel.apps.multiaccounts.appscloner
03-22 22:23:05.269 9340 9340 I Ads : Please set theme of AdActivity to @android:style/Theme.Translucent to enable transparent background interstitial ad.
03-22 22:23:05.277 9340 9801 W Ads : Not retrying to fetch app settings
03-22 22:23:05.278 9340 9340 I InsetsControllerImpl: change fadeInDuration from 500ms to 750ms for lowmem device
03-22 22:23:05.278 9340 9340 D VRI[LanguageActivity]: vri.reportNextDraw android.view.ViewRootImpl.handleResized:1982 android.view.ViewRootImpl.-$ $Nest$mhandleResized:0 android.view.ViewRootImpl$ViewRootHandler.handleMessageImpl:6000 android.view.ViewRootImpl$ViewRootHandler.handleMessage:5969 android.os.Handler.dispatchMessage:106
03-22 22:23:05.290 9340 9340 D VRI[LanguageActivity]: vri.Setup new sync id=1 syncSeqId=0
03-22 22:23:05.296 9340 9340 D VRI[LanguageActivity]: vri.reportDrawFinished syncSeqId=0 android.view.ViewRootImpl.lambda$createSyncIfNeeded$4$android-view- ViewRootImpl:3946 android.view.ViewRootImpl$$ExternalSyntheticLambda1.run:6 android.os.Handler.handleCallback:942 android.os.Handler.dispatchMessage:99 android.os.Looper.loopOnce:211
03-22 22:23:05.296 9340 9340 D DecorView[]: onWindowFocusChanged hasWindowFocus true
03-22 22:23:05.297 9340 9340 I HandWritingStubImpl: refreshLastKeyboardType: 1
03-22 22:23:05.297 9340 9340 I HandWritingStubImpl: getCurrentKeyboardType: 1
03-22 22:23:05.823 9340 9340 D ContentValues: onAdFailedToLoad: No fill.
03-22 22:23:05.823 9340 9340 I Ads : Ad failed to load : 3
03-22 22:23:05.921 9340 9340 D DynamitePackage: Instantiating com.google.android.gms.ads.ChimeraAdManagerCreatorImpl
03-22 22:23:05.925 9340 9340 I Ads : Use RequestConfiguration.Builder().setTestDeviceIds(Arrays.asList("2361F722360E5083C920 247A23AFB535")) to get test ads on this device.
03-22 22:23:05.936 9340 9802 I AudioManager: In isSpeakerphoneOn() calling application: com.dual.space.parallel.apps.multiaccounts.appscloner
03-22 22:23:05.937 9340 9340 I Ads : Please set theme of AdActivity to @android:style/Theme.Translucent to enable transparent background interstitial ad.
03-22 22:23:05.949 9340 10124 W Ads : Not retrying to fetch app settings
03-22 22:23:06.402 9340 9340 D DynamitePackage: Instantiating com.google.android.gms.ads.ChimeraNativeAdViewDelegateCreatorImpl
03-22 22:23:06.448 9340 9340 D NATIVE_LOADED: loaded
03-22 22:23:06.540 9340 9340 D ContentValues: onAdFailedToLoad: No fill.
03-22 22:23:06.541 9340 9340 I Ads : Ad failed to load : 3
03-22 22:23:06.589 9340 9340 D DynamitePackage: Instantiating com.google.android.gms.ads.ChimeraAdManagerCreatorImpl
03-22 22:23:06.592 9340 9340 I Ads : Use RequestConfiguration.Builder().setTestDeviceIds(Arrays.asList("2361F722360E5083C920 247A23AFB535")) to get test ads on this device.
03-22 22:23:06.600 9340 9799 I AudioManager: In isSpeakerphoneOn() calling application: com.dual.space.parallel.apps.multiaccounts.appscloner
03-22 22:23:06.602 9340 9340 I Ads : Please set theme of AdActivity to @android:style/Theme.Translucent to enable transparent background interstitial ad.
03-22 22:23:06.608 9340 10128 W Ads : Not retrying to fetch app settings
03-22 22:23:07.136 9340 9340 D ContentValues: onAdFailedToLoad: No fill.
03-22 22:23:07.136 9340 9340 I Ads : Ad failed to load : 3
03-22 22:23:07.193 9340 9340 D DynamitePackage: Instantiating com.google.android.gms.ads.ChimeraAdManagerCreatorImpl
03-22 22:23:07.196 9340 9340 I Ads : Use RequestConfiguration.Builder().setTestDeviceIds(Arrays.asList("2361F722360E5083C920 247A23AFB535")) to get test ads on this device.
03-22 22:23:07.210 9340 9749 I AudioManager: In isSpeakerphoneOn() calling application: com.dual.space.parallel.apps.multiaccounts.appscloner
03-22 22:23:07.213 9340 9340 I Ads : Please set theme of AdActivity to @android:style/Theme.Translucent to enable transparent background interstitial ad.
03-22 22:23:07.219 9340 10125 W Ads : Not retrying to fetch app settings
03-22 22:23:07.844 9340 9340 D ContentValues: onAdFailedToLoad: Error building request URL: Too many recently failed requests for ad unit ID: ca-app-pub- 2769622665687343/3719314815. You must wait a few seconds before making another ad request.
03-22 22:23:07.845 9340 9340 I Ads : Ad failed to load : 1
03-22 22:23:07.892 9340 9340 D DynamitePackage: Instantiating com.google.android.gms.ads.ChimeraAdManagerCreatorImpl
03-22 22:23:07.894 9340 9340 I Ads : Use RequestConfiguration.Builder().setTestDeviceIds(Arrays.asList("2361F722360E5083C920 247A23AFB535")) to get test ads on this device.
03-22 22:23:07.899 9340 9967 I AudioManager: In isSpeakerphoneOn() calling application: com.dual.space.parallel.apps.multiaccounts.appscloner
03-22 22:23:07.901 9340 9340 I Ads : Please set theme of AdActivity to @android:style/Theme.Translucent to enable transparent background interstitial ad.
03-22 22:23:07.904 9340 9755 W Ads : Not retrying to fetch app settings
03-22 22:23:08.511 9340 9340 D ContentValues: onAdFailedToLoad: Error building request URL: Too many recently failed requests for ad unit ID: ca-app-pub- 2769622665687343/3719314815. You must wait a few seconds before making another ad request.
03-22 22:23:08.511 9340 9340 I Ads : Ad failed to load : 1
03-22 22:23:08.602 9340 9340 D DynamitePackage: Instantiating com.google.android.gms.ads.ChimeraAdManagerCreatorImpl
03-22 22:23:08.609 9340 9340 I Ads : Use RequestConfiguration.Builder().setTestDeviceIds(Arrays.asList("2361F722360E5083C920 247A23AFB535")) to get test ads on this device.
03-22 22:23:08.634 9340 9340 I Ads : Please set theme of AdActivity to @android:style/Theme.Translucent to enable transparent background interstitial ad.
03-22 22:23:08.640 9340 9800 I AudioManager: In isSpeakerphoneOn() calling application: com.dual.space.parallel.apps.multiaccounts.appscloner
03-22 22:23:08.647 9340 10131 W Ads : Not retrying to fetch app settings
03-22 22:23:09.297 9340 9340 D ContentValues: onAdFailedToLoad: Error building request URL: Too many recently failed requests for ad unit ID: ca-app-pub- 2769622665687343/3719314815. You must wait a few seconds before making another ad request.
03-22 22:23:09.298 9340 9340 I Ads : Ad failed to load : 1
03-22 22:23:09.399 9340 9340 D DynamitePackage: Instantiating com.google.android.gms.ads.ChimeraAdManagerCreatorImpl
03-22 22:23:09.401 9340 9340 I Ads : Use RequestConfiguration.Builder().setTestDeviceIds(Arrays.asList("2361F722360E5083C920 247A23AFB535")) to get test ads on this device.
03-22 22:23:09.408 9340 9340 I Ads : Please set theme of AdActivity to @android:style/Theme.Translucent to enable transparent background interstitial ad.
03-22 22:23:09.411 9340 9749 I AudioManager: In isSpeakerphoneOn() calling application: com.dual.space.parallel.apps.multiaccounts.appscloner
03-22 22:23:09.414 9340 9749 W Ads : Not retrying to fetch app settings
03-22 22:23:09.998 9340 9340 D ContentValues: onAdFailedToLoad: Error building request URL: Too many recently failed requests for ad unit ID: ca-app-pub- 2769622665687343/3719314815. You must wait a few seconds before making another ad request.
03-22 22:23:09.998 9340 9340 I Ads : Ad failed to load : 1
03-22 22:23:10.101 9340 9340 D DynamitePackage: Instantiating com.google.android.gms.ads.ChimeraAdManagerCreatorImpl
03-22 22:23:10.103 9340 9340 I Ads : Use RequestConfiguration.Builder().setTestDeviceIds(Arrays.asList("2361F722360E5083C920 247A23AFB535")) to get test ads on this device.
03-22 22:23:10.111 9340 9340 I Ads : Please set theme of AdActivity to @android:style/Theme.Translucent to enable transparent background interstitial ad.
03-22 22:23:10.113 9340 9802 I AudioManager: In isSpeakerphoneOn() calling application: com.dual.space.parallel.apps.multiaccounts.appscloner
03-22 22:23:10.115 9340 9802 W Ads : Not retrying to fetch app settings
03-22 22:23:10.695 9340 9340 D ContentValues: onAdFailedToLoad: Error building request URL: Too many recently failed requests for ad unit ID: ca-app-pub- 2769622665687343/3719314815. You must wait a few seconds before making another ad request.
03-22 22:23:10.695 9340 9340 I Ads : Ad failed to load : 1
03-22 22:23:10.702 9340 9340 D DynamitePackage: Instantiating com.google.android.gms.ads.ChimeraAdManagerCreatorImpl
03-22 22:23:10.704 9340 9340 I Ads : Use RequestConfiguration.Builder().setTestDeviceIds(Arrays.asList("2361F722360E5083C920 247A23AFB535")) to get test ads on this device.
03-22 22:23:10.713 9340 9756 I AudioManager: In isSpeakerphoneOn() calling application: com.dual.space.parallel.apps.multiaccounts.appscloner
03-22 22:23:10.714 9340 9340 I Ads : Please set theme of AdActivity to @android:style/Theme.Translucent to enable transparent background interstitial ad.
03-22 22:23:11.322 9340 9340 D ContentValues: onAdFailedToLoad: Error building request URL: Too many recently failed requests for ad unit ID: ca-app-pub- 2769622665687343/3719314815. You must wait a few seconds before making another ad request.
