uid=10200(com.dual.space.parallel.apps.multiaccounts.appscloner) RenderThread
identical 1 line
05-26 09:20:49.346 1936 2061 I OpenGLRenderer:
05-26 09:20:49.350 1936 1936 D app_purchased: not_purchase_app_open
05-26 09:20:49.363 1936 2061 I OpenGLRenderer:
05-26 09:20:49.380 1936 2061 I chatty :
uid=10200(com.dual.space.parallel.apps.multiaccounts.appscloner) RenderThread
identical 1 line
05-26 09:20:49.396 1936 2061 I OpenGLRenderer:
05-26 09:20:49.404 1936 2246 D LogManager: crash report is disabled.
05-26 09:20:49.413 1936 2061 I OpenGLRenderer:
05-26 09:20:49.429 1936 2061 I chatty :
uid=10200(com.dual.space.parallel.apps.multiaccounts.appscloner) RenderThread
identical 1 line
05-26 09:20:49.446 1936 2061 I OpenGLRenderer:
05-26 09:20:49.451 1936 1936 D app_purchased: not_purchase_app_open
05-26 09:20:49.462 1936 2061 I OpenGLRenderer:
05-26 09:20:49.471 1936 2094 I System.out: [OkHttp] sendRequest<<
05-26 09:20:49.481 1936 2061 I OpenGLRenderer:
05-26 09:20:49.496 1936 2061 I chatty :
uid=10200(com.dual.space.parallel.apps.multiaccounts.appscloner) RenderThread
identical 1 line
05-26 09:20:49.513 1936 2061 I OpenGLRenderer:
05-26 09:20:49.529 1936 2061 I OpenGLRenderer:
05-26 09:20:49.546 1936 2061 I OpenGLRenderer:
05-26 09:20:49.550 1936 1936 D app_purchased: not_purchase_app_open
05-26 09:20:49.564 1936 2061 I OpenGLRenderer:
05-26 09:20:49.580 1936 2061 I OpenGLRenderer:
05-26 09:20:49.596 1936 2061 I OpenGLRenderer:
05-26 09:20:49.621 1936 2061 I OpenGLRenderer:
05-26 09:20:49.631 1936 2061 I chatty :
uid=10200(com.dual.space.parallel.apps.multiaccounts.appscloner) RenderThread
identical 1 line
05-26 09:20:49.647 1936 2061 I OpenGLRenderer:
05-26 09:20:49.650 1936 1936 D app_purchased: not_purchase_app_open
05-26 09:20:49.658 1936 1936 D BANNER_ID: ca-app-pub-2769622665687343/5452634438
05-26 09:20:49.660 1936 1936 D Banner bottom: 0
05-26 09:20:49.661 1936 1936 D AllFirebaseValue: sixmonthdiscountText ID 50% OFF
05-26 09:20:49.661 1936 1936 D AllFirebaseValue: oneyeardiscountText ID 40% OFF
05-26 09:20:49.661 1936 1936 D AllFirebaseValue: lifetimediscountText ID 65% OFF
05-26 09:20:49.661 1936 1936 D AllFirebaseValue: unknown_install ID true
05-26 09:20:49.661 1936 1936 D Pro_dialog_control: target_inapp ID 1
05-26 09:20:49.661 1936 1936 D Pro_dialog_control: continue_btn_text ID Purchase
Now
05-26 09:20:49.661 1936 1936 D Pro_dialog_control: pro_textview_text ID Hurry up,
50% OFF Today Only!
05-26 09:20:49.661 1936 1936 D jsonObjectControlInAppDiscount:
AdmobNativeStyleOnOFF ID false
05-26 09:20:49.661 1936 1936 D jsonObjectControlInAppDiscount:
isNormalNativeON_OFF ID true
05-26 09:20:49.661 1936 1936 D jsonObjectControlInAppDiscount:
isNormalNative_2_ON_OFF ID false
05-26 09:20:49.661 1936 1936 D jsonObjectControlInAppDiscount:
isNormalBannerON_OFF ID true
05-26 09:20:49.661 1936 1936 D jsonObjectControlInAppDiscount:
isNormalInterstitialON_OFF ID true
05-26 09:20:49.661 1936 1936 D jsonObjectControlInAppDiscount:
isShowingNativeApplovinON_OFF ID true
05-26 09:20:49.661 1936 1936 D jsonObjectControlInAppDiscount:
isShowingBannerApplovinON_OFF ID true
05-26 09:20:49.662 1936 1936 D jsonObjectControlInAppDiscount:
preLoadAdmobNativeOnOff ID true
05-26 09:20:49.662 1936 1936 D jsonObjectControlInAppDiscount:
preLoadAdmobBannerOnOff ID true
05-26 09:20:49.662 1936 1936 D jsonObjectControlInAppDiscount:
preLoadAdmobInterstitialOnOff ID true
05-26 09:20:49.662 1936 1936 D jsonObjectControlInAppDiscount:
isShowingInterstitialApplovinON_OFF ID true
05-26 09:20:49.662 1936 1936 D jsonObjectControlInAppDiscount:
isShowingInterstitialVungleON_OFF ID false
05-26 09:20:49.662 1936 1936 D jsonObjectControlInAppDiscount:
InterstitialCountDownMilliSec ID 0
05-26 09:20:49.662 1936 1936 D jsonObjectControlInAppDiscount:
headingFirstTextDialog ID Please Wait
05-26 09:20:49.662 1936 1936 D jsonObjectControlInAppDiscount:
headingSecondTextDialog ID Loading Ad
05-26 09:20:49.663 1936 2061 I OpenGLRenderer:
05-26 09:20:49.668 1936 2246 I System.out: [socket]:check permission begin!
05-26 09:20:49.679 1936 2061 I OpenGLRenderer:
05-26 09:20:49.697 1936 2061 I chatty :
uid=10200(com.dual.space.parallel.apps.multiaccounts.appscloner) RenderThread
identical 1 line
05-26 09:20:49.713 1936 2061 I OpenGLRenderer:
05-26 09:20:49.729 1936 2061 I OpenGLRenderer:
05-26 09:20:49.746 1936 2061 I OpenGLRenderer:
05-26 09:20:49.750 1936 1936 D LOAD : loaded_called
05-26 09:20:49.763 1936 2061 I OpenGLRenderer:
05-26 09:20:49.769 1936 1936 D DynamitePackage: Instantiating
com.google.android.gms.ads.ChimeraAdManagerCreatorImpl
05-26 09:20:49.779 1936 2061 I OpenGLRenderer:
05-26 09:20:49.788 1936 2172 E SensorManager: sensor or listener is null
05-26 09:20:49.788 1936 2172 E SensorManager: sensor or listener is null
05-26 09:20:49.796 1936 2061 I OpenGLRenderer:
05-26 09:20:49.813 1936 2061 I OpenGLRenderer:
05-26 09:20:49.814 1936 1936 I Ads : Use
RequestConfiguration.Builder().setTestDeviceIds(Arrays.asList("E3C6AB96B0FB434C9254
402D8EB0572D")) to get test ads on this device.
05-26 09:20:49.830 1936 2061 I OpenGLRenderer:
05-26 09:20:49.863 1936 2061 I chatty :
uid=10200(com.dual.space.parallel.apps.multiaccounts.appscloner) RenderThread
identical 2 lines
05-26 09:20:49.881 1936 2061 I OpenGLRenderer:
05-26 09:20:49.899 1936 2061 I OpenGLRenderer:
05-26 09:20:49.948 1936 2061 I OpenGLRenderer:
05-26 09:20:49.948 1936 2061 I OpenGLRenderer: --xw 3gap: 0
05-26 09:20:49.948 1936 2061 I OpenGLRenderer:
05-26 09:20:49.948 1936 2061 I chatty :
uid=10200(com.dual.space.parallel.apps.multiaccounts.appscloner) RenderThread
identical 2 lines
05-26 09:20:49.956 1936 2061 I OpenGLRenderer:
05-26 09:20:49.991 1936 2172 D AppLovinSdk: [AppLovinSdk]
05-26 09:20:49.991 1936 2172 D AppLovinSdk:
========================================
05-26 09:20:49.991 1936 2172 D AppLovinSdk: =====AppLovin SDK=====
05-26 09:20:49.991 1936 2172 D AppLovinSdk: ===SDK Versions===
05-26 09:20:49.991 1936 2172 D AppLovinSdk: Version: 12.4.2
05-26 09:20:49.991 1936 2172 D AppLovinSdk: Plugin Version: 11.8.2.0
05-26 09:20:49.991 1936 2172 D AppLovinSdk: Ad Review Version:
05-26 09:20:49.991 1936 2172 D AppLovinSdk: OM SDK Version: 1.4.12-Applovin
05-26 09:20:49.991 1936 2172 D AppLovinSdk: ===Device Info===
05-26 09:20:49.991 1936 2172 D AppLovinSdk: OS: 11 (R - API 30)
05-26 09:20:49.991 1936 2172 D AppLovinSdk: GAID: <Enable verbose logging to see
the GAID to use for test devices - https://monetization-support.applovin.com/hc/en-
us/articles/236114328-How-can-I-expose-verbose-logging-for-the-SDK>
05-26 09:20:49.991 1936 2172 D AppLovinSdk: App Set ID: <Enable verbose logging
to see the App Set ID to use for test devices - https://monetization-
support.applovin.com/hc/en-us/articles/236114328-How-can-I-expose-verbose-logging-
for-the-SDK>
05-26 09:20:49.991 1936 2172 D AppLovinSdk: Model: TECNO LC7
05-26 09:20:49.991 1936 2172 D AppLovinSdk: Locale: en_US
05-26 09:20:49.991 1936 2172 D AppLovinSdk: Emulator: false
05-26 09:20:49.991 1936 2172 D AppLovinSdk: Tablet: false
05-26 09:20:49.991 1936 2172 D AppLovinSdk: ===App Info===
05-26 09:20:49.991 1936 2172 D AppLovinSdk: Application ID:
com.dual.space.parallel.apps.multiaccounts.appscloner
05-26 09:20:49.991 1936 2172 D AppLovinSdk: Target SDK: 33
05-26 09:20:49.991 1936 2172 D AppLovinSdk: ExoPlayer Version: 2015001
05-26 09:20:49.991 1936 2172 D AppLovinSdk: ===SDK Settings===
05-26 09:20:49.991 1936 2172 D AppLovinSdk: SDK Key:
uxqyaJRMdttBJC0Ik5VckaGOcJQnhXC90DTlxBBfkW7uyA57d3arHddg1FK_Dt5GBu8TJMuBa7H3-
tTTgkEf0h
05-26 09:20:49.991 1936 2172 D AppLovinSdk: Mediation Provider: admob
05-26 09:20:49.991 1936 2172 D AppLovinSdk: TG: 73
05-26 09:20:49.991 1936 2172 D AppLovinSdk: AEI: 120
05-26 09:20:49.991 1936 2172 D AppLovinSdk: MEI: 4
05-26 09:20:49.991 1936 2172 D AppLovinSdk: MD:
FR4p/BAVABUAFQAAFQAVABUCABUAFQAVBAAVABUAFQYAFQAVABUIABXeBxWEExUKABUAFQAVDAAVABUAFQ4
AFQAVABUQABUAFQAVEgAVABUAFRQAFQAVABUWABUAFQAVGAAVABUAFRoAFQAVABUcABUAFQAVHgAbAVwKFd
4HFYQTFQoAAA==
05-26 09:20:49.991 1936 2172 D AppLovinSdk: Test Mode On: false
05-26 09:20:49.991 1936 2172 D AppLovinSdk: Verbose Logging On: false
05-26 09:20:49.991 1936 2172 D AppLovinSdk: ===Privacy States===
05-26 09:20:49.991 1936 2172 D AppLovinSdk: Please review AppLovin MAX
documentation to be compliant with regional privacy policies.
05-26 09:20:49.991 1936 2172 D AppLovinSdk:
05-26 09:20:49.991 1936 2172 D AppLovinSdk: Age Restricted User - No value set
05-26 09:20:49.991 1936 2172 D AppLovinSdk: Has User Consent - No value set
05-26 09:20:49.991 1936 2172 D AppLovinSdk: "Do Not Sell" - No value set
05-26 09:20:49.991 1936 2172 D AppLovinSdk: ===MAX Terms Flow===
05-26 09:20:49.991 1936 2172 D AppLovinSdk: Enabled: false
05-26 09:20:49.991 1936 2172 D AppLovinSdk: Privacy Policy URI: null
05-26 09:20:49.991 1936 2172 D AppLovinSdk: Terms of Service URI: null
05-26 09:20:49.991 1936 2172 D AppLovinSdk: ===CMP (CONSENT MANAGEMENT
PLATFORM)===
05-26 09:20:49.991 1936 2172 D AppLovinSdk:
05-26 09:20:49.991 1936 2172 D AppLovinSdk: CMP Name - Google LLC CMP
05-26 09:20:49.991 1936 2172 D AppLovinSdk: CMP SDK ID - 300
05-26 09:20:49.991 1936 2172 D AppLovinSdk: CMP SDK Version - No value set
05-26 09:20:49.991 1936 2172 D AppLovinSdk: IABTCF_gdprApplies - 0
05-26 09:20:49.991 1936 2172 D AppLovinSdk: IABTCF_TCString - No value set
05-26 09:20:49.991 1936 2172 D AppLovinSdk: IABTCF_AddtlConsent - No value set
05-26 09:20:49.991 1936 2172 D AppLovinSdk:
========================================
05-26 09:20:49.997 1936 2061 I OpenGLRenderer:
05-26 09:20:50.002 1936 2172 E AppLovinSdk: [PersistentPostbackQueueSaveTask]
Postbacks queue file does not exist.
05-26 09:20:50.012 1936 2061 I OpenGLRenderer:
05-26 09:20:50.029 1936 2061 I OpenGLRenderer:
05-26 09:20:50.044 1936 2234 I System.out: [okhttp]:check permission begin!
05-26 09:20:50.046 1936 2234 I System.out: [okhttp]:not MMS!
05-26 09:20:50.046 1936 2061 I OpenGLRenderer:
05-26 09:20:50.047 1936 2234 I System.out: [okhttp]:not Email!
05-26 09:20:50.063 1936 2061 I OpenGLRenderer:
05-26 09:20:50.079 1936 2061 I OpenGLRenderer:
05-26 09:20:50.085 1936 2234 I System.out: [socket]:check permission begin!
05-26 09:20:50.096 1936 2061 I OpenGLRenderer:
05-26 09:20:50.119 1936 2061 I OpenGLRenderer:
05-26 09:20:50.131 1936 1936 I Ads : Please set theme of AdActivity to
@android:style/Theme.Translucent to enable transparent background interstitial ad.
05-26 09:20:50.132 1936 2061 I OpenGLRenderer:
05-26 09:20:50.146 1936 2061 I OpenGLRenderer:
05-26 09:20:50.159 1936 1975 E unts.appsclone: No package ID 79 found for ID
0x790b0007.
05-26 09:20:50.162 1936 2239 E Ads : Error calling adapter:
com.google.ads.mediation.vungle.VungleMediationAdapter
05-26 09:20:50.163 1936 2288 E Ads : Error calling adapter:
com.google.ads.mediation.applovin.AppLovinMediationAdapter
05-26 09:20:50.164 1936 2061 I OpenGLRenderer:
05-26 09:20:50.180 1936 2061 I OpenGLRenderer:
05-26 09:20:50.183 1936 1936 W ConnectionStatusConfig: Dynamic lookup for intent
failed for action: com.google.android.gms.ads.service.CACHE
05-26 09:20:50.197 1936 2061 I OpenGLRenderer:
05-26 09:20:50.205 1936 1936 D DynamitePackage: Instantiating
com.google.android.gms.ads.ChimeraAdManagerCreatorImpl
05-26 09:20:50.209 1936 1936 I Ads : Use
RequestConfiguration.Builder().setTestDeviceIds(Arrays.asList("E3C6AB96B0FB434C9254
402D8EB0572D")) to get test ads on this device.
05-26 09:20:50.212 1936 2061 I OpenGLRenderer:
05-26 09:20:50.227 1936 2190 E Ads : Error calling adapter:
com.google.ads.mediation.applovin.AppLovinMediationAdapter
05-26 09:20:50.230 1936 2293 E Ads : Error calling adapter:
com.google.ads.mediation.vungle.VungleMediationAdapter
05-26 09:20:50.235 1936 1936 I Ads : Please set theme of AdActivity to
@android:style/Theme.Translucent to enable transparent background interstitial ad.
05-26 09:20:50.246 1936 2061 I OpenGLRenderer:
05-26 09:20:50.254 1936 1936 D DynamitePackage: Instantiating
com.google.android.gms.ads.ChimeraAdManagerCreatorImpl
05-26 09:20:50.258 1936 1936 I Ads : Use
RequestConfiguration.Builder().setTestDeviceIds(Arrays.asList("E3C6AB96B0FB434C9254
402D8EB0572D")) to get test ads on this device.
05-26 09:20:50.264 1936 2061 I OpenGLRenderer:
05-26 09:20:50.278 1936 1936 I Ads : Please set theme of AdActivity to
@android:style/Theme.Translucent to enable transparent background interstitial ad.
05-26 09:20:50.279 1936 2061 I OpenGLRenderer:
05-26 09:20:50.293 1936 2235 I System.out: [okhttp]:check permission begin!
05-26 09:20:50.293 1936 2235 I System.out: [okhttp]:not MMS!
05-26 09:20:50.293 1936 2235 I System.out: [okhttp]:not Email!
05-26 09:20:50.296 1936 1936 D DynamitePackage: Instantiating
com.google.android.gms.ads.ChimeraAdLoaderBuilderCreatorImpl
05-26 09:20:50.299 1936 2061 I OpenGLRenderer:
05-26 09:20:50.313 1936 2061 I OpenGLRenderer:
05-26 09:20:50.318 1936 1936 I Ads : Use
RequestConfiguration.Builder().setTestDeviceIds(Arrays.asList("E3C6AB96B0FB434C9254
402D8EB0572D")) to get test ads on this device.
05-26 09:20:50.321 1936 2235 I System.out: [socket]:check permission begin!
05-26 09:20:50.329 1936 2061 I OpenGLRenderer:
05-26 09:20:50.346 1936 2061 I chatty :
uid=10200(com.dual.space.parallel.apps.multiaccounts.appscloner) RenderThread
identical 1 line
05-26 09:20:50.362 1936 2061 I OpenGLRenderer:
05-26 09:20:50.369 1936 1936 I Ads : Please set theme of AdActivity to
@android:style/Theme.Translucent to enable transparent background interstitial ad.
05-26 09:20:50.378 1936 1936 D app_purchased: not_purchase_app_open
05-26 09:20:50.379 1936 2061 I OpenGLRenderer:
05-26 09:20:50.390 1936 1936 D DynamitePackage: Instantiating
com.google.android.gms.ads.ChimeraAdManagerCreatorImpl
05-26 09:20:50.396 1936 2061 I OpenGLRenderer:
05-26 09:20:50.408 1936 1936 I Ads : Use
RequestConfiguration.Builder().setTestDeviceIds(Arrays.asList("E3C6AB96B0FB434C9254
402D8EB0572D")) to get test ads on this device.
05-26 09:20:50.413 1936 2061 I OpenGLRenderer:
05-26 09:20:50.431 1936 2061 I OpenGLRenderer:
05-26 09:20:50.437 1936 1936 I Ads : Please set theme of AdActivity to
@android:style/Theme.Translucent to enable transparent background interstitial ad.
05-26 09:20:50.443 1936 1936 I Choreographer: Skipped 41 frames! The application
may be doing too much work on its main thread.
05-26 09:20:50.446 1936 2061 I OpenGLRenderer:
05-26 09:20:50.464 1936 2322 W System.err: java.lang.NullPointerException:
Attempt to invoke interface method 'void
com.transsion.log.sub.ITranLogSubManager.compulateSkipperFrame(android.os.Bundle)'
on a null object reference
05-26 09:20:50.466 1936 2322 W System.err: at
android.app.ActivityThread$2.run(ActivityThread.java:7941)
05-26 09:20:50.466 1936 2322 W System.err: at
java.util.concurrent.ThreadPoolExecutor.runWorker(ThreadPoolExecutor.java:1167)
05-26 09:20:50.466 1936 2322 W System.err: at
java.util.concurrent.ThreadPoolExecutor$Worker.run(ThreadPoolExecutor.java:641)
05-26 09:20:50.466 1936 2322 W System.err: at
java.lang.Thread.run(Thread.java:923)
05-26 09:20:50.484 1936 2234 I System.out: [OkHttp] sendRequest<<
05-26 09:20:50.506 1936 1936 D app_purchased: not_purchase_app_open
05-26 09:20:50.509 1936 2061 I OpenGLRenderer:
05-26 09:20:50.509 1936 2061 I OpenGLRenderer: --xw 3gap: 0
05-26 09:20:50.509 1936 2061 I OpenGLRenderer:
05-26 09:20:50.509 1936 2061 I chatty :
uid=10200(com.dual.space.parallel.apps.multiaccounts.appscloner) RenderThread
identical 2 lines
05-26 09:20:50.512 1936 2061 I OpenGLRenderer:
05-26 09:20:50.529 1936 2061 I OpenGLRenderer:
05-26 09:20:50.547 1936 2061 I OpenGLRenderer:
05-26 09:20:50.563 1936 2061 I OpenGLRenderer:
05-26 09:20:50.579 1936 2061 I OpenGLRenderer:
05-26 09:20:50.596 1936 2061 I OpenGLRenderer:
05-26 09:20:50.605 1936 1936 D app_purchased: not_purchase_app_open
05-26 09:20:50.613 1936 2061 I OpenGLRenderer:
05-26 09:20:50.629 1936 2061 I OpenGLRenderer:
05-26 09:20:50.655 1936 2061 I chatty :
uid=10200(com.dual.space.parallel.apps.multiaccounts.appscloner) RenderThread
identical 1 line
05-26 09:20:50.663 1936 2061 I OpenGLRenderer:
05-26 09:20:50.663 1936 1936 D BANNER_ID: ca-app-pub-2769622665687343/5452634438
05-26 09:20:50.663 1936 1936 D Banner bottom: 0
05-26 09:20:50.664 1936 1936 D AllFirebaseValue: sixmonthdiscountText ID 50% OFF
05-26 09:20:50.664 1936 1936 D AllFirebaseValue: oneyeardiscountText ID 40% OFF
05-26 09:20:50.664 1936 1936 D AllFirebaseValue: lifetimediscountText ID 65% OFF
05-26 09:20:50.664 1936 1936 D AllFirebaseValue: unknown_install ID true
05-26 09:20:50.664 1936 1936 D Pro_dialog_control: target_inapp ID 1
05-26 09:20:50.664 1936 1936 D Pro_dialog_control: continue_btn_text ID Purchase
Now
05-26 09:20:50.664 1936 1936 D Pro_dialog_control: pro_textview_text ID Hurry up,
50% OFF Today Only!
05-26 09:20:50.664 1936 1936 D jsonObjectControlInAppDiscount:
AdmobNativeStyleOnOFF ID false
05-26 09:20:50.664 1936 1936 D jsonObjectControlInAppDiscount:
isNormalNativeON_OFF ID true
05-26 09:20:50.664 1936 1936 D jsonObjectControlInAppDiscount:
isNormalNative_2_ON_OFF ID false
05-26 09:20:50.664 1936 1936 D jsonObjectControlInAppDiscount:
isNormalBannerON_OFF ID true
05-26 09:20:50.664 1936 1936 D jsonObjectControlInAppDiscount:
isNormalInterstitialON_OFF ID true
05-26 09:20:50.664 1936 1936 D jsonObjectControlInAppDiscount:
isShowingNativeApplovinON_OFF ID true
05-26 09:20:50.664 1936 1936 D jsonObjectControlInAppDiscount:
isShowingBannerApplovinON_OFF ID true
05-26 09:20:50.664 1936 1936 D jsonObjectControlInAppDiscount:
preLoadAdmobNativeOnOff ID true
05-26 09:20:50.664 1936 1936 D jsonObjectControlInAppDiscount:
preLoadAdmobBannerOnOff ID true
05-26 09:20:50.664 1936 1936 D jsonObjectControlInAppDiscount:
preLoadAdmobInterstitialOnOff ID true
05-26 09:20:50.664 1936 1936 D jsonObjectControlInAppDiscount:
isShowingInterstitialApplovinON_OFF ID true
05-26 09:20:50.664 1936 1936 D jsonObjectControlInAppDiscount:
isShowingInterstitialVungleON_OFF ID false
05-26 09:20:50.664 1936 1936 D jsonObjectControlInAppDiscount:
InterstitialCountDownMilliSec ID 0
05-26 09:20:50.664 1936 1936 D jsonObjectControlInAppDiscount:
headingFirstTextDialog ID Please Wait
05-26 09:20:50.664 1936 1936 D jsonObjectControlInAppDiscount:
headingSecondTextDialog ID Loading Ad
05-26 09:20:50.680 1936 2061 I OpenGLRenderer:
05-26 09:20:50.706 1936 2061 I OpenGLRenderer:
05-26 09:20:50.706 1936 1936 D app_purchased: not_purchase_app_open
05-26 09:20:50.729 1936 2061 I OpenGLRenderer:
05-26 09:20:50.746 1936 2061 I OpenGLRenderer:
05-26 09:20:50.763 1936 2061 I OpenGLRenderer:
05-26 09:20:50.779 1936 2061 I OpenGLRenderer:
05-26 09:20:50.795 1936 2061 I OpenGLRenderer:
05-26 09:20:50.806 1936 1936 W VungleMediationAdapter: {
05-26 09:20:50.806 1936 1936 W VungleMediationAdapter: "Code": 3,
05-26 09:20:50.806 1936 1936 W VungleMediationAdapter: "Message":
"Configuration Error Occurred. Please check your appID and placementIDs, and try
again when network connectivity is available.",
05-26 09:20:50.806 1936 1936 W VungleMediationAdapter: "Domain":
"com.vungle.warren",
05-26 09:20:50.806 1936 1936 W VungleMediationAdapter: "Cause": "null"
05-26 09:20:50.806 1936 1936 W VungleMediationAdapter: }
05-26 09:20:50.808 1936 1936 D app_purchased: not_purchase_app_open
05-26 09:20:50.813 1936 2061 I OpenGLRenderer:
05-26 09:20:50.829 1936 2061 I OpenGLRenderer:
05-26 09:20:50.831 1936 2328 D JobRunnable: Setting process thread prio = 10 for
AnalyticsJob
05-26 09:20:50.841 1936 2284 I unts.appsclone: Waiting for a blocking GC
ClassLinker
05-26 09:20:50.846 1936 2293 W Ads : Not retrying to fetch app settings
05-26 09:20:50.847 1936 2288 W Ads : Not retrying to fetch app settings
05-26 09:20:50.847 1936 2061 I OpenGLRenderer:
05-26 09:20:50.849 1936 2235 I System.out: [OkHttp] sendRequest<<
05-26 09:20:50.851 1936 2308 W Ads : Not retrying to fetch app settings
05-26 09:20:50.853 1936 2329 W Ads : Not retrying to fetch app settings
05-26 09:20:50.862 1936 2061 I OpenGLRenderer:
05-26 09:20:50.874 1936 2318 W Ads : Not retrying to fetch app settings
05-26 09:20:50.876 1936 2334 W ConnectionStatusConfig: Dynamic lookup for intent
failed for action: com.google.android.gms.ads.service.START
05-26 09:20:50.895 1936 2328 D JobRunnable: Start job AnalyticsJobThread vng_jr-
th-1
05-26 09:20:50.899 1936 2061 I OpenGLRenderer:
05-26 09:20:50.899 1936 2061 I OpenGLRenderer: --xw 3gap: 0
05-26 09:20:50.899 1936 2061 I OpenGLRenderer:
05-26 09:20:50.899 1936 2061 I chatty :
uid=10200(com.dual.space.parallel.apps.multiaccounts.appscloner) RenderThread
identical 1 line
05-26 09:20:50.899 1936 2061 I OpenGLRenderer:
05-26 09:20:50.909 1936 1936 D app_purchased: not_purchase_app_open
05-26 09:20:50.915 1936 2061 I OpenGLRenderer:
05-26 09:20:50.917 1936 2328 D JobRunnable: On job finished AnalyticsJob with
result 0
05-26 09:20:50.929 1936 2061 I OpenGLRenderer:
05-26 09:20:50.946 1936 2061 I OpenGLRenderer:
05-26 09:20:50.962 1936 2061 I OpenGLRenderer:
05-26 09:20:50.986 1936 2061 I OpenGLRenderer:
05-26 09:20:50.995 1936 2061 I OpenGLRenderer:
05-26 09:20:50.998 1936 2234 I System.out: [okhttp]:check permission begin!
05-26 09:20:51.007 1936 2234 I System.out: [okhttp]:not MMS!
05-26 09:20:51.007 1936 2234 I System.out: [okhttp]:not Email!
05-26 09:20:51.008 1936 1936 D app_purchased: not_purchase_app_open
05-26 09:20:51.012 1936 2061 I OpenGLRenderer:
05-26 09:20:51.029 1936 2061 I OpenGLRenderer:
05-26 09:20:51.036 1936 2234 I System.out: [socket]:check permission begin!
05-26 09:20:51.052 1936 2061 I OpenGLRenderer:
05-26 09:20:51.065 1936 2061 I OpenGLRenderer:
05-26 09:20:51.068 1936 1949 I unts.appsclone: Background young concurrent
copying GC freed 96451(6199KB) AllocSpace objects, 65(3176KB) LOS objects, 42%
free, 10MB/18MB, paused 213us total 375.380ms
05-26 09:20:51.071 1936 2284 I unts.appsclone: WaitForGcToComplete blocked
ClassLinker on ClassLinker for 238.676ms
05-26 09:20:51.078 1936 2061 I OpenGLRenderer:
05-26 09:20:51.095 1936 2061 I OpenGLRenderer:
05-26 09:20:51.109 1936 1936 D app_purchased: not_purchase_app_open
05-26 09:20:51.112 1936 2061 I OpenGLRenderer:
05-26 09:20:51.109 1936 1936 W pool-61-thread-: type=1400 audit(0.0:39229): avc:
granted { execute } for
path="/data/data/com.dual.space.parallel.apps.multiaccounts.appscloner/
app_pccache/2/0C31CD2F110453B1C4B6C7F695F3B8C02FFCC297/pcam.jar" dev="mmcblk0p39"
ino=139439 scontext=u:r:untrusted_app:s0:c200,c256,c512,c768
tcontext=u:object_r:app_data_file:s0:c200,c256,c512,c768 tclass=file
app=com.dual.space.parallel.apps.multiaccounts.appscloner
05-26 09:20:51.129 1936 2061 I OpenGLRenderer:
05-26 09:20:51.146 1936 2061 I OpenGLRenderer:
05-26 09:20:51.163 1936 2061 I OpenGLRenderer:
05-26 09:20:51.179 1936 2061 I OpenGLRenderer:
05-26 09:20:51.195 1936 2061 I OpenGLRenderer:
05-26 09:20:51.208 1936 1936 D app_purchased: not_purchase_app_open
05-26 09:20:51.212 1936 2061 I OpenGLRenderer:
05-26 09:20:51.245 1936 2061 I chatty :
uid=10200(com.dual.space.parallel.apps.multiaccounts.appscloner) RenderThread
identical 2 lines
05-26 09:20:51.262 1936 2061 I OpenGLRenderer:
05-26 09:20:51.278 1936 2061 I OpenGLRenderer:
05-26 09:20:51.297 1936 2061 I OpenGLRenderer:
05-26 09:20:51.307 1936 2234 I System.out: [OkHttp] sendRequest<<
05-26 09:20:51.308 1936 1936 D app_purchased: not_purchase_app_open
05-26 09:20:51.312 1936 2061 I OpenGLRenderer:
05-26 09:20:51.329 1936 2061 I OpenGLRenderer:
05-26 09:20:51.378 1936 2061 I chatty :
uid=10200(com.dual.space.parallel.apps.multiaccounts.appscloner) RenderThread
identical 3 lines
05-26 09:20:51.395 1936 2061 I OpenGLRenderer:
05-26 09:20:51.409 1936 1936 D app_purchased: not_purchase_app_open
05-26 09:20:51.411 1936 2061 I OpenGLRenderer:
05-26 09:20:51.428 1936 2061 I chatty :
uid=10200(com.dual.space.parallel.apps.multiaccounts.appscloner) RenderThread
identical 1 line
05-26 09:20:51.445 1936 2061 I OpenGLRenderer:
05-26 09:20:51.462 1936 2061 I OpenGLRenderer:
05-26 09:20:51.478 1936 2061 I OpenGLRenderer:
05-26 09:20:51.495 1936 2061 I OpenGLRenderer:
05-26 09:20:51.508 1936 1936 D app_purchased: not_purchase_app_open
05-26 09:20:51.512 1936 2061 I OpenGLRenderer:
05-26 09:20:51.528 1936 2061 I OpenGLRenderer:
05-26 09:20:51.545 1936 2061 I OpenGLRenderer:
05-26 09:20:51.562 1936 2061 I OpenGLRenderer:
05-26 09:20:51.579 1936 2061 I OpenGLRenderer:
05-26 09:20:51.595 1936 2061 I OpenGLRenderer:
05-26 09:20:51.609 1936 1936 D app_purchased: not_purchase_app_open
05-26 09:20:51.611 1936 2061 I OpenGLRenderer:
05-26 09:20:51.628 1936 2061 I OpenGLRenderer:
05-26 09:20:51.644 1936 2061 I OpenGLRenderer:
05-26 09:20:51.661 1936 2061 I OpenGLRenderer:
05-26 09:20:51.678 1936 2061 I OpenGLRenderer:
05-26 09:20:51.695 1936 2061 I OpenGLRenderer:
05-26 09:20:51.709 1936 1936 D app_purchased: not_purchase_app_open
05-26 09:20:51.711 1936 2061 I OpenGLRenderer:
05-26 09:20:51.727 1936 2061 I OpenGLRenderer:
05-26 09:20:51.744 1936 2061 I OpenGLRenderer:
05-26 09:20:51.761 1936 2061 I OpenGLRenderer:
05-26 09:20:51.778 1936 2061 I OpenGLRenderer:
05-26 09:20:51.795 1936 2061 I OpenGLRenderer:
05-26 09:20:51.809 1936 1936 D app_purchased: not_purchase_app_open
05-26 09:20:51.812 1936 2061 I OpenGLRenderer:
05-26 09:20:51.829 1936 2061 I OpenGLRenderer:
05-26 09:20:51.845 1936 2061 I OpenGLRenderer:
05-26 09:20:51.861 1936 2061 I OpenGLRenderer:
05-26 09:20:51.878 1936 2061 I OpenGLRenderer:
05-26 09:20:51.895 1936 2061 I OpenGLRenderer:
05-26 09:20:51.909 1936 1936 D app_purchased: not_purchase_app_open
05-26 09:20:51.911 1936 2061 I OpenGLRenderer:
05-26 09:20:51.927 1936 2061 I chatty :
uid=10200(com.dual.space.parallel.apps.multiaccounts.appscloner) RenderThread
identical 1 line
05-26 09:20:51.945 1936 2061 I OpenGLRenderer:
05-26 09:20:51.961 1936 2061 I OpenGLRenderer:
05-26 09:20:51.978 1936 2061 I OpenGLRenderer:
05-26 09:20:51.996 1936 2061 I OpenGLRenderer:
05-26 09:20:52.009 1936 1936 D app_purchased: not_purchase_app_open
05-26 09:20:52.012 1936 2061 I OpenGLRenderer:
05-26 09:20:52.028 1936 2061 I OpenGLRenderer:
05-26 09:20:52.044 1936 2061 I OpenGLRenderer:
05-26 09:20:52.061 1936 2061 I OpenGLRenderer:
05-26 09:20:52.077 1936 2061 I OpenGLRenderer:
05-26 09:20:52.079 1936 2171 I System.out: [okhttp]:check permission begin!
05-26 09:20:52.079 1936 2171 I System.out: [okhttp]:not MMS!
05-26 09:20:52.079 1936 2171 I System.out: [okhttp]:not Email!
05-26 09:20:52.094 1936 2061 I OpenGLRenderer:
05-26 09:20:52.102 1936 2171 I System.out: [socket]:check permission begin!
05-26 09:20:52.109 1936 1936 D app_purchased: not_purchase_app_open
05-26 09:20:52.112 1936 2061 I OpenGLRenderer:
05-26 09:20:52.145 1936 2061 I chatty :
uid=10200(com.dual.space.parallel.apps.multiaccounts.appscloner) RenderThread
identical 2 lines
05-26 09:20:52.161 1936 2061 I OpenGLRenderer:
05-26 09:20:52.178 1936 2061 I OpenGLRenderer:
05-26 09:20:52.195 1936 2061 I OpenGLRenderer:
05-26 09:20:52.209 1936 1936 D app_purchased: not_purchase_app_open
05-26 09:20:52.212 1936 2061 I OpenGLRenderer:
05-26 09:20:52.262 1936 2061 I chatty :
uid=10200(com.dual.space.parallel.apps.multiaccounts.appscloner) RenderThread
identical 3 lines
05-26 09:20:52.278 1936 2061 I OpenGLRenderer:
05-26 09:20:52.295 1936 2061 I OpenGLRenderer:
05-26 09:20:52.309 1936 1936 D app_purchased: not_purchase_app_open
05-26 09:20:52.312 1936 2061 I OpenGLRenderer:
05-26 09:20:52.329 1936 2061 I chatty :
uid=10200(com.dual.space.parallel.apps.multiaccounts.appscloner) RenderThread
identical 1 line
05-26 09:20:52.346 1936 2061 I OpenGLRenderer:
05-26 09:20:52.359 1936 2171 I System.out: [OkHttp] sendRequest>>
05-26 09:20:52.359 1936 2171 I System.out: [OkHttp] sendRequest<<
05-26 09:20:52.362 1936 2061 I OpenGLRenderer:
05-26 09:20:52.378 1936 2061 I chatty :
uid=10200(com.dual.space.parallel.apps.multiaccounts.appscloner) RenderThread
identical 1 line
05-26 09:20:52.394 1936 2061 I OpenGLRenderer:
05-26 09:20:52.409 1936 1936 D app_purchased: not_purchase_app_open
05-26 09:20:52.411 1936 2061 I OpenGLRenderer:
05-26 09:20:52.427 1936 2061 I OpenGLRenderer:
05-26 09:20:52.444 1936 2061 I OpenGLRenderer:
05-26 09:20:52.461 1936 2061 I OpenGLRenderer:
05-26 09:20:52.478 1936 2061 I chatty :
uid=10200(com.dual.space.parallel.apps.multiaccounts.appscloner) RenderThread
identical 1 line
05-26 09:20:52.494 1936 2061 I OpenGLRenderer:
05-26 09:20:52.509 1936 1936 D app_purchased: not_purchase_app_open
05-26 09:20:52.512 1936 2061 I OpenGLRenderer:
05-26 09:20:52.528 1936 2061 I OpenGLRenderer:
05-26 09:20:52.544 1936 2061 I OpenGLRenderer:
05-26 09:20:52.562 1936 2061 I OpenGLRenderer:
05-26 09:20:52.577 1936 2061 I OpenGLRenderer:
05-26 09:20:52.595 1936 2061 I OpenGLRenderer:
05-26 09:20:52.609 1936 1936 D app_purchased: not_purchase_app_open
05-26 09:20:52.611 1936 2061 I OpenGLRenderer:
05-26 09:20:52.625 1936 2171 I System.out: [okhttp]:check permission begin!
05-26 09:20:52.625 1936 2171 I System.out: [okhttp]:not MMS!
05-26 09:20:52.625 1936 2171 I System.out: [okhttp]:not Email!
05-26 09:20:52.626 1936 2171 I System.out: [OkHttp] sendRequest>>
05-26 09:20:52.626 1936 2171 I System.out: [OkHttp] sendRequest<<
05-26 09:20:52.628 1936 2061 I OpenGLRenderer:
05-26 09:20:52.644 1936 2061 I OpenGLRenderer:
05-26 09:20:52.660 1936 2061 I OpenGLRenderer:
05-26 09:20:52.678 1936 2061 I chatty :
uid=10200(com.dual.space.parallel.apps.multiaccounts.appscloner) RenderThread
identical 1 line
05-26 09:20:52.695 1936 2061 I OpenGLRenderer:
05-26 09:20:52.708 1936 1936 D app_purchased: not_purchase_app_open
05-26 09:20:52.711 1936 2061 I OpenGLRenderer:
05-26 09:20:52.727 1936 2061 I OpenGLRenderer:
05-26 09:20:52.744 1936 2061 I OpenGLRenderer:
05-26 09:20:52.760 1936 2061 I chatty :
uid=10200(com.dual.space.parallel.apps.multiaccounts.appscloner) RenderThread
identical 1 line
05-26 09:20:52.779 1936 2061 I OpenGLRenderer:
05-26 09:20:52.794 1936 2061 I OpenGLRenderer:
05-26 09:20:52.809 1936 1936 D app_purchased: not_purchase_app_open
05-26 09:20:52.812 1936 2061 I OpenGLRenderer:
05-26 09:20:52.828 1936 2061 I OpenGLRenderer:
05-26 09:20:52.846 1936 2061 I OpenGLRenderer:
05-26 09:20:52.862 1936 2061 I OpenGLRenderer:
05-26 09:20:52.877 1936 2061 I OpenGLRenderer:
05-26 09:20:52.894 1936 2061 I OpenGLRenderer:
05-26 09:20:52.910 1936 2061 I OpenGLRenderer:
05-26 09:20:52.927 1936 2061 I OpenGLRenderer:
05-26 09:20:52.945 1936 2061 I OpenGLRenderer:
05-26 09:20:52.953 1936 2171 I System.out: [okhttp]:check permission begin!
05-26 09:20:52.961 1936 2061 I OpenGLRenderer:
05-26 09:20:52.962 1936 2171 I System.out: [okhttp]:not MMS!
05-26 09:20:52.962 1936 2171 I System.out: [okhttp]:not Email!
05-26 09:20:52.977 1936 2061 I OpenGLRenderer:
05-26 09:20:52.994 1936 2061 I chatty :
uid=10200(com.dual.space.parallel.apps.multiaccounts.appscloner) RenderThread
identical 1 line
05-26 09:20:53.011 1936 2061 I OpenGLRenderer:
05-26 09:20:53.014 1936 1936 D app_purchased: not_purchase_app_open
05-26 09:20:53.020 1936 2314 I System.out: [okhttp]:check permission begin!
05-26 09:20:53.023 1936 2314 I System.out: [okhttp]:not MMS!
05-26 09:20:53.024 1936 2314 I System.out: [okhttp]:not Email!
05-26 09:20:53.028 1936 2061 I OpenGLRenderer:
05-26 09:20:53.036 1936 2316 I System.out: [okhttp]:check permission begin!
05-26 09:20:53.036 1936 2316 I System.out: [okhttp]:not MMS!
05-26 09:20:53.037 1936 2316 I System.out: [okhttp]:not Email!
05-26 09:20:53.046 1936 2061 I OpenGLRenderer:
05-26 09:20:53.058 1936 2314 I System.out: [socket]:check permission begin!
05-26 09:20:53.062 1936 2061 I OpenGLRenderer:
05-26 09:20:53.077 1936 2061 I OpenGLRenderer:
05-26 09:20:53.092 1936 2316 I System.out: [socket]:check permission begin!
05-26 09:20:53.094 1936 2061 I OpenGLRenderer:
05-26 09:20:53.106 1936 2171 I System.out: [socket]:check permission begin!
05-26 09:20:53.111 1936 2061 I OpenGLRenderer:
05-26 09:20:53.116 1936 1936 D app_purchased: not_purchase_app_open
05-26 09:20:53.127 1936 2061 I OpenGLRenderer:
05-26 09:20:53.144 1936 2061 I chatty :
uid=10200(com.dual.space.parallel.apps.multiaccounts.appscloner) RenderThread
identical 1 line
05-26 09:20:53.161 1936 2061 I OpenGLRenderer:
05-26 09:20:53.177 1936 2061 I OpenGLRenderer:
05-26 09:20:53.188 1936 1936 D ContentValues: No ads meet eCPM floor.
<https://support.google.com/admob/answer/9905175#8>
05-26 09:20:53.194 1936 2061 I OpenGLRenderer:
05-26 09:20:53.212 1936 2061 I OpenGLRenderer:
05-26 09:20:53.220 1936 1936 D DynamitePackage: Instantiating
com.google.android.gms.ads.ChimeraAdManagerCreatorImpl
05-26 09:20:53.227 1936 2061 I OpenGLRenderer:
05-26 09:20:53.232 1936 1936 I Ads : Use
RequestConfiguration.Builder().setTestDeviceIds(Arrays.asList("E3C6AB96B0FB434C9254
402D8EB0572D")) to get test ads on this device.
05-26 09:20:53.244 1936 2061 I OpenGLRenderer:
05-26 09:20:53.258 1936 2308 E Ads : Error calling adapter:
com.google.ads.mediation.applovin.AppLovinMediationAdapter
05-26 09:20:53.258 1936 2308 E Ads : Error calling adapter:
com.google.ads.mediation.vungle.VungleMediationAdapter
05-26 09:20:53.259 1936 1936 I Ads : Please set theme of AdActivity to
@android:style/Theme.Translucent to enable transparent background interstitial ad.
05-26 09:20:53.261 1936 2061 I OpenGLRenderer:
05-26 09:20:53.265 1936 1936 D ERROR AD: domain: com.google.android.gms.ads,
code: 3, message: No ads meet eCPM floor.
<https://support.google.com/admob/answer/9905175#8>
05-26 09:20:53.266 1936 1936 I Ads : Ad failed to load : 3
05-26 09:20:53.267 1936 2303 I System.out: [okhttp]:check permission begin!
05-26 09:20:53.267 1936 2303 I System.out: [okhttp]:not MMS!
05-26 09:20:53.267 1936 2303 I System.out: [okhttp]:not Email!
05-26 09:20:53.274 1936 1936 D app_purchased: not_purchase_app_open
05-26 09:20:53.278 1936 2061 I OpenGLRenderer:
05-26 09:20:53.285 1936 2303 I System.out: [socket]:check permission begin!
05-26 09:20:53.294 1936 2061 I OpenGLRenderer:
05-26 09:20:53.328 1936 2061 I OpenGLRenderer:
05-26 09:20:53.344 1936 2061 I OpenGLRenderer:
05-26 09:20:53.378 1936 2061 I chatty :
uid=10200(com.dual.space.parallel.apps.multiaccounts.appscloner) RenderThread
identical 2 lines
05-26 09:20:53.395 1936 2061 I OpenGLRenderer:
05-26 09:20:53.411 1936 2061 I OpenGLRenderer:
05-26 09:20:53.444 1936 2061 I chatty :
uid=10200(com.dual.space.parallel.apps.multiaccounts.appscloner) RenderThread
identical 2 lines
05-26 09:20:53.461 1936 2061 I OpenGLRenderer:
05-26 09:20:53.465 1936 1936 D app_purchased: not_purchase_app_open
05-26 09:20:53.477 1936 2061 I OpenGLRenderer:
05-26 09:20:53.494 1936 2061 I OpenGLRenderer:
05-26 09:20:53.502 1936 2314 I System.out: [OkHttp] sendRequest>>
05-26 09:20:53.502 1936 2314 I System.out: [OkHttp] sendRequest<<
05-26 09:20:53.510 1936 2061 I OpenGLRenderer:
05-26 09:20:53.527 1936 2061 I OpenGLRenderer:
05-26 09:20:53.544 1936 2061 I chatty :
uid=10200(com.dual.space.parallel.apps.multiaccounts.appscloner) RenderThread
identical 1 line
05-26 09:20:53.560 1936 2061 I OpenGLRenderer:
05-26 09:20:53.565 1936 1936 D app_purchased: not_purchase_app_open
05-26 09:20:53.577 1936 2061 I OpenGLRenderer:
05-26 09:20:53.605 1936 2061 I OpenGLRenderer:
05-26 09:20:53.605 1936 2061 I OpenGLRenderer: --xw 3gap: 0
05-26 09:20:53.605 1936 2061 I OpenGLRenderer:
05-26 09:20:53.605 1936 2061 I chatty :
uid=10200(com.dual.space.parallel.apps.multiaccounts.appscloner) RenderThread
identical 2 lines
05-26 09:20:53.610 1936 2061 I OpenGLRenderer:
05-26 09:20:53.618 1936 2303 I System.out: [OkHttp] sendRequest>>
05-26 09:20:53.618 1936 2303 I System.out: [OkHttp] sendRequest<<
05-26 09:20:53.627 1936 2061 I OpenGLRenderer:
05-26 09:20:53.644 1936 2061 I OpenGLRenderer:
05-26 09:20:53.649 1936 2316 I System.out: [OkHttp] sendRequest>>
05-26 09:20:53.667 1936 2061 I OpenGLRenderer:
05-26 09:20:53.667 1936 1936 D app_purchased: not_purchase_app_open
05-26 09:20:53.667 1936 2316 I System.out: [OkHttp] sendRequest<<
05-26 09:20:53.678 1936 2061 I OpenGLRenderer:
05-26 09:20:53.694 1936 2061 I chatty :
uid=10200(com.dual.space.parallel.apps.multiaccounts.appscloner) RenderThread
identical 1 line
05-26 09:20:53.711 1936 2061 I OpenGLRenderer:
05-26 09:20:53.727 1936 2061 I OpenGLRenderer:
05-26 09:20:53.745 1936 2061 I OpenGLRenderer:
05-26 09:20:53.760 1936 2061 I OpenGLRenderer:
05-26 09:20:53.764 1936 1936 D app_purchased: not_purchase_app_open
05-26 09:20:53.777 1936 2061 I OpenGLRenderer:
05-26 09:20:53.794 1936 2061 I OpenGLRenderer:
05-26 09:20:53.808 1936 2330 E libc : Access denied finding property
"vendor.debug.drm.logv"
05-26 09:20:53.809 1936 2330 E libc : Access denied finding property
"vendor.debug.drm.logv"
05-26 09:20:53.810 1936 2330 E libc : Access denied finding property
"vendor.debug.drm.logd"
05-26 09:20:53.810 1936 2061 I OpenGLRenderer:
05-26 09:20:53.810 1936 2330 E libc : Access denied finding property
"vendor.debug.drm.logv"
05-26 09:20:53.827 1936 2061 I OpenGLRenderer:
05-26 09:20:53.844 1936 2061 I OpenGLRenderer:
05-26 09:20:53.860 1936 2061 I OpenGLRenderer:
05-26 09:20:53.865 1936 1936 D app_purchased: not_purchase_app_open
05-26 09:20:53.877 1936 2061 I OpenGLRenderer:
05-26 09:20:53.894 1936 2061 I OpenGLRenderer:
05-26 09:20:53.894 1936 1936 I Ads : JS: The jsLoaded GMSG has been sent
(https://googleads.g.doubleclick.net/mads/static/mad/sdk/native/production/sdk-
core-v40-impl.html:807)
05-26 09:20:53.911 1936 2061 I OpenGLRenderer:
05-26 09:20:53.927 1936 2061 I OpenGLRenderer:
05-26 09:20:53.945 1936 2061 I OpenGLRenderer:
05-26 09:20:53.963 1936 2061 I OpenGLRenderer:
05-26 09:20:53.965 1936 1936 D app_purchased: not_purchase_app_open
05-26 09:20:53.979 1936 2061 I OpenGLRenderer:
05-26 09:20:53.995 1936 2171 I System.out: [OkHttp] sendRequest>>
05-26 09:20:53.996 1936 2171 I System.out: [OkHttp] sendRequest<<
05-26 09:20:54.003 1936 2061 I OpenGLRenderer:
05-26 09:20:54.027 1936 2061 I chatty :
uid=10200(com.dual.space.parallel.apps.multiaccounts.appscloner) RenderThread
identical 2 lines
05-26 09:20:54.044 1936 2061 I OpenGLRenderer:
05-26 09:20:54.061 1936 2061 I OpenGLRenderer:
05-26 09:20:54.065 1936 1936 D app_purchased: not_purchase_app_open
05-26 09:20:54.079 1936 2061 I OpenGLRenderer:
05-26 09:20:54.094 1936 2061 I chatty :
uid=10200(com.dual.space.parallel.apps.multiaccounts.appscloner) RenderThread
identical 1 line
05-26 09:20:54.110 1936 2061 I OpenGLRenderer:
05-26 09:20:54.127 1936 2061 I OpenGLRenderer:
05-26 09:20:54.146 1936 2061 I OpenGLRenderer:
05-26 09:20:54.155 1936 1949 I unts.appsclone: Background concurrent copying GC
freed 88807(5256KB) AllocSpace objects, 122(9964KB) LOS objects, 53% free,
10MB/22MB, paused 26.579ms total 1.143s
05-26 09:20:54.161 1936 2061 I OpenGLRenderer:
05-26 09:20:54.165 1936 1936 D app_purchased: not_purchase_app_open
05-26 09:20:54.176 1936 2061 I OpenGLRenderer:
05-26 09:20:54.193 1936 2061 I OpenGLRenderer:
05-26 09:20:54.210 1936 2061 I OpenGLRenderer:
05-26 09:20:54.217 1936 2318 I System.out: [okhttp]:check permission begin!
05-26 09:20:54.217 1936 2318 I System.out: [okhttp]:not MMS!
05-26 09:20:54.217 1936 2318 I System.out: [okhttp]:not Email!
05-26 09:20:54.218 1936 2318 I System.out: [socket]:check permission begin!
05-26 09:20:54.226 1936 2061 I OpenGLRenderer:
05-26 09:20:54.249 1936 2061 I OpenGLRenderer:
05-26 09:20:54.260 1936 2061 I OpenGLRenderer:
05-26 09:20:54.268 1936 1936 D DynamitePackage: Instantiating
com.google.android.gms.ads.ChimeraNativeAdViewDelegateCreatorImpl
05-26 09:20:54.276 1936 2061 I OpenGLRenderer:
05-26 09:20:54.282 1936 2171 I System.out: [okhttp]:check permission begin!
05-26 09:20:54.282 1936 2171 I System.out: [okhttp]:not MMS!
05-26 09:20:54.282 1936 2171 I System.out: [okhttp]:not Email!
05-26 09:20:54.283 1936 2171 I System.out: [OkHttp] sendRequest>>
05-26 09:20:54.283 1936 2171 I System.out: [OkHttp] sendRequest<<
05-26 09:20:54.293 1936 2061 I OpenGLRenderer:
05-26 09:20:54.327 1936 2061 I chatty :
uid=10200(com.dual.space.parallel.apps.multiaccounts.appscloner) RenderThread
identical 2 lines
05-26 09:20:54.351 1936 2061 I OpenGLRenderer:
05-26 09:20:54.388 1936 2061 I OpenGLRenderer:
05-26 09:20:54.388 1936 2061 I OpenGLRenderer: --xw 3gap: 0
05-26 09:20:54.388 1936 2061 I OpenGLRenderer:
05-26 09:20:54.388 1936 2061 I chatty :
uid=10200(com.dual.space.parallel.apps.multiaccounts.appscloner) RenderThread
identical 2 lines
05-26 09:20:54.392 1936 2061 I OpenGLRenderer:
05-26 09:20:54.395 1936 1936 D NATIVE_LOADED: loaded
05-26 09:20:54.410 1936 2061 I OpenGLRenderer:
05-26 09:20:54.412 1936 2318 I System.out: [OkHttp] sendRequest>>
05-26 09:20:54.425 1936 2318 I System.out: [OkHttp] sendRequest<<
05-26 09:20:54.427 1936 2061 I OpenGLRenderer:
05-26 09:20:54.462 1936 2061 I chatty :
uid=10200(com.dual.space.parallel.apps.multiaccounts.appscloner) RenderThread
identical 2 lines
05-26 09:20:54.478 1936 2061 I OpenGLRenderer:
05-26 09:20:54.495 1936 1936 D app_purchased: not_purchase_app_open
05-26 09:20:54.603 1936 2061 I OpenGLRenderer:
05-26 09:20:54.603 1936 2061 I chatty :
uid=10200(com.dual.space.parallel.apps.multiaccounts.appscloner) RenderThread
identical 3 lines
05-26 09:20:54.603 1936 2061 I OpenGLRenderer:
05-26 09:20:54.628 1936 2061 I OpenGLRenderer:
05-26 09:20:54.644 1936 2061 I OpenGLRenderer:
05-26 09:20:54.662 1936 2171 I System.out: [okhttp]:check permission begin!
05-26 09:20:54.662 1936 2171 I System.out: [okhttp]:not MMS!
05-26 09:20:54.662 1936 2171 I System.out: [okhttp]:not Email!
05-26 09:20:54.677 1936 2061 I OpenGLRenderer:
05-26 09:20:54.677 1936 2061 I OpenGLRenderer: --xw 3gap: 0
05-26 09:20:54.677 1936 2061 I OpenGLRenderer:
05-26 09:20:54.677 1936 2061 I chatty :
uid=10200(com.dual.space.parallel.apps.multiaccounts.appscloner) RenderThread
identical 2 lines
05-26 09:20:54.681 1936 2061 I OpenGLRenderer:
05-26 09:20:54.691 1936 1936 D app_purchased: not_purchase_app_open
05-26 09:20:54.695 1936 2171 I System.out: [socket]:check permission begin!
05-26 09:20:54.710 1936 2061 I OpenGLRenderer:
05-26 09:20:54.716 1936 2061 I chatty :
uid=10200(com.dual.space.parallel.apps.multiaccounts.appscloner) RenderThread
identical 1 line
05-26 09:20:54.726 1936 2061 I OpenGLRenderer:
05-26 09:20:54.744 1936 2061 I OpenGLRenderer:
05-26 09:20:54.761 1936 2061 I chatty :
uid=10200(com.dual.space.parallel.apps.multiaccounts.appscloner) RenderThread
identical 1 line
05-26 09:20:54.776 1936 2061 I OpenGLRenderer:
05-26 09:20:54.791 1936 1936 D app_purchased: not_purchase_app_open
05-26 09:20:54.793 1936 2061 I OpenGLRenderer:
05-26 09:20:54.828 1936 2061 I chatty :
uid=10200(com.dual.space.parallel.apps.multiaccounts.appscloner) RenderThread
identical 2 lines
05-26 09:20:54.844 1936 2061 I OpenGLRenderer:
05-26 09:20:54.863 1936 2061 I OpenGLRenderer:
05-26 09:20:54.878 1936 2061 I chatty :
uid=10200(com.dual.space.parallel.apps.multiaccounts.appscloner) RenderThread
identical 1 line
05-26 09:20:54.894 1936 2061 I OpenGLRenderer:
05-26 09:20:54.895 1936 1936 D app_purchased: not_purchase_app_open
05-26 09:20:54.923 1936 2061 I OpenGLRenderer:
05-26 09:20:54.927 1936 2061 I chatty :
uid=10200(com.dual.space.parallel.apps.multiaccounts.appscloner) RenderThread
identical 1 line
05-26 09:20:54.944 1936 2061 I OpenGLRenderer:
05-26 09:20:54.960 1936 2061 I OpenGLRenderer:
05-26 09:20:54.976 1936 2061 I OpenGLRenderer:
05-26 09:20:54.993 1936 2061 I OpenGLRenderer:
05-26 09:20:54.995 1936 1936 D app_purchased: not_purchase_app_open
05-26 09:20:55.010 1936 2061 I OpenGLRenderer:
05-26 09:20:55.044 1936 2061 I chatty :
uid=10200(com.dual.space.parallel.apps.multiaccounts.appscloner) RenderThread
identical 2 lines
05-26 09:20:55.061 1936 2061 I OpenGLRenderer:
05-26 09:20:55.076 1936 2061 I OpenGLRenderer:
05-26 09:20:55.094 1936 2061 I OpenGLRenderer:
05-26 09:20:55.095 1936 1936 D app_purchased: not_purchase_app_open
05-26 09:20:55.109 1936 2061 I OpenGLRenderer:
05-26 09:20:55.126 1936 2061 I chatty :
uid=10200(com.dual.space.parallel.apps.multiaccounts.appscloner) RenderThread
identical 1 line
05-26 09:20:55.144 1936 2061 I OpenGLRenderer:
05-26 09:20:55.160 1936 2061 I OpenGLRenderer:
05-26 09:20:55.177 1936 2061 I OpenGLRenderer:
05-26 09:20:55.195 1936 1936 D app_purchased: not_purchase_app_open
05-26 09:20:55.235 1936 2061 I OpenGLRenderer:
05-26 09:20:55.235 1936 2061 I OpenGLRenderer: --xw 3gap: 0
05-26 09:20:55.235 1936 2061 I OpenGLRenderer:
05-26 09:20:55.235 1936 2061 I chatty :
uid=10200(com.dual.space.parallel.apps.multiaccounts.appscloner) RenderThread
identical 2 lines
05-26 09:20:55.239 1936 2061 I OpenGLRenderer:
05-26 09:20:55.260 1936 2061 I OpenGLRenderer:
05-26 09:20:55.277 1936 2061 I OpenGLRenderer:
05-26 09:20:55.287 1936 2315 I System.out: [okhttp]:check permission begin!
05-26 09:20:55.299 1936 2061 I OpenGLRenderer:
05-26 09:20:55.300 1936 1936 D app_purchased: not_purchase_app_open
05-26 09:20:55.300 1936 2315 I System.out: [okhttp]:not MMS!
05-26 09:20:55.306 1936 2315 I System.out: [okhttp]:not Email!
05-26 09:20:55.310 1936 2061 I OpenGLRenderer:
05-26 09:20:55.328 1936 2061 I OpenGLRenderer:
05-26 09:20:55.344 1936 2315 I System.out: [socket]:check permission begin!
05-26 09:20:55.392 1936 2061 I OpenGLRenderer:
05-26 09:20:55.396 1936 1936 D app_purchased: not_purchase_app_open
05-26 09:20:55.397 1936 2061 I OpenGLRenderer:
05-26 09:20:55.402 1936 2171 I System.out: [OkHttp] sendRequest>>
05-26 09:20:55.403 1936 2171 I System.out: [OkHttp] sendRequest<<
05-26 09:20:55.409 1936 2061 I OpenGLRenderer:
05-26 09:20:55.427 1936 2061 I OpenGLRenderer:
05-26 09:20:55.477 1936 2061 I chatty :
uid=10200(com.dual.space.parallel.apps.multiaccounts.appscloner) RenderThread
identical 3 lines
05-26 09:20:55.494 1936 2061 I OpenGLRenderer:
05-26 09:20:55.516 1936 2061 I OpenGLRenderer:
05-26 09:20:55.527 1936 2061 I OpenGLRenderer:
05-26 09:20:55.544 1936 2061 I OpenGLRenderer:
05-26 09:20:55.544 1936 1936 D app_purchased: not_purchase_app_open
05-26 09:20:55.560 1936 2061 I OpenGLRenderer:
05-26 09:20:55.577 1936 2061 I chatty :
uid=10200(com.dual.space.parallel.apps.multiaccounts.appscloner) RenderThread
identical 1 line
05-26 09:20:55.597 1936 2061 I OpenGLRenderer:
05-26 09:20:55.610 1936 2061 I OpenGLRenderer:
05-26 09:20:55.630 1936 2061 I OpenGLRenderer:
05-26 09:20:55.643 1936 2061 I OpenGLRenderer:
05-26 09:20:55.655 1936 1936 D app_purchased: not_purchase_app_open
05-26 09:20:55.659 1936 2061 I OpenGLRenderer:
05-26 09:20:55.677 1936 2315 I System.out: [OkHttp] sendRequest>>
05-26 09:20:55.677 1936 2315 I System.out: [OkHttp] sendRequest<<
05-26 09:20:55.680 1936 2061 I OpenGLRenderer:
05-26 09:20:55.693 1936 2061 I OpenGLRenderer:
05-26 09:20:55.710 1936 2061 I OpenGLRenderer:
05-26 09:20:55.726 1936 2061 I OpenGLRenderer:
05-26 09:20:55.743 1936 2061 I OpenGLRenderer:
05-26 09:20:55.757 1936 1936 D app_purchased: not_purchase_app_open
05-26 09:20:55.766 1936 2061 I OpenGLRenderer:
05-26 09:20:55.793 1936 2061 I chatty :
uid=10200(com.dual.space.parallel.apps.multiaccounts.appscloner) RenderThread
identical 2 lines
05-26 09:20:55.815 1936 2061 I OpenGLRenderer:
05-26 09:20:55.845 1936 2061 I OpenGLRenderer:
05-26 09:20:55.845 1936 2061 I OpenGLRenderer: --xw 3gap: 0
05-26 09:20:55.845 1936 2061 I OpenGLRenderer:
05-26 09:20:55.845 1936 2061 I chatty :
uid=10200(com.dual.space.parallel.apps.multiaccounts.appscloner) RenderThread
identical 2 lines
05-26 09:20:55.849 1936 2061 I OpenGLRenderer:
05-26 09:20:55.859 1936 2061 I OpenGLRenderer:
05-26 09:20:55.861 1936 1936 D app_purchased: not_purchase_app_open
05-26 09:20:55.876 1936 2061 I OpenGLRenderer:
05-26 09:20:55.909 1936 2061 I chatty :
uid=10200(com.dual.space.parallel.apps.multiaccounts.appscloner) RenderThread
identical 2 lines
05-26 09:20:55.925 1936 2061 I OpenGLRenderer:
05-26 09:20:55.943 1936 2061 I OpenGLRenderer:
05-26 09:20:55.961 1936 1936 D app_purchased: not_purchase_app_open
05-26 09:20:55.980 1936 2061 I OpenGLRenderer:
05-26 09:20:55.989 1936 2061 I OpenGLRenderer:
05-26 09:20:55.997 1936 2061 I OpenGLRenderer:
05-26 09:20:56.009 1936 2061 I OpenGLRenderer:
05-26 09:20:56.027 1936 2061 I OpenGLRenderer:
05-26 09:20:56.043 1936 2061 I OpenGLRenderer:
05-26 09:20:56.060 1936 2061 I OpenGLRenderer:
05-26 09:20:56.062 1936 1936 D app_purchased: not_purchase_app_open
05-26 09:20:56.074 1936 1949 I unts.appsclone: Background young concurrent
copying GC freed 63040(3716KB) AllocSpace objects, 59(8504KB) LOS objects, 47%
free, 11MB/22MB, paused 361us total 551.394ms
05-26 09:20:56.076 1936 2061 I OpenGLRenderer:
05-26 09:20:56.093 1936 2061 I OpenGLRenderer:
05-26 09:20:56.109 1936 2061 I chatty :
uid=10200(com.dual.space.parallel.apps.multiaccounts.appscloner) RenderThread
identical 1 line
05-26 09:20:56.126 1936 2061 I OpenGLRenderer:
05-26 09:20:56.143 1936 2061 I OpenGLRenderer:
05-26 09:20:56.159 1936 2061 I OpenGLRenderer:
05-26 09:20:56.165 1936 1936 D app_purchased: not_purchase_app_open
05-26 09:20:56.168 1936 1936 D ContentValues: No ads meet eCPM floor.
<https://support.google.com/admob/answer/9905175#8>
05-26 09:20:56.168 1936 1936 D ERROR AD: domain: com.google.android.gms.ads,
code: 3, message: No ads meet eCPM floor.
<https://support.google.com/admob/answer/9905175#8>
05-26 09:20:56.169 1936 1936 I Ads : Ad failed to load : 3
05-26 09:20:56.172 1936 2303 I System.out: [okhttp]:check permission begin!
05-26 09:20:56.172 1936 2303 I System.out: [okhttp]:not MMS!
05-26 09:20:56.172 1936 2303 I System.out: [okhttp]:not Email!
05-26 09:20:56.172 1936 2303 I System.out: [OkHttp] sendRequest>>
05-26 09:20:56.172 1936 2303 I System.out: [OkHttp] sendRequest<<
05-26 09:20:56.176 1936 2061 I OpenGLRenderer:
05-26 09:20:56.192 1936 2061 I OpenGLRenderer:
05-26 09:20:56.226 1936 2061 I chatty :
uid=10200(com.dual.space.parallel.apps.multiaccounts.appscloner) RenderThread
identical 2 lines
05-26 09:20:56.249 1936 2061 I OpenGLRenderer:
