05-26 09:21:47.792 1936 2061 I OpenGLRenderer:
05-26 09:21:47.808 1936 2061 I chatty :
uid=10200(com.dual.space.parallel.apps.multiaccounts.appscloner) RenderThread
identical 1 line
05-26 09:21:47.825 1936 2061 I OpenGLRenderer:
05-26 09:21:47.842 1936 2061 I OpenGLRenderer:
05-26 09:21:47.858 1936 2061 I OpenGLRenderer:
05-26 09:21:47.875 1936 2061 I OpenGLRenderer:
05-26 09:21:47.941 1936 2061 I chatty :
uid=10200(com.dual.space.parallel.apps.multiaccounts.appscloner) RenderThread
identical 4 lines
05-26 09:21:47.958 1936 2061 I OpenGLRenderer:
05-26 09:21:47.975 1936 2061 I OpenGLRenderer:
05-26 09:21:47.992 1936 2061 I OpenGLRenderer:
05-26 09:21:48.010 1936 2061 I OpenGLRenderer:
05-26 09:21:48.025 1936 2061 I OpenGLRenderer:
05-26 09:21:48.041 1936 2061 I OpenGLRenderer:
05-26 09:21:48.058 1936 2061 I OpenGLRenderer:
05-26 09:21:48.074 1936 2061 I OpenGLRenderer:
05-26 09:21:48.092 1936 2061 I OpenGLRenderer:
05-26 09:21:48.108 1936 2061 I OpenGLRenderer:
05-26 09:21:48.125 1936 2061 I OpenGLRenderer:
05-26 09:21:48.142 1936 2061 I OpenGLRenderer:
05-26 09:21:48.158 1936 2061 I OpenGLRenderer:
05-26 09:21:48.176 1936 2061 I OpenGLRenderer:
05-26 09:21:48.192 1936 2061 I OpenGLRenderer:
05-26 09:21:48.208 1936 2061 I OpenGLRenderer:
05-26 09:21:48.224 1936 2061 I OpenGLRenderer:
05-26 09:21:48.241 1936 2061 I OpenGLRenderer:
05-26 09:21:48.258 1936 2061 I OpenGLRenderer:
05-26 09:21:48.282 1936 2061 I OpenGLRenderer:
05-26 09:21:48.292 1936 2061 I OpenGLRenderer:
05-26 09:21:48.308 1936 2061 I OpenGLRenderer:
05-26 09:21:48.325 1936 2061 I OpenGLRenderer:
05-26 09:21:48.341 1936 2061 I OpenGLRenderer:
05-26 09:21:48.358 1936 2061 I OpenGLRenderer:
05-26 09:21:48.375 1936 2061 I OpenGLRenderer:
05-26 09:21:48.410 1936 2061 I chatty :
uid=10200(com.dual.space.parallel.apps.multiaccounts.appscloner) RenderThread
identical 2 lines
05-26 09:21:48.425 1936 2061 I OpenGLRenderer:
05-26 09:21:48.441 1936 2061 I OpenGLRenderer:
05-26 09:21:48.458 1936 2061 I OpenGLRenderer:
05-26 09:21:48.474 1936 1936 D launch : Life Time Premium Subscription
05-26 09:21:49.041 1936 3614 D libMEOW : applied 1 plugins for
[com.dual.space.parallel.apps.multiaccounts.appscloner]:
05-26 09:21:49.041 1936 3614 D libMEOW : plugin 1: [libMEOW_gift.so]:
05-26 09:21:49.095 1936 1936 V PhoneWindow: DecorView setVisiblity: visibility =
4, Parent = null, this = DecorView@9ddba5f[]
05-26 09:21:49.097 1936 1936 D ViewRootImpl[ProxyBillingActivity]: hardware
acceleration = true , fakeHwAccelerated = false, sRendererDisabled = false,
forceHwAccelerated = false, sSystemRendererDisabled = false
05-26 09:21:49.114 1936 1936 I InputTransport: Create ARC handle: 0x566d30b0
05-26 09:21:49.114 1936 1936 I InputTransport: InputConsumer create
TRAN_APPTURBO_ENABLE disable
05-26 09:21:49.114 1936 1936 V PhoneWindow: DecorView setVisiblity: visibility =
0, Parent = android.view.ViewRootImpl@dcd9d7b, this =
DecorView@9ddba5f[ProxyBillingActivity]
05-26 09:21:49.183 1936 2061 I OpenGLRenderer:
05-26 09:21:49.183 1936 2061 I chatty :
uid=10200(com.dual.space.parallel.apps.multiaccounts.appscloner) RenderThread
identical 3 lines
05-26 09:21:49.183 1936 2061 I OpenGLRenderer:
05-26 09:21:49.200 1936 2061 I OpenGLRenderer:
05-26 09:21:49.200 1936 2061 I chatty :
uid=10200(com.dual.space.parallel.apps.multiaccounts.appscloner) RenderThread
identical 3 lines
05-26 09:21:49.200 1936 2061 I OpenGLRenderer:
05-26 09:21:49.239 1936 2061 I OpenGLRenderer:
05-26 09:21:49.240 1936 2061 I chatty :
uid=10200(com.dual.space.parallel.apps.multiaccounts.appscloner) RenderThread
identical 3 lines
05-26 09:21:49.240 1936 2061 I OpenGLRenderer:
05-26 09:21:51.882 1936 2468 D BufferPoolAccessor2.0: bufferpool2 0x55089028 :
5(40960 size) total buffers - 5(40960 size) used buffers - 1/7 (recycle/alloc) -
11/28 (fetch/transfer)
05-26 09:21:51.882 1936 2468 D BufferPoolAccessor2.0: bufferpool2 0xa4856948 :
6(49152 size) total buffers - 5(40960 size) used buffers - 1/7 (recycle/alloc) -
6/22 (fetch/transfer)
05-26 09:21:51.882 1936 2468 D BufferPoolAccessor2.0: evictor expired: 2,
evicted: 2
05-26 09:21:52.282 1936 2047 I FA : Application backgrounded at:
timestamp_millis: 1716711710220
05-26 09:21:52.819 1936 1936 W ProxyBillingActivity: Activity finished with
resultCode 0 and billing's responseCode: 1
05-26 09:21:52.958 1936 1936 V PhoneWindow: DecorView setVisiblity: visibility =
0, Parent = android.view.ViewRootImpl@d8da7b2, this =
DecorView@3e4f281[InAppPurchaseNewScreen]
05-26 09:21:53.050 1936 1936 V PhoneWindow: DecorView setVisiblity: visibility =
4, Parent = android.view.ViewRootImpl@dcd9d7b, this =
DecorView@9ddba5f[ProxyBillingActivity]
05-26 09:21:53.093 1936 1936 D View : [Warning] assignParent to null: this =
DecorView@9ddba5f[ProxyBillingActivity]
05-26 09:21:53.104 1936 1936 I InputTransport: Destroy ARC handle: 0x566d30b0
05-26 09:21:55.496 1936 2061 I OpenGLRenderer:
05-26 09:21:55.506 1936 2061 I OpenGLRenderer:
05-26 09:21:55.523 1936 2061 I OpenGLRenderer:
05-26 09:21:55.538 1936 2061 I OpenGLRenderer:
05-26 09:21:55.555 1936 2061 I OpenGLRenderer:
05-26 09:21:55.576 1936 2061 I OpenGLRenderer:
05-26 09:21:55.588 1936 2061 I OpenGLRenderer:
05-26 09:21:55.604 1936 2061 I OpenGLRenderer:
05-26 09:21:55.620 1936 2061 I OpenGLRenderer:
05-26 09:21:55.640 1936 2061 I OpenGLRenderer:
05-26 09:21:55.654 1936 2061 I OpenGLRenderer:
05-26 09:21:55.671 1936 2061 I OpenGLRenderer:
05-26 09:21:55.687 1936 2061 I OpenGLRenderer:
05-26 09:21:55.705 1936 2061 I OpenGLRenderer:
05-26 09:21:55.724 1936 2061 I OpenGLRenderer:
05-26 09:21:55.741 1936 2061 I OpenGLRenderer:
05-26 09:21:55.754 1936 2061 I OpenGLRenderer:
05-26 09:21:55.770 1936 2061 I OpenGLRenderer:
05-26 09:21:55.787 1936 2061 I OpenGLRenderer:
05-26 09:21:55.804 1936 2061 I OpenGLRenderer:
05-26 09:21:55.819 1936 2061 I OpenGLRenderer:
05-26 09:21:55.837 1936 2061 I OpenGLRenderer:
05-26 09:21:55.854 1936 2061 I OpenGLRenderer:
05-26 09:21:55.870 1936 2061 I chatty :
uid=10200(com.dual.space.parallel.apps.multiaccounts.appscloner) RenderThread
identical 1 line
05-26 09:21:55.887 1936 2061 I OpenGLRenderer:
05-26 09:21:55.904 1936 2061 I OpenGLRenderer:
05-26 09:21:55.937 1936 2061 I chatty :
uid=10200(com.dual.space.parallel.apps.multiaccounts.appscloner) RenderThread
identical 2 lines
05-26 09:21:55.954 1936 2061 I OpenGLRenderer:
05-26 09:21:55.970 1936 2061 I OpenGLRenderer:
05-26 09:21:55.987 1936 2061 I chatty :
uid=10200(com.dual.space.parallel.apps.multiaccounts.appscloner) RenderThread
identical 1 line
05-26 09:21:56.005 1936 2061 I OpenGLRenderer:
05-26 09:21:56.020 1936 2061 I OpenGLRenderer:
05-26 09:21:56.037 1936 2061 I OpenGLRenderer:
05-26 09:21:56.053 1936 2061 I chatty :
uid=10200(com.dual.space.parallel.apps.multiaccounts.appscloner) RenderThread
identical 1 line
05-26 09:21:56.070 1936 2061 I OpenGLRenderer:
05-26 09:21:56.087 1936 2061 I OpenGLRenderer:
05-26 09:21:56.103 1936 2061 I OpenGLRenderer:
05-26 09:21:56.120 1936 2061 I OpenGLRenderer:
05-26 09:21:56.137 1936 2061 I OpenGLRenderer:
05-26 09:21:56.153 1936 2061 I OpenGLRenderer:
05-26 09:21:56.171 1936 2061 I OpenGLRenderer:
05-26 09:21:56.191 1936 2061 I OpenGLRenderer:
05-26 09:21:56.204 1936 2061 I OpenGLRenderer:
05-26 09:21:56.221 1936 2061 I OpenGLRenderer:
05-26 09:21:56.237 1936 2061 I OpenGLRenderer:
05-26 09:21:56.255 1936 2061 I OpenGLRenderer:
05-26 09:21:56.271 1936 2061 I OpenGLRenderer:
05-26 09:21:56.290 1936 2061 I OpenGLRenderer:
05-26 09:21:56.304 1936 2061 I OpenGLRenderer:
05-26 09:21:56.337 1936 2061 I chatty :
uid=10200(com.dual.space.parallel.apps.multiaccounts.appscloner) RenderThread
identical 2 lines
05-26 09:21:56.353 1936 2061 I OpenGLRenderer:
05-26 09:21:56.372 1936 2061 I OpenGLRenderer:
05-26 09:21:56.387 1936 2061 I OpenGLRenderer:
05-26 09:21:56.403 1936 2061 I OpenGLRenderer:
05-26 09:21:56.419 1936 2061 I OpenGLRenderer:
05-26 09:21:56.471 1936 2061 I chatty :
uid=10200(com.dual.space.parallel.apps.multiaccounts.appscloner) RenderThread
identical 3 lines
05-26 09:21:56.486 1936 2061 I OpenGLRenderer:
05-26 09:21:56.503 1936 2061 I OpenGLRenderer:
05-26 09:21:56.520 1936 2061 I OpenGLRenderer:
05-26 09:21:56.536 1936 2061 I OpenGLRenderer:
05-26 09:21:56.552 1936 2061 I OpenGLRenderer:
05-26 09:21:56.570 1936 2061 I OpenGLRenderer:
05-26 09:21:56.602 1936 2061 I chatty :
uid=10200(com.dual.space.parallel.apps.multiaccounts.appscloner) RenderThread
identical 2 lines
05-26 09:21:56.619 1936 2061 I OpenGLRenderer:
05-26 09:21:56.637 1936 2061 I OpenGLRenderer:
05-26 09:21:56.719 1936 2061 I chatty :
uid=10200(com.dual.space.parallel.apps.multiaccounts.appscloner) RenderThread
identical 5 lines
05-26 09:21:56.736 1936 2061 I OpenGLRenderer:
05-26 09:21:56.758 1936 2061 I OpenGLRenderer:
05-26 09:21:56.769 1936 2061 I OpenGLRenderer:
05-26 09:21:56.787 1936 2061 I OpenGLRenderer:
05-26 09:21:56.819 1936 2061 I chatty :
uid=10200(com.dual.space.parallel.apps.multiaccounts.appscloner) RenderThread
identical 2 lines
05-26 09:21:56.836 1936 2061 I OpenGLRenderer:
05-26 09:21:56.854 1936 2061 I OpenGLRenderer:
05-26 09:21:56.869 1936 2061 I OpenGLRenderer:
05-26 09:21:56.888 1936 2061 I OpenGLRenderer:
05-26 09:21:56.903 1936 2061 I OpenGLRenderer:
05-26 09:21:56.919 1936 2061 I OpenGLRenderer:
05-26 09:21:56.936 1936 2061 I OpenGLRenderer:
05-26 09:21:56.953 1936 2061 I OpenGLRenderer:
05-26 09:21:57.021 1936 1936 D TAG_1 : setup_billing_client: nullnull
05-26 09:21:57.297 1936 1936 D ViewRootImpl[InAppPurchaseNewScreen]: hardware
acceleration = true , fakeHwAccelerated = false, sRendererDisabled = false,
forceHwAccelerated = false, sSystemRendererDisabled = false
05-26 09:21:57.313 1936 1936 I InputTransport: Create ARC handle: 0x921db0f0
05-26 09:21:57.313 1936 1936 I InputTransport: InputConsumer create
TRAN_APPTURBO_ENABLE disable
05-26 09:21:57.376 1936 2061 I OpenGLRenderer:
05-26 09:21:57.376 1936 2061 I chatty :
uid=10200(com.dual.space.parallel.apps.multiaccounts.appscloner) RenderThread
identical 3 lines
05-26 09:21:57.376 1936 2061 I OpenGLRenderer:
05-26 09:21:57.411 1936 2061 I OpenGLRenderer:
05-26 09:21:57.411 1936 2061 I chatty :
uid=10200(com.dual.space.parallel.apps.multiaccounts.appscloner) RenderThread
identical 3 lines
05-26 09:21:57.411 1936 2061 I OpenGLRenderer:
05-26 09:21:57.427 1936 2061 I OpenGLRenderer:
05-26 09:21:57.440 1936 2061 I OpenGLRenderer:
05-26 09:21:57.455 1936 2061 I OpenGLRenderer:
05-26 09:21:57.471 1936 2061 I OpenGLRenderer:
05-26 09:21:57.489 1936 2061 I OpenGLRenderer:
05-26 09:21:57.507 1936 2061 I chatty :
uid=10200(com.dual.space.parallel.apps.multiaccounts.appscloner) RenderThread
identical 1 line
05-26 09:21:57.522 1936 2061 I OpenGLRenderer:
05-26 09:21:57.539 1936 2061 I OpenGLRenderer:
05-26 09:21:57.555 1936 2061 I OpenGLRenderer:
05-26 09:21:57.560 1936 3846 D productList: one_month_subscription_dual_space
05-26 09:21:57.560 1936 3846 D productList: one_week_subscription_dual_space
05-26 09:21:57.561 1936 3846 D productList: one_year_subscription_dual_space
05-26 09:21:57.561 1936 3846 D productList: six_months_subscription_dual_space
05-26 09:21:57.561 1936 3846 D productList: three_months_subscription_dual_space
05-26 09:21:57.563 1936 3843 D productList: ife_time_in_app_purchase_dual_space
05-26 09:21:57.571 1936 2061 I OpenGLRenderer:
05-26 09:21:57.589 1936 2061 I OpenGLRenderer:
05-26 09:21:57.604 1936 2061 I OpenGLRenderer:
05-26 09:21:57.621 1936 2061 I OpenGLRenderer:
05-26 09:21:57.638 1936 2061 I OpenGLRenderer:
05-26 09:21:57.655 1936 2061 I OpenGLRenderer:
05-26 09:21:57.672 1936 2061 I OpenGLRenderer:
05-26 09:21:57.689 1936 2061 I OpenGLRenderer:
05-26 09:21:57.704 1936 2061 I OpenGLRenderer:
05-26 09:21:57.721 1936 2061 I OpenGLRenderer:
05-26 09:21:57.738 1936 2061 I OpenGLRenderer:
05-26 09:21:57.754 1936 2061 I OpenGLRenderer:
05-26 09:21:57.771 1936 2061 I OpenGLRenderer:
05-26 09:21:57.788 1936 2061 I OpenGLRenderer:
05-26 09:21:57.805 1936 2061 I OpenGLRenderer:
05-26 09:21:57.822 1936 2061 I OpenGLRenderer:
05-26 09:21:57.838 1936 2061 I OpenGLRenderer:
05-26 09:21:57.855 1936 2061 I OpenGLRenderer:
05-26 09:21:57.872 1936 2061 I OpenGLRenderer:
05-26 09:21:57.889 1936 2061 I OpenGLRenderer:
05-26 09:21:57.905 1936 2061 I OpenGLRenderer:
05-26 09:21:57.921 1936 2061 I OpenGLRenderer:
05-26 09:21:57.938 1936 2061 I OpenGLRenderer:
05-26 09:21:57.955 1936 2061 I OpenGLRenderer:
05-26 09:21:57.972 1936 2061 I OpenGLRenderer:
05-26 09:21:57.988 1936 2061 I OpenGLRenderer:
05-26 09:21:58.004 1936 2061 I OpenGLRenderer:
05-26 09:21:58.022 1936 2061 I OpenGLRenderer:
05-26 09:21:58.038 1936 2061 I OpenGLRenderer:
05-26 09:21:58.055 1936 2061 I OpenGLRenderer:
05-26 09:21:58.072 1936 2061 I OpenGLRenderer:
05-26 09:21:58.088 1936 2061 I OpenGLRenderer:
05-26 09:21:58.105 1936 2061 I OpenGLRenderer:
05-26 09:21:58.121 1936 2061 I OpenGLRenderer:
05-26 09:21:58.139 1936 2061 I OpenGLRenderer:
05-26 09:21:58.155 1936 2061 I OpenGLRenderer:
05-26 09:21:58.171 1936 2061 I OpenGLRenderer:
05-26 09:21:58.188 1936 2061 I OpenGLRenderer:
05-26 09:21:58.204 1936 2061 I OpenGLRenderer:
05-26 09:21:58.221 1936 2061 I OpenGLRenderer:
05-26 09:21:58.237 1936 2061 I OpenGLRenderer:
05-26 09:21:58.256 1936 2061 I OpenGLRenderer:
05-26 09:21:58.272 1936 2061 I OpenGLRenderer:
05-26 09:21:58.287 1936 2061 I OpenGLRenderer:
05-26 09:21:58.304 1936 2061 I OpenGLRenderer:
05-26 09:21:58.321 1936 2061 I OpenGLRenderer:
05-26 09:21:58.338 1936 2061 I OpenGLRenderer:
05-26 09:21:58.344 1936 1936 D View : [Warning] assignParent to null: this =
DecorView@b9e59cc[InAppPurchaseNewScreen]
05-26 09:21:58.388 1936 1936 I InputTransport: Destroy ARC handle: 0x921db0f0
05-26 09:21:58.643 1936 3876 D libMEOW : applied 1 plugins for
[com.dual.space.parallel.apps.multiaccounts.appscloner]:
05-26 09:21:58.643 1936 3876 D libMEOW : plugin 1: [libMEOW_gift.so]:
05-26 09:21:58.683 1936 1936 D DynamitePackage: Instantiating
com.google.android.gms.ads.ChimeraAdOverlayCreatorImpl
05-26 09:21:58.695 1936 1936 D ContentValues: Ad showed fullscreen content.
05-26 09:21:58.733 1936 1936 I DynamiteModule: Considering local module
com.google.android.gms.ads.dynamite:0 and remote module
com.google.android.gms.ads.dynamite:241199801
05-26 09:21:58.733 1936 1936 I DynamiteModule: Selected remote version of
com.google.android.gms.ads.dynamite, version >= 241199801
05-26 09:21:58.794 1936 1936 V PhoneWindow: DecorView setVisiblity: visibility =
4, Parent = null, this = DecorView@2cb2ada[]
05-26 09:21:58.797 1936 1936 D ViewRootImpl[AdActivity]: hardware acceleration =
true , fakeHwAccelerated = false, sRendererDisabled = false, forceHwAccelerated =
false, sSystemRendererDisabled = false
05-26 09:21:58.810 1936 1936 I InputTransport: Create ARC handle: 0x566d7ef0
05-26 09:21:58.810 1936 1936 I InputTransport: InputConsumer create
TRAN_APPTURBO_ENABLE disable
05-26 09:21:58.811 1936 1936 V PhoneWindow: DecorView setVisiblity: visibility =
0, Parent = android.view.ViewRootImpl@938c01, this = DecorView@2cb2ada[AdActivity]
05-26 09:21:58.906 1936 1936 D TextureView: getHardwareLayer,
createNewSurface:true
05-26 09:21:58.906 1936 1936 I BufferQueueConsumer: [](id:79000000005,api:0,p:-
1,c:1936) connect(): controlledByApp=true
05-26 09:21:59.095 1936 2061 I OpenGLRenderer:
05-26 09:21:59.095 1936 2061 I chatty :
uid=10200(com.dual.space.parallel.apps.multiaccounts.appscloner) RenderThread
identical 3 lines
05-26 09:21:59.095 1936 2061 I OpenGLRenderer:
05-26 09:21:59.137 1936 1936 W AudioManager: Use of stream types is deprecated
for operations other than volume control
05-26 09:21:59.138 1936 1936 W AudioManager: See the documentation of
requestAudioFocus() for what to use instead with android.media.AudioAttributes to
qualify your playback use case
05-26 09:21:59.147 1936 2061 I OpenGLRenderer:
05-26 09:21:59.147 1936 2061 I chatty :
uid=10200(com.dual.space.parallel.apps.multiaccounts.appscloner) RenderThread
identical 3 lines
05-26 09:21:59.147 1936 2061 I OpenGLRenderer:
05-26 09:21:59.154 1936 3530 D SurfaceUtils: connecting to surface 0xa4835878,
reason connectToSurface
05-26 09:21:59.154 1936 3530 I BufferQueueProducer: [SurfaceTexture-0-1936-4]
(id:79000000005,api:3,p:1936,c:1936) connect(): api=3 producerControlledByApp=true
05-26 09:21:59.155 1936 3530 I MediaCodec: [OMX.MTK.VIDEO.DECODER.VP9] setting
surface generation to 1982470
05-26 09:21:59.155 1936 3530 D SurfaceUtils: disconnecting from surface
0xa4835878, reason connectToSurface(reconnect)
05-26 09:21:59.155 1936 3530 I BufferQueueProducer: [SurfaceTexture-0-1936-4]
(id:79000000005,api:3,p:1936,c:1936) disconnect(): api=3
05-26 09:21:59.155 1936 3530 D SurfaceUtils: connecting to surface 0xa4835878,
reason connectToSurface(reconnect)
05-26 09:21:59.155 1936 3530 I BufferQueueProducer: [SurfaceTexture-0-1936-4]
(id:79000000005,api:3,p:1936,c:1936) connect(): api=3 producerControlledByApp=true
05-26 09:21:59.182 1936 3531 W ACodec : Failed to set ANW_HWComposer to OMX,
ignoring (-2147483648)
05-26 09:21:59.192 1936 3531 D SurfaceUtils: set up nativeWindow 0xa4835878 for
360x360, color 0x32315679, rotation 0, usage 0x2933
05-26 09:21:59.193 1936 3530 D SurfaceUtils: disconnecting from surface
0xa481f7d8, reason disconnectFromSurface
05-26 09:21:59.193 1936 3530 I BufferQueueProducer: [SurfaceTexture-1-1936-3]
(id:79000000004,api:3,p:1936,c:1936) disconnect(): api=3
05-26 09:21:59.200 1936 3518 D AudioTrack: start(2350): 0x4e6370f0, prior
state:STATE_STOPPED
05-26 09:21:59.277 1936 2061 I OpenGLRenderer:
05-26 09:21:59.278 1936 2061 I chatty :
uid=10200(com.dual.space.parallel.apps.multiaccounts.appscloner) RenderThread
identical 3 lines
05-26 09:21:59.278 1936 2061 I OpenGLRenderer:
05-26 09:21:59.321 1936 2061 I OpenGLRenderer:
05-26 09:21:59.321 1936 2061 I chatty :
uid=10200(com.dual.space.parallel.apps.multiaccounts.appscloner) RenderThread
identical 3 lines
05-26 09:21:59.321 1936 2061 I OpenGLRenderer:
05-26 09:21:59.362 1936 2061 I OpenGLRenderer:
05-26 09:21:59.362 1936 2061 I chatty :
uid=10200(com.dual.space.parallel.apps.multiaccounts.appscloner) RenderThread
identical 3 lines
05-26 09:21:59.362 1936 2061 I OpenGLRenderer:
05-26 09:21:59.391 1936 2061 I OpenGLRenderer:
05-26 09:21:59.391 1936 2061 I OpenGLRenderer:
05-26 09:21:59.391 1936 2061 I chatty :
uid=10200(com.dual.space.parallel.apps.multiaccounts.appscloner) RenderThread
identical 2 lines
05-26 09:21:59.391 1936 2061 I OpenGLRenderer:
05-26 09:21:59.425 1936 2061 I OpenGLRenderer:
05-26 09:21:59.425 1936 2061 I chatty :
uid=10200(com.dual.space.parallel.apps.multiaccounts.appscloner) RenderThread
identical 3 lines
05-26 09:21:59.425 1936 2061 I OpenGLRenderer:
05-26 09:21:59.647 1936 3032 I System.out: [okhttp]:check permission begin!
05-26 09:21:59.647 1936 3032 I System.out: [okhttp]:not MMS!
05-26 09:21:59.647 1936 3032 I System.out: [okhttp]:not Email!
05-26 09:21:59.647 1936 3032 I System.out: [OkHttp] sendRequest>>
05-26 09:21:59.648 1936 3032 I System.out: [OkHttp] sendRequest<<
05-26 09:21:59.663 1936 3518 D AudioTrack: getTimestamp_l(2350): device stall
time corrected using current time 62221392736475
05-26 09:21:59.837 1936 2469 D BufferPoolAccessor2.0: bufferpool2 0xa487ab88 :
0(0 size) total buffers - 0(0 size) used buffers - 1/7 (recycle/alloc) - 9/128
(fetch/transfer)
05-26 09:21:59.837 1936 2469 D BufferPoolAccessor2.0: Destruction - bufferpool2
0xa487ab88 cached: 0/0M, 0/0% in use; allocs: 7, 14% recycled; transfers: 128, 93%
unfetched
05-26 09:21:59.838 1936 3526 D BufferPoolAccessor2.0: bufferpool2 0xa4856948 :
5(40960 size) total buffers - 5(40960 size) used buffers - 1/7 (recycle/alloc) -
6/23 (fetch/transfer)
05-26 09:21:59.857 1936 2469 D BufferPoolAccessor2.0: bufferpool2 0x55089028 :
5(40960 size) total buffers - 5(40960 size) used buffers - 1/7 (recycle/alloc) -
11/28 (fetch/transfer)
05-26 09:21:59.898 1936 2061 I OpenGLRenderer:
05-26 09:21:59.898 1936 2061 I OpenGLRenderer: --xw 3gap: 0
05-26 09:21:59.898 1936 2061 I OpenGLRenderer:
05-26 09:21:59.898 1936 2061 I chatty :
uid=10200(com.dual.space.parallel.apps.multiaccounts.appscloner) RenderThread
identical 1 line
05-26 09:21:59.898 1936 2061 I OpenGLRenderer:
05-26 09:21:59.910 1936 2061 I OpenGLRenderer:
05-26 09:21:59.910 1936 2061 I OpenGLRenderer: --xw 3gap: 0
05-26 09:21:59.910 1936 2061 I OpenGLRenderer:
05-26 09:21:59.910 1936 2061 I chatty :
uid=10200(com.dual.space.parallel.apps.multiaccounts.appscloner) RenderThread
identical 1 line
05-26 09:21:59.910 1936 2061 I OpenGLRenderer:
05-26 09:21:59.964 1936 2061 I OpenGLRenderer:
05-26 09:21:59.964 1936 2061 I chatty :
uid=10200(com.dual.space.parallel.apps.multiaccounts.appscloner) RenderThread
identical 3 lines
05-26 09:21:59.964 1936 2061 I OpenGLRenderer:
05-26 09:21:59.994 1936 1936 V PhoneWindow: DecorView setVisiblity: visibility =
4, Parent = android.view.ViewRootImpl@d8da7b2, this =
DecorView@3e4f281[InAppPurchaseNewScreen]
05-26 09:22:00.066 1936 2061 I GPUAUX : [AUX]GPUAUXContext:69: create:
0x5e2302b0
05-26 09:22:00.150 1936 2061 I OpenGLRenderer:
05-26 09:22:00.150 1936 2061 I chatty :
uid=10200(com.dual.space.parallel.apps.multiaccounts.appscloner) RenderThread
identical 3 lines
05-26 09:22:00.150 1936 2061 I OpenGLRenderer:
05-26 09:22:00.237 1936 2061 I OpenGLRenderer:
05-26 09:22:00.237 1936 2061 I chatty :
uid=10200(com.dual.space.parallel.apps.multiaccounts.appscloner) RenderThread
identical 3 lines
05-26 09:22:00.237 1936 2061 I OpenGLRenderer:
05-26 09:22:00.243 1936 2061 I GPUAUX : [AUX]GPUAUXContext:69: create:
0x4a75baf0
05-26 09:22:00.254 1936 2061 I OpenGLRenderer:
05-26 09:22:00.276 1936 2061 I OpenGLRenderer:
05-26 09:22:00.316 1936 2061 I OpenGLRenderer:
05-26 09:22:00.317 1936 2061 I OpenGLRenderer: --xw 3gap: 0
05-26 09:22:00.317 1936 2061 I OpenGLRenderer:
05-26 09:22:00.317 1936 2061 I chatty :
uid=10200(com.dual.space.parallel.apps.multiaccounts.appscloner) RenderThread
identical 1 line
05-26 09:22:00.317 1936 2061 I OpenGLRenderer:
05-26 09:22:00.322 1936 2061 I GPUAUX : [AUX]GPUAUXContext:69: create:
0x4a76d610
05-26 09:22:00.353 1936 2061 I OpenGLRenderer:
05-26 09:22:00.353 1936 2061 I OpenGLRenderer: --xw 3gap: 0
05-26 09:22:00.353 1936 2061 I OpenGLRenderer:
05-26 09:22:00.353 1936 2061 I chatty :
uid=10200(com.dual.space.parallel.apps.multiaccounts.appscloner) RenderThread
identical 1 line
05-26 09:22:00.353 1936 2061 I OpenGLRenderer:
05-26 09:22:00.365 1936 2061 I OpenGLRenderer:
05-26 09:22:00.373 1936 2061 I GPUAUX : [AUX]GPUAUXContext:69: create:
0x5e205230
05-26 09:22:00.384 1936 2061 I OpenGLRenderer:
05-26 09:22:00.393 1936 2061 I GPUAUX : [AUX]GPUAUXContext:69: create:
0x5eb89940
05-26 09:22:00.405 1936 2061 I OpenGLRenderer:
05-26 09:22:00.417 1936 2061 I OpenGLRenderer:
05-26 09:22:00.422 1936 2061 I GPUAUX : [AUX]GPUAUXContext:69: create:
0x537b5aa0
05-26 09:22:00.464 1936 2061 I OpenGLRenderer:
05-26 09:22:00.464 1936 2061 I OpenGLRenderer: --xw 3gap: 0
05-26 09:22:00.464 1936 2061 I OpenGLRenderer:
05-26 09:22:00.464 1936 2061 I chatty :
uid=10200(com.dual.space.parallel.apps.multiaccounts.appscloner) RenderThread
identical 2 lines
05-26 09:22:00.471 1936 2061 I OpenGLRenderer:
05-26 09:22:00.484 1936 2061 I GPUAUX : [AUX]GPUAUXContext:69: create:
0x537bdff0
05-26 09:22:00.494 1936 2061 I OpenGLRenderer:
05-26 09:22:00.501 1936 2061 I GPUAUX : [AUX]GPUAUXContext:69: create:
0x537b3ee0
05-26 09:22:00.512 1936 2061 I OpenGLRenderer:
05-26 09:22:00.530 1936 2061 I GPUAUX : [AUX]GPUAUXContext:69: create:
0x5e20a0c0
05-26 09:22:00.546 1936 2061 I OpenGLRenderer:
05-26 09:22:00.556 1936 2061 I OpenGLRenderer:
05-26 09:22:00.568 1936 2061 I GPUAUX : [AUX]GPUAUXContext:69: create:
0x537b2c50
05-26 09:22:00.702 1936 2061 I OpenGLRenderer:
05-26 09:22:00.702 1936 2061 I OpenGLRenderer: --xw 3gap: 0
05-26 09:22:00.702 1936 2061 I OpenGLRenderer:
05-26 09:22:00.702 1936 2061 I chatty :
uid=10200(com.dual.space.parallel.apps.multiaccounts.appscloner) RenderThread
identical 1 line
05-26 09:22:00.702 1936 2061 I OpenGLRenderer:
05-26 09:22:00.761 1936 2061 I OpenGLRenderer:
05-26 09:22:00.761 1936 2061 I chatty :
uid=10200(com.dual.space.parallel.apps.multiaccounts.appscloner) RenderThread
identical 3 lines
05-26 09:22:00.761 1936 2061 I OpenGLRenderer:
05-26 09:22:00.778 1936 2061 I OpenGLRenderer:
05-26 09:22:00.855 1936 2061 I OpenGLRenderer:
05-26 09:22:00.855 1936 2061 I OpenGLRenderer: --xw 3gap: 0
05-26 09:22:00.855 1936 2061 I OpenGLRenderer:
05-26 09:22:00.855 1936 2061 I chatty :
uid=10200(com.dual.space.parallel.apps.multiaccounts.appscloner) RenderThread
identical 2 lines
05-26 09:22:00.866 1936 2061 I OpenGLRenderer:
05-26 09:22:00.903 1936 2061 I OpenGLRenderer:
05-26 09:22:00.903 1936 2061 I chatty :
uid=10200(com.dual.space.parallel.apps.multiaccounts.appscloner) RenderThread
identical 3 lines
05-26 09:22:00.903 1936 2061 I OpenGLRenderer:
05-26 09:22:00.931 1936 2061 I OpenGLRenderer:
05-26 09:22:00.972 1936 2061 I OpenGLRenderer:
05-26 09:22:00.998 1936 2061 I OpenGLRenderer:
05-26 09:22:01.015 1936 2061 I GPUAUX : [AUX]GPUAUXContext:69: create:
0x537b7f00
05-26 09:22:01.023 1936 2061 I OpenGLRenderer:
05-26 09:22:01.050 1936 2061 I GPUAUX : [AUX]GPUAUXContext:69: create:
0x5e22d220
05-26 09:22:01.058 1936 2061 I OpenGLRenderer:
05-26 09:22:01.087 1936 2061 I GPUAUX : [AUX]GPUAUXContext:69: create:
0x537af830
05-26 09:22:01.109 1936 2061 I OpenGLRenderer:
05-26 09:22:01.109 1936 2061 I OpenGLRenderer: --xw 3gap: 0
05-26 09:22:01.109 1936 2061 I OpenGLRenderer:
05-26 09:22:01.109 1936 2061 I chatty :
uid=10200(com.dual.space.parallel.apps.multiaccounts.appscloner) RenderThread
identical 1 line
05-26 09:22:01.109 1936 2061 I OpenGLRenderer:
05-26 09:22:01.127 1936 2061 I OpenGLRenderer:
05-26 09:22:01.149 1936 2061 I GPUAUX : [AUX]GPUAUXContext:69: create:
0x537b50e0
05-26 09:22:01.166 1936 2061 I OpenGLRenderer:
05-26 09:22:01.187 1936 2061 I OpenGLRenderer:
05-26 09:22:01.201 1936 2061 I OpenGLRenderer:
05-26 09:22:01.241 1936 2061 I OpenGLRenderer:
05-26 09:22:01.258 1936 2061 I OpenGLRenderer:
05-26 09:22:01.294 1936 2061 I OpenGLRenderer:
05-26 09:22:01.321 1936 2061 I OpenGLRenderer:
05-26 09:22:01.355 1936 2061 I OpenGLRenderer:
05-26 09:22:01.355 1936 2061 I OpenGLRenderer: --xw 3gap: 0
05-26 09:22:01.355 1936 2061 I OpenGLRenderer:
05-26 09:22:01.355 1936 2061 I chatty :
uid=10200(com.dual.space.parallel.apps.multiaccounts.appscloner) RenderThread
identical 1 line
05-26 09:22:01.355 1936 2061 I OpenGLRenderer:
05-26 09:22:01.366 1936 2061 I OpenGLRenderer:
05-26 09:22:01.387 1936 2061 I OpenGLRenderer:
05-26 09:22:01.422 1936 2061 I OpenGLRenderer:
05-26 09:22:01.460 1936 2061 I OpenGLRenderer:
05-26 09:22:01.492 1936 2061 I OpenGLRenderer:
05-26 09:22:01.520 1936 2061 I OpenGLRenderer:
05-26 09:22:01.554 1936 2061 I OpenGLRenderer:
05-26 09:22:01.610 1936 2061 I OpenGLRenderer:
05-26 09:22:01.610 1936 2061 I OpenGLRenderer: --xw 3gap: 0
05-26 09:22:01.610 1936 2061 I OpenGLRenderer:
05-26 09:22:01.610 1936 2061 I chatty :
uid=10200(com.dual.space.parallel.apps.multiaccounts.appscloner) RenderThread
identical 1 line
05-26 09:22:01.610 1936 2061 I OpenGLRenderer:
05-26 09:22:01.629 1936 2061 I OpenGLRenderer:
05-26 09:22:01.654 1936 2061 I OpenGLRenderer:
05-26 09:22:01.690 1936 2061 I OpenGLRenderer:
05-26 09:22:01.736 1936 2061 I OpenGLRenderer:
05-26 09:22:01.760 1936 2061 I OpenGLRenderer:
05-26 09:22:01.787 1936 2061 I OpenGLRenderer:
05-26 09:22:01.819 1936 2061 I OpenGLRenderer:
05-26 09:22:01.853 1936 2061 I OpenGLRenderer:
05-26 09:22:01.853 1936 2061 I OpenGLRenderer: --xw 3gap: 0
05-26 09:22:01.853 1936 2061 I OpenGLRenderer:
05-26 09:22:01.853 1936 2061 I chatty :
uid=10200(com.dual.space.parallel.apps.multiaccounts.appscloner) RenderThread
identical 1 line
05-26 09:22:01.853 1936 2061 I OpenGLRenderer:
05-26 09:22:01.867 1936 2061 I OpenGLRenderer:
05-26 09:22:01.968 1936 2061 I OpenGLRenderer:
05-26 09:22:01.968 1936 2061 I chatty :
uid=10200(com.dual.space.parallel.apps.multiaccounts.appscloner) RenderThread
identical 3 lines
05-26 09:22:01.968 1936 2061 I OpenGLRenderer:
05-26 09:22:02.000 1936 2061 I OpenGLRenderer:
05-26 09:22:02.000 1936 2061 I OpenGLRenderer: --xw 3gap: 0
05-26 09:22:02.000 1936 2061 I OpenGLRenderer:
05-26 09:22:02.000 1936 2061 I chatty :
uid=10200(com.dual.space.parallel.apps.multiaccounts.appscloner) RenderThread
identical 1 line
05-26 09:22:02.000 1936 2061 I OpenGLRenderer:
05-26 09:22:02.019 1936 2061 I OpenGLRenderer:
05-26 09:22:02.059 1936 2061 I OpenGLRenderer:
05-26 09:22:02.100 1936 2061 I OpenGLRenderer:
05-26 09:22:02.100 1936 2061 I OpenGLRenderer: --xw 3gap: 0
05-26 09:22:02.100 1936 2061 I OpenGLRenderer:
05-26 09:22:02.100 1936 2061 I chatty :
uid=10200(com.dual.space.parallel.apps.multiaccounts.appscloner) RenderThread
identical 1 line
05-26 09:22:02.100 1936 2061 I OpenGLRenderer:
05-26 09:22:02.108 1936 2061 I OpenGLRenderer:
05-26 09:22:02.125 1936 2061 I OpenGLRenderer:
05-26 09:22:02.170 1936 2061 I OpenGLRenderer:
05-26 09:22:02.196 1936 2061 I OpenGLRenderer:
05-26 09:22:02.226 1936 2061 I OpenGLRenderer:
05-26 09:22:02.253 1936 2061 I OpenGLRenderer:
05-26 09:22:02.287 1936 2061 I OpenGLRenderer:
05-26 09:22:02.324 1936 2061 I OpenGLRenderer:
05-26 09:22:02.390 1936 2061 I OpenGLRenderer:
05-26 09:22:02.390 1936 2061 I OpenGLRenderer: --xw 3gap: 0
05-26 09:22:02.390 1936 2061 I OpenGLRenderer:
05-26 09:22:02.390 1936 2061 I chatty :
uid=10200(com.dual.space.parallel.apps.multiaccounts.appscloner) RenderThread
identical 1 line
05-26 09:22:02.391 1936 2061 I OpenGLRenderer:
05-26 09:22:02.402 1936 2061 I OpenGLRenderer:
05-26 09:22:02.423 1936 2061 I OpenGLRenderer:
05-26 09:22:02.453 1936 2061 I OpenGLRenderer:
05-26 09:22:02.488 1936 2061 I OpenGLRenderer:
05-26 09:22:02.532 1936 2061 I OpenGLRenderer:
05-26 09:22:02.555 1936 2061 I OpenGLRenderer:
05-26 09:22:02.586 1936 2061 I OpenGLRenderer:
05-26 09:22:02.613 1936 2469 D CCodecBuffers: [c2.android.aac.decoder#291:1D-
Input.Impl[N]] codec released a buffer owned by client (index 0)
05-26 09:22:02.626 1936 2061 I OpenGLRenderer:
05-26 09:22:02.626 1936 2061 I OpenGLRenderer: --xw 3gap: 0
05-26 09:22:02.626 1936 2061 I OpenGLRenderer:
05-26 09:22:02.626 1936 2061 I chatty :
uid=10200(com.dual.space.parallel.apps.multiaccounts.appscloner) RenderThread
identical 2 lines
05-26 09:22:02.638 1936 2061 I OpenGLRenderer:
05-26 09:22:02.667 1936 2061 I OpenGLRenderer:
05-26 09:22:02.667 1936 2061 I OpenGLRenderer: --xw 3gap: 0
05-26 09:22:02.667 1936 2061 I OpenGLRenderer:
05-26 09:22:02.667 1936 2061 I chatty :
uid=10200(com.dual.space.parallel.apps.multiaccounts.appscloner) RenderThread
identical 1 line
05-26 09:22:02.667 1936 2061 I OpenGLRenderer:
05-26 09:22:02.686 1936 2061 I OpenGLRenderer:
05-26 09:22:02.719 1936 2061 I OpenGLRenderer:
05-26 09:22:02.758 1936 2061 I OpenGLRenderer:
05-26 09:22:02.788 1936 2061 I OpenGLRenderer:
05-26 09:22:02.820 1936 2061 I OpenGLRenderer:
05-26 09:22:02.870 1936 2061 I OpenGLRenderer:
05-26 09:22:02.870 1936 2061 I OpenGLRenderer: --xw 3gap: 0
05-26 09:22:02.870 1936 2061 I OpenGLRenderer:
05-26 09:22:02.870 1936 2061 I chatty :
uid=10200(com.dual.space.parallel.apps.multiaccounts.appscloner) RenderThread
identical 1 line
05-26 09:22:02.870 1936 2061 I OpenGLRenderer:
05-26 09:22:02.889 1936 2061 I OpenGLRenderer:
05-26 09:22:02.925 1936 2061 I OpenGLRenderer:
05-26 09:22:02.953 1936 2061 I OpenGLRenderer:
05-26 09:22:02.987 1936 2061 I OpenGLRenderer:
05-26 09:22:03.027 1936 2061 I OpenGLRenderer:
05-26 09:22:03.054 1936 2061 I OpenGLRenderer:
05-26 09:22:03.096 1936 2061 I OpenGLRenderer:
05-26 09:22:03.140 1936 2061 I OpenGLRenderer:
05-26 09:22:03.140 1936 2061 I OpenGLRenderer: --xw 3gap: 0
05-26 09:22:03.140 1936 2061 I OpenGLRenderer:
05-26 09:22:03.140 1936 2061 I chatty :
uid=10200(com.dual.space.parallel.apps.multiaccounts.appscloner) RenderThread
identical 2 lines
05-26 09:22:03.159 1936 2061 I OpenGLRenderer:
05-26 09:22:03.189 1936 2061 I OpenGLRenderer:
05-26 09:22:03.189 1936 2061 I OpenGLRenderer: --xw 3gap: 0
05-26 09:22:03.189 1936 2061 I OpenGLRenderer:
05-26 09:22:03.189 1936 2061 I chatty :
uid=10200(com.dual.space.parallel.apps.multiaccounts.appscloner) RenderThread
identical 2 lines
05-26 09:22:03.202 1936 2061 I OpenGLRenderer:
05-26 09:22:03.223 1936 2061 I OpenGLRenderer:
05-26 09:22:03.259 1936 2061 I OpenGLRenderer:
05-26 09:22:03.287 1936 2061 I OpenGLRenderer:
05-26 09:22:03.320 1936 2061 I OpenGLRenderer:
05-26 09:22:03.354 1936 2061 I OpenGLRenderer:
05-26 09:22:03.388 1936 2061 I OpenGLRenderer:
05-26 09:22:03.389 1936 2061 I OpenGLRenderer: --xw 3gap: 0
05-26 09:22:03.389 1936 2061 I OpenGLRenderer:
05-26 09:22:03.389 1936 2061 I chatty :
uid=10200(com.dual.space.parallel.apps.multiaccounts.appscloner) RenderThread
identical 2 lines
05-26 09:22:03.401 1936 2061 I OpenGLRenderer:
05-26 09:22:03.440 1936 2061 I OpenGLRenderer:
05-26 09:22:03.466 1936 2061 I OpenGLRenderer:
05-26 09:22:03.466 1936 2061 I OpenGLRenderer: --xw 3gap: 0
05-26 09:22:03.466 1936 2061 I OpenGLRenderer:
05-26 09:22:03.466 1936 2061 I chatty :
uid=10200(com.dual.space.parallel.apps.multiaccounts.appscloner) RenderThread
identical 1 line
05-26 09:22:03.466 1936 2061 I OpenGLRenderer:
05-26 09:22:03.487 1936 2061 I OpenGLRenderer:
05-26 09:22:03.520 1936 2061 I OpenGLRenderer:
05-26 09:22:03.554 1936 2061 I OpenGLRenderer:
05-26 09:22:03.593 1936 2061 I OpenGLRenderer:
05-26 09:22:03.622 1936 2061 I OpenGLRenderer:
05-26 09:22:03.662 1936 2061 I OpenGLRenderer:
05-26 09:22:03.662 1936 2061 I OpenGLRenderer: --xw 3gap: 0
05-26 09:22:03.662 1936 2061 I OpenGLRenderer:
05-26 09:22:03.662 1936 2061 I chatty :
uid=10200(com.dual.space.parallel.apps.multiaccounts.appscloner) RenderThread
identical 1 line
05-26 09:22:03.662 1936 2061 I OpenGLRenderer:
05-26 09:22:03.689 1936 2061 I OpenGLRenderer:
05-26 09:22:03.706 1936 2061 I OpenGLRenderer:
05-26 09:22:03.730 1936 2061 I OpenGLRenderer:
05-26 09:22:03.755 1936 2061 I OpenGLRenderer:
05-26 09:22:03.788 1936 2061 I OpenGLRenderer:
05-26 09:22:03.818 1936 2061 I OpenGLRenderer:
05-26 09:22:03.858 1936 2061 I OpenGLRenderer:
05-26 09:22:03.896 1936 2061 I OpenGLRenderer:
05-26 09:22:03.896 1936 2061 I OpenGLRenderer: --xw 3gap: 0
05-26 09:22:03.896 1936 2061 I OpenGLRenderer:
05-26 09:22:03.896 1936 2061 I chatty :
uid=10200(com.dual.space.parallel.apps.multiaccounts.appscloner) RenderThread
identical 1 line
05-26 09:22:03.896 1936 2061 I OpenGLRenderer:
05-26 09:22:03.912 1936 2061 I OpenGLRenderer:
05-26 09:22:03.923 1936 2061 I OpenGLRenderer:
05-26 09:22:03.954 1936 2061 I OpenGLRenderer:
05-26 09:22:03.985 1936 2061 I OpenGLRenderer:
05-26 09:22:04.026 1936 2061 I OpenGLRenderer:
05-26 09:22:04.053 1936 2061 I OpenGLRenderer:
05-26 09:22:04.086 1936 2061 I OpenGLRenderer:
05-26 09:22:04.119 1936 2061 I OpenGLRenderer:
05-26 09:22:04.148 1936 2061 I OpenGLRenderer:
05-26 09:22:04.148 1936 2061 I OpenGLRenderer: --xw 3gap: 0
05-26 09:22:04.148 1936 2061 I OpenGLRenderer:
05-26 09:22:04.148 1936 2061 I chatty :
uid=10200(com.dual.space.parallel.apps.multiaccounts.appscloner) RenderThread
identical 2 lines
05-26 09:22:04.158 1936 2061 I OpenGLRenderer:
05-26 09:22:04.209 1936 2061 I OpenGLRenderer:
05-26 09:22:04.209 1936 2061 I OpenGLRenderer: --xw 3gap: 0
05-26 09:22:04.209 1936 2061 I OpenGLRenderer:
05-26 09:22:04.209 1936 2061 I chatty :
uid=10200(com.dual.space.parallel.apps.multiaccounts.appscloner) RenderThread
identical 1 line
05-26 09:22:04.209 1936 2061 I OpenGLRenderer:
05-26 09:22:04.223 1936 2061 I OpenGLRenderer:
05-26 09:22:04.352 1936 2061 I OpenGLRenderer:
05-26 09:22:04.397 1936 2061 I OpenGLRenderer:
05-26 09:22:04.397 1936 2061 I OpenGLRenderer: --xw 3gap: 0
05-26 09:22:04.397 1936 2061 I OpenGLRenderer:
05-26 09:22:04.397 1936 2061 I chatty :
uid=10200(com.dual.space.parallel.apps.multiaccounts.appscloner) RenderThread
identical 2 lines
05-26 09:22:04.405 1936 2061 I OpenGLRenderer:
05-26 09:22:04.419 1936 2061 I OpenGLRenderer:
05-26 09:22:04.453 1936 2061 I OpenGLRenderer:
05-26 09:22:04.484 1936 2061 I OpenGLRenderer:
05-26 09:22:04.517 1936 2061 I OpenGLRenderer:
05-26 09:22:04.551 1936 2061 I OpenGLRenderer:
05-26 09:22:04.584 1936 2061 I OpenGLRenderer:
05-26 09:22:04.618 1936 2061 I OpenGLRenderer:
05-26 09:22:04.669 1936 2061 I OpenGLRenderer:
05-26 09:22:04.669 1936 2061 I OpenGLRenderer: --xw 3gap: 0
05-26 09:22:04.669 1936 2061 I OpenGLRenderer:
05-26 09:22:04.669 1936 2061 I chatty :
uid=10200(com.dual.space.parallel.apps.multiaccounts.appscloner) RenderThread
identical 1 line
05-26 09:22:04.669 1936 2061 I OpenGLRenderer:
05-26 09:22:04.689 1936 2061 I OpenGLRenderer:
05-26 09:22:04.720 1936 2061 I OpenGLRenderer:
05-26 09:22:04.751 1936 2061 I OpenGLRenderer:
05-26 09:22:04.788 1936 2061 I OpenGLRenderer:
05-26 09:22:04.815 1936 2061 I GPUAUX : [AUX]GPUAUXContext:69: create:
0x5e217b30
05-26 09:22:04.828 1936 2061 I OpenGLRenderer:
05-26 09:22:04.838 1936 2468 D BufferPoolAccessor2.0: evictor expired: 1,
evicted: 0
05-26 09:22:04.855 1936 2061 I OpenGLRenderer:
05-26 09:22:04.892 1936 2061 I OpenGLRenderer:
05-26 09:22:04.925 1936 2061 I OpenGLRenderer:
05-26 09:22:04.925 1936 2061 I OpenGLRenderer: --xw 3gap: 0
05-26 09:22:04.925 1936 2061 I OpenGLRenderer:
05-26 09:22:04.925 1936 2061 I chatty :
uid=10200(com.dual.space.parallel.apps.multiaccounts.appscloner) RenderThread
identical 1 line
05-26 09:22:04.925 1936 2061 I OpenGLRenderer:
05-26 09:22:04.939 1936 2061 I OpenGLRenderer:
05-26 09:22:04.969 1936 2061 I OpenGLRenderer:
05-26 09:22:04.987 1936 2061 I OpenGLRenderer:
05-26 09:22:05.018 1936 2061 I OpenGLRenderer:
05-26 09:22:05.054 1936 2061 I OpenGLRenderer:
05-26 09:22:05.086 1936 2061 I OpenGLRenderer:
05-26 09:22:05.087 1936 3526 D BufferPoolAccessor2.0: bufferpool2 0xa4856948 :
5(40960 size) total buffers - 5(40960 size) used buffers - 1/7 (recycle/alloc) -
8/136 (fetch/transfer)
05-26 09:22:05.119 1936 2061 I OpenGLRenderer:
05-26 09:22:05.166 1936 2061 I OpenGLRenderer:
05-26 09:22:05.167 1936 2061 I OpenGLRenderer: --xw 3gap: 0
05-26 09:22:05.167 1936 2061 I OpenGLRenderer:
05-26 09:22:05.167 1936 2061 I chatty :
uid=10200(com.dual.space.parallel.apps.multiaccounts.appscloner) RenderThread
identical 1 line
05-26 09:22:05.167 1936 2061 I OpenGLRenderer:
05-26 09:22:05.182 1936 2061 I OpenGLRenderer:
05-26 09:22:05.197 1936 2061 I OpenGLRenderer:
05-26 09:22:05.219 1936 2061 I OpenGLRenderer:
05-26 09:22:05.256 1936 2061 I OpenGLRenderer:
05-26 09:22:05.286 1936 2061 I OpenGLRenderer:
05-26 09:22:05.320 1936 2061 I OpenGLRenderer:
05-26 09:22:05.352 1936 2061 I OpenGLRenderer:
05-26 09:22:05.396 1936 2061 I OpenGLRenderer:
05-26 09:22:05.439 1936 2061 I OpenGLRenderer:
05-26 09:22:05.439 1936 2061 I chatty :
uid=10200(com.dual.space.parallel.apps.multiaccounts.appscloner) RenderThread
identical 3 lines
05-26 09:22:05.439 1936 2061 I OpenGLRenderer:
05-26 09:22:05.450 1936 2061 I OpenGLRenderer:
05-26 09:22:05.468 1936 2061 I OpenGLRenderer:
05-26 09:22:05.496 1936 2061 I OpenGLRenderer:
05-26 09:22:05.528 1936 2061 I OpenGLRenderer:
05-26 09:22:05.564 1936 2061 I OpenGLRenderer:
05-26 09:22:05.564 1936 2061 I chatty :
uid=10200(com.dual.space.parallel.apps.multiaccounts.appscloner) RenderThread
identical 3 lines
05-26 09:22:05.564 1936 2061 I OpenGLRenderer:
05-26 09:22:05.578 1936 2061 I OpenGLRenderer:
05-26 09:22:05.597 1936 2061 I OpenGLRenderer:
05-26 09:22:05.618 1936 2061 I OpenGLRenderer:
05-26 09:22:05.652 1936 3518 D AudioTrack: pause(2350): 0x4e6370f0, prior
state:STATE_ACTIVE
05-26 09:22:05.661 1936 2061 I OpenGLRenderer:
05-26 09:22:05.691 1936 3518 D AudioTrack: setVolume(2350): 0x4e6370f0, left =
0.000000, right = 0.000000
05-26 09:22:05.710 1936 1936 E Ads : JS: Uncaught (in promise) TypeError:
Cannot read properties of null (reading 'style')
(https://www.gstatic.com/mysidia/7336d4a7430aa30a9efb7634641e0e69.js?
tag=video_ctd/interstitial_carousel_v2:78)
05-26 09:22:05.858 1936 2061 I OpenGLRenderer:
05-26 09:22:05.858 1936 2061 I chatty :
uid=10200(com.dual.space.parallel.apps.multiaccounts.appscloner) RenderThread
identical 3 lines
05-26 09:22:05.858 1936 2061 I OpenGLRenderer:
05-26 09:22:05.886 1936 2061 I OpenGLRenderer:
05-26 09:22:05.886 1936 2061 I OpenGLRenderer: --xw 3gap: 0
05-26 09:22:05.886 1936 2061 I OpenGLRenderer:
05-26 09:22:05.886 1936 2061 I chatty :
uid=10200(com.dual.space.parallel.apps.multiaccounts.appscloner) RenderThread
identical 1 line
05-26 09:22:05.886 1936 2061 I OpenGLRenderer:
05-26 09:22:05.900 1936 2061 I OpenGLRenderer:
05-26 09:22:05.961 1936 2061 I OpenGLRenderer:
05-26 09:22:05.961 1936 2061 I OpenGLRenderer: --xw 3gap: 0
05-26 09:22:05.961 1936 2061 I OpenGLRenderer:
05-26 09:22:05.961 1936 2061 I chatty :
uid=10200(com.dual.space.parallel.apps.multiaccounts.appscloner) RenderThread
identical 1 line
05-26 09:22:05.961 1936 2061 I OpenGLRenderer:
05-26 09:22:06.341 1936 1993 I TRuntime.CctTransportBackend: Making request to:
https://firebaselogging-pa.googleapis.com/v1/firelog/legacy/batchlog
05-26 09:22:06.343 1936 1993 I System.out: [okhttp]:check permission begin!
05-26 09:22:06.344 1936 1993 I System.out: [okhttp]:not MMS!
05-26 09:22:06.345 1936 1993 I System.out: [okhttp]:not Email!
05-26 09:22:06.371 1936 1993 I System.out: [OkHttp] sendRequest>>
05-26 09:22:06.371 1936 1993 I System.out: [OkHttp] sendRequest<<
05-26 09:22:06.580 1936 2061 D RefBase : RefBase: Explicit destruction, weak
count = 0 (in 0xa96cce54)
05-26 09:22:06.580 1936 2061 W RefBase : CallStack::getCurrentInternal not
linked, returning null
05-26 09:22:06.580 1936 2061 W RefBase : CallStack::logStackInternal not linked
05-26 09:22:06.580 1936 2061 I GPUAUX : [AUX]~GPUAUXContext:77: destory:
0x537bdff0
05-26 09:22:06.581 1936 2061 D RefBase : RefBase: Explicit destruction, weak
count = 0 (in 0xa96cfa14)
05-26 09:22:06.581 1936 2061 W RefBase : CallStack::getCurrentInternal not
linked, returning null
05-26 09:22:06.581 1936 2061 W RefBase : CallStack::logStackInternal not linked
05-26 09:22:06.581 1936 2061 I GPUAUX : [AUX]~GPUAUXContext:77: destory:
0x5eb89940
05-26 09:22:06.582 1936 2061 D RefBase : RefBase: Explicit destruction, weak
count = 0 (in 0xa96cd304)
05-26 09:22:06.582 1936 2061 W RefBase : CallStack::getCurrentInternal not
linked, returning null
05-26 09:22:06.582 1936 2061 W RefBase : CallStack::logStackInternal not linked
05-26 09:22:06.582 1936 2061 I GPUAUX : [AUX]~GPUAUXContext:77: destory:
0x537b5aa0
05-26 09:22:06.582 1936 2061 D RefBase : RefBase: Explicit destruction, weak
count = 0 (in 0xa96cc044)
05-26 09:22:06.582 1936 2061 W RefBase : CallStack::getCurrentInternal not
linked, returning null
05-26 09:22:06.582 1936 2061 W RefBase : CallStack::logStackInternal not linked
05-26 09:22:06.582 1936 2061 I GPUAUX : [AUX]~GPUAUXContext:77: destory:
0x537b50e0
05-26 09:22:06.583 1936 2061 D RefBase : RefBase: Explicit destruction, weak
count = 0 (in 0xa96cddf4)
05-26 09:22:06.583 1936 2061 W RefBase : CallStack::getCurrentInternal not
linked, returning null
05-26 09:22:06.583 1936 2061 W RefBase : CallStack::logStackInternal not linked
05-26 09:22:06.583 1936 2061 I GPUAUX : [AUX]~GPUAUXContext:77: destory:
0x4a76d610
05-26 09:22:06.583 1936 2061 D RefBase : RefBase: Explicit destruction, weak
count = 0 (in 0xa96cbeb4)
05-26 09:22:06.583 1936 2061 W RefBase : CallStack::getCurrentInternal not
linked, returning null
05-26 09:22:06.583 1936 2061 W RefBase : CallStack::logStackInternal not linked
05-26 09:22:06.583 1936 2061 I GPUAUX : [AUX]~GPUAUXContext:77: destory:
0x5e205230
05-26 09:22:06.584 1936 2061 D RefBase : RefBase: Explicit destruction, weak
count = 0 (in 0xa96cfd34)
05-26 09:22:06.584 1936 2061 W RefBase : CallStack::getCurrentInternal not
linked, returning null
05-26 09:22:06.584 1936 2061 W RefBase : CallStack::logStackInternal not linked
05-26 09:22:06.584 1936 2061 I GPUAUX : [AUX]~GPUAUXContext:77: destory:
0x537af830
05-26 09:22:06.584 1936 2061 D RefBase : RefBase: Explicit destruction, weak
count = 0 (in 0xa96ced94)
05-26 09:22:06.584 1936 2061 W RefBase : CallStack::getCurrentInternal not
linked, returning null
05-26 09:22:06.584 1936 2061 W RefBase : CallStack::logStackInternal not linked
05-26 09:22:06.584 1936 2061 I GPUAUX : [AUX]~GPUAUXContext:77: destory:
0x5e20a0c0
05-26 09:22:06.585 1936 2061 D RefBase : RefBase: Explicit destruction, weak
count = 0 (in 0xa96cd944)
05-26 09:22:06.585 1936 2061 W RefBase : CallStack::getCurrentInternal not
linked, returning null
05-26 09:22:06.585 1936 2061 W RefBase : CallStack::logStackInternal not linked
05-26 09:22:06.585 1936 2061 I GPUAUX : [AUX]~GPUAUXContext:77: destory:
0x5e22d220
05-26 09:22:06.585 1936 2061 D RefBase : RefBase: Explicit destruction, weak
count = 0 (in 0xa96cc684)
05-26 09:22:06.585 1936 2061 W RefBase : CallStack::getCurrentInternal not
linked, returning null
05-26 09:22:06.585 1936 2061 W RefBase : CallStack::logStackInternal not linked
05-26 09:22:06.585 1936 2061 I GPUAUX : [AUX]~GPUAUXContext:77: destory:
0x5e217b30
05-26 09:22:06.586 1936 2061 D RefBase : RefBase: Explicit destruction, weak
count = 0 (in 0xa96cc1d4)
05-26 09:22:06.586 1936 2061 W RefBase : CallStack::getCurrentInternal not
linked, returning null
05-26 09:22:06.586 1936 2061 W RefBase : CallStack::logStackInternal not linked
05-26 09:22:06.586 1936 2061 I GPUAUX : [AUX]~GPUAUXContext:77: destory:
0x537b7f00
05-26 09:22:06.586 1936 2061 D RefBase : RefBase: Explicit destruction, weak
count = 0 (in 0xa96cdc64)
05-26 09:22:06.586 1936 2061 W RefBase : CallStack::getCurrentInternal not
linked, returning null
05-26 09:22:06.586 1936 2061 W RefBase : CallStack::logStackInternal not linked
05-26 09:22:06.586 1936 2061 I GPUAUX : [AUX]~GPUAUXContext:77: destory:
0x537b2c50
05-26 09:22:06.586 1936 2061 D RefBase : RefBase: Explicit destruction, weak
count = 0 (in 0xa96cdad4)
05-26 09:22:06.586 1936 2061 W RefBase : CallStack::getCurrentInternal not
linked, returning null
05-26 09:22:06.586 1936 2061 W RefBase : CallStack::logStackInternal not linked
05-26 09:22:06.586 1936 2061 I GPUAUX : [AUX]~GPUAUXContext:77: destory:
0x537b3ee0
05-26 09:22:06.587 1936 2061 D RefBase : RefBase: Explicit destruction, weak
count = 0 (in 0xa96cf884)
05-26 09:22:06.587 1936 2061 W RefBase : CallStack::getCurrentInternal not
linked, returning null
05-26 09:22:06.587 1936 2061 W RefBase : CallStack::logStackInternal not linked
05-26 09:22:06.587 1936 2061 I GPUAUX : [AUX]~GPUAUXContext:77: destory:
0x5e2302b0
05-26 09:22:06.587 1936 2061 D RefBase : RefBase: Explicit destruction, weak
count = 0 (in 0xa96ce114)
05-26 09:22:06.587 1936 2061 W RefBase : CallStack::getCurrentInternal not
linked, returning null
05-26 09:22:06.587 1936 2061 W RefBase : CallStack::logStackInternal not linked
05-26 09:22:06.587 1936 2061 I GPUAUX : [AUX]~GPUAUXContext:77: destory:
0x4a75baf0
05-26 09:22:06.617 1936 3991 D AudioTrack: stop(2350): 0x4e6370f0, prior
state:STATE_FLUSHED
05-26 09:22:06.618 1936 3991 D AudioTrack: ~AudioTrack(2350): 0x4e6370f0
05-26 09:22:06.619 1936 3526 D CCodecBuffers: [c2.android.aac.decoder#291:1D-
Output.Impl[N]] Client returned a buffer it does not own according to our record: 0
05-26 09:22:06.620 1936 3991 D AudioTrack: stop(2350): 0x4e6370f0, prior
state:STATE_FLUSHED
05-26 09:22:06.644 1936 3526 I CCodecConfig: query failed after returning 19
values (BAD_INDEX)
05-26 09:22:06.645 1936 3526 D CCodecConfig: c2 config diff is c2::i32
coding.drc.compression-mode.value = 3
05-26 09:22:06.648 1936 3526 W Codec2Client: query -- param skipped: index =
1342179345.
05-26 09:22:06.648 1936 3526 W Codec2Client: query -- param skipped: index =
2415921170.
05-26 09:22:06.648 1936 3526 W Codec2Client: query -- param skipped: index =
1610614798.
05-26 09:22:06.664 1936 3526 D CCodecBufferChannel: [c2.android.aac.decoder#291]
MediaCodec discarded an unknown buffer
05-26 09:22:06.664 1936 3526 I chatty :
uid=10200(com.dual.space.parallel.apps.multiaccounts.appscloner) MediaCodec_loop
identical 2 lines
05-26 09:22:06.664 1936 3526 D CCodecBufferChannel: [c2.android.aac.decoder#291]
MediaCodec discarded an unknown buffer
05-26 09:22:06.665 1936 3530 I BufferQueueConsumer: [](id:79000000006,api:0,p:-
1,c:1936) connect(): controlledByApp=false
05-26 09:22:06.665 1936 3530 D SurfaceUtils: connecting to surface 0xa4825c98,
reason connectToSurface
05-26 09:22:06.665 1936 3530 I BufferQueueProducer: [MediaCodec.release]
(id:79000000006,api:3,p:1936,c:1936) connect(): api=3 producerControlledByApp=false
05-26 09:22:06.665 1936 3530 I MediaCodec: [OMX.MTK.VIDEO.DECODER.VP9] setting
surface generation to 1982471
05-26 09:22:06.665 1936 3530 D SurfaceUtils: disconnecting from surface
0xa4825c98, reason connectToSurface(reconnect)
05-26 09:22:06.665 1936 3530 I BufferQueueProducer: [MediaCodec.release]
(id:79000000006,api:3,p:1936,c:1936) disconnect(): api=3
05-26 09:22:06.665 1936 3530 D SurfaceUtils: connecting to surface 0xa4825c98,
reason connectToSurface(reconnect)
05-26 09:22:06.666 1936 3530 I BufferQueueProducer: [MediaCodec.release]
(id:79000000006,api:3,p:1936,c:1936) connect(): api=3 producerControlledByApp=false
05-26 09:22:06.666 1936 3531 W ACodec : Failed to set ANW_HWComposer to OMX,
ignoring (-2147483648)
05-26 09:22:06.667 1936 3531 D SurfaceUtils: set up nativeWindow 0xa4825c98 for
360x360, color 0x32315679, rotation 0, usage 0x2933
05-26 09:22:06.667 1936 3530 D SurfaceUtils: disconnecting from surface
0xa4835878, reason disconnectFromSurface
05-26 09:22:06.667 1936 3530 I BufferQueueProducer: [SurfaceTexture-0-1936-4]
(id:79000000005,api:3,p:1936,c:1936) disconnect(): api=3
05-26 09:22:06.669 1936 3529 I BufferQueueConsumer: [SurfaceTexture-1-1936-3]
(id:79000000004,api:0,p:-1,c:1936) disconnect()
05-26 09:22:06.674 1936 1936 I BufferQueueConsumer: [SurfaceTexture-0-1936-4]
(id:79000000005,api:0,p:-1,c:1936) disconnect()
05-26 09:22:06.695 1936 3526 I hw-BpHwBinder: onLastStrongRef automatically
