05-26 09:21:04.651 1936 2061 I OpenGLRenderer:
05-26 09:21:04.670 1936 2061 I OpenGLRenderer:
05-26 09:21:04.682 1936 1936 D app_purchased: not_purchase_app_open
05-26 09:21:04.685 1936 2061 I OpenGLRenderer:
05-26 09:21:04.702 1936 2061 I OpenGLRenderer:
05-26 09:21:04.719 1936 2061 I OpenGLRenderer:
05-26 09:21:04.735 1936 2061 I OpenGLRenderer:
05-26 09:21:04.753 1936 2061 I OpenGLRenderer:
05-26 09:21:04.768 1936 2061 I OpenGLRenderer:
05-26 09:21:04.784 1936 1936 D app_purchased: not_purchase_app_open
05-26 09:21:04.786 1936 2061 I OpenGLRenderer:
05-26 09:21:04.800 1936 2061 I OpenGLRenderer:
05-26 09:21:04.818 1936 2061 I OpenGLRenderer:
05-26 09:21:04.834 1936 2061 I OpenGLRenderer:
05-26 09:21:04.850 1936 2061 I OpenGLRenderer:
05-26 09:21:04.869 1936 2061 I OpenGLRenderer:
05-26 09:21:04.883 1936 2061 I OpenGLRenderer:
05-26 09:21:04.883 1936 1936 D app_purchased: not_purchase_app_open
05-26 09:21:04.900 1936 2061 I OpenGLRenderer:
05-26 09:21:04.917 1936 2061 I chatty :
uid=10200(com.dual.space.parallel.apps.multiaccounts.appscloner) RenderThread
identical 1 line
05-26 09:21:04.934 1936 2061 I OpenGLRenderer:
05-26 09:21:04.952 1936 2061 I OpenGLRenderer:
05-26 09:21:04.967 1936 2061 I OpenGLRenderer:
05-26 09:21:04.984 1936 1936 D app_purchased: not_purchase_app_open
05-26 09:21:04.985 1936 2061 I OpenGLRenderer:
05-26 09:21:05.051 1936 2061 I chatty :
uid=10200(com.dual.space.parallel.apps.multiaccounts.appscloner) RenderThread
identical 4 lines
05-26 09:21:05.069 1936 2061 I OpenGLRenderer:
05-26 09:21:05.084 1936 1936 D app_purchased: not_purchase_app_open
05-26 09:21:05.085 1936 2061 I OpenGLRenderer:
05-26 09:21:05.135 1936 2061 I chatty :
uid=10200(com.dual.space.parallel.apps.multiaccounts.appscloner) RenderThread
identical 3 lines
05-26 09:21:05.150 1936 2061 I OpenGLRenderer:
05-26 09:21:05.167 1936 2061 I OpenGLRenderer:
05-26 09:21:05.183 1936 1936 D app_purchased: not_purchase_app_open
05-26 09:21:05.184 1936 2061 I OpenGLRenderer:
05-26 09:21:05.201 1936 2061 I OpenGLRenderer:
05-26 09:21:05.218 1936 2061 I OpenGLRenderer:
05-26 09:21:05.233 1936 2061 I OpenGLRenderer:
05-26 09:21:05.260 1936 2061 I OpenGLRenderer:
05-26 09:21:05.269 1936 2061 I OpenGLRenderer:
05-26 09:21:05.283 1936 2061 I OpenGLRenderer:
05-26 09:21:05.283 1936 1936 D app_purchased: not_purchase_app_open
05-26 09:21:05.301 1936 2061 I OpenGLRenderer:
05-26 09:21:05.317 1936 2061 I OpenGLRenderer:
05-26 09:21:05.335 1936 2061 I OpenGLRenderer:
05-26 09:21:05.350 1936 2061 I OpenGLRenderer:
05-26 09:21:05.367 1936 2061 I OpenGLRenderer:
05-26 09:21:05.383 1936 1936 D app_purchased: not_purchase_app_open
05-26 09:21:05.384 1936 2061 I OpenGLRenderer:
05-26 09:21:05.401 1936 2061 I OpenGLRenderer:
05-26 09:21:05.453 1936 2061 I chatty :
uid=10200(com.dual.space.parallel.apps.multiaccounts.appscloner) RenderThread
identical 3 lines
05-26 09:21:05.469 1936 2061 I OpenGLRenderer:
05-26 09:21:05.483 1936 1936 D app_purchased: not_purchase_app_open
05-26 09:21:05.485 1936 2061 I OpenGLRenderer:
05-26 09:21:05.501 1936 2061 I OpenGLRenderer:
05-26 09:21:05.516 1936 2061 I OpenGLRenderer:
05-26 09:21:05.533 1936 2061 I chatty :
uid=10200(com.dual.space.parallel.apps.multiaccounts.appscloner) RenderThread
identical 1 line
05-26 09:21:05.551 1936 2061 I OpenGLRenderer:
05-26 09:21:05.568 1936 2061 I OpenGLRenderer:
05-26 09:21:05.583 1936 1936 D app_purchased: not_purchase_app_open
05-26 09:21:05.585 1936 2061 I OpenGLRenderer:
05-26 09:21:05.601 1936 2061 I OpenGLRenderer:
05-26 09:21:05.618 1936 2061 I OpenGLRenderer:
05-26 09:21:05.651 1936 2061 I chatty :
uid=10200(com.dual.space.parallel.apps.multiaccounts.appscloner) RenderThread
identical 2 lines
05-26 09:21:05.669 1936 2061 I OpenGLRenderer:
05-26 09:21:05.683 1936 1936 D app_purchased: not_purchase_app_open
05-26 09:21:05.684 1936 2061 I OpenGLRenderer:
05-26 09:21:05.701 1936 2061 I OpenGLRenderer:
05-26 09:21:05.718 1936 2061 I OpenGLRenderer:
05-26 09:21:05.751 1936 2061 I chatty :
uid=10200(com.dual.space.parallel.apps.multiaccounts.appscloner) RenderThread
identical 2 lines
05-26 09:21:05.768 1936 2061 I OpenGLRenderer:
05-26 09:21:05.783 1936 1936 D app_purchased: not_purchase_app_open
05-26 09:21:05.785 1936 2061 I OpenGLRenderer:
05-26 09:21:05.801 1936 2061 I chatty :
uid=10200(com.dual.space.parallel.apps.multiaccounts.appscloner) RenderThread
identical 1 line
05-26 09:21:05.817 1936 2061 I OpenGLRenderer:
05-26 09:21:05.834 1936 2061 I OpenGLRenderer:
05-26 09:21:05.851 1936 2061 I chatty :
uid=10200(com.dual.space.parallel.apps.multiaccounts.appscloner) RenderThread
identical 1 line
05-26 09:21:05.869 1936 2061 I OpenGLRenderer:
05-26 09:21:05.883 1936 1936 D app_purchased: not_purchase_app_open
05-26 09:21:05.885 1936 2061 I OpenGLRenderer:
05-26 09:21:05.918 1936 2061 I chatty :
uid=10200(com.dual.space.parallel.apps.multiaccounts.appscloner) RenderThread
identical 2 lines
05-26 09:21:05.935 1936 2061 I OpenGLRenderer:
05-26 09:21:05.952 1936 2061 I OpenGLRenderer:
05-26 09:21:05.968 1936 2061 I OpenGLRenderer:
05-26 09:21:05.983 1936 1936 D app_purchased: not_purchase_app_open
05-26 09:21:05.984 1936 2061 I OpenGLRenderer:
05-26 09:21:06.001 1936 2061 I OpenGLRenderer:
05-26 09:21:06.018 1936 2061 I OpenGLRenderer:
05-26 09:21:06.034 1936 2061 I OpenGLRenderer:
05-26 09:21:06.051 1936 2061 I OpenGLRenderer:
05-26 09:21:06.068 1936 2061 I OpenGLRenderer:
05-26 09:21:06.083 1936 1936 D app_purchased: not_purchase_app_open
05-26 09:21:06.085 1936 2061 I OpenGLRenderer:
05-26 09:21:06.117 1936 2061 I chatty :
uid=10200(com.dual.space.parallel.apps.multiaccounts.appscloner) RenderThread
identical 2 lines
05-26 09:21:06.135 1936 2061 I OpenGLRenderer:
05-26 09:21:06.153 1936 2061 I OpenGLRenderer:
05-26 09:21:06.168 1936 2061 I OpenGLRenderer:
05-26 09:21:06.184 1936 1936 D app_purchased: not_purchase_app_open
05-26 09:21:06.187 1936 2061 I OpenGLRenderer:
05-26 09:21:06.203 1936 2061 I OpenGLRenderer:
05-26 09:21:06.218 1936 2061 I OpenGLRenderer:
05-26 09:21:06.237 1936 2061 I chatty :
uid=10200(com.dual.space.parallel.apps.multiaccounts.appscloner) RenderThread
identical 1 line
05-26 09:21:06.252 1936 2061 I OpenGLRenderer:
05-26 09:21:06.269 1936 2061 I OpenGLRenderer:
05-26 09:21:06.283 1936 1936 D app_purchased: not_purchase_app_open
05-26 09:21:06.287 1936 2061 I OpenGLRenderer:
05-26 09:21:06.303 1936 2061 I OpenGLRenderer:
05-26 09:21:06.321 1936 2061 I OpenGLRenderer:
05-26 09:21:06.337 1936 2061 I OpenGLRenderer:
05-26 09:21:06.353 1936 2061 I OpenGLRenderer:
05-26 09:21:06.368 1936 2061 I OpenGLRenderer:
05-26 09:21:06.384 1936 1936 D app_purchased: not_purchase_app_open
05-26 09:21:06.394 1936 2061 I OpenGLRenderer:
05-26 09:21:06.403 1936 2061 I OpenGLRenderer:
05-26 09:21:06.419 1936 2061 I OpenGLRenderer:
05-26 09:21:06.439 1936 2061 I OpenGLRenderer:
05-26 09:21:06.453 1936 2061 I OpenGLRenderer:
05-26 09:21:06.456 1936 2291 I System.out: [OkHttp] sendRequest>>
05-26 09:21:06.457 1936 2291 I System.out: [OkHttp] sendRequest<<
05-26 09:21:06.474 1936 2061 I OpenGLRenderer:
05-26 09:21:06.484 1936 1936 D app_purchased: not_purchase_app_open
05-26 09:21:06.489 1936 2061 I OpenGLRenderer:
05-26 09:21:06.566 1936 2061 I chatty :
uid=10200(com.dual.space.parallel.apps.multiaccounts.appscloner) RenderThread
identical 5 lines
05-26 09:21:06.583 1936 2061 I OpenGLRenderer:
05-26 09:21:06.584 1936 1936 D app_purchased: not_purchase_app_open
05-26 09:21:06.600 1936 2061 I OpenGLRenderer:
05-26 09:21:06.650 1936 2061 I chatty :
uid=10200(com.dual.space.parallel.apps.multiaccounts.appscloner) RenderThread
identical 3 lines
05-26 09:21:06.668 1936 2061 I OpenGLRenderer:
05-26 09:21:06.685 1936 1936 D app_purchased: not_purchase_app_open
05-26 09:21:06.685 1936 2061 I OpenGLRenderer:
05-26 09:21:06.701 1936 2061 I OpenGLRenderer:
05-26 09:21:06.716 1936 2061 I chatty :
uid=10200(com.dual.space.parallel.apps.multiaccounts.appscloner) RenderThread
identical 1 line
05-26 09:21:06.732 1936 2061 I OpenGLRenderer:
05-26 09:21:06.749 1936 2061 I OpenGLRenderer:
05-26 09:21:06.766 1936 2061 I OpenGLRenderer:
05-26 09:21:06.782 1936 2061 I OpenGLRenderer:
05-26 09:21:06.784 1936 1936 D app_purchased: not_purchase_app_open
05-26 09:21:06.799 1936 2061 I OpenGLRenderer:
05-26 09:21:06.875 1936 2061 I OpenGLRenderer:
05-26 09:21:06.875 1936 2061 I chatty :
uid=10200(com.dual.space.parallel.apps.multiaccounts.appscloner) RenderThread
identical 3 lines
05-26 09:21:06.875 1936 2061 I OpenGLRenderer:
05-26 09:21:06.875 1936 2317 I System.out: [okhttp]:check permission begin!
05-26 09:21:06.876 1936 2317 I System.out: [okhttp]:not MMS!
05-26 09:21:06.876 1936 2317 I System.out: [okhttp]:not Email!
05-26 09:21:06.877 1936 2316 I System.out: [okhttp]:check permission begin!
05-26 09:21:06.878 1936 2316 I System.out: [okhttp]:not MMS!
05-26 09:21:06.878 1936 2316 I System.out: [okhttp]:not Email!
05-26 09:21:06.884 1936 1936 D app_purchased: not_purchase_app_open
05-26 09:21:06.964 1936 2234 I System.out: [okhttp]:check permission begin!
05-26 09:21:06.965 1936 2234 I System.out: [okhttp]:not MMS!
05-26 09:21:06.965 1936 2234 I System.out: [okhttp]:not Email!
05-26 09:21:06.982 1936 2235 I System.out: [okhttp]:check permission begin!
05-26 09:21:06.982 1936 2235 I System.out: [okhttp]:not MMS!
05-26 09:21:06.982 1936 2235 I System.out: [okhttp]:not Email!
05-26 09:21:06.985 1936 1936 D app_purchased: not_purchase_app_open
05-26 09:21:06.996 1936 2316 I System.out: [socket]:check permission begin!
05-26 09:21:06.997 1936 2317 I System.out: [socket]:check permission begin!
05-26 09:21:07.057 1936 2234 I System.out: [socket]:check permission begin!
05-26 09:21:07.084 1936 1936 D app_purchased: not_purchase_app_open
05-26 09:21:07.084 1936 2235 I System.out: [socket]:check permission begin!
05-26 09:21:07.185 1936 1936 D app_purchased: not_purchase_app_open
05-26 09:21:07.281 1936 2316 I System.out: [OkHttp] sendRequest>>
05-26 09:21:07.282 1936 2316 I System.out: [OkHttp] sendRequest<<
05-26 09:21:07.285 1936 1936 D app_purchased: not_purchase_app_open
05-26 09:21:07.323 1936 2317 I System.out: [OkHttp] sendRequest>>
05-26 09:21:07.323 1936 2317 I System.out: [OkHttp] sendRequest<<
05-26 09:21:07.373 1936 2234 I System.out: [OkHttp] sendRequest<<
05-26 09:21:07.384 1936 1936 D app_purchased: not_purchase_app_open
05-26 09:21:07.399 1936 2235 I System.out: [OkHttp] sendRequest<<
05-26 09:21:07.485 1936 1936 D app_purchased: not_purchase_app_open
05-26 09:21:07.595 1936 1936 D DynamitePackage: Instantiating
com.google.android.gms.ads.ChimeraNativeAdViewDelegateCreatorImpl
05-26 09:21:07.644 1936 1936 D NATIVE_LOADED: loaded
05-26 09:21:07.710 1936 1936 D app_purchased: not_purchase_app_open
05-26 09:21:07.715 1936 2061 I OpenGLRenderer:
05-26 09:21:07.715 1936 2061 I chatty :
uid=10200(com.dual.space.parallel.apps.multiaccounts.appscloner) RenderThread
identical 4 lines
05-26 09:21:07.723 1936 2061 I OpenGLRenderer:
05-26 09:21:07.808 1936 1949 I unts.appsclone: Background young concurrent
copying GC freed 111139(6446KB) AllocSpace objects, 50(2652KB) LOS objects, 30%
free, 16MB/23MB, paused 266us total 191.050ms
05-26 09:21:07.809 1936 1936 D app_purchased: not_purchase_app_open
05-26 09:21:07.872 1936 2468 D BufferPoolAccessor2.0: bufferpool2 0xa487ab88 :
6(49152 size) total buffers - 5(40960 size) used buffers - 1/7 (recycle/alloc) -
6/21 (fetch/transfer)
05-26 09:21:07.872 1936 2468 D BufferPoolAccessor2.0: evictor expired: 1,
evicted: 1
05-26 09:21:07.910 1936 1936 D app_purchased: not_purchase_app_open
05-26 09:21:08.010 1936 1936 D app_purchased: not_purchase_app_open
05-26 09:21:08.110 1936 1936 D app_purchased: not_purchase_app_open
05-26 09:21:08.204 1936 2630 D libMEOW : applied 1 plugins for
[com.dual.space.parallel.apps.multiaccounts.appscloner]:
05-26 09:21:08.204 1936 2630 D libMEOW : plugin 1: [libMEOW_gift.so]:
05-26 09:21:08.284 1936 1936 V PhoneWindow: DecorView setVisiblity: visibility =
4, Parent = null, this = DecorView@ebf968[]
05-26 09:21:08.285 1936 1936 D ViewRootImpl[OnBordingActivity]: hardware
acceleration = true , fakeHwAccelerated = false, sRendererDisabled = false,
forceHwAccelerated = false, sSystemRendererDisabled = false
05-26 09:21:08.295 1936 1936 I InputTransport: Create ARC handle: 0x599a0c90
05-26 09:21:08.295 1936 1936 I InputTransport: InputConsumer create
TRAN_APPTURBO_ENABLE disable
05-26 09:21:08.296 1936 1936 V PhoneWindow: DecorView setVisiblity: visibility =
0, Parent = android.view.ViewRootImpl@cbde67, this =
DecorView@ebf968[OnBordingActivity]
05-26 09:21:08.301 1936 1936 D app_purchased: not_purchase_app_open
05-26 09:21:08.366 1936 1936 W View : requestLayout() improperly called by
com.google.android.material.textview.MaterialTextView{55301ac V.ED..... ......ID
360,0-360,50 #7f0a03a9 app:id/textHead} during layout: running second layout pass
05-26 09:21:08.366 1936 1936 W View : requestLayout() improperly called by
com.google.android.material.textview.MaterialTextView{5e24e75 V.ED..... ......ID
360,50-360,116 #7f0a03a7 app:id/textDesc} during layout: running second layout pass
05-26 09:21:08.377 1936 1936 D DynamitePackage: Instantiating
com.google.android.gms.ads.ChimeraAdLoaderBuilderCreatorImpl
05-26 09:21:08.382 1936 1936 I Ads : Use
RequestConfiguration.Builder().setTestDeviceIds(Arrays.asList("E3C6AB96B0FB434C9254
402D8EB0572D")) to get test ads on this device.
05-26 09:21:08.400 1936 1936 I Ads : Please set theme of AdActivity to
@android:style/Theme.Translucent to enable transparent background interstitial ad.
05-26 09:21:08.422 1936 2288 W Ads : Not retrying to fetch app settings
05-26 09:21:08.456 1936 2061 I OpenGLRenderer:
05-26 09:21:08.456 1936 2061 I chatty :
uid=10200(com.dual.space.parallel.apps.multiaccounts.appscloner) RenderThread
identical 3 lines
05-26 09:21:08.456 1936 2061 I OpenGLRenderer:
05-26 09:21:08.523 1936 2061 I OpenGLRenderer:
05-26 09:21:08.523 1936 2061 I chatty :
uid=10200(com.dual.space.parallel.apps.multiaccounts.appscloner) RenderThread
identical 3 lines
05-26 09:21:08.523 1936 2061 I OpenGLRenderer:
05-26 09:21:08.554 1936 1936 D app_purchased: not_purchase_app_open
05-26 09:21:08.655 1936 1936 D app_purchased: not_purchase_app_open
05-26 09:21:08.754 1936 1936 D app_purchased: not_purchase_app_open
05-26 09:21:08.769 1936 1949 I unts.appsclone: Background young concurrent
copying GC freed 34907(2754KB) AllocSpace objects, 60(5496KB) LOS objects, 26%
free, 17MB/23MB, paused 3.189ms total 175.528ms
05-26 09:21:08.782 1936 2172 I System.out: [okhttp]:check permission begin!
05-26 09:21:08.782 1936 2172 I System.out: [okhttp]:not MMS!
05-26 09:21:08.782 1936 2172 I System.out: [okhttp]:not Email!
05-26 09:21:08.786 1936 2172 I System.out: [socket]:check permission begin!
05-26 09:21:08.836 1936 1936 V PhoneWindow: DecorView setVisiblity: visibility =
4, Parent = android.view.ViewRootImpl@ef2636f, this =
DecorView@e531750[LanguageActivity]
05-26 09:21:08.846 1936 1936 D View : [Warning] assignParent to null: this =
DecorView@e531750[LanguageActivity]
05-26 09:21:08.853 1936 1936 I InputTransport: Destroy ARC handle: 0x921db370
05-26 09:21:08.860 1936 1936 D app_purchased: not_purchase_app_open
05-26 09:21:08.961 1936 1936 D app_purchased: not_purchase_app_open
05-26 09:21:08.998 1936 1936 D ContentValues: onAdLoaded.
05-26 09:21:09.003 1936 2296 I System.out: [okhttp]:check permission begin!
05-26 09:21:09.003 1936 2296 I System.out: [okhttp]:not MMS!
05-26 09:21:09.003 1936 2296 I System.out: [okhttp]:not Email!
05-26 09:21:09.007 1936 2296 I System.out: [socket]:check permission begin!
05-26 09:21:09.025 1936 2291 I System.out: [okhttp]:check permission begin!
05-26 09:21:09.025 1936 2291 I System.out: [okhttp]:not MMS!
05-26 09:21:09.026 1936 2291 I System.out: [okhttp]:not Email!
05-26 09:21:09.026 1936 2291 I System.out: [socket]:check permission begin!
05-26 09:21:09.048 1936 2172 I System.out: [OkHttp] sendRequest>>
05-26 09:21:09.048 1936 2172 I System.out: [OkHttp] sendRequest<<
05-26 09:21:09.428 1936 2314 I System.out: [okhttp]:check permission begin!
05-26 09:21:09.435 1936 2314 I System.out: [okhttp]:not MMS!
05-26 09:21:09.437 1936 2314 I System.out: [okhttp]:not Email!
05-26 09:21:09.437 1936 2315 I System.out: [okhttp]:check permission begin!
05-26 09:21:09.438 1936 2315 I System.out: [okhttp]:not MMS!
05-26 09:21:09.438 1936 2315 I System.out: [okhttp]:not Email!
05-26 09:21:09.442 1936 2315 I System.out: [socket]:check permission begin!
05-26 09:21:09.442 1936 2314 I System.out: [socket]:check permission begin!
05-26 09:21:09.455 1936 2296 I System.out: [OkHttp] sendRequest>>
05-26 09:21:09.457 1936 2296 I System.out: [OkHttp] sendRequest<<
05-26 09:21:09.508 1936 2291 I System.out: [OkHttp] sendRequest>>
05-26 09:21:09.509 1936 2291 I System.out: [OkHttp] sendRequest<<
05-26 09:21:09.633 1936 2172 I System.out: [okhttp]:check permission begin!
05-26 09:21:09.633 1936 2172 I System.out: [okhttp]:not MMS!
05-26 09:21:09.634 1936 2172 I System.out: [okhttp]:not Email!
05-26 09:21:09.649 1936 2315 I System.out: [OkHttp] sendRequest>>
05-26 09:21:09.650 1936 2315 I System.out: [OkHttp] sendRequest<<
05-26 09:21:09.652 1936 2314 I System.out: [OkHttp] sendRequest>>
05-26 09:21:09.653 1936 2314 I System.out: [OkHttp] sendRequest<<
05-26 09:21:09.663 1936 2172 I System.out: [socket]:check permission begin!
05-26 09:21:09.779 1936 2291 I PlayCore: UID: [10200] PID: [1936] PrewarmService
: prewarm(com.dual.space.parallel.apps.multiaccounts.appscloner)
05-26 09:21:09.779 1936 2464 I PlayCore: UID: [10200] PID: [1936] PrewarmService
: Initiate binding to the service.
05-26 09:21:09.795 1936 2574 I System.out: [okhttp]:check permission begin!
05-26 09:21:09.796 1936 1936 D DynamitePackage: Instantiating
com.google.android.gms.ads.ChimeraNativeAdViewDelegateCreatorImpl
05-26 09:21:09.806 1936 2574 I System.out: [okhttp]:not MMS!
05-26 09:21:09.806 1936 2574 I System.out: [okhttp]:not Email!
05-26 09:21:09.807 1936 2574 I System.out: [socket]:check permission begin!
05-26 09:21:09.808 1936 2172 I System.out: [OkHttp] sendRequest>>
05-26 09:21:09.808 1936 2172 I System.out: [OkHttp] sendRequest<<
05-26 09:21:09.840 1936 1936 I PlayCore: UID: [10200] PID: [1936] PrewarmService
: ServiceConnectionImpl.onServiceConnected(ComponentInfo{com.android.vending/
com.google.android.finsky.prewarmservice.PrewarmService})
05-26 09:21:09.840 1936 2464 I PlayCore: UID: [10200] PID: [1936] PrewarmService
: linkToDeath
05-26 09:21:09.840 1936 1936 D NATIVE_LOADED: loaded
05-26 09:21:09.945 1936 2061 I OpenGLRenderer:
05-26 09:21:09.946 1936 2061 I chatty :
uid=10200(com.dual.space.parallel.apps.multiaccounts.appscloner) RenderThread
identical 3 lines
05-26 09:21:09.946 1936 2061 I OpenGLRenderer:
05-26 09:21:09.951 1936 1936 I Ads : Received log message: <Google:HTML> You
have received a video-enabled native ad, but did not register ' +
05-26 09:21:09.951 1936 1936 I Ads : 'a media view. In order to
improve user experience and to maximize ' +
05-26 09:21:09.951 1936 1936 I Ads : 'revenue, we recommend
rendering a media view of size 300x150 or ' +
05-26 09:21:09.951 1936 1936 I Ads : 'larger. See
https://goo.gl/BMzTS2 for more details.
05-26 09:21:09.951 1936 2061 I OpenGLRenderer:
05-26 09:21:10.006 1936 2061 I OpenGLRenderer:
05-26 09:21:10.006 1936 2061 I chatty :
uid=10200(com.dual.space.parallel.apps.multiaccounts.appscloner) RenderThread
identical 3 lines
05-26 09:21:10.006 1936 2061 I OpenGLRenderer:
05-26 09:21:10.018 1936 2061 I OpenGLRenderer:
05-26 09:21:10.025 1936 2061 I OpenGLRenderer:
05-26 09:21:10.040 1936 2061 I OpenGLRenderer:
05-26 09:21:10.046 1936 2574 I System.out: [OkHttp] sendRequest>>
05-26 09:21:10.046 1936 2574 I System.out: [OkHttp] sendRequest<<
05-26 09:21:10.058 1936 2061 I OpenGLRenderer:
05-26 09:21:10.074 1936 2061 I OpenGLRenderer:
05-26 09:21:10.101 1936 2061 I OpenGLRenderer:
05-26 09:21:10.110 1936 2061 I OpenGLRenderer:
05-26 09:21:10.124 1936 2061 I OpenGLRenderer:
05-26 09:21:10.139 1936 2061 I OpenGLRenderer:
05-26 09:21:10.158 1936 2061 I OpenGLRenderer:
05-26 09:21:10.188 1936 2061 I OpenGLRenderer:
05-26 09:21:10.206 1936 2061 I OpenGLRenderer:
05-26 09:21:10.214 1936 2061 I OpenGLRenderer:
05-26 09:21:10.221 1936 2061 I OpenGLRenderer:
05-26 09:21:10.268 1936 1949 I unts.appsclone: Background concurrent copying GC
freed 83549(4241KB) AllocSpace objects, 96(5472KB) LOS objects, 49% free,
18MB/36MB, paused 344us total 524.344ms
05-26 09:21:10.578 1936 2249 I System.out: [socket]:check permission begin!
05-26 09:21:10.685 1936 2061 I OpenGLRenderer:
05-26 09:21:10.685 1936 2061 I chatty :
uid=10200(com.dual.space.parallel.apps.multiaccounts.appscloner) RenderThread
identical 3 lines
05-26 09:21:10.685 1936 2061 I OpenGLRenderer:
05-26 09:21:10.705 1936 2061 I OpenGLRenderer:
05-26 09:21:10.721 1936 2061 I OpenGLRenderer:
05-26 09:21:10.736 1936 2061 I OpenGLRenderer:
05-26 09:21:10.754 1936 2061 I OpenGLRenderer:
05-26 09:21:10.769 1936 2061 I OpenGLRenderer:
05-26 09:21:10.788 1936 2061 I OpenGLRenderer:
05-26 09:21:10.802 1936 2061 I OpenGLRenderer:
05-26 09:21:10.821 1936 2061 I OpenGLRenderer:
05-26 09:21:10.835 1936 2061 I OpenGLRenderer:
05-26 09:21:10.853 1936 2061 I OpenGLRenderer:
05-26 09:21:10.871 1936 2061 I OpenGLRenderer:
05-26 09:21:10.900 1936 2061 I chatty :
uid=10200(com.dual.space.parallel.apps.multiaccounts.appscloner) RenderThread
identical 2 lines
05-26 09:21:10.915 1936 2061 I OpenGLRenderer:
05-26 09:21:10.954 1936 2249 I System.out: [OkHttp] sendRequest<<
05-26 09:21:11.269 1936 2061 I OpenGLRenderer:
05-26 09:21:11.285 1936 2061 I OpenGLRenderer:
05-26 09:21:11.300 1936 2061 I OpenGLRenderer:
05-26 09:21:11.317 1936 2061 I OpenGLRenderer:
05-26 09:21:11.337 1936 2061 I OpenGLRenderer:
05-26 09:21:11.352 1936 2061 I OpenGLRenderer:
05-26 09:21:11.367 1936 2061 I OpenGLRenderer:
05-26 09:21:11.388 1936 2061 I OpenGLRenderer:
05-26 09:21:11.401 1936 2061 I OpenGLRenderer:
05-26 09:21:11.417 1936 2061 I OpenGLRenderer:
05-26 09:21:11.436 1936 2061 I OpenGLRenderer:
05-26 09:21:11.447 1936 2061 I OpenGLRenderer:
05-26 09:21:11.464 1936 2061 I chatty :
uid=10200(com.dual.space.parallel.apps.multiaccounts.appscloner) RenderThread
identical 1 line
05-26 09:21:11.480 1936 2061 I OpenGLRenderer:
05-26 09:21:12.025 1936 2653 D libMEOW : applied 1 plugins for
[com.dual.space.parallel.apps.multiaccounts.appscloner]:
05-26 09:21:12.025 1936 2653 D libMEOW : plugin 1: [libMEOW_gift.so]:
05-26 09:21:12.099 1936 1936 V PhoneWindow: DecorView setVisiblity: visibility =
4, Parent = null, this = DecorView@a13fc8f[]
05-26 09:21:12.101 1936 1936 D ViewRootImpl[PermissionsActivity]: hardware
acceleration = true , fakeHwAccelerated = false, sRendererDisabled = false,
forceHwAccelerated = false, sSystemRendererDisabled = false
05-26 09:21:12.107 1936 1936 I InputTransport: Create ARC handle: 0x5999cf90
05-26 09:21:12.107 1936 1936 I InputTransport: InputConsumer create
TRAN_APPTURBO_ENABLE disable
05-26 09:21:12.107 1936 1936 V PhoneWindow: DecorView setVisiblity: visibility =
0, Parent = android.view.ViewRootImpl@e64fd08, this =
DecorView@a13fc8f[PermissionsActivity]
05-26 09:21:12.158 1936 1936 D DynamitePackage: Instantiating
com.google.android.gms.ads.ChimeraAdLoaderBuilderCreatorImpl
05-26 09:21:12.168 1936 1936 I Ads : Use
RequestConfiguration.Builder().setTestDeviceIds(Arrays.asList("E3C6AB96B0FB434C9254
402D8EB0572D")) to get test ads on this device.
05-26 09:21:12.183 1936 1936 I Ads : Please set theme of AdActivity to
@android:style/Theme.Translucent to enable transparent background interstitial ad.
05-26 09:21:12.204 1936 1936 D DynamitePackage: Instantiating
com.google.android.gms.ads.ChimeraAdManagerCreatorImpl
05-26 09:21:12.209 1936 1936 I Ads : Use
RequestConfiguration.Builder().setTestDeviceIds(Arrays.asList("E3C6AB96B0FB434C9254
402D8EB0572D")) to get test ads on this device.
05-26 09:21:12.221 1936 1936 I Ads : Please set theme of AdActivity to
@android:style/Theme.Translucent to enable transparent background interstitial ad.
05-26 09:21:12.252 1936 2061 I OpenGLRenderer:
05-26 09:21:12.252 1936 2061 I OpenGLRenderer: --xw 3gap: 0
05-26 09:21:12.252 1936 2061 I OpenGLRenderer:
05-26 09:21:12.252 1936 2061 I chatty :
uid=10200(com.dual.space.parallel.apps.multiaccounts.appscloner) RenderThread
identical 1 line
05-26 09:21:12.252 1936 2061 I OpenGLRenderer:
05-26 09:21:12.259 1936 2574 W Ads : Not retrying to fetch app settings
05-26 09:21:12.280 1936 2061 I OpenGLRenderer:
05-26 09:21:12.280 1936 2061 I chatty :
uid=10200(com.dual.space.parallel.apps.multiaccounts.appscloner) RenderThread
identical 3 lines
05-26 09:21:12.280 1936 2061 I OpenGLRenderer:
05-26 09:21:12.286 1936 2061 I OpenGLRenderer:
05-26 09:21:12.286 1936 2061 I chatty :
uid=10200(com.dual.space.parallel.apps.multiaccounts.appscloner) RenderThread
identical 3 lines
05-26 09:21:12.286 1936 2061 I OpenGLRenderer:
05-26 09:21:12.365 1936 2061 I OpenGLRenderer:
05-26 09:21:12.365 1936 2061 I chatty :
uid=10200(com.dual.space.parallel.apps.multiaccounts.appscloner) RenderThread
identical 4 lines
05-26 09:21:12.379 1936 2061 I OpenGLRenderer:
05-26 09:21:12.655 1936 1936 V PhoneWindow: DecorView setVisiblity: visibility =
4, Parent = android.view.ViewRootImpl@cbde67, this =
DecorView@ebf968[OnBordingActivity]
05-26 09:21:12.664 1936 1936 D View : [Warning] assignParent to null: this =
DecorView@ebf968[OnBordingActivity]
05-26 09:21:12.669 1936 1936 I InputTransport: Destroy ARC handle: 0x599a0c90
05-26 09:21:13.567 1936 2316 I System.out: [okhttp]:check permission begin!
05-26 09:21:13.569 1936 2316 I System.out: [okhttp]:not MMS!
05-26 09:21:13.569 1936 2316 I System.out: [okhttp]:not Email!
05-26 09:21:13.570 1936 2316 I System.out: [OkHttp] sendRequest>>
05-26 09:21:13.571 1936 2316 I System.out: [OkHttp] sendRequest<<
05-26 09:21:13.700 1936 2296 I PlayCore: UID: [10200] PID: [1936] PrewarmService
: prewarm(com.dual.space.parallel.apps.multiaccounts.appscloner)
05-26 09:21:13.703 1936 2464 I PlayCore: UID: [10200] PID: [1936] PrewarmService
: Initiate binding to the service.
05-26 09:21:13.714 1936 1936 D DynamitePackage: Instantiating
com.google.android.gms.ads.ChimeraNativeAdViewDelegateCreatorImpl
05-26 09:21:13.773 1936 1936 D NATIVE_LOADED: loaded
05-26 09:21:13.774 1936 1936 I PlayCore: UID: [10200] PID: [1936] PrewarmService
: ServiceConnectionImpl.onServiceConnected(ComponentInfo{com.android.vending/
com.google.android.finsky.prewarmservice.PrewarmService})
05-26 09:21:13.775 1936 2464 I PlayCore: UID: [10200] PID: [1936] PrewarmService
: linkToDeath
05-26 09:21:13.837 1936 2061 I OpenGLRenderer:
05-26 09:21:13.837 1936 2061 I chatty :
uid=10200(com.dual.space.parallel.apps.multiaccounts.appscloner) RenderThread
identical 4 lines
05-26 09:21:13.847 1936 2061 I OpenGLRenderer:
05-26 09:21:13.856 1936 2061 I OpenGLRenderer:
05-26 09:21:13.913 1936 2061 I chatty :
uid=10200(com.dual.space.parallel.apps.multiaccounts.appscloner) RenderThread
identical 4 lines
05-26 09:21:13.935 1936 2061 I OpenGLRenderer:
05-26 09:21:13.952 1936 2061 I OpenGLRenderer:
05-26 09:21:13.971 1936 2061 I OpenGLRenderer:
05-26 09:21:14.031 1936 2061 I chatty :
uid=10200(com.dual.space.parallel.apps.multiaccounts.appscloner) RenderThread
identical 4 lines
05-26 09:21:14.047 1936 2061 I OpenGLRenderer:
05-26 09:21:14.730 1936 1936 D ffnet : Successful load banner
05-26 09:21:14.796 1936 2061 I OpenGLRenderer:
05-26 09:21:14.796 1936 2061 I OpenGLRenderer: --xw 3gap: 0
05-26 09:21:14.796 1936 2061 I OpenGLRenderer:
05-26 09:21:14.796 1936 2061 I chatty :
uid=10200(com.dual.space.parallel.apps.multiaccounts.appscloner) RenderThread
identical 1 line
05-26 09:21:14.796 1936 2061 I OpenGLRenderer:
05-26 09:21:14.816 1936 2061 I OpenGLRenderer:
05-26 09:21:14.833 1936 2061 I OpenGLRenderer:
05-26 09:21:14.860 1936 2332 I System.out: [okhttp]:check permission begin!
05-26 09:21:14.861 1936 2332 I System.out: [okhttp]:not MMS!
05-26 09:21:14.861 1936 2332 I System.out: [okhttp]:not Email!
05-26 09:21:14.863 1936 2576 I System.out: [okhttp]:check permission begin!
05-26 09:21:14.863 1936 2576 I System.out: [okhttp]:not MMS!
05-26 09:21:14.863 1936 2576 I System.out: [okhttp]:not Email!
05-26 09:21:14.870 1936 2332 I System.out: [socket]:check permission begin!
05-26 09:21:14.901 1936 2576 I System.out: [socket]:check permission begin!
05-26 09:21:15.103 1936 2332 I System.out: [OkHttp] sendRequest>>
05-26 09:21:15.103 1936 2332 I System.out: [OkHttp] sendRequest<<
05-26 09:21:15.232 1936 2576 I System.out: [OkHttp] sendRequest>>
05-26 09:21:15.233 1936 2576 I System.out: [OkHttp] sendRequest<<
05-26 09:21:15.567 1936 2061 I OpenGLRenderer:
05-26 09:21:15.589 1936 1993 I TRuntime.CctTransportBackend: Making request to:
https://firebaselogging-pa.googleapis.com/v1/firelog/legacy/batchlog
05-26 09:21:15.591 1936 1993 I System.out: [okhttp]:check permission begin!
05-26 09:21:15.591 1936 1993 I System.out: [okhttp]:not MMS!
05-26 09:21:15.591 1936 1993 I System.out: [okhttp]:not Email!
05-26 09:21:15.621 1936 1993 I System.out: [socket]:check permission begin!
05-26 09:21:16.347 1936 2061 I OpenGLRenderer:
05-26 09:21:16.363 1936 2061 I OpenGLRenderer:
05-26 09:21:16.379 1936 2061 I OpenGLRenderer:
05-26 09:21:16.445 1936 2061 I chatty :
uid=10200(com.dual.space.parallel.apps.multiaccounts.appscloner) RenderThread
identical 4 lines
05-26 09:21:16.463 1936 2061 I OpenGLRenderer:
05-26 09:21:16.479 1936 2061 I OpenGLRenderer:
05-26 09:21:16.546 1936 2061 I chatty :
uid=10200(com.dual.space.parallel.apps.multiaccounts.appscloner) RenderThread
identical 4 lines
05-26 09:21:16.562 1936 2061 I OpenGLRenderer:
05-26 09:21:16.579 1936 2061 I OpenGLRenderer:
05-26 09:21:16.595 1936 2061 I OpenGLRenderer:
05-26 09:21:16.760 1936 1993 I System.out: [OkHttp] sendRequest>>
05-26 09:21:16.760 1936 1993 I System.out: [OkHttp] sendRequest<<
05-26 09:21:18.336 1936 2172 I System.out: [okhttp]:check permission begin!
05-26 09:21:18.337 1936 2172 I System.out: [okhttp]:not MMS!
05-26 09:21:18.337 1936 2172 I System.out: [okhttp]:not Email!
05-26 09:21:18.337 1936 2172 I System.out: [OkHttp] sendRequest>>
05-26 09:21:18.337 1936 2172 I System.out: [OkHttp] sendRequest<<
05-26 09:21:19.189 1936 1993 I TRuntime.CctTransportBackend: Status Code: 200
05-26 09:21:19.705 1936 1949 I unts.appsclone: Background young concurrent
copying GC freed 214080(11MB) AllocSpace objects, 112(7280KB) LOS objects, 52%
free, 17MB/36MB, paused 268us total 159.447ms
05-26 09:21:21.054 1936 2234 I System.out: [okhttp]:check permission begin!
05-26 09:21:21.054 1936 2234 I System.out: [okhttp]:not MMS!
05-26 09:21:21.054 1936 2234 I System.out: [okhttp]:not Email!
05-26 09:21:21.056 1936 2234 I System.out: [socket]:check permission begin!
05-26 09:21:21.316 1936 2234 I System.out: [OkHttp] sendRequest<<
05-26 09:21:21.641 1936 2061 I OpenGLRenderer:
05-26 09:21:22.419 1936 2061 I OpenGLRenderer:
05-26 09:21:22.419 1936 2061 I chatty :
uid=10200(com.dual.space.parallel.apps.multiaccounts.appscloner) RenderThread
identical 4 lines
05-26 09:21:22.424 1936 2061 I OpenGLRenderer:
05-26 09:21:22.445 1936 2061 I OpenGLRenderer:
05-26 09:21:22.467 1936 2061 I OpenGLRenderer:
05-26 09:21:22.482 1936 2061 I OpenGLRenderer:
05-26 09:21:22.497 1936 2061 I OpenGLRenderer:
05-26 09:21:22.512 1936 2061 I OpenGLRenderer:
05-26 09:21:22.525 1936 2061 I OpenGLRenderer:
05-26 09:21:22.540 1936 2061 I OpenGLRenderer:
05-26 09:21:22.575 1936 2061 I chatty :
uid=10200(com.dual.space.parallel.apps.multiaccounts.appscloner) RenderThread
identical 2 lines
05-26 09:21:22.592 1936 2061 I OpenGLRenderer:
05-26 09:21:22.610 1936 2061 I OpenGLRenderer:
05-26 09:21:22.625 1936 2061 I OpenGLRenderer:
05-26 09:21:22.643 1936 2061 I OpenGLRenderer:
05-26 09:21:22.657 1936 2061 I OpenGLRenderer:
05-26 09:21:22.674 1936 2061 I OpenGLRenderer:
05-26 09:21:22.689 1936 2061 I OpenGLRenderer:
05-26 09:21:24.611 1936 2047 I FA : Application backgrounded at:
timestamp_millis: 1716711682603
05-26 09:21:29.885 1936 2061 I OpenGLRenderer:
05-26 09:21:29.887 1936 2061 I OpenGLRenderer: --xw 3gap: 0
05-26 09:21:29.887 1936 2061 I OpenGLRenderer:
05-26 09:21:29.887 1936 2061 I chatty :
uid=10200(com.dual.space.parallel.apps.multiaccounts.appscloner) RenderThread
identical 1 line
05-26 09:21:29.887 1936 2061 I OpenGLRenderer:
05-26 09:21:30.193 1936 1936 V PhoneWindow: DecorView setVisiblity: visibility =
0, Parent = android.view.ViewRootImpl@e64fd08, this =
DecorView@a13fc8f[PermissionsActivity]
05-26 09:21:30.231 1936 2061 I OpenGLRenderer:
05-26 09:21:30.231 1936 2061 I chatty :
uid=10200(com.dual.space.parallel.apps.multiaccounts.appscloner) RenderThread
identical 3 lines
05-26 09:21:30.231 1936 2061 I OpenGLRenderer:
05-26 09:21:30.272 1936 2061 I OpenGLRenderer:
05-26 09:21:30.272 1936 2061 I OpenGLRenderer: --xw 3gap: 0
05-26 09:21:30.272 1936 2061 I OpenGLRenderer:
05-26 09:21:30.272 1936 2061 I chatty :
uid=10200(com.dual.space.parallel.apps.multiaccounts.appscloner) RenderThread
identical 1 line
05-26 09:21:30.272 1936 2061 I OpenGLRenderer:
05-26 09:21:32.446 1936 1936 D ViewRootImpl[PermissionsActivity]: hardware
acceleration = true , fakeHwAccelerated = false, sRendererDisabled = false,
forceHwAccelerated = false, sSystemRendererDisabled = false
05-26 09:21:32.477 1936 1936 I InputTransport: Create ARC handle: 0x55205b50
05-26 09:21:32.477 1936 1936 I InputTransport: InputConsumer create
TRAN_APPTURBO_ENABLE disable
05-26 09:21:32.483 1936 1936 I Choreographer: Skipped 45 frames! The application
may be doing too much work on its main thread.
05-26 09:21:32.487 1936 2322 W System.err: java.lang.NullPointerException:
Attempt to invoke interface method 'void
com.transsion.log.sub.ITranLogSubManager.compulateSkipperFrame(android.os.Bundle)'
on a null object reference
05-26 09:21:32.487 1936 2322 W System.err: at
android.app.ActivityThread$2.run(ActivityThread.java:7941)
05-26 09:21:32.487 1936 2322 W System.err: at
java.util.concurrent.ThreadPoolExecutor.runWorker(ThreadPoolExecutor.java:1167)
05-26 09:21:32.488 1936 2322 W System.err: at
java.util.concurrent.ThreadPoolExecutor$Worker.run(ThreadPoolExecutor.java:641)
05-26 09:21:32.488 1936 2322 W System.err: at
java.lang.Thread.run(Thread.java:923)
05-26 09:21:32.541 1936 2061 I OpenGLRenderer:
05-26 09:21:32.542 1936 2061 I chatty :
uid=10200(com.dual.space.parallel.apps.multiaccounts.appscloner) RenderThread
identical 3 lines
05-26 09:21:32.542 1936 2061 I OpenGLRenderer:
05-26 09:21:32.542 1936 2061 I OpenGLRenderer: Davey! duration=805ms; Flags=1,
IntendedVsync=62193458544218, Vsync=62194208544233,
OldestInputEvent=9223372036854775807, NewestInputEvent=0,
HandleInputStart=62194212496012, AnimationStart=62194212547551,
PerformTraversalsStart=62194212710474, DrawStart=62194239138627,
SyncQueued=62194241043012, SyncStart=62194247369243,
IssueDrawCommandsStart=62194247538166, SwapBuffers=62194267819627,
FrameCompleted=62194270674858, DequeueBufferDuration=0,
QueueBufferDuration=2031923, GpuCompleted=0,
05-26 09:21:32.556 1936 2061 I OpenGLRenderer:
05-26 09:21:32.574 1936 2061 I OpenGLRenderer:
05-26 09:21:32.588 1936 2061 I OpenGLRenderer:
05-26 09:21:32.589 1936 2061 I OpenGLRenderer: --xw 3gap: 0
05-26 09:21:32.589 1936 2061 I OpenGLRenderer:
05-26 09:21:32.595 1936 2061 I chatty :
uid=10200(com.dual.space.parallel.apps.multiaccounts.appscloner) RenderThread
identical 3 lines
05-26 09:21:32.604 1936 2061 I OpenGLRenderer:
05-26 09:21:32.622 1936 2061 I OpenGLRenderer:
05-26 09:21:32.653 1936 2061 I chatty :
uid=10200(com.dual.space.parallel.apps.multiaccounts.appscloner) RenderThread
identical 2 lines
05-26 09:21:32.670 1936 2061 I OpenGLRenderer:
05-26 09:21:32.690 1936 2061 I OpenGLRenderer:
05-26 09:21:32.703 1936 2061 I OpenGLRenderer:
05-26 09:21:32.720 1936 2061 I OpenGLRenderer:
05-26 09:21:32.737 1936 2061 I OpenGLRenderer:
05-26 09:21:32.756 1936 2061 I OpenGLRenderer:
05-26 09:21:32.770 1936 2061 I OpenGLRenderer:
05-26 09:21:32.786 1936 2061 I OpenGLRenderer:
05-26 09:21:32.803 1936 2061 I OpenGLRenderer:
05-26 09:21:32.821 1936 2061 I OpenGLRenderer:
05-26 09:21:32.837 1936 2061 I OpenGLRenderer:
05-26 09:21:32.854 1936 2061 I OpenGLRenderer:
05-26 09:21:32.870 1936 2061 I OpenGLRenderer:
05-26 09:21:32.886 1936 2061 I OpenGLRenderer:
05-26 09:21:32.904 1936 2061 I OpenGLRenderer:
05-26 09:21:32.920 1936 2061 I OpenGLRenderer:
05-26 09:21:32.936 1936 2061 I OpenGLRenderer:
05-26 09:21:32.953 1936 2061 I OpenGLRenderer:
05-26 09:21:32.970 1936 2061 I OpenGLRenderer:
05-26 09:21:32.988 1936 2061 I OpenGLRenderer:
05-26 09:21:33.003 1936 2061 I OpenGLRenderer:
05-26 09:21:33.022 1936 2061 I OpenGLRenderer:
05-26 09:21:33.036 1936 2061 I OpenGLRenderer:
05-26 09:21:33.053 1936 2061 I OpenGLRenderer:
05-26 09:21:33.070 1936 2061 I OpenGLRenderer:
05-26 09:21:33.086 1936 2061 I OpenGLRenderer:
05-26 09:21:33.104 1936 2061 I OpenGLRenderer:
05-26 09:21:33.119 1936 2061 I OpenGLRenderer:
05-26 09:21:33.138 1936 2061 I OpenGLRenderer:
05-26 09:21:33.156 1936 2061 I OpenGLRenderer:
05-26 09:21:33.170 1936 2061 I OpenGLRenderer:
05-26 09:21:33.187 1936 2061 I OpenGLRenderer:
05-26 09:21:33.203 1936 2061 I OpenGLRenderer:
05-26 09:21:33.221 1936 2061 I OpenGLRenderer:
05-26 09:21:33.236 1936 2061 I OpenGLRenderer:
05-26 09:21:33.252 1936 2061 I OpenGLRenderer:
05-26 09:21:33.271 1936 2061 I OpenGLRenderer:
05-26 09:21:33.287 1936 2061 I OpenGLRenderer:
05-26 09:21:33.303 1936 2061 I OpenGLRenderer:
05-26 09:21:33.320 1936 2061 I OpenGLRenderer:
05-26 09:21:33.336 1936 2061 I OpenGLRenderer:
05-26 09:21:33.353 1936 2061 I OpenGLRenderer:
05-26 09:21:33.371 1936 2061 I OpenGLRenderer:
05-26 09:21:33.386 1936 2061 I OpenGLRenderer:
05-26 09:21:33.403 1936 2061 I OpenGLRenderer:
05-26 09:21:33.419 1936 2061 I OpenGLRenderer:
05-26 09:21:33.437 1936 2061 I OpenGLRenderer:
05-26 09:21:33.453 1936 2061 I OpenGLRenderer:
05-26 09:21:33.469 1936 2061 I OpenGLRenderer:
05-26 09:21:33.487 1936 2061 I OpenGLRenderer:
05-26 09:21:33.490 1936 1936 D View : [Warning] assignParent to null: this =
DecorView@574dcdc[PermissionsActivity]
05-26 09:21:33.534 1936 1936 I InputTransport: Destroy ARC handle: 0x55205b50
05-26 09:21:33.724 1936 3227 D libMEOW : applied 1 plugins for
[com.dual.space.parallel.apps.multiaccounts.appscloner]:
05-26 09:21:33.724 1936 3227 D libMEOW : plugin 1: [libMEOW_gift.so]:
05-26 09:21:33.821 1936 1936 D DynamitePackage: Instantiating
com.google.android.gms.ads.ChimeraAdOverlayCreatorImpl
05-26 09:21:33.824 1936 1936 D ContentValues: Ad showed fullscreen content.
05-26 09:21:33.866 1936 1936 I DynamiteModule: Considering local module
com.google.android.gms.ads.dynamite:0 and remote module
com.google.android.gms.ads.dynamite:241199801
05-26 09:21:33.866 1936 1936 I DynamiteModule: Selected remote version of
com.google.android.gms.ads.dynamite, version >= 241199801
05-26 09:21:33.987 1936 1936 V PhoneWindow: DecorView setVisiblity: visibility =
4, Parent = null, this = DecorView@4299ad1[]
05-26 09:21:33.989 1936 1936 D ViewRootImpl[AdActivity]: hardware acceleration =
true , fakeHwAccelerated = false, sRendererDisabled = false, forceHwAccelerated =
false, sSystemRendererDisabled = false
05-26 09:21:34.045 1936 1936 I InputTransport: Create ARC handle: 0x921cbc30
05-26 09:21:34.045 1936 1936 I InputTransport: InputConsumer create
TRAN_APPTURBO_ENABLE disable
05-26 09:21:34.046 1936 1936 V PhoneWindow: DecorView setVisiblity: visibility =
0, Parent = android.view.ViewRootImpl@79042c2, this = DecorView@4299ad1[AdActivity]
05-26 09:21:34.068 1936 2061 I OpenGLRenderer:
05-26 09:21:34.068 1936 2061 I chatty :
uid=10200(com.dual.space.parallel.apps.multiaccounts.appscloner) RenderThread
identical 3 lines
05-26 09:21:34.068 1936 2061 I OpenGLRenderer:
05-26 09:21:34.177 1936 2061 I OpenGLRenderer:
05-26 09:21:34.178 1936 2061 I chatty :
uid=10200(com.dual.space.parallel.apps.multiaccounts.appscloner) RenderThread
identical 3 lines
05-26 09:21:34.178 1936 2061 I OpenGLRenderer:
05-26 09:21:34.254 1936 1936 D TextureView: getHardwareLayer,
createNewSurface:true
05-26 09:21:34.254 1936 1936 I BufferQueueConsumer: [](id:79000000002,api:0,p:-
1,c:1936) connect(): controlledByApp=true
05-26 09:21:34.264 1936 1936 W AudioManager: Use of stream types is deprecated
for operations other than volume control
05-26 09:21:34.264 1936 1936 W AudioManager: See the documentation of
requestAudioFocus() for what to use instead with android.media.AudioAttributes to
qualify your playback use case
05-26 09:21:34.315 1936 2531 D SurfaceUtils: connecting to surface 0xa480c998,
reason connectToSurface
05-26 09:21:34.317 1936 2531 I BufferQueueProducer: [SurfaceTexture-0-1936-2]
(id:79000000002,api:3,p:1936,c:1936) connect(): api=3 producerControlledByApp=true
05-26 09:21:34.317 1936 2531 I MediaCodec: [OMX.MTK.VIDEO.DECODER.VP9] setting
surface generation to 1982467
05-26 09:21:34.317 1936 2531 D SurfaceUtils: disconnecting from surface
0xa480c998, reason connectToSurface(reconnect)
05-26 09:21:34.317 1936 2531 I BufferQueueProducer: [SurfaceTexture-0-1936-2]
(id:79000000002,api:3,p:1936,c:1936) disconnect(): api=3
05-26 09:21:34.317 1936 2531 D SurfaceUtils: connecting to surface 0xa480c998,
reason connectToSurface(reconnect)
05-26 09:21:34.317 1936 2531 I BufferQueueProducer: [SurfaceTexture-0-1936-2]
(id:79000000002,api:3,p:1936,c:1936) connect(): api=3 producerControlledByApp=true
05-26 09:21:34.398 1936 2532 W ACodec : Failed to set ANW_HWComposer to OMX,
ignoring (-2147483648)
05-26 09:21:34.425 1936 2061 I OpenGLRenderer:
05-26 09:21:34.439 1936 2061 I chatty :
uid=10200(com.dual.space.parallel.apps.multiaccounts.appscloner) RenderThread
identical 8 lines
05-26 09:21:34.439 1936 2061 I OpenGLRenderer:
05-26 09:21:34.470 1936 2061 I OpenGLRenderer:
05-26 09:21:34.470 1936 2061 I chatty :
uid=10200(com.dual.space.parallel.apps.multiaccounts.appscloner) RenderThread
identical 3 lines
05-26 09:21:34.470 1936 2061 I OpenGLRenderer:
05-26 09:21:34.490 1936 2061 I OpenGLRenderer:
05-26 09:21:34.490 1936 2061 I chatty :
uid=10200(com.dual.space.parallel.apps.multiaccounts.appscloner) RenderThread
identical 3 lines
05-26 09:21:34.490 1936 2061 I OpenGLRenderer:
05-26 09:21:34.538 1936 2061 I OpenGLRenderer:
05-26 09:21:34.538 1936 2061 I chatty :
uid=10200(com.dual.space.parallel.apps.multiaccounts.appscloner) RenderThread
identical 3 lines
05-26 09:21:34.538 1936 2061 I OpenGLRenderer:
05-26 09:21:34.552 1936 2532 D SurfaceUtils: set up nativeWindow 0xa480c998 for
360x360, color 0x32315679, rotation 0, usage 0x2933
05-26 09:21:34.552 1936 2531 D SurfaceUtils: disconnecting from surface
0xa4821108, reason disconnectFromSurface
05-26 09:21:34.552 1936 2531 I BufferQueueProducer: [SurfaceTexture-1-1936-1]
(id:79000000001,api:3,p:1936,c:1936) disconnect(): api=3
05-26 09:21:34.596 1936 2061 I OpenGLRenderer:
05-26 09:21:34.596 1936 2061 I OpenGLRenderer: --xw 3gap: 0
05-26 09:21:34.596 1936 2061 I OpenGLRenderer:
05-26 09:21:34.596 1936 2061 I chatty :
uid=10200(com.dual.space.parallel.apps.multiaccounts.appscloner) RenderThread
identical 1 line
05-26 09:21:34.596 1936 2061 I OpenGLRenderer:
05-26 09:21:34.659 1936 2451 D AudioTrack: start(2347): 0xa1460db0, prior
state:STATE_STOPPED
05-26 09:21:35.735 1936 2527 D BufferPoolAccessor2.0: bufferpool2 0xa487ab88 :
5(40960 size) total buffers - 5(40960 size) used buffers - 1/7 (recycle/alloc) -
6/22 (fetch/transfer)
05-26 09:21:35.748 1936 2469 D BufferPoolAccessor2.0: bufferpool2 0x55089028 :
5(40960 size) total buffers - 5(40960 size) used buffers - 1/7 (recycle/alloc) -
11/28 (fetch/transfer)
05-26 09:21:36.017 1936 2061 I OpenGLRenderer:
05-26 09:21:36.017 1936 2061 I OpenGLRenderer: --xw 3gap: 0
05-26 09:21:36.017 1936 2061 I OpenGLRenderer:
05-26 09:21:36.017 1936 2061 I chatty :
uid=10200(com.dual.space.parallel.apps.multiaccounts.appscloner) RenderThread
identical 1 line
05-26 09:21:36.017 1936 2061 I OpenGLRenderer:
05-26 09:21:36.017 1936 2061 I OpenGLRenderer: Davey! duration=1205ms; Flags=0,
IntendedVsync=62196539996038, Vsync=62196539996038,
OldestInputEvent=9223372036854775807, NewestInputEvent=0,
HandleInputStart=62196540383089, AnimationStart=62196540384858,
PerformTraversalsStart=62196549512781, DrawStart=62196549599089,
SyncQueued=62196550150397, SyncStart=62196550934858,
IssueDrawCommandsStart=62196551048551, SwapBuffers=62197741097166,
FrameCompleted=62197746337858, DequeueBufferDuration=0,
QueueBufferDuration=4420538, GpuCompleted=847450221178050402,
05-26 09:21:36.026 1936 1936 I Choreographer: Skipped 70 frames! The application
may be doing too much work on its main thread.
05-26 09:21:36.030 1936 2061 I OpenGLRenderer:
05-26 09:21:36.038 1936 2322 W System.err: java.lang.NullPointerException:
Attempt to invoke interface method 'void
com.transsion.log.sub.ITranLogSubManager.compulateSkipperFrame(android.os.Bundle)'
on a null object reference
05-26 09:21:36.039 1936 2322 W System.err: at
android.app.ActivityThread$2.run(ActivityThread.java:7941)
05-26 09:21:36.039 1936 2322 W System.err: at
java.util.concurrent.ThreadPoolExecutor.runWorker(ThreadPoolExecutor.java:1167)
05-26 09:21:36.039 1936 2322 W System.err: at
java.util.concurrent.ThreadPoolExecutor$Worker.run(ThreadPoolExecutor.java:641)
05-26 09:21:36.039 1936 2322 W System.err: at
java.lang.Thread.run(Thread.java:923)
05-26 09:21:36.140 1936 2061 I OpenGLRenderer:
05-26 09:21:36.140 1936 2061 I chatty :
uid=10200(com.dual.space.parallel.apps.multiaccounts.appscloner) RenderThread
identical 3 lines
05-26 09:21:36.140 1936 2061 I OpenGLRenderer:
05-26 09:21:36.140 1936 2061 I OpenGLRenderer: Davey! duration=1295ms; Flags=0,
IntendedVsync=62196573302048, Vsync=62197739968738,
OldestInputEvent=9223372036854775807, NewestInputEvent=0,
HandleInputStart=62197755912397, AnimationStart=62197755915166,
PerformTraversalsStart=62197770674243, DrawStart=62197770786166,
SyncQueued=62197771277243, SyncStart=62197771641397,
IssueDrawCommandsStart=62197771750858, SwapBuffers=62197866067320,
FrameCompleted=62197868953320, DequeueBufferDuration=417461,
QueueBufferDuration=2007616, GpuCompleted=164121169743247342,
05-26 09:21:36.186 1936 1936 V PhoneWindow: DecorView setVisiblity: visibility =
4, Parent = android.view.ViewRootImpl@e64fd08, this =
DecorView@a13fc8f[PermissionsActivity]
05-26 09:21:36.226 1936 2061 I GPUAUX : [AUX]GPUAUXContext:69: create:
0x4a758910
05-26 09:21:36.308 1936 2061 I OpenGLRenderer:
05-26 09:21:36.308 1936 2061 I chatty :
uid=10200(com.dual.space.parallel.apps.multiaccounts.appscloner) RenderThread
identical 3 lines
05-26 09:21:36.308 1936 2061 I OpenGLRenderer:
05-26 09:21:36.420 1936 2469 D CCodecBuffers: [c2.android.aac.decoder#1:1D-
Input.Impl[N]] codec released a buffer owned by client (index 1)
05-26 09:21:36.424 1936 2469 D CCodecBuffers: [c2.android.aac.decoder#1:1D-
Input.Impl[N]] codec released a buffer owned by client (index 2)
05-26 09:21:36.440 1936 2061 I OpenGLRenderer:
05-26 09:21:36.440 1936 2061 I chatty :
uid=10200(com.dual.space.parallel.apps.multiaccounts.appscloner) RenderThread
identical 3 lines
05-26 09:21:36.440 1936 2061 I OpenGLRenderer:
05-26 09:21:36.445 1936 2061 I GPUAUX : [AUX]GPUAUXContext:69: create:
0x4a755010
05-26 09:21:36.480 1936 2061 I OpenGLRenderer:
05-26 09:21:36.480 1936 2061 I OpenGLRenderer: --xw 3gap: 0
05-26 09:21:36.480 1936 2061 I OpenGLRenderer:
05-26 09:21:36.480 1936 2061 I chatty :
uid=10200(com.dual.space.parallel.apps.multiaccounts.appscloner) RenderThread
identical 2 lines
05-26 09:21:36.503 1936 2061 I OpenGLRenderer:
05-26 09:21:36.506 1936 2061 I GPUAUX : [AUX]GPUAUXContext:69: create:
0x4a764a00
05-26 09:21:36.515 1936 3032 I System.out: [okhttp]:check permission begin!
05-26 09:21:36.516 1936 3032 I System.out: [okhttp]:not MMS!
05-26 09:21:36.516 1936 3032 I System.out: [okhttp]:not Email!
05-26 09:21:36.525 1936 2061 I OpenGLRenderer:
05-26 09:21:36.525 1936 3032 I System.out: [socket]:check permission begin!
05-26 09:21:36.549 1936 2061 I GPUAUX : [AUX]GPUAUXContext:69: create:
0x4a764760
05-26 09:21:36.585 1936 2061 I OpenGLRenderer:
05-26 09:21:36.585 1936 2061 I OpenGLRenderer: --xw 3gap: 0
05-26 09:21:36.585 1936 2061 I OpenGLRenderer:
05-26 09:21:36.585 1936 2061 I chatty :
uid=10200(com.dual.space.parallel.apps.multiaccounts.appscloner) RenderThread
identical 1 line
05-26 09:21:36.585 1936 2061 I OpenGLRenderer:
05-26 09:21:36.596 1936 2061 I GPUAUX : [AUX]GPUAUXContext:69: create:
0x4a766a40
05-26 09:21:36.630 1936 2469 D CCodecBuffers: [c2.android.aac.decoder#1:1D-
Input.Impl[N]] codec released a buffer owned by client (index 0)
05-26 09:21:36.636 1936 2469 D CCodecBuffers: [c2.android.aac.decoder#1:1D-
Input.Impl[N]] codec released a buffer owned by client (index 1)
05-26 09:21:36.648 1936 2061 I OpenGLRenderer:
05-26 09:21:36.648 1936 2061 I OpenGLRenderer: --xw 3gap: 0
05-26 09:21:36.648 1936 2061 I OpenGLRenderer:
05-26 09:21:36.648 1936 2061 I chatty :
uid=10200(com.dual.space.parallel.apps.multiaccounts.appscloner) RenderThread
identical 1 line
05-26 09:21:36.648 1936 2061 I OpenGLRenderer:
05-26 09:21:36.653 1936 2061 I GPUAUX : [AUX]GPUAUXContext:69: create:
0x4a764eb0
05-26 09:21:36.674 1936 2061 I OpenGLRenderer:
05-26 09:21:36.682 1936 2061 I GPUAUX : [AUX]GPUAUXContext:69: create:
0x4a766e60
05-26 09:21:36.694 1936 2061 I OpenGLRenderer:
05-26 09:21:36.730 1936 2061 I OpenGLRenderer:
05-26 09:21:36.730 1936 2061 I OpenGLRenderer: --xw 3gap: 0
05-26 09:21:36.730 1936 2061 I OpenGLRenderer:
05-26 09:21:36.730 1936 2061 I chatty :
uid=10200(com.dual.space.parallel.apps.multiaccounts.appscloner) RenderThread
identical 1 line
05-26 09:21:36.730 1936 2061 I OpenGLRenderer:
05-26 09:21:36.735 1936 2061 I GPUAUX : [AUX]GPUAUXContext:69: create:
0x4a766e30
05-26 09:21:36.744 1936 2061 I OpenGLRenderer:
05-26 09:21:36.765 1936 2061 I GPUAUX : [AUX]GPUAUXContext:69: create:
0x4a76a940
05-26 09:21:36.773 1936 2061 I OpenGLRenderer:
