The document contains a log of system events and configurations related to the Google Play services and various APKs on an Android device. It includes warnings about missing configurations for automatic event logging and resource access issues, as well as information on loading libraries and modules. Additionally, there are errors related to opening APK files and resource IDs not being found.
We take content rights seriously. If you suspect this is your content, claim it here.
Available Formats
Download as TXT, PDF, TXT or read online on Scribd
0 ratings0% found this document useful (0 votes)
5 views5 pages
Com - Hello.miheapp - Secretspace Logcat
The document contains a log of system events and configurations related to the Google Play services and various APKs on an Android device. It includes warnings about missing configurations for automatic event logging and resource access issues, as well as information on loading libraries and modules. Additionally, there are errors related to opening APK files and resource IDs not being found.
We take content rights seriously. If you suspect this is your content, claim it here.
Available Formats
Download as TXT, PDF, TXT or read online on Scribd
You are on page 1/ 5
--------- beginning of main
09-30 17:06:39.736 21079 21104 W System : ClassLoader referenced unknown path:
09-30 17:06:39.737 21079 21104 D nativeloader: Configuring clns-6 for other apk . target_sdk_version=34, uses_libraries=, library_path=/data/app/~~B1ALkWSc3v0wJN7kwe_fFA==/com.google.android.gms- vQy0OTTBtTUrJKpBl73g9Q==/lib/arm64:/data/app/~~B1ALkWSc3v0wJN7kwe_fFA==/ com.google.android.gms-vQy0OTTBtTUrJKpBl73g9Q==/base.apk!/lib/arm64-v8a, permitted_path=/data:/mnt/expand:/data/user/0/com.google.android.gms
09-30 17:06:39.739 21079 21118 D LifecycleServiceBinder: Binding service to application.
09-30 17:06:39.745 21079 21079 D WM-WrkMgrInitializer: Initializing WorkManager with default configuration.
09-30 17:06:39.748 21079 21079 D WM-PackageManagerHelper: Skipping component enablement for androidx.work.impl.background.systemjob.SystemJobService
09-30 17:06:39.748 21079 21079 D WM-Schedulers: Created SystemJobScheduler and enabled SystemJobService
09-30 17:06:39.751 21079 21121 D nativeloader: Configuring clns-7 for other apk /system/framework/com.android.media.remotedisplay.jar. target_sdk_version=34, uses_libraries=ALL, library_path=/data/app/~~B1ALkWSc3v0wJN7kwe_fFA==/com.google.android.gms- vQy0OTTBtTUrJKpBl73g9Q==/lib/arm64:/data/app/~~B1ALkWSc3v0wJN7kwe_fFA==/ com.google.android.gms-vQy0OTTBtTUrJKpBl73g9Q==/base.apk!/lib/arm64-v8a, permitted_path=/data:/mnt/expand:/data/user/0/com.google.android.gms
09-30 17:06:39.754 21079 21121 D nativeloader: Configuring clns-8 for other apk /system/framework/com.android.location.provider.jar. target_sdk_version=34, uses_libraries=ALL, library_path=/data/app/~~B1ALkWSc3v0wJN7kwe_fFA==/com.google.android.gms- vQy0OTTBtTUrJKpBl73g9Q==/lib/arm64:/data/app/~~B1ALkWSc3v0wJN7kwe_fFA==/ com.google.android.gms-vQy0OTTBtTUrJKpBl73g9Q==/base.apk!/lib/arm64-v8a, permitted_path=/data:/mnt/expand:/data/user/0/com.google.android.gms
09-30 17:06:39.776 21079 21079 W k4.z : Please set a value for AutoLogAppEventsEnabled. Set the flag to TRUE if you want to collect app install, app launch and in-app purchase events automatically. To request user consent before collecting data, set the flag value to FALSE, then change to TRUE once user consent is received. Learn more: https://developers.facebook.com/docs/app-events/getting- started-app-events-android#disable-auto-events.
09-30 17:06:39.776 21079 21079 W k4.z : You haven't set a value for AdvertiserIDCollectionEnabled. Set the flag to TRUE if you want to collect Advertiser ID for better advertising and analytics results. To request user consent before collecting data, set the flag value to FALSE, then change to TRUE once user consent is received. Learn more: https://developers.facebook.com/docs/app-events/getting-started-app-events- android#disable-auto-events.
09-30 17:06:39.779 21079 21121 D nativeloader: Configuring clns-9 for other apk /data/app/~~B1ALkWSc3v0wJN7kwe_fFA==/com.google.android.gms- vQy0OTTBtTUrJKpBl73g9Q==/base.apk. target_sdk_version=34, uses_libraries=, library_path=/data/app/~~B1ALkWSc3v0wJN7kwe_fFA==/com.google.android.gms- vQy0OTTBtTUrJKpBl73g9Q==/lib/arm64:/data/app/~~B1ALkWSc3v0wJN7kwe_fFA==/ com.google.android.gms-vQy0OTTBtTUrJKpBl73g9Q==/base.apk!/lib/arm64-v8a, permitted_path=/data:/mnt/expand:/data/user/0/com.google.android.gms
09-30 17:06:39.789 21079 21124 D CompatibilityChangeReporter: Compat change id reported: 160794467; UID 10286; state: ENABLED
09-30 17:06:39.794 21079 21132 D TrafficStats: tagSocket(118) with statsTag=0xffffffff, statsUid=-1
09-30 17:06:39.795 21079 21129 D TrafficStats: tagSocket(129) with statsTag=0xffffffff, statsUid=-1
09-30 17:06:39.798 21079 21131 D TrafficStats: tagSocket(100) with statsTag=0xffffffff, statsUid=-1
09-30 17:06:39.811 21079 21121 I DynamiteModule: Considering local module com.google.android.gms.ads.dynamite:0 and remote module com.google.android.gms.ads.dynamite:243220703
09-30 17:06:39.811 21079 21121 I DynamiteModule: Selected remote version of com.google.android.gms.ads.dynamite, version >= 243220703
09-30 17:06:39.811 21079 21121 V DynamiteModule: Dynamite loader version >= 2, using loadModule2NoCrashUtils
09-30 17:06:39.829 21079 21154 E app.secretspace: No package ID 77 found for resource ID 0x770b000f.
09-30 17:06:39.830 21079 21154 E app.secretspace: No package ID 77 found for resource ID 0x770b000f.
09-30 17:06:39.831 21079 21154 I FA : App measurement initialized, version: 104007
09-30 17:06:39.831 21079 21154 I FA : To enable debug logging run: adb shell setprop log.tag.FA VERBOSE
09-30 17:06:39.832 21079 21154 I FA : To enable faster debug mode event logging run:
09-30 17:06:39.832 21079 21154 I FA : adb shell setprop debug.firebase.analytics.app com.hello.miheapp.secretspace
09-30 17:06:39.854 21079 21079 I DynamiteModule: Considering local module com.google.android.gms.ads.dynamite:0 and remote module com.google.android.gms.ads.dynamite:243220703
09-30 17:06:39.855 21079 21079 I DynamiteModule: Selected remote version of com.google.android.gms.ads.dynamite, version >= 243220703
09-30 17:06:39.857 21079 21079 D DynamitePackage: Instantiated singleton DynamitePackage.
09-30 17:06:39.858 21079 21079 D DynamitePackage: Instantiating com.google.android.gms.ads.ChimeraMobileAdsSettingManagerCreatorImpl
09-30 17:06:39.864 21151 21151 W logcat : type=1400 audit(0.0:226677): avc: denied { ioctl } for path="/storage/emulated/0/Download/com.hello.miheapp.secretspace_logcat.txt" dev="fuse" ino=359524 ioctlcmd=0xf50d scontext=u:r:untrusted_app:s0:c30,c257,c512,c768 tcontext=u:object_r:fuse:s0 tclass=file permissive=0 app=com.hello.miheapp.secretspace
09-30 17:06:39.950 21079 21079 W ziparchive: Unable to open '/data/app/~~axiQmGytaT9Z9ckp8Ec3Mg==/com.google.android.trichromelibrary_661314633 -zqCBaZ46f-5E8p8WUGbbPg==/base.dm': No such file or directory
09-30 17:06:39.950 21079 21079 W ziparchive: Unable to open '/data/app/~~axiQmGytaT9Z9ckp8Ec3Mg==/com.google.android.trichromelibrary_661314633 -zqCBaZ46f-5E8p8WUGbbPg==/base.dm': No such file or directory
09-30 17:06:39.950 21079 21079 W app.secretspace: Entry not found
09-30 17:06:39.951 21079 21079 D nativeloader: Configuring clns-10 for other apk /data/app/~~axiQmGytaT9Z9ckp8Ec3Mg==/com.google.android.trichromelibrary_661314633- zqCBaZ46f-5E8p8WUGbbPg==/base.apk. target_sdk_version=35, uses_libraries=ALL, library_path=/data/app/~~UcIEM_mh4Fh8UiMzGY8leg==/com.google.android.webview- FN2dftqLaDpLQ7gLo_fTMA==/lib/arm64:/data/app/~~UcIEM_mh4Fh8UiMzGY8leg==/ com.google.android.webview-FN2dftqLaDpLQ7gLo_fTMA==/base.apk!/lib/arm64-v8a:/data/ app/~~axiQmGytaT9Z9ckp8Ec3Mg==/com.google.android.trichromelibrary_661314633- zqCBaZ46f-5E8p8WUGbbPg==/base.apk!/lib/arm64-v8a, permitted_path=/data:/mnt/expand
09-30 17:06:39.957 21079 21079 D nativeloader: Configuring clns-11 for other apk /data/app/~~UcIEM_mh4Fh8UiMzGY8leg==/com.google.android.webview- FN2dftqLaDpLQ7gLo_fTMA==/base.apk. target_sdk_version=35, uses_libraries=, library_path=/data/app/~~UcIEM_mh4Fh8UiMzGY8leg==/com.google.android.webview- FN2dftqLaDpLQ7gLo_fTMA==/lib/arm64:/data/app/~~UcIEM_mh4Fh8UiMzGY8leg==/ com.google.android.webview-FN2dftqLaDpLQ7gLo_fTMA==/base.apk!/lib/arm64-v8a:/data/ app/~~axiQmGytaT9Z9ckp8Ec3Mg==/com.google.android.trichromelibrary_661314633- zqCBaZ46f-5E8p8WUGbbPg==/base.apk!/lib/arm64-v8a, permitted_path=/data:/mnt/expand
09-30 17:06:39.962 21079 21079 I WebViewFactory: Loading com.google.android.webview version 128.0.6613.146 (code 661314633)
09-30 17:06:39.976 21079 21079 D ziparchive: Zip: EOCD not found, /data/resource- cache/com.android.systemui-neutral-bntA.frro is not zip
09-30 17:06:39.976 21079 21079 E app.secretspace: Failed to open APK '/data/resource-cache/com.android.systemui-neutral-bntA.frro': Invalid file
09-30 17:06:39.977 21079 21079 D ziparchive: Zip: EOCD not found, /data/resource- cache/com.android.systemui-accent-v1Ol.frro is not zip
09-30 17:06:39.977 21079 21079 E app.secretspace: Failed to open APK '/data/resource-cache/com.android.systemui-accent-v1Ol.frro': Invalid file
09-30 17:06:39.979 21079 21079 D ziparchive: Zip: EOCD not found, /data/resource- cache/com.android.systemui-dynamic-PXHX.frro is not zip
09-30 17:06:39.979 21079 21079 E app.secretspace: Failed to open APK '/data/resource-cache/com.android.systemui-dynamic-PXHX.frro': Invalid file
09-30 17:06:40.000 21079 21079 I cr_WVCFactoryProvider: version=128.0.6613.146 (661314633) minSdkVersion=29 isBundle=true multiprocess=true packageId=2
09-30 17:06:40.008 21079 21079 D nativeloader: Load /data/app/~~axiQmGytaT9Z9ckp8Ec3Mg==/com.google.android.trichromelibrary_661314633- zqCBaZ46f-5E8p8WUGbbPg==/base.apk!/lib/arm64-v8a/libmonochrome_64.so using ns clns- 11 from class loader (caller=/data/app/~~UcIEM_mh4Fh8UiMzGY8leg==/com.google.android.webview- FN2dftqLaDpLQ7gLo_fTMA==/base.apk): ok
09-30 17:06:40.012 21079 21079 D nativeloader: Load /system/lib64/libwebviewchromium_plat_support.so using ns clns-11 from class loader (caller=/data/app/~~UcIEM_mh4Fh8UiMzGY8leg==/com.google.android.webview- FN2dftqLaDpLQ7gLo_fTMA==/base.apk): ok
09-30 17:06:40.015 21079 21231 I chromium: [0930/170640.015426:INFO:variations_seed_loader.cc(68)] Failed to open file for reading.: No such file or directory (2)
09-30 17:06:40.027 21079 21079 I cr_CachingUmaRecorder: Flushed 6 samples from 6 histograms, 0 samples were dropped.
09-30 17:06:40.031 21079 21079 I cr_CombinedPProvider: #registerProvider() provider:WV.o8@2456399 isPolicyCacheEnabled:false policyProvidersSize:0
09-30 17:06:40.034 21079 21079 I cr_PolicyProvider: #setManagerAndSource() 0
09-30 17:06:40.048 21079 21079 I cr_CombinedPProvider: #linkNativeInternal() 1
09-30 17:06:40.049 21079 21079 I cr_AppResProvider: #getApplicationRestrictionsFromUserManager() Bundle[EMPTY_PARCEL]
09-30 17:06:40.049 21079 21079 I cr_PolicyProvider: #notifySettingsAvailable() 0
09-30 17:06:40.049 21079 21079 I cr_CombinedPProvider: #onSettingsAvailable() 0
09-30 17:06:40.049 21079 21079 I cr_CombinedPProvider: #flushPolicies()
09-30 17:06:40.159 21079 21079 D CompatibilityChangeReporter: Compat change id reported: 214741472; UID 10286; state: ENABLED
09-30 17:06:40.170 21079 21079 D CompatibilityChangeReporter: Compat change id reported: 171228096; UID 10286; state: ENABLED
09-30 17:06:40.268 21079 21079 W CheckTime: App running slow: Executing handleBindApplication : callApplicationOnCreate took 472ms
09-30 17:06:40.276 21079 21383 I MATDBManager: sqllite db insert success! insert row id:110
09-30 17:06:40.277 21079 21383 I MATDBManager: sqllite db capacity:5
09-30 17:06:40.298 21079 21383 D TrafficStats: tagSocket(253) with statsTag=0xffffffff, statsUid=-1
09-30 17:06:40.325 21079 21387 D TrafficStats: tagSocket(256) with statsTag=0xffffffff, statsUid=-1
09-30 17:06:40.346 21079 21451 D CompatibilityChangeReporter: Compat change id reported: 263076149; UID 10286; state: ENABLED
09-30 17:06:40.379 21079 21079 D CompatibilityChangeReporter: Compat change id reported: 210923482; UID 10286; state: ENABLED
09-30 17:06:40.495 21079 21079 W EventBus: Subscriber to unregister was not registered before: class com.hello.sandbox.ui.home.HomeFrag
09-30 17:06:40.499 21079 21079 W Glide : Failed to find GeneratedAppGlideModule. You should include an annotationProcessor compile dependency on com.github.bumptech.glide:compiler in your application and a @GlideModule annotated AppGlideModule implementation or LibraryGlideModules will be silently ignored
09-30 17:06:40.581 21079 21110 D SessionLifecycleClient: Queued message 1. Queue size 1
09-30 17:06:40.582 21079 21154 I FA : Tag Manager is not found and thus will not be used
09-30 17:06:40.607 21079 21503 D TrafficStats: tagSocket(264) with statsTag=0xffffffff, statsUid=-1
09-30 17:06:40.609 21079 21079 D CompatibilityChangeReporter: Compat change id reported: 237531167; UID 10286; state: DISABLED
09-30 17:06:40.612 21079 21079 W OpenGLRenderer: Unknown dataspace 0 --------- beginning of system
09-30 17:06:40.635 21079 21079 V ActivityThread: getPackageInfo() caused update to cached ApplicationInfo for package com.hello.miheapp.secretspace
09-30 17:06:40.640 21079 21079 D SessionLifecycleService: Service bound to new client on process 21079
09-30 17:06:40.642 21079 21531 D SessionLifecycleService: App has not yet foregrounded. Using previously stored session: null
09-30 17:06:40.642 21079 21531 D SessionLifecycleService: Client android.os.Messenger@47d9432 bound at 41793663. Clients: 1
09-30 17:06:40.673 21079 21296 W cr_media: BLUETOOTH_CONNECT permission is missing.
09-30 17:06:40.674 21079 21296 W cr_media: getBluetoothAdapter() requires BLUETOOTH permission
09-30 17:06:40.675 21079 21296 W cr_media: registerBluetoothIntentsIfNeeded: Requires BLUETOOTH permission
09-30 17:06:40.801 21079 21331 V SomeArgsObtain: sPoolSize = 0,spool is:null
09-30 17:06:40.806 21079 21394 E OpenGLRenderer: Unable to match the desired swap behavior.
09-30 17:06:40.832 21079 21570 I mali_gralloc: register: id=0x407000066d2, importpid=-1
09-30 17:06:40.834 21079 21570 I mali_gralloc: register: id=0x407000066d3, importpid=-1
09-30 17:06:40.837 21079 21570 I mali_gralloc: register: id=0x407000066d4, importpid=-1
09-30 17:06:40.841 21079 21570 I mali_gralloc: register: id=0x407000066d5, importpid=-1
09-30 17:06:40.929 21079 21507 D CompatibilityChangeReporter: Compat change id reported: 247079863; UID 10286; state: ENABLED
09-30 17:06:40.945 21079 21117 D TrafficStats: tagSocket(315) with statsTag=0xffffffff, statsUid=-1
09-30 17:06:41.182 21079 21314 W AudioCapabilities: Unsupported mime audio/ima- adpcm
09-30 17:06:41.185 21079 21314 W AudioCapabilities: Unsupported mime audio/mpeg-L1
09-30 17:06:41.186 21079 21314 W AudioCapabilities: Unsupported mime audio/mpeg-L2
09-30 17:06:41.218 21079 21123 V SomeArgsObtain: sPoolSize = 0,spool is:null
09-30 17:06:41.277 21079 21079 D SessionLifecycleClient: Connected to SessionLifecycleService. Queue size 1
09-30 17:06:41.278 21079 21110 D SessionLifecycleClient: Sending lifecycle 1 to service
09-30 17:06:41.279 21079 21531 D SessionLifecycleService: Activity foregrounding at 41794301.
09-30 17:06:41.279 21079 21531 D SessionLifecycleService: Cold start detected.
09-30 17:06:41.279 21079 21531 D SessionLifecycleService: Generated new session a1351eb0cccf435ab77a16c07da093a0
09-30 17:06:41.279 21079 21531 D SessionLifecycleService: Broadcasting new session: SessionDetails(sessionId=a1351eb0cccf435ab77a16c07da093a0, firstSessionId=a1351eb0cccf435ab77a16c07da093a0, sessionIndex=0, sessionStartTimestampUs=1727696201279000)
09-30 17:06:41.282 21079 21119 D SessionFirelogPublisher: Data Collection is enabled for at least one Subscriber
09-30 17:06:41.315 21079 21122 D EventGDTLogger: Session Event: {"eventType":1,"sessionData": {"sessionId":"a1351eb0cccf435ab77a16c07da093a0","firstSessionId":"a1351eb0cccf435ab 77a16c07da093a0","sessionIndex":0,"eventTimestampUs":1727696201279000,"dataCollecti onStatus": {"performance":1,"crashlytics":2,"sessionSamplingRate":1.0},"firebaseInstallationId ":"eMsWFEG4SoGSGlf9p5TUQ6"},"applicationInfo": {"appId":"1:716442668392:android:91ab0e5825942d3ba61add","deviceModel":"RMX3761","s essionSdkVersion":"1.2.1","osVersion":"14","logEnvironment":3,"androidAppInfo": {"packageName":"com.hello.miheapp.secretspace","versionName":"1.1.41","appBuildVers ion":"1141","deviceManufacturer":"realme","currentProcessDetails": {"processName":"com.hello.miheapp.secretspace","pid":21079,"importance":100,"defaul tProcess":true},"appProcessDetails": [{"processName":"com.hello.miheapp.secretspace","pid":21079,"importance":100,"defau ltProcess":true}, {"processName":"com.hello.miheapp.secretspace:black","pid":25686,"importance":100," defaultProcess":false}]}}}
09-30 17:06:41.320 21079 21079 I Choreographer: Skipped 50 frames! The application may be doing too much work on its main thread.
09-30 17:06:41.341 21079 21379 D TrafficStats: tagSocket(274) with statsTag=0x4e864ee, statsUid=-1
09-30 17:06:41.344 21079 21079 V SomeArgsRecycle: sPoolSize = 1,spool is:com.android.internal.os.SomeArgs@a5b57a0
09-30 17:06:41.365 21079 21119 D SessionLifecycleClient: Sending lifecycle 2 to service
09-30 17:06:41.365 21079 21531 D SessionLifecycleService: Activity backgrounding at 41794388
09-30 17:06:41.380 21079 21079 V SomeArgsRecycle: sPoolSize = 2,spool is:com.android.internal.os.SomeArgs@2608091
09-30 17:06:41.382 21079 21079 D SessionLif