12-06 13:25:15.602 12730 12969 V threaded_app: New input event: type=2
12-06 13:25:15.619 12730 12969 V threaded_app: New input event: type=2
12-06 13:25:15.637 12730 12969 V threaded_app: New input event: type=2
12-06 13:25:15.669 12730 12969 V threaded_app: New input event: type=2
12-06 13:25:15.790 12730 12969 V threaded_app: New input event: type=2
12-06 13:25:15.790 12730 12969 V threaded_app: New input event: type=2
12-06 13:25:15.819 12730 12969 V threaded_app: New input event: type=2
12-06 13:25:15.836 12730 12969 V threaded_app: New input event: type=2
12-06 13:25:15.852 12730 12969 V threaded_app: New input event: type=2
12-06 13:25:15.886 12730 12969 V threaded_app: New input event: type=2
12-06 13:25:15.903 12730 12969 V threaded_app: New input event: type=2
12-06 13:25:15.920 12730 12969 V threaded_app: New input event: type=2
12-06 13:25:15.925 12730 12969 V threaded_app: New input event: type=2
12-06 13:25:15.925 12730 12969 V threaded_app: New input event: type=2
12-06 13:25:15.937 12730 12969 V threaded_app: New input event: type=2
12-06 13:25:15.970 12730 12969 V threaded_app: New input event: type=2
12-06 13:25:16.003 12730 12969 V threaded_app: New input event: type=2
12-06 13:25:16.036 12730 12969 V threaded_app: New input event: type=2
12-06 13:25:16.069 12730 12969 V threaded_app: New input event: type=2
12-06 13:25:16.103 12730 12969 V threaded_app: New input event: type=2
12-06 13:25:16.136 12730 12969 V threaded_app: New input event: type=2
12-06 13:25:16.170 12730 12969 V threaded_app: New input event: type=2
12-06 13:25:16.203 12730 12969 V threaded_app: New input event: type=2
12-06 13:25:16.236 12730 12969 V threaded_app: New input event: type=2
12-06 13:25:16.270 12730 12969 V threaded_app: New input event: type=2
12-06 13:25:16.304 12730 12969 V threaded_app: New input event: type=2
12-06 13:25:16.336 12730 12969 V threaded_app: New input event: type=2
12-06 13:25:16.369 12730 12969 V threaded_app: New input event: type=2
12-06 13:25:16.403 12730 12969 V threaded_app: New input event: type=2
12-06 13:25:16.436 12730 12969 V threaded_app: New input event: type=2
12-06 13:25:16.470 12730 12969 V threaded_app: New input event: type=2
12-06 13:25:16.503 12730 12969 V threaded_app: New input event: type=2
12-06 13:25:16.536 12730 12969 V threaded_app: New input event: type=2
12-06 13:25:16.569 12730 12969 V threaded_app: New input event: type=2
12-06 13:25:16.603 12730 12969 V threaded_app: New input event: type=2
12-06 13:25:16.636 12730 12969 V threaded_app: New input event: type=2
12-06 13:25:16.670 12730 12969 V threaded_app: New input event: type=2
12-06 13:25:16.703 12730 12969 V threaded_app: New input event: type=2
12-06 13:25:16.736 12730 12969 V threaded_app: New input event: type=2
12-06 13:25:16.770 12730 12969 V threaded_app: New input event: type=2
12-06 13:25:16.803 12730 12969 V threaded_app: New input event: type=2
12-06 13:25:16.836 12730 12969 V threaded_app: New input event: type=2
12-06 13:25:16.870 12730 12969 V threaded_app: New input event: type=2
12-06 13:25:16.903 12730 12969 V threaded_app: New input event: type=2
12-06 13:25:16.937 12730 12969 V threaded_app: New input event: type=2
12-06 13:25:16.969 12730 12969 V threaded_app: New input event: type=2
12-06 13:25:17.003 12730 12969 V threaded_app: New input event: type=2
12-06 13:25:17.037 12730 12969 V threaded_app: New input event: type=2
12-06 13:25:17.070 12730 12969 V threaded_app: New input event: type=2
12-06 13:25:17.104 12730 12969 V threaded_app: New input event: type=2
12-06 13:25:17.136 12730 12969 V threaded_app: New input event: type=2
12-06 13:25:17.170 12730 12969 V threaded_app: New input event: type=2
12-06 13:25:17.203 12730 12969 V threaded_app: New input event: type=2
12-06 13:25:17.236 12730 12969 V threaded_app: New input event: type=2
12-06 13:25:17.269 12730 12969 V threaded_app: New input event: type=2
12-06 13:25:17.303 12730 12969 V threaded_app: New input event: type=2
12-06 13:25:17.336 12730 12969 V threaded_app: New input event: type=2
12-06 13:25:17.370 12730 12969 V threaded_app: New input event: type=2
12-06 13:25:17.403 12730 12969 V threaded_app: New input event: type=2
12-06 13:25:17.436 12730 12969 V threaded_app: New input event: type=2
12-06 13:25:17.469 12730 12969 V threaded_app: New input event: type=2
12-06 13:25:17.487 12730 12969 V threaded_app: New input event: type=2
12-06 13:25:17.487 12730 12969 V threaded_app: New input event: type=2
12-06 13:25:17.503 12730 12969 V threaded_app: New input event: type=2
12-06 13:25:17.510 12730 12969 V threaded_app: New input event: type=2
12-06 13:25:17.510 12730 12969 V threaded_app: New input event: type=2
12-06 13:25:17.519 12730 12969 V threaded_app: New input event: type=2
12-06 13:25:17.533 12730 12969 V threaded_app: New input event: type=2
12-06 13:25:17.536 12730 12969 V threaded_app: New input event: type=2
12-06 13:25:17.553 12730 12969 V threaded_app: New input event: type=2
12-06 13:25:17.569 12730 12969 V threaded_app: New input event: type=2
12-06 13:25:17.582 12730 12969 V threaded_app: New input event: type=2
12-06 13:25:17.582 12730 12969 V threaded_app: New input event: type=2
12-06 13:25:17.792 12730 12969 V threaded_app: New input event: type=2
12-06 13:25:17.858 12730 12969 V threaded_app: New input event: type=2
12-06 13:25:17.885 12730 12969 V threaded_app: New input event: type=2
12-06 13:25:17.903 12730 12969 V threaded_app: New input event: type=2
12-06 13:25:17.920 12730 12969 V threaded_app: New input event: type=2
12-06 13:25:17.936 12730 12969 V threaded_app: New input event: type=2
12-06 13:25:17.953 12730 12969 V threaded_app: New input event: type=2
12-06 13:25:17.969 12730 12969 V threaded_app: New input event: type=2
12-06 13:25:17.987 12730 12969 V threaded_app: New input event: type=2
12-06 13:25:18.003 12730 12969 V threaded_app: New input event: type=2
12-06 13:25:18.017 12730 12969 V threaded_app: New input event: type=2
12-06 13:25:18.017 12730 12969 V threaded_app: New input event: type=2
12-06 13:25:18.036 12730 12969 V threaded_app: New input event: type=2
12-06 13:25:18.054 12730 12969 V threaded_app: New input event: type=2
12-06 13:25:18.070 12730 12969 V threaded_app: New input event: type=2
12-06 13:25:18.086 12730 12969 V threaded_app: New input event: type=2
12-06 13:25:18.103 12730 12969 V threaded_app: New input event: type=2
12-06 13:25:18.121 12730 12969 V threaded_app: New input event: type=2
12-06 13:25:18.136 12730 12969 V threaded_app: New input event: type=2
12-06 13:25:18.153 12730 12969 V threaded_app: New input event: type=2
12-06 13:25:18.170 12730 12969 V threaded_app: New input event: type=2
12-06 13:25:18.187 12730 12969 V threaded_app: New input event: type=2
12-06 13:25:18.203 12730 12969 V threaded_app: New input event: type=2
12-06 13:25:18.220 12730 12969 V threaded_app: New input event: type=2
12-06 13:25:18.236 12730 12969 V threaded_app: New input event: type=2
12-06 13:25:18.253 12730 12969 V threaded_app: New input event: type=2
12-06 13:25:18.270 12730 12969 V threaded_app: New input event: type=2
12-06 13:25:18.287 12730 12969 V threaded_app: New input event: type=2
12-06 13:25:18.300 12730 12969 V threaded_app: New input event: type=2
12-06 13:25:18.300 12730 12969 V threaded_app: New input event: type=2
12-06 13:25:18.301 12730 12969 V threaded_app: New input event: type=2
12-06 13:25:24.307 12730 12969 V threaded_app: New input event: type=2
12-06 13:25:24.313 12730 12969 V threaded_app: New input event: type=2
12-06 13:25:24.328 12730 12969 V threaded_app: New input event: type=2
12-06 13:25:24.350 12730 12969 V threaded_app: New input event: type=2
12-06 13:25:26.350 12730 12969 V threaded_app: New input event: type=2
12-06 13:25:26.372 12730 12969 V threaded_app: New input event: type=2
12-06 13:25:26.384 12730 12969 V threaded_app: New input event: type=2
12-06 13:25:26.384 12730 12969 V threaded_app: New input event: type=2
12-06 13:25:26.861 12730 12969 V threaded_app: New input event: type=2
12-06 13:25:26.872 12730 12969 V threaded_app: New input event: type=2
12-06 13:25:26.888 12730 12969 V threaded_app: New input event: type=2
12-06 13:25:26.907 12730 12969 V threaded_app: New input event: type=2
12-06 13:25:26.921 12730 12969 V threaded_app: New input event: type=2
12-06 13:25:26.939 12730 12969 V threaded_app: New input event: type=2
12-06 13:25:26.941 12730 12969 V threaded_app: New input event: type=2
12-06 13:25:26.941 12730 12969 V threaded_app: New input event: type=2
12-06 13:25:27.856 12730 12730 V threaded_app: Pause: 0x70f6949e00
12-06 13:25:27.856 12730 12969 V threaded_app: activityState=13
12-06 13:25:27.856 12730 12969 D UE4 : Case APP_CMD_PAUSE
12-06 13:25:27.869 12730 13484 D AudioTrack: stop(9582): called with 23606976
frames delivered
12-06 13:25:27.920 12730 12730 I : genericobserver pos:0
className:com.blue.dm.hdmpve.lifecycle.PluginReportLifecycle
12-06 13:25:27.931 12730 12730 I HDmpve : onPause
12-06 13:25:27.931 12730 12730 I : genericobserver pos:0
className:com.blue.dm.hdmpve.lifecycle.PluginReportLifecycle
12-06 13:25:27.931 12730 12730 I HDmpvePluginManger: onPause
12-06 13:25:27.934 12730 12730 I RoosterJava: call rooster pause interface
12-06 13:25:27.935 12730 12730 W Activity: PerfMonitor: Slow Operation: Activity
com.pubg.imobile/com.epicgames.ue4.GameActivity onPause took 106ms
12-06 13:25:27.978 12730 12730 V threaded_app: WindowFocusChanged: 0x70f6949e00 --
0
12-06 13:25:27.978 12730 12730 D DecorView[]: onWindowFocusChanged hasWindowFocus
false
12-06 13:25:27.978 12730 12969 D UE4 : Case APP_CMD_LOST_FOCUS
12-06 13:25:27.980 12730 12730 V threaded_app: NativeWindowDestroyed: 0x70f6949e00
-- 0x6fa78bc010
12-06 13:25:27.980 12730 12969 V threaded_app: APP_CMD_TERM_WINDOW
12-06 13:25:27.981 12730 12969 D UE4 : Case APP_CMD_TERM_WINDOW, tid = 12969
12-06 13:25:27.991 12730 12969 V threaded_app: APP_CMD_TERM_WINDOW
12-06 13:25:28.170 12730 12730 V threaded_app: Stop: 0x70f6949e00
12-06 13:25:28.170 12730 12969 V threaded_app: activityState=14
12-06 13:25:28.170 12730 12969 D UE4 : Case APP_CMD_STOP
12-06 13:25:28.170 12730 12730 I : genericobserver pos:0
className:com.blue.dm.hdmpve.lifecycle.PluginReportLifecycle
12-06 13:25:28.170 12730 12730 E HDmpve : OnStop
12-06 13:25:28.170 12730 12730 I : genericobserver pos:0
className:com.blue.dm.hdmpve.lifecycle.PluginReportLifecycle
12-06 13:25:28.199 12730 12730 V threaded_app: SaveInstanceState: 0x70f6949e00
12-06 13:25:28.199 12730 12969 D UE4 : Case APP_CMD_SAVE_STATE
12-06 13:25:28.199 12730 12969 V threaded_app: APP_CMD_SAVE_STATE
12-06 13:25:28.459 12730 17003 W BpBinder: Slow Binder: BpBinder transact took 375
ms, interface=android.app.IActivityManager, code=30 oneway=false
12-06 13:25:28.488 12730 12730 E .magma.cheat:p: Failed to open file
'/data/resource-cache/data@[email protected]
q5YW.frro@idmap': No such file or directory
12-06 13:25:28.489 12730 12730 E .magma.cheat:p: failed to read IDMAP
/data/resource-cache/data@[email protected]
q5YW.frro@idmap
12-06 13:25:28.515 12730 12730 W ResourcesManager: failed to preload asset path
'/data/resource-cache/com.android.systemui-neutral-q5YW.frro'
12-06 13:25:28.515 12730 12730 W ResourcesManager: java.io.IOException: Failed to
load asset path /data/resource-cache/data@[email protected]
neutral-q5YW.frro@idmap
12-06 13:25:28.515 12730 12730 W ResourcesManager: at
android.content.res.ApkAssets.nativeLoad(Native Method)
12-06 13:25:28.515 12730 12730 W ResourcesManager: at
android.content.res.ApkAssets.<init>(ApkAssets.java:295)
12-06 13:25:28.515 12730 12730 W ResourcesManager: at
android.content.res.ApkAssets.loadOverlayFromPath(ApkAssets.java:215)
12-06 13:25:28.515 12730 12730 W ResourcesManager: at
android.app.ResourcesManager.loadApkAssets(ResourcesManager.java:470)
12-06 13:25:28.515 12730 12730 W ResourcesManager: at
android.app.ResourcesManager.access$000(ResourcesManager.java:84)
12-06 13:25:28.515 12730 12730 W ResourcesManager: at
android.app.ResourcesManager$ApkAssetsSupplier.load(ResourcesManager.java:186)
12-06 13:25:28.515 12730 12730 W ResourcesManager: at
android.app.ResourcesManager.createApkAssetsSupplierNotLocked(ResourcesManager.java
:1018)
12-06 13:25:28.515 12730 12730 W ResourcesManager: at
android.app.ResourcesManager.getResources(ResourcesManager.java:1139)
12-06 13:25:28.515 12730 12730 W ResourcesManager: at
android.app.ContextImpl.createResources(ContextImpl.java:2458)
12-06 13:25:28.515 12730 12730 W ResourcesManager: at
android.app.ContextImpl.createPackageContextAsUser(ContextImpl.java:2528)
12-06 13:25:28.515 12730 12730 W ResourcesManager: at
android.app.ContextImpl.createPackageContext(ContextImpl.java:2501)
12-06 13:25:28.515 12730 12730 W ResourcesManager: at
com.gbox.app.GActivityThread.createService(SourceFile:55)
12-06 13:25:28.515 12730 12730 W ResourcesManager: at
com.gbox.app.dispatcher.AppServiceDispatcher.getOrCreateService(SourceFile:28)
12-06 13:25:28.515 12730 12730 W ResourcesManager: at
com.gbox.app.dispatcher.AppServiceDispatcher.onBind(SourceFile:15)
12-06 13:25:28.515 12730 12730 W ResourcesManager: at
com.gbox.proxy.ProxyService.onBind(SourceFile:5)
12-06 13:25:28.515 12730 12730 W ResourcesManager: at
android.app.ActivityThread.handleBindService(ActivityThread.java:4672)
12-06 13:25:28.515 12730 12730 W ResourcesManager: at
android.app.ActivityThread.access$1900(ActivityThread.java:271)
12-06 13:25:28.515 12730 12730 W ResourcesManager: at
android.app.ActivityThread$H.handleMessage(ActivityThread.java:2158)
12-06 13:25:28.515 12730 12730 W ResourcesManager: at
android.os.Handler.dispatchMessage(Handler.java:106)
12-06 13:25:28.515 12730 12730 W ResourcesManager: at
android.os.Looper.loopOnce(Looper.java:211)
12-06 13:25:28.515 12730 12730 W ResourcesManager: at
android.os.Looper.loop(Looper.java:300)
12-06 13:25:28.515 12730 12730 W ResourcesManager: at
android.app.ActivityThread.main(ActivityThread.java:8322)
12-06 13:25:28.515 12730 12730 W ResourcesManager: at
java.lang.reflect.Method.invoke(Native Method)
12-06 13:25:28.515 12730 12730 W ResourcesManager: at
com.android.internal.os.RuntimeInit$MethodAndArgsCaller.run(RuntimeInit.java:556)
12-06 13:25:28.515 12730 12730 W ResourcesManager: at
com.android.internal.os.ZygoteInit.main(ZygoteInit.java:1038)
12-06 13:25:28.515 12730 12730 E .magma.cheat:p: Failed to open file
'/data/resource-cache/data@[email protected]
AWcU.frro@idmap': No such file or directory
12-06 13:25:28.515 12730 12730 E .magma.cheat:p: failed to read IDMAP
/data/resource-cache/data@[email protected]
AWcU.frro@idmap
12-06 13:25:28.516 12730 12730 W ResourcesManager: failed to preload asset path
'/data/resource-cache/com.android.systemui-accent-AWcU.frro'
12-06 13:25:28.516 12730 12730 W ResourcesManager: java.io.IOException: Failed to
load asset path /data/resource-cache/data@[email protected]
accent-AWcU.frro@idmap
12-06 13:25:28.516 12730 12730 W ResourcesManager: at
android.content.res.ApkAssets.nativeLoad(Native Method)
12-06 13:25:28.516 12730 12730 W ResourcesManager: at
android.content.res.ApkAssets.<init>(ApkAssets.java:295)
12-06 13:25:28.516 12730 12730 W ResourcesManager: at
android.content.res.ApkAssets.loadOverlayFromPath(ApkAssets.java:215)
12-06 13:25:28.516 12730 12730 W ResourcesManager: at
android.app.ResourcesManager.loadApkAssets(ResourcesManager.java:470)
12-06 13:25:28.516 12730 12730 W ResourcesManager: at
android.app.ResourcesManager.access$000(ResourcesManager.java:84)
12-06 13:25:28.516 12730 12730 W ResourcesManager: at
android.app.ResourcesManager$ApkAssetsSupplier.load(ResourcesManager.java:186)
12-06 13:25:28.516 12730 12730 W ResourcesManager: at
android.app.ResourcesManager.createApkAssetsSupplierNotLocked(ResourcesManager.java
:1018)
12-06 13:25:28.516 12730 12730 W ResourcesManager: at
android.app.ResourcesManager.getResources(ResourcesManager.java:1139)
12-06 13:25:28.516 12730 12730 W ResourcesManager: at
android.app.ContextImpl.createResources(ContextImpl.java:2458)
12-06 13:25:28.516 12730 12730 W ResourcesManager: at
android.app.ContextImpl.createPackageContextAsUser(ContextImpl.java:2528)
12-06 13:25:28.516 12730 12730 W ResourcesManager: at
android.app.ContextImpl.createPackageContext(ContextImpl.java:2501)
12-06 13:25:28.516 12730 12730 W ResourcesManager: at
com.gbox.app.GActivityThread.createService(SourceFile:55)
12-06 13:25:28.516 12730 12730 W ResourcesManager: at
com.gbox.app.dispatcher.AppServiceDispatcher.getOrCreateService(SourceFile:28)
12-06 13:25:28.516 12730 12730 W ResourcesManager: at
com.gbox.app.dispatcher.AppServiceDispatcher.onBind(SourceFile:15)
12-06 13:25:28.516 12730 12730 W ResourcesManager: at
com.gbox.proxy.ProxyService.onBind(SourceFile:5)
12-06 13:25:28.516 12730 12730 W ResourcesManager: at
android.app.ActivityThread.handleBindService(ActivityThread.java:4672)
12-06 13:25:28.516 12730 12730 W ResourcesManager: at
android.app.ActivityThread.access$1900(ActivityThread.java:271)
12-06 13:25:28.516 12730 12730 W ResourcesManager: at
android.app.ActivityThread$H.handleMessage(ActivityThread.java:2158)
12-06 13:25:28.516 12730 12730 W ResourcesManager: at
android.os.Handler.dispatchMessage(Handler.java:106)
12-06 13:25:28.516 12730 12730 W ResourcesManager: at
android.os.Looper.loopOnce(Looper.java:211)
12-06 13:25:28.516 12730 12730 W ResourcesManager: at
android.os.Looper.loop(Looper.java:300)
12-06 13:25:28.516 12730 12730 W ResourcesManager: at
android.app.ActivityThread.main(ActivityThread.java:8322)
12-06 13:25:28.516 12730 12730 W ResourcesManager: at
java.lang.reflect.Method.invoke(Native Method)
12-06 13:25:28.516 12730 12730 W ResourcesManager: at
com.android.internal.os.RuntimeInit$MethodAndArgsCaller.run(RuntimeInit.java:556)
12-06 13:25:28.516 12730 12730 W ResourcesManager: at
com.android.internal.os.ZygoteInit.main(ZygoteInit.java:1038)

You might also like