12-06 13:17:40.169 12730 12730 V threaded_app: WindowFocusChanged: 0x70f6949e00 --
1
12-06 13:17:40.169 12730 12730 D DecorView[]: onWindowFocusChanged hasWindowFocus
true
12-06 13:17:40.169 12730 12969 D UE4 : Case APP_CMD_GAINED_FOCUS
12-06 13:17:40.932 12730 14981 I AudioTrack: isLongTimeZoreData zoer date time 10
Seconds
12-06 13:17:41.585 12730 12969 V threaded_app: New input event: type=2
12-06 13:17:41.591 12730 12969 V threaded_app: New input event: type=2
12-06 13:17:41.948 12730 14981 I AudioTrack: isLongTimeZoreData zoer date time 11
Seconds
12-06 13:17:43.251 12730 12969 V threaded_app: New input event: type=2
12-06 13:17:43.346 12730 12969 V threaded_app: New input event: type=2
12-06 13:17:45.751 12730 12969 V threaded_app: New input event: type=2
12-06 13:17:45.784 12730 14981 I AudioTrack: isLongTimeZoreData zoer date time 1
Seconds
12-06 13:17:45.831 12730 12969 V threaded_app: New input event: type=2
12-06 13:17:47.024 12730 15207 E HDmpve : [2024-12-06 13:17:47 024] | Error |
[HDmpve] |0x6fcd349cb0| cu_eifs_wrapper.cpp:291|IsFileDownloadReady|
[CEifsWrapper::IsFileReady()]not download completed]
12-06 13:17:47.046 12730 15209 E HDmpve : [2024-12-06 13:17:47 046] | Error |
[HDmpve] |0x6faf4c0cb0| HttpNetwork.cpp:1209|GetAddrInfoSysFunc| get host ip,in-
f.globh.com-> 104.71.60.75
12-06 13:17:47.046 12730 15209 E HDmpve : [2024-12-06 13:17:47 046] | Error |
[HDmpve] |0x6faf4c0cb0| HttpNetwork.cpp:1209|GetAddrInfoSysFunc| get host ip,in-
f.globh.com-> 104.71.60.25
12-06 13:17:48.011 12730 12969 V threaded_app: New input event: type=2
12-06 13:17:48.018 12730 12969 V threaded_app: New input event: type=2
12-06 13:17:48.036 12730 12969 V threaded_app: New input event: type=2
12-06 13:17:48.052 12730 12969 V threaded_app: New input event: type=2
12-06 13:17:48.069 12730 12969 V threaded_app: New input event: type=2
12-06 13:17:48.086 12730 12969 V threaded_app: New input event: type=2
12-06 13:17:48.102 12730 12969 V threaded_app: New input event: type=2
12-06 13:17:48.119 12730 12969 V threaded_app: New input event: type=2
12-06 13:17:48.123 12730 12969 V threaded_app: New input event: type=2
12-06 13:17:48.123 12730 12969 V threaded_app: New input event: type=2
12-06 13:17:48.304 12730 15207 E HDmpve : [2024-12-06 13:17:48 304] | Error |
[HDmpve] |0x6fcd349cb0| cu_eifs_wrapper.cpp:291|IsFileDownloadReady|
[CEifsWrapper::IsFileReady()]not download completed]
12-06 13:17:48.312 12730 15207 E HDmpve : [2024-12-06 13:17:48 312] | Error |
[HDmpve] |0x6fcd349cb0| cu_eifs_wrapper.cpp:291|IsFileDownloadReady|
[CEifsWrapper::IsFileReady()]not download completed]
12-06 13:17:49.134 12730 12969 V threaded_app: New input event: type=2
12-06 13:17:49.152 12730 12969 V threaded_app: New input event: type=2
12-06 13:17:49.172 12730 12969 V threaded_app: New input event: type=2
12-06 13:17:49.189 12730 12969 V threaded_app: New input event: type=2
12-06 13:17:49.204 12730 12969 V threaded_app: New input event: type=2
12-06 13:17:49.219 12730 12969 V threaded_app: New input event: type=2
12-06 13:17:49.245 12730 12969 V threaded_app: New input event: type=2
12-06 13:17:49.248 12730 12969 V threaded_app: New input event: type=2
12-06 13:17:49.248 12730 12969 V threaded_app: New input event: type=2
12-06 13:17:49.447 12730 12730 W BillingClient: Connection to Billing service is
blocked.
12-06 13:17:49.757 12730 15207 E HDmpve : [2024-12-06 13:17:49 757] | Error |
[HDmpve] |0x6fcd349cb0| cu_eifs_wrapper.cpp:291|IsFileDownloadReady|
[CEifsWrapper::IsFileReady()]not download completed]
12-06 13:17:50.711 12730 12969 V threaded_app: New input event: type=2
12-06 13:17:50.731 12730 12969 V threaded_app: New input event: type=2
12-06 13:17:50.812 12730 14981 I AudioTrack: isLongTimeZoreData zoer date time 1
Seconds
12-06 13:17:51.058 12730 12969 V threaded_app: New input event: type=2
12-06 13:17:51.122 12730 12969 V threaded_app: New input event: type=2
12-06 13:17:51.828 12730 14981 I AudioTrack: isLongTimeZoreData zoer date time 2
Seconds
12-06 13:17:52.518 12730 12969 V threaded_app: New input event: type=2
12-06 13:17:52.581 12730 12969 V threaded_app: New input event: type=2
12-06 13:17:52.844 12730 14981 I AudioTrack: isLongTimeZoreData zoer date time 3
Seconds
12-06 13:17:53.610 12730 12969 V threaded_app: New input event: type=2
12-06 13:17:53.690 12730 12969 V threaded_app: New input event: type=2
12-06 13:17:54.326 12730 15207 E HDmpve : [2024-12-06 13:17:54 326] | Error |
[HDmpve] |0x6fcd349cb0| cu_eifs_wrapper.cpp:291|IsFileDownloadReady|
[CEifsWrapper::IsFileReady()]not download completed]
12-06 13:17:54.531 12730 12969 V threaded_app: New input event: type=2
12-06 13:17:54.618 12730 12969 V threaded_app: New input event: type=2
12-06 13:17:56.980 12730 12969 V threaded_app: New input event: type=2
12-06 13:17:57.033 12730 12969 V threaded_app: New input event: type=2
12-06 13:17:57.088 12730 14981 I AudioTrack: isLongTimeZoreData zoer date time 1
Seconds
12-06 13:17:57.554 12730 12969 V threaded_app: New input event: type=2
12-06 13:17:57.587 12730 12969 V threaded_app: New input event: type=2
12-06 13:17:57.606 12730 12969 V threaded_app: New input event: type=2
12-06 13:17:57.615 12730 12969 V threaded_app: New input event: type=2
12-06 13:17:57.616 12730 12969 V threaded_app: New input event: type=2
12-06 13:17:58.196 12730 15207 E HDmpve : [2024-12-06 13:17:58 196] | Error |
[HDmpve] |0x6fcd349cb0| cu_eifs_wrapper.cpp:291|IsFileDownloadReady|
[CEifsWrapper::IsFileReady()]not download completed]
12-06 13:17:59.232 12730 14981 I AudioTrack: isLongTimeZoreData zoer date time 1
Seconds
12-06 13:17:59.571 12730 12969 V threaded_app: New input event: type=2
12-06 13:17:59.588 12730 12969 V threaded_app: New input event: type=2
12-06 13:17:59.604 12730 12969 V threaded_app: New input event: type=2
12-06 13:17:59.621 12730 12969 V threaded_app: New input event: type=2
12-06 13:17:59.638 12730 12969 V threaded_app: New input event: type=2
12-06 13:17:59.655 12730 12969 V threaded_app: New input event: type=2
12-06 13:17:59.675 12730 12969 V threaded_app: New input event: type=2
12-06 13:17:59.690 12730 12969 V threaded_app: New input event: type=2
12-06 13:17:59.704 12730 12969 V threaded_app: New input event: type=2
12-06 13:17:59.721 12730 12969 V threaded_app: New input event: type=2
12-06 13:17:59.738 12730 12969 V threaded_app: New input event: type=2
12-06 13:17:59.754 12730 12969 V threaded_app: New input event: type=2
12-06 13:17:59.771 12730 12969 V threaded_app: New input event: type=2
12-06 13:17:59.787 12730 12969 V threaded_app: New input event: type=2
12-06 13:17:59.805 12730 12969 V threaded_app: New input event: type=2
12-06 13:17:59.821 12730 12969 V threaded_app: New input event: type=2
12-06 13:17:59.839 12730 12969 V threaded_app: New input event: type=2
12-06 13:17:59.854 12730 12969 V threaded_app: New input event: type=2
12-06 13:17:59.872 12730 12969 V threaded_app: New input event: type=2
12-06 13:17:59.888 12730 12969 V threaded_app: New input event: type=2
12-06 13:17:59.905 12730 12969 V threaded_app: New input event: type=2
12-06 13:17:59.921 12730 12969 V threaded_app: New input event: type=2
12-06 13:17:59.938 12730 12969 V threaded_app: New input event: type=2
12-06 13:17:59.954 12730 12969 V threaded_app: New input event: type=2
12-06 13:17:59.971 12730 12969 V threaded_app: New input event: type=2
12-06 13:17:59.987 12730 12969 V threaded_app: New input event: type=2
12-06 13:18:00.007 12730 12969 V threaded_app: New input event: type=2
12-06 13:18:00.020 12730 12969 V threaded_app: New input event: type=2
12-06 13:18:00.038 12730 12969 V threaded_app: New input event: type=2
12-06 13:18:00.054 12730 12969 V threaded_app: New input event: type=2
12-06 13:18:00.072 12730 12969 V threaded_app: New input event: type=2
12-06 13:18:00.087 12730 12969 V threaded_app: New input event: type=2
12-06 13:18:00.105 12730 12969 V threaded_app: New input event: type=2
12-06 13:18:00.167 12730 12969 V threaded_app: New input event: type=2
12-06 13:18:00.248 12730 14981 I AudioTrack: isLongTimeZoreData zoer date time 2
Seconds
12-06 13:18:01.264 12730 14981 I AudioTrack: isLongTimeZoreData zoer date time 3
Seconds
12-06 13:18:02.280 12730 14981 I AudioTrack: isLongTimeZoreData zoer date time 4
Seconds
12-06 13:18:02.330 12730 12969 V threaded_app: New input event: type=2
12-06 13:18:02.338 12730 12969 V threaded_app: New input event: type=2
12-06 13:18:02.355 12730 12969 V threaded_app: New input event: type=2
12-06 13:18:02.373 12730 12969 V threaded_app: New input event: type=2
12-06 13:18:02.392 12730 12969 V threaded_app: New input event: type=2
12-06 13:18:02.405 12730 12969 V threaded_app: New input event: type=2
12-06 13:18:02.421 12730 12969 V threaded_app: New input event: type=2
12-06 13:18:02.438 12730 12969 V threaded_app: New input event: type=2
12-06 13:18:02.455 12730 12969 V threaded_app: New input event: type=2
12-06 13:18:02.472 12730 12969 V threaded_app: New input event: type=2
12-06 13:18:02.488 12730 12969 V threaded_app: New input event: type=2
12-06 13:18:02.504 12730 12969 V threaded_app: New input event: type=2
12-06 13:18:02.521 12730 12969 V threaded_app: New input event: type=2
12-06 13:18:02.537 12730 12969 V threaded_app: New input event: type=2
12-06 13:18:02.541 12730 12969 V threaded_app: New input event: type=2
12-06 13:18:02.541 12730 12969 V threaded_app: New input event: type=2
12-06 13:18:03.296 12730 14981 I AudioTrack: isLongTimeZoreData zoer date time 5
Seconds
12-06 13:18:04.312 12730 14981 I AudioTrack: isLongTimeZoreData zoer date time 6
Seconds
12-06 13:18:05.120 12730 12969 V threaded_app: New input event: type=2
12-06 13:18:05.139 12730 12969 V threaded_app: New input event: type=2
12-06 13:18:05.158 12730 12969 V threaded_app: New input event: type=2
12-06 13:18:05.174 12730 12969 V threaded_app: New input event: type=2
12-06 13:18:05.190 12730 12969 V threaded_app: New input event: type=2
12-06 13:18:05.205 12730 12969 V threaded_app: New input event: type=2
12-06 13:18:05.223 12730 12969 V threaded_app: New input event: type=2
12-06 13:18:05.234 12730 12969 V threaded_app: New input event: type=2
12-06 13:18:05.234 12730 12969 V threaded_app: New input event: type=2
12-06 13:18:05.328 12730 14981 I AudioTrack: isLongTimeZoreData zoer date time 7
Seconds
12-06 13:18:05.558 12730 12730 V threaded_app: WindowFocusChanged: 0x70f6949e00 --
0
12-06 13:18:05.558 12730 12730 D DecorView[]: onWindowFocusChanged hasWindowFocus
false
12-06 13:18:05.558 12730 12969 D UE4 : Case APP_CMD_LOST_FOCUS
12-06 13:18:06.344 12730 14981 I AudioTrack: isLongTimeZoreData zoer date time 8
Seconds
12-06 13:18:07.006 12730 12730 V threaded_app: WindowFocusChanged: 0x70f6949e00 --
1
12-06 13:18:07.007 12730 12969 D UE4 : Case APP_CMD_GAINED_FOCUS
12-06 13:18:07.012 12730 12730 D DecorView[]: onWindowFocusChanged hasWindowFocus
true
12-06 13:18:07.360 12730 14981 I AudioTrack: isLongTimeZoreData zoer date time 9
Seconds
12-06 13:18:08.377 12730 14981 I AudioTrack: isLongTimeZoreData zoer date time 10
Seconds
12-06 13:18:09.392 12730 14981 I AudioTrack: isLongTimeZoreData zoer date time 11
Seconds
12-06 13:18:10.408 12730 14981 I AudioTrack: isLongTimeZoreData zoer date time 12
Seconds
12-06 13:18:10.981 12730 12969 V threaded_app: New input event: type=2
12-06 13:18:11.043 12730 12969 V threaded_app: New input event: type=2
12-06 13:18:11.723 12730 12969 V threaded_app: New input event: type=2
12-06 13:18:11.727 12730 12969 V threaded_app: New input event: type=2
12-06 13:18:11.757 12730 12969 V threaded_app: New input event: type=2
12-06 13:18:11.774 12730 12969 V threaded_app: New input event: type=2
12-06 13:18:11.791 12730 12969 V threaded_app: New input event: type=2
12-06 13:18:11.807 12730 12969 V threaded_app: New input event: type=2
12-06 13:18:11.824 12730 12969 V threaded_app: New input event: type=2
12-06 13:18:11.826 12730 12969 V threaded_app: New input event: type=2
12-06 13:18:11.826 12730 12969 V threaded_app: New input event: type=2
12-06 13:18:12.809 12730 14981 I AudioTrack: isLongTimeZoreData zoer date time 1
Seconds
12-06 13:18:13.596 12730 12969 V threaded_app: New input event: type=2
12-06 13:18:13.607 12730 12969 V threaded_app: New input event: type=2
12-06 13:18:13.625 12730 12969 V threaded_app: New input event: type=2
12-06 13:18:13.640 12730 12969 V threaded_app: New input event: type=2
12-06 13:18:13.644 12730 12969 V threaded_app: New input event: type=2
12-06 13:18:13.644 12730 12969 V threaded_app: New input event: type=2
12-06 13:18:13.824 12730 14981 I AudioTrack: isLongTimeZoreData zoer date time 2
Seconds
12-06 13:18:14.847 12730 12969 V threaded_app: New input event: type=2
12-06 13:18:14.919 12730 12969 V threaded_app: New input event: type=2
12-06 13:18:15.867 12730 12969 V threaded_app: New input event: type=2
12-06 13:18:15.891 12730 12969 V threaded_app: New input event: type=2
12-06 13:18:15.907 12730 12969 V threaded_app: New input event: type=2
12-06 13:18:15.909 12730 12969 V threaded_app: New input event: type=2
12-06 13:18:15.910 12730 12969 V threaded_app: New input event: type=2
12-06 13:18:16.672 12730 14981 I AudioTrack: isLongTimeZoreData zoer date time 1
Seconds
12-06 13:18:17.259 12730 12969 V threaded_app: New input event: type=2
12-06 13:18:17.291 12730 12969 V threaded_app: New input event: type=2
12-06 13:18:17.303 12730 12969 V threaded_app: New input event: type=2
12-06 13:18:17.303 12730 12969 V threaded_app: New input event: type=2
12-06 13:18:17.688 12730 14981 I AudioTrack: isLongTimeZoreData zoer date time 2
Seconds
12-06 13:18:17.815 12730 12969 V threaded_app: New input event: type=2
12-06 13:18:17.854 12730 12969 V threaded_app: New input event: type=2
12-06 13:18:19.636 12730 14981 I AudioTrack: isLongTimeZoreData zoer date time 1
Seconds
12-06 13:18:20.652 12730 14981 I AudioTrack: isLongTimeZoreData zoer date time 2
Seconds
12-06 13:18:21.434 12730 12969 V threaded_app: New input event: type=2
12-06 13:18:21.462 12730 12969 V threaded_app: New input event: type=2
12-06 13:18:21.520 12730 15207 E HDmpve : [2024-12-06 13:18:21 520] | Error |
[HDmpve] |0x6fcd349cb0| cu_eifs_wrapper.cpp:291|IsFileDownloadReady|
[CEifsWrapper::IsFileReady()]not download completed]
12-06 13:18:21.569 12730 15207 E HDmpve : [2024-12-06 13:18:21 569] | Error |
[HDmpve] |0x6fcd349cb0| cu_eifs_wrapper.cpp:291|IsFileDownloadReady|
[CEifsWrapper::IsFileReady()]not download completed]
12-06 13:18:21.577 12730 15207 E HDmpve : [2024-12-06 13:18:21 577] | Error |
[HDmpve] |0x6fcd349cb0| cu_eifs_wrapper.cpp:291|IsFileDownloadReady|
[CEifsWrapper::IsFileReady()]not download completed]
12-06 13:18:21.582 12730 15207 E HDmpve : [2024-12-06 13:18:21 582] | Error |
[HDmpve] |0x6fcd349cb0| cu_eifs_wrapper.cpp:291|IsFileDownloadReady|
[CEifsWrapper::IsFileReady()]not download completed]
12-06 13:18:21.657 12730 15209 E HDmpve : [2024-12-06 13:18:21 657] | Error |
[HDmpve] |0x6faf4c0cb0| HttpNetwork.cpp:1209|GetAddrInfoSysFunc| get host ip,in-
f.globh.com-> 23.212.99.17
12-06 13:18:21.657 12730 15209 E HDmpve : [2024-12-06 13:18:21 657] | Error |
[HDmpve] |0x6faf4c0cb0| HttpNetwork.cpp:1209|GetAddrInfoSysFunc| get host ip,in-
f.globh.com-> 23.212.99.89
12-06 13:18:21.668 12730 14981 I AudioTrack: isLongTimeZoreData zoer date time 3
Seconds
12-06 13:18:22.684 12730 14981 I AudioTrack: isLongTimeZoreData zoer date time 4
Seconds
12-06 13:18:23.528 12730 15207 E HDmpve : [2024-12-06 13:18:23 528] | Error |
[HDmpve] |0x6fcd349cb0| cu_eifs_wrapper.cpp:291|IsFileDownloadReady|
[CEifsWrapper::IsFileReady()]not download completed]
12-06 13:18:23.700 12730 14981 I AudioTrack: isLongTimeZoreData zoer date time 5
Seconds
12-06 13:18:23.794 12730 12969 V threaded_app: New input event: type=2
12-06 13:18:23.808 12730 12969 V threaded_app: New input event: type=2
12-06 13:18:23.826 12730 12969 V threaded_app: New input event: type=2
12-06 13:18:23.844 12730 12969 V threaded_app: New input event: type=2
12-06 13:18:23.858 12730 12969 V threaded_app: New input event: type=2
12-06 13:18:23.862 12730 12969 V threaded_app: New input event: type=2
12-06 13:18:23.862 12730 12969 V threaded_app: New input event: type=2
12-06 13:18:24.608 12730 15207 E HDmpve : [2024-12-06 13:18:24 608] | Error |
[HDmpve] |0x6fcd349cb0| cu_eifs_wrapper.cpp:291|IsFileDownloadReady|
[CEifsWrapper::IsFileReady()]not download completed]
12-06 13:18:24.716 12730 14981 I AudioTrack: isLongTimeZoreData zoer date time 6
Seconds
12-06 13:18:24.803 12730 15207 E HDmpve : [2024-12-06 13:18:24 803] | Error |
[HDmpve] |0x6fcd349cb0| cu_eifs_wrapper.cpp:291|IsFileDownloadReady|
[CEifsWrapper::IsFileReady()]not download completed]
12-06 13:18:25.729 12730 14981 I AudioTrack: isLongTimeZoreData zoer date time 7
Seconds
12-06 13:18:26.744 12730 14981 I AudioTrack: isLongTimeZoreData zoer date time 8
Seconds
12-06 13:18:26.905 12730 15207 E HDmpve : [2024-12-06 13:18:26 905] | Error |
[HDmpve] |0x6fcd349cb0| cu_eifs_wrapper.cpp:291|IsFileDownloadReady|
[CEifsWrapper::IsFileReady()]not download completed]
12-06 13:18:27.760 12730 14981 I AudioTrack: isLongTimeZoreData zoer date time 9
Seconds
12-06 13:18:28.776 12730 14981 I AudioTrack: isLongTimeZoreData zoer date time 10
Seconds
12-06 13:18:29.792 12730 14981 I AudioTrack: isLongTimeZoreData zoer date time 11
Seconds
12-06 13:18:30.808 12730 14981 I AudioTrack: isLongTimeZoreData zoer date time 12
Seconds
12-06 13:18:31.825 12730 14981 I AudioTrack: isLongTimeZoreData zoer date time 13
Seconds
12-06 13:18:32.840 12730 14981 I AudioTrack: isLongTimeZoreData zoer date time 14
Seconds
12-06 13:18:33.856 12730 14981 I AudioTrack: isLongTimeZoreData zoer date time 15
Seconds
12-06 13:18:34.872 12730 14981 I AudioTrack: isLongTimeZoreData zoer date time 16
Seconds
12-06 13:18:35.889 12730 14981 I AudioTrack: isLongTimeZoreData zoer date time 17
Seconds
12-06 13:18:36.904 12730 14981 I AudioTrack: isLongTimeZoreData zoer date time 18
Seconds
12-06 13:18:37.920 12730 14981 I AudioTrack: isLongTimeZoreData zoer date time 19
Seconds
12-06 13:18:38.936 12730 14981 I AudioTrack: isLongTimeZoreData zoer date time 20
Seconds
12-06 13:18:39.184 12730 15207 E HDmpve : [2024-12-06 13:18:39 183] | Error |
[HDmpve] |0x6fcd349cb0| cu_eifs_wrapper.cpp:291|IsFileDownloadReady|
[CEifsWrapper::IsFileReady()]not download completed]
12-06 13:18:39.199 12730 15209 E HDmpve : [2024-12-06 13:18:39 199] | Error |
[HDmpve] |0x6faf4c0cb0| HttpNetwork.cpp:1209|GetAddrInfoSysFunc| get host ip,in-
f.globh.com-> 23.212.99.17
12-06 13:18:39.199 12730 15209 E HDmpve : [2024-12-06 13:18:39 199] | Error |
[HDmpve] |0x6faf4c0cb0| HttpNetwork.cpp:1209|GetAddrInfoSysFunc| get host ip,in-
f.globh.com-> 23.212.99.89
12-06 13:18:39.285 12730 12969 V threaded_app: New input event: type=2
12-06 13:18:39.312 12730 12969 V threaded_app: New input event: type=2
12-06 13:18:39.328 12730 12969 V threaded_app: New input event: type=2
12-06 13:18:39.345 12730 12969 V threaded_app: New input event: type=2
12-06 13:18:39.362 12730 12969 V threaded_app: New input event: type=2
12-06 13:18:39.384 12730 12969 V threaded_app: New input event: type=2
12-06 13:18:39.395 12730 12969 V threaded_app: New input event: type=2
12-06 13:18:39.412 12730 12969 V threaded_app: New input event: type=2
12-06 13:18:39.416 12730 12969 V threaded_app: New input event: type=2
12-06 13:18:39.417 12730 12969 V threaded_app: New input event: type=2
12-06 13:18:39.952 12730 14981 I AudioTrack: isLongTimeZoreData zoer date time 21
Seconds
12-06 13:18:40.968 12730 14981 I AudioTrack: isLongTimeZoreData zoer date time 22
Seconds
12-06 13:18:41.984 12730 14981 I AudioTrack: isLongTimeZoreData zoer date time 23
Seconds
12-06 13:18:43.000 12730 14981 I AudioTrack: isLongTimeZoreData zoer date time 24
Seconds
12-06 13:18:44.017 12730 14981 I AudioTrack: isLongTimeZoreData zoer date time 25
Seconds
12-06 13:18:45.032 12730 14981 I AudioTrack: isLongTimeZoreData zoer date time 26
Seconds
12-06 13:18:45.195 12730 12969 V threaded_app: New input event: type=2
12-06 13:18:45.212 12730 12969 V threaded_app: New input event: type=2
12-06 13:18:45.231 12730 12969 V threaded_app: New input event: type=2
12-06 13:18:45.246 12730 12969 V threaded_app: New input event: type=2
12-06 13:18:45.265 12730 12969 V threaded_app: New input event: type=2
12-06 13:18:45.281 12730 12969 V threaded_app: New input event: type=2
12-06 13:18:45.290 12730 12969 V threaded_app: New input event: type=2
12-06 13:18:45.291 12730 12969 V threaded_app: New input event: type=2
12-06 13:18:45.641 12730 12730 V threaded_app: WindowFocusChanged: 0x70f6949e00 --
0
12-06 13:18:45.641 12730 12730 D DecorView[]: onWindowFocusChanged hasWindowFocus
false
12-06 13:18:45.642 12730 12969 D UE4 : Case APP_CMD_LOST_FOCUS
12-06 13:18:46.048 12730 14981 I AudioTrack: isLongTimeZoreData zoer date time 27
Seconds
12-06 13:18:46.964 12730 12730 V threaded_app: WindowFocusChanged: 0x70f6949e00 --
1
12-06 13:18:46.965 12730 12969 D UE4 : Case APP_CMD_GAINED_FOCUS
12-06 13:18:46.965 12730 12730 D DecorView[]: onWindowFocusChanged hasWindowFocus
true
12-06 13:18:47.064 12730 14981 I AudioTrack: isLongTimeZoreData zoer date time 28
Seconds
12-06 13:18:48.080 12730 14981 I AudioTrack: isLongTimeZoreData zoer date time 29
Seconds
12-06 13:18:48.990 12730 12969 V threaded_app: New input event: type=2
12-06 13:18:48.993 12730 12969 V threaded_app: New input event: type=2
12-06 13:18:49.013 12730 12969 V threaded_app: New input event: type=2
12-06 13:18:49.030 12730 12969 V threaded_app: New input event: type=2
12-06 13:18:49.046 12730 12969 V threaded_app: New input event: type=2
12-06 13:18:49.065 12730 12969 V threaded_app: New input event: type=2
12-06 13:18:49.083 12730 12969 V threaded_app: New input event: type=2
12-06 13:18:49.096 12730 14981 I AudioTrack: isLongTimeZoreData zoer date time 30
Seconds
12-06 13:18:49.097 12730 12969 V threaded_app: New input event: type=2
12-06 13:18:49.113 12730 12969 V threaded_app: New input event: type=2
12-06 13:18:49.141 12730 12969 V threaded_app: New input event: type=2
12-06 13:18:49.148 12730 12969 V threaded_app: New input event: type=2
12-06 13:18:49.164 12730 12969 V threaded_app: New input event: type=2
12-06 13:18:49.181 12730 12969 V threaded_app: New input event: type=2
12-06 13:18:49.197 12730 12969 V threaded_app: New input event: type=2
12-06 13:18:49.213 12730 12969 V threaded_app: New input event: type=2
12-06 13:18:49.237 12730 12969 V threaded_app: New input event: type=2
12-06 13:18:49.247 12730 12969 V threaded_app: New input event: type=2
12-06 13:18:49.263 12730 12969 V threaded_app: New input event: type=2
12-06 13:18:49.280 12730 12969 V threaded_app: New input event: type=2
12-06 13:18:49.298 12730 12969 V threaded_app: New input event: type=2
12-06 13:18:49.301 12730 12969 V threaded_app: New input event: type=2
12-06 13:18:49.880 12730 12730 V threaded_app: WindowFocusChanged: 0x70f6949e00 --
0
12-06 13:18:49.880 12730 12969 D UE4 : Case APP_CMD_LOST_FOCUS
12-06 13:18:49.881 12730 12730 D DecorView[]: onWindowFocusChanged hasWindowFocus
false
12-06 13:18:50.112 12730 14981 I AudioTrack: isLongTimeZoreData zoer date time 31
Seconds
12-06 13:18:51.128 12730 14981 I AudioTrack: isLongTimeZoreData zoer date time 32
Seconds
12-06 13:18:52.144 12730 14981 I AudioTrack: isLongTimeZoreData zoer date time 33
Seconds
12-06 13:18:53.160 12730 14981 I AudioTrack: isLongTimeZoreData zoer date time 34
Seconds
12-06 13:18:53.450 12730 12730 W BillingClient: Connection to Billing service is
blocked.
12-06 13:18:53.531 12730 12730 V threaded_app: WindowFocusChanged: 0x70f6949e00 --
1
12-06 13:18:53.531 12730 12730 D DecorView[]: onWindowFocusChanged hasWindowFocus
true
12-06 13:18:53.532 12730 12969 D UE4 : Case APP_CMD_GAINED_FOCUS
12-06 13:18:54.176 12730 14981 I AudioTrack: isLongTimeZoreData zoer date time 35
Seconds
12-06 13:18:54.962 12730 12969 V threaded_app: New input event: type=2
12-06 13:18:54.994 12730 12969 V threaded_app: New input event: type=2
12-06 13:18:56.151 12730 12969 V threaded_app: New input event: type=2
12-06 13:18:56.203 12730 12969 V threaded_app: New input event: type=2
12-06 13:18:57.490 12730 12969 V threaded_app: New input event: type=2
12-06 13:18:57.493 12730 12969 V threaded_app: New input event: type=2
12-06 13:18:57.979 12730 12969 V threaded_app: New input event: type=2
12-06 13:18:57.986 12730 12969 V threaded_app: New input event: type=2
12-06 13:18:58.016 12730 12969 V threaded_app: New input event: type=2
12-06 13:18:58.034 12730 12969 V threaded_app: New input event: type=2
12-06 13:18:58.048 12730 12969 V threaded_app: New input event: type=2
12-06 13:18:58.067 12730 12969 V threaded_app: New input event: type=2
12-06 13:18:58.069 12730 12969 V threaded_app: New input event: type=2
12-06 13:18:58.069 12730 12969 V threaded_app: New input event: type=2
12-06 13:18:59.239 12730 14981 I AudioTrack: isLongTimeZoreData zoer date time 1
Seconds
12-06 13:19:00.256 12730 14981 I AudioTrack: isLongTimeZoreData zoer date time 2
Seconds
12-06 13:19:01.006 12730 12969 V threaded_app: New input event: type=2
12-06 13:19:01.026 12730 12969 V threaded_app: New input event: type=2
12-06 13:19:01.119 12730 12968 D GameActivity: GameActivity.GetIsPlayerUsingVPN()
12-06 13:19:01.119 12730 12968 D GameActivity: GameActivity.GetIsPlayerUsingVPN()
return: false
12-06 13:19:01.120 12730 12968 D PermissionUtil: isPermissionGranted
12-06 13:19:01.123 12730 12968 D PermissionUtil: targetSdkVersion: 34
12-06 13:19:01.124 12730 12968 D PermissionUtil:
isPermissionGranted(android.permission.BLUETOOTH_CONNECT) return false
12-06 13:19:01.124 12730 12968 D GameActivity: AndroidThunkJava_GetDeivceNickName
return: -1
12-06 13:19:01.923 12730 12969 V threaded_app: New input event: type=2
12-06 13:19:02.016 12730 12969 V threaded_app: New input event: type=2
12-06 13:19:02.032 12730 12969 V threaded_app: New input event: type=2
12-06 13:19:02.051 12730 12969 V threaded_app: New input event: type=2
12-06 13:19:02.066 12730 12969 V threaded_app: New input event: type=2
12-06 13:19:02.083 12730 12969 V threaded_app: New input event: type=2
12-06 13:19:02.099 12730 12969 V threaded_app: New input event: type=2
12-06 13:19:02.117 12730 12969 V threaded_app: New input event: type=2
12-06 13:19:02.132 12730 12969 V threaded_app: New input event: type=2
12-06 13:19:02.149 12730 12969 V threaded_app: New input event: type=2
12-06 13:19:02.166 12730 12969 V threaded_app: New input event: type=2
12-06 13:19:02.182 12730 12969 V threaded_app: New input event: type=2
12-06 13:19:02.199 12730 12969 V threaded_app: New input event: type=2
12-06 13:19:02.216 12730 12969 V threaded_app: New input event: type=2
12-06 13:19:02.232 12730 12969 V threaded_app: New input event: type=2
12-06 13:19:02.249 12730 12969 V threaded_app: New input event: type=2
12-06 13:19:02.266 12730 12969 V threaded_app: New input event: type=2
12-06 13:19:02.282 12730 12969 V threaded_app: New input event: type=2
12-06 13:19:02.299 12730 12969 V threaded_app: New input event: type=2
12-06 13:19:02.316 12730 12969 V threaded_app: New input event: type=2
12-06 13:19:02.333 12730 12969 V threaded_app: New input event: type=2
12-06 13:19:02.349 12730 12969 V threaded_app: New input event: type=2
12-06 13:19:02.367 12730 12969 V threaded_app: New input event: type=2
12-06 13:19:02.382 12730 12969 V threaded_app: New input event: type=2
12-06 13:19:02.395 12730 12969 V threaded_app: New input event: type=2
12-06 13:19:02.395 12730 12969 V threaded_app: New input event: type=2
12-06 13:19:03.321 12730 12969 V threaded_app: New input event: type=2
12-06 13:19:03.350 12730 12969 V threaded_app: New input event: type=2
12-06 13:19:03.366 12730 12969 V threaded_app: New input event: type=2
12-06 13:19:03.383 12730 12969 V threaded_app: New input event: type=2
12-06 13:19:03.400 12730 12969 V threaded_app: New input event: type=2
12-06 13:19:03.416 12730 12969 V threaded_app: New input event: type=2
12-06 13:19:03.434 12730 12969 V threaded_app: New input event: type=2
12-06 13:19:03.449 12730 12969 V threaded_app: New input event: type=2
12-06 13:19:03.468 12730 12969 V threaded_app: New input event: type=2
12-06 13:19:03.483 12730 12969 V threaded_app: New input event: type=2
12-06 13:19:03.501 12730 12969 V threaded_app: New input event: type=2
12-06 13:19:03.516 12730 12969 V threaded_app: New input event: type=2
12-06 13:19:03.533 12730 12969 V threaded_app: New input event: type=2
12-06 13:19:03.549 12730 12969 V threaded_app: New input event: type=2
12-06 13:19:03.566 12730 12969 V threaded_app: New input event: type=2
12-06 13:19:03.582 12730 12969 V threaded_app: New input event: type=2
12-06 13:19:03.599 12730 12969 V threaded_app: New input event: type=2
12-06 13:19:03.616 12730 12969 V threaded_app: New input event: type=2
12-06 13:19:03.633 12730 12969 V threaded_app: New input event: type=2
12-06 13:19:03.649 12730 12969 V threaded_app: New input event: type=2
12-06 13:19:03.666 12730 12969 V threaded_app: New input event: type=2
12-06 13:19:03.682 12730 12969 V threaded_app: New input event: type=2
12-06 13:19:03.700 12730 12969 V threaded_app: New input event: type=2
12-06 13:19:03.716 12730 12969 V threaded_app: New input event: type=2
12-06 13:19:03.733 12730 12969 V threaded_app: New input event: type=2
12-06 13:19:03.749 12730 12969 V threaded_app: New input event: type=2
12-06 13:19:03.766 12730 12969 V threaded_app: New input event: type=2
12-06 13:19:03.783 12730 12969 V threaded_app: New input event: type=2
12-06 13:19:03.799 12730 12969 V threaded_app: New input event: type=2
12-06 13:19:03.816 12730 12969 V threaded_app: New input event: type=2
12-06 13:19:03.833 12730 12969 V threaded_app: New input event: type=2
12-06 13:19:03.849 12730 12969 V threaded_app: New input event: type=2
12-06 13:19:03.865 12730 12969 V threaded_app: New input event: type=2
12-06 13:19:03.867 12730 12969 V threaded_app: New input event: type=2
12-06 13:19:03.883 12730 12969 V threaded_app: New input event: type=2
12-06 13:19:03.900 12730 12969 V threaded_app: New input event: type=2
12-06 13:19:03.916 12730 12969 V threaded_app: New input event: type=2
12-06 13:19:03.933 12730 12969 V threaded_app: New input event: type=2
12-06 13:19:03.949 12730 12969 V threaded_app: New input event: type=2
12-06 13:19:03.966 12730 12969 V threaded_app: New input event: type=2
12-06 13:19:03.983 12730 12969 V threaded_app: New input event: type=2
12-06 13:19:04.000 12730 12969 V threaded_app: New input event: type=2
12-06 13:19:04.016 12730 12969 V threaded_app: New input event: type=2
12-06 13:19:04.033 12730 12969 V threaded_app: New input event: type=2
12-06 13:19:04.049 12730 12969 V threaded_app: New input event: type=2
12-06 13:19:04.066 12730 12969 V threaded_app: New input event: type=2
12-06 13:19:04.083 12730 12969 V threaded_app: New input event: type=2
12-06 13:19:04.100 12730 12969 V threaded_app: New input event: type=2
12-06 13:19:04.116 12730 12969 V threaded_app: New input event: type=2
12-06 13:19:04.134 12730 12969 V threaded_app: New input event: type=2
12-06 13:19:04.150 12730 12969 V threaded_app: New input event: type=2
12-06 13:19:04.167 12730 12969 V threaded_app: New input event: type=2
12-06 13:19:04.183 12730 12969 V threaded_app: New input event: type=2
12-06 13:19:04.201 12730 12969 V threaded_app: New input event: type=2
12-06 13:19:04.216 12730 12969 V threaded_app: New input event: type=2
12-06 13:19:04.234 12730 12969 V threaded_app: New input event: type=2
12-06 13:19:04.250 12730 12969 V threaded_app: New input event: type=2
12-06 13:19:04.266 12730 12969 V threaded_app: New input event: type=2
12-06 13:19:04.283 12730 12969 V threaded_app: New input event: type=2
12-06 13:19:04.301 12730 12969 V threaded_app: New input event: type=2
12-06 13:19:04.316 12730 12969 V threaded_app: New input event: type=2
12-06 13:19:04.333 12730 12969 V threaded_app: New input event: type=2
12-06 13:19:04.349 12730 12969 V threaded_app: New input event: type=2
12-06 13:19:04.367 12730 12969 V threaded_app: New input event: type=2
12-06 13:19:04.383 12730 12969 V threaded_app: New input event: type=2
12-06 13:19:04.401 12730 12969 V threaded_app: New input event: type=2
12-06 13:19:04.416 12730 12969 V threaded_app: New input event: type=2
12-06 13:19:04.433 12730 12969 V threaded_app: New input event: type=2
12-06 13:19:04.449 12730 12969 V threaded_app: New input event: type=2
12-06 13:19:04.466 12730 12969 V threaded_app: New input event: type=2
12-06 13:19:04.483 12730 12969 V threaded_app: New input event: type=2
12-06 13:19:04.501 12730 12969 V threaded_app: New input event: type=2
12-06 13:19:04.516 12730 12969 V threaded_app: New input event: type=2
12-06 13:19:04.533 12730 12969 V threaded_app: New input event: type=2
12-06 13:19:04.549 12730 12969 V threaded_app: New input event: type=2
12-06 13:19:04.566 12730 12969 V threaded_app: New input event: type=2
12-06 13:19:04.583 12730 12969 V threaded_app: New input event: type=2
12-06 13:19:04.600 12730 12969 V threaded_app: New input event: type=2
12-06 13:19:04.616 12730 12969 V threaded_app: New input event: type=2
12-06 13:19:04.634 12730 12969 V threaded_app: New input event: type=2
12-06 13:19:04.649 12730 12969 V threaded_app: New input event: type=2
12-06 13:19:04.666 12730 12969 V threaded_app: New input event: type=2
12-06 13:19:04.683 12730 12969 V threaded_app: New input event: type=2
12-06 13:19:04.700 12730 12969 V threaded_app: New input event: type=2
12-06 13:19:04.716 12730 12969 V threaded_app: New input event: type=2
12-06 13:19:04.733 12730 12969 V threaded_app: New input event: type=2
12-06 13:19:04.750 12730 12969 V threaded_app: New input event: type=2
12-06 13:19:04.766 12730 12969 V threaded_app: New input event: type=2
12-06 13:19:04.783 12730 12969 V threaded_app: New input event: type=2
12-06 13:19:04.800 12730 12969 V threaded_app: New input event: type=2
12-06 13:19:04.817 12730 12969 V threaded_app: New input event: type=2
12-06 13:19:04.833 12730 12969 V threaded_app: New input event: type=2
12-06 13:19:04.850 12730 12969 V threaded_app: New input event: type=2
12-06 13:19:04.866 12730 12969 V threaded_app: New input event: type=2
12-06 13:19:04.883 12730 12969 V threaded_app: New input event: type=2
12-06 13:19:04.900 12730 12969 V threaded_app: New input event: type=2
12-06 13:19:04.914 12730 12969 V threaded_app: New input event: type=2
12-06 13:19:04.914 12730 12969 V threaded_app: New input event: type=2
12-06 13:19:04.933 12730 12969 V threaded_app: New input event: type=2
12-06 13:19:04.950 12730 12969 V threaded_app: New input event: type=2
12-06 13:19:04.966 12730 12969 V threaded_app: New input event: type=2
12-06 13:19:04.983 12730 12969 V threaded_app: New input event: type=2
12-06 13:19:05.000 12730 12969 V threaded_app: New input event: type=2
12-06 13:19:05.016 12730 12969 V threaded_app: New input event: type=2
12-06 13:19:05.033 12730 12969 V threaded_app: New input event: type=2
12-06 13:19:05.050 12730 12969 V threaded_app: New input event: type=2
12-06 13:19:05.068 12730 12969 V threaded_app: New input event: type=2
12-06 13:19:05.083 12730 12969 V threaded_app: New input event: type=2
12-06 13:19:05.101 12730 12969 V threaded_app: New input event: type=2
12-06 13:19:05.116 12730 12969 V threaded_app: New input event: type=2
12-06 13:19:05.133 12730 12969 V threaded_app: New input event: type=2
12-06 13:19:05.149 12730 12969 V threaded_app: New input event: type=2
12-06 13:19:05.166 12730 12969 V threaded_app: New input event: type=2
12-06 13:19:05.183 12730 12969 V threaded_app: New input event: type=2
12-06 13:19:05.200 12730 12969 V threaded_app: New input event: type=2
12-06 13:19:05.216 12730 12969 V threaded_app: New input event: type=2
12-06 13:19:05.234 12730 12969 V threaded_app: New input event: type=2
12-06 13:19:05.250 12730 12969 V threaded_app: New input event: type=2
12-06 13:19:05.266 12730 12969 V threaded_app: New input event: type=2
12-06 13:19:05.283 12730 12969 V threaded_app: New input event: type=2
12-06 13:19:05.300 12730 12969 V threaded_app: New input event: type=2
12-06 13:19:05.316 12730 12969 V threaded_app: New input event: type=2
12-06 13:19:05.333 12730 12969 V threaded_app: New input event: type=2
12-06 13:19:05.350 12730 12969 V threaded_app: New input event: type=2
12-06 13:19:05.367 12730 12969 V threaded_app: New input event: type=2
12-06 13:19:05.384 12730 12969 V threaded_app: New input event: type=2
12-06 13:19:05.400 12730 12969 V threaded_app: New input event: type=2
12-06 13:19:05.417 12730 12969 V threaded_app: New input event: type=2
12-06 13:19:05.433 12730 12969 V threaded_app: New input event: type=2
12-06 13:19:05.450 12730 12969 V threaded_app: New input event: type=2
12-06 13:19:05.483 12730 12969 V threaded_app: New input event: type=2
12-06 13:19:05.550 12730 12969 V threaded_app: New input event: type=2
12-06 13:19:05.583 12730 12969 V threaded_app: New input event: type=2
12-06 13:19:05.617 12730 12969 V threaded_app: New input event: type=2
12-06 13:19:05.634 12730 12969 V threaded_app: New input event: type=2
12-06 13:19:05.666 12730 12969 V threaded_app: New input event: type=2
12-06 13:19:05.683 12730 12969 V threaded_app: New input event: type=2
12-06 13:19:05.701 12730 12969 V threaded_app: New input event: type=2
12-06 13:19:05.716 12730 12969 V threaded_app: New input event: type=2
12-06 13:19:05.733 12730 12969 V threaded_app: New input event: type=2
12-06 13:19:05.750 12730 12969 V threaded_app: New input event: type=2
12-06 13:19:05.767 12730 12969 V threaded_app: New input event: type=2
12-06 13:19:05.867 12730 12969 V threaded_app: New input event: type=2
12-06 13:19:05.883 12730 12969 V threaded_app: New input event: type=2
12-06 13:19:05.901 12730 12969 V threaded_app: New input event: type=2
12-06 13:19:05.934 12730 12969 V threaded_app: New input event: type=2
12-06 13:19:06.000 12730 12969 V threaded_app: New input event: type=2
12-06 13:19:06.033 12730 12969 V threaded_app: New input event: type=2
12-06 13:19:06.116 12730 12969 V threaded_app: New input event: type=2
12-06 13:19:06.150 12730 12969 V threaded_app: New input event: type=2
12-06 13:19:06.217 12730 12969 V threaded_app: New input event: type=2
12-06 13:19:06.384 12730 12969 V threaded_app: New input event: type=2
12-06 13:19:06.433 12730 12969 V threaded_app: New input event: type=2
12-06 13:19:06.450 12730 12969 V threaded_app: New input event: type=2
12-06 13:19:06.466 12730 12969 V threaded_app: New input event: type=2
12-06 13:19:06.483 12730 12969 V threaded_app: New input event: type=2
12-06 13:19:06.500 12730 12969 V threaded_app: New input event: type=2
12-06 13:19:06.517 12730 12969 V threaded_app: New input event: type=2
12-06 13:19:06.650 12730 12969 V threaded_app: New input event: type=2
12-06 13:19:06.666 12730 12969 V threaded_app: New input event: type=2
12-06 13:19:06.683 12730 12969 V threaded_app: New input event: type=2
12-06 13:19:06.700 12730 12969 V threaded_app: New input event: type=2
12-06 13:19:06.716 12730 12969 V threaded_app: New input event: type=2
12-06 13:19:06.733 12730 12969 V threaded_app: New input event: type=2
12-06 13:19:06.750 12730 12969 V threaded_app: New input event: type=2
12-06 13:19:06.766 12730 12969 V threaded_app: New input event: type=2
12-06 13:19:06.783 12730 12969 V threaded_app: New input event: type=2
12-06 13:19:06.800 12730 12969 V threaded_app: New input event: type=2
12-06 13:19:06.816 12730 12969 V threaded_app: New input event: type=2
12-06 13:19:06.833 12730 12969 V threaded_app: New input event: type=2
12-06 13:19:06.866 12730 12969 V threaded_app: New input event: type=2
12-06 13:19:06.900 12730 12969 V threaded_app: New input event: type=2
12-06 13:19:06.933 12730 12969 V threaded_app: New input event: type=2
12-06 13:19:06.950 12730 12969 V threaded_app: New input event: type=2
12-06 13:19:06.966 12730 12969 V threaded_app: New input event: type=2
12-06 13:19:06.983 12730 12969 V threaded_app: New input event: type=2
12-06 13:19:07.000 12730 12969 V threaded_app: New input event: type=2
12-06 13:19:07.016 12730 12969 V threaded_app: New input event: type=2
12-06 13:19:07.033 12730 12969 V threaded_app: New input event: type=2
12-06 13:19:07.050 12730 12969 V threaded_app: New input event: type=2
12-06 13:19:07.066 12730 12969 V threaded_app: New input event: type=2
12-06 13:19:07.083 12730 12969 V threaded_app: New input event: type=2
12-06 13:19:07.100 12730 12969 V threaded_app: New input event: type=2
12-06 13:19:07.117 12730 12969 V threaded_app: New input event: type=2
12-06 13:19:07.133 12730 12969 V threaded_app: New input event: type=2
12-06 13:19:07.150 12730 12969 V threaded_app: New input event: type=2
12-06 13:19:07.166 12730 12969 V threaded_app: New input event: type=2
12-06 13:19:07.183 12730 12969 V threaded_app: New input event: type=2
12-06 13:19:07.234 12730 12969 V threaded_app: New input event: type=2
12-06 13:19:07.250 12730 12969 V threaded_app: New input event: type=2
12-06 13:19:07.283 12730 12969 V threaded_app: New input event: type=2
12-06 13:19:07.284 12730 14981 I AudioTrack: isLongTimeZoreData zoer date time 1
Seconds
12-06 13:19:07.300 12730 12969 V threaded_app: New input event: type=2
12-06 13:19:07.317 12730 12969 V threaded_app: New input event: type=2
12-06 13:19:07.450 12730 12969 V threaded_app: New input event: type=2
12-06 13:19:07.467 12730 12969 V threaded_app: New input event: type=2
12-06 13:19:07.483 12730 12969 V threaded_app: New input event: type=2
12-06 13:19:07.500 12730 12969 V threaded_app: New input event: type=2
12-06 13:19:07.516 12730 12969 V threaded_app: New input event: type=2
12-06 13:19:07.533 12730 12969 V threaded_app: New input event: type=2
12-06 13:19:07.550 12730 12969 V threaded_app: New input event: type=2
12-06 13:19:07.566 12730 12969 V threaded_app: New input event: type=2
12-06 13:19:07.583 12730 12969 V threaded_app: New input event: type=2
12-06 13:19:07.600 12730 12969 V threaded_app: New input event: type=2
12-06 13:19:07.617 12730 12969 V threaded_app: New input event: type=2
12-06 13:19:07.650 12730 12969 V threaded_app: New input event: type=2
12-06 13:19:07.667 12730 12969 V threaded_app: New input event: type=2
12-06 13:19:07.683 12730 12969 V threaded_app: New input event: type=2
12-06 13:19:07.700 12730 12969 V threaded_app: New input event: type=2
12-06 13:19:07.733 12730 12969 V threaded_app: New input event: type=2
12-06 13:19:07.750 12730 12969 V threaded_app: New input event: type=2
12-06 13:19:07.783 12730 12969 V threaded_app: New input event: type=2
12-06 13:19:07.833 12730 12969 V threaded_app: New input event: type=2
12-06 13:19:07.900 12730 12969 V threaded_app: New input event: type=2
12-06 13:19:07.916 12730 12969 V threaded_app: New input event: type=2
12-06 13:19:07.933 12730 12969 V threaded_app: New input event: type=2
12-06 13:19:07.950 12730 12969 V threaded_app: New input event: type=2
12-06 13:19:07.983 12730 12969 V threaded_app: New input event: type=2
12-06 13:19:08.000 12730 12969 V threaded_app: New input event: type=2
12-06 13:19:08.016 12730 12969 V threaded_app: New input event: type=2
12-06 13:19:08.033 12730 12969 V threaded_app: New input event: type=2
12-06 13:19:08.050 12730 12969 V threaded_app: New input event: type=2
12-06 13:19:08.116 12730 12969 V threaded_app: New input event: type=2
12-06 13:19:08.133 12730 12969 V threaded_app: New input event: type=2
12-06 13:19:08.150 12730 12969 V threaded_app: New input event: type=2
12-06 13:19:08.166 12730 12969 V threaded_app: New input event: type=2
12-06 13:19:08.183 12730 12969 V threaded_app: New input event: type=2
12-06 13:19:08.200 12730 12969 V threaded_app: New input event: type=2
12-06 13:19:08.216 12730 12969 V threaded_app: New input event: type=2
12-06 13:19:08.233 12730 12969 V threaded_app: New input event: type=2
12-06 13:19:08.250 12730 12969 V threaded_app: New input event: type=2
12-06 13:19:08.266 12730 12969 V threaded_app: New input event: type=2
12-06 13:19:08.283 12730 12969 V threaded_app: New input event: type=2
12-06 13:19:08.300 12730 12969 V threaded_app: New input event: type=2
12-06 13:19:08.300 12730 14981 I AudioTrack: isLongTimeZoreData zoer date time 2
Seconds
12-06 13:19:08.350 12730 12969 V threaded_app: New input event: type=2
12-06 13:19:08.366 12730 12969 V threaded_app: New input event: type=2
12-06 13:19:08.383 12730 12969 V threaded_app: New input event: type=2
12-06 13:19:08.400 12730 12969 V threaded_app: New input event: type=2
12-06 13:19:08.417 12730 12969 V threaded_app: New input event: type=2
12-06 13:19:08.450 12730 12969 V threaded_app: New input event: type=2
12-06 13:19:08.466 12730 12969 V threaded_app: New input event: type=2
12-06 13:19:08.483 12730 12969 V threaded_app: New input event: type=2
12-06 13:19:08.500 12730 12969 V threaded_app: New input event: type=2
12-06 13:19:08.516 12730 12969 V threaded_app: New input event: type=2
12-06 13:19:08.533 12730 12969 V threaded_app: New input event: type=2
12-06 13:19:08.550 12730 12969 V threaded_app: New input event: type=2
12-06 13:19:08.567 12730 12969 V threaded_app: New input event: type=2
12-06 13:19:08.616 12730 12969 V threaded_app: New input event: type=2
12-06 13:19:08.650 12730 12969 V threaded_app: New input event: type=2
12-06 13:19:08.667 12730 12969 V threaded_app: New input event: type=2
12-06 13:19:08.683 12730 12969 V threaded_app: New input event: type=2
12-06 13:19:08.700 12730 12969 V threaded_app: New input event: type=2
12-06 13:19:08.717 12730 12969 V threaded_app: New input event: type=2
12-06 13:19:08.733 12730 12969 V threaded_app: New input event: type=2
12-06 13:19:08.750 12730 12969 V threaded_app: New input event: type=2
12-06 13:19:08.766 12730 12969 V threaded_app: New input event: type=2
12-06 13:19:08.783 12730 12969 V threaded_app: New input event: type=2
12-06 13:19:08.800 12730 12969 V threaded_app: New input event: type=2
12-06 13:19:08.817 12730 12969 V threaded_app: New input event: type=2
12-06 13:19:08.821 12730 12969 V threaded_app: New input event: type=2
12-06 13:19:08.821 12730 12969 V threaded_app: New input event: type=2
12-06 13:19:09.316 12730 14981 I AudioTrack: isLongTimeZoreData zoer date time 3
Seconds
12-06 13:19:09.791 12730 12969 V threaded_app: New input event: type=2
12-06 13:19:09.817 12730 12969 V threaded_app: New input event: type=2
12-06 13:19:09.833 12730 12969 V threaded_app: New input event: type=2
12-06 13:19:09.850 12730 12969 V threaded_app: New input event: type=2
12-06 13:19:09.867 12730 12969 V threaded_app: New input event: type=2
12-06 13:19:09.884 12730 12969 V threaded_app: New input event: type=2
12-06 13:19:09.901 12730 12969 V threaded_app: New input event: type=2
12-06 13:19:09.917 12730 12969 V threaded_app: New input event: type=2
12-06 13:19:09.923 12730 12969 V threaded_app: New input event: type=2
12-06 13:19:09.923 12730 12969 V threaded_app: New input event: type=2
12-06 13:19:09.934 12730 12969 V threaded_app: New input event: type=2
12-06 13:19:09.950 12730 12969 V threaded_app: New input event: type=2
12-06 13:19:09.968 12730 12969 V threaded_app: New input event: type=2
12-06 13:19:09.984 12730 12969 V threaded_app: New input event: type=2
12-06 13:19:10.000 12730 12969 V threaded_app: New input event: type=2
12-06 13:19:10.017 12730 12969 V threaded_app: New input event: type=2
12-06 13:19:10.034 12730 12969 V threaded_app: New input event: type=2
12-06 13:19:10.051 12730 12969 V threaded_app: New input event: type=2
12-06 13:19:10.067 12730 12969 V threaded_app: New input event: type=2
12-06 13:19:10.084 12730 12969 V threaded_app: New input event: type=2
12-06 13:19:10.101 12730 12969 V threaded_app: New input event: type=2
12-06 13:19:10.117 12730 12969 V threaded_app: New input event: type=2
12-06 13:19:10.134 12730 12969 V threaded_app: New input event: type=2
12-06 13:19:10.150 12730 12969 V threaded_app: New input event: type=2
12-06 13:19:10.164 12730 12969 V threaded_app: New input event: type=2
12-06 13:19:10.164 12730 12969 V threaded_app: New input event: type=2
12-06 13:19:10.168 12730 12969 V threaded_app: New input event: type=2
12-06 13:19:10.184 12730 12969 V threaded_app: New input event: type=2
12-06 13:19:10.200 12730 12969 V threaded_app: New input event: type=2
12-06 13:19:10.204 12730 12969 V threaded_app: New input event: type=2
12-06 13:19:10.205 12730 12969 V threaded_app: New input event: type=2
12-06 13:19:10.332 12730 14981 I AudioTrack: isLongTimeZoreData zoer date time 4
Seconds
12-06 13:19:10.335 12730 12969 V threaded_app: New input event: type=2
12-06 13:19:10.384 12730 12969 V threaded_app: New input event: type=2
12-06 13:19:10.400 12730 12969 V threaded_app: New input event: type=2
12-06 13:19:10.417 12730 12969 V threaded_app: New input event: type=2
12-06 13:19:10.434 12730 12969 V threaded_app: New input event: type=2
12-06 13:19:10.450 12730 12969 V threaded_app: New input event: type=2
12-06 13:19:10.467 12730 12969 V threaded_app: New input event: type=2
12-06 13:19:10.474 12730 12969 V threaded_app: New input event: type=2
12-06 13:19:10.475 12730 12969 V threaded_app: New input event: type=2
12-06 13:19:10.475 12730 12969 V threaded_app: New input event: type=2
12-06 13:19:10.484 12730 12969 V threaded_app: New input event: type=2
12-06 13:19:10.500 12730 12969 V threaded_app: New input event: type=2
12-06 13:19:10.517 12730 12969 V threaded_app: New input event: type=2
12-06 13:19:10.535 12730 12969 V threaded_app: New input event: type=2
12-06 13:19:10.540 12730 12969 V threaded_app: New input event: type=2
12-06 13:19:10.540 12730 12969 V threaded_app: New input event: type=2
12-06 13:19:10.551 12730 12969 V threaded_app: New input event: type=2
12-06 13:19:10.567 12730 12969 V threaded_app: New input event: type=2
12-06 13:19:10.584 12730 12969 V threaded_app: New input event: type=2
12-06 13:19:10.601 12730 12969 V threaded_app: New input event: type=2
