12-06 13:19:10.617 12730 12969 V threaded_app: New input event: type=2
12-06 13:19:10.634 12730 12969 V threaded_app: New input event: type=2
12-06 13:19:10.650 12730 12969 V threaded_app: New input event: type=2
12-06 13:19:10.668 12730 12969 V threaded_app: New input event: type=2
12-06 13:19:10.681 12730 12969 V threaded_app: New input event: type=2
12-06 13:19:10.682 12730 12969 V threaded_app: New input event: type=2
12-06 13:19:10.684 12730 12969 V threaded_app: New input event: type=2
12-06 13:19:10.700 12730 12969 V threaded_app: New input event: type=2
12-06 13:19:10.717 12730 12969 V threaded_app: New input event: type=2
12-06 13:19:10.735 12730 12969 V threaded_app: New input event: type=2
12-06 13:19:10.751 12730 12969 V threaded_app: New input event: type=2
12-06 13:19:10.767 12730 12969 V threaded_app: New input event: type=2
12-06 13:19:10.784 12730 12969 V threaded_app: New input event: type=2
12-06 13:19:10.801 12730 12969 V threaded_app: New input event: type=2
12-06 13:19:10.818 12730 12969 V threaded_app: New input event: type=2
12-06 13:19:10.834 12730 12969 V threaded_app: New input event: type=2
12-06 13:19:10.851 12730 12969 V threaded_app: New input event: type=2
12-06 13:19:10.865 12730 12969 V threaded_app: New input event: type=2
12-06 13:19:11.098 12730 12969 V threaded_app: New input event: type=2
12-06 13:19:11.117 12730 12969 V threaded_app: New input event: type=2
12-06 13:19:11.134 12730 12969 V threaded_app: New input event: type=2
12-06 13:19:11.151 12730 12969 V threaded_app: New input event: type=2
12-06 13:19:11.167 12730 12969 V threaded_app: New input event: type=2
12-06 13:19:11.172 12730 12969 V threaded_app: New input event: type=2
12-06 13:19:11.173 12730 12969 V threaded_app: New input event: type=2
12-06 13:19:11.184 12730 12969 V threaded_app: New input event: type=2
12-06 13:19:11.201 12730 12969 V threaded_app: New input event: type=2
12-06 13:19:11.217 12730 12969 V threaded_app: New input event: type=2
12-06 13:19:11.234 12730 12969 V threaded_app: New input event: type=2
12-06 13:19:11.251 12730 12969 V threaded_app: New input event: type=2
12-06 13:19:11.267 12730 12969 V threaded_app: New input event: type=2
12-06 13:19:11.284 12730 12969 V threaded_app: New input event: type=2
12-06 13:19:11.288 12730 12969 V threaded_app: New input event: type=2
12-06 13:19:11.289 12730 12969 V threaded_app: New input event: type=2
12-06 13:19:11.301 12730 12969 V threaded_app: New input event: type=2
12-06 13:19:11.317 12730 12969 V threaded_app: New input event: type=2
12-06 13:19:11.330 12730 12969 V threaded_app: New input event: type=2
12-06 13:19:11.347 12730 14981 I AudioTrack: isLongTimeZoreData zoer date time 5
Seconds
12-06 13:19:12.364 12730 14981 I AudioTrack: isLongTimeZoreData zoer date time 6
Seconds
12-06 13:19:13.380 12730 14981 I AudioTrack: isLongTimeZoreData zoer date time 7
Seconds
12-06 13:19:13.687 12730 15007 E HDmpve : [2024-12-06 13:19:13 687] | Error |
[HDmpve] |0x6f6d481cb0| DownloadProcess.cpp:330|ThreadProcess| DLProcess
PollingTime Changed: 10000 -> 300000
12-06 13:19:13.687 12730 15209 E HDmpve : [2024-12-06 13:19:13 687] | Error |
[HDmpve] |0x6faf4c0cb0| DownloadProcess.cpp:330|ThreadProcess| DLProcess
PollingTime Changed: 10000 -> 300000
12-06 13:19:13.727 12730 12968 E libOpenSLES: pAudioSrc: requested 8 channels but
mask (0xc003f) has 6 channel bits set
12-06 13:19:13.727 12730 12968 W libOpenSLES: Leaving Engine::CreateAudioPlayer
(SL_RESULT_PARAMETER_INVALID)
12-06 13:19:13.728 12730 12968 D DA4MG : Height channels supported (0).
12-06 13:19:14.396 12730 14981 I AudioTrack: isLongTimeZoreData zoer date time 8
Seconds
12-06 13:19:15.412 12730 14981 I AudioTrack: isLongTimeZoreData zoer date time 9
Seconds
12-06 13:19:16.428 12730 14981 I AudioTrack: isLongTimeZoreData zoer date time 10
Seconds
12-06 13:19:17.444 12730 14981 I AudioTrack: isLongTimeZoreData zoer date time 11
Seconds
12-06 13:19:18.460 12730 14981 I AudioTrack: isLongTimeZoreData zoer date time 12
Seconds
12-06 13:19:19.476 12730 14981 I AudioTrack: isLongTimeZoreData zoer date time 13
Seconds
12-06 13:19:20.492 12730 14981 I AudioTrack: isLongTimeZoreData zoer date time 14
Seconds
12-06 13:19:21.509 12730 14981 I AudioTrack: isLongTimeZoreData zoer date time 15
Seconds
12-06 13:19:22.524 12730 14981 I AudioTrack: isLongTimeZoreData zoer date time 16
Seconds
12-06 13:19:23.009 12730 12969 V threaded_app: New input event: type=2
12-06 13:19:23.053 12730 12969 V threaded_app: New input event: type=2
12-06 13:19:23.070 12730 12969 V threaded_app: New input event: type=2
12-06 13:19:23.086 12730 12969 V threaded_app: New input event: type=2
12-06 13:19:23.103 12730 12969 V threaded_app: New input event: type=2
12-06 13:19:23.120 12730 12969 V threaded_app: New input event: type=2
12-06 13:19:23.136 12730 12969 V threaded_app: New input event: type=2
12-06 13:19:23.153 12730 12969 V threaded_app: New input event: type=2
12-06 13:19:23.169 12730 12969 V threaded_app: New input event: type=2
12-06 13:19:23.186 12730 12969 V threaded_app: New input event: type=2
12-06 13:19:23.203 12730 12969 V threaded_app: New input event: type=2
12-06 13:19:23.219 12730 12969 V threaded_app: New input event: type=2
12-06 13:19:23.236 12730 12969 V threaded_app: New input event: type=2
12-06 13:19:23.253 12730 12969 V threaded_app: New input event: type=2
12-06 13:19:23.271 12730 12969 V threaded_app: New input event: type=2
12-06 13:19:23.273 12730 12969 V threaded_app: New input event: type=2
12-06 13:19:23.274 12730 12969 V threaded_app: New input event: type=2
12-06 13:19:23.518 12730 12969 V threaded_app: New input event: type=2
12-06 13:19:23.540 12730 14981 I AudioTrack: isLongTimeZoreData zoer date time 17
Seconds
12-06 13:19:23.553 12730 12969 V threaded_app: New input event: type=2
12-06 13:19:23.569 12730 12969 V threaded_app: New input event: type=2
12-06 13:19:23.586 12730 12969 V threaded_app: New input event: type=2
12-06 13:19:23.603 12730 12969 V threaded_app: New input event: type=2
12-06 13:19:23.619 12730 12969 V threaded_app: New input event: type=2
12-06 13:19:23.637 12730 12969 V threaded_app: New input event: type=2
12-06 13:19:23.653 12730 12969 V threaded_app: New input event: type=2
12-06 13:19:23.669 12730 12969 V threaded_app: New input event: type=2
12-06 13:19:23.686 12730 12969 V threaded_app: New input event: type=2
12-06 13:19:23.699 12730 12969 V threaded_app: New input event: type=2
12-06 13:19:23.699 12730 12969 V threaded_app: New input event: type=2
12-06 13:19:24.319 12730 12969 V threaded_app: New input event: type=2
12-06 13:19:24.353 12730 12969 V threaded_app: New input event: type=2
12-06 13:19:24.370 12730 12969 V threaded_app: New input event: type=2
12-06 13:19:24.386 12730 12969 V threaded_app: New input event: type=2
12-06 13:19:24.404 12730 12969 V threaded_app: New input event: type=2
12-06 13:19:24.422 12730 12969 V threaded_app: New input event: type=2
12-06 13:19:24.438 12730 12969 V threaded_app: New input event: type=2
12-06 13:19:24.454 12730 12969 V threaded_app: New input event: type=2
12-06 13:19:24.470 12730 12969 V threaded_app: New input event: type=2
12-06 13:19:24.487 12730 12969 V threaded_app: New input event: type=2
12-06 13:19:24.504 12730 12969 V threaded_app: New input event: type=2
12-06 13:19:24.520 12730 12969 V threaded_app: New input event: type=2
12-06 13:19:24.524 12730 12969 V threaded_app: New input event: type=2
12-06 13:19:24.525 12730 12969 V threaded_app: New input event: type=2
12-06 13:19:24.556 12730 14981 I AudioTrack: isLongTimeZoreData zoer date time 18
Seconds
12-06 13:19:24.923 12730 12730 V threaded_app: WindowFocusChanged: 0x70f6949e00 --
0
12-06 13:19:24.924 12730 12730 D DecorView[]: onWindowFocusChanged hasWindowFocus
false
12-06 13:19:24.924 12730 12969 D UE4 : Case APP_CMD_LOST_FOCUS
12-06 13:19:25.572 12730 14981 I AudioTrack: isLongTimeZoreData zoer date time 19
Seconds
12-06 13:19:26.134 12730 12968 D GameActitivy: AndroidThunkJava_GetVolume START
12-06 13:19:26.136 12730 12968 D GameActitivy: AndroidThunkJava_GetVolume START
12-06 13:19:26.157 12730 12730 V threaded_app: WindowFocusChanged: 0x70f6949e00 --
1
12-06 13:19:26.157 12730 12730 D DecorView[]: onWindowFocusChanged hasWindowFocus
true
12-06 13:19:26.157 12730 12969 D UE4 : Case APP_CMD_GAINED_FOCUS
12-06 13:19:28.408 12730 12730 D MIUIInput: [KeyEvent] ViewRootImpl windowName
'com.pubg.imobile/com.epicgames.ue4.GameActivity', KeyEvent { action=ACTION_DOWN,
keyCode=KEYCODE_VOLUME_DOWN, scanCode=114, metaState=0, flags=0x8, repeatCount=0,
eventTime=346154703, downTime=346154703, deviceId=3, source=0x101, displayId=-1 },
phoneEventTime=13:19:28.254
12-06 13:19:28.409 12730 12969 V threaded_app: New input event: type=1
12-06 13:19:28.415 12730 12969 V threaded_app: New input event: type=1
12-06 13:19:28.443 12730 12730 D MIUIInput: [KeyEvent] ViewRootImpl windowName
'com.pubg.imobile/com.epicgames.ue4.GameActivity', KeyEvent { action=ACTION_UP,
keyCode=KEYCODE_VOLUME_DOWN, scanCode=114, metaState=0, flags=0x8, repeatCount=0,
eventTime=346154869, downTime=346154703, deviceId=3, source=0x101, displayId=-1 },
phoneEventTime=13:19:28.420
12-06 13:19:28.443 12730 12969 V threaded_app: New input event: type=1
12-06 13:19:28.450 12730 12969 V threaded_app: New input event: type=1
12-06 13:19:29.965 12730 12969 V threaded_app: New input event: type=2
12-06 13:19:30.009 12730 12969 V threaded_app: New input event: type=2
12-06 13:19:30.678 12730 12969 V threaded_app: New input event: type=2
12-06 13:19:30.692 12730 12969 V threaded_app: New input event: type=2
12-06 13:19:30.700 12730 12969 V threaded_app: New input event: type=2
12-06 13:19:31.189 12730 12969 V threaded_app: New input event: type=2
12-06 13:19:31.233 12730 12969 V threaded_app: New input event: type=2
12-06 13:19:31.682 12730 12969 V threaded_app: New input event: type=2
12-06 13:19:31.704 12730 12969 V threaded_app: New input event: type=2
12-06 13:19:31.722 12730 12969 V threaded_app: New input event: type=2
12-06 13:19:31.740 12730 12969 V threaded_app: New input event: type=2
12-06 13:19:31.755 12730 12969 V threaded_app: New input event: type=2
12-06 13:19:31.773 12730 12969 V threaded_app: New input event: type=2
12-06 13:19:31.788 12730 12969 V threaded_app: New input event: type=2
12-06 13:19:31.806 12730 12969 V threaded_app: New input event: type=2
12-06 13:19:31.822 12730 12969 V threaded_app: New input event: type=2
12-06 13:19:31.839 12730 12969 V threaded_app: New input event: type=2
12-06 13:19:31.854 12730 12969 V threaded_app: New input event: type=2
12-06 13:19:31.872 12730 12969 V threaded_app: New input event: type=2
12-06 13:19:31.885 12730 12969 V threaded_app: New input event: type=2
12-06 13:19:31.886 12730 12969 V threaded_app: New input event: type=2
12-06 13:19:31.904 12730 12969 V threaded_app: New input event: type=2
12-06 13:19:31.918 12730 12969 V threaded_app: New input event: type=2
12-06 13:19:31.918 12730 12969 V threaded_app: New input event: type=2
12-06 13:19:31.921 12730 12969 V threaded_app: New input event: type=2
12-06 13:19:31.938 12730 12969 V threaded_app: New input event: type=2
12-06 13:19:31.954 12730 12969 V threaded_app: New input event: type=2
12-06 13:19:31.971 12730 12969 V threaded_app: New input event: type=2
12-06 13:19:31.988 12730 12969 V threaded_app: New input event: type=2
12-06 13:19:32.005 12730 12969 V threaded_app: New input event: type=2
12-06 13:19:32.021 12730 12969 V threaded_app: New input event: type=2
12-06 13:19:32.038 12730 12969 V threaded_app: New input event: type=2
12-06 13:19:32.054 12730 12969 V threaded_app: New input event: type=2
12-06 13:19:32.072 12730 12969 V threaded_app: New input event: type=2
12-06 13:19:32.078 12730 12969 V threaded_app: New input event: type=2
12-06 13:19:32.078 12730 12969 V threaded_app: New input event: type=2
12-06 13:19:32.087 12730 12969 V threaded_app: New input event: type=2
12-06 13:19:32.105 12730 12969 V threaded_app: New input event: type=2
12-06 13:19:32.121 12730 12969 V threaded_app: New input event: type=2
12-06 13:19:32.138 12730 12969 V threaded_app: New input event: type=2
12-06 13:19:32.151 12730 12969 V threaded_app: New input event: type=2
12-06 13:19:32.151 12730 12969 V threaded_app: New input event: type=2
12-06 13:19:32.154 12730 12969 V threaded_app: New input event: type=2
12-06 13:19:32.172 12730 12969 V threaded_app: New input event: type=2
12-06 13:19:32.187 12730 12969 V threaded_app: New input event: type=2
12-06 13:19:32.204 12730 12969 V threaded_app: New input event: type=2
12-06 13:19:32.221 12730 12969 V threaded_app: New input event: type=2
12-06 13:19:32.238 12730 12969 V threaded_app: New input event: type=2
12-06 13:19:32.254 12730 12969 V threaded_app: New input event: type=2
12-06 13:19:32.271 12730 12969 V threaded_app: New input event: type=2
12-06 13:19:32.282 12730 12969 V threaded_app: New input event: type=2
12-06 13:19:32.282 12730 12969 V threaded_app: New input event: type=2
12-06 13:19:32.288 12730 12969 V threaded_app: New input event: type=2
12-06 13:19:32.305 12730 12969 V threaded_app: New input event: type=2
12-06 13:19:32.321 12730 12969 V threaded_app: New input event: type=2
12-06 13:19:32.338 12730 12969 V threaded_app: New input event: type=2
12-06 13:19:32.354 12730 12969 V threaded_app: New input event: type=2
12-06 13:19:32.372 12730 12969 V threaded_app: New input event: type=2
12-06 13:19:32.388 12730 12969 V threaded_app: New input event: type=2
12-06 13:19:32.405 12730 12969 V threaded_app: New input event: type=2
12-06 13:19:32.423 12730 12969 V threaded_app: New input event: type=2
12-06 13:19:32.438 12730 12969 V threaded_app: New input event: type=2
12-06 13:19:32.454 12730 12969 V threaded_app: New input event: type=2
12-06 13:19:32.472 12730 12969 V threaded_app: New input event: type=2
12-06 13:19:32.488 12730 12969 V threaded_app: New input event: type=2
12-06 13:19:32.505 12730 12969 V threaded_app: New input event: type=2
12-06 13:19:32.522 12730 12969 V threaded_app: New input event: type=2
12-06 13:19:32.539 12730 12969 V threaded_app: New input event: type=2
12-06 13:19:32.554 12730 12969 V threaded_app: New input event: type=2
12-06 13:19:32.571 12730 12969 V threaded_app: New input event: type=2
12-06 13:19:32.588 12730 12969 V threaded_app: New input event: type=2
12-06 13:19:32.605 12730 12969 V threaded_app: New input event: type=2
12-06 13:19:32.621 12730 12969 V threaded_app: New input event: type=2
12-06 13:19:32.638 12730 12969 V threaded_app: New input event: type=2
12-06 13:19:32.643 12730 12969 V threaded_app: New input event: type=2
12-06 13:19:32.643 12730 12969 V threaded_app: New input event: type=2
12-06 13:19:32.655 12730 12969 V threaded_app: New input event: type=2
12-06 13:19:32.671 12730 12969 V threaded_app: New input event: type=2
12-06 13:19:32.688 12730 12969 V threaded_app: New input event: type=2
12-06 13:19:32.705 12730 12969 V threaded_app: New input event: type=2
12-06 13:19:32.721 12730 12969 V threaded_app: New input event: type=2
12-06 13:19:32.738 12730 12969 V threaded_app: New input event: type=2
12-06 13:19:32.772 12730 12969 V threaded_app: New input event: type=2
12-06 13:19:32.788 12730 12969 V threaded_app: New input event: type=2
12-06 13:19:32.803 12730 12969 V threaded_app: New input event: type=2
12-06 13:19:32.804 12730 12969 V threaded_app: New input event: type=2
12-06 13:19:32.821 12730 12969 V threaded_app: New input event: type=2
12-06 13:19:32.838 12730 12969 V threaded_app: New input event: type=2
12-06 13:19:32.854 12730 12969 V threaded_app: New input event: type=2
12-06 13:19:32.872 12730 12969 V threaded_app: New input event: type=2
12-06 13:19:32.876 12730 12969 V threaded_app: New input event: type=2
12-06 13:19:32.877 12730 12969 V threaded_app: New input event: type=2
12-06 13:19:32.888 12730 12969 V threaded_app: New input event: type=2
12-06 13:19:32.905 12730 12969 V threaded_app: New input event: type=2
12-06 13:19:32.922 12730 12969 V threaded_app: New input event: type=2
12-06 13:19:32.939 12730 12969 V threaded_app: New input event: type=2
12-06 13:19:32.955 12730 12969 V threaded_app: New input event: type=2
12-06 13:19:32.973 12730 12969 V threaded_app: New input event: type=2
12-06 13:19:32.988 12730 12969 V threaded_app: New input event: type=2
12-06 13:19:33.005 12730 12969 V threaded_app: New input event: type=2
12-06 13:19:33.021 12730 12969 V threaded_app: New input event: type=2
12-06 13:19:33.022 12730 12969 V threaded_app: New input event: type=2
12-06 13:19:33.038 12730 12969 V threaded_app: New input event: type=2
12-06 13:19:33.055 12730 12969 V threaded_app: New input event: type=2
12-06 13:19:33.072 12730 12969 V threaded_app: New input event: type=2
12-06 13:19:33.088 12730 12969 V threaded_app: New input event: type=2
12-06 13:19:33.106 12730 12969 V threaded_app: New input event: type=2
12-06 13:19:33.122 12730 12969 V threaded_app: New input event: type=2
12-06 13:19:33.140 12730 12969 V threaded_app: New input event: type=2
12-06 13:19:33.155 12730 12969 V threaded_app: New input event: type=2
12-06 13:19:33.172 12730 12969 V threaded_app: New input event: type=2
12-06 13:19:33.188 12730 12969 V threaded_app: New input event: type=2
12-06 13:19:33.205 12730 12969 V threaded_app: New input event: type=2
12-06 13:19:33.222 12730 12969 V threaded_app: New input event: type=2
12-06 13:19:33.238 12730 12969 V threaded_app: New input event: type=2
12-06 13:19:33.255 12730 12969 V threaded_app: New input event: type=2
12-06 13:19:33.271 12730 12969 V threaded_app: New input event: type=2
12-06 13:19:33.288 12730 12969 V threaded_app: New input event: type=2
12-06 13:19:33.305 12730 12969 V threaded_app: New input event: type=2
12-06 13:19:33.321 12730 12969 V threaded_app: New input event: type=2
12-06 13:19:33.339 12730 12969 V threaded_app: New input event: type=2
12-06 13:19:33.355 12730 12969 V threaded_app: New input event: type=2
12-06 13:19:33.371 12730 12969 V threaded_app: New input event: type=2
12-06 13:19:33.388 12730 12969 V threaded_app: New input event: type=2
12-06 13:19:33.405 12730 12969 V threaded_app: New input event: type=2
12-06 13:19:33.422 12730 12969 V threaded_app: New input event: type=2
12-06 13:19:33.438 12730 12969 V threaded_app: New input event: type=2
12-06 13:19:33.455 12730 12969 V threaded_app: New input event: type=2
12-06 13:19:33.472 12730 12969 V threaded_app: New input event: type=2
12-06 13:19:33.488 12730 12969 V threaded_app: New input event: type=2
12-06 13:19:33.505 12730 12969 V threaded_app: New input event: type=2
12-06 13:19:33.521 12730 12969 V threaded_app: New input event: type=2
12-06 13:19:33.538 12730 12969 V threaded_app: New input event: type=2
12-06 13:19:33.555 12730 12969 V threaded_app: New input event: type=2
12-06 13:19:33.571 12730 12969 V threaded_app: New input event: type=2
12-06 13:19:33.589 12730 12969 V threaded_app: New input event: type=2
12-06 13:19:33.605 12730 12969 V threaded_app: New input event: type=2
12-06 13:19:33.621 12730 12969 V threaded_app: New input event: type=2
12-06 13:19:33.638 12730 12969 V threaded_app: New input event: type=2
12-06 13:19:33.654 12730 12969 V threaded_app: New input event: type=2
12-06 13:19:33.671 12730 12969 V threaded_app: New input event: type=2
12-06 13:19:33.688 12730 12969 V threaded_app: New input event: type=2
12-06 13:19:33.702 12730 12969 V threaded_app: New input event: type=2
12-06 13:19:33.702 12730 12969 V threaded_app: New input event: type=2
12-06 13:19:33.705 12730 12969 V threaded_app: New input event: type=2
12-06 13:19:33.721 12730 12969 V threaded_app: New input event: type=2
12-06 13:19:33.738 12730 12969 V threaded_app: New input event: type=2
12-06 13:19:33.755 12730 12969 V threaded_app: New input event: type=2
12-06 13:19:33.772 12730 12969 V threaded_app: New input event: type=2
12-06 13:19:33.788 12730 12969 V threaded_app: New input event: type=2
12-06 13:19:33.805 12730 12969 V threaded_app: New input event: type=2
12-06 13:19:33.811 12730 12969 V threaded_app: New input event: type=2
12-06 13:19:33.811 12730 12969 V threaded_app: New input event: type=2
12-06 13:19:33.822 12730 12969 V threaded_app: New input event: type=2
12-06 13:19:33.838 12730 12969 V threaded_app: New input event: type=2
12-06 13:19:33.855 12730 12969 V threaded_app: New input event: type=2
12-06 13:19:33.871 12730 12969 V threaded_app: New input event: type=2
12-06 13:19:33.888 12730 12969 V threaded_app: New input event: type=2
12-06 13:19:33.905 12730 12969 V threaded_app: New input event: type=2
12-06 13:19:33.921 12730 12969 V threaded_app: New input event: type=2
12-06 13:19:33.938 12730 12969 V threaded_app: New input event: type=2
12-06 13:19:33.955 12730 12969 V threaded_app: New input event: type=2
12-06 13:19:33.973 12730 12969 V threaded_app: New input event: type=2
12-06 13:19:33.990 12730 12969 V threaded_app: New input event: type=2
12-06 13:19:34.006 12730 12969 V threaded_app: New input event: type=2
12-06 13:19:34.021 12730 12969 V threaded_app: New input event: type=2
12-06 13:19:34.038 12730 12969 V threaded_app: New input event: type=2
12-06 13:19:34.055 12730 12969 V threaded_app: New input event: type=2
12-06 13:19:34.072 12730 12969 V threaded_app: New input event: type=2
12-06 13:19:34.089 12730 12969 V threaded_app: New input event: type=2
12-06 13:19:34.105 12730 12969 V threaded_app: New input event: type=2
12-06 13:19:34.122 12730 12969 V threaded_app: New input event: type=2
12-06 13:19:34.139 12730 12969 V threaded_app: New input event: type=2
12-06 13:19:34.155 12730 12969 V threaded_app: New input event: type=2
12-06 13:19:34.162 12730 12969 V threaded_app: New input event: type=2
12-06 13:19:34.162 12730 12969 V threaded_app: New input event: type=2
12-06 13:19:34.172 12730 12969 V threaded_app: New input event: type=2
12-06 13:19:34.189 12730 12969 V threaded_app: New input event: type=2
12-06 13:19:34.205 12730 12969 V threaded_app: New input event: type=2
12-06 13:19:34.222 12730 12969 V threaded_app: New input event: type=2
12-06 13:19:34.238 12730 12969 V threaded_app: New input event: type=2
12-06 13:19:34.272 12730 12969 V threaded_app: New input event: type=2
12-06 13:19:34.289 12730 12969 V threaded_app: New input event: type=2
12-06 13:19:34.305 12730 12969 V threaded_app: New input event: type=2
12-06 13:19:34.338 12730 12969 V threaded_app: New input event: type=2
12-06 13:19:34.355 12730 12969 V threaded_app: New input event: type=2
12-06 13:19:34.372 12730 12969 V threaded_app: New input event: type=2
12-06 13:19:34.405 12730 12969 V threaded_app: New input event: type=2
12-06 13:19:34.421 12730 12969 V threaded_app: New input event: type=2
12-06 13:19:34.438 12730 12969 V threaded_app: New input event: type=2
12-06 13:19:34.471 12730 12969 V threaded_app: New input event: type=2
12-06 13:19:34.489 12730 12969 V threaded_app: New input event: type=2
12-06 13:19:34.505 12730 12969 V threaded_app: New input event: type=2
12-06 13:19:34.521 12730 12969 V threaded_app: New input event: type=2
12-06 13:19:34.538 12730 12969 V threaded_app: New input event: type=2
12-06 13:19:34.555 12730 12969 V threaded_app: New input event: type=2
12-06 13:19:34.573 12730 12969 V threaded_app: New input event: type=2
12-06 13:19:34.588 12730 12969 V threaded_app: New input event: type=2
12-06 13:19:34.622 12730 12969 V threaded_app: New input event: type=2
12-06 13:19:34.638 12730 12969 V threaded_app: New input event: type=2
12-06 13:19:34.655 12730 12969 V threaded_app: New input event: type=2
12-06 13:19:34.672 12730 12969 V threaded_app: New input event: type=2
12-06 13:19:34.688 12730 12969 V threaded_app: New input event: type=2
12-06 13:19:34.705 12730 12969 V threaded_app: New input event: type=2
12-06 13:19:34.738 12730 12969 V threaded_app: New input event: type=2
12-06 13:19:34.755 12730 12969 V threaded_app: New input event: type=2
12-06 13:19:34.772 12730 12969 V threaded_app: New input event: type=2
12-06 13:19:34.774 12730 12969 V threaded_app: New input event: type=2
12-06 13:19:34.775 12730 12969 V threaded_app: New input event: type=2
12-06 13:19:34.788 12730 12969 V threaded_app: New input event: type=2
12-06 13:19:34.821 12730 12969 V threaded_app: New input event: type=2
12-06 13:19:34.855 12730 12969 V threaded_app: New input event: type=2
12-06 13:19:34.889 12730 12969 V threaded_app: New input event: type=2
12-06 13:19:34.922 12730 12969 V threaded_app: New input event: type=2
12-06 13:19:34.955 12730 12969 V threaded_app: New input event: type=2
12-06 13:19:34.989 12730 12969 V threaded_app: New input event: type=2
12-06 13:19:35.022 12730 12969 V threaded_app: New input event: type=2
12-06 13:19:35.055 12730 12969 V threaded_app: New input event: type=2
12-06 13:19:35.089 12730 12969 V threaded_app: New input event: type=2
12-06 13:19:35.122 12730 12969 V threaded_app: New input event: type=2
12-06 13:19:35.155 12730 12969 V threaded_app: New input event: type=2
12-06 13:19:35.181 12730 12969 V threaded_app: New input event: type=2
12-06 13:19:35.181 12730 12969 V threaded_app: New input event: type=2
12-06 13:19:35.188 12730 12969 V threaded_app: New input event: type=2
12-06 13:19:35.212 12730 12969 V threaded_app: New input event: type=2
12-06 13:19:35.212 12730 12969 V threaded_app: New input event: type=2
12-06 13:19:35.219 12730 12969 V threaded_app: New input event: type=2
12-06 13:19:35.219 12730 12969 V threaded_app: New input event: type=2
12-06 13:19:35.222 12730 12969 V threaded_app: New input event: type=2
12-06 13:19:35.239 12730 12969 V threaded_app: New input event: type=2
12-06 13:19:35.255 12730 12969 V threaded_app: New input event: type=2
12-06 13:19:35.272 12730 12969 V threaded_app: New input event: type=2
12-06 13:19:35.322 12730 12969 V threaded_app: New input event: type=2
12-06 13:19:35.338 12730 12969 V threaded_app: New input event: type=2
12-06 13:19:35.356 12730 12969 V threaded_app: New input event: type=2
12-06 13:19:35.372 12730 12969 V threaded_app: New input event: type=2
12-06 13:19:35.389 12730 12969 V threaded_app: New input event: type=2
12-06 13:19:35.405 12730 12969 V threaded_app: New input event: type=2
12-06 13:19:35.422 12730 12969 V threaded_app: New input event: type=2
12-06 13:19:35.439 12730 12969 V threaded_app: New input event: type=2
12-06 13:19:35.455 12730 12969 V threaded_app: New input event: type=2
12-06 13:19:35.472 12730 12969 V threaded_app: New input event: type=2
12-06 13:19:35.492 12730 12969 V threaded_app: New input event: type=2
12-06 13:19:35.494 12730 12969 V threaded_app: New input event: type=2
12-06 13:19:35.494 12730 12969 V threaded_app: New input event: type=2
12-06 13:19:35.522 12730 12969 V threaded_app: New input event: type=2
12-06 13:19:35.544 12730 12969 V threaded_app: New input event: type=2
12-06 13:19:35.555 12730 12969 V threaded_app: New input event: type=2
12-06 13:19:35.589 12730 12969 V threaded_app: New input event: type=2
12-06 13:19:35.622 12730 12969 V threaded_app: New input event: type=2
12-06 13:19:35.639 12730 12969 V threaded_app: New input event: type=2
12-06 13:19:35.656 12730 12969 V threaded_app: New input event: type=2
12-06 13:19:35.672 12730 12969 V threaded_app: New input event: type=2
12-06 13:19:35.688 12730 12969 V threaded_app: New input event: type=2
12-06 13:19:35.705 12730 12969 V threaded_app: New input event: type=2
12-06 13:19:35.722 12730 12969 V threaded_app: New input event: type=2
12-06 13:19:35.739 12730 12969 V threaded_app: New input event: type=2
12-06 13:19:35.756 12730 12969 V threaded_app: New input event: type=2
12-06 13:19:35.772 12730 12969 V threaded_app: New input event: type=2
12-06 13:19:35.788 12730 12969 V threaded_app: New input event: type=2
12-06 13:19:35.805 12730 12969 V threaded_app: New input event: type=2
12-06 13:19:35.822 12730 12969 V threaded_app: New input event: type=2
12-06 13:19:35.827 12730 12969 V threaded_app: New input event: type=2
12-06 13:19:35.828 12730 12969 V threaded_app: New input event: type=2
12-06 13:19:35.839 12730 12969 V threaded_app: New input event: type=2
12-06 13:19:35.872 12730 12969 V threaded_app: New input event: type=2
12-06 13:19:35.889 12730 12969 V threaded_app: New input event: type=2
12-06 13:19:35.905 12730 12969 V threaded_app: New input event: type=2
12-06 13:19:35.922 12730 12969 V threaded_app: New input event: type=2
12-06 13:19:35.938 12730 12969 V threaded_app: New input event: type=2
12-06 13:19:35.955 12730 12969 V threaded_app: New input event: type=2
12-06 13:19:35.972 12730 12969 V threaded_app: New input event: type=2
12-06 13:19:35.988 12730 12969 V threaded_app: New input event: type=2
12-06 13:19:36.005 12730 12969 V threaded_app: New input event: type=2
12-06 13:19:36.019 12730 12969 V threaded_app: New input event: type=2
12-06 13:19:36.019 12730 12969 V threaded_app: New input event: type=2
12-06 13:19:36.022 12730 12969 V threaded_app: New input event: type=2
12-06 13:19:36.039 12730 12969 V threaded_app: New input event: type=2
12-06 13:19:36.052 12730 12969 V threaded_app: New input event: type=2
12-06 13:19:36.052 12730 12969 V threaded_app: New input event: type=2
12-06 13:19:36.321 12730 12969 V threaded_app: New input event: type=2
12-06 13:19:36.359 12730 12969 V threaded_app: New input event: type=2
12-06 13:19:36.687 12730 12969 V threaded_app: New input event: type=2
12-06 13:19:36.722 12730 12969 V threaded_app: New input event: type=2
12-06 13:19:36.734 12730 12969 V threaded_app: New input event: type=2
12-06 13:19:36.734 12730 12969 V threaded_app: New input event: type=2
12-06 13:19:37.755 12730 12969 V threaded_app: New input event: type=2
12-06 13:19:37.818 12730 12969 V threaded_app: New input event: type=2
12-06 13:19:38.525 12730 12969 V threaded_app: New input event: type=2
12-06 13:19:38.569 12730 12969 V threaded_app: New input event: type=2
12-06 13:19:40.113 12730 12969 V threaded_app: New input event: type=2
12-06 13:19:40.156 12730 12969 V threaded_app: New input event: type=2
12-06 13:19:40.173 12730 12969 V threaded_app: New input event: type=2
12-06 13:19:40.185 12730 12969 V threaded_app: New input event: type=2
12-06 13:19:40.185 12730 12969 V threaded_app: New input event: type=2
12-06 13:19:40.523 12730 12969 V threaded_app: New input event: type=2
12-06 13:19:40.598 12730 12969 V threaded_app: New input event: type=2
12-06 13:19:41.098 12730 12969 V threaded_app: New input event: type=2
12-06 13:19:41.103 12730 12969 V threaded_app: New input event: type=2
12-06 13:19:41.123 12730 12969 V threaded_app: New input event: type=2
12-06 13:19:41.140 12730 12969 V threaded_app: New input event: type=2
12-06 13:19:41.156 12730 12969 V threaded_app: New input event: type=2
12-06 13:19:41.174 12730 12969 V threaded_app: New input event: type=2
12-06 13:19:41.190 12730 12969 V threaded_app: New input event: type=2
12-06 13:19:41.207 12730 12969 V threaded_app: New input event: type=2
12-06 13:19:41.223 12730 12969 V threaded_app: New input event: type=2
12-06 13:19:41.239 12730 12969 V threaded_app: New input event: type=2
12-06 13:19:41.256 12730 12969 V threaded_app: New input event: type=2
12-06 13:19:41.270 12730 12969 V threaded_app: New input event: type=2
12-06 13:19:41.270 12730 12969 V threaded_app: New input event: type=2
12-06 13:19:41.273 12730 12969 V threaded_app: New input event: type=2
12-06 13:19:41.289 12730 12969 V threaded_app: New input event: type=2
12-06 13:19:41.306 12730 12969 V threaded_app: New input event: type=2
12-06 13:19:41.323 12730 12969 V threaded_app: New input event: type=2
12-06 13:19:41.339 12730 12969 V threaded_app: New input event: type=2
12-06 13:19:41.356 12730 12969 V threaded_app: New input event: type=2
12-06 13:19:41.373 12730 12969 V threaded_app: New input event: type=2
12-06 13:19:41.389 12730 12969 V threaded_app: New input event: type=2
12-06 13:19:41.406 12730 12969 V threaded_app: New input event: type=2
12-06 13:19:41.423 12730 12969 V threaded_app: New input event: type=2
12-06 13:19:41.440 12730 12969 V threaded_app: New input event: type=2
12-06 13:19:41.445 12730 12969 V threaded_app: New input event: type=2
12-06 13:19:41.445 12730 12969 V threaded_app: New input event: type=2
12-06 13:19:41.456 12730 12969 V threaded_app: New input event: type=2
12-06 13:19:41.473 12730 12969 V threaded_app: New input event: type=2
12-06 13:19:41.490 12730 12969 V threaded_app: New input event: type=2
12-06 13:19:41.507 12730 12969 V threaded_app: New input event: type=2
12-06 13:19:41.511 12730 12969 V threaded_app: New input event: type=2
12-06 13:19:41.512 12730 12969 V threaded_app: New input event: type=2
12-06 13:19:41.522 12730 12969 V threaded_app: New input event: type=2
12-06 13:19:41.540 12730 12969 V threaded_app: New input event: type=2
12-06 13:19:41.556 12730 12969 V threaded_app: New input event: type=2
12-06 13:19:41.573 12730 12969 V threaded_app: New input event: type=2
12-06 13:19:41.590 12730 12969 V threaded_app: New input event: type=2
12-06 13:19:41.606 12730 12969 V threaded_app: New input event: type=2
12-06 13:19:41.623 12730 12969 V threaded_app: New input event: type=2
12-06 13:19:41.640 12730 12969 V threaded_app: New input event: type=2
12-06 13:19:41.655 12730 12969 V threaded_app: New input event: type=2
12-06 13:19:41.655 12730 12969 V threaded_app: New input event: type=2
12-06 13:19:41.674 12730 12969 V threaded_app: New input event: type=2
12-06 13:19:41.690 12730 12969 V threaded_app: New input event: type=2
12-06 13:19:41.707 12730 12969 V threaded_app: New input event: type=2
12-06 13:19:41.723 12730 12969 V threaded_app: New input event: type=2
12-06 13:19:41.740 12730 12969 V threaded_app: New input event: type=2
12-06 13:19:41.764 12730 12969 V threaded_app: New input event: type=2
12-06 13:19:41.773 12730 12969 V threaded_app: New input event: type=2
12-06 13:19:41.787 12730 12969 V threaded_app: New input event: type=2
12-06 13:19:41.787 12730 12969 V threaded_app: New input event: type=2
12-06 13:19:41.789 12730 12969 V threaded_app: New input event: type=2
12-06 13:19:41.807 12730 12969 V threaded_app: New input event: type=2
12-06 13:19:41.823 12730 12969 V threaded_app: New input event: type=2
12-06 13:19:41.840 12730 12969 V threaded_app: New input event: type=2
12-06 13:19:41.877 12730 12969 V threaded_app: New input event: type=2
12-06 13:19:42.104 12730 12969 V threaded_app: New input event: type=2
12-06 13:19:42.160 12730 12969 V threaded_app: New input event: type=2
12-06 13:19:42.396 12730 12969 V threaded_app: New input event: type=2
12-06 13:19:42.474 12730 12969 V threaded_app: New input event: type=2
12-06 13:19:42.475 12730 12969 V threaded_app: New input event: type=2
12-06 13:19:42.490 12730 12969 V threaded_app: New input event: type=2
12-06 13:19:42.507 12730 12969 V threaded_app: New input event: type=2
12-06 13:19:42.524 12730 12969 V threaded_app: New input event: type=2
12-06 13:19:42.540 12730 12969 V threaded_app: New input event: type=2
12-06 13:19:42.557 12730 12969 V threaded_app: New input event: type=2
12-06 13:19:42.574 12730 12969 V threaded_app: New input event: type=2
12-06 13:19:42.590 12730 12969 V threaded_app: New input event: type=2
12-06 13:19:42.606 12730 12969 V threaded_app: New input event: type=2
12-06 13:19:42.623 12730 12969 V threaded_app: New input event: type=2
12-06 13:19:42.640 12730 12969 V threaded_app: New input event: type=2
12-06 13:19:42.656 12730 12969 V threaded_app: New input event: type=2
12-06 13:19:42.673 12730 12969 V threaded_app: New input event: type=2
12-06 13:19:42.690 12730 12969 V threaded_app: New input event: type=2
12-06 13:19:42.707 12730 12969 V threaded_app: New input event: type=2
12-06 13:19:42.723 12730 12969 V threaded_app: New input event: type=2
12-06 13:19:42.740 12730 12969 V threaded_app: New input event: type=2
12-06 13:19:42.756 12730 12969 V threaded_app: New input event: type=2
12-06 13:19:42.774 12730 12969 V threaded_app: New input event: type=2
12-06 13:19:42.790 12730 12969 V threaded_app: New input event: type=2
12-06 13:19:42.807 12730 12969 V threaded_app: New input event: type=2
12-06 13:19:42.823 12730 12969 V threaded_app: New input event: type=2
12-06 13:19:42.840 12730 12969 V threaded_app: New input event: type=2
12-06 13:19:42.856 12730 12969 V threaded_app: New input event: type=2
12-06 13:19:42.873 12730 12969 V threaded_app: New input event: type=2
12-06 13:19:42.890 12730 12969 V threaded_app: New input event: type=2
12-06 13:19:42.906 12730 12969 V threaded_app: New input event: type=2
12-06 13:19:42.923 12730 12969 V threaded_app: New input event: type=2
12-06 13:19:42.940 12730 12969 V threaded_app: New input event: type=2
12-06 13:19:42.957 12730 12969 V threaded_app: New input event: type=2
12-06 13:19:42.973 12730 12969 V threaded_app: New input event: type=2
12-06 13:19:42.990 12730 12969 V threaded_app: New input event: type=2
12-06 13:19:43.007 12730 12969 V threaded_app: New input event: type=2
12-06 13:19:43.023 12730 12969 V threaded_app: New input event: type=2
12-06 13:19:43.040 12730 12969 V threaded_app: New input event: type=2
12-06 13:19:43.057 12730 12969 V threaded_app: New input event: type=2
12-06 13:19:43.073 12730 12969 V threaded_app: New input event: type=2
12-06 13:19:43.090 12730 12969 V threaded_app: New input event: type=2
12-06 13:19:43.106 12730 12969 V threaded_app: New input event: type=2
12-06 13:19:43.124 12730 12969 V threaded_app: New input event: type=2
12-06 13:19:43.140 12730 12969 V threaded_app: New input event: type=2
12-06 13:19:43.157 12730 12969 V threaded_app: New input event: type=2
12-06 13:19:43.173 12730 12969 V threaded_app: New input event: type=2
12-06 13:19:43.190 12730 12969 V threaded_app: New input event: type=2
12-06 13:19:43.207 12730 12969 V threaded_app: New input event: type=2
12-06 13:19:43.223 12730 12969 V threaded_app: New input event: type=2
12-06 13:19:43.240 12730 12969 V threaded_app: New input event: type=2
12-06 13:19:43.257 12730 12969 V threaded_app: New input event: type=2
12-06 13:19:43.273 12730 12969 V threaded_app: New input event: type=2
12-06 13:19:43.291 12730 12969 V threaded_app: New input event: type=2
12-06 13:19:43.307 12730 12969 V threaded_app: New input event: type=2
12-06 13:19:43.323 12730 12969 V threaded_app: New input event: type=2
12-06 13:19:43.340 12730 12969 V threaded_app: New input event: type=2
12-06 13:19:43.356 12730 12969 V threaded_app: New input event: type=2
12-06 13:19:43.373 12730 12969 V threaded_app: New input event: type=2
12-06 13:19:43.390 12730 12969 V threaded_app: New input event: type=2
12-06 13:19:43.406 12730 12969 V threaded_app: New input event: type=2
12-06 13:19:43.424 12730 12969 V threaded_app: New input event: type=2
12-06 13:19:43.440 12730 12969 V threaded_app: New input event: type=2
12-06 13:19:43.457 12730 12969 V threaded_app: New input event: type=2
12-06 13:19:43.473 12730 12969 V threaded_app: New input event: type=2
12-06 13:19:43.490 12730 12969 V threaded_app: New input event: type=2
12-06 13:19:43.507 12730 12969 V threaded_app: New input event: type=2
12-06 13:19:43.523 12730 12969 V threaded_app: New input event: type=2
12-06 13:19:43.540 12730 12969 V threaded_app: New input event: type=2
12-06 13:19:43.556 12730 12969 V threaded_app: New input event: type=2
12-06 13:19:43.574 12730 12969 V threaded_app: New input event: type=2
12-06 13:19:43.590 12730 12969 V threaded_app: New input event: type=2
12-06 13:19:43.610 12730 12969 V threaded_app: New input event: type=2
12-06 13:19:43.623 12730 12969 V threaded_app: New input event: type=2
12-06 13:19:43.640 12730 12969 V threaded_app: New input event: type=2
12-06 13:19:43.657 12730 12969 V threaded_app: New input event: type=2
12-06 13:19:43.673 12730 12969 V threaded_app: New input event: type=2
12-06 13:19:43.690 12730 12969 V threaded_app: New input event: type=2
12-06 13:19:43.706 12730 12969 V threaded_app: New input event: type=2
12-06 13:19:43.723 12730 12969 V threaded_app: New input event: type=2
12-06 13:19:43.740 12730 12969 V threaded_app: New input event: type=2
12-06 13:19:43.757 12730 12969 V threaded_app: New input event: type=2
12-06 13:19:43.773 12730 12969 V threaded_app: New input event: type=2
12-06 13:19:43.790 12730 12969 V threaded_app: New input event: type=2
12-06 13:19:43.806 12730 12969 V threaded_app: New input event: type=2
12-06 13:19:43.823 12730 12969 V threaded_app: New input event: type=2
12-06 13:19:43.840 12730 12969 V threaded_app: New input event: type=2
12-06 13:19:43.857 12730 12969 V threaded_app: New input event: type=2
12-06 13:19:43.874 12730 12969 V threaded_app: New input event: type=2
12-06 13:19:43.890 12730 12969 V threaded_app: New input event: type=2
12-06 13:19:43.906 12730 12969 V threaded_app: New input event: type=2
12-06 13:19:43.924 12730 12969 V threaded_app: New input event: type=2
12-06 13:19:43.940 12730 12969 V threaded_app: New input event: type=2
12-06 13:19:43.957 12730 12969 V threaded_app: New input event: type=2
12-06 13:19:43.973 12730 12969 V threaded_app: New input event: type=2
12-06 13:19:43.990 12730 12969 V threaded_app: New input event: type=2
12-06 13:19:44.007 12730 12969 V threaded_app: New input event: type=2
12-06 13:19:44.023 12730 12969 V threaded_app: New input event: type=2
12-06 13:19:44.040 12730 12969 V threaded_app: New input event: type=2
12-06 13:19:44.058 12730 12969 V threaded_app: New input event: type=2
12-06 13:19:44.073 12730 12969 V threaded_app: New input event: type=2
12-06 13:19:44.090 12730 12969 V threaded_app: New input event: type=2
12-06 13:19:44.107 12730 12969 V threaded_app: New input event: type=2
12-06 13:19:44.123 12730 12969 V threaded_app: New input event: type=2
12-06 13:19:44.140 12730 12969 V threaded_app: New input event: type=2
12-06 13:19:44.157 12730 12969 V threaded_app: New input event: type=2
12-06 13:19:44.173 12730 12969 V threaded_app: New input event: type=2
12-06 13:19:44.190 12730 12969 V threaded_app: New input event: type=2
12-06 13:19:44.207 12730 12969 V threaded_app: New input event: type=2
12-06 13:19:44.224 12730 12969 V threaded_app: New input event: type=2
12-06 13:19:44.240 12730 12969 V threaded_app: New input event: type=2
12-06 13:19:44.257 12730 12969 V threaded_app: New input event: type=2
12-06 13:19:44.274 12730 12969 V threaded_app: New input event: type=2
12-06 13:19:44.290 12730 12969 V threaded_app: New input event: type=2
12-06 13:19:44.307 12730 12969 V threaded_app: New input event: type=2
12-06 13:19:44.323 12730 12969 V threaded_app: New input event: type=2
12-06 13:19:44.340 12730 12969 V threaded_app: New input event: type=2
12-06 13:19:44.357 12730 12969 V threaded_app: New input event: type=2
12-06 13:19:44.374 12730 12969 V threaded_app: New input event: type=2
12-06 13:19:44.390 12730 12969 V threaded_app: New input event: type=2
12-06 13:19:44.407 12730 12969 V threaded_app: New input event: type=2
12-06 13:19:44.424 12730 12969 V threaded_app: New input event: type=2
12-06 13:19:44.440 12730 12969 V threaded_app: New input event: type=2
12-06 13:19:44.457 12730 12969 V threaded_app: New input event: type=2
12-06 13:19:44.474 12730 12969 V threaded_app: New input event: type=2
12-06 13:19:44.491 12730 12969 V threaded_app: New input event: type=2
12-06 13:19:44.507 12730 12969 V threaded_app: New input event: type=2
12-06 13:19:44.524 12730 12969 V threaded_app: New input event: type=2
12-06 13:19:44.540 12730 12969 V threaded_app: New input event: type=2
12-06 13:19:44.557 12730 12969 V threaded_app: New input event: type=2
12-06 13:19:44.574 12730 12969 V threaded_app: New input event: type=2
12-06 13:19:44.590 12730 12969 V threaded_app: New input event: type=2
12-06 13:19:44.607 12730 12969 V threaded_app: New input event: type=2
12-06 13:19:44.623 12730 12969 V threaded_app: New input event: type=2
12-06 13:19:44.640 12730 12969 V threaded_app: New input event: type=2
12-06 13:19:44.660 12730 12969 V threaded_app: New input event: type=2
12-06 13:19:44.673 12730 12969 V threaded_app: New input event: type=2
12-06 13:19:44.690 12730 12969 V threaded_app: New input event: type=2
12-06 13:19:44.707 12730 12969 V threaded_app: New input event: type=2
12-06 13:19:44.723 12730 12969 V threaded_app: New input event: type=2
12-06 13:19:44.740 12730 12969 V threaded_app: New input event: type=2
12-06 13:19:44.757 12730 12969 V threaded_app: New input event: type=2
12-06 13:19:44.774 12730 12969 V threaded_app: New input event: type=2
12-06 13:19:44.790 12730 12969 V threaded_app: New input event: type=2
12-06 13:19:44.807 12730 12969 V threaded_app: New input event: type=2
12-06 13:19:44.824 12730 12969 V threaded_app: New input event: type=2
12-06 13:19:44.840 12730 12969 V threaded_app: New input event: type=2
12-06 13:19:44.857 12730 12969 V threaded_app: New input event: type=2
12-06 13:19:44.873 12730 12969 V threaded_app: New input event: type=2
12-06 13:19:44.890 12730 12969 V threaded_app: New input event: type=2
12-06 13:19:44.907 12730 12969 V threaded_app: New input event: type=2
12-06 13:19:44.923 12730 12969 V threaded_app: New input event: type=2
12-06 13:19:44.940 12730 12969 V threaded_app: New input event: type=2
12-06 13:19:44.957 12730 12969 V threaded_app: New input event: type=2
12-06 13:19:44.973 12730 12969 V threaded_app: New input event: type=2
12-06 13:19:44.991 12730 12969 V threaded_app: New input event: type=2
12-06 13:19:45.007 12730 12969 V threaded_app: New input event: type=2
12-06 13:19:45.023 12730 12969 V threaded_app: New input event: type=2
12-06 13:19:45.040 12730 12969 V threaded_app: New input event: type=2
12-06 13:19:45.057 12730 12969 V threaded_app: New input event: type=2
12-06 13:19:45.073 12730 12969 V threaded_app: New input event: type=2
12-06 13:19:45.090 12730 12969 V threaded_app: New input event: type=2
12-06 13:19:45.107 12730 12969 V threaded_app: New input event: type=2
12-06 13:19:45.124 12730 12969 V threaded_app: New input event: type=2
12-06 13:19:45.140 12730 12969 V threaded_app: New input event: type=2
12-06 13:19:45.157 12730 12969 V threaded_app: New input event: type=2
12-06 13:19:45.173 12730 12969 V threaded_app: New input event: type=2
12-06 13:19:45.190 12730 12969 V threaded_app: New input event: type=2
12-06 13:19:45.207 12730 12969 V threaded_app: New input event: type=2
12-06 13:19:45.224 12730 12969 V threaded_app: New input event: type=2
12-06 13:19:45.241 12730 12969 V threaded_app: New input event: type=2
12-06 13:19:45.257 12730 12969 V threaded_app: New input event: type=2
12-06 13:19:45.274 12730 12969 V threaded_app: New input event: type=2
12-06 13:19:45.290 12730 12969 V threaded_app: New input event: type=2
12-06 13:19:45.307 12730 12969 V threaded_app: New input event: type=2
12-06 13:19:45.323 12730 12969 V threaded_app: New input event: type=2
12-06 13:19:45.340 12730 12969 V threaded_app: New input event: type=2
12-06 13:19:45.357 12730 12969 V threaded_app: New input event: type=2
12-06 13:19:45.374 12730 12969 V threaded_app: New input event: type=2
12-06 13:19:45.390 12730 12969 V threaded_app: New input event: type=2
12-06 13:19:45.407 12730 12969 V threaded_app: New input event: type=2
12-06 13:19:45.424 12730 12969 V threaded_app: New input event: type=2
12-06 13:19:45.441 12730 12969 V threaded_app: New input event: type=2
12-06 13:19:45.457 12730 12969 V threaded_app: New input event: type=2
12-06 13:19:45.477 12730 12969 V threaded_app: New input event: type=2
12-06 13:19:45.491 12730 12969 V threaded_app: New input event: type=2
12-06 13:19:45.507 12730 12969 V threaded_app: New input event: type=2
12-06 13:19:45.524 12730 12969 V threaded_app: New input event: type=2
12-06 13:19:45.540 12730 12969 V threaded_app: New input event: type=2
12-06 13:19:45.557 12730 12969 V threaded_app: New input event: type=2
12-06 13:19:45.574 12730 12969 V threaded_app: New input event: type=2
12-06 13:19:45.590 12730 12969 V threaded_app: New input event: type=2
12-06 13:19:45.607 12730 12969 V threaded_app: New input event: type=2
12-06 13:19:45.624 12730 12969 V threaded_app: New input event: type=2
12-06 13:19:45.640 12730 12969 V threaded_app: New input event: type=2
12-06 13:19:45.674 12730 12969 V threaded_app: New input event: type=2
12-06 13:19:45.691 12730 12969 V threaded_app: New input event: type=2
12-06 13:19:45.740 12730 12969 V threaded_app: New input event: type=2
12-06 13:19:45.757 12730 12969 V threaded_app: New input event: type=2
12-06 13:19:45.774 12730 12969 V threaded_app: New input event: type=2
12-06 13:19:45.791 12730 12969 V threaded_app: New input event: type=2
12-06 13:19:45.807 12730 12969 V threaded_app: New input event: type=2
12-06 13:19:45.824 12730 12969 V threaded_app: New input event: type=2
12-06 13:19:45.841 12730 12969 V threaded_app: New input event: type=2
12-06 13:19:45.857 12730 12969 V threaded_app: New input event: type=2
12-06 13:19:45.874 12730 12969 V threaded_app: New input event: type=2
12-06 13:19:45.890 12730 12969 V threaded_app: New input event: type=2
12-06 13:19:45.907 12730 12969 V threaded_app: New input event: type=2
12-06 13:19:45.924 12730 12969 V threaded_app: New input event: type=2
12-06 13:19:45.941 12730 12969 V threaded_app: New input event: type=2
12-06 13:19:45.958 12730 12969 V threaded_app: New input event: type=2
12-06 13:19:45.974 12730 12969 V threaded_app: New input event: type=2
12-06 13:19:45.990 12730 12969 V threaded_app: New input event: type=2
12-06 13:19:46.008 12730 12969 V threaded_app: New input event: type=2
12-06 13:19:46.024 12730 12969 V threaded_app: New input event: type=2
12-06 13:19:46.043 12730 12969 V threaded_app: New input event: type=2
12-06 13:19:46.057 12730 12969 V threaded_app: New input event: type=2
12-06 13:19:46.074 12730 12969 V threaded_app: New input event: type=2
12-06 13:19:46.090 12730 12969 V threaded_app: New input event: type=2
