11-05 07:58:29.330 17909 18518 I libPerfCtl: fbcNotifySbeRescue ret=-1
11-05 07:58:29.355 17909 17909 D Surface : lockCanvas
11-05 07:58:29.378 17909 17909 D Surface : lockCanvas
11-05 07:58:29.392 17909 18518 I libPerfCtl: fbcNotifySbeRescue ret=-1
11-05 07:58:29.436 17909 17909 D Surface : lockCanvas
11-05 07:58:29.458 17909 17909 D Surface : lockCanvas
11-05 07:58:29.472 17909 18518 I libPerfCtl: fbcNotifySbeRescue ret=-1
11-05 07:58:29.489 17909 17909 D Surface : lockCanvas
11-05 07:58:29.513 17909 17909 I BufferQueueProducer:
[ViewRootImpl[SettingsActivity]#6(BLAST Consumer)6]
(id:45f500000007,api:2,p:17909,c:17909) disconnect: api 2
11-05 07:58:29.514 17909 19060 I mali_config: @get_buffer_dataspace_setting: update
dataspace from GE (0x10010000 -> 0x08020000)
11-05 07:58:29.510 17909 17909 W com.corepix.videorecording: type=1400
audit(0.0:2388832): avc: denied { getattr } for comm=474C54687265616420313436
name="dmabuf:" dev="dmabuf" ino=1 scontext=u:r:untrusted_app:s0:c149,c257,c512,c768
tcontext=u:object_r:unlabeled:s0 tclass=filesystem permissive=0
app=com.corepix.videorecording
11-05 07:58:29.515 17909 17909 I BLASTBufferQueue:
[ViewRootImpl[SettingsActivity]#6] destructor()
11-05 07:58:29.515 17909 17909 I BufferQueueConsumer:
[ViewRootImpl[SettingsActivity]#6(BLAST Consumer)6](id:45f500000007,api:0,p:-
1,c:17909) disconnect
11-05 07:58:29.521 17909 18518 I libPerfCtl: fbcNotifySbeRescue ret=-1
11-05 07:58:29.573 17909 17909 D View : [Warning] assignParent to null: this =
DecorView@fbd9ad1[SettingsActivity]
11-05 07:58:29.586 17909 17909 D Surface : lockCanvas
11-05 07:58:29.589 17909 18394 I BLASTBufferQueue: releaseBufferCallbackThunk
bufferId:76918569304089 framenumber:1425 blastBufferQueue is dead
11-05 07:58:29.610 17909 19060 I mali_config: @get_buffer_dataspace_setting: update
dataspace from GE (0x10010000 -> 0x08020000)
11-05 07:58:29.606 17909 17909 W com.corepix.videorecording: type=1400
audit(0.0:2388833): avc: denied { getattr } for comm=474C54687265616420313436
name="dmabuf:" dev="dmabuf" ino=1 scontext=u:r:untrusted_app:s0:c149,c257,c512,c768
tcontext=u:object_r:unlabeled:s0 tclass=filesystem permissive=0
app=com.corepix.videorecording
11-05 07:58:29.624 17909 18518 I libPerfCtl: fbcNotifySbeRescue ret=-1
11-05 07:58:29.635 17909 17909 D Surface : lockCanvas
11-05 07:58:29.649 17909 18518 I libPerfCtl: fbcNotifySbeRescue ret=-1
11-05 07:58:29.670 17909 17909 D Surface : lockCanvas
11-05 07:58:29.680 17909 18518 I libPerfCtl: fbcNotifySbeRescue ret=-1
11-05 07:58:29.690 17909 17909 D Surface : lockCanvas
11-05 07:58:29.705 17909 18518 I libPerfCtl: fbcNotifySbeRescue ret=-1
11-05 07:58:29.710 17909 19060 I mali_config: @get_buffer_dataspace_setting: update
dataspace from GE (0x10010000 -> 0x08020000)
11-05 07:58:29.706 17909 17909 W com.corepix.videorecording: type=1400
audit(0.0:2388834): avc: denied { getattr } for comm=474C54687265616420313436
name="dmabuf:" dev="dmabuf" ino=1 scontext=u:r:untrusted_app:s0:c149,c257,c512,c768
tcontext=u:object_r:unlabeled:s0 tclass=filesystem permissive=0
app=com.corepix.videorecording
11-05 07:58:29.711 17909 17909 D Surface : lockCanvas
11-05 07:58:29.726 17909 18518 I libPerfCtl: fbcNotifySbeRescue ret=-1
11-05 07:58:29.732 17909 17909 D Surface : lockCanvas
11-05 07:58:29.748 17909 18518 I libPerfCtl: fbcNotifySbeRescue ret=-1
11-05 07:58:29.751 17909 17909 D Surface : lockCanvas
11-05 07:58:29.766 17909 18518 I libPerfCtl: fbcNotifySbeRescue ret=-1
11-05 07:58:29.769 17909 17909 D Surface : lockCanvas
11-05 07:58:29.786 17909 18518 I libPerfCtl: fbcNotifySbeRescue ret=-1
11-05 07:58:29.788 17909 17909 D Surface : lockCanvas
11-05 07:58:29.805 17909 18518 I libPerfCtl: fbcNotifySbeRescue ret=-1
11-05 07:58:29.807 17909 19060 I mali_config: @get_buffer_dataspace_setting: update
dataspace from GE (0x10010000 -> 0x08020000)
11-05 07:58:29.802 17909 17909 W com.corepix.videorecording: type=1400
audit(0.0:2388835): avc: denied { getattr } for comm=474C54687265616420313436
name="dmabuf:" dev="dmabuf" ino=1 scontext=u:r:untrusted_app:s0:c149,c257,c512,c768
tcontext=u:object_r:unlabeled:s0 tclass=filesystem permissive=0
app=com.corepix.videorecording
11-05 07:58:29.807 17909 17909 D Surface : lockCanvas
11-05 07:58:29.823 17909 18518 I libPerfCtl: fbcNotifySbeRescue ret=-1
11-05 07:58:29.827 17909 17909 D Surface : lockCanvas
11-05 07:58:29.843 17909 18518 I libPerfCtl: fbcNotifySbeRescue ret=-1
11-05 07:58:29.850 17909 17909 D Surface : lockCanvas
11-05 07:58:29.865 17909 18518 I libPerfCtl: fbcNotifySbeRescue ret=-1
11-05 07:58:29.868 17909 17909 D Surface : lockCanvas
11-05 07:58:29.884 17909 18518 I libPerfCtl: fbcNotifySbeRescue ret=-1
11-05 07:58:29.887 17909 17909 D Surface : lockCanvas
11-05 07:58:29.903 17909 18518 I libPerfCtl: fbcNotifySbeRescue ret=-1
11-05 07:58:29.906 17909 19060 I mali_config: @get_buffer_dataspace_setting: update
dataspace from GE (0x10010000 -> 0x08020000)
11-05 07:58:29.906 17909 17909 D Surface : lockCanvas
11-05 07:58:29.902 17909 17909 W com.corepix.videorecording: type=1400
audit(0.0:2388836): avc: denied { getattr } for comm=474C54687265616420313436
name="dmabuf:" dev="dmabuf" ino=1 scontext=u:r:untrusted_app:s0:c149,c257,c512,c768
tcontext=u:object_r:unlabeled:s0 tclass=filesystem permissive=0
app=com.corepix.videorecording
11-05 07:58:29.921 17909 18518 I libPerfCtl: fbcNotifySbeRescue ret=-1
11-05 07:58:29.925 17909 17909 D Surface : lockCanvas
11-05 07:58:29.940 17909 18518 I libPerfCtl: fbcNotifySbeRescue ret=-1
11-05 07:58:29.944 17909 17909 D Surface : lockCanvas
11-05 07:58:29.959 17909 18518 I libPerfCtl: fbcNotifySbeRescue ret=-1
11-05 07:58:29.966 17909 17909 D Surface : lockCanvas
11-05 07:58:29.982 17909 18518 I libPerfCtl: fbcNotifySbeRescue ret=-1
11-05 07:58:29.985 17909 17909 D Surface : lockCanvas
11-05 07:58:30.000 17909 18518 I libPerfCtl: fbcNotifySbeRescue ret=-1
11-05 07:58:30.003 17909 19060 I mali_config: @get_buffer_dataspace_setting: update
dataspace from GE (0x10010000 -> 0x08020000)
11-05 07:58:29.998 17909 17909 W com.corepix.videorecording: type=1400
audit(0.0:2388837): avc: denied { getattr } for comm=474C54687265616420313436
name="dmabuf:" dev="dmabuf" ino=1 scontext=u:r:untrusted_app:s0:c149,c257,c512,c768
tcontext=u:object_r:unlabeled:s0 tclass=filesystem permissive=0
app=com.corepix.videorecording
11-05 07:58:30.038 17909 18518 I libPerfCtl: fbcNotifySbeRescue ret=-1
11-05 07:58:30.041 17909 17909 D Surface : lockCanvas
11-05 07:58:30.056 17909 18518 I libPerfCtl: fbcNotifySbeRescue ret=-1
11-05 07:58:30.060 17909 17909 D Surface : lockCanvas
11-05 07:58:30.075 17909 18518 I libPerfCtl: fbcNotifySbeRescue ret=-1
11-05 07:58:30.084 17909 17909 D Surface : lockCanvas
11-05 07:58:30.098 17909 18518 I libPerfCtl: fbcNotifySbeRescue ret=-1
11-05 07:58:30.105 17909 17909 D Surface : lockCanvas
11-05 07:58:30.118 17909 17909 D Surface : lockCanvas
11-05 07:58:30.134 17909 17909 D Surface : lockCanvas
11-05 07:58:30.151 17909 18518 I libPerfCtl: fbcNotifySbeRescue ret=-1
11-05 07:58:30.168 17909 17909 D Surface : lockCanvas
11-05 07:58:30.184 17909 17909 D Surface : lockCanvas
11-05 07:58:30.201 17909 17909 D Surface : lockCanvas
11-05 07:58:30.217 17909 18518 I libPerfCtl: fbcNotifySbeRescue ret=-1
11-05 07:58:30.221 17909 17909 D Surface : lockCanvas
11-05 07:58:30.235 17909 18518 I libPerfCtl: fbcNotifySbeRescue ret=-1
11-05 07:58:30.237 17909 17909 D Surface : lockCanvas
11-05 07:58:30.251 17909 17909 D Surface : lockCanvas
11-05 07:58:30.267 17909 17909 D Surface : lockCanvas
11-05 07:58:30.284 17909 17909 D Surface : lockCanvas
11-05 07:58:30.300 17909 17909 D Surface : lockCanvas
11-05 07:58:30.317 17909 17909 D Surface : lockCanvas
11-05 07:58:30.334 17909 17909 D Surface : lockCanvas
11-05 07:58:30.351 17909 17909 D Surface : lockCanvas
11-05 07:58:30.367 17909 17909 D Surface : lockCanvas
11-05 07:58:30.384 17909 17909 D Surface : lockCanvas
11-05 07:58:30.401 17909 17909 D Surface : lockCanvas
11-05 07:58:30.417 17909 17909 D Surface : lockCanvas
11-05 07:58:30.434 17909 17909 D Surface : lockCanvas
11-05 07:58:30.451 17909 17909 D Surface : lockCanvas
11-05 07:58:30.467 17909 17909 D Surface : lockCanvas
11-05 07:58:30.484 17909 17909 D Surface : lockCanvas
11-05 07:58:30.500 17909 17909 D Surface : lockCanvas
11-05 07:58:30.517 17909 17909 D Surface : lockCanvas
11-05 07:58:30.533 17909 18518 I libPerfCtl: fbcNotifySbeRescue ret=-1
11-05 07:58:32.482 17909 17909 D Surface : lockCanvas
11-05 07:58:32.582 17909 17909 D Surface : lockCanvas
11-05 07:58:32.597 17909 18518 I libPerfCtl: fbcNotifySbeRescue ret=-1
11-05 07:58:32.617 17909 17909 D Surface : lockCanvas
11-05 07:58:32.632 17909 18518 I libPerfCtl: fbcNotifySbeRescue ret=-1
11-05 07:58:32.669 17909 17909 D Surface : lockCanvas
11-05 07:58:32.684 17909 18518 I libPerfCtl: fbcNotifySbeRescue ret=-1
11-05 07:58:32.703 17909 17909 D Surface : lockCanvas
11-05 07:58:32.718 17909 18518 I libPerfCtl: fbcNotifySbeRescue ret=-1
11-05 07:58:32.735 17909 17909 D Surface : lockCanvas
11-05 07:58:32.749 17909 18518 I libPerfCtl: fbcNotifySbeRescue ret=-1
11-05 07:58:32.766 17909 17909 D Surface : lockCanvas
11-05 07:58:32.781 17909 18518 I libPerfCtl: fbcNotifySbeRescue ret=-1
11-05 07:58:32.797 17909 17909 D Surface : lockCanvas
11-05 07:58:32.814 17909 18518 I libPerfCtl: fbcNotifySbeRescue ret=-1
11-05 07:58:32.829 17909 17909 D Surface : lockCanvas
11-05 07:58:32.844 17909 18518 I libPerfCtl: fbcNotifySbeRescue ret=-1
11-05 07:58:32.859 17909 17909 D Surface : lockCanvas
11-05 07:58:32.875 17909 18518 I libPerfCtl: fbcNotifySbeRescue ret=-1
11-05 07:58:32.890 17909 17909 D Surface : lockCanvas
11-05 07:58:32.906 17909 18518 I libPerfCtl: fbcNotifySbeRescue ret=-1
11-05 07:58:32.922 17909 17909 D Surface : lockCanvas
11-05 07:58:32.938 17909 18518 I libPerfCtl: fbcNotifySbeRescue ret=-1
11-05 07:58:32.956 17909 17909 D Surface : lockCanvas
11-05 07:58:32.971 17909 18518 I libPerfCtl: fbcNotifySbeRescue ret=-1
11-05 07:58:32.991 17909 17909 D Surface : lockCanvas
11-05 07:58:33.002 17909 17909 D Surface : lockCanvas
11-05 07:58:33.015 17909 17909 D Surface : lockCanvas
11-05 07:58:33.030 17909 18518 I libPerfCtl: fbcNotifySbeRescue ret=-1
11-05 07:58:33.048 17909 17909 D Surface : lockCanvas
11-05 07:58:33.115 17909 17909 D Surface : lockCanvas
11-05 07:58:33.131 17909 17909 D Surface : lockCanvas
11-05 07:58:33.146 17909 18518 I libPerfCtl: fbcNotifySbeRescue ret=-1
11-05 07:58:33.152 17909 17909 D Surface : lockCanvas
11-05 07:58:33.168 17909 18518 I libPerfCtl: fbcNotifySbeRescue ret=-1
11-05 07:58:33.175 17909 17909 D Surface : lockCanvas
11-05 07:58:33.190 17909 18518 I libPerfCtl: fbcNotifySbeRescue ret=-1
11-05 07:58:33.199 17909 17909 D Surface : lockCanvas
11-05 07:58:33.214 17909 18518 I libPerfCtl: fbcNotifySbeRescue ret=-1
11-05 07:58:33.220 17909 17909 D Surface : lockCanvas
11-05 07:58:33.236 17909 18518 I libPerfCtl: fbcNotifySbeRescue ret=-1
11-05 07:58:33.242 17909 17909 D Surface : lockCanvas
11-05 07:58:33.258 17909 18518 I libPerfCtl: fbcNotifySbeRescue ret=-1
11-05 07:58:33.268 17909 17909 D Surface : lockCanvas
11-05 07:58:33.283 17909 18518 I libPerfCtl: fbcNotifySbeRescue ret=-1
11-05 07:58:33.288 17909 17909 D Surface : lockCanvas
11-05 07:58:33.305 17909 18518 I libPerfCtl: fbcNotifySbeRescue ret=-1
11-05 07:58:33.310 17909 17909 D Surface : lockCanvas
11-05 07:58:33.325 17909 18518 I libPerfCtl: fbcNotifySbeRescue ret=-1
11-05 07:58:33.331 17909 17909 D Surface : lockCanvas
11-05 07:58:33.347 17909 18518 I libPerfCtl: fbcNotifySbeRescue ret=-1
11-05 07:58:33.353 17909 17909 D Surface : lockCanvas
11-05 07:58:33.368 17909 18518 I libPerfCtl: fbcNotifySbeRescue ret=-1
11-05 07:58:33.374 17909 17909 D Surface : lockCanvas
11-05 07:58:33.396 17909 17909 D Surface : lockCanvas
11-05 07:58:33.411 17909 18518 I libPerfCtl: fbcNotifySbeRescue ret=-1
11-05 07:58:33.419 17909 17909 D Surface : lockCanvas
11-05 07:58:33.433 17909 18518 I libPerfCtl: fbcNotifySbeRescue ret=-1
11-05 07:58:33.440 17909 17909 D Surface : lockCanvas
11-05 07:58:33.457 17909 18518 I libPerfCtl: fbcNotifySbeRescue ret=-1
11-05 07:58:33.464 17909 17909 D Surface : lockCanvas
11-05 07:58:33.479 17909 18518 I libPerfCtl: fbcNotifySbeRescue ret=-1
11-05 07:58:33.486 17909 17909 D Surface : lockCanvas
11-05 07:58:33.503 17909 18518 I libPerfCtl: fbcNotifySbeRescue ret=-1
11-05 07:58:33.509 17909 17909 D Surface : lockCanvas
11-05 07:58:33.524 17909 18518 I libPerfCtl: fbcNotifySbeRescue ret=-1
11-05 07:58:33.531 17909 17909 D Surface : lockCanvas
11-05 07:58:33.547 17909 18518 I libPerfCtl: fbcNotifySbeRescue ret=-1
11-05 07:58:33.551 17909 17909 D Surface : lockCanvas
11-05 07:58:33.564 17909 17909 D Surface : lockCanvas
11-05 07:58:33.581 17909 17909 D Surface : lockCanvas
11-05 07:58:33.597 17909 17909 D Surface : lockCanvas
11-05 07:58:33.614 17909 17909 D Surface : lockCanvas
11-05 07:58:33.631 17909 17909 D Surface : lockCanvas
11-05 07:58:33.647 17909 17909 D Surface : lockCanvas
11-05 07:58:33.664 17909 17909 D Surface : lockCanvas
11-05 07:58:33.680 17909 17909 D Surface : lockCanvas
11-05 07:58:33.697 17909 17909 D Surface : lockCanvas
11-05 07:58:33.714 17909 17909 D Surface : lockCanvas
11-05 07:58:33.732 17909 17909 D Surface : lockCanvas
11-05 07:58:33.747 17909 17909 D Surface : lockCanvas
11-05 07:58:33.765 17909 17909 D Surface : lockCanvas
11-05 07:58:33.781 17909 17909 D Surface : lockCanvas
11-05 07:58:33.797 17909 17909 D Surface : lockCanvas
11-05 07:58:33.815 17909 17909 D Surface : lockCanvas
11-05 07:58:33.832 17909 17909 D Surface : lockCanvas
11-05 07:58:33.847 17909 18518 I libPerfCtl: fbcNotifySbeRescue ret=-1
11-05 07:58:33.851 17909 17909 D Surface : lockCanvas
11-05 07:58:33.865 17909 17909 D Surface : lockCanvas
11-05 07:58:33.881 17909 17909 D Surface : lockCanvas
11-05 07:58:33.965 17909 17909 D Surface : lockCanvas
11-05 07:58:33.981 17909 18518 I libPerfCtl: fbcNotifySbeRescue ret=-1
11-05 07:58:33.990 17909 17909 D Surface : lockCanvas
11-05 07:58:34.005 17909 17909 D Surface : lockCanvas
11-05 07:58:34.019 17909 17909 D Surface : lockCanvas
11-05 07:58:34.035 17909 18518 I libPerfCtl: fbcNotifySbeRescue ret=-1
11-05 07:58:34.041 17909 17909 D Surface : lockCanvas
11-05 07:58:34.055 17909 17909 D Surface : lockCanvas
11-05 07:58:34.071 17909 17909 D Surface : lockCanvas
11-05 07:58:34.089 17909 17909 D Surface : lockCanvas
11-05 07:58:34.106 17909 17909 D Surface : lockCanvas
11-05 07:58:34.122 17909 17909 D Surface : lockCanvas
11-05 07:58:34.138 17909 17909 D Surface : lockCanvas
11-05 07:58:34.155 17909 17909 D Surface : lockCanvas
11-05 07:58:34.172 17909 17909 D Surface : lockCanvas
11-05 07:58:34.187 17909 18518 I libPerfCtl: fbcNotifySbeRescue ret=-1
11-05 07:58:34.188 17909 17909 D Surface : lockCanvas
11-05 07:58:34.205 17909 17909 D Surface : lockCanvas
11-05 07:58:34.221 17909 17909 D Surface : lockCanvas
11-05 07:58:34.238 17909 18518 I libPerfCtl: fbcNotifySbeRescue ret=-1
11-05 07:58:34.241 17909 17909 D Surface : lockCanvas
11-05 07:58:34.255 17909 17909 D Surface : lockCanvas
11-05 07:58:34.269 17909 18518 I libPerfCtl: fbcNotifySbeRescue ret=-1
11-05 07:58:34.273 17909 17909 D Surface : lockCanvas
11-05 07:58:34.287 17909 17909 D Surface : lockCanvas
11-05 07:58:34.303 17909 18518 I libPerfCtl: fbcNotifySbeRescue ret=-1
11-05 07:58:34.305 17909 17909 D Surface : lockCanvas
11-05 07:58:34.321 17909 18518 I libPerfCtl: fbcNotifySbeRescue ret=-1
11-05 07:58:34.323 17909 17909 D Surface : lockCanvas
11-05 07:58:34.337 17909 17909 D Surface : lockCanvas
11-05 07:58:34.353 17909 18518 I libPerfCtl: fbcNotifySbeRescue ret=-1
11-05 07:58:34.362 17909 17909 D Surface : lockCanvas
11-05 07:58:34.374 17909 17909 D Surface : lockCanvas
11-05 07:58:34.387 17909 17909 D Surface : lockCanvas
11-05 07:58:34.404 17909 17909 D Surface : lockCanvas
11-05 07:58:34.419 17909 18518 I libPerfCtl: fbcNotifySbeRescue ret=-1
11-05 07:58:34.422 17909 17909 D Surface : lockCanvas
11-05 07:58:34.437 17909 18518 I libPerfCtl: fbcNotifySbeRescue ret=-1
11-05 07:58:34.440 17909 17909 D Surface : lockCanvas
11-05 07:58:34.454 17909 17909 D Surface : lockCanvas
11-05 07:58:34.469 17909 18518 I libPerfCtl: fbcNotifySbeRescue ret=-1
11-05 07:58:34.472 17909 17909 D Surface : lockCanvas
11-05 07:58:34.488 17909 17909 D Surface : lockCanvas
11-05 07:58:34.504 17909 17909 D Surface : lockCanvas
11-05 07:58:34.520 17909 17909 D Surface : lockCanvas
11-05 07:58:34.535 17909 18518 I libPerfCtl: fbcNotifySbeRescue ret=-1
11-05 07:58:34.536 17909 17909 D Surface : lockCanvas
11-05 07:58:34.553 17909 17909 D Surface : lockCanvas
11-05 07:58:34.568 17909 18518 I libPerfCtl: fbcNotifySbeRescue ret=-1
11-05 07:58:34.573 17909 17909 D Surface : lockCanvas
11-05 07:58:34.588 17909 17909 D Surface : lockCanvas
11-05 07:58:34.604 17909 18518 I libPerfCtl: fbcNotifySbeRescue ret=-1
11-05 07:58:34.615 17909 17909 D Surface : lockCanvas
11-05 07:58:34.632 17909 18518 I libPerfCtl: fbcNotifySbeRescue ret=-1
11-05 07:58:34.638 17909 17909 D Surface : lockCanvas
11-05 07:58:34.653 17909 18518 I libPerfCtl: fbcNotifySbeRescue ret=-1
11-05 07:58:34.661 17909 17909 D Surface : lockCanvas
11-05 07:58:34.676 17909 18518 I libPerfCtl: fbcNotifySbeRescue ret=-1
11-05 07:58:34.688 17909 17909 D Surface : lockCanvas
11-05 07:58:34.704 17909 18518 I libPerfCtl: fbcNotifySbeRescue ret=-1
11-05 07:58:34.711 17909 17909 D Surface : lockCanvas
11-05 07:58:34.726 17909 18518 I libPerfCtl: fbcNotifySbeRescue ret=-1
11-05 07:58:34.733 17909 17909 D Surface : lockCanvas
11-05 07:58:34.749 17909 18518 I libPerfCtl: fbcNotifySbeRescue ret=-1
11-05 07:58:34.756 17909 17909 D Surface : lockCanvas
11-05 07:58:34.771 17909 18518 I libPerfCtl: fbcNotifySbeRescue ret=-1
11-05 07:58:34.778 17909 17909 D Surface : lockCanvas
11-05 07:58:34.794 17909 18518 I libPerfCtl: fbcNotifySbeRescue ret=-1
11-05 07:58:34.803 17909 17909 D Surface : lockCanvas
11-05 07:58:34.818 17909 18518 I libPerfCtl: fbcNotifySbeRescue ret=-1
11-05 07:58:34.826 17909 17909 D Surface : lockCanvas
11-05 07:58:34.841 17909 18518 I libPerfCtl: fbcNotifySbeRescue ret=-1
11-05 07:58:34.853 17909 17909 D Surface : lockCanvas
11-05 07:58:34.868 17909 18518 I libPerfCtl: fbcNotifySbeRescue ret=-1
11-05 07:58:34.877 17909 17909 D Surface : lockCanvas
11-05 07:58:34.893 17909 18518 I libPerfCtl: fbcNotifySbeRescue ret=-1
11-05 07:58:34.900 17909 17909 D Surface : lockCanvas
11-05 07:58:34.916 17909 18518 I libPerfCtl: fbcNotifySbeRescue ret=-1
11-05 07:58:34.923 17909 17909 D Surface : lockCanvas
11-05 07:58:34.939 17909 18518 I libPerfCtl: fbcNotifySbeRescue ret=-1
11-05 07:58:34.949 17909 17909 D Surface : lockCanvas
11-05 07:58:34.964 17909 18518 I libPerfCtl: fbcNotifySbeRescue ret=-1
11-05 07:58:34.972 17909 17909 D Surface : lockCanvas
11-05 07:58:34.983 17909 17909 D Surface : lockCanvas
11-05 07:58:34.996 17909 17909 D Surface : lockCanvas
11-05 07:58:35.012 17909 18518 I libPerfCtl: fbcNotifySbeRescue ret=-1
11-05 07:58:35.096 17909 17909 D Surface : lockCanvas
11-05 07:58:35.111 17909 18518 I libPerfCtl: fbcNotifySbeRescue ret=-1
11-05 07:58:35.113 17909 17909 D Surface : lockCanvas
11-05 07:58:35.129 17909 18518 I libPerfCtl: fbcNotifySbeRescue ret=-1
11-05 07:58:35.145 17909 17909 D Surface : lockCanvas
11-05 07:58:35.161 17909 18518 I libPerfCtl: fbcNotifySbeRescue ret=-1
11-05 07:58:35.174 17909 17909 D Surface : lockCanvas
11-05 07:58:35.189 17909 18518 I libPerfCtl: fbcNotifySbeRescue ret=-1
11-05 07:58:35.198 17909 17909 D Surface : lockCanvas
11-05 07:58:35.213 17909 18518 I libPerfCtl: fbcNotifySbeRescue ret=-1
11-05 07:58:35.222 17909 17909 D Surface : lockCanvas
11-05 07:58:35.237 17909 18518 I libPerfCtl: fbcNotifySbeRescue ret=-1
11-05 07:58:35.243 17909 17909 D Surface : lockCanvas
11-05 07:58:35.259 17909 18518 I libPerfCtl: fbcNotifySbeRescue ret=-1
11-05 07:58:35.265 17909 17909 D Surface : lockCanvas
11-05 07:58:35.281 17909 18518 I libPerfCtl: fbcNotifySbeRescue ret=-1
11-05 07:58:35.288 17909 17909 D Surface : lockCanvas
11-05 07:58:35.303 17909 18518 I libPerfCtl: fbcNotifySbeRescue ret=-1
11-05 07:58:35.309 17909 17909 D Surface : lockCanvas
11-05 07:58:35.325 17909 18518 I libPerfCtl: fbcNotifySbeRescue ret=-1
11-05 07:58:35.331 17909 17909 D Surface : lockCanvas
11-05 07:58:35.347 17909 18518 I libPerfCtl: fbcNotifySbeRescue ret=-1
11-05 07:58:35.354 17909 17909 D Surface : lockCanvas
11-05 07:58:35.370 17909 18518 I libPerfCtl: fbcNotifySbeRescue ret=-1
11-05 07:58:35.377 17909 17909 D Surface : lockCanvas
11-05 07:58:35.392 17909 18518 I libPerfCtl: fbcNotifySbeRescue ret=-1
11-05 07:58:35.399 17909 17909 D Surface : lockCanvas
11-05 07:58:35.415 17909 18518 I libPerfCtl: fbcNotifySbeRescue ret=-1
11-05 07:58:35.423 17909 17909 D Surface : lockCanvas
11-05 07:58:35.439 17909 18518 I libPerfCtl: fbcNotifySbeRescue ret=-1
11-05 07:58:35.447 17909 17909 D Surface : lockCanvas
11-05 07:58:35.463 17909 18518 I libPerfCtl: fbcNotifySbeRescue ret=-1
11-05 07:58:35.469 17909 17909 D Surface : lockCanvas
11-05 07:58:35.484 17909 18518 I libPerfCtl: fbcNotifySbeRescue ret=-1
11-05 07:58:35.492 17909 17909 D Surface : lockCanvas
11-05 07:58:35.507 17909 18518 I libPerfCtl: fbcNotifySbeRescue ret=-1
11-05 07:58:35.514 17909 17909 D Surface : lockCanvas
11-05 07:58:35.529 17909 18518 I libPerfCtl: fbcNotifySbeRescue ret=-1
11-05 07:58:35.534 17909 17909 D Surface : lockCanvas
11-05 07:58:35.562 17909 17909 D Surface : lockCanvas
11-05 07:58:35.578 17909 17909 D Surface : lockCanvas
11-05 07:58:35.595 17909 17909 D Surface : lockCanvas
11-05 07:58:35.612 17909 17909 D Surface : lockCanvas
11-05 07:58:35.630 17909 17909 D Surface : lockCanvas
11-05 07:58:35.647 17909 17909 D Surface : lockCanvas
11-05 07:58:35.662 17909 17909 D Surface : lockCanvas
11-05 07:58:35.679 17909 17909 D Surface : lockCanvas
11-05 07:58:35.695 17909 17909 D Surface : lockCanvas
11-05 07:58:35.713 17909 17909 D Surface : lockCanvas
11-05 07:58:35.729 17909 17909 D Surface : lockCanvas
11-05 07:58:35.745 17909 17909 D Surface : lockCanvas
11-05 07:58:35.762 17909 17909 D Surface : lockCanvas
11-05 07:58:35.778 17909 17909 D Surface : lockCanvas
11-05 07:58:35.795 17909 17909 D Surface : lockCanvas
11-05 07:58:35.812 17909 17909 D Surface : lockCanvas
11-05 07:58:35.828 17909 17909 D Surface : lockCanvas
11-05 07:58:35.845 17909 17909 D Surface : lockCanvas
11-05 07:58:35.861 17909 17909 D Surface : lockCanvas
11-05 07:58:35.946 17909 17909 D Surface : lockCanvas
11-05 07:58:35.960 17909 18518 I libPerfCtl: fbcNotifySbeRescue ret=-1
11-05 07:58:35.971 17909 17909 D Surface : lockCanvas
11-05 07:58:35.988 17909 18518 I libPerfCtl: fbcNotifySbeRescue ret=-1
11-05 07:58:35.990 17909 17909 D Surface : lockCanvas
11-05 07:58:36.006 17909 17909 D Surface : lockCanvas
11-05 07:58:36.023 17909 17909 D Surface : lockCanvas
11-05 07:58:36.040 17909 17909 D Surface : lockCanvas
11-05 07:58:36.054 17909 18518 I libPerfCtl: fbcNotifySbeRescue ret=-1
11-05 07:58:36.056 17909 17909 D Surface : lockCanvas
11-05 07:58:36.072 17909 17909 D Surface : lockCanvas
11-05 07:58:36.087 17909 18518 I libPerfCtl: fbcNotifySbeRescue ret=-1
11-05 07:58:36.089 17909 17909 D Surface : lockCanvas
11-05 07:58:36.104 17909 18518 I libPerfCtl: fbcNotifySbeRescue ret=-1
11-05 07:58:36.106 17909 17909 D Surface : lockCanvas
11-05 07:58:36.121 17909 18518 I libPerfCtl: fbcNotifySbeRescue ret=-1
11-05 07:58:36.123 17909 17909 D Surface : lockCanvas
11-05 07:58:36.138 17909 17909 D Surface : lockCanvas
11-05 07:58:36.154 17909 17909 D Surface : lockCanvas
11-05 07:58:36.169 17909 18518 I libPerfCtl: fbcNotifySbeRescue ret=-1
11-05 07:58:36.172 17909 17909 D Surface : lockCanvas
11-05 07:58:36.188 17909 17909 D Surface : lockCanvas
11-05 07:58:36.203 17909 18518 I libPerfCtl: fbcNotifySbeRescue ret=-1
11-05 07:58:36.206 17909 17909 D Surface : lockCanvas
11-05 07:58:36.221 17909 17909 D Surface : lockCanvas
11-05 07:58:36.237 17909 18518 I libPerfCtl: fbcNotifySbeRescue ret=-1
11-05 07:58:36.240 17909 17909 D Surface : lockCanvas
11-05 07:58:36.255 17909 17909 D Surface : lockCanvas
11-05 07:58:36.271 17909 17909 D Surface : lockCanvas
11-05 07:58:36.288 17909 17909 D Surface : lockCanvas
11-05 07:58:36.305 17909 17909 D Surface : lockCanvas
11-05 07:58:36.320 17909 18518 I libPerfCtl: fbcNotifySbeRescue ret=-1
11-05 07:58:36.321 17909 17909 D Surface : lockCanvas
11-05 07:58:36.338 17909 18518 I libPerfCtl: fbcNotifySbeRescue ret=-1
11-05 07:58:36.339 17909 17909 D Surface : lockCanvas
11-05 07:58:36.353 17909 17909 D Surface : lockCanvas
11-05 07:58:36.369 17909 17909 D Surface : lockCanvas
11-05 07:58:36.387 17909 17909 D Surface : lockCanvas
11-05 07:58:36.404 17909 17909 D Surface : lockCanvas
11-05 07:58:36.420 17909 17909 D Surface : lockCanvas
11-05 07:58:36.437 17909 17909 D Surface : lockCanvas
11-05 07:58:36.454 17909 17909 D Surface : lockCanvas
11-05 07:58:36.470 17909 17909 D Surface : lockCanvas
11-05 07:58:36.484 17909 18518 I libPerfCtl: fbcNotifySbeRescue ret=-1
11-05 07:58:36.487 17909 17909 D Surface : lockCanvas
11-05 07:58:36.503 17909 17909 D Surface : lockCanvas
11-05 07:58:36.518 17909 18518 I libPerfCtl: fbcNotifySbeRescue ret=-1
11-05 07:58:36.521 17909 17909 D Surface : lockCanvas
11-05 07:58:36.537 17909 18518 I libPerfCtl: fbcNotifySbeRescue ret=-1
11-05 07:58:36.538 17909 17909 D Surface : lockCanvas
11-05 07:58:36.554 17909 17909 D Surface : lockCanvas
11-05 07:58:36.569 17909 17909 D Surface : lockCanvas
11-05 07:58:36.584 17909 18518 I libPerfCtl: fbcNotifySbeRescue ret=-1
11-05 07:58:36.587 17909 17909 D Surface : lockCanvas
11-05 07:58:36.607 17909 17909 D Surface : lockCanvas
11-05 07:58:36.621 17909 17909 D Surface : lockCanvas
11-05 07:58:36.636 17909 17909 D Surface : lockCanvas
11-05 07:58:36.653 17909 18518 I libPerfCtl: fbcNotifySbeRescue ret=-1
11-05 07:58:36.655 17909 17909 D Surface : lockCanvas
11-05 07:58:36.670 17909 17909 D Surface : lockCanvas
11-05 07:58:36.688 17909 17909 D Surface : lockCanvas
11-05 07:58:36.703 17909 17909 D Surface : lockCanvas
11-05 07:58:36.719 17909 17909 D Surface : lockCanvas
11-05 07:58:36.736 17909 17909 D Surface : lockCanvas
11-05 07:58:36.751 17909 17909 D Surface : lockCanvas
11-05 07:58:36.766 17909 18518 I libPerfCtl: fbcNotifySbeRescue ret=-1
11-05 07:58:36.767 17909 17909 D Surface : lockCanvas
11-05 07:58:36.782 17909 18518 I libPerfCtl: fbcNotifySbeRescue ret=-1
11-05 07:58:36.784 17909 17909 D Surface : lockCanvas
11-05 07:58:36.810 17909 17909 D Surface : lockCanvas
11-05 07:58:36.825 17909 18518 I libPerfCtl: fbcNotifySbeRescue ret=-1
11-05 07:58:36.826 17909 17909 D Surface : lockCanvas
11-05 07:58:36.843 17909 18518 I libPerfCtl: fbcNotifySbeRescue ret=-1
11-05 07:58:36.853 17909 17909 D Surface : lockCanvas
11-05 07:58:36.869 17909 18518 I libPerfCtl: fbcNotifySbeRescue ret=-1
11-05 07:58:36.877 17909 17909 D Surface : lockCanvas
11-05 07:58:36.901 17909 17909 D Surface : lockCanvas
11-05 07:58:36.917 17909 18518 I libPerfCtl: fbcNotifySbeRescue ret=-1
11-05 07:58:36.927 17909 17909 D Surface : lockCanvas
11-05 07:58:36.942 17909 18518 I libPerfCtl: fbcNotifySbeRescue ret=-1
11-05 07:58:36.952 17909 17909 D Surface : lockCanvas
11-05 07:58:36.976 17909 17909 D Surface : lockCanvas
11-05 07:58:36.993 17909 18518 I libPerfCtl: fbcNotifySbeRescue ret=-1
11-05 07:58:37.000 17909 17909 D Surface : lockCanvas
11-05 07:58:37.017 17909 18518 I libPerfCtl: fbcNotifySbeRescue ret=-1
11-05 07:58:37.025 17909 17909 D Surface : lockCanvas
11-05 07:58:37.041 17909 18518 I libPerfCtl: fbcNotifySbeRescue ret=-1
11-05 07:58:37.049 17909 17909 D Surface : lockCanvas
11-05 07:58:37.065 17909 18518 I libPerfCtl: fbcNotifySbeRescue ret=-1
11-05 07:58:37.074 17909 17909 D Surface : lockCanvas
11-05 07:58:37.089 17909 18518 I libPerfCtl: fbcNotifySbeRescue ret=-1
11-05 07:58:37.101 17909 17909 D Surface : lockCanvas
11-05 07:58:37.127 17909 17909 D Surface : lockCanvas
11-05 07:58:37.142 17909 18518 I libPerfCtl: fbcNotifySbeRescue ret=-1
11-05 07:58:37.153 17909 17909 D Surface : lockCanvas
11-05 07:58:37.167 17909 18518 I libPerfCtl: fbcNotifySbeRescue ret=-1
11-05 07:58:37.177 17909 17909 D Surface : lockCanvas
11-05 07:58:37.194 17909 18518 I libPerfCtl: fbcNotifySbeRescue ret=-1
11-05 07:58:37.202 17909 17909 D Surface : lockCanvas
11-05 07:58:37.217 17909 18518 I libPerfCtl: fbcNotifySbeRescue ret=-1
11-05 07:58:37.226 17909 17909 D Surface : lockCanvas
11-05 07:58:37.243 17909 17909 D Surface : lockCanvas
11-05 07:58:37.260 17909 17909 D Surface : lockCanvas
11-05 07:58:37.343 17909 17909 D Surface : lockCanvas
11-05 07:58:37.358 17909 18518 I libPerfCtl: fbcNotifySbeRescue ret=-1
11-05 07:58:37.364 17909 17909 D Surface : lockCanvas
11-05 07:58:37.381 17909 18518 I libPerfCtl: fbcNotifySbeRescue ret=-1
11-05 07:58:37.397 17909 17909 D Surface : lockCanvas
11-05 07:58:37.413 17909 18518 I libPerfCtl: fbcNotifySbeRescue ret=-1
11-05 07:58:37.423 17909 17909 D Surface : lockCanvas
11-05 07:58:37.440 17909 18518 I libPerfCtl: fbcNotifySbeRescue ret=-1
11-05 07:58:37.446 17909 17909 D Surface : lockCanvas
11-05 07:58:37.462 17909 18518 I libPerfCtl: fbcNotifySbeRescue ret=-1
11-05 07:58:37.468 17909 17909 D Surface : lockCanvas
11-05 07:58:37.484 17909 18518 I libPerfCtl: fbcNotifySbeRescue ret=-1
11-05 07:58:37.490 17909 17909 D Surface : lockCanvas
11-05 07:58:37.505 17909 18518 I libPerfCtl: fbcNotifySbeRescue ret=-1
11-05 07:58:37.512 17909 17909 D Surface : lockCanvas
11-05 07:58:37.527 17909 18518 I libPerfCtl: fbcNotifySbeRescue ret=-1
11-05 07:58:37.535 17909 17909 D Surface : lockCanvas
11-05 07:58:37.551 17909 18518 I libPerfCtl: fbcNotifySbeRescue ret=-1
11-05 07:58:37.557 17909 17909 D Surface : lockCanvas
11-05 07:58:37.572 17909 18518 I libPerfCtl: fbcNotifySbeRescue ret=-1
11-05 07:58:37.582 17909 17909 D Surface : lockCanvas
11-05 07:58:37.597 17909 18518 I libPerfCtl: fbcNotifySbeRescue ret=-1
11-05 07:58:37.604 17909 17909 D Surface : lockCanvas
11-05 07:58:37.619 17909 18518 I libPerfCtl: fbcNotifySbeRescue ret=-1
11-05 07:58:37.627 17909 17909 D Surface : lockCanvas
11-05 07:58:37.643 17909 18518 I libPerfCtl: fbcNotifySbeRescue ret=-1
11-05 07:58:37.652 17909 17909 D Surface : lockCanvas
11-05 07:58:37.673 17909 17909 D Surface : lockCanvas
11-05 07:58:37.690 17909 18518 I libPerfCtl: fbcNotifySbeRescue ret=-1
11-05 07:58:37.695 17909 17909 D Surface : lockCanvas
11-05 07:58:37.717 17909 17909 D Surface : lockCanvas
11-05 07:58:37.734 17909 18518 I libPerfCtl: fbcNotifySbeRescue ret=-1
11-05 07:58:37.743 17909 17909 D Surface : lockCanvas
11-05 07:58:37.758 17909 18518 I libPerfCtl: fbcNotifySbeRescue ret=-1
11-05 07:58:37.771 17909 17909 D Surface : lockCanvas
11-05 07:58:37.781 17909 18518 I libPerfCtl: fbcNotifySbeRescue ret=-1
11-05 07:58:37.793 17909 17909 D Surface : lockCanvas
11-05 07:58:37.809 17909 17909 D Surface : lockCanvas
11-05 07:58:37.826 17909 17909 D Surface : lockCanvas
11-05 07:58:37.843 17909 17909 D Surface : lockCanvas
11-05 07:58:37.859 17909 17909 D Surface : lockCanvas
11-05 07:58:37.876 17909 17909 D Surface : lockCanvas
11-05 07:58:37.893 17909 17909 D Surface : lockCanvas
11-05 07:58:37.909 17909 17909 D Surface : lockCanvas
11-05 07:58:37.926 17909 17909 D Surface : lockCanvas
11-05 07:58:37.942 17909 17909 D Surface : lockCanvas
11-05 07:58:37.959 17909 17909 D Surface : lockCanvas
11-05 07:58:37.975 17909 17909 D Surface : lockCanvas
11-05 07:58:37.992 17909 17909 D Surface : lockCanvas
11-05 07:58:38.009 17909 17909 D Surface : lockCanvas
11-05 07:58:38.025 17909 17909 D Surface : lockCanvas
11-05 07:58:38.042 17909 17909 D Surface : lockCanvas
11-05 07:58:38.059 17909 17909 D Surface : lockCanvas
11-05 07:58:38.076 17909 17909 D Surface : lockCanvas
11-05 07:58:38.092 17909 17909 D Surface : lockCanvas
11-05 07:58:38.109 17909 17909 D Surface : lockCanvas
11-05 07:58:38.176 17909 17909 D Surface : lockCanvas
11-05 07:58:38.192 17909 18518 I libPerfCtl: fbcNotifySbeRescue ret=-1
11-05 07:58:38.198 17909 17909 D Surface : lockCanvas
11-05 07:58:38.213 17909 18518 I libPerfCtl: fbcNotifySbeRescue ret=-1
11-05 07:58:38.219 17909 17909 D Surface : lockCanvas
11-05 07:58:38.234 17909 18518 I libPerfCtl: fbcNotifySbeRescue ret=-1
11-05 07:58:38.238 17909 17909 D Surface : lockCanvas
11-05 07:58:38.251 17909 18518 I libPerfCtl: fbcNotifySbeRescue ret=-1
11-05 07:58:38.256 17909 17909 D Surface : lockCanvas
11-05 07:58:38.270 17909 17909 D Surface : lockCanvas
11-05 07:58:38.285 17909 17909 D Surface : lockCanvas
11-05 07:58:38.301 17909 17909 D Surface : lockCanvas
11-05 07:58:38.316 17909 18518 I libPerfCtl: fbcNotifySbeRescue ret=-1
11-05 07:58:38.317 17909 17909 D Surface : lockCanvas
11-05 07:58:38.334 17909 17909 D Surface : lockCanvas
11-05 07:58:38.350 17909 18518 I libPerfCtl: fbcNotifySbeRescue ret=-1
11-05 07:58:38.353 17909 17909 D Surface : lockCanvas
11-05 07:58:38.368 17909 17909 D Surface : lockCanvas
11-05 07:58:38.383 17909 18518 I libPerfCtl: fbcNotifySbeRescue ret=-1
11-05 07:58:38.385 17909 17909 D Surface : lockCanvas
11-05 07:58:38.401 17909 17909 D Surface : lockCanvas
11-05 07:58:38.417 17909 17909 D Surface : lockCanvas
11-05 07:58:38.432 17909 18518 I libPerfCtl: fbcNotifySbeRescue ret=-1
11-05 07:58:38.435 17909 17909 D Surface : lockCanvas
11-05 07:58:38.450 17909 18518 I libPerfCtl: fbcNotifySbeRescue ret=-1
11-05 07:58:38.453 17909 17909 D Surface : lockCanvas
11-05 07:58:38.468 17909 17909 D Surface : lockCanvas
11-05 07:58:38.484 17909 17909 D Surface : lockCanvas
11-05 07:58:38.499 17909 18518 I libPerfCtl: fbcNotifySbeRescue ret=-1
11-05 07:58:38.500 17909 17909 D Surface : lockCanvas
11-05 07:58:38.517 17909 17909 D Surface : lockCanvas
11-05 07:58:38.535 17909 17909 D Surface : lockCanvas
11-05 07:58:38.551 17909 18518 I libPerfCtl: fbcNotifySbeRescue ret=-1
11-05 07:58:38.552 17909 17909 D Surface : lockCanvas
11-05 07:58:38.567 17909 17909 D Surface : lockCanvas
11-05 07:58:38.583 17909 18518 I libPerfCtl: fbcNotifySbeRescue ret=-1
11-05 07:58:38.585 17909 17909 D Surface : lockCanvas
11-05 07:58:38.601 17909 17909 D Surface : lockCanvas
11-05 07:58:38.619 17909 17909 D Surface : lockCanvas
11-05 07:58:38.635 17909 17909 D Surface : lockCanvas
11-05 07:58:38.652 17909 17909 D Surface : lockCanvas
11-05 07:58:38.669 17909 17909 D Surface : lockCanvas
11-05 07:58:38.684 17909 17909 D Surface : lockCanvas
11-05 07:58:38.700 17909 17909 D Surface : lockCanvas
11-05 07:58:38.716 17909 18518 I libPerfCtl: fbcNotifySbeRescue ret=-1
11-05 07:58:38.717 17909 17909 D Surface : lockCanvas
11-05 07:58:38.735 17909 17909 D Surface : lockCanvas
11-05 07:58:38.750 17909 18518 I libPerfCtl: fbcNotifySbeRescue ret=-1
11-05 07:58:38.751 17909 17909 D Surface : lockCanvas
11-05 07:58:38.766 17909 17909 D Surface : lockCanvas
11-05 07:58:38.782 17909 18518 I libPerfCtl: fbcNotifySbeRescue ret=-1
11-05 07:58:38.784 17909 17909 D Surface : lockCanvas
11-05 07:58:38.800 17909 17909 D Surface : lockCanvas
11-05 07:58:38.816 17909 18518 I libPerfCtl: fbcNotifySbeRescue ret=-1
11-05 07:58:38.819 17909 17909 D Surface : lockCanvas
11-05 07:58:38.836 17909 17909 D Surface : lockCanvas
11-05 07:58:38.849 17909 18518 I libPerfCtl: fbcNotifySbeRescue ret=-1
11-05 07:58:38.852 17909 17909 D Surface : lockCanvas
11-05 07:58:38.866 17909 18518 I libPerfCtl: fbcNotifySbeRescue ret=-1
11-05 07:58:38.876 17909 17909 D Surface : lockCanvas
11-05 07:58:38.892 17909 18518 I libPerfCtl: fbcNotifySbeRescue ret=-1
11-05 07:58:38.902 17909 18518 I libPerfCtl: fbcNotifySbeRescue ret=-1
11-05 07:58:38.927 17909 17909 D Surface : lockCanvas
11-05 07:58:38.941 17909 17909 D Surface : lockCanvas
11-05 07:58:38.957 17909 17909 D Surface : lockCanvas
11-05 07:58:38.974 17909 17909 D Surface : lockCanvas
11-05 07:58:38.991 17909 17909 D Surface : lockCanvas
11-05 07:58:39.007 17909 17909 D Surface : lockCanvas
11-05 07:58:39.024 17909 17909 D Surface : lockCanvas
11-05 07:58:39.041 17909 17909 D Surface : lockCanvas
11-05 07:58:39.057 17909 17909 D Surface : lockCanvas
11-05 07:58:39.068 17909 17909 D checklines: 30
11-05 07:58:39.069 17909 17909 D checklines: max= 246
11-05 07:58:39.070 17909 17909 D checklines: lines = 8 onewordheight =30
textheight = 240 totalheight502 scrollview geight = 742
11-05 07:58:39.070 17909 17909 D checklines: max= 246
11-05 07:58:39.077 17909 17909 D speedScrollViw: delay =27
11-05 07:58:39.077 17909 17909 D speedScrollViw: period =27
11-05 07:58:39.079 17909 17909 D speedScrollViw: delay =27
11-05 07:58:39.079 17909 17909 D speedScrollViw: period =27
11-05 07:58:39.085 17909 17909 D Surface : lockCanvas
11-05 07:58:39.099 17909 18518 I libPerfCtl: fbcNotifySbeRescue ret=-1
11-05 07:58:39.107 17909 17909 D Surface : lockCanvas
11-05 07:58:39.122 17909 18518 I libPerfCtl: fbcNotifySbeRescue ret=-1
11-05 07:58:39.131 17909 17909 D checklines: moveScrollView to 1 to 246 : 1
11-05 07:58:39.132 17909 17909 D Surface : lockCanvas
11-05 07:58:39.146 17909 18518 I libPerfCtl: fbcNotifySbeRescue ret=-1
11-05 07:58:39.158 17909 17909 D checklines: moveScrollView to 1 to 246 : 2
11-05 07:58:39.159 17909 17909 D Surface : lockCanvas
11-05 07:58:39.174 17909 18518 I libPerfCtl: fbcNotifySbeRescue ret=-1
11-05 07:58:39.183 17909 17909 D checklines: moveScrollView to 1 to 246 : 3
11-05 07:58:39.184 17909 17909 D Surface : lockCanvas
11-05 07:58:39.199 17909 18518 I libPerfCtl: fbcNotifySbeRescue ret=-1
11-05 07:58:39.208 17909 17909 D checklines: moveScrollView to 1 to 246 : 4
11-05 07:58:39.209 17909 17909 D Surface : lockCanvas
11-05 07:58:39.225 17909 18518 I libPerfCtl: fbcNotifySbeRescue ret=-1
11-05 07:58:39.235 17909 17909 D Surface : lockCanvas
11-05 07:58:39.250 17909 18518 I libPerfCtl: fbcNotifySbeRescue ret=-1
11-05 07:58:39.260 17909 17909 D checklines: moveScrollView to 1 to 246 : 5
11-05 07:58:39.261 17909 17909 D Surface : lockCanvas
11-05 07:58:39.276 17909 18518 I libPerfCtl: fbcNotifySbeRescue ret=-1
11-05 07:58:39.287 17909 17909 D checklines: moveScrollView to 1 to 246 : 6
11-05 07:58:39.288 17909 17909 D Surface : lockCanvas
11-05 07:58:39.303 17909 18518 I libPerfCtl: fbcNotifySbeRescue ret=-1
11-05 07:58:39.313 17909 17909 D checklines: moveScrollView to 1 to 246 : 7
11-05 07:58:39.314 17909 17909 D Surface : lockCanvas
11-05 07:58:39.329 17909 18518 I libPerfCtl: fbcNotifySbeRescue ret=-1
11-05 07:58:39.340 17909 17909 D checklines: moveScrollView to 1 to 246 : 8
11-05 07:58:39.341 17909 17909 D Surface : lockCanvas
11-05 07:58:39.357 17909 18518 I libPerfCtl: fbcNotifySbeRescue ret=-1
11-05 07:58:39.365 17909 17909 D checklines: moveScrollView to 1 to 246 : 9
11-05 07:58:39.366 17909 17909 D Surface : lockCanvas
11-05 07:58:39.382 17909 18518 I libPerfCtl: fbcNotifySbeRescue ret=-1
11-05 07:58:39.391 17909 17909 D checklines: moveScrollView to 1 to 246 : 10
11-05 07:58:39.391 17909 17909 D Surface : lockCanvas
11-05 07:58:39.407 17909 18518 I libPerfCtl: fbcNotifySbeRescue ret=-1
11-05 07:58:39.415 17909 17909 D checklines: moveScrollView to 1 to 246 : 11
11-05 07:58:39.416 17909 17909 D Surface : lockCanvas
11-05 07:58:39.431 17909 18518 I libPerfCtl: fbcNotifySbeRescue ret=-1
11-05 07:58:39.439 17909 17909 D checklines: moveScrollView to 1 to 246 : 12
11-05 07:58:39.440 17909 17909 D Surface : lockCanvas
11-05 07:58:39.455 17909 18518 I libPerfCtl: fbcNotifySbeRescue ret=-1
11-05 07:58:39.463 17909 17909 D checklines: moveScrollView to 1 to 246 : 13
11-05 07:58:39.464 17909 17909 D Surface : lockCanvas
11-05 07:58:39.479 17909 18518 I libPerfCtl: fbcNotifySbeRescue ret=-1
11-05 07:58:39.491 17909 17909 D checklines: moveScrollView to 1 to 246 : 14
11-05 07:58:39.492 17909 17909 D Surface : lockCanvas
11-05 07:58:39.512 17909 17909 D checklines: moveScrollView to 1 to 246 : 15
11-05 07:58:39.513 17909 17909 D Surface : lockCanvas
11-05 07:58:39.522 17909 17909 D checklines: moveScrollView to 1 to 246 : 16
11-05 07:58:39.524 17909 17909 D Surface : lockCanvas
11-05 07:58:39.545 17909 17909 D checklines: moveScrollView to 1 to 246 : 17
11-05 07:58:39.557 17909 17909 D Surface : lockCanvas
11-05 07:58:39.573 17909 17909 D checklines: moveScrollView to 1 to 246 : 18
11-05 07:58:39.591 17909 17909 D Surface : lockCanvas
11-05 07:58:39.600 17909 17909 D checklines: moveScrollView to 1 to 246 : 19
11-05 07:58:39.607 17909 17909 D Surface : lockCanvas
11-05 07:58:39.627 17909 17909 D checklines: moveScrollView to 1 to 246 : 20
11-05 07:58:39.640 17909 17909 D Surface : lockCanvas
11-05 07:58:39.655 17909 17909 D checklines: moveScrollView to 1 to 246 : 21
11-05 07:58:39.657 17909 17909 D Surface : lockCanvas
11-05 07:58:39.682 17909 17909 D checklines: moveScrollView to 1 to 246 : 22
11-05 07:58:39.691 17909 17909 D Surface : lockCanvas
11-05 07:58:39.709 17909 17909 D checklines: moveScrollView to 1 to 246 : 23
11-05 07:58:39.726 17909 17909 D Surface : lockCanvas
11-05 07:58:39.737 17909 17909 D checklines: moveScrollView to 1 to 246 : 24
11-05 07:58:39.740 17909 17909 D Surface : lockCanvas
11-05 07:58:39.764 17909 17909 D checklines: moveScrollView to 1 to 246 : 25
11-05 07:58:39.774 17909 17909 D Surface : lockCanvas
11-05 07:58:39.791 17909 17909 D checklines: moveScrollView to 1 to 246 : 26
11-05 07:58:39.807 17909 17909 D Surface : lockCanvas
11-05 07:58:39.819 17909 17909 D checklines: moveScrollView to 1 to 246 : 27
11-05 07:58:39.825 17909 17909 D Surface : lockCanvas
11-05 07:58:39.846 17909 17909 D checklines: moveScrollView to 1 to 246 : 28
11-05 07:58:39.857 17909 17909 D Surface : lockCanvas
11-05 07:58:39.872 17909 17909 D checklines: moveScrollView to 1 to 246 : 29
11-05 07:58:39.874 17909 17909 D Surface : lockCanvas
11-05 07:58:39.899 17909 17909 D checklines: moveScrollView to 1 to 246 : 30
11-05 07:58:39.907 17909 17909 D Surface : lockCanvas
11-05 07:58:39.927 17909 17909 D checklines: moveScrollView to 1 to 246 : 31
11-05 07:58:39.942 17909 17909 D Surface : lockCanvas
11-05 07:58:39.955 17909 17909 D checklines: moveScrollView to 1 to 246 : 32
11-05 07:58:39.957 17909 17909 D Surface : lockCanvas
11-05 07:58:39.981 17909 17909 D checklines: moveScrollView to 1 to 246 : 33
11-05 07:58:39.990 17909 17909 D Surface : lockCanvas
11-05 07:58:40.009 17909 17909 D checklines: moveScrollView to 1 to 246 : 34
11-05 07:58:40.022 17909 17909 D Surface : lockCanvas
11-05 07:58:40.036 17909 17909 D checklines: moveScrollView to 1 to 246 : 35
11-05 07:58:40.039 17909 17909 D Surface : lockCanvas
11-05 07:58:40.063 17909 17909 D checklines: moveScrollView to 1 to 246 : 36
11-05 07:58:40.072 17909 17909 D Surface : lockCanvas
11-05 07:58:40.090 17909 17909 D checklines: moveScrollView to 1 to 246 : 37
11-05 07:58:40.105 17909 17909 D Surface : lockCanvas
11-05 07:58:40.117 17909 17909 D checklines: moveScrollView to 1 to 246 : 38
11-05 07:58:40.122 17909 17909 D Surface : lockCanvas
11-05 07:58:40.144 17909 17909 D checklines: moveScrollView to 1 to 246 : 39
11-05 07:58:40.147 17909 17909 D checklines: 30
11-05 07:58:40.147 17909 17909 D checklines: max= 246
11-05 07:58:40.147 17909 17909 D checklines: lines = 8 onewordheight =30
textheight = 240 totalheight502 scrollview geight = 742
11-05 07:58:40.147 17909 17909 D checklines: max= 246
11-05 07:58:40.148 17909 17909 D speedScrollViw: delay =27
11-05 07:58:40.148 17909 17909 D speedScrollViw: period =27
11-05 07:58:40.149 17909 17909 D yyyyy : laste pause is : 1085735942
11-05 07:58:40.159 17909 17909 D Surface : lockCanvas
11-05 07:58:40.171 17909 18518 I libPerfCtl: fbcNotifySbeRescue ret=-1
11-05 07:58:40.556 17909 17909 D Surface : lockCanvas
11-05 07:58:40.575 17909 17909 D Surface : lockCanvas
11-05 07:58:40.589 17909 17909 D Surface : lockCanvas
11-05 07:58:40.606 17909 17909 D Surface : lockCanvas
11-05 07:58:40.623 17909 17909 D Surface : lockCanvas
11-05 07:58:40.639 17909 17909 D Surface : lockCanvas
11-05 07:58:40.656 17909 17909 D Surface : lockCanvas
11-05 07:58:40.673 17909 17909 D Surface : lockCanvas
11-05 07:58:40.689 17909 17909 D Surface : lockCanvas
11-05 07:58:40.706 17909 17909 D Surface : lockCanvas
11-05 07:58:40.723 17909 17909 D Surface : lockCanvas
11-05 07:58:40.739 17909 17909 D Surface : lockCanvas
11-05 07:58:40.756 17909 17909 D Surface : lockCanvas
11-05 07:58:40.772 17909 17909 D Surface : lockCanvas
11-05 07:58:40.790 17909 17909 D Surface : lockCanvas
11-05 07:58:40.806 17909 17909 D Surface : lockCanvas
11-05 07:58:40.822 17909 17909 D Surface : lockCanvas
11-05 07:58:42.714 17909 17909 D moveheight: x=432
11-05 07:58:42.736 17909 17909 D moveheight: x=432
11-05 07:58:42.737 17909 17909 D Surface : lockCanvas
11-05 07:58:42.752 17909 17909 D moveheight: x=432
11-05 07:58:42.753 17909 17909 D Surface : lockCanvas
11-05 07:58:42.785 17909 17909 D moveheight: x=429
11-05 07:58:42.786 17909 17909 D Surface : lockCanvas
11-05 07:58:42.802 17909 17909 D moveheight: x=424
11-05 07:58:42.803 17909 17909 D Surface : lockCanvas
11-05 07:58:42.818 17909 17909 D moveheight: x=420
11-05 07:58:42.819 17909 17909 D Surface : lockCanvas
11-05 07:58:42.835 17909 17909 D moveheight: x=415
11-05 07:58:42.837 17909 17909 D Surface : lockCanvas
11-05 07:58:42.851 17909 17909 D moveheight: x=410
11-05 07:58:42.852 17909 17909 D Surface : lockCanvas
11-05 07:58:42.869 17909 17909 D moveheight: x=408
11-05 07:58:42.873 17909 17909 D Surface : lockCanvas
11-05 07:58:42.885 17909 17909 D moveheight: x=406
11-05 07:58:42.886 17909 17909 D Surface : lockCanvas
11-05 07:58:42.902 17909 17909 D moveheight: x=404
11-05 07:58:42.904 17909 17909 D Surface : lockCanvas
11-05 07:58:42.918 17909 17909 D moveheight: x=403
11-05 07:58:42.919 17909 17909 D Surface : lockCanvas
11-05 07:58:42.935 17909 17909 D moveheight: x=402
11-05 07:58:42.937 17909 17909 D Surface : lockCanvas
11-05 07:58:42.952 17909 17909 D moveheight: x=401
11-05 07:58:42.953 17909 17909 D Surface : lockCanvas
11-05 07:58:42.968 17909 17909 D moveheight: x=400
11-05 07:58:42.969 17909 17909 D Surface : lockCanvas
11-05 07:58:42.985 17909 17909 D moveheight: x=401
11-05 07:58:42.986 17909 17909 D Surface : lockCanvas
11-05 07:58:43.001 17909 17909 D moveheight: x=401
11-05 07:58:43.003 17909 17909 D Surface : lockCanvas
11-05 07:58:43.018 17909 17909 D moveheight: x=401
11-05 07:58:43.019 17909 17909 D Surface : lockCanvas
11-05 07:58:43.036 17909 17909 D moveheight: x=402
11-05 07:58:43.037 17909 17909 D Surface : lockCanvas
11-05 07:58:43.052 17909 17909 D moveheight: x=402
11-05 07:58:43.053 17909 17909 D Surface : lockCanvas
11-05 07:58:43.068 17909 17909 D moveheight: x=402
11-05 07:58:43.071 17909 17909 D Surface : lockCanvas
11-05 07:58:43.085 17909 17909 D moveheight: x=402
11-05 07:58:43.086 17909 17909 D Surface : lockCanvas
11-05 07:58:43.101 17909 17909 D moveheight: x=402
11-05 07:58:43.103 17909 17909 D Surface : lockCanvas
11-05 07:58:43.118 17909 17909 D moveheight: x=403
11-05 07:58:43.119 17909 17909 D Surface : lockCanvas
11-05 07:58:43.135 17909 17909 D moveheight: x=403
11-05 07:58:43.137 17909 17909 D Surface : lockCanvas
11-05 07:58:43.152 17909 17909 D moveheight: x=403
11-05 07:58:43.153 17909 17909 D Surface : lockCanvas
11-05 07:58:43.169 17909 17909 D moveheight: x=403
11-05 07:58:43.170 17909 17909 D Surface : lockCanvas
11-05 07:58:43.185 17909 17909 D moveheight: x=402
11-05 07:58:43.186 17909 17909 D Surface : lockCanvas
11-05 07:58:43.201 17909 17909 D moveheight: x=401
11-05 07:58:43.202 17909 17909 D Surface : lockCanvas
11-05 07:58:43.218 17909 17909 D moveheight: x=402
11-05 07:58:43.219 17909 17909 D Surface : lockCanvas
11-05 07:58:43.235 17909 17909 D moveheight: x=402
11-05 07:58:43.238 17909 17909 D Surface : lockCanvas
11-05 07:58:43.251 17909 17909 D moveheight: x=402
11-05 07:58:43.252 17909 17909 D Surface : lockCanvas
11-05 07:58:43.268 17909 17909 D moveheight: x=401
11-05 07:58:43.269 17909 17909 D Surface : lockCanvas
11-05 07:58:43.284 17909 17909 D moveheight: x=400
11-05 07:58:43.286 17909 17909 D Surface : lockCanvas
11-05 07:58:43.301 17909 17909 D moveheight: x=401
11-05 07:58:43.302 17909 17909 D Surface : lockCanvas
11-05 07:58:43.318 17909 17909 D moveheight: x=401
11-05 07:58:43.319 17909 17909 D Surface : lockCanvas
11-05 07:58:43.335 17909 17909 D moveheight: x=401
11-05 07:58:43.336 17909 17909 D Surface : lockCanvas
11-05 07:58:43.351 17909 17909 D moveheight: x=402
11-05 07:58:43.352 17909 17909 D Surface : lockCanvas
11-05 07:58:43.368 17909 17909 D moveheight: x=402
11-05 07:58:43.369 17909 17909 D Surface : lockCanvas
11-05 07:58:43.384 17909 17909 D moveheight: x=403
11-05 07:58:43.385 17909 17909 D Surface : lockCanvas
11-05 07:58:43.401 17909 17909 D moveheight: x=405
11-05 07:58:43.402 17909 17909 D Surface : lockCanvas
11-05 07:58:43.417 17909 17909 D moveheight: x=405
11-05 07:58:43.418 17909 17909 D Surface : lockCanvas
11-05 07:58:43.434 17909 17909 D moveheight: x=405
11-05 07:58:43.436 17909 17909 D Surface : lockCanvas
11-05 07:58:43.451 17909 17909 D moveheight: x=406
11-05 07:58:43.452 17909 17909 D Surface : lockCanvas
11-05 07:58:43.468 17909 17909 D moveheight: x=407
11-05 07:58:43.469 17909 17909 D Surface : lockCanvas
11-05 07:58:43.484 17909 17909 D moveheight: x=407
11-05 07:58:43.486 17909 17909 D Surface : lockCanvas
11-05 07:58:43.501 17909 17909 D moveheight: x=406
11-05 07:58:43.502 17909 17909 D Surface : lockCanvas
11-05 07:58:43.517 17909 17909 D moveheight: x=405
11-05 07:58:43.518 17909 17909 D Surface : lockCanvas
11-05 07:58:43.534 17909 17909 D moveheight: x=405
11-05 07:58:43.536 17909 17909 D Surface : lockCanvas
11-05 07:58:43.551 17909 17909 D moveheight: x=404
11-05 07:58:43.552 17909 17909 D Surface : lockCanvas
11-05 07:58:43.567 17909 17909 D moveheight: x=405
11-05 07:58:43.569 17909 17909 D Surface : lockCanvas
11-05 07:58:43.584 17909 17909 D moveheight: x=405
11-05 07:58:43.585 17909 17909 D Surface : lockCanvas
11-05 07:58:43.601 17909 17909 D moveheight: x=405
11-05 07:58:43.603 17909 17909 D Surface : lockCanvas
11-05 07:58:43.617 17909 17909 D Surface : lockCanvas
