11-05 07:58:19.434 17909 17909 D Surface : lockCanvas
11-05 07:58:19.451 17909 17909 D Surface : lockCanvas
11-05 07:58:19.464 17909 18518 I libPerfCtl: fbcNotifySbeRescue ret=-1
11-05 07:58:19.469 17909 17909 D Surface : lockCanvas
11-05 07:58:19.486 17909 17909 D Surface : lockCanvas
11-05 07:58:19.501 17909 17909 D Surface : lockCanvas
11-05 07:58:19.517 17909 17909 D Surface : lockCanvas
11-05 07:58:19.534 17909 17909 D Surface : lockCanvas
11-05 07:58:19.551 17909 17909 D Surface : lockCanvas
11-05 07:58:19.566 17909 17909 D Surface : lockCanvas
11-05 07:58:19.582 17909 17909 D Surface : lockCanvas
11-05 07:58:19.599 17909 17909 D Surface : lockCanvas
11-05 07:58:19.615 17909 17909 D Surface : lockCanvas
11-05 07:58:19.632 17909 17909 D Surface : lockCanvas
11-05 07:58:19.648 17909 17909 D Surface : lockCanvas
11-05 07:58:19.667 17909 17909 D Surface : lockCanvas
11-05 07:58:19.680 17909 18518 I libPerfCtl: fbcNotifySbeRescue ret=-1
11-05 07:58:19.706 17909 18518 I libPerfCtl: fbcNotifySbeRescue ret=-1
11-05 07:58:19.707 17909 17909 D Surface : lockCanvas
11-05 07:58:19.762 17909 17909 D Surface : lockCanvas
11-05 07:58:19.774 17909 18518 I libPerfCtl: fbcNotifySbeRescue ret=-1
11-05 07:58:19.792 17909 17909 D Surface : lockCanvas
11-05 07:58:19.804 17909 18518 I libPerfCtl: fbcNotifySbeRescue ret=-1
11-05 07:58:19.817 17909 17909 D Surface : lockCanvas
11-05 07:58:19.826 17909 18518 I libPerfCtl: fbcNotifySbeRescue ret=-1
11-05 07:58:19.846 17909 17909 D Surface : lockCanvas
11-05 07:58:19.856 17909 18518 I libPerfCtl: fbcNotifySbeRescue ret=-1
11-05 07:58:19.876 17909 17909 D Surface : lockCanvas
11-05 07:58:19.888 17909 18518 I libPerfCtl: fbcNotifySbeRescue ret=-1
11-05 07:58:19.906 17909 17909 D Surface : lockCanvas
11-05 07:58:19.916 17909 18518 I libPerfCtl: fbcNotifySbeRescue ret=-1
11-05 07:58:19.936 17909 17909 D Surface : lockCanvas
11-05 07:58:19.946 17909 18518 I libPerfCtl: fbcNotifySbeRescue ret=-1
11-05 07:58:19.962 17909 17909 D Surface : lockCanvas
11-05 07:58:19.974 17909 18518 I libPerfCtl: fbcNotifySbeRescue ret=-1
11-05 07:58:19.990 17909 17909 D Surface : lockCanvas
11-05 07:58:20.001 17909 18518 I libPerfCtl: fbcNotifySbeRescue ret=-1
11-05 07:58:20.018 17909 17909 D Surface : lockCanvas
11-05 07:58:20.030 17909 18518 I libPerfCtl: fbcNotifySbeRescue ret=-1
11-05 07:58:20.050 17909 17909 D Surface : lockCanvas
11-05 07:58:20.060 17909 18518 I libPerfCtl: fbcNotifySbeRescue ret=-1
11-05 07:58:20.075 17909 17909 D Surface : lockCanvas
11-05 07:58:20.086 17909 18518 I libPerfCtl: fbcNotifySbeRescue ret=-1
11-05 07:58:20.103 17909 17909 D Surface : lockCanvas
11-05 07:58:20.116 17909 18518 I libPerfCtl: fbcNotifySbeRescue ret=-1
11-05 07:58:20.131 17909 17909 D Surface : lockCanvas
11-05 07:58:20.143 17909 18518 I libPerfCtl: fbcNotifySbeRescue ret=-1
11-05 07:58:20.160 17909 17909 D Surface : lockCanvas
11-05 07:58:20.172 17909 18518 I libPerfCtl: fbcNotifySbeRescue ret=-1
11-05 07:58:20.187 17909 17909 D Surface : lockCanvas
11-05 07:58:20.198 17909 18518 I libPerfCtl: fbcNotifySbeRescue ret=-1
11-05 07:58:20.217 17909 17909 D Surface : lockCanvas
11-05 07:58:20.228 17909 18518 I libPerfCtl: fbcNotifySbeRescue ret=-1
11-05 07:58:20.245 17909 17909 D Surface : lockCanvas
11-05 07:58:20.257 17909 18518 I libPerfCtl: fbcNotifySbeRescue ret=-1
11-05 07:58:20.269 17909 17909 D Surface : lockCanvas
11-05 07:58:20.281 17909 18518 I libPerfCtl: fbcNotifySbeRescue ret=-1
11-05 07:58:20.303 17909 17909 D Surface : lockCanvas
11-05 07:58:20.314 17909 18518 I libPerfCtl: fbcNotifySbeRescue ret=-1
11-05 07:58:20.330 17909 17909 D Surface : lockCanvas
11-05 07:58:20.341 17909 18518 I libPerfCtl: fbcNotifySbeRescue ret=-1
11-05 07:58:20.361 17909 17909 D Surface : lockCanvas
11-05 07:58:20.371 17909 18518 I libPerfCtl: fbcNotifySbeRescue ret=-1
11-05 07:58:20.390 17909 17909 D Surface : lockCanvas
11-05 07:58:20.402 17909 18518 I libPerfCtl: fbcNotifySbeRescue ret=-1
11-05 07:58:20.417 17909 17909 D Surface : lockCanvas
11-05 07:58:20.426 17909 18518 I libPerfCtl: fbcNotifySbeRescue ret=-1
11-05 07:58:20.447 17909 17909 D Surface : lockCanvas
11-05 07:58:20.458 17909 18518 I libPerfCtl: fbcNotifySbeRescue ret=-1
11-05 07:58:20.474 17909 17909 D Surface : lockCanvas
11-05 07:58:20.485 17909 18518 I libPerfCtl: fbcNotifySbeRescue ret=-1
11-05 07:58:20.505 17909 17909 D Surface : lockCanvas
11-05 07:58:20.516 17909 18518 I libPerfCtl: fbcNotifySbeRescue ret=-1
11-05 07:58:20.534 17909 17909 D Surface : lockCanvas
11-05 07:58:20.545 17909 18518 I libPerfCtl: fbcNotifySbeRescue ret=-1
11-05 07:58:20.565 17909 17909 D Surface : lockCanvas
11-05 07:58:20.577 17909 18518 I libPerfCtl: fbcNotifySbeRescue ret=-1
11-05 07:58:20.583 17909 17909 D Surface : lockCanvas
11-05 07:58:20.599 17909 17909 D Surface : lockCanvas
11-05 07:58:20.616 17909 17909 D Surface : lockCanvas
11-05 07:58:20.632 17909 17909 D Surface : lockCanvas
11-05 07:58:20.649 17909 17909 D Surface : lockCanvas
11-05 07:58:20.667 17909 17909 D Surface : lockCanvas
11-05 07:58:20.683 17909 17909 D Surface : lockCanvas
11-05 07:58:20.699 17909 17909 D Surface : lockCanvas
11-05 07:58:20.715 17909 17909 D Surface : lockCanvas
11-05 07:58:20.732 17909 17909 D Surface : lockCanvas
11-05 07:58:20.749 17909 17909 D Surface : lockCanvas
11-05 07:58:20.765 17909 17909 D Surface : lockCanvas
11-05 07:58:20.782 17909 17909 D Surface : lockCanvas
11-05 07:58:20.799 17909 17909 D Surface : lockCanvas
11-05 07:58:20.816 17909 17909 D Surface : lockCanvas
11-05 07:58:20.832 17909 17909 D Surface : lockCanvas
11-05 07:58:20.849 17909 17909 D Surface : lockCanvas
11-05 07:58:20.869 17909 17909 D Surface : lockCanvas
11-05 07:58:20.878 17909 18518 I libPerfCtl: fbcNotifySbeRescue ret=-1
11-05 07:58:20.887 17909 17909 D Surface : lockCanvas
11-05 07:58:20.896 17909 18518 I libPerfCtl: fbcNotifySbeRescue ret=-1
11-05 07:58:20.910 17909 17909 D Surface : lockCanvas
11-05 07:58:20.918 17909 18518 I libPerfCtl: fbcNotifySbeRescue ret=-1
11-05 07:58:20.928 17909 17909 D Surface : lockCanvas
11-05 07:58:20.945 17909 17909 D Surface : lockCanvas
11-05 07:58:20.962 17909 17909 D Surface : lockCanvas
11-05 07:58:20.973 17909 18518 I libPerfCtl: fbcNotifySbeRescue ret=-1
11-05 07:58:20.981 17909 17909 D Surface : lockCanvas
11-05 07:58:20.991 17909 18518 I libPerfCtl: fbcNotifySbeRescue ret=-1
11-05 07:58:21.001 17909 17909 D Surface : lockCanvas
11-05 07:58:21.013 17909 18518 I libPerfCtl: fbcNotifySbeRescue ret=-1
11-05 07:58:21.023 17909 17909 D Surface : lockCanvas
11-05 07:58:21.032 17909 18518 I libPerfCtl: fbcNotifySbeRescue ret=-1
11-05 07:58:21.043 17909 17909 D Surface : lockCanvas
11-05 07:58:21.053 17909 18518 I libPerfCtl: fbcNotifySbeRescue ret=-1
11-05 07:58:21.060 17909 17909 D Surface : lockCanvas
11-05 07:58:21.072 17909 17909 D Surface : lockCanvas
11-05 07:58:21.087 17909 17909 D Surface : lockCanvas
11-05 07:58:21.098 17909 18518 I libPerfCtl: fbcNotifySbeRescue ret=-1
11-05 07:58:21.104 17909 17909 D Surface : lockCanvas
11-05 07:58:21.116 17909 18518 I libPerfCtl: fbcNotifySbeRescue ret=-1
11-05 07:58:21.121 17909 17909 D Surface : lockCanvas
11-05 07:58:21.138 17909 17909 D Surface : lockCanvas
11-05 07:58:21.148 17909 18518 I libPerfCtl: fbcNotifySbeRescue ret=-1
11-05 07:58:21.154 17909 17909 D Surface : lockCanvas
11-05 07:58:21.166 17909 18518 I libPerfCtl: fbcNotifySbeRescue ret=-1
11-05 07:58:21.177 17909 17909 D Surface : lockCanvas
11-05 07:58:21.190 17909 18518 I libPerfCtl: fbcNotifySbeRescue ret=-1
11-05 07:58:21.213 17909 18518 I libPerfCtl: fbcNotifySbeRescue ret=-1
11-05 07:58:21.215 17909 17909 D Surface : lockCanvas
11-05 07:58:21.274 17909 17909 D Surface : lockCanvas
11-05 07:58:21.285 17909 18518 I libPerfCtl: fbcNotifySbeRescue ret=-1
11-05 07:58:21.299 17909 17909 D Surface : lockCanvas
11-05 07:58:21.310 17909 18518 I libPerfCtl: fbcNotifySbeRescue ret=-1
11-05 07:58:21.326 17909 17909 D Surface : lockCanvas
11-05 07:58:21.337 17909 18518 I libPerfCtl: fbcNotifySbeRescue ret=-1
11-05 07:58:21.352 17909 17909 D Surface : lockCanvas
11-05 07:58:21.364 17909 18518 I libPerfCtl: fbcNotifySbeRescue ret=-1
11-05 07:58:21.381 17909 17909 D Surface : lockCanvas
11-05 07:58:21.391 17909 18518 I libPerfCtl: fbcNotifySbeRescue ret=-1
11-05 07:58:21.408 17909 17909 D Surface : lockCanvas
11-05 07:58:21.419 17909 18518 I libPerfCtl: fbcNotifySbeRescue ret=-1
11-05 07:58:21.433 17909 17909 D Surface : lockCanvas
11-05 07:58:21.444 17909 18518 I libPerfCtl: fbcNotifySbeRescue ret=-1
11-05 07:58:21.462 17909 17909 D Surface : lockCanvas
11-05 07:58:21.473 17909 18518 I libPerfCtl: fbcNotifySbeRescue ret=-1
11-05 07:58:21.489 17909 17909 D Surface : lockCanvas
11-05 07:58:21.501 17909 18518 I libPerfCtl: fbcNotifySbeRescue ret=-1
11-05 07:58:21.517 17909 17909 D Surface : lockCanvas
11-05 07:58:21.529 17909 18518 I libPerfCtl: fbcNotifySbeRescue ret=-1
11-05 07:58:21.543 17909 17909 D Surface : lockCanvas
11-05 07:58:21.554 17909 18518 I libPerfCtl: fbcNotifySbeRescue ret=-1
11-05 07:58:21.569 17909 17909 D Surface : lockCanvas
11-05 07:58:21.581 17909 18518 I libPerfCtl: fbcNotifySbeRescue ret=-1
11-05 07:58:21.598 17909 17909 D Surface : lockCanvas
11-05 07:58:21.608 17909 18518 I libPerfCtl: fbcNotifySbeRescue ret=-1
11-05 07:58:21.626 17909 17909 D Surface : lockCanvas
11-05 07:58:21.637 17909 18518 I libPerfCtl: fbcNotifySbeRescue ret=-1
11-05 07:58:21.652 17909 17909 D Surface : lockCanvas
11-05 07:58:21.664 17909 18518 I libPerfCtl: fbcNotifySbeRescue ret=-1
11-05 07:58:21.681 17909 17909 D Surface : lockCanvas
11-05 07:58:21.691 17909 18518 I libPerfCtl: fbcNotifySbeRescue ret=-1
11-05 07:58:21.710 17909 17909 D Surface : lockCanvas
11-05 07:58:21.720 17909 18518 I libPerfCtl: fbcNotifySbeRescue ret=-1
11-05 07:58:21.735 17909 17909 D Surface : lockCanvas
11-05 07:58:21.746 17909 18518 I libPerfCtl: fbcNotifySbeRescue ret=-1
11-05 07:58:21.758 17909 17909 D Surface : lockCanvas
11-05 07:58:21.769 17909 18518 I libPerfCtl: fbcNotifySbeRescue ret=-1
11-05 07:58:21.782 17909 17909 D Surface : lockCanvas
11-05 07:58:21.793 17909 18518 I libPerfCtl: fbcNotifySbeRescue ret=-1
11-05 07:58:21.804 17909 17909 D Surface : lockCanvas
11-05 07:58:21.816 17909 18518 I libPerfCtl: fbcNotifySbeRescue ret=-1
11-05 07:58:21.826 17909 17909 D Surface : lockCanvas
11-05 07:58:21.836 17909 18518 I libPerfCtl: fbcNotifySbeRescue ret=-1
11-05 07:58:21.849 17909 17909 D Surface : lockCanvas
11-05 07:58:21.859 17909 18518 I libPerfCtl: fbcNotifySbeRescue ret=-1
11-05 07:58:21.871 17909 17909 D Surface : lockCanvas
11-05 07:58:21.880 17909 18518 I libPerfCtl: fbcNotifySbeRescue ret=-1
11-05 07:58:21.894 17909 17909 D Surface : lockCanvas
11-05 07:58:21.905 17909 18518 I libPerfCtl: fbcNotifySbeRescue ret=-1
11-05 07:58:21.917 17909 17909 D Surface : lockCanvas
11-05 07:58:21.927 17909 18518 I libPerfCtl: fbcNotifySbeRescue ret=-1
11-05 07:58:21.940 17909 17909 D Surface : lockCanvas
11-05 07:58:21.951 17909 18518 I libPerfCtl: fbcNotifySbeRescue ret=-1
11-05 07:58:21.962 17909 17909 D Surface : lockCanvas
11-05 07:58:21.973 17909 18518 I libPerfCtl: fbcNotifySbeRescue ret=-1
11-05 07:58:21.986 17909 17909 D Surface : lockCanvas
11-05 07:58:21.997 17909 18518 I libPerfCtl: fbcNotifySbeRescue ret=-1
11-05 07:58:22.008 17909 17909 D Surface : lockCanvas
11-05 07:58:22.019 17909 18518 I libPerfCtl: fbcNotifySbeRescue ret=-1
11-05 07:58:22.033 17909 17909 D Surface : lockCanvas
11-05 07:58:22.043 17909 18518 I libPerfCtl: fbcNotifySbeRescue ret=-1
11-05 07:58:22.058 17909 17909 D Surface : lockCanvas
11-05 07:58:22.069 17909 18518 I libPerfCtl: fbcNotifySbeRescue ret=-1
11-05 07:58:22.076 17909 17909 D Surface : lockCanvas
11-05 07:58:22.091 17909 17909 D Surface : lockCanvas
11-05 07:58:22.105 17909 17909 D Surface : lockCanvas
11-05 07:58:22.123 17909 17909 D Surface : lockCanvas
11-05 07:58:22.133 17909 18518 I libPerfCtl: fbcNotifySbeRescue ret=-1
11-05 07:58:22.139 17909 17909 D Surface : lockCanvas
11-05 07:58:22.157 17909 17909 D Surface : lockCanvas
11-05 07:58:22.168 17909 18518 I libPerfCtl: fbcNotifySbeRescue ret=-1
11-05 07:58:22.175 17909 17909 D Surface : lockCanvas
11-05 07:58:22.190 17909 17909 D Surface : lockCanvas
11-05 07:58:22.205 17909 17909 D Surface : lockCanvas
11-05 07:58:22.222 17909 17909 D Surface : lockCanvas
11-05 07:58:22.234 17909 18518 I libPerfCtl: fbcNotifySbeRescue ret=-1
11-05 07:58:22.241 17909 17909 D Surface : lockCanvas
11-05 07:58:22.258 17909 17909 D Surface : lockCanvas
11-05 07:58:22.273 17909 17909 D Surface : lockCanvas
11-05 07:58:22.284 17909 18518 I libPerfCtl: fbcNotifySbeRescue ret=-1
11-05 07:58:22.289 17909 17909 D Surface : lockCanvas
11-05 07:58:22.306 17909 17909 D Surface : lockCanvas
11-05 07:58:22.317 17909 18518 I libPerfCtl: fbcNotifySbeRescue ret=-1
11-05 07:58:22.323 17909 17909 D Surface : lockCanvas
11-05 07:58:22.340 17909 17909 D Surface : lockCanvas
11-05 07:58:22.356 17909 17909 D Surface : lockCanvas
11-05 07:58:22.367 17909 18518 I libPerfCtl: fbcNotifySbeRescue ret=-1
11-05 07:58:22.373 17909 17909 D Surface : lockCanvas
11-05 07:58:22.384 17909 18518 I libPerfCtl: fbcNotifySbeRescue ret=-1
11-05 07:58:22.389 17909 17909 D Surface : lockCanvas
11-05 07:58:22.405 17909 17909 D Surface : lockCanvas
11-05 07:58:22.417 17909 18518 I libPerfCtl: fbcNotifySbeRescue ret=-1
11-05 07:58:22.423 17909 17909 D Surface : lockCanvas
11-05 07:58:22.435 17909 18518 I libPerfCtl: fbcNotifySbeRescue ret=-1
11-05 07:58:22.441 17909 17909 D Surface : lockCanvas
11-05 07:58:22.451 17909 18518 I libPerfCtl: fbcNotifySbeRescue ret=-1
11-05 07:58:22.457 17909 17909 D Surface : lockCanvas
11-05 07:58:22.474 17909 17909 D Surface : lockCanvas
11-05 07:58:22.489 17909 17909 D Surface : lockCanvas
11-05 07:58:22.505 17909 17909 D Surface : lockCanvas
11-05 07:58:22.517 17909 18518 I libPerfCtl: fbcNotifySbeRescue ret=-1
11-05 07:58:22.524 17909 17909 D Surface : lockCanvas
11-05 07:58:22.540 17909 17909 D Surface : lockCanvas
11-05 07:58:22.557 17909 17909 D Surface : lockCanvas
11-05 07:58:22.573 17909 17909 D Surface : lockCanvas
11-05 07:58:22.588 17909 17909 D Surface : lockCanvas
11-05 07:58:22.601 17909 18518 I libPerfCtl: fbcNotifySbeRescue ret=-1
11-05 07:58:22.609 17909 17909 D Surface : lockCanvas
11-05 07:58:22.620 17909 18518 I libPerfCtl: fbcNotifySbeRescue ret=-1
11-05 07:58:22.626 17909 17909 D Surface : lockCanvas
11-05 07:58:22.637 17909 18518 I libPerfCtl: fbcNotifySbeRescue ret=-1
11-05 07:58:22.643 17909 17909 D Surface : lockCanvas
11-05 07:58:22.653 17909 18518 I libPerfCtl: fbcNotifySbeRescue ret=-1
11-05 07:58:22.659 17909 17909 D Surface : lockCanvas
11-05 07:58:22.675 17909 17909 D Surface : lockCanvas
11-05 07:58:22.691 17909 17909 D Surface : lockCanvas
11-05 07:58:22.707 17909 17909 D Surface : lockCanvas
11-05 07:58:22.722 17909 17909 D Surface : lockCanvas
11-05 07:58:22.739 17909 17909 D Surface : lockCanvas
11-05 07:58:22.750 17909 18518 I libPerfCtl: fbcNotifySbeRescue ret=-1
11-05 07:58:22.758 17909 17909 D Surface : lockCanvas
11-05 07:58:22.768 17909 18518 I libPerfCtl: fbcNotifySbeRescue ret=-1
11-05 07:58:22.775 17909 17909 D Surface : lockCanvas
11-05 07:58:22.785 17909 18518 I libPerfCtl: fbcNotifySbeRescue ret=-1
11-05 07:58:22.791 17909 17909 D Surface : lockCanvas
11-05 07:58:22.807 17909 17909 D Surface : lockCanvas
11-05 07:58:22.823 17909 17909 D Surface : lockCanvas
11-05 07:58:22.839 17909 17909 D Surface : lockCanvas
11-05 07:58:22.850 17909 18518 I libPerfCtl: fbcNotifySbeRescue ret=-1
11-05 07:58:22.856 17909 17909 D Surface : lockCanvas
11-05 07:58:22.872 17909 17909 D Surface : lockCanvas
11-05 07:58:22.885 17909 17909 D Surface : lockCanvas
11-05 07:58:22.896 17909 18518 I libPerfCtl: fbcNotifySbeRescue ret=-1
11-05 07:58:22.902 17909 17909 D Surface : lockCanvas
11-05 07:58:22.913 17909 18518 I libPerfCtl: fbcNotifySbeRescue ret=-1
11-05 07:58:22.918 17909 17909 D Surface : lockCanvas
11-05 07:58:22.935 17909 17909 D Surface : lockCanvas
11-05 07:58:22.946 17909 18518 I libPerfCtl: fbcNotifySbeRescue ret=-1
11-05 07:58:22.952 17909 17909 D Surface : lockCanvas
11-05 07:58:22.963 17909 18518 I libPerfCtl: fbcNotifySbeRescue ret=-1
11-05 07:58:22.969 17909 17909 D Surface : lockCanvas
11-05 07:58:22.980 17909 18518 I libPerfCtl: fbcNotifySbeRescue ret=-1
11-05 07:58:22.989 17909 17909 D Surface : lockCanvas
11-05 07:58:23.000 17909 18518 I libPerfCtl: fbcNotifySbeRescue ret=-1
11-05 07:58:23.025 17909 18518 I libPerfCtl: fbcNotifySbeRescue ret=-1
11-05 07:58:23.026 17909 17909 D Surface : lockCanvas
11-05 07:58:23.054 17909 17909 D Surface : lockCanvas
11-05 07:58:23.065 17909 18518 I libPerfCtl: fbcNotifySbeRescue ret=-1
11-05 07:58:23.079 17909 17909 D Surface : lockCanvas
11-05 07:58:23.089 17909 18518 I libPerfCtl: fbcNotifySbeRescue ret=-1
11-05 07:58:23.103 17909 17909 D Surface : lockCanvas
11-05 07:58:23.115 17909 18518 I libPerfCtl: fbcNotifySbeRescue ret=-1
11-05 07:58:23.130 17909 17909 D Surface : lockCanvas
11-05 07:58:23.141 17909 18518 I libPerfCtl: fbcNotifySbeRescue ret=-1
11-05 07:58:23.158 17909 17909 D Surface : lockCanvas
11-05 07:58:23.169 17909 18518 I libPerfCtl: fbcNotifySbeRescue ret=-1
11-05 07:58:23.184 17909 17909 D Surface : lockCanvas
11-05 07:58:23.194 17909 18518 I libPerfCtl: fbcNotifySbeRescue ret=-1
11-05 07:58:23.209 17909 17909 D Surface : lockCanvas
11-05 07:58:23.220 17909 18518 I libPerfCtl: fbcNotifySbeRescue ret=-1
11-05 07:58:23.238 17909 17909 D Surface : lockCanvas
11-05 07:58:23.248 17909 18518 I libPerfCtl: fbcNotifySbeRescue ret=-1
11-05 07:58:23.265 17909 17909 D Surface : lockCanvas
11-05 07:58:23.277 17909 18518 I libPerfCtl: fbcNotifySbeRescue ret=-1
11-05 07:58:23.291 17909 17909 D Surface : lockCanvas
11-05 07:58:23.302 17909 18518 I libPerfCtl: fbcNotifySbeRescue ret=-1
11-05 07:58:23.317 17909 17909 D Surface : lockCanvas
11-05 07:58:23.327 17909 18518 I libPerfCtl: fbcNotifySbeRescue ret=-1
11-05 07:58:23.343 17909 17909 D Surface : lockCanvas
11-05 07:58:23.354 17909 18518 I libPerfCtl: fbcNotifySbeRescue ret=-1
11-05 07:58:23.368 17909 17909 D Surface : lockCanvas
11-05 07:58:23.379 17909 18518 I libPerfCtl: fbcNotifySbeRescue ret=-1
11-05 07:58:23.397 17909 17909 D Surface : lockCanvas
11-05 07:58:23.409 17909 18518 I libPerfCtl: fbcNotifySbeRescue ret=-1
11-05 07:58:23.423 17909 17909 D Surface : lockCanvas
11-05 07:58:23.434 17909 18518 I libPerfCtl: fbcNotifySbeRescue ret=-1
11-05 07:58:23.448 17909 17909 D Surface : lockCanvas
11-05 07:58:23.460 17909 18518 I libPerfCtl: fbcNotifySbeRescue ret=-1
11-05 07:58:23.475 17909 17909 D Surface : lockCanvas
11-05 07:58:23.485 17909 18518 I libPerfCtl: fbcNotifySbeRescue ret=-1
11-05 07:58:23.501 17909 17909 D Surface : lockCanvas
11-05 07:58:23.513 17909 18518 I libPerfCtl: fbcNotifySbeRescue ret=-1
11-05 07:58:23.530 17909 17909 D Surface : lockCanvas
11-05 07:58:23.541 17909 18518 I libPerfCtl: fbcNotifySbeRescue ret=-1
11-05 07:58:23.561 17909 17909 D Surface : lockCanvas
11-05 07:58:23.572 17909 18518 I libPerfCtl: fbcNotifySbeRescue ret=-1
11-05 07:58:23.587 17909 17909 D Surface : lockCanvas
11-05 07:58:23.600 17909 18518 I libPerfCtl: fbcNotifySbeRescue ret=-1
11-05 07:58:23.612 17909 17909 D Surface : lockCanvas
11-05 07:58:23.623 17909 18518 I libPerfCtl: fbcNotifySbeRescue ret=-1
11-05 07:58:23.639 17909 17909 D Surface : lockCanvas
11-05 07:58:23.650 17909 18518 I libPerfCtl: fbcNotifySbeRescue ret=-1
11-05 07:58:23.667 17909 17909 D Surface : lockCanvas
11-05 07:58:23.677 17909 18518 I libPerfCtl: fbcNotifySbeRescue ret=-1
11-05 07:58:23.694 17909 17909 D Surface : lockCanvas
11-05 07:58:23.705 17909 18518 I libPerfCtl: fbcNotifySbeRescue ret=-1
11-05 07:58:23.720 17909 17909 D Surface : lockCanvas
11-05 07:58:23.730 17909 18518 I libPerfCtl: fbcNotifySbeRescue ret=-1
11-05 07:58:23.747 17909 17909 D Surface : lockCanvas
11-05 07:58:23.757 17909 18518 I libPerfCtl: fbcNotifySbeRescue ret=-1
11-05 07:58:23.772 17909 17909 D Surface : lockCanvas
11-05 07:58:23.783 17909 18518 I libPerfCtl: fbcNotifySbeRescue ret=-1
11-05 07:58:23.798 17909 17909 D Surface : lockCanvas
11-05 07:58:23.808 17909 18518 I libPerfCtl: fbcNotifySbeRescue ret=-1
11-05 07:58:23.825 17909 17909 D Surface : lockCanvas
11-05 07:58:23.837 17909 18518 I libPerfCtl: fbcNotifySbeRescue ret=-1
11-05 07:58:23.853 17909 17909 D Surface : lockCanvas
11-05 07:58:23.870 17909 17909 D Surface : lockCanvas
11-05 07:58:23.879 17909 18518 I libPerfCtl: fbcNotifySbeRescue ret=-1
11-05 07:58:23.887 17909 17909 D Surface : lockCanvas
11-05 07:58:23.896 17909 18518 I libPerfCtl: fbcNotifySbeRescue ret=-1
11-05 07:58:23.908 17909 17909 D Surface : lockCanvas
11-05 07:58:23.917 17909 18518 I libPerfCtl: fbcNotifySbeRescue ret=-1
11-05 07:58:23.926 17909 18518 I libPerfCtl: fbcNotifySbeRescue ret=-1
11-05 07:58:23.928 17909 17909 D Surface : lockCanvas
11-05 07:58:23.947 17909 17909 D Surface : lockCanvas
11-05 07:58:23.958 17909 18518 I libPerfCtl: fbcNotifySbeRescue ret=-1
11-05 07:58:23.966 17909 18518 I libPerfCtl: fbcNotifySbeRescue ret=-1
11-05 07:58:23.967 17909 17909 D Surface : lockCanvas
11-05 07:58:23.987 17909 17909 D Surface : lockCanvas
11-05 07:58:23.996 17909 18518 I libPerfCtl: fbcNotifySbeRescue ret=-1
11-05 07:58:24.007 17909 17909 D Surface : lockCanvas
11-05 07:58:24.015 17909 18518 I libPerfCtl: fbcNotifySbeRescue ret=-1
11-05 07:58:24.027 17909 17909 D Surface : lockCanvas
11-05 07:58:24.036 17909 18518 I libPerfCtl: fbcNotifySbeRescue ret=-1
11-05 07:58:24.047 17909 17909 D Surface : lockCanvas
11-05 07:58:24.058 17909 18518 I libPerfCtl: fbcNotifySbeRescue ret=-1
11-05 07:58:24.066 17909 17909 D Surface : lockCanvas
11-05 07:58:24.075 17909 18518 I libPerfCtl: fbcNotifySbeRescue ret=-1
11-05 07:58:24.086 17909 17909 D Surface : lockCanvas
11-05 07:58:24.095 17909 18518 I libPerfCtl: fbcNotifySbeRescue ret=-1
11-05 07:58:24.106 17909 17909 D Surface : lockCanvas
11-05 07:58:24.115 17909 18518 I libPerfCtl: fbcNotifySbeRescue ret=-1
11-05 07:58:24.126 17909 17909 D Surface : lockCanvas
11-05 07:58:24.135 17909 18518 I libPerfCtl: fbcNotifySbeRescue ret=-1
11-05 07:58:24.147 17909 17909 D Surface : lockCanvas
11-05 07:58:24.158 17909 18518 I libPerfCtl: fbcNotifySbeRescue ret=-1
11-05 07:58:24.166 17909 17909 D Surface : lockCanvas
11-05 07:58:24.177 17909 18518 I libPerfCtl: fbcNotifySbeRescue ret=-1
11-05 07:58:24.184 17909 17909 D Surface : lockCanvas
11-05 07:58:24.195 17909 18518 I libPerfCtl: fbcNotifySbeRescue ret=-1
11-05 07:58:24.200 17909 17909 D Surface : lockCanvas
11-05 07:58:24.218 17909 17909 D Surface : lockCanvas
11-05 07:58:24.229 17909 18518 I libPerfCtl: fbcNotifySbeRescue ret=-1
11-05 07:58:24.237 17909 17909 D Surface : lockCanvas
11-05 07:58:24.247 17909 18518 I libPerfCtl: fbcNotifySbeRescue ret=-1
11-05 07:58:24.256 17909 17909 D Surface : lockCanvas
11-05 07:58:24.272 17909 17909 D Surface : lockCanvas
11-05 07:58:24.282 17909 18518 I libPerfCtl: fbcNotifySbeRescue ret=-1
11-05 07:58:24.290 17909 18518 I libPerfCtl: fbcNotifySbeRescue ret=-1
11-05 07:58:24.291 17909 17909 D Surface : lockCanvas
11-05 07:58:24.310 17909 17909 D Surface : lockCanvas
11-05 07:58:24.321 17909 18518 I libPerfCtl: fbcNotifySbeRescue ret=-1
11-05 07:58:24.328 17909 17909 D Surface : lockCanvas
11-05 07:58:24.345 17909 17909 D Surface : lockCanvas
11-05 07:58:24.363 17909 17909 D Surface : lockCanvas
11-05 07:58:24.381 17909 17909 D Surface : lockCanvas
11-05 07:58:24.391 17909 18518 I libPerfCtl: fbcNotifySbeRescue ret=-1
11-05 07:58:24.398 17909 17909 D Surface : lockCanvas
11-05 07:58:24.409 17909 18518 I libPerfCtl: fbcNotifySbeRescue ret=-1
11-05 07:58:24.416 17909 17909 D Surface : lockCanvas
11-05 07:58:24.433 17909 18518 I libPerfCtl: fbcNotifySbeRescue ret=-1
11-05 07:58:24.434 17909 17909 D Surface : lockCanvas
11-05 07:58:24.453 17909 17909 D Surface : lockCanvas
11-05 07:58:24.465 17909 17909 D Surface : lockCanvas
11-05 07:58:24.477 17909 17909 D Surface : lockCanvas
11-05 07:58:24.491 17909 18518 I libPerfCtl: fbcNotifySbeRescue ret=-1
11-05 07:58:24.500 17909 17909 D Surface : lockCanvas
11-05 07:58:24.511 17909 18518 I libPerfCtl: fbcNotifySbeRescue ret=-1
11-05 07:58:24.516 17909 17909 D Surface : lockCanvas
11-05 07:58:24.527 17909 18518 I libPerfCtl: fbcNotifySbeRescue ret=-1
11-05 07:58:24.534 17909 17909 D Surface : lockCanvas
11-05 07:58:24.544 17909 18518 I libPerfCtl: fbcNotifySbeRescue ret=-1
11-05 07:58:24.557 17909 17909 D Surface : lockCanvas
11-05 07:58:24.567 17909 18518 I libPerfCtl: fbcNotifySbeRescue ret=-1
11-05 07:58:24.599 17909 18518 I libPerfCtl: fbcNotifySbeRescue ret=-1
11-05 07:58:24.603 17909 17909 D Surface : lockCanvas
11-05 07:58:24.638 17909 17909 D Surface : lockCanvas
11-05 07:58:24.649 17909 18518 I libPerfCtl: fbcNotifySbeRescue ret=-1
11-05 07:58:24.672 17909 17909 D Surface : lockCanvas
11-05 07:58:24.682 17909 18518 I libPerfCtl: fbcNotifySbeRescue ret=-1
11-05 07:58:24.703 17909 17909 D Surface : lockCanvas
11-05 07:58:24.716 17909 18518 I libPerfCtl: fbcNotifySbeRescue ret=-1
11-05 07:58:24.736 17909 17909 D Surface : lockCanvas
11-05 07:58:24.748 17909 18518 I libPerfCtl: fbcNotifySbeRescue ret=-1
11-05 07:58:24.769 17909 17909 D Surface : lockCanvas
11-05 07:58:24.780 17909 18518 I libPerfCtl: fbcNotifySbeRescue ret=-1
11-05 07:58:24.800 17909 17909 D Surface : lockCanvas
11-05 07:58:24.812 17909 18518 I libPerfCtl: fbcNotifySbeRescue ret=-1
11-05 07:58:24.829 17909 17909 D Surface : lockCanvas
11-05 07:58:24.841 17909 18518 I libPerfCtl: fbcNotifySbeRescue ret=-1
11-05 07:58:24.857 17909 17909 D Surface : lockCanvas
11-05 07:58:24.868 17909 18518 I libPerfCtl: fbcNotifySbeRescue ret=-1
11-05 07:58:24.887 17909 17909 D Surface : lockCanvas
11-05 07:58:24.898 17909 18518 I libPerfCtl: fbcNotifySbeRescue ret=-1
11-05 07:58:24.916 17909 17909 D Surface : lockCanvas
11-05 07:58:24.927 17909 18518 I libPerfCtl: fbcNotifySbeRescue ret=-1
11-05 07:58:24.945 17909 17909 D Surface : lockCanvas
11-05 07:58:24.956 17909 18518 I libPerfCtl: fbcNotifySbeRescue ret=-1
11-05 07:58:25.009 17909 17909 D Surface : lockCanvas
11-05 07:58:25.019 17909 18518 I libPerfCtl: fbcNotifySbeRescue ret=-1
11-05 07:58:25.031 17909 17909 D Surface : lockCanvas
11-05 07:58:25.043 17909 18518 I libPerfCtl: fbcNotifySbeRescue ret=-1
11-05 07:58:25.051 17909 17909 D Surface : lockCanvas
11-05 07:58:25.064 17909 18518 I libPerfCtl: fbcNotifySbeRescue ret=-1
11-05 07:58:25.075 17909 17909 D Surface : lockCanvas
11-05 07:58:25.087 17909 18518 I libPerfCtl: fbcNotifySbeRescue ret=-1
11-05 07:58:25.096 17909 17909 D Surface : lockCanvas
11-05 07:58:25.107 17909 18518 I libPerfCtl: fbcNotifySbeRescue ret=-1
11-05 07:58:25.117 17909 17909 D Surface : lockCanvas
11-05 07:58:25.128 17909 18518 I libPerfCtl: fbcNotifySbeRescue ret=-1
11-05 07:58:25.139 17909 17909 D Surface : lockCanvas
11-05 07:58:25.149 17909 18518 I libPerfCtl: fbcNotifySbeRescue ret=-1
11-05 07:58:25.162 17909 17909 D Surface : lockCanvas
11-05 07:58:25.173 17909 18518 I libPerfCtl: fbcNotifySbeRescue ret=-1
11-05 07:58:25.183 17909 17909 D Surface : lockCanvas
11-05 07:58:25.194 17909 18518 I libPerfCtl: fbcNotifySbeRescue ret=-1
11-05 07:58:25.203 17909 17909 D Surface : lockCanvas
11-05 07:58:25.214 17909 18518 I libPerfCtl: fbcNotifySbeRescue ret=-1
11-05 07:58:25.224 17909 17909 D Surface : lockCanvas
11-05 07:58:25.235 17909 18518 I libPerfCtl: fbcNotifySbeRescue ret=-1
11-05 07:58:25.246 17909 17909 D Surface : lockCanvas
11-05 07:58:25.256 17909 18518 I libPerfCtl: fbcNotifySbeRescue ret=-1
11-05 07:58:25.267 17909 17909 D Surface : lockCanvas
11-05 07:58:25.278 17909 18518 I libPerfCtl: fbcNotifySbeRescue ret=-1
11-05 07:58:25.288 17909 17909 D Surface : lockCanvas
11-05 07:58:25.299 17909 18518 I libPerfCtl: fbcNotifySbeRescue ret=-1
11-05 07:58:25.309 17909 17909 D Surface : lockCanvas
11-05 07:58:25.320 17909 18518 I libPerfCtl: fbcNotifySbeRescue ret=-1
11-05 07:58:25.330 17909 17909 D Surface : lockCanvas
11-05 07:58:25.341 17909 18518 I libPerfCtl: fbcNotifySbeRescue ret=-1
11-05 07:58:25.350 17909 17909 D Surface : lockCanvas
11-05 07:58:25.361 17909 18518 I libPerfCtl: fbcNotifySbeRescue ret=-1
11-05 07:58:25.371 17909 17909 D Surface : lockCanvas
11-05 07:58:25.382 17909 18518 I libPerfCtl: fbcNotifySbeRescue ret=-1
11-05 07:58:25.392 17909 17909 D Surface : lockCanvas
11-05 07:58:25.403 17909 18518 I libPerfCtl: fbcNotifySbeRescue ret=-1
11-05 07:58:25.413 17909 17909 D Surface : lockCanvas
11-05 07:58:25.424 17909 18518 I libPerfCtl: fbcNotifySbeRescue ret=-1
11-05 07:58:25.434 17909 17909 D Surface : lockCanvas
11-05 07:58:25.447 17909 17909 D Surface : lockCanvas
11-05 07:58:25.462 17909 17909 D Surface : lockCanvas
11-05 07:58:25.473 17909 18518 I libPerfCtl: fbcNotifySbeRescue ret=-1
11-05 07:58:25.484 17909 17909 D Surface : lockCanvas
11-05 07:58:25.494 17909 18518 I libPerfCtl: fbcNotifySbeRescue ret=-1
11-05 07:58:25.505 17909 17909 D Surface : lockCanvas
11-05 07:58:25.515 17909 18518 I libPerfCtl: fbcNotifySbeRescue ret=-1
11-05 07:58:25.524 17909 17909 D Surface : lockCanvas
11-05 07:58:25.526 17909 17909 W ScrollPolicy: cannot found render thread
11-05 07:58:25.535 17909 18518 I libPerfCtl: fbcNotifySbeRescue ret=-1
11-05 07:58:25.542 17909 17909 D Surface : lockCanvas
11-05 07:58:25.561 17909 17909 D Surface : lockCanvas
11-05 07:58:25.579 17909 17909 D Surface : lockCanvas
11-05 07:58:25.581 17909 17909 W ScrollPolicy: cannot found render thread
11-05 07:58:25.590 17909 18518 I libPerfCtl: fbcNotifySbeRescue ret=-1
11-05 07:58:25.597 17909 17909 D Surface : lockCanvas
11-05 07:58:25.612 17909 17909 D Surface : lockCanvas
11-05 07:58:25.628 17909 17909 D Surface : lockCanvas
11-05 07:58:25.644 17909 17909 D Surface : lockCanvas
11-05 07:58:25.661 17909 17909 D Surface : lockCanvas
11-05 07:58:25.677 17909 17909 D Surface : lockCanvas
11-05 07:58:25.692 17909 17909 D Surface : lockCanvas
11-05 07:58:25.709 17909 17909 D Surface : lockCanvas
11-05 07:58:25.726 17909 17909 D Surface : lockCanvas
11-05 07:58:25.744 17909 17909 D Surface : lockCanvas
11-05 07:58:25.762 17909 17909 D Surface : lockCanvas
11-05 07:58:25.778 17909 17909 D Surface : lockCanvas
11-05 07:58:25.794 17909 17909 D Surface : lockCanvas
11-05 07:58:25.808 17909 17909 D Surface : lockCanvas
11-05 07:58:25.826 17909 17909 D Surface : lockCanvas
11-05 07:58:25.843 17909 17909 D Surface : lockCanvas
11-05 07:58:25.863 17909 17909 D Surface : lockCanvas
11-05 07:58:25.872 17909 18518 I libPerfCtl: fbcNotifySbeRescue ret=-1
11-05 07:58:25.882 17909 17909 D Surface : lockCanvas
11-05 07:58:25.890 17909 18518 I libPerfCtl: fbcNotifySbeRescue ret=-1
11-05 07:58:25.901 17909 17909 D Surface : lockCanvas
11-05 07:58:25.910 17909 18518 I libPerfCtl: fbcNotifySbeRescue ret=-1
11-05 07:58:25.920 17909 17909 D Surface : lockCanvas
11-05 07:58:25.930 17909 18518 I libPerfCtl: fbcNotifySbeRescue ret=-1
11-05 07:58:25.939 17909 17909 D Surface : lockCanvas
11-05 07:58:25.949 17909 18518 I libPerfCtl: fbcNotifySbeRescue ret=-1
11-05 07:58:25.958 17909 17909 D Surface : lockCanvas
11-05 07:58:25.967 17909 18518 I libPerfCtl: fbcNotifySbeRescue ret=-1
11-05 07:58:25.976 17909 17909 D Surface : lockCanvas
11-05 07:58:25.993 17909 17909 D Surface : lockCanvas
11-05 07:58:26.013 17909 17909 D Surface : lockCanvas
11-05 07:58:26.022 17909 18518 I libPerfCtl: fbcNotifySbeRescue ret=-1
11-05 07:58:26.032 17909 17909 D Surface : lockCanvas
11-05 07:58:26.043 17909 18518 I libPerfCtl: fbcNotifySbeRescue ret=-1
11-05 07:58:26.053 17909 17909 D Surface : lockCanvas
11-05 07:58:26.065 17909 18518 I libPerfCtl: fbcNotifySbeRescue ret=-1
11-05 07:58:26.072 17909 17909 D Surface : lockCanvas
11-05 07:58:26.088 17909 17909 D Surface : lockCanvas
11-05 07:58:26.106 17909 17909 D Surface : lockCanvas
11-05 07:58:26.117 17909 18518 I libPerfCtl: fbcNotifySbeRescue ret=-1
11-05 07:58:26.124 17909 17909 D Surface : lockCanvas
11-05 07:58:26.142 17909 17909 D Surface : lockCanvas
11-05 07:58:26.158 17909 17909 D Surface : lockCanvas
11-05 07:58:26.177 17909 17909 D Surface : lockCanvas
11-05 07:58:26.196 17909 17909 D Surface : lockCanvas
11-05 07:58:26.206 17909 18518 I libPerfCtl: fbcNotifySbeRescue ret=-1
11-05 07:58:26.214 17909 17909 D Surface : lockCanvas
11-05 07:58:26.231 17909 17909 D Surface : lockCanvas
11-05 07:58:26.240 17909 18518 I libPerfCtl: fbcNotifySbeRescue ret=-1
11-05 07:58:26.247 17909 17909 D Surface : lockCanvas
11-05 07:58:26.263 17909 17909 D Surface : lockCanvas
11-05 07:58:26.280 17909 17909 D Surface : lockCanvas
11-05 07:58:26.297 17909 17909 D Surface : lockCanvas
11-05 07:58:26.313 17909 17909 D Surface : lockCanvas
11-05 07:58:26.330 17909 17909 D Surface : lockCanvas
11-05 07:58:26.345 17909 17909 D Surface : lockCanvas
11-05 07:58:26.362 17909 17909 D Surface : lockCanvas
11-05 07:58:26.379 17909 17909 D Surface : lockCanvas
11-05 07:58:26.394 17909 17909 D Surface : lockCanvas
11-05 07:58:26.410 17909 17909 D Surface : lockCanvas
11-05 07:58:26.427 17909 17909 D Surface : lockCanvas
11-05 07:58:26.444 17909 17909 D Surface : lockCanvas
11-05 07:58:26.462 17909 17909 D Surface : lockCanvas
11-05 07:58:26.472 17909 18518 I libPerfCtl: fbcNotifySbeRescue ret=-1
11-05 07:58:26.479 17909 17909 D Surface : lockCanvas
11-05 07:58:26.489 17909 18518 I libPerfCtl: fbcNotifySbeRescue ret=-1
11-05 07:58:26.496 17909 17909 D Surface : lockCanvas
11-05 07:58:26.506 17909 18518 I libPerfCtl: fbcNotifySbeRescue ret=-1
11-05 07:58:26.513 17909 17909 D Surface : lockCanvas
11-05 07:58:26.530 17909 17909 D Surface : lockCanvas
11-05 07:58:26.540 17909 18518 I libPerfCtl: fbcNotifySbeRescue ret=-1
11-05 07:58:26.546 17909 17909 D Surface : lockCanvas
11-05 07:58:26.561 17909 17909 D Surface : lockCanvas
11-05 07:58:26.578 17909 17909 D Surface : lockCanvas
11-05 07:58:26.594 17909 17909 D Surface : lockCanvas
11-05 07:58:26.610 17909 17909 D Surface : lockCanvas
11-05 07:58:26.625 17909 17909 D Surface : lockCanvas
11-05 07:58:26.642 17909 17909 D Surface : lockCanvas
11-05 07:58:26.658 17909 17909 D Surface : lockCanvas
11-05 07:58:26.675 17909 17909 D Surface : lockCanvas
11-05 07:58:26.690 17909 17909 D Surface : lockCanvas
11-05 07:58:26.707 17909 17909 D Surface : lockCanvas
11-05 07:58:26.723 17909 17909 D Surface : lockCanvas
11-05 07:58:26.740 17909 17909 D Surface : lockCanvas
11-05 07:58:26.759 17909 17909 D Surface : lockCanvas
11-05 07:58:26.771 17909 18518 I libPerfCtl: fbcNotifySbeRescue ret=-1
11-05 07:58:26.778 17909 17909 D Surface : lockCanvas
11-05 07:58:26.794 17909 17909 D Surface : lockCanvas
11-05 07:58:26.810 17909 17909 D Surface : lockCanvas
11-05 07:58:26.826 17909 17909 D Surface : lockCanvas
11-05 07:58:26.842 17909 17909 D Surface : lockCanvas
11-05 07:58:26.861 17909 17909 D Surface : lockCanvas
11-05 07:58:26.877 17909 17909 D Surface : lockCanvas
11-05 07:58:26.888 17909 18518 I libPerfCtl: fbcNotifySbeRescue ret=-1
11-05 07:58:26.895 17909 17909 D Surface : lockCanvas
11-05 07:58:26.906 17909 18518 I libPerfCtl: fbcNotifySbeRescue ret=-1
11-05 07:58:26.936 17909 17909 D Surface : lockCanvas
11-05 07:58:26.951 17909 17909 D Surface : lockCanvas
11-05 07:58:26.962 17909 18518 I libPerfCtl: fbcNotifySbeRescue ret=-1
11-05 07:58:26.974 17909 17909 D Surface : lockCanvas
11-05 07:58:26.986 17909 18518 I libPerfCtl: fbcNotifySbeRescue ret=-1
11-05 07:58:27.013 17909 17909 D Surface : lockCanvas
11-05 07:58:27.029 17909 17909 D Surface : lockCanvas
11-05 07:58:27.039 17909 18518 I libPerfCtl: fbcNotifySbeRescue ret=-1
11-05 07:58:27.046 17909 17909 D Surface : lockCanvas
11-05 07:58:27.057 17909 18518 I libPerfCtl: fbcNotifySbeRescue ret=-1
11-05 07:58:27.067 17909 17909 D Surface : lockCanvas
11-05 07:58:27.085 17909 17909 D Surface : lockCanvas
11-05 07:58:27.096 17909 18518 I libPerfCtl: fbcNotifySbeRescue ret=-1
11-05 07:58:27.102 17909 17909 D Surface : lockCanvas
11-05 07:58:27.117 17909 17909 D Surface : lockCanvas
11-05 07:58:27.129 17909 18518 I libPerfCtl: fbcNotifySbeRescue ret=-1
11-05 07:58:27.135 17909 17909 D Surface : lockCanvas
11-05 07:58:27.146 17909 18518 I libPerfCtl: fbcNotifySbeRescue ret=-1
11-05 07:58:27.154 17909 17909 D Surface : lockCanvas
11-05 07:58:27.169 17909 17909 D Surface : lockCanvas
11-05 07:58:27.183 17909 17909 D Surface : lockCanvas
11-05 07:58:27.195 17909 18518 I libPerfCtl: fbcNotifySbeRescue ret=-1
11-05 07:58:27.201 17909 17909 D Surface : lockCanvas
11-05 07:58:27.212 17909 18518 I libPerfCtl: fbcNotifySbeRescue ret=-1
11-05 07:58:27.219 17909 17909 D Surface : lockCanvas
11-05 07:58:27.235 17909 17909 D Surface : lockCanvas
11-05 07:58:27.251 17909 17909 D Surface : lockCanvas
11-05 07:58:27.268 17909 17909 D Surface : lockCanvas
11-05 07:58:27.283 17909 17909 D Surface : lockCanvas
11-05 07:58:27.296 17909 17909 D Surface : lockCanvas
11-05 07:58:27.313 17909 17909 D Surface : lockCanvas
11-05 07:58:27.324 17909 18518 I libPerfCtl: fbcNotifySbeRescue ret=-1
11-05 07:58:27.330 17909 17909 D Surface : lockCanvas
11-05 07:58:27.341 17909 18518 I libPerfCtl: fbcNotifySbeRescue ret=-1
11-05 07:58:27.348 17909 17909 D Surface : lockCanvas
11-05 07:58:27.357 17909 18518 I libPerfCtl: fbcNotifySbeRescue ret=-1
11-05 07:58:27.365 17909 17909 D Surface : lockCanvas
11-05 07:58:27.376 17909 18518 I libPerfCtl: fbcNotifySbeRescue ret=-1
11-05 07:58:27.382 17909 17909 D Surface : lockCanvas
11-05 07:58:27.393 17909 18518 I libPerfCtl: fbcNotifySbeRescue ret=-1
11-05 07:58:27.399 17909 17909 D Surface : lockCanvas
11-05 07:58:27.410 17909 18518 I libPerfCtl: fbcNotifySbeRescue ret=-1
11-05 07:58:27.416 17909 17909 D Surface : lockCanvas
11-05 07:58:27.426 17909 18518 I libPerfCtl: fbcNotifySbeRescue ret=-1
11-05 07:58:27.432 17909 17909 D Surface : lockCanvas
11-05 07:58:27.443 17909 18518 I libPerfCtl: fbcNotifySbeRescue ret=-1
11-05 07:58:27.450 17909 17909 D Surface : lockCanvas
11-05 07:58:27.465 17909 17909 D Surface : lockCanvas
11-05 07:58:27.476 17909 18518 I libPerfCtl: fbcNotifySbeRescue ret=-1
11-05 07:58:27.482 17909 17909 D Surface : lockCanvas
11-05 07:58:27.493 17909 18518 I libPerfCtl: fbcNotifySbeRescue ret=-1
11-05 07:58:27.498 17909 17909 D Surface : lockCanvas
11-05 07:58:27.509 17909 18518 I libPerfCtl: fbcNotifySbeRescue ret=-1
11-05 07:58:27.515 17909 17909 D Surface : lockCanvas
11-05 07:58:27.532 17909 17909 D Surface : lockCanvas
11-05 07:58:27.542 17909 18518 I libPerfCtl: fbcNotifySbeRescue ret=-1
11-05 07:58:27.548 17909 17909 D Surface : lockCanvas
11-05 07:58:27.559 17909 18518 I libPerfCtl: fbcNotifySbeRescue ret=-1
11-05 07:58:27.565 17909 17909 D Surface : lockCanvas
11-05 07:58:27.576 17909 18518 I libPerfCtl: fbcNotifySbeRescue ret=-1
11-05 07:58:27.582 17909 17909 D Surface : lockCanvas
11-05 07:58:27.598 17909 17909 D Surface : lockCanvas
11-05 07:58:27.615 17909 17909 D Surface : lockCanvas
11-05 07:58:27.626 17909 18518 I libPerfCtl: fbcNotifySbeRescue ret=-1
11-05 07:58:27.632 17909 17909 D Surface : lockCanvas
11-05 07:58:27.643 17909 18518 I libPerfCtl: fbcNotifySbeRescue ret=-1
11-05 07:58:27.648 17909 17909 D Surface : lockCanvas
11-05 07:58:27.665 17909 17909 D Surface : lockCanvas
11-05 07:58:27.677 17909 18518 I libPerfCtl: fbcNotifySbeRescue ret=-1
11-05 07:58:27.683 17909 17909 D Surface : lockCanvas
11-05 07:58:27.699 17909 17909 D Surface : lockCanvas
11-05 07:58:27.710 17909 18518 I libPerfCtl: fbcNotifySbeRescue ret=-1
11-05 07:58:27.716 17909 17909 D Surface : lockCanvas
11-05 07:58:27.732 17909 17909 D Surface : lockCanvas
11-05 07:58:27.748 17909 17909 D Surface : lockCanvas
11-05 07:58:27.759 17909 18518 I libPerfCtl: fbcNotifySbeRescue ret=-1
11-05 07:58:27.765 17909 17909 D Surface : lockCanvas
11-05 07:58:27.782 17909 17909 D Surface : lockCanvas
11-05 07:58:27.798 17909 17909 D Surface : lockCanvas
11-05 07:58:27.810 17909 18518 I libPerfCtl: fbcNotifySbeRescue ret=-1
11-05 07:58:27.816 17909 17909 D Surface : lockCanvas
11-05 07:58:27.832 17909 17909 D Surface : lockCanvas
11-05 07:58:27.849 17909 17909 D Surface : lockCanvas
11-05 07:58:27.860 17909 18518 I libPerfCtl: fbcNotifySbeRescue ret=-1
11-05 07:58:27.866 17909 17909 D Surface : lockCanvas
11-05 07:58:27.882 17909 17909 D Surface : lockCanvas
11-05 07:58:27.895 17909 18518 I libPerfCtl: fbcNotifySbeRescue ret=-1
11-05 07:58:27.900 17909 17909 D Surface : lockCanvas
11-05 07:58:27.916 17909 17909 D Surface : lockCanvas
11-05 07:58:27.928 17909 18518 I libPerfCtl: fbcNotifySbeRescue ret=-1
11-05 07:58:27.934 17909 17909 D Surface : lockCanvas
11-05 07:58:27.949 17909 17909 D Surface : lockCanvas
11-05 07:58:27.967 17909 17909 D Surface : lockCanvas
11-05 07:58:27.983 17909 17909 D Surface : lockCanvas
11-05 07:58:27.994 17909 18518 I libPerfCtl: fbcNotifySbeRescue ret=-1
11-05 07:58:27.999 17909 17909 D Surface : lockCanvas
11-05 07:58:28.016 17909 17909 D Surface : lockCanvas
11-05 07:58:28.027 17909 18518 I libPerfCtl: fbcNotifySbeRescue ret=-1
11-05 07:58:28.033 17909 17909 D Surface : lockCanvas
11-05 07:58:28.049 17909 17909 D Surface : lockCanvas
11-05 07:58:28.061 17909 18518 I libPerfCtl: fbcNotifySbeRescue ret=-1
11-05 07:58:28.066 17909 17909 D Surface : lockCanvas
11-05 07:58:28.078 17909 18518 I libPerfCtl: fbcNotifySbeRescue ret=-1
11-05 07:58:28.084 17909 17909 D Surface : lockCanvas
11-05 07:58:28.096 17909 18518 I libPerfCtl: fbcNotifySbeRescue ret=-1
11-05 07:58:28.102 17909 17909 D Surface : lockCanvas
11-05 07:58:28.118 17909 17909 D Surface : lockCanvas
11-05 07:58:28.134 17909 17909 D Surface : lockCanvas
11-05 07:58:28.151 17909 17909 D Surface : lockCanvas
11-05 07:58:28.163 17909 18518 I libPerfCtl: fbcNotifySbeRescue ret=-1
11-05 07:58:28.168 17909 17909 D Surface : lockCanvas
11-05 07:58:28.179 17909 18518 I libPerfCtl: fbcNotifySbeRescue ret=-1
11-05 07:58:28.185 17909 17909 D Surface : lockCanvas
11-05 07:58:28.201 17909 17909 D Surface : lockCanvas
11-05 07:58:28.212 17909 18518 I libPerfCtl: fbcNotifySbeRescue ret=-1
11-05 07:58:28.218 17909 17909 D Surface : lockCanvas
11-05 07:58:28.235 17909 17909 D Surface : lockCanvas
11-05 07:58:28.251 17909 17909 D Surface : lockCanvas
11-05 07:58:28.267 17909 17909 D Surface : lockCanvas
11-05 07:58:28.283 17909 17909 D Surface : lockCanvas
11-05 07:58:28.294 17909 18518 I libPerfCtl: fbcNotifySbeRescue ret=-1
11-05 07:58:28.300 17909 17909 D Surface : lockCanvas
11-05 07:58:28.316 17909 17909 D Surface : lockCanvas
11-05 07:58:28.332 17909 17909 D Surface : lockCanvas
11-05 07:58:28.349 17909 17909 D Surface : lockCanvas
11-05 07:58:28.366 17909 17909 D Surface : lockCanvas
11-05 07:58:28.383 17909 17909 D Surface : lockCanvas
11-05 07:58:28.399 17909 17909 D Surface : lockCanvas
11-05 07:58:28.412 17909 17909 D Surface : lockCanvas
11-05 07:58:28.423 17909 18518 I libPerfCtl: fbcNotifySbeRescue ret=-1
11-05 07:58:28.428 17909 17909 D MIUIInput: [KeyEvent] ViewRootImpl windowName
'com.corepix.videorecording/com.smartvlogger.Activity.SettingsActivity', KeyEvent {
action=ACTION_DOWN, keyCode=KEYCODE_BACK, scanCode=0, metaState=0, flags=0x48,
repeatCount=0, eventTime=729051440, downTime=729051440, deviceId=-1, source=0x101,
displayId=0 }, phoneEventTime=07:58:28.401
11-05 07:58:28.430 17909 17909 D Surface : lockCanvas
11-05 07:58:28.448 17909 18518 I libPerfCtl: fbcNotifySbeRescue ret=-1
11-05 07:58:28.449 17909 17909 D Surface : lockCanvas
11-05 07:58:28.465 17909 18518 I libPerfCtl: fbcNotifySbeRescue ret=-1
11-05 07:58:28.465 17909 17909 D Surface : lockCanvas
11-05 07:58:28.480 17909 17909 D Surface : lockCanvas
11-05 07:58:28.490 17909 18518 I libPerfCtl: fbcNotifySbeRescue ret=-1
11-05 07:58:28.494 17909 17909 D MIUIInput: [KeyEvent] ViewRootImpl windowName
'com.corepix.videorecording/com.smartvlogger.Activity.SettingsActivity', KeyEvent {
action=ACTION_UP, keyCode=KEYCODE_BACK, scanCode=0, metaState=0, flags=0x48,
repeatCount=0, eventTime=729051518, downTime=729051440, deviceId=-1, source=0x101,
displayId=0 }, phoneEventTime=07:58:28.479
11-05 07:58:28.498 17909 17909 D Surface : lockCanvas
11-05 07:58:28.515 17909 17909 D Surface : lockCanvas
11-05 07:58:28.524 17909 18518 I libPerfCtl: fbcNotifySbeRescue ret=-1
11-05 07:58:28.532 17909 18518 I libPerfCtl: fbcNotifySbeRescue ret=-1
11-05 07:58:28.548 17909 17909 D Surface : lockCanvas
11-05 07:58:28.564 17909 17909 D test : 360 753
11-05 07:58:28.564 17909 17909 D test : width= 720 height= 1507
11-05 07:58:28.572 17909 17909 D call : On Resume
11-05 07:58:28.573 17909 17909 E TAG : Welcome to the Teleprompter app which
allows you to read a script from a teleprompter while recording yourself. The app
makes use of the high definition camera and quality microphone, whilst ensuring you
are word perfect and looking directly into the camera at all times. It's totally
free to download and use for scripts of up to 750 characters.
11-05 07:58:28.573 17909 17909 E TAG :
11-05 07:58:28.573 17909 17909 E TAG : We hope you enjoy using it.
11-05 07:58:28.573 17909 17909 D test : 360 753
11-05 07:58:28.573 17909 17909 D test : width= 720 height= 1507
11-05 07:58:28.585 17909 19057 W libc : Access denied finding property
"vendor.camera.aux.packagelist"
11-05 07:58:28.585 17909 17909 D DecorView[]: onWindowFocusChanged hasWindowFocus
false
11-05 07:58:28.586 17909 19057 W libc : Access denied finding property
"vendor.camera.aux.packagelist"
11-05 07:58:28.587 17909 19057 W libc : Access denied finding property
"vendor.camera.aux.packagelist"
11-05 07:58:28.590 17909 19057 W libc : Access denied finding property
"vendor.camera.aux.packagelist"
11-05 07:58:28.598 17909 17909 I BufferQueueConsumer: [](id:45f50000000b,api:0,p:-
1,c:17909) connect: controlledByApp=false
11-05 07:58:28.599 17909 17909 I BLASTBufferQueue:
[ViewRootImpl[CameraActivity]#10] constructor()
11-05 07:58:28.602 17909 19057 W libc : Access denied finding property
"vendor.camera.aux.packagelist"
11-05 07:58:28.605 17909 17909 I BufferQueueConsumer: [](id:45f50000000c,api:0,p:-
1,c:17909) connect: controlledByApp=false
11-05 07:58:28.605 17909 17909 I BLASTBufferQueue:
[SurfaceView[com.corepix.videorecording/com.smartvlogger.Activity.CameraActivity]#1
1] constructor()
11-05 07:58:28.608 17909 19060 I BufferQueueProducer:
[SurfaceView[com.corepix.videorecording/com.smartvlogger.Activity.CameraActivity]#1
1(BLAST Consumer)11](id:45f50000000c,api:1,p:17909,c:17909) connect: api=1
producerControlledByApp=true
11-05 07:58:28.610 17909 19060 I BufferQueueConsumer: [](id:45f50000000d,api:0,p:-
1,c:17909) connect: controlledByApp=true
11-05 07:58:28.626 17909 17909 D checklines: main height =246
11-05 07:58:28.626 17909 17909 D checklines: 30
11-05 07:58:28.626 17909 17909 D checklines: max= 246
11-05 07:58:28.626 17909 17909 D checklines: lines = 8 onewordheight =30
textheight = 240 totalheight502 scrollview geight = 742
11-05 07:58:28.626 17909 17909 D SurfaceView: UPDATE
Surface(name=SurfaceView[com.corepix.videorecording/com.smartvlogger.Activity.Camer
aActivity])/@0xd586748, mIsProjectionMode = false
11-05 07:58:28.627 17909 19060 I BufferQueueProducer:
[SurfaceView[com.corepix.videorecording/com.smartvlogger.Activity.CameraActivity]#1
1(BLAST Consumer)11](id:45f50000000c,api:1,p:17909,c:17909) disconnect: api 1
11-05 07:58:28.627 17909 19060 I BufferQueueProducer:
[SurfaceView[com.corepix.videorecording/com.smartvlogger.Activity.CameraActivity]#1
1(BLAST Consumer)11](id:45f50000000c,api:1,p:17909,c:17909) connect: api=1
producerControlledByApp=true
11-05 07:58:28.629 17909 17909 D Surface : lockCanvas
11-05 07:58:28.629 17909 17909 I BufferQueueProducer:
[ViewRootImpl[CameraActivity]#10(BLAST Consumer)10]
(id:45f50000000b,api:2,p:17909,c:17909) connect: api=2 producerControlledByApp=true
11-05 07:58:28.633 17909 19057 W libc : Access denied finding property
"vendor.camera.aux.packagelist"
11-05 07:58:28.634 17909 19057 W libc : Access denied finding property
"vendor.camera.aux.packagelist"
11-05 07:58:28.640 17909 19057 W libc : Access denied finding property
"vendor.camera.aux.packagelist"
11-05 07:58:28.650 17909 19057 W libc : Access denied finding property
"vendor.camera.aux.packagelist"
11-05 07:58:28.651 17909 17909 D Surface : lockCanvas
11-05 07:58:28.684 17909 19057 I BufferQueueProducer: [SurfaceTexture-1-17909-1]
(id:45f50000000d,api:4,p:946,c:17909) connect: api=4 producerControlledByApp=true
11-05 07:58:28.729 17909 18518 I libPerfCtl: fbcNotifySbeRescue ret=-1
11-05 07:58:28.738 17909 17909 D Surface : lockCanvas
11-05 07:58:28.764 17909 17909 D Surface : lockCanvas
11-05 07:58:28.894 17909 18518 I libPerfCtl: fbcNotifySbeRescue ret=-1
11-05 07:58:28.897 17909 17909 D Surface : lockCanvas
11-05 07:58:28.918 17909 17909 D Surface : lockCanvas
11-05 07:58:29.001 17909 18518 I libPerfCtl: fbcNotifySbeRescue ret=-1
11-05 07:58:29.004 17909 17909 D Surface : lockCanvas
11-05 07:58:29.021 17909 17909 D Surface : lockCanvas
11-05 07:58:29.090 17909 17909 D DecorView[]: onWindowFocusChanged hasWindowFocus
true
11-05 07:58:29.096 17909 18518 I libPerfCtl: fbcNotifySbeRescue ret=-1
11-05 07:58:29.097 17909 17909 D Surface : lockCanvas
11-05 07:58:29.115 17909 17909 D Surface : lockCanvas
11-05 07:58:29.183 17909 17909 D Surface : lockCanvas
11-05 07:58:29.192 17909 18518 I libPerfCtl: fbcNotifySbeRescue ret=-1
11-05 07:58:29.201 17909 17909 D Surface : lockCanvas
11-05 07:58:29.260 17909 17909 D Surface : lockCanvas
11-05 07:58:29.270 17909 18518 I libPerfCtl: fbcNotifySbeRescue ret=-1
11-05 07:58:29.281 17909 17909 D Surface : lockCanvas
11-05 07:58:29.314 17909 19060 I mali_config: @get_buffer_dataspace_setting: update
dataspace from GE (0x10010000 -> 0x08020000)
11-05 07:58:29.310 17909 17909 W com.corepix.videorecording: type=1400
audit(0.0:2388831): avc: denied { getattr } for comm=474C54687265616420313436
name="dmabuf:" dev="dmabuf" ino=1 scontext=u:r:untrusted_app:s0:c149,c257,c512,c768
tcontext=u:object_r:unlabeled:s0 tclass=filesystem permissive=0
app=com.corepix.videorecording
11-05 07:58:29.319 17909 17909 D Surface : lockCanvas
