11-05 07:58:08.509 17909 17909 D Surface : lockCanvas
11-05 07:58:08.519 17909 18518 I libPerfCtl: fbcNotifySbeRescue ret=-1
11-05 07:58:08.526 17909 17909 D Surface : lockCanvas
11-05 07:58:08.542 17909 17909 D Surface : lockCanvas
11-05 07:58:08.558 17909 17909 D Surface : lockCanvas
11-05 07:58:08.568 17909 18518 I libPerfCtl: fbcNotifySbeRescue ret=-1
11-05 07:58:08.576 17909 17909 D Surface : lockCanvas
11-05 07:58:08.586 17909 18518 I libPerfCtl: fbcNotifySbeRescue ret=-1
11-05 07:58:08.593 17909 17909 D Surface : lockCanvas
11-05 07:58:08.609 17909 17909 D Surface : lockCanvas
11-05 07:58:08.619 17909 18518 I libPerfCtl: fbcNotifySbeRescue ret=-1
11-05 07:58:08.625 17909 17909 D Surface : lockCanvas
11-05 07:58:08.641 17909 17909 D Surface : lockCanvas
11-05 07:58:08.657 17909 17909 D Surface : lockCanvas
11-05 07:58:08.673 17909 17909 D Surface : lockCanvas
11-05 07:58:08.689 17909 17909 D Surface : lockCanvas
11-05 07:58:08.700 17909 18518 I libPerfCtl: fbcNotifySbeRescue ret=-1
11-05 07:58:08.706 17909 17909 D Surface : lockCanvas
11-05 07:58:08.722 17909 17909 D Surface : lockCanvas
11-05 07:58:08.736 17909 17909 D Surface : lockCanvas
11-05 07:58:08.747 17909 18518 I libPerfCtl: fbcNotifySbeRescue ret=-1
11-05 07:58:08.753 17909 17909 D Surface : lockCanvas
11-05 07:58:08.769 17909 17909 D Surface : lockCanvas
11-05 07:58:08.786 17909 17909 D Surface : lockCanvas
11-05 07:58:08.803 17909 17909 D Surface : lockCanvas
11-05 07:58:08.819 17909 17909 D Surface : lockCanvas
11-05 07:58:08.831 17909 18518 I libPerfCtl: fbcNotifySbeRescue ret=-1
11-05 07:58:08.842 17909 17909 D Surface : lockCanvas
11-05 07:58:08.860 17909 18518 I libPerfCtl: fbcNotifySbeRescue ret=-1
11-05 07:58:08.867 17909 17909 D IS_CTS_MODE: false
11-05 07:58:08.868 17909 17909 D MULTI_WINDOW_SWITCH_ENABLED: false
11-05 07:58:08.875 17909 17909 D DecorView[]: updateDecorCaptionStatus
displayWindowDecor is false
11-05 07:58:08.926 17909 17909 I BufferQueueConsumer: [](id:45f500000009,api:0,p:-
1,c:17909) connect: controlledByApp=false
11-05 07:58:08.927 17909 17909 I BLASTBufferQueue:
[ViewRootImpl[SettingsActivity]#8] constructor()
11-05 07:58:08.934 17909 17909 D Surface : lockCanvas
11-05 07:58:08.934 17909 17909 I BufferQueueProducer:
[ViewRootImpl[SettingsActivity]#8(BLAST Consumer)8]
(id:45f500000009,api:2,p:17909,c:17909) connect: api=2 producerControlledByApp=true
11-05 07:58:08.950 17909 17909 D Surface : lockCanvas
11-05 07:58:08.966 17909 17909 D Surface : lockCanvas
11-05 07:58:08.976 17909 17909 D DecorView[]: onWindowFocusChanged hasWindowFocus
false
11-05 07:58:08.979 17909 17909 D DecorView[]: onWindowFocusChanged hasWindowFocus
true
11-05 07:58:08.983 17909 17909 D Surface : lockCanvas
11-05 07:58:08.993 17909 18518 I libPerfCtl: fbcNotifySbeRescue ret=-1
11-05 07:58:09.035 17909 17909 D Surface : lockCanvas
11-05 07:58:09.047 17909 18518 I libPerfCtl: fbcNotifySbeRescue ret=-1
11-05 07:58:09.076 17909 17909 D Surface : lockCanvas
11-05 07:58:09.088 17909 18518 I libPerfCtl: fbcNotifySbeRescue ret=-1
11-05 07:58:09.115 17909 17909 D Surface : lockCanvas
11-05 07:58:09.127 17909 18518 I libPerfCtl: fbcNotifySbeRescue ret=-1
11-05 07:58:09.153 17909 17909 D Surface : lockCanvas
11-05 07:58:09.166 17909 17909 D Surface : lockCanvas
11-05 07:58:09.181 17909 17909 D Surface : lockCanvas
11-05 07:58:09.196 17909 17909 D Surface : lockCanvas
11-05 07:58:09.213 17909 17909 D Surface : lockCanvas
11-05 07:58:09.234 17909 17909 D Surface : lockCanvas
11-05 07:58:09.243 17909 18518 I libPerfCtl: fbcNotifySbeRescue ret=-1
11-05 07:58:09.250 17909 17909 D Surface : lockCanvas
11-05 07:58:09.265 17909 17909 D Surface : lockCanvas
11-05 07:58:09.279 17909 17909 D Surface : lockCanvas
11-05 07:58:09.296 17909 17909 D Surface : lockCanvas
11-05 07:58:09.313 17909 17909 D Surface : lockCanvas
11-05 07:58:09.332 17909 17909 D Surface : lockCanvas
11-05 07:58:09.349 17909 17909 D Surface : lockCanvas
11-05 07:58:09.364 17909 17909 D Surface : lockCanvas
11-05 07:58:09.382 17909 17909 D Surface : lockCanvas
11-05 07:58:09.397 17909 17909 D Surface : lockCanvas
11-05 07:58:09.414 17909 17909 D Surface : lockCanvas
11-05 07:58:09.430 17909 17909 D Surface : lockCanvas
11-05 07:58:09.445 17909 17909 D Surface : lockCanvas
11-05 07:58:09.463 17909 17909 D Surface : lockCanvas
11-05 07:58:09.479 17909 17909 D Surface : lockCanvas
11-05 07:58:09.495 17909 17909 D Surface : lockCanvas
11-05 07:58:09.512 17909 17909 D Surface : lockCanvas
11-05 07:58:09.529 17909 17909 D Surface : lockCanvas
11-05 07:58:09.547 17909 17909 D Surface : lockCanvas
11-05 07:58:09.563 17909 17909 D Surface : lockCanvas
11-05 07:58:09.580 17909 17909 D Surface : lockCanvas
11-05 07:58:09.596 17909 17909 D Surface : lockCanvas
11-05 07:58:09.612 17909 17909 D Surface : lockCanvas
11-05 07:58:09.629 17909 17909 D Surface : lockCanvas
11-05 07:58:09.645 17909 17909 D Surface : lockCanvas
11-05 07:58:09.662 17909 17909 D Surface : lockCanvas
11-05 07:58:09.679 17909 17909 D Surface : lockCanvas
11-05 07:58:09.695 17909 17909 D Surface : lockCanvas
11-05 07:58:09.712 17909 17909 D Surface : lockCanvas
11-05 07:58:09.729 17909 17909 D Surface : lockCanvas
11-05 07:58:09.747 17909 17909 D Surface : lockCanvas
11-05 07:58:09.762 17909 17909 D Surface : lockCanvas
11-05 07:58:09.779 17909 17909 D Surface : lockCanvas
11-05 07:58:09.795 17909 17909 D Surface : lockCanvas
11-05 07:58:09.812 17909 17909 D Surface : lockCanvas
11-05 07:58:09.829 17909 17909 D Surface : lockCanvas
11-05 07:58:09.845 17909 17909 D Surface : lockCanvas
11-05 07:58:09.863 17909 17909 D Surface : lockCanvas
11-05 07:58:09.879 17909 17909 D Surface : lockCanvas
11-05 07:58:09.895 17909 17909 D Surface : lockCanvas
11-05 07:58:09.912 17909 17909 D Surface : lockCanvas
11-05 07:58:09.930 17909 17909 D Surface : lockCanvas
11-05 07:58:09.947 17909 17909 D Surface : lockCanvas
11-05 07:58:09.964 17909 17909 D Surface : lockCanvas
11-05 07:58:09.981 17909 17909 D Surface : lockCanvas
11-05 07:58:09.997 17909 17909 D Surface : lockCanvas
11-05 07:58:10.013 17909 17909 D Surface : lockCanvas
11-05 07:58:10.028 17909 17909 D Surface : lockCanvas
11-05 07:58:10.046 17909 17909 D Surface : lockCanvas
11-05 07:58:10.061 17909 17909 D Surface : lockCanvas
11-05 07:58:10.077 17909 17909 D Surface : lockCanvas
11-05 07:58:10.094 17909 17909 D Surface : lockCanvas
11-05 07:58:10.111 17909 17909 D Surface : lockCanvas
11-05 07:58:10.124 17909 17909 D View : [Warning] assignParent to null: this =
DecorView@1fc08b0[SettingsActivity]
11-05 07:58:10.124 17909 17909 I BufferQueueProducer:
[ViewRootImpl[SettingsActivity]#8(BLAST Consumer)8]
(id:45f500000009,api:2,p:17909,c:17909) disconnect: api 2
11-05 07:58:10.124 17909 17909 I BLASTBufferQueue:
[ViewRootImpl[SettingsActivity]#8] destructor()
11-05 07:58:10.125 17909 17909 I BufferQueueConsumer:
[ViewRootImpl[SettingsActivity]#8(BLAST Consumer)8](id:45f500000009,api:0,p:-
1,c:17909) disconnect
11-05 07:58:10.157 17909 18518 I libPerfCtl: fbcNotifySbeRescue ret=-1
11-05 07:58:10.159 17909 17909 D Surface : lockCanvas
11-05 07:58:10.211 17909 17909 D Surface : lockCanvas
11-05 07:58:10.221 17909 18518 I libPerfCtl: fbcNotifySbeRescue ret=-1
11-05 07:58:10.247 17909 17909 D DecorView[]: onWindowFocusChanged hasWindowFocus
true
11-05 07:58:10.254 17909 17909 D Surface : lockCanvas
11-05 07:58:10.263 17909 18518 I libPerfCtl: fbcNotifySbeRescue ret=-1
11-05 07:58:10.293 17909 17909 D Surface : lockCanvas
11-05 07:58:10.303 17909 18518 I libPerfCtl: fbcNotifySbeRescue ret=-1
11-05 07:58:10.318 17909 18393 I BLASTBufferQueue: releaseBufferCallbackThunk
bufferId:76918569304094 framenumber:1 blastBufferQueue is dead
11-05 07:58:10.331 17909 17909 D Surface : lockCanvas
11-05 07:58:10.341 17909 18518 I libPerfCtl: fbcNotifySbeRescue ret=-1
11-05 07:58:10.367 17909 17909 D Surface : lockCanvas
11-05 07:58:10.378 17909 18518 I libPerfCtl: fbcNotifySbeRescue ret=-1
11-05 07:58:10.403 17909 17909 D Surface : lockCanvas
11-05 07:58:10.417 17909 17909 D Surface : lockCanvas
11-05 07:58:10.431 17909 17909 D Surface : lockCanvas
11-05 07:58:10.442 17909 18518 I libPerfCtl: fbcNotifySbeRescue ret=-1
11-05 07:58:10.455 17909 17909 D Surface : lockCanvas
11-05 07:58:10.470 17909 17909 D Surface : lockCanvas
11-05 07:58:10.487 17909 17909 D Surface : lockCanvas
11-05 07:58:10.503 17909 17909 D Surface : lockCanvas
11-05 07:58:10.520 17909 17909 D Surface : lockCanvas
11-05 07:58:10.532 17909 18518 I libPerfCtl: fbcNotifySbeRescue ret=-1
11-05 07:58:10.536 17909 17909 D Surface : lockCanvas
11-05 07:58:10.553 17909 17909 D Surface : lockCanvas
11-05 07:58:10.564 17909 18518 I libPerfCtl: fbcNotifySbeRescue ret=-1
11-05 07:58:10.570 17909 17909 D Surface : lockCanvas
11-05 07:58:10.587 17909 17909 D Surface : lockCanvas
11-05 07:58:10.598 17909 18518 I libPerfCtl: fbcNotifySbeRescue ret=-1
11-05 07:58:10.605 17909 17909 D Surface : lockCanvas
11-05 07:58:10.619 17909 17909 D Surface : lockCanvas
11-05 07:58:10.637 17909 17909 D Surface : lockCanvas
11-05 07:58:10.649 17909 18518 I libPerfCtl: fbcNotifySbeRescue ret=-1
11-05 07:58:10.654 17909 17909 D Surface : lockCanvas
11-05 07:58:10.671 17909 17909 D Surface : lockCanvas
11-05 07:58:10.687 17909 17909 D Surface : lockCanvas
11-05 07:58:10.704 17909 17909 D Surface : lockCanvas
11-05 07:58:10.719 17909 17909 D Surface : lockCanvas
11-05 07:58:10.731 17909 18518 I libPerfCtl: fbcNotifySbeRescue ret=-1
11-05 07:58:10.738 17909 17909 D Surface : lockCanvas
11-05 07:58:10.754 17909 17909 D Surface : lockCanvas
11-05 07:58:10.765 17909 18518 I libPerfCtl: fbcNotifySbeRescue ret=-1
11-05 07:58:10.771 17909 17909 D Surface : lockCanvas
11-05 07:58:10.787 17909 17909 D Surface : lockCanvas
11-05 07:58:10.803 17909 17909 D Surface : lockCanvas
11-05 07:58:10.815 17909 18518 I libPerfCtl: fbcNotifySbeRescue ret=-1
11-05 07:58:10.821 17909 17909 D Surface : lockCanvas
11-05 07:58:10.837 17909 17909 D Surface : lockCanvas
11-05 07:58:10.854 17909 17909 D Surface : lockCanvas
11-05 07:58:10.870 17909 17909 D Surface : lockCanvas
11-05 07:58:10.887 17909 17909 D Surface : lockCanvas
11-05 07:58:10.903 17909 17909 D Surface : lockCanvas
11-05 07:58:10.921 17909 17909 D Surface : lockCanvas
11-05 07:58:10.937 17909 17909 D Surface : lockCanvas
11-05 07:58:10.949 17909 18518 I libPerfCtl: fbcNotifySbeRescue ret=-1
11-05 07:58:10.955 17909 17909 D Surface : lockCanvas
11-05 07:58:10.970 17909 17909 D Surface : lockCanvas
11-05 07:58:10.986 17909 17909 D Surface : lockCanvas
11-05 07:58:10.997 17909 18518 I libPerfCtl: fbcNotifySbeRescue ret=-1
11-05 07:58:11.005 17909 17909 D Surface : lockCanvas
11-05 07:58:11.021 17909 17909 D Surface : lockCanvas
11-05 07:58:11.038 17909 17909 D Surface : lockCanvas
11-05 07:58:11.054 17909 17909 D Surface : lockCanvas
11-05 07:58:11.071 17909 17909 D Surface : lockCanvas
11-05 07:58:11.082 17909 18518 I libPerfCtl: fbcNotifySbeRescue ret=-1
11-05 07:58:11.088 17909 17909 D Surface : lockCanvas
11-05 07:58:11.103 17909 17909 D Surface : lockCanvas
11-05 07:58:11.115 17909 18518 I libPerfCtl: fbcNotifySbeRescue ret=-1
11-05 07:58:11.120 17909 17909 D Surface : lockCanvas
11-05 07:58:11.138 17909 17909 D Surface : lockCanvas
11-05 07:58:11.148 17909 18518 I libPerfCtl: fbcNotifySbeRescue ret=-1
11-05 07:58:11.155 17909 17909 D Surface : lockCanvas
11-05 07:58:11.172 17909 17909 D Surface : lockCanvas
11-05 07:58:11.188 17909 17909 D Surface : lockCanvas
11-05 07:58:11.204 17909 17909 D Surface : lockCanvas
11-05 07:58:11.218 17909 17909 D Surface : lockCanvas
11-05 07:58:11.230 17909 18518 I libPerfCtl: fbcNotifySbeRescue ret=-1
11-05 07:58:11.237 17909 17909 D Surface : lockCanvas
11-05 07:58:11.254 17909 17909 D Surface : lockCanvas
11-05 07:58:11.265 17909 18518 I libPerfCtl: fbcNotifySbeRescue ret=-1
11-05 07:58:11.270 17909 17909 D Surface : lockCanvas
11-05 07:58:11.286 17909 17909 D Surface : lockCanvas
11-05 07:58:11.298 17909 18518 I libPerfCtl: fbcNotifySbeRescue ret=-1
11-05 07:58:11.304 17909 17909 D Surface : lockCanvas
11-05 07:58:11.319 17909 17909 D Surface : lockCanvas
11-05 07:58:11.333 17909 17909 D Surface : lockCanvas
11-05 07:58:11.344 17909 18518 I libPerfCtl: fbcNotifySbeRescue ret=-1
11-05 07:58:11.350 17909 17909 D Surface : lockCanvas
11-05 07:58:11.361 17909 18518 I libPerfCtl: fbcNotifySbeRescue ret=-1
11-05 07:58:11.366 17909 17909 D Surface : lockCanvas
11-05 07:58:11.384 17909 17909 D Surface : lockCanvas
11-05 07:58:11.394 17909 18518 I libPerfCtl: fbcNotifySbeRescue ret=-1
11-05 07:58:11.402 17909 17909 D Surface : lockCanvas
11-05 07:58:11.413 17909 18518 I libPerfCtl: fbcNotifySbeRescue ret=-1
11-05 07:58:11.419 17909 17909 D Surface : lockCanvas
11-05 07:58:11.430 17909 18518 I libPerfCtl: fbcNotifySbeRescue ret=-1
11-05 07:58:11.436 17909 17909 D Surface : lockCanvas
11-05 07:58:11.453 17909 17909 D Surface : lockCanvas
11-05 07:58:11.464 17909 18518 I libPerfCtl: fbcNotifySbeRescue ret=-1
11-05 07:58:11.470 17909 17909 D Surface : lockCanvas
11-05 07:58:11.486 17909 17909 D Surface : lockCanvas
11-05 07:58:11.497 17909 18518 I libPerfCtl: fbcNotifySbeRescue ret=-1
11-05 07:58:11.502 17909 17909 D Surface : lockCanvas
11-05 07:58:11.513 17909 18518 I libPerfCtl: fbcNotifySbeRescue ret=-1
11-05 07:58:11.520 17909 17909 D Surface : lockCanvas
11-05 07:58:11.536 17909 17909 D Surface : lockCanvas
11-05 07:58:11.552 17909 17909 D Surface : lockCanvas
11-05 07:58:11.563 17909 18518 I libPerfCtl: fbcNotifySbeRescue ret=-1
11-05 07:58:11.568 17909 17909 D Surface : lockCanvas
11-05 07:58:11.579 17909 18518 I libPerfCtl: fbcNotifySbeRescue ret=-1
11-05 07:58:11.586 17909 17909 D Surface : lockCanvas
11-05 07:58:11.602 17909 17909 D Surface : lockCanvas
11-05 07:58:11.613 17909 18518 I libPerfCtl: fbcNotifySbeRescue ret=-1
11-05 07:58:11.618 17909 17909 D Surface : lockCanvas
11-05 07:58:11.635 17909 17909 D Surface : lockCanvas
11-05 07:58:11.652 17909 17909 D Surface : lockCanvas
11-05 07:58:11.663 17909 18518 I libPerfCtl: fbcNotifySbeRescue ret=-1
11-05 07:58:11.669 17909 17909 D Surface : lockCanvas
11-05 07:58:11.681 17909 18518 I libPerfCtl: fbcNotifySbeRescue ret=-1
11-05 07:58:11.689 17909 17909 D Surface : lockCanvas
11-05 07:58:11.704 17909 17909 D Surface : lockCanvas
11-05 07:58:11.718 17909 17909 D Surface : lockCanvas
11-05 07:58:11.736 17909 17909 D Surface : lockCanvas
11-05 07:58:11.746 17909 18518 I libPerfCtl: fbcNotifySbeRescue ret=-1
11-05 07:58:11.752 17909 17909 D Surface : lockCanvas
11-05 07:58:11.768 17909 17909 D Surface : lockCanvas
11-05 07:58:11.779 17909 18518 I libPerfCtl: fbcNotifySbeRescue ret=-1
11-05 07:58:11.786 17909 17909 D Surface : lockCanvas
11-05 07:58:11.801 17909 17909 D Surface : lockCanvas
11-05 07:58:11.812 17909 18518 I libPerfCtl: fbcNotifySbeRescue ret=-1
11-05 07:58:11.818 17909 17909 D Surface : lockCanvas
11-05 07:58:11.835 17909 17909 D Surface : lockCanvas
11-05 07:58:11.852 17909 17909 D Surface : lockCanvas
11-05 07:58:11.869 17909 17909 D Surface : lockCanvas
11-05 07:58:11.886 17909 17909 D Surface : lockCanvas
11-05 07:58:11.902 17909 17909 D Surface : lockCanvas
11-05 07:58:11.919 17909 17909 D Surface : lockCanvas
11-05 07:58:11.935 17909 17909 D Surface : lockCanvas
11-05 07:58:11.946 17909 18518 I libPerfCtl: fbcNotifySbeRescue ret=-1
11-05 07:58:11.952 17909 17909 D Surface : lockCanvas
11-05 07:58:11.963 17909 18518 I libPerfCtl: fbcNotifySbeRescue ret=-1
11-05 07:58:11.970 17909 17909 D Surface : lockCanvas
11-05 07:58:11.986 17909 17909 D Surface : lockCanvas
11-05 07:58:12.001 17909 17909 D Surface : lockCanvas
11-05 07:58:12.015 17909 17909 D Surface : lockCanvas
11-05 07:58:12.032 17909 17909 D Surface : lockCanvas
11-05 07:58:12.048 17909 17909 D Surface : lockCanvas
11-05 07:58:12.066 17909 17909 D Surface : lockCanvas
11-05 07:58:12.082 17909 17909 D Surface : lockCanvas
11-05 07:58:12.093 17909 18518 I libPerfCtl: fbcNotifySbeRescue ret=-1
11-05 07:58:12.105 17909 17909 D Surface : lockCanvas
11-05 07:58:12.123 17909 18518 I libPerfCtl: fbcNotifySbeRescue ret=-1
11-05 07:58:12.146 17909 17909 D IS_CTS_MODE: false
11-05 07:58:12.146 17909 17909 D MULTI_WINDOW_SWITCH_ENABLED: false
11-05 07:58:12.195 17909 17909 I BufferQueueConsumer: [](id:45f50000000a,api:0,p:-
1,c:17909) connect: controlledByApp=false
11-05 07:58:12.196 17909 17909 I BLASTBufferQueue:
[ViewRootImpl[SettingsActivity]#9] constructor()
11-05 07:58:12.223 17909 17909 D Surface : lockCanvas
11-05 07:58:12.223 17909 17909 I BufferQueueProducer:
[ViewRootImpl[SettingsActivity]#9(BLAST Consumer)9]
(id:45f50000000a,api:2,p:17909,c:17909) connect: api=2 producerControlledByApp=true
11-05 07:58:12.239 17909 17909 D Surface : lockCanvas
11-05 07:58:12.261 17909 17909 D Surface : lockCanvas
11-05 07:58:12.266 17909 18518 I libPerfCtl: fbcNotifySbeRescue ret=-1
11-05 07:58:12.275 17909 17909 D Surface : lockCanvas
11-05 07:58:12.286 17909 17909 D DecorView[]: onWindowFocusChanged hasWindowFocus
false
11-05 07:58:12.291 17909 17909 D Surface : lockCanvas
11-05 07:58:12.302 17909 18518 I libPerfCtl: fbcNotifySbeRescue ret=-1
11-05 07:58:12.326 17909 17909 D Surface : lockCanvas
11-05 07:58:12.329 17909 17909 D DecorView[]: onWindowFocusChanged hasWindowFocus
true
11-05 07:58:12.336 17909 17909 D Surface : lockCanvas
11-05 07:58:12.346 17909 18518 I libPerfCtl: fbcNotifySbeRescue ret=-1
11-05 07:58:12.367 17909 17909 D Surface : lockCanvas
11-05 07:58:12.382 17909 17909 D Surface : lockCanvas
11-05 07:58:12.386 17909 17909 D Surface : lockCanvas
11-05 07:58:12.396 17909 18518 I libPerfCtl: fbcNotifySbeRescue ret=-1
11-05 07:58:12.424 17909 17909 D Surface : lockCanvas
11-05 07:58:12.435 17909 18518 I libPerfCtl: fbcNotifySbeRescue ret=-1
11-05 07:58:12.456 17909 17909 D Surface : lockCanvas
11-05 07:58:12.461 17909 17909 D Surface : lockCanvas
11-05 07:58:12.469 17909 17909 D Surface : lockCanvas
11-05 07:58:12.477 17909 17909 D Surface : lockCanvas
11-05 07:58:12.492 17909 17909 D Surface : lockCanvas
11-05 07:58:12.509 17909 17909 D Surface : lockCanvas
11-05 07:58:12.526 17909 17909 D Surface : lockCanvas
11-05 07:58:12.543 17909 17909 D Surface : lockCanvas
11-05 07:58:12.559 17909 17909 D Surface : lockCanvas
11-05 07:58:12.575 17909 17909 D Surface : lockCanvas
11-05 07:58:12.591 17909 17909 D Surface : lockCanvas
11-05 07:58:12.609 17909 17909 D Surface : lockCanvas
11-05 07:58:12.624 17909 17909 D Surface : lockCanvas
11-05 07:58:12.641 17909 17909 D Surface : lockCanvas
11-05 07:58:12.658 17909 17909 D Surface : lockCanvas
11-05 07:58:12.674 17909 17909 D Surface : lockCanvas
11-05 07:58:12.693 17909 17909 D Surface : lockCanvas
11-05 07:58:12.709 17909 17909 D Surface : lockCanvas
11-05 07:58:12.725 17909 17909 D Surface : lockCanvas
11-05 07:58:12.742 17909 17909 D Surface : lockCanvas
11-05 07:58:12.758 17909 17909 D Surface : lockCanvas
11-05 07:58:12.775 17909 17909 D Surface : lockCanvas
11-05 07:58:12.791 17909 17909 D Surface : lockCanvas
11-05 07:58:12.809 17909 17909 D Surface : lockCanvas
11-05 07:58:12.825 17909 17909 D Surface : lockCanvas
11-05 07:58:12.842 17909 17909 D Surface : lockCanvas
11-05 07:58:12.858 17909 17909 D Surface : lockCanvas
11-05 07:58:12.875 17909 17909 D Surface : lockCanvas
11-05 07:58:12.892 17909 17909 D Surface : lockCanvas
11-05 07:58:12.908 17909 17909 D Surface : lockCanvas
11-05 07:58:12.925 17909 17909 D Surface : lockCanvas
11-05 07:58:12.943 17909 17909 D Surface : lockCanvas
11-05 07:58:12.958 17909 17909 D Surface : lockCanvas
11-05 07:58:12.974 17909 17909 D Surface : lockCanvas
11-05 07:58:12.992 17909 17909 D Surface : lockCanvas
11-05 07:58:13.008 17909 17909 D Surface : lockCanvas
11-05 07:58:13.026 17909 17909 D Surface : lockCanvas
11-05 07:58:13.043 17909 17909 D Surface : lockCanvas
11-05 07:58:13.059 17909 17909 D Surface : lockCanvas
11-05 07:58:13.074 17909 17909 D Surface : lockCanvas
11-05 07:58:13.092 17909 17909 D Surface : lockCanvas
11-05 07:58:13.108 17909 17909 D Surface : lockCanvas
11-05 07:58:13.125 17909 17909 D Surface : lockCanvas
11-05 07:58:13.141 17909 17909 D Surface : lockCanvas
11-05 07:58:13.158 17909 17909 D Surface : lockCanvas
11-05 07:58:13.176 17909 17909 D Surface : lockCanvas
11-05 07:58:13.192 17909 17909 D Surface : lockCanvas
11-05 07:58:13.208 17909 17909 D Surface : lockCanvas
11-05 07:58:13.224 17909 17909 D Surface : lockCanvas
11-05 07:58:13.241 17909 17909 D Surface : lockCanvas
11-05 07:58:13.258 17909 17909 D Surface : lockCanvas
11-05 07:58:13.276 17909 17909 D Surface : lockCanvas
11-05 07:58:13.293 17909 17909 D Surface : lockCanvas
11-05 07:58:13.305 17909 18518 I libPerfCtl: fbcNotifySbeRescue ret=-1
11-05 07:58:13.310 17909 17909 D Surface : lockCanvas
11-05 07:58:13.326 17909 17909 D Surface : lockCanvas
11-05 07:58:13.342 17909 17909 D Surface : lockCanvas
11-05 07:58:13.358 17909 17909 D Surface : lockCanvas
11-05 07:58:13.375 17909 17909 D Surface : lockCanvas
11-05 07:58:13.392 17909 17909 D Surface : lockCanvas
11-05 07:58:13.408 17909 17909 D Surface : lockCanvas
11-05 07:58:13.424 17909 17909 D Surface : lockCanvas
11-05 07:58:13.441 17909 17909 D Surface : lockCanvas
11-05 07:58:13.458 17909 17909 D Surface : lockCanvas
11-05 07:58:13.464 17909 17909 D Surface : lockCanvas
11-05 07:58:13.472 17909 18518 I libPerfCtl: fbcNotifySbeRescue ret=-1
11-05 07:58:13.478 17909 17909 D Surface : lockCanvas
11-05 07:58:13.494 17909 17909 D Surface : lockCanvas
11-05 07:58:13.500 17909 17909 D Surface : lockCanvas
11-05 07:58:13.504 17909 18518 I libPerfCtl: fbcNotifySbeRescue ret=-1
11-05 07:58:13.514 17909 17909 D Surface : lockCanvas
11-05 07:58:13.520 17909 17909 D Surface : lockCanvas
11-05 07:58:13.523 17909 18518 I libPerfCtl: fbcNotifySbeRescue ret=-1
11-05 07:58:13.534 17909 17909 D Surface : lockCanvas
11-05 07:58:13.542 17909 17909 D Surface : lockCanvas
11-05 07:58:13.543 17909 18518 I libPerfCtl: fbcNotifySbeRescue ret=-1
11-05 07:58:13.555 17909 17909 D Surface : lockCanvas
11-05 07:58:13.561 17909 17909 D Surface : lockCanvas
11-05 07:58:13.565 17909 18518 I libPerfCtl: fbcNotifySbeRescue ret=-1
11-05 07:58:13.617 17909 17909 D Surface : lockCanvas
11-05 07:58:13.623 17909 17909 D Surface : lockCanvas
11-05 07:58:13.627 17909 18518 I libPerfCtl: fbcNotifySbeRescue ret=-1
11-05 07:58:13.636 17909 17909 D Surface : lockCanvas
11-05 07:58:13.643 17909 17909 D Surface : lockCanvas
11-05 07:58:13.646 17909 18518 I libPerfCtl: fbcNotifySbeRescue ret=-1
11-05 07:58:13.655 17909 17909 D Surface : lockCanvas
11-05 07:58:13.661 17909 17909 D Surface : lockCanvas
11-05 07:58:13.666 17909 18518 I libPerfCtl: fbcNotifySbeRescue ret=-1
11-05 07:58:13.676 17909 17909 D Surface : lockCanvas
11-05 07:58:13.682 17909 17909 D Surface : lockCanvas
11-05 07:58:13.684 17909 18518 I libPerfCtl: fbcNotifySbeRescue ret=-1
11-05 07:58:13.695 17909 17909 D Surface : lockCanvas
11-05 07:58:13.701 17909 17909 D Surface : lockCanvas
11-05 07:58:13.706 17909 18518 I libPerfCtl: fbcNotifySbeRescue ret=-1
11-05 07:58:13.755 17909 17909 D Surface : lockCanvas
11-05 07:58:13.760 17909 17909 D Surface : lockCanvas
11-05 07:58:13.764 17909 18518 I libPerfCtl: fbcNotifySbeRescue ret=-1
11-05 07:58:13.774 17909 17909 D Surface : lockCanvas
11-05 07:58:13.780 17909 17909 D Surface : lockCanvas
11-05 07:58:13.783 17909 18518 I libPerfCtl: fbcNotifySbeRescue ret=-1
11-05 07:58:13.793 17909 17909 D Surface : lockCanvas
11-05 07:58:13.799 17909 17909 D Surface : lockCanvas
11-05 07:58:13.804 17909 18518 I libPerfCtl: fbcNotifySbeRescue ret=-1
11-05 07:58:13.811 17909 17909 D Surface : lockCanvas
11-05 07:58:13.814 17909 17909 D Surface : lockCanvas
11-05 07:58:13.826 17909 17909 D Surface : lockCanvas
11-05 07:58:13.828 17909 17909 D Surface : lockCanvas
11-05 07:58:13.840 17909 17909 D Surface : lockCanvas
11-05 07:58:13.843 17909 17909 D Surface : lockCanvas
11-05 07:58:13.855 17909 17909 D Surface : lockCanvas
11-05 07:58:13.858 17909 17909 D Surface : lockCanvas
11-05 07:58:13.876 17909 17909 D Surface : lockCanvas
11-05 07:58:13.882 17909 17909 D Surface : lockCanvas
11-05 07:58:13.887 17909 18518 I libPerfCtl: fbcNotifySbeRescue ret=-1
11-05 07:58:13.895 17909 17909 D Surface : lockCanvas
11-05 07:58:13.898 17909 17909 D Surface : lockCanvas
11-05 07:58:13.911 17909 17909 D Surface : lockCanvas
11-05 07:58:13.917 17909 17909 D Surface : lockCanvas
11-05 07:58:13.920 17909 18518 I libPerfCtl: fbcNotifySbeRescue ret=-1
11-05 07:58:13.929 17909 17909 D Surface : lockCanvas
11-05 07:58:13.935 17909 17909 D Surface : lockCanvas
11-05 07:58:13.941 17909 18518 I libPerfCtl: fbcNotifySbeRescue ret=-1
11-05 07:58:13.948 17909 17909 D Surface : lockCanvas
11-05 07:58:13.954 17909 17909 D Surface : lockCanvas
11-05 07:58:13.958 17909 18518 I libPerfCtl: fbcNotifySbeRescue ret=-1
11-05 07:58:13.968 17909 17909 D Surface : lockCanvas
11-05 07:58:13.975 17909 17909 D Surface : lockCanvas
11-05 07:58:13.978 17909 18518 I libPerfCtl: fbcNotifySbeRescue ret=-1
11-05 07:58:13.989 17909 17909 D Surface : lockCanvas
11-05 07:58:13.995 17909 17909 D Surface : lockCanvas
11-05 07:58:13.998 17909 18518 I libPerfCtl: fbcNotifySbeRescue ret=-1
11-05 07:58:14.010 17909 17909 D Surface : lockCanvas
11-05 07:58:14.016 17909 17909 D Surface : lockCanvas
11-05 07:58:14.021 17909 18518 I libPerfCtl: fbcNotifySbeRescue ret=-1
11-05 07:58:14.033 17909 17909 D Surface : lockCanvas
11-05 07:58:14.039 17909 17909 D Surface : lockCanvas
11-05 07:58:14.052 17909 17909 D Surface : lockCanvas
11-05 07:58:14.054 17909 17909 D Surface : lockCanvas
11-05 07:58:14.066 17909 17909 D Surface : lockCanvas
11-05 07:58:14.069 17909 17909 D Surface : lockCanvas
11-05 07:58:14.081 17909 17909 D Surface : lockCanvas
11-05 07:58:14.084 17909 17909 D Surface : lockCanvas
11-05 07:58:14.096 17909 17909 D Surface : lockCanvas
11-05 07:58:14.107 17909 18518 I libPerfCtl: fbcNotifySbeRescue ret=-1
11-05 07:58:14.113 17909 17909 D Surface : lockCanvas
11-05 07:58:14.124 17909 18518 I libPerfCtl: fbcNotifySbeRescue ret=-1
11-05 07:58:14.130 17909 17909 D Surface : lockCanvas
11-05 07:58:14.141 17909 18518 I libPerfCtl: fbcNotifySbeRescue ret=-1
11-05 07:58:14.149 17909 17909 D Surface : lockCanvas
11-05 07:58:14.159 17909 18518 I libPerfCtl: fbcNotifySbeRescue ret=-1
11-05 07:58:14.165 17909 17909 D Surface : lockCanvas
11-05 07:58:14.183 17909 17909 D Surface : lockCanvas
11-05 07:58:14.199 17909 17909 D Surface : lockCanvas
11-05 07:58:14.215 17909 17909 D Surface : lockCanvas
11-05 07:58:14.232 17909 17909 D Surface : lockCanvas
11-05 07:58:14.243 17909 18518 I libPerfCtl: fbcNotifySbeRescue ret=-1
11-05 07:58:14.249 17909 17909 D Surface : lockCanvas
11-05 07:58:14.265 17909 17909 D Surface : lockCanvas
11-05 07:58:14.276 17909 18518 I libPerfCtl: fbcNotifySbeRescue ret=-1
11-05 07:58:14.283 17909 17909 D Surface : lockCanvas
11-05 07:58:14.299 17909 17909 D Surface : lockCanvas
11-05 07:58:14.316 17909 17909 D Surface : lockCanvas
11-05 07:58:14.332 17909 17909 D Surface : lockCanvas
11-05 07:58:14.349 17909 17909 D Surface : lockCanvas
11-05 07:58:14.365 17909 17909 D Surface : lockCanvas
11-05 07:58:14.377 17909 18518 I libPerfCtl: fbcNotifySbeRescue ret=-1
11-05 07:58:14.383 17909 17909 D Surface : lockCanvas
11-05 07:58:14.399 17909 17909 D Surface : lockCanvas
11-05 07:58:14.410 17909 18518 I libPerfCtl: fbcNotifySbeRescue ret=-1
11-05 07:58:14.416 17909 17909 D Surface : lockCanvas
11-05 07:58:14.432 17909 17909 D Surface : lockCanvas
11-05 07:58:14.444 17909 18518 I libPerfCtl: fbcNotifySbeRescue ret=-1
11-05 07:58:14.450 17909 17909 D Surface : lockCanvas
11-05 07:58:14.465 17909 17909 D Surface : lockCanvas
11-05 07:58:14.483 17909 17909 D Surface : lockCanvas
11-05 07:58:14.494 17909 18518 I libPerfCtl: fbcNotifySbeRescue ret=-1
11-05 07:58:14.500 17909 17909 D Surface : lockCanvas
11-05 07:58:14.516 17909 17909 D Surface : lockCanvas
11-05 07:58:14.527 17909 18518 I libPerfCtl: fbcNotifySbeRescue ret=-1
11-05 07:58:14.534 17909 17909 D Surface : lockCanvas
11-05 07:58:14.550 17909 17909 D Surface : lockCanvas
11-05 07:58:14.567 17909 17909 D Surface : lockCanvas
11-05 07:58:14.582 17909 17909 D Surface : lockCanvas
11-05 07:58:14.599 17909 17909 D Surface : lockCanvas
11-05 07:58:14.617 17909 17909 D Surface : lockCanvas
11-05 07:58:14.633 17909 17909 D Surface : lockCanvas
11-05 07:58:14.644 17909 18518 I libPerfCtl: fbcNotifySbeRescue ret=-1
11-05 07:58:14.650 17909 17909 D Surface : lockCanvas
11-05 07:58:14.666 17909 17909 D Surface : lockCanvas
11-05 07:58:14.683 17909 17909 D Surface : lockCanvas
11-05 07:58:14.699 17909 17909 D Surface : lockCanvas
11-05 07:58:14.715 17909 17909 D Surface : lockCanvas
11-05 07:58:14.727 17909 18518 I libPerfCtl: fbcNotifySbeRescue ret=-1
11-05 07:58:14.733 17909 17909 D Surface : lockCanvas
11-05 07:58:14.749 17909 17909 D Surface : lockCanvas
11-05 07:58:14.760 17909 18518 I libPerfCtl: fbcNotifySbeRescue ret=-1
11-05 07:58:14.766 17909 17909 D Surface : lockCanvas
11-05 07:58:14.782 17909 17909 D Surface : lockCanvas
11-05 07:58:14.799 17909 17909 D Surface : lockCanvas
11-05 07:58:14.816 17909 17909 D Surface : lockCanvas
11-05 07:58:14.833 17909 17909 D Surface : lockCanvas
11-05 07:58:14.849 17909 17909 D Surface : lockCanvas
11-05 07:58:14.866 17909 17909 D Surface : lockCanvas
11-05 07:58:14.883 17909 17909 D Surface : lockCanvas
11-05 07:58:14.895 17909 18518 I libPerfCtl: fbcNotifySbeRescue ret=-1
11-05 07:58:14.900 17909 17909 D Surface : lockCanvas
11-05 07:58:14.913 17909 18518 I libPerfCtl: fbcNotifySbeRescue ret=-1
11-05 07:58:14.918 17909 17909 D Surface : lockCanvas
11-05 07:58:14.934 17909 17909 D Surface : lockCanvas
11-05 07:58:14.952 17909 17909 D Surface : lockCanvas
11-05 07:58:14.967 17909 17909 D Surface : lockCanvas
11-05 07:58:14.979 17909 18518 I libPerfCtl: fbcNotifySbeRescue ret=-1
11-05 07:58:14.984 17909 17909 D Surface : lockCanvas
11-05 07:58:14.999 17909 17909 D Surface : lockCanvas
11-05 07:58:15.016 17909 17909 D Surface : lockCanvas
11-05 07:58:15.032 17909 17909 D Surface : lockCanvas
11-05 07:58:15.044 17909 18518 I libPerfCtl: fbcNotifySbeRescue ret=-1
11-05 07:58:15.048 17909 17909 D Surface : lockCanvas
11-05 07:58:15.064 17909 17909 D Surface : lockCanvas
11-05 07:58:15.076 17909 18518 I libPerfCtl: fbcNotifySbeRescue ret=-1
11-05 07:58:15.082 17909 17909 D Surface : lockCanvas
11-05 07:58:15.098 17909 17909 D Surface : lockCanvas
11-05 07:58:15.115 17909 17909 D Surface : lockCanvas
11-05 07:58:15.128 17909 17909 D Surface : lockCanvas
11-05 07:58:15.139 17909 18518 I libPerfCtl: fbcNotifySbeRescue ret=-1
11-05 07:58:15.145 17909 17909 D Surface : lockCanvas
11-05 07:58:15.156 17909 18518 I libPerfCtl: fbcNotifySbeRescue ret=-1
11-05 07:58:15.162 17909 17909 D Surface : lockCanvas
11-05 07:58:15.178 17909 17909 D Surface : lockCanvas
11-05 07:58:15.189 17909 18518 I libPerfCtl: fbcNotifySbeRescue ret=-1
11-05 07:58:15.195 17909 17909 D Surface : lockCanvas
11-05 07:58:15.211 17909 17909 D Surface : lockCanvas
11-05 07:58:15.223 17909 18518 I libPerfCtl: fbcNotifySbeRescue ret=-1
11-05 07:58:15.229 17909 17909 D Surface : lockCanvas
11-05 07:58:15.240 17909 18518 I libPerfCtl: fbcNotifySbeRescue ret=-1
11-05 07:58:15.251 17909 17909 D Surface : lockCanvas
11-05 07:58:15.265 17909 18518 I libPerfCtl: fbcNotifySbeRescue ret=-1
11-05 07:58:15.283 17909 17909 D Surface : lockCanvas
11-05 07:58:15.302 17909 17909 D Surface : lockCanvas
11-05 07:58:15.312 17909 18518 I libPerfCtl: fbcNotifySbeRescue ret=-1
11-05 07:58:15.317 17909 17909 D Surface : lockCanvas
11-05 07:58:15.330 17909 17909 D View : [Warning] assignParent to null: this =
DecorView@926e235[SettingsActivity]
11-05 07:58:15.330 17909 17909 I BufferQueueProducer:
[ViewRootImpl[SettingsActivity]#9(BLAST Consumer)9]
(id:45f50000000a,api:2,p:17909,c:17909) disconnect: api 2
11-05 07:58:15.332 17909 17909 I BLASTBufferQueue:
[ViewRootImpl[SettingsActivity]#9] destructor()
11-05 07:58:15.332 17909 17909 I BufferQueueConsumer:
[ViewRootImpl[SettingsActivity]#9(BLAST Consumer)9](id:45f50000000a,api:0,p:-
1,c:17909) disconnect
11-05 07:58:15.334 17909 18518 I libPerfCtl: fbcNotifySbeRescue ret=-1
11-05 07:58:15.358 17909 17909 D Surface : lockCanvas
11-05 07:58:15.411 17909 17909 D Surface : lockCanvas
11-05 07:58:15.421 17909 18518 I libPerfCtl: fbcNotifySbeRescue ret=-1
11-05 07:58:15.421 17909 17909 D DecorView[]: onWindowFocusChanged hasWindowFocus
true
11-05 07:58:15.426 17909 17909 D Surface : lockCanvas
11-05 07:58:15.437 17909 18518 I libPerfCtl: fbcNotifySbeRescue ret=-1
11-05 07:58:15.469 17909 17909 D Surface : lockCanvas
11-05 07:58:15.481 17909 18518 I libPerfCtl: fbcNotifySbeRescue ret=-1
11-05 07:58:15.507 17909 17909 D Surface : lockCanvas
11-05 07:58:15.518 17909 18518 I libPerfCtl: fbcNotifySbeRescue ret=-1
11-05 07:58:15.527 17909 18408 I BLASTBufferQueue: releaseBufferCallbackThunk
bufferId:76918569304097 framenumber:38 blastBufferQueue is dead
11-05 07:58:15.547 17909 17909 D Surface : lockCanvas
11-05 07:58:15.559 17909 18518 I libPerfCtl: fbcNotifySbeRescue ret=-1
11-05 07:58:15.586 17909 17909 D Surface : lockCanvas
11-05 07:58:15.604 17909 17909 D Surface : lockCanvas
11-05 07:58:15.621 17909 17909 D Surface : lockCanvas
11-05 07:58:15.639 17909 17909 D Surface : lockCanvas
11-05 07:58:15.655 17909 17909 D Surface : lockCanvas
11-05 07:58:15.675 17909 17909 D Surface : lockCanvas
11-05 07:58:15.689 17909 17909 D Surface : lockCanvas
11-05 07:58:15.705 17909 17909 D Surface : lockCanvas
11-05 07:58:15.722 17909 17909 D Surface : lockCanvas
11-05 07:58:15.737 17909 17909 D Surface : lockCanvas
11-05 07:58:15.755 17909 17909 D Surface : lockCanvas
11-05 07:58:15.771 17909 17909 D Surface : lockCanvas
11-05 07:58:15.789 17909 17909 D Surface : lockCanvas
11-05 07:58:15.805 17909 17909 D Surface : lockCanvas
11-05 07:58:15.821 17909 17909 D Surface : lockCanvas
11-05 07:58:15.838 17909 17909 D Surface : lockCanvas
11-05 07:58:15.855 17909 17909 D Surface : lockCanvas
11-05 07:58:15.871 17909 17909 D Surface : lockCanvas
11-05 07:58:15.888 17909 17909 D Surface : lockCanvas
11-05 07:58:15.904 17909 17909 D Surface : lockCanvas
11-05 07:58:15.921 17909 17909 D Surface : lockCanvas
11-05 07:58:15.938 17909 17909 D Surface : lockCanvas
11-05 07:58:15.956 17909 17909 D Surface : lockCanvas
11-05 07:58:15.972 17909 17909 D Surface : lockCanvas
11-05 07:58:15.988 17909 17909 D Surface : lockCanvas
11-05 07:58:16.004 17909 17909 D Surface : lockCanvas
11-05 07:58:16.021 17909 17909 D Surface : lockCanvas
11-05 07:58:16.037 17909 17909 D Surface : lockCanvas
11-05 07:58:16.054 17909 17909 D Surface : lockCanvas
11-05 07:58:16.072 17909 17909 D Surface : lockCanvas
11-05 07:58:16.088 17909 17909 D Surface : lockCanvas
11-05 07:58:16.105 17909 17909 D Surface : lockCanvas
11-05 07:58:16.122 17909 17909 D Surface : lockCanvas
11-05 07:58:16.139 17909 17909 D Surface : lockCanvas
11-05 07:58:16.157 17909 17909 D Surface : lockCanvas
11-05 07:58:16.173 17909 17909 D Surface : lockCanvas
11-05 07:58:16.188 17909 17909 D Surface : lockCanvas
11-05 07:58:16.204 17909 17909 D Surface : lockCanvas
11-05 07:58:16.222 17909 17909 D Surface : lockCanvas
11-05 07:58:16.239 17909 17909 D Surface : lockCanvas
11-05 07:58:16.255 17909 17909 D Surface : lockCanvas
11-05 07:58:16.271 17909 17909 D Surface : lockCanvas
11-05 07:58:16.288 17909 17909 D Surface : lockCanvas
11-05 07:58:16.304 17909 17909 D Surface : lockCanvas
11-05 07:58:16.321 17909 17909 D Surface : lockCanvas
11-05 07:58:16.337 17909 17909 D Surface : lockCanvas
11-05 07:58:16.356 17909 17909 D Surface : lockCanvas
11-05 07:58:16.371 17909 17909 D Surface : lockCanvas
11-05 07:58:16.386 17909 17909 D Surface : lockCanvas
11-05 07:58:16.403 17909 17909 D Surface : lockCanvas
11-05 07:58:16.420 17909 17909 D Surface : lockCanvas
11-05 07:58:16.438 17909 17909 D Surface : lockCanvas
11-05 07:58:16.454 17909 17909 D Surface : lockCanvas
11-05 07:58:16.470 17909 17909 D Surface : lockCanvas
11-05 07:58:16.487 17909 17909 D Surface : lockCanvas
11-05 07:58:16.503 17909 17909 D Surface : lockCanvas
11-05 07:58:16.520 17909 17909 D Surface : lockCanvas
11-05 07:58:16.537 17909 17909 D Surface : lockCanvas
11-05 07:58:16.553 17909 17909 D Surface : lockCanvas
11-05 07:58:16.570 17909 17909 D Surface : lockCanvas
11-05 07:58:16.586 17909 17909 D Surface : lockCanvas
11-05 07:58:16.603 17909 17909 D Surface : lockCanvas
11-05 07:58:16.620 17909 17909 D Surface : lockCanvas
11-05 07:58:16.636 17909 17909 D Surface : lockCanvas
11-05 07:58:16.655 17909 17909 D Surface : lockCanvas
11-05 07:58:16.667 17909 18518 I libPerfCtl: fbcNotifySbeRescue ret=-1
11-05 07:58:16.673 17909 17909 D Surface : lockCanvas
11-05 07:58:16.688 17909 17909 D Surface : lockCanvas
11-05 07:58:16.704 17909 17909 D Surface : lockCanvas
11-05 07:58:16.719 17909 17909 D Surface : lockCanvas
11-05 07:58:16.736 17909 17909 D Surface : lockCanvas
11-05 07:58:16.752 17909 17909 D Surface : lockCanvas
11-05 07:58:16.769 17909 17909 D Surface : lockCanvas
11-05 07:58:16.786 17909 17909 D Surface : lockCanvas
11-05 07:58:16.802 17909 17909 D Surface : lockCanvas
11-05 07:58:16.821 17909 17909 D Surface : lockCanvas
11-05 07:58:16.840 17909 17909 D Surface : lockCanvas
11-05 07:58:16.850 17909 18518 I libPerfCtl: fbcNotifySbeRescue ret=-1
11-05 07:58:16.856 17909 17909 D Surface : lockCanvas
11-05 07:58:16.872 17909 17909 D Surface : lockCanvas
11-05 07:58:16.887 17909 17909 D Surface : lockCanvas
11-05 07:58:16.903 17909 17909 D Surface : lockCanvas
11-05 07:58:16.920 17909 17909 D Surface : lockCanvas
11-05 07:58:16.936 17909 17909 D Surface : lockCanvas
11-05 07:58:16.954 17909 17909 D Surface : lockCanvas
11-05 07:58:16.971 17909 17909 D Surface : lockCanvas
11-05 07:58:16.988 17909 17909 D Surface : lockCanvas
11-05 07:58:17.005 17909 17909 D Surface : lockCanvas
11-05 07:58:17.020 17909 17909 D Surface : lockCanvas
11-05 07:58:17.037 17909 17909 D Surface : lockCanvas
11-05 07:58:17.052 17909 17909 D Surface : lockCanvas
11-05 07:58:17.071 17909 17909 D Surface : lockCanvas
11-05 07:58:17.087 17909 17909 D Surface : lockCanvas
11-05 07:58:17.105 17909 17909 D Surface : lockCanvas
11-05 07:58:17.117 17909 18518 I libPerfCtl: fbcNotifySbeRescue ret=-1
11-05 07:58:17.122 17909 17909 D Surface : lockCanvas
11-05 07:58:17.136 17909 17909 D Surface : lockCanvas
11-05 07:58:17.154 17909 17909 D Surface : lockCanvas
11-05 07:58:17.173 17909 17909 D Surface : lockCanvas
11-05 07:58:17.190 17909 17909 D Surface : lockCanvas
11-05 07:58:17.205 17909 17909 D Surface : lockCanvas
11-05 07:58:17.217 17909 18518 I libPerfCtl: fbcNotifySbeRescue ret=-1
11-05 07:58:17.226 17909 17909 D Surface : lockCanvas
11-05 07:58:17.237 17909 18518 I libPerfCtl: fbcNotifySbeRescue ret=-1
11-05 07:58:17.243 17909 17909 D Surface : lockCanvas
11-05 07:58:17.259 17909 17909 D Surface : lockCanvas
11-05 07:58:17.271 17909 18518 I libPerfCtl: fbcNotifySbeRescue ret=-1
11-05 07:58:17.281 17909 17909 D Surface : lockCanvas
11-05 07:58:17.298 17909 17909 D Surface : lockCanvas
11-05 07:58:17.314 17909 17909 D Surface : lockCanvas
11-05 07:58:17.330 17909 17909 D Surface : lockCanvas
11-05 07:58:17.347 17909 17909 D Surface : lockCanvas
11-05 07:58:17.359 17909 18518 I libPerfCtl: fbcNotifySbeRescue ret=-1
11-05 07:58:17.365 17909 17909 D Surface : lockCanvas
11-05 07:58:17.375 17909 18518 I libPerfCtl: fbcNotifySbeRescue ret=-1
11-05 07:58:17.382 17909 17909 D Surface : lockCanvas
11-05 07:58:17.393 17909 18518 I libPerfCtl: fbcNotifySbeRescue ret=-1
11-05 07:58:17.399 17909 17909 D Surface : lockCanvas
11-05 07:58:17.415 17909 17909 D Surface : lockCanvas
11-05 07:58:17.431 17909 17909 D Surface : lockCanvas
11-05 07:58:17.447 17909 17909 D Surface : lockCanvas
11-05 07:58:17.464 17909 17909 D Surface : lockCanvas
11-05 07:58:17.474 17909 18518 I libPerfCtl: fbcNotifySbeRescue ret=-1
11-05 07:58:17.481 17909 17909 D Surface : lockCanvas
11-05 07:58:17.492 17909 18518 I libPerfCtl: fbcNotifySbeRescue ret=-1
11-05 07:58:17.498 17909 17909 D Surface : lockCanvas
11-05 07:58:17.509 17909 18518 I libPerfCtl: fbcNotifySbeRescue ret=-1
11-05 07:58:17.515 17909 17909 D Surface : lockCanvas
11-05 07:58:17.532 17909 17909 D Surface : lockCanvas
11-05 07:58:17.548 17909 17909 D Surface : lockCanvas
11-05 07:58:17.564 17909 17909 D Surface : lockCanvas
11-05 07:58:17.580 17909 17909 D Surface : lockCanvas
11-05 07:58:17.591 17909 18518 I libPerfCtl: fbcNotifySbeRescue ret=-1
11-05 07:58:17.597 17909 17909 D Surface : lockCanvas
11-05 07:58:17.609 17909 18518 I libPerfCtl: fbcNotifySbeRescue ret=-1
11-05 07:58:17.614 17909 17909 D Surface : lockCanvas
11-05 07:58:17.625 17909 18518 I libPerfCtl: fbcNotifySbeRescue ret=-1
11-05 07:58:17.631 17909 17909 D Surface : lockCanvas
11-05 07:58:17.648 17909 17909 D Surface : lockCanvas
11-05 07:58:17.666 17909 17909 D Surface : lockCanvas
11-05 07:58:17.681 17909 17909 D Surface : lockCanvas
11-05 07:58:17.696 17909 17909 D Surface : lockCanvas
11-05 07:58:17.711 17909 17909 D Surface : lockCanvas
11-05 07:58:17.722 17909 18518 I libPerfCtl: fbcNotifySbeRescue ret=-1
11-05 07:58:17.729 17909 17909 D Surface : lockCanvas
11-05 07:58:17.745 17909 17909 D Surface : lockCanvas
11-05 07:58:17.757 17909 18518 I libPerfCtl: fbcNotifySbeRescue ret=-1
11-05 07:58:17.763 17909 17909 D Surface : lockCanvas
11-05 07:58:17.779 17909 17909 D Surface : lockCanvas
11-05 07:58:17.795 17909 17909 D Surface : lockCanvas
11-05 07:58:17.806 17909 18518 I libPerfCtl: fbcNotifySbeRescue ret=-1
11-05 07:58:17.813 17909 17909 D Surface : lockCanvas
11-05 07:58:17.829 17909 17909 D Surface : lockCanvas
11-05 07:58:17.844 17909 17909 D Surface : lockCanvas
11-05 07:58:17.856 17909 18518 I libPerfCtl: fbcNotifySbeRescue ret=-1
11-05 07:58:17.863 17909 17909 D Surface : lockCanvas
11-05 07:58:17.878 17909 17909 D Surface : lockCanvas
11-05 07:58:17.890 17909 18518 I libPerfCtl: fbcNotifySbeRescue ret=-1
11-05 07:58:17.897 17909 17909 D Surface : lockCanvas
11-05 07:58:17.908 17909 18518 I libPerfCtl: fbcNotifySbeRescue ret=-1
11-05 07:58:17.914 17909 17909 D Surface : lockCanvas
11-05 07:58:17.930 17909 17909 D Surface : lockCanvas
11-05 07:58:17.946 17909 17909 D Surface : lockCanvas
11-05 07:58:17.960 17909 17909 D Surface : lockCanvas
11-05 07:58:17.974 17909 17909 D Surface : lockCanvas
11-05 07:58:17.985 17909 18518 I libPerfCtl: fbcNotifySbeRescue ret=-1
11-05 07:58:17.991 17909 17909 D Surface : lockCanvas
11-05 07:58:18.002 17909 18518 I libPerfCtl: fbcNotifySbeRescue ret=-1
11-05 07:58:18.008 17909 17909 D Surface : lockCanvas
11-05 07:58:18.025 17909 17909 D Surface : lockCanvas
11-05 07:58:18.037 17909 18518 I libPerfCtl: fbcNotifySbeRescue ret=-1
11-05 07:58:18.047 17909 17909 D Surface : lockCanvas
11-05 07:58:18.059 17909 18518 I libPerfCtl: fbcNotifySbeRescue ret=-1
11-05 07:58:18.086 17909 18518 I libPerfCtl: fbcNotifySbeRescue ret=-1
11-05 07:58:18.090 17909 17909 D Surface : lockCanvas
11-05 07:58:18.120 17909 17909 D Surface : lockCanvas
11-05 07:58:18.131 17909 18518 I libPerfCtl: fbcNotifySbeRescue ret=-1
11-05 07:58:18.143 17909 17909 D Surface : lockCanvas
11-05 07:58:18.154 17909 18518 I libPerfCtl: fbcNotifySbeRescue ret=-1
11-05 07:58:18.166 17909 17909 D Surface : lockCanvas
11-05 07:58:18.178 17909 18518 I libPerfCtl: fbcNotifySbeRescue ret=-1
11-05 07:58:18.194 17909 17909 D Surface : lockCanvas
11-05 07:58:18.205 17909 18518 I libPerfCtl: fbcNotifySbeRescue ret=-1
11-05 07:58:18.220 17909 17909 D Surface : lockCanvas
11-05 07:58:18.231 17909 18518 I libPerfCtl: fbcNotifySbeRescue ret=-1
11-05 07:58:18.243 17909 17909 D Surface : lockCanvas
11-05 07:58:18.255 17909 18518 I libPerfCtl: fbcNotifySbeRescue ret=-1
11-05 07:58:18.267 17909 17909 D Surface : lockCanvas
11-05 07:58:18.277 17909 18518 I libPerfCtl: fbcNotifySbeRescue ret=-1
11-05 07:58:18.291 17909 17909 D Surface : lockCanvas
11-05 07:58:18.303 17909 18518 I libPerfCtl: fbcNotifySbeRescue ret=-1
11-05 07:58:18.316 17909 17909 D Surface : lockCanvas
11-05 07:58:18.329 17909 18518 I libPerfCtl: fbcNotifySbeRescue ret=-1
11-05 07:58:18.340 17909 17909 D Surface : lockCanvas
11-05 07:58:18.350 17909 18518 I libPerfCtl: fbcNotifySbeRescue ret=-1
11-05 07:58:18.367 17909 17909 D Surface : lockCanvas
11-05 07:58:18.379 17909 18518 I libPerfCtl: fbcNotifySbeRescue ret=-1
11-05 07:58:18.391 17909 17909 D Surface : lockCanvas
11-05 07:58:18.402 17909 18518 I libPerfCtl: fbcNotifySbeRescue ret=-1
11-05 07:58:18.415 17909 17909 D Surface : lockCanvas
11-05 07:58:18.424 17909 18518 I libPerfCtl: fbcNotifySbeRescue ret=-1
11-05 07:58:18.438 17909 17909 D Surface : lockCanvas
11-05 07:58:18.450 17909 18518 I libPerfCtl: fbcNotifySbeRescue ret=-1
11-05 07:58:18.465 17909 17909 D Surface : lockCanvas
11-05 07:58:18.476 17909 18518 I libPerfCtl: fbcNotifySbeRescue ret=-1
11-05 07:58:18.490 17909 17909 D Surface : lockCanvas
11-05 07:58:18.501 17909 18518 I libPerfCtl: fbcNotifySbeRescue ret=-1
11-05 07:58:18.514 17909 17909 D Surface : lockCanvas
11-05 07:58:18.525 17909 18518 I libPerfCtl: fbcNotifySbeRescue ret=-1
11-05 07:58:18.538 17909 17909 D Surface : lockCanvas
11-05 07:58:18.548 17909 18518 I libPerfCtl: fbcNotifySbeRescue ret=-1
11-05 07:58:18.558 17909 17909 D Surface : lockCanvas
11-05 07:58:18.569 17909 18518 I libPerfCtl: fbcNotifySbeRescue ret=-1
11-05 07:58:18.577 17909 17909 D Surface : lockCanvas
11-05 07:58:18.588 17909 18518 I libPerfCtl: fbcNotifySbeRescue ret=-1
11-05 07:58:18.596 17909 17909 D Surface : lockCanvas
11-05 07:58:18.607 17909 18518 I libPerfCtl: fbcNotifySbeRescue ret=-1
11-05 07:58:18.617 17909 17909 D Surface : lockCanvas
11-05 07:58:18.626 17909 18518 I libPerfCtl: fbcNotifySbeRescue ret=-1
11-05 07:58:18.637 17909 17909 D Surface : lockCanvas
11-05 07:58:18.648 17909 18518 I libPerfCtl: fbcNotifySbeRescue ret=-1
11-05 07:58:18.657 17909 17909 D Surface : lockCanvas
11-05 07:58:18.669 17909 18518 I libPerfCtl: fbcNotifySbeRescue ret=-1
11-05 07:58:18.677 17909 17909 D Surface : lockCanvas
11-05 07:58:18.688 17909 18518 I libPerfCtl: fbcNotifySbeRescue ret=-1
11-05 07:58:18.698 17909 17909 D Surface : lockCanvas
11-05 07:58:18.708 17909 18518 I libPerfCtl: fbcNotifySbeRescue ret=-1
11-05 07:58:18.721 17909 17909 D Surface : lockCanvas
11-05 07:58:18.733 17909 18518 I libPerfCtl: fbcNotifySbeRescue ret=-1
11-05 07:58:18.758 17909 17909 D Surface : lockCanvas
11-05 07:58:18.769 17909 18518 I libPerfCtl: fbcNotifySbeRescue ret=-1
11-05 07:58:18.795 17909 17909 D Surface : lockCanvas
11-05 07:58:18.806 17909 18518 I libPerfCtl: fbcNotifySbeRescue ret=-1
11-05 07:58:18.834 17909 17909 D Surface : lockCanvas
11-05 07:58:18.844 17909 18518 I libPerfCtl: fbcNotifySbeRescue ret=-1
11-05 07:58:18.875 17909 17909 D Surface : lockCanvas
11-05 07:58:18.885 17909 18518 I libPerfCtl: fbcNotifySbeRescue ret=-1
11-05 07:58:18.896 17909 17909 D Surface : lockCanvas
11-05 07:58:18.906 17909 18518 I libPerfCtl: fbcNotifySbeRescue ret=-1
11-05 07:58:18.918 17909 17909 D Surface : lockCanvas
11-05 07:58:18.927 17909 18518 I libPerfCtl: fbcNotifySbeRescue ret=-1
11-05 07:58:18.938 17909 17909 D Surface : lockCanvas
11-05 07:58:18.957 17909 18518 I libPerfCtl: fbcNotifySbeRescue ret=-1
11-05 07:58:18.959 17909 17909 D Surface : lockCanvas
11-05 07:58:18.974 17909 17909 D Surface : lockCanvas
11-05 07:58:18.990 17909 18518 I libPerfCtl: fbcNotifySbeRescue ret=-1
11-05 07:58:18.991 17909 17909 D Surface : lockCanvas
11-05 07:58:19.007 17909 17909 D Surface : lockCanvas
11-05 07:58:19.016 17909 18518 I libPerfCtl: fbcNotifySbeRescue ret=-1
11-05 07:58:19.025 17909 17909 D Surface : lockCanvas
11-05 07:58:19.035 17909 18518 I libPerfCtl: fbcNotifySbeRescue ret=-1
11-05 07:58:19.041 17909 17909 D Surface : lockCanvas
11-05 07:58:19.051 17909 18518 I libPerfCtl: fbcNotifySbeRescue ret=-1
11-05 07:58:19.058 17909 17909 D Surface : lockCanvas
11-05 07:58:19.076 17909 17909 D Surface : lockCanvas
11-05 07:58:19.085 17909 18518 I libPerfCtl: fbcNotifySbeRescue ret=-1
11-05 07:58:19.097 17909 17909 D Surface : lockCanvas
11-05 07:58:19.106 17909 18518 I libPerfCtl: fbcNotifySbeRescue ret=-1
11-05 07:58:19.115 17909 17909 D Surface : lockCanvas
11-05 07:58:19.125 17909 18518 I libPerfCtl: fbcNotifySbeRescue ret=-1
11-05 07:58:19.133 17909 17909 D Surface : lockCanvas
11-05 07:58:19.141 17909 18518 I libPerfCtl: fbcNotifySbeRescue ret=-1
11-05 07:58:19.151 17909 17909 D Surface : lockCanvas
11-05 07:58:19.170 17909 17909 D Surface : lockCanvas
11-05 07:58:19.181 17909 18518 I libPerfCtl: fbcNotifySbeRescue ret=-1
11-05 07:58:19.188 17909 17909 D Surface : lockCanvas
11-05 07:58:19.198 17909 18518 I libPerfCtl: fbcNotifySbeRescue ret=-1
11-05 07:58:19.206 17909 17909 D Surface : lockCanvas
11-05 07:58:19.215 17909 18518 I libPerfCtl: fbcNotifySbeRescue ret=-1
11-05 07:58:19.224 17909 17909 D Surface : lockCanvas
11-05 07:58:19.234 17909 18518 I libPerfCtl: fbcNotifySbeRescue ret=-1
11-05 07:58:19.241 17909 17909 D Surface : lockCanvas
11-05 07:58:19.252 17909 18518 I libPerfCtl: fbcNotifySbeRescue ret=-1
11-05 07:58:19.260 17909 17909 D Surface : lockCanvas
11-05 07:58:19.277 17909 17909 D Surface : lockCanvas
11-05 07:58:19.287 17909 18518 I libPerfCtl: fbcNotifySbeRescue ret=-1
11-05 07:58:19.294 17909 17909 D Surface : lockCanvas
11-05 07:58:19.310 17909 17909 D Surface : lockCanvas
11-05 07:58:19.320 17909 18518 I libPerfCtl: fbcNotifySbeRescue ret=-1
11-05 07:58:19.328 17909 17909 D Surface : lockCanvas
11-05 07:58:19.343 17909 17909 D Surface : lockCanvas
11-05 07:58:19.355 17909 18518 I libPerfCtl: fbcNotifySbeRescue ret=-1
11-05 07:58:19.363 17909 17909 D Surface : lockCanvas
11-05 07:58:19.374 17909 18518 I libPerfCtl: fbcNotifySbeRescue ret=-1
11-05 07:58:19.380 17909 17909 D Surface : lockCanvas
11-05 07:58:19.391 17909 18518 I libPerfCtl: fbcNotifySbeRescue ret=-1
11-05 07:58:19.398 17909 17909 D Surface : lockCanvas
11-05 07:58:19.409 17909 18518 I libPerfCtl: fbcNotifySbeRescue ret=-1
11-05 07:58:19.417 17909 17909 D Surface : lockCanvas
