11-05 07:58:43.626 17909 17909 D moveheight: x=405
11-05 07:58:43.626 17909 17909 D checklines: 30
11-05 07:58:43.626 17909 17909 D checklines: max= 246
11-05 07:58:43.626 17909 17909 D checklines: lines = 8 onewordheight =30
textheight = 240 totalheight928 scrollview geight = 1168
11-05 07:58:43.634 17909 17909 D Surface : lockCanvas
11-05 07:58:43.984 17909 17909 D Surface : lockCanvas
11-05 07:58:44.001 17909 17909 D Surface : lockCanvas
11-05 07:58:44.023 17909 17909 D Surface : lockCanvas
11-05 07:58:44.035 17909 17909 D Surface : lockCanvas
11-05 07:58:44.051 17909 17909 D Surface : lockCanvas
11-05 07:58:44.068 17909 17909 D Surface : lockCanvas
11-05 07:58:44.084 17909 17909 D Surface : lockCanvas
11-05 07:58:44.101 17909 17909 D Surface : lockCanvas
11-05 07:58:44.117 17909 17909 D Surface : lockCanvas
11-05 07:58:44.134 17909 17909 D Surface : lockCanvas
11-05 07:58:44.151 17909 17909 D Surface : lockCanvas
11-05 07:58:44.168 17909 17909 D Surface : lockCanvas
11-05 07:58:44.184 17909 17909 D Surface : lockCanvas
11-05 07:58:44.201 17909 17909 D Surface : lockCanvas
11-05 07:58:44.217 17909 17909 D Surface : lockCanvas
11-05 07:58:44.234 17909 17909 D Surface : lockCanvas
11-05 07:58:44.250 17909 17909 D Surface : lockCanvas
11-05 07:58:44.267 17909 17909 D Surface : lockCanvas
11-05 07:58:44.284 17909 17909 D Surface : lockCanvas
11-05 07:58:44.300 17909 17909 D Surface : lockCanvas
11-05 07:58:44.317 17909 17909 D Surface : lockCanvas
11-05 07:58:44.333 17909 17909 D Surface : lockCanvas
11-05 07:58:44.350 17909 17909 D Surface : lockCanvas
11-05 07:58:44.367 17909 17909 D Surface : lockCanvas
11-05 07:58:44.384 17909 17909 D Surface : lockCanvas
11-05 07:58:44.400 17909 17909 D Surface : lockCanvas
11-05 07:58:44.417 17909 17909 D Surface : lockCanvas
11-05 07:58:44.433 17909 17909 D Surface : lockCanvas
11-05 07:58:44.451 17909 17909 D Surface : lockCanvas
11-05 07:58:44.468 17909 17909 D Surface : lockCanvas
11-05 07:58:44.484 17909 17909 D Surface : lockCanvas
11-05 07:58:44.501 17909 17909 D Surface : lockCanvas
11-05 07:58:44.517 17909 17909 D Surface : lockCanvas
11-05 07:58:44.533 17909 17909 D Surface : lockCanvas
11-05 07:58:44.550 17909 17909 D Surface : lockCanvas
11-05 07:58:44.567 17909 17909 D Surface : lockCanvas
11-05 07:58:44.584 17909 17909 D Surface : lockCanvas
11-05 07:58:44.601 17909 17909 D Surface : lockCanvas
11-05 07:58:44.618 17909 17909 D Surface : lockCanvas
11-05 07:58:44.633 17909 17909 D Surface : lockCanvas
11-05 07:58:44.650 17909 17909 D Surface : lockCanvas
11-05 07:58:44.667 17909 17909 D Surface : lockCanvas
11-05 07:58:44.683 17909 17909 D Surface : lockCanvas
11-05 07:58:44.701 17909 17909 D Surface : lockCanvas
11-05 07:58:44.734 17909 17909 D Surface : lockCanvas
11-05 07:58:44.766 17909 17909 D Surface : lockCanvas
11-05 07:58:44.816 17909 17909 D Surface : lockCanvas
11-05 07:58:44.883 17909 17909 D Surface : lockCanvas
11-05 07:58:44.950 17909 17909 D Surface : lockCanvas
11-05 07:58:44.983 17909 17909 D Surface : lockCanvas
11-05 07:58:45.016 17909 17909 D Surface : lockCanvas
11-05 07:58:45.033 17909 17909 D Surface : lockCanvas
11-05 07:58:45.050 17909 17909 D Surface : lockCanvas
11-05 07:58:45.066 17909 17909 D Surface : lockCanvas
11-05 07:58:45.083 17909 17909 D Surface : lockCanvas
11-05 07:58:45.099 17909 17909 D Surface : lockCanvas
11-05 07:58:45.116 17909 17909 D Surface : lockCanvas
11-05 07:58:45.132 17909 17909 D Surface : lockCanvas
11-05 07:58:45.149 17909 17909 D Surface : lockCanvas
11-05 07:58:45.166 17909 17909 D Surface : lockCanvas
11-05 07:58:45.182 17909 17909 D Surface : lockCanvas
11-05 07:58:45.585 17909 17909 D Surface : lockCanvas
11-05 07:58:45.599 17909 18518 I libPerfCtl: fbcNotifySbeRescue ret=-1
11-05 07:58:45.602 17909 17909 D Surface : lockCanvas
11-05 07:58:45.618 17909 17909 D Surface : lockCanvas
11-05 07:58:45.635 17909 17909 D Surface : lockCanvas
11-05 07:58:45.650 17909 17909 D Surface : lockCanvas
11-05 07:58:45.667 17909 17909 D Surface : lockCanvas
11-05 07:58:45.683 17909 17909 D Surface : lockCanvas
11-05 07:58:45.700 17909 17909 D Surface : lockCanvas
11-05 07:58:45.717 17909 17909 D Surface : lockCanvas
11-05 07:58:45.733 17909 17909 D Surface : lockCanvas
11-05 07:58:45.750 17909 17909 D Surface : lockCanvas
11-05 07:58:45.767 17909 17909 D Surface : lockCanvas
11-05 07:58:45.783 17909 17909 D Surface : lockCanvas
11-05 07:58:45.800 17909 17909 D Surface : lockCanvas
11-05 07:58:45.816 17909 17909 D Surface : lockCanvas
11-05 07:58:45.834 17909 17909 D Surface : lockCanvas
11-05 07:58:45.850 17909 17909 D Surface : lockCanvas
11-05 07:58:45.891 17909 17909 D moveheight: x=375
11-05 07:58:45.898 17909 17909 D Surface : lockCanvas
11-05 07:58:46.014 17909 17909 D moveheight: x=375
11-05 07:58:46.015 17909 17909 D Surface : lockCanvas
11-05 07:58:46.064 17909 17909 D moveheight: x=375
11-05 07:58:46.065 17909 17909 D Surface : lockCanvas
11-05 07:58:46.081 17909 17909 D moveheight: x=375
11-05 07:58:46.082 17909 17909 D Surface : lockCanvas
11-05 07:58:46.098 17909 17909 D moveheight: x=375
11-05 07:58:46.099 17909 17909 D Surface : lockCanvas
11-05 07:58:46.114 17909 17909 D moveheight: x=374
11-05 07:58:46.115 17909 17909 D Surface : lockCanvas
11-05 07:58:46.131 17909 17909 D moveheight: x=374
11-05 07:58:46.132 17909 17909 D Surface : lockCanvas
11-05 07:58:46.147 17909 17909 D moveheight: x=374
11-05 07:58:46.148 17909 17909 D Surface : lockCanvas
11-05 07:58:46.164 17909 17909 D moveheight: x=373
11-05 07:58:46.165 17909 17909 D Surface : lockCanvas
11-05 07:58:46.181 17909 17909 D moveheight: x=373
11-05 07:58:46.182 17909 17909 D Surface : lockCanvas
11-05 07:58:46.197 17909 17909 D moveheight: x=371
11-05 07:58:46.198 17909 17909 D Surface : lockCanvas
11-05 07:58:46.214 17909 17909 D moveheight: x=372
11-05 07:58:46.215 17909 17909 D Surface : lockCanvas
11-05 07:58:46.230 17909 17909 D moveheight: x=372
11-05 07:58:46.232 17909 17909 D Surface : lockCanvas
11-05 07:58:46.247 17909 17909 D moveheight: x=370
11-05 07:58:46.248 17909 17909 D Surface : lockCanvas
11-05 07:58:46.264 17909 17909 D moveheight: x=371
11-05 07:58:46.265 17909 17909 D Surface : lockCanvas
11-05 07:58:46.281 17909 17909 D moveheight: x=371
11-05 07:58:46.282 17909 17909 D Surface : lockCanvas
11-05 07:58:46.297 17909 17909 D moveheight: x=371
11-05 07:58:46.298 17909 17909 D Surface : lockCanvas
11-05 07:58:46.314 17909 17909 D moveheight: x=369
11-05 07:58:46.315 17909 17909 D Surface : lockCanvas
11-05 07:58:46.330 17909 17909 D moveheight: x=370
11-05 07:58:46.331 17909 17909 D Surface : lockCanvas
11-05 07:58:46.347 17909 17909 D moveheight: x=370
11-05 07:58:46.348 17909 17909 D Surface : lockCanvas
11-05 07:58:46.364 17909 17909 D moveheight: x=370
11-05 07:58:46.365 17909 17909 D Surface : lockCanvas
11-05 07:58:46.380 17909 17909 D moveheight: x=368
11-05 07:58:46.381 17909 17909 D Surface : lockCanvas
11-05 07:58:46.397 17909 17909 D moveheight: x=369
11-05 07:58:46.398 17909 17909 D Surface : lockCanvas
11-05 07:58:46.414 17909 17909 D moveheight: x=369
11-05 07:58:46.415 17909 17909 D Surface : lockCanvas
11-05 07:58:46.430 17909 17909 D moveheight: x=369
11-05 07:58:46.431 17909 17909 D Surface : lockCanvas
11-05 07:58:46.447 17909 17909 D moveheight: x=367
11-05 07:58:46.448 17909 17909 D Surface : lockCanvas
11-05 07:58:46.464 17909 17909 D moveheight: x=368
11-05 07:58:46.465 17909 17909 D Surface : lockCanvas
11-05 07:58:46.480 17909 17909 D moveheight: x=366
11-05 07:58:46.481 17909 17909 D Surface : lockCanvas
11-05 07:58:46.497 17909 17909 D moveheight: x=367
11-05 07:58:46.498 17909 17909 D Surface : lockCanvas
11-05 07:58:46.514 17909 17909 D moveheight: x=367
11-05 07:58:46.515 17909 17909 D Surface : lockCanvas
11-05 07:58:46.530 17909 17909 D moveheight: x=366
11-05 07:58:46.531 17909 17909 D Surface : lockCanvas
11-05 07:58:46.547 17909 17909 D moveheight: x=366
11-05 07:58:46.548 17909 17909 D Surface : lockCanvas
11-05 07:58:46.563 17909 17909 D moveheight: x=366
11-05 07:58:46.564 17909 17909 D Surface : lockCanvas
11-05 07:58:46.580 17909 17909 D moveheight: x=366
11-05 07:58:46.581 17909 17909 D Surface : lockCanvas
11-05 07:58:46.597 17909 17909 D moveheight: x=366
11-05 07:58:46.598 17909 17909 D Surface : lockCanvas
11-05 07:58:46.613 17909 17909 D moveheight: x=366
11-05 07:58:46.614 17909 17909 D Surface : lockCanvas
11-05 07:58:46.630 17909 17909 D moveheight: x=367
11-05 07:58:46.631 17909 17909 D Surface : lockCanvas
11-05 07:58:46.647 17909 17909 D moveheight: x=370
11-05 07:58:46.648 17909 17909 D Surface : lockCanvas
11-05 07:58:46.663 17909 17909 D moveheight: x=374
11-05 07:58:46.664 17909 17909 D Surface : lockCanvas
11-05 07:58:46.680 17909 17909 D moveheight: x=378
11-05 07:58:46.681 17909 17909 D Surface : lockCanvas
11-05 07:58:46.697 17909 17909 D moveheight: x=381
11-05 07:58:46.698 17909 17909 D Surface : lockCanvas
11-05 07:58:46.713 17909 17909 D moveheight: x=385
11-05 07:58:46.714 17909 17909 D Surface : lockCanvas
11-05 07:58:46.730 17909 17909 D moveheight: x=388
11-05 07:58:46.731 17909 17909 D Surface : lockCanvas
11-05 07:58:46.747 17909 17909 D moveheight: x=390
11-05 07:58:46.748 17909 17909 D Surface : lockCanvas
11-05 07:58:46.763 17909 17909 D moveheight: x=393
11-05 07:58:46.765 17909 17909 D Surface : lockCanvas
11-05 07:58:46.780 17909 17909 D moveheight: x=395
11-05 07:58:46.781 17909 17909 D Surface : lockCanvas
11-05 07:58:46.797 17909 17909 D moveheight: x=395
11-05 07:58:46.798 17909 17909 D Surface : lockCanvas
11-05 07:58:46.813 17909 17909 D moveheight: x=395
11-05 07:58:46.814 17909 17909 D Surface : lockCanvas
11-05 07:58:46.830 17909 17909 D moveheight: x=395
11-05 07:58:46.831 17909 17909 D Surface : lockCanvas
11-05 07:58:46.846 17909 17909 D moveheight: x=394
11-05 07:58:46.847 17909 17909 D Surface : lockCanvas
11-05 07:58:46.863 17909 17909 D moveheight: x=393
11-05 07:58:46.864 17909 17909 D Surface : lockCanvas
11-05 07:58:46.880 17909 17909 D moveheight: x=394
11-05 07:58:46.881 17909 17909 D Surface : lockCanvas
11-05 07:58:46.896 17909 17909 D moveheight: x=394
11-05 07:58:46.898 17909 17909 D Surface : lockCanvas
11-05 07:58:46.913 17909 17909 D moveheight: x=394
11-05 07:58:46.914 17909 17909 D Surface : lockCanvas
11-05 07:58:46.930 17909 17909 D moveheight: x=394
11-05 07:58:46.931 17909 17909 D Surface : lockCanvas
11-05 07:58:46.946 17909 17909 D moveheight: x=395
11-05 07:58:46.947 17909 17909 D Surface : lockCanvas
11-05 07:58:46.963 17909 17909 D moveheight: x=395
11-05 07:58:46.964 17909 17909 D Surface : lockCanvas
11-05 07:58:46.980 17909 17909 D moveheight: x=396
11-05 07:58:46.981 17909 17909 D Surface : lockCanvas
11-05 07:58:46.996 17909 17909 D moveheight: x=396
11-05 07:58:46.997 17909 17909 D Surface : lockCanvas
11-05 07:58:47.013 17909 17909 D moveheight: x=396
11-05 07:58:47.014 17909 17909 D Surface : lockCanvas
11-05 07:58:47.030 17909 17909 D moveheight: x=395
11-05 07:58:47.031 17909 17909 D Surface : lockCanvas
11-05 07:58:47.046 17909 17909 D moveheight: x=394
11-05 07:58:47.047 17909 17909 D Surface : lockCanvas
11-05 07:58:47.063 17909 17909 D moveheight: x=394
11-05 07:58:47.064 17909 17909 D Surface : lockCanvas
11-05 07:58:47.080 17909 17909 D moveheight: x=394
11-05 07:58:47.081 17909 17909 D Surface : lockCanvas
11-05 07:58:47.096 17909 17909 D moveheight: x=394
11-05 07:58:47.097 17909 17909 D Surface : lockCanvas
11-05 07:58:47.113 17909 17909 D moveheight: x=393
11-05 07:58:47.114 17909 17909 D Surface : lockCanvas
11-05 07:58:47.129 17909 17909 D moveheight: x=393
11-05 07:58:47.130 17909 17909 D Surface : lockCanvas
11-05 07:58:47.146 17909 17909 D moveheight: x=392
11-05 07:58:47.147 17909 17909 D Surface : lockCanvas
11-05 07:58:47.163 17909 17909 D moveheight: x=392
11-05 07:58:47.164 17909 17909 D Surface : lockCanvas
11-05 07:58:47.179 17909 17909 D moveheight: x=391
11-05 07:58:47.181 17909 17909 D Surface : lockCanvas
11-05 07:58:47.196 17909 17909 D moveheight: x=391
11-05 07:58:47.197 17909 17909 D Surface : lockCanvas
11-05 07:58:47.213 17909 17909 D moveheight: x=391
11-05 07:58:47.214 17909 17909 D Surface : lockCanvas
11-05 07:58:47.229 17909 17909 D moveheight: x=391
11-05 07:58:47.230 17909 17909 D Surface : lockCanvas
11-05 07:58:47.246 17909 17909 D moveheight: x=391
11-05 07:58:47.247 17909 17909 D Surface : lockCanvas
11-05 07:58:47.263 17909 17909 D moveheight: x=391
11-05 07:58:47.264 17909 17909 D Surface : lockCanvas
11-05 07:58:47.279 17909 17909 D moveheight: x=391
11-05 07:58:47.280 17909 17909 D Surface : lockCanvas
11-05 07:58:47.296 17909 17909 D moveheight: x=391
11-05 07:58:47.297 17909 17909 D Surface : lockCanvas
11-05 07:58:47.313 17909 17909 D moveheight: x=390
11-05 07:58:47.313 17909 17909 D Surface : lockCanvas
11-05 07:58:47.329 17909 17909 D moveheight: x=390
11-05 07:58:47.330 17909 17909 D Surface : lockCanvas
11-05 07:58:47.346 17909 17909 D moveheight: x=389
11-05 07:58:47.346 17909 17909 D Surface : lockCanvas
11-05 07:58:47.362 17909 17909 D moveheight: x=389
11-05 07:58:47.363 17909 17909 D Surface : lockCanvas
11-05 07:58:47.379 17909 17909 D moveheight: x=389
11-05 07:58:47.380 17909 17909 D Surface : lockCanvas
11-05 07:58:47.396 17909 17909 D moveheight: x=389
11-05 07:58:47.397 17909 17909 D Surface : lockCanvas
11-05 07:58:47.437 17909 17909 D moveheight: x=389
11-05 07:58:47.437 17909 17909 D checklines: 30
11-05 07:58:47.437 17909 17909 D checklines: max= 246
11-05 07:58:47.437 17909 17909 D checklines: lines = 8 onewordheight =30
textheight = 240 totalheight506 scrollview geight = 746
11-05 07:58:47.448 17909 17909 D Surface : lockCanvas
11-05 07:58:49.711 17909 17909 D Surface : lockCanvas
11-05 07:58:49.727 17909 17909 D Surface : lockCanvas
11-05 07:58:49.744 17909 17909 D Surface : lockCanvas
11-05 07:58:49.761 17909 17909 D Surface : lockCanvas
11-05 07:58:49.777 17909 17909 D Surface : lockCanvas
11-05 07:58:49.794 17909 17909 D Surface : lockCanvas
11-05 07:58:49.812 17909 17909 D Surface : lockCanvas
11-05 07:58:49.827 17909 17909 D Surface : lockCanvas
11-05 07:58:49.844 17909 17909 D Surface : lockCanvas
11-05 07:58:49.860 17909 17909 D Surface : lockCanvas
11-05 07:58:49.877 17909 17909 D Surface : lockCanvas
11-05 07:58:49.894 17909 17909 D Surface : lockCanvas
11-05 07:58:49.911 17909 17909 D Surface : lockCanvas
11-05 07:58:49.927 17909 17909 D Surface : lockCanvas
11-05 07:58:49.944 17909 17909 D Surface : lockCanvas
11-05 07:58:49.960 17909 17909 D Surface : lockCanvas
11-05 07:58:49.977 17909 17909 D Surface : lockCanvas
11-05 07:58:49.994 17909 17909 D Surface : lockCanvas
11-05 07:58:50.011 17909 17909 D Surface : lockCanvas
11-05 07:58:50.027 17909 17909 D Surface : lockCanvas
11-05 07:58:50.043 17909 17909 D Surface : lockCanvas
11-05 07:58:50.060 17909 17909 D Surface : lockCanvas
11-05 07:58:50.077 17909 17909 D Surface : lockCanvas
11-05 07:58:50.094 17909 17909 D Surface : lockCanvas
11-05 07:58:50.110 17909 17909 D Surface : lockCanvas
11-05 07:58:50.127 17909 17909 D Surface : lockCanvas
11-05 07:58:50.143 17909 17909 D Surface : lockCanvas
11-05 07:58:50.160 17909 17909 D Surface : lockCanvas
11-05 07:58:50.176 17909 17909 D Surface : lockCanvas
11-05 07:58:50.193 17909 17909 D Surface : lockCanvas
11-05 07:58:50.211 17909 17909 D Surface : lockCanvas
11-05 07:58:50.226 17909 17909 D Surface : lockCanvas
11-05 07:58:50.243 17909 17909 D Surface : lockCanvas
11-05 07:58:50.260 17909 17909 D Surface : lockCanvas
11-05 07:58:50.276 17909 17909 D Surface : lockCanvas
11-05 07:58:50.278 17909 17909 W ScrollPolicy: cannot found render thread
11-05 07:58:50.293 17909 17909 D Surface : lockCanvas
11-05 07:58:50.310 17909 17909 D Surface : lockCanvas
11-05 07:58:50.326 17909 17909 D Surface : lockCanvas
11-05 07:58:50.343 17909 17909 D Surface : lockCanvas
11-05 07:58:50.359 17909 17909 D Surface : lockCanvas
11-05 07:58:50.376 17909 17909 D Surface : lockCanvas
11-05 07:58:50.393 17909 17909 D Surface : lockCanvas
11-05 07:58:50.410 17909 17909 D Surface : lockCanvas
11-05 07:58:50.414 17909 17909 W ScrollPolicy: cannot found render thread
11-05 07:58:50.426 17909 17909 D Surface : lockCanvas
11-05 07:58:50.767 17909 17909 D yyyyy : laste pause is : 1085746561
11-05 07:58:50.798 17909 17909 D Surface : lockCanvas
11-05 07:58:50.819 17909 19060 I BufferQueueProducer:
[SurfaceView[com.corepix.videorecording/com.smartvlogger.Activity.CameraActivity]#1
1(BLAST Consumer)11](id:45f50000000c,api:1,p:17909,c:17909) disconnect: api 1
11-05 07:58:50.827 17909 17909 D record1233: On Pause
11-05 07:58:50.829 17909 17909 D yyyyy : laste pause is : 1085746622
11-05 07:58:50.846 17909 17909 D Surface : lockCanvas
11-05 07:58:50.860 17909 18518 I libPerfCtl: fbcNotifySbeRescue ret=-1
11-05 07:58:50.862 17909 17909 D MiuiMultiWindowAdapter:
MiuiMultiWindowAdapter::getFreeformVideoWhiteListInSystem::LIST_ABOUT_SUPPORT_LANDS
CAPE_VIDEO = [com.hunantv.imgo.activity, com.tencent.qqlive, com.qiyi.video,
com.hunantv.imgo.activity.inter, com.tencent.qqlivei18n, com.iqiyi.i18n,
tv.danmaku.bili]
11-05 07:58:50.868 17909 18518 I libPerfCtl: fbcNotifySbeRescue ret=-1
11-05 07:58:50.895 17909 17909 D IS_CTS_MODE: false
11-05 07:58:50.896 17909 17909 D MULTI_WINDOW_SWITCH_ENABLED: false
11-05 07:58:50.905 17909 17909 D DecorView[]: getWindowModeFromSystem windowmode
is 1
11-05 07:58:50.908 17909 19057 D Camera : app passed NULL surface
11-05 07:58:50.908 17909 19057 I BufferQueueProducer: [SurfaceTexture-1-17909-1]
(id:45f50000000d,api:4,p:946,c:17909) disconnect: api 4
11-05 07:58:51.068 17909 17909 D DynamitePackage: Instantiating
com.google.android.gms.ads.ChimeraAdManagerCreatorImpl
11-05 07:58:51.083 17909 17909 I Ads : Use
RequestConfiguration.Builder().setTestDeviceIds(Arrays.asList("455DED64501A4A9FF412
361DE7FBB708")) to get test ads on this device.
11-05 07:58:51.106 17909 17909 W ConnectionStatusConfig: Dynamic lookup for intent
failed for action: com.google.android.gms.ads.service.CACHE
11-05 07:58:51.118 17909 17909 E TAG : 0011Converted value 0.20784314increament
0.0 value 53
11-05 07:58:51.118 17909 17909 E TAG : 11Converted value 0.20784314increament
0.0
11-05 07:58:51.118 17909 17909 E TAG : Converted value 0.20784314increament 0.0
11-05 07:58:51.128 17909 19718 W ConnectionStatusConfig: Dynamic lookup for intent
failed for action: com.google.android.gms.ads.service.START
11-05 07:58:51.129 17909 17909 D grid : OFF
11-05 07:58:51.130 17909 17909 D grid : 3*3
11-05 07:58:51.130 17909 17909 D grid : 4*4
11-05 07:58:51.176 17909 17909 W Looper : PerfMonitor looperActivity :
package=com.corepix.videorecording/com.smartvlogger.Activity.SettingsActivity
time=0ms latency=339ms running=0ms procState=-1 historyMsgCount=6 (msgIndex=6
wall=315ms seq=4687 late=25ms h=android.app.ActivityThread$H w=159)
11-05 07:58:51.177 17909 17909 D Surface : lockCanvas
11-05 07:58:51.236 17909 17909 I BufferQueueConsumer: [](id:45f50000000e,api:0,p:-
1,c:17909) connect: controlledByApp=false
11-05 07:58:51.237 17909 17909 I BLASTBufferQueue:
[ViewRootImpl[SettingsActivity]#12] constructor()
11-05 07:58:51.250 17909 17909 D Surface : lockCanvas
11-05 07:58:51.250 17909 17909 I BufferQueueProducer:
[ViewRootImpl[SettingsActivity]#12(BLAST Consumer)12]
(id:45f50000000e,api:2,p:17909,c:17909) connect: api=2 producerControlledByApp=true
11-05 07:58:51.282 17909 17909 W Looper : PerfMonitor doFrame : time=105ms
vsyncFrame=0 latency=319ms procState=-1 historyMsgCount=4 (msgIndex=2 wall=315ms
seq=4687 late=25ms h=android.app.ActivityThread$H w=159)
11-05 07:58:51.283 17909 17909 D DecorView[]: onWindowFocusChanged hasWindowFocus
false
11-05 07:58:51.284 17909 17909 D Surface : lockCanvas
11-05 07:58:51.287 17909 17909 D Surface : lockCanvas
11-05 07:58:51.298 17909 18518 I libPerfCtl: fbcNotifySbeRescue ret=-1
11-05 07:58:51.318 17909 18518 I libPerfCtl: fbcNotifySbeRescue ret=-1
11-05 07:58:51.324 17909 17909 D Surface : lockCanvas
11-05 07:58:51.347 17909 17909 D DecorView[]: onWindowFocusChanged hasWindowFocus
true
11-05 07:58:51.352 17909 17909 D Surface : lockCanvas
11-05 07:58:51.362 17909 18518 I libPerfCtl: fbcNotifySbeRescue ret=-1
11-05 07:58:51.392 17909 17909 D Surface : lockCanvas
11-05 07:58:51.407 17909 18518 I libPerfCtl: fbcNotifySbeRescue ret=-1
11-05 07:58:51.419 17909 17909 D Surface : lockCanvas
11-05 07:58:51.434 17909 18518 I libPerfCtl: fbcNotifySbeRescue ret=-1
11-05 07:58:51.442 17909 17909 D Surface : lockCanvas
11-05 07:58:51.459 17909 18518 I libPerfCtl: fbcNotifySbeRescue ret=-1
11-05 07:58:51.469 17909 17909 D Surface : lockCanvas
11-05 07:58:51.482 17909 18518 I libPerfCtl: fbcNotifySbeRescue ret=-1
11-05 07:58:51.497 17909 17909 D Surface : lockCanvas
11-05 07:58:51.513 17909 18518 I libPerfCtl: fbcNotifySbeRescue ret=-1
11-05 07:58:51.808 17909 17909 I BufferQueueProducer:
[SurfaceView[com.corepix.videorecording/com.smartvlogger.Activity.CameraActivity]#1
1(BLAST Consumer)11](id:45f50000000c,api:0,p:-1,c:17909) disconnect: api -1
11-05 07:58:51.808 17909 17909 I BLASTBufferQueue:
[SurfaceView[com.corepix.videorecording/com.smartvlogger.Activity.CameraActivity]#1
1] destructor()
11-05 07:58:51.808 17909 17909 I BufferQueueConsumer:
[SurfaceView[com.corepix.videorecording/com.smartvlogger.Activity.CameraActivity]#1
1(BLAST Consumer)11](id:45f50000000c,api:0,p:-1,c:17909) disconnect
11-05 07:58:51.808 17909 19060 I BufferQueueConsumer: [SurfaceTexture-1-17909-1]
(id:45f50000000d,api:0,p:-1,c:17909) disconnect
11-05 07:58:51.812 17909 17909 I BufferQueueProducer:
[ViewRootImpl[CameraActivity]#10(BLAST Consumer)10]
(id:45f50000000b,api:2,p:17909,c:17909) disconnect: api 2
11-05 07:58:51.814 17909 17909 I BLASTBufferQueue:
[ViewRootImpl[CameraActivity]#10] destructor()
11-05 07:58:51.814 17909 17909 I BufferQueueConsumer:
[ViewRootImpl[CameraActivity]#10(BLAST Consumer)10](id:45f50000000b,api:0,p:-
1,c:17909) disconnect
11-05 07:58:51.814 17909 17921 I BLASTBufferQueue: releaseBufferCallbackThunk
bufferId:76918569304100 framenumber:218 blastBufferQueue is dead
11-05 07:58:51.844 17909 17921 I BLASTBufferQueue: releaseBufferCallbackThunk
bufferId:76918569304113 framenumber:697 blastBufferQueue is dead
11-05 07:58:52.971 17909 18518 I libPerfCtl: fbcNotifySbeRescue ret=-1
11-05 07:58:52.986 17909 17909 D Surface : lockCanvas
11-05 07:58:53.020 17909 17909 D Surface : lockCanvas
11-05 07:58:53.074 17909 17909 D Surface : lockCanvas
11-05 07:58:53.089 17909 17909 D Surface : lockCanvas
11-05 07:58:53.106 17909 17909 D Surface : lockCanvas
11-05 07:58:53.123 17909 17909 D Surface : lockCanvas
11-05 07:58:53.140 17909 17909 D Surface : lockCanvas
11-05 07:58:53.157 17909 17909 D Surface : lockCanvas
11-05 07:58:53.174 17909 17909 D Surface : lockCanvas
11-05 07:58:53.191 17909 17909 D Surface : lockCanvas
11-05 07:58:53.208 17909 17909 D Surface : lockCanvas
11-05 07:58:53.224 17909 17909 D Surface : lockCanvas
11-05 07:58:53.241 17909 17909 D Surface : lockCanvas
11-05 07:58:53.258 17909 17909 D Surface : lockCanvas
11-05 07:58:54.827 17909 17909 D Surface : lockCanvas
11-05 07:58:54.844 17909 17909 D Surface : lockCanvas
11-05 07:58:54.865 17909 17909 D Surface : lockCanvas
11-05 07:58:54.873 17909 17909 D Surface : lockCanvas
11-05 07:58:54.887 17909 17909 D Surface : lockCanvas
11-05 07:58:54.902 17909 18518 I libPerfCtl: fbcNotifySbeRescue ret=-1
11-05 07:58:54.906 17909 17909 D Surface : lockCanvas
11-05 07:58:54.923 17909 17909 D Surface : lockCanvas
11-05 07:58:54.938 17909 18518 I libPerfCtl: fbcNotifySbeRescue ret=-1
11-05 07:58:54.939 17909 17909 D Surface : lockCanvas
11-05 07:58:54.954 17909 18518 I libPerfCtl: fbcNotifySbeRescue ret=-1
11-05 07:58:54.956 17909 17909 D Surface : lockCanvas
11-05 07:58:54.972 17909 17909 D Surface : lockCanvas
11-05 07:58:54.989 17909 17909 D Surface : lockCanvas
11-05 07:58:55.004 17909 18518 I libPerfCtl: fbcNotifySbeRescue ret=-1
11-05 07:58:55.006 17909 17909 D Surface : lockCanvas
11-05 07:58:55.021 17909 18518 I libPerfCtl: fbcNotifySbeRescue ret=-1
11-05 07:58:55.022 17909 17909 D Surface : lockCanvas
11-05 07:58:55.037 17909 18518 I libPerfCtl: fbcNotifySbeRescue ret=-1
11-05 07:58:55.041 17909 17909 D Surface : lockCanvas
11-05 07:58:55.057 17909 18518 I libPerfCtl: fbcNotifySbeRescue ret=-1
11-05 07:58:55.077 17909 17909 D Surface : lockCanvas
11-05 07:58:55.088 17909 18518 I libPerfCtl: fbcNotifySbeRescue ret=-1
11-05 07:58:55.103 17909 17909 D Surface : lockCanvas
11-05 07:58:55.117 17909 18518 I libPerfCtl: fbcNotifySbeRescue ret=-1
11-05 07:58:55.128 17909 17909 D Surface : lockCanvas
11-05 07:58:55.142 17909 18518 I libPerfCtl: fbcNotifySbeRescue ret=-1
11-05 07:58:55.153 17909 17909 D Surface : lockCanvas
11-05 07:58:55.160 17909 17909 D Surface : lockCanvas
11-05 07:58:55.172 17909 17909 D Surface : lockCanvas
11-05 07:58:55.189 17909 17909 D Surface : lockCanvas
11-05 07:58:55.204 17909 18518 I libPerfCtl: fbcNotifySbeRescue ret=-1
11-05 07:58:55.206 17909 17909 D Surface : lockCanvas
11-05 07:58:55.222 17909 17909 D Surface : lockCanvas
11-05 07:58:55.237 17909 18518 I libPerfCtl: fbcNotifySbeRescue ret=-1
11-05 07:58:55.239 17909 17909 D Surface : lockCanvas
11-05 07:58:55.254 17909 18518 I libPerfCtl: fbcNotifySbeRescue ret=-1
11-05 07:58:56.924 17909 17909 D Surface : lockCanvas
11-05 07:58:56.927 17909 18518 I libPerfCtl: fbcNotifySbeRescue ret=-1
11-05 07:58:56.953 17909 18518 I libPerfCtl: fbcNotifySbeRescue ret=-1
11-05 07:58:56.970 17909 17909 D Surface : lockCanvas
11-05 07:58:56.992 17909 18518 I libPerfCtl: fbcNotifySbeRescue ret=-1
11-05 07:58:57.070 17909 17909 D Surface : lockCanvas
11-05 07:58:57.087 17909 17909 D Surface : lockCanvas
11-05 07:58:57.231 17909 17909 I Ads : JS: Error
(https://static.adsafeprotected.com/main.19.8.549.js:1)
11-05 07:58:57.503 17909 17909 D Surface : lockCanvas
11-05 07:58:57.519 17909 17909 D Surface : lockCanvas
11-05 07:58:57.536 17909 17909 D Surface : lockCanvas
11-05 07:58:57.551 17909 17909 D Surface : lockCanvas
11-05 07:58:57.568 17909 17909 D Surface : lockCanvas
11-05 07:58:57.584 17909 17909 D Surface : lockCanvas
11-05 07:58:57.601 17909 17909 D Surface : lockCanvas
11-05 07:58:57.618 17909 17909 D Surface : lockCanvas
11-05 07:58:57.635 17909 17909 D Surface : lockCanvas
11-05 07:58:57.641 17909 17909 I Ads : JS: a: 0.0390625 ms
(https://static.adsafeprotected.com/sca.17.6.4.js:32)
11-05 07:58:57.651 17909 17909 D Surface : lockCanvas
11-05 07:58:57.668 17909 17909 D Surface : lockCanvas
11-05 07:58:57.684 17909 17909 D Surface : lockCanvas
11-05 07:58:57.701 17909 17909 D Surface : lockCanvas
11-05 07:58:57.717 17909 17909 D Surface : lockCanvas
11-05 07:58:57.734 17909 17909 D Surface : lockCanvas
11-05 07:58:57.754 17909 17909 D Surface : lockCanvas
11-05 07:58:57.767 17909 17909 D Surface : lockCanvas
11-05 07:58:57.784 17909 17909 D Surface : lockCanvas
11-05 07:58:58.516 17909 17909 D Surface : lockCanvas
11-05 07:58:58.539 17909 17909 D Surface : lockCanvas
11-05 07:58:58.548 17909 18518 I libPerfCtl: fbcNotifySbeRescue ret=-1
11-05 07:58:58.554 17909 17909 D Surface : lockCanvas
11-05 07:58:58.568 17909 17909 D Surface : lockCanvas
11-05 07:58:58.583 17909 17909 D Surface : lockCanvas
11-05 07:58:58.601 17909 17909 D Surface : lockCanvas
11-05 07:58:58.618 17909 17909 D Surface : lockCanvas
11-05 07:58:58.637 17909 17909 D Surface : lockCanvas
11-05 07:58:58.653 17909 17909 D Surface : lockCanvas
11-05 07:58:58.668 17909 17909 D Surface : lockCanvas
11-05 07:58:58.684 17909 17909 D Surface : lockCanvas
11-05 07:58:58.702 17909 17909 D Surface : lockCanvas
11-05 07:58:58.719 17909 17909 D Surface : lockCanvas
11-05 07:58:58.735 17909 17909 D Surface : lockCanvas
11-05 07:58:58.751 17909 17909 D Surface : lockCanvas
11-05 07:58:58.768 17909 17909 D Surface : lockCanvas
11-05 07:58:59.030 17909 17909 D MIUIInput: [KeyEvent] ViewRootImpl windowName
'com.corepix.videorecording/com.smartvlogger.Activity.SettingsActivity', KeyEvent {
action=ACTION_DOWN, keyCode=KEYCODE_BACK, scanCode=0, metaState=0, flags=0x48,
repeatCount=0, eventTime=729082065, downTime=729082065, deviceId=-1, source=0x101,
displayId=0 }, phoneEventTime=07:58:59.026
11-05 07:58:59.148 17909 17909 D MIUIInput: [KeyEvent] ViewRootImpl windowName
'com.corepix.videorecording/com.smartvlogger.Activity.SettingsActivity', KeyEvent {
action=ACTION_UP, keyCode=KEYCODE_BACK, scanCode=0, metaState=0, flags=0x48,
repeatCount=0, eventTime=729082180, downTime=729082065, deviceId=-1, source=0x101,
displayId=0 }, phoneEventTime=07:58:59.141
11-05 07:58:59.178 17909 17909 D test : 360 753
11-05 07:58:59.178 17909 17909 D test : width= 720 height= 1507
11-05 07:58:59.181 17909 17909 D call : On Resume
11-05 07:58:59.182 17909 17909 E TAG : Welcome to the Teleprompter app which
allows you to read a script from a teleprompter while recording yourself. The app
makes use of the high definition camera and quality microphone, whilst ensuring you
are word perfect and looking directly into the camera at all times. It's totally
free to download and use for scripts of up to 750 characters.
11-05 07:58:59.182 17909 17909 E TAG :
11-05 07:58:59.182 17909 17909 E TAG : We hope you enjoy using it.
11-05 07:58:59.184 17909 17909 D test : 360 753
11-05 07:58:59.184 17909 17909 D test : width= 720 height= 1507
11-05 07:58:59.191 17909 19057 W libc : Access denied finding property
"vendor.camera.aux.packagelist"
11-05 07:58:59.192 17909 19057 W libc : Access denied finding property
"vendor.camera.aux.packagelist"
11-05 07:58:59.193 17909 19057 W libc : Access denied finding property
"vendor.camera.aux.packagelist"
11-05 07:58:59.197 17909 19057 W libc : Access denied finding property
"vendor.camera.aux.packagelist"
11-05 07:58:59.206 17909 17909 I BufferQueueConsumer: [](id:45f50000000f,api:0,p:-
1,c:17909) connect: controlledByApp=false
11-05 07:58:59.206 17909 17909 I BLASTBufferQueue:
[ViewRootImpl[CameraActivity]#13] constructor()
11-05 07:58:59.209 17909 18518 I libPerfCtl: fbcNotifySbeRescue ret=-1
11-05 07:58:59.210 17909 17909 I BufferQueueConsumer: [](id:45f500000010,api:0,p:-
1,c:17909) connect: controlledByApp=false
11-05 07:58:59.210 17909 17909 I BLASTBufferQueue:
[SurfaceView[com.corepix.videorecording/com.smartvlogger.Activity.CameraActivity]#1
4] constructor()
11-05 07:58:59.211 17909 19057 W libc : Access denied finding property
"vendor.camera.aux.packagelist"
11-05 07:58:59.213 17909 19060 I BufferQueueProducer:
[SurfaceView[com.corepix.videorecording/com.smartvlogger.Activity.CameraActivity]#1
4(BLAST Consumer)14](id:45f500000010,api:1,p:17909,c:17909) connect: api=1
producerControlledByApp=true
11-05 07:58:59.215 17909 19060 I BufferQueueConsumer: [](id:45f500000011,api:0,p:-
1,c:17909) connect: controlledByApp=true
11-05 07:58:59.240 17909 19057 W libc : Access denied finding property
"vendor.camera.aux.packagelist"
11-05 07:58:59.241 17909 19057 W libc : Access denied finding property
"vendor.camera.aux.packagelist"
11-05 07:58:59.244 17909 19057 W libc : Access denied finding property
"vendor.camera.aux.packagelist"
11-05 07:58:59.254 17909 19057 W libc : Access denied finding property
"vendor.camera.aux.packagelist"
11-05 07:58:59.254 17909 17909 D checklines: main height =246
11-05 07:58:59.254 17909 19060 I BufferQueueProducer:
[SurfaceView[com.corepix.videorecording/com.smartvlogger.Activity.CameraActivity]#1
4(BLAST Consumer)14](id:45f500000010,api:1,p:17909,c:17909) disconnect: api 1
11-05 07:58:59.255 17909 17909 D checklines: 30
11-05 07:58:59.255 17909 17909 D checklines: max= 246
11-05 07:58:59.255 17909 19060 I BufferQueueProducer:
[SurfaceView[com.corepix.videorecording/com.smartvlogger.Activity.CameraActivity]#1
4(BLAST Consumer)14](id:45f500000010,api:1,p:17909,c:17909) connect: api=1
producerControlledByApp=true
11-05 07:58:59.255 17909 17909 D checklines: lines = 8 onewordheight =30
textheight = 240 totalheight506 scrollview geight = 746
11-05 07:58:59.255 17909 17909 D SurfaceView: UPDATE
Surface(name=SurfaceView[com.corepix.videorecording/com.smartvlogger.Activity.Camer
aActivity])/@0x646bb8b, mIsProjectionMode = false
11-05 07:58:59.256 17909 17909 D Surface : lockCanvas
11-05 07:58:59.256 17909 17909 I BufferQueueProducer:
[ViewRootImpl[CameraActivity]#13(BLAST Consumer)13]
(id:45f50000000f,api:2,p:17909,c:17909) connect: api=2 producerControlledByApp=true
11-05 07:58:59.270 17909 17909 D DecorView[]: onWindowFocusChanged hasWindowFocus
false
11-05 07:58:59.273 17909 17909 D Surface : lockCanvas
11-05 07:58:59.282 17909 17909 D Surface : lockCanvas
11-05 07:58:59.283 17909 18518 I libPerfCtl: fbcNotifySbeRescue ret=-1
11-05 07:58:59.292 17909 19057 I BufferQueueProducer: [SurfaceTexture-1-17909-2]
(id:45f500000011,api:4,p:946,c:17909) connect: api=4 producerControlledByApp=true
11-05 07:58:59.329 17909 18518 I libPerfCtl: fbcNotifySbeRescue ret=-1
11-05 07:58:59.334 17909 17909 D Surface : lockCanvas
11-05 07:58:59.366 17909 17909 D Surface : lockCanvas
11-05 07:58:59.383 17909 18518 I libPerfCtl: fbcNotifySbeRescue ret=-1
11-05 07:58:59.383 17909 17909 D Surface : lockCanvas
11-05 07:58:59.423 17909 17909 D DecorView[]: onWindowFocusChanged hasWindowFocus
true
11-05 07:58:59.429 17909 18518 I libPerfCtl: fbcNotifySbeRescue ret=-1
11-05 07:58:59.436 17909 17909 D Surface : lockCanvas
11-05 07:58:59.441 17909 17909 D Surface : lockCanvas
11-05 07:58:59.476 17909 18518 I libPerfCtl: fbcNotifySbeRescue ret=-1
11-05 07:58:59.807 17909 19060 I mali_config: @get_buffer_dataspace_setting: update
dataspace from GE (0x10010000 -> 0x08020000)
11-05 07:58:59.802 17909 17909 W com.corepix.videorecording: type=1400
audit(0.0:2388838): avc: denied { getattr } for comm=474C54687265616420313436
name="dmabuf:" dev="dmabuf" ino=1 scontext=u:r:untrusted_app:s0:c149,c257,c512,c768
tcontext=u:object_r:unlabeled:s0 tclass=filesystem permissive=0
app=com.corepix.videorecording
11-05 07:58:59.880 17909 18518 I libPerfCtl: fbcNotifySbeRescue ret=-1
11-05 07:58:59.896 17909 17909 I BufferQueueProducer:
[ViewRootImpl[SettingsActivity]#12(BLAST Consumer)12]
(id:45f50000000e,api:2,p:17909,c:17909) disconnect: api 2
11-05 07:58:59.898 17909 17909 I BLASTBufferQueue:
[ViewRootImpl[SettingsActivity]#12] destructor()
11-05 07:58:59.898 17909 17909 I BufferQueueConsumer:
[ViewRootImpl[SettingsActivity]#12(BLAST Consumer)12](id:45f50000000e,api:0,p:-
1,c:17909) disconnect
11-05 07:58:59.910 17909 17909 D View : [Warning] assignParent to null: this =
DecorView@ea4b5db[SettingsActivity]
11-05 07:58:59.916 17909 19060 I mali_config: @get_buffer_dataspace_setting: update
dataspace from GE (0x10010000 -> 0x08020000)
11-05 07:58:59.914 17909 17909 W com.corepix.videorecording: type=1400
audit(0.0:2388839): avc: denied { getattr } for comm=474C54687265616420313436
name="dmabuf:" dev="dmabuf" ino=1 scontext=u:r:untrusted_app:s0:c149,c257,c512,c768
tcontext=u:object_r:unlabeled:s0 tclass=filesystem permissive=0
app=com.corepix.videorecording
11-05 07:58:59.918 17909 17921 I BLASTBufferQueue: releaseBufferCallbackThunk
bufferId:76918569304116 framenumber:89 blastBufferQueue is dead
11-05 07:58:59.923 17909 18518 I libPerfCtl: fbcNotifySbeRescue ret=-1
11-05 07:58:59.989 17909 19060 I mali_config: @get_buffer_dataspace_setting: update
dataspace from GE (0x10010000 -> 0x08020000)
11-05 07:58:59.986 17909 17909 W com.corepix.videorecording: type=1400
audit(0.0:2388840): avc: denied { getattr } for comm=474C54687265616420313436
name="dmabuf:" dev="dmabuf" ino=1 scontext=u:r:untrusted_app:s0:c149,c257,c512,c768
tcontext=u:object_r:unlabeled:s0 tclass=filesystem permissive=0
app=com.corepix.videorecording
11-05 07:59:00.090 17909 19060 I mali_config: @get_buffer_dataspace_setting: update
dataspace from GE (0x10010000 -> 0x08020000)
11-05 07:59:00.086 17909 17909 W com.corepix.videorecording: type=1400
audit(0.0:2388841): avc: denied { getattr } for comm=474C54687265616420313436
name="dmabuf:" dev="dmabuf" ino=1 scontext=u:r:untrusted_app:s0:c149,c257,c512,c768
tcontext=u:object_r:unlabeled:s0 tclass=filesystem permissive=0
app=com.corepix.videorecording
11-05 07:59:00.186 17909 17909 W com.corepix.videorecording: type=1400
audit(0.0:2388842): avc: denied { getattr } for comm=474C54687265616420313436
name="dmabuf:" dev="dmabuf" ino=1 scontext=u:r:untrusted_app:s0:c149,c257,c512,c768
tcontext=u:object_r:unlabeled:s0 tclass=filesystem permissive=0
app=com.corepix.videorecording
11-05 07:59:00.190 17909 19060 I mali_config: @get_buffer_dataspace_setting: update
dataspace from GE (0x10010000 -> 0x08020000)
11-05 07:59:00.292 17909 19060 I mali_config: @get_buffer_dataspace_setting: update
dataspace from GE (0x10010000 -> 0x08020000)
11-05 07:59:00.798 17909 17909 D Surface : lockCanvas
11-05 07:59:00.814 17909 17909 D Surface : lockCanvas
11-05 07:59:00.831 17909 17909 D Surface : lockCanvas
11-05 07:59:00.847 17909 17909 D Surface : lockCanvas
11-05 07:59:00.864 17909 17909 D Surface : lockCanvas
11-05 07:59:00.881 17909 17909 D Surface : lockCanvas
11-05 07:59:00.898 17909 17909 D Surface : lockCanvas
11-05 07:59:00.914 17909 17909 D Surface : lockCanvas
11-05 07:59:00.931 17909 17909 D Surface : lockCanvas
11-05 07:59:00.947 17909 17909 D Surface : lockCanvas
11-05 07:59:00.963 17909 17909 D Surface : lockCanvas
11-05 07:59:00.980 17909 17909 D Surface : lockCanvas
11-05 07:59:00.998 17909 17909 D Surface : lockCanvas
11-05 07:59:01.013 17909 17909 D Surface : lockCanvas
11-05 07:59:01.030 17909 17909 D Surface : lockCanvas
11-05 07:59:01.047 17909 17909 D Surface : lockCanvas
11-05 07:59:01.838 17909 17909 D moveheight: x=44
11-05 07:59:01.845 17909 17909 D Surface : lockCanvas
11-05 07:59:01.854 17909 17909 D moveheight: x=44
11-05 07:59:01.865 17909 17909 D IS_CTS_MODE: false
11-05 07:59:01.865 17909 17909 D MULTI_WINDOW_SWITCH_ENABLED: false
11-05 07:59:01.912 17909 17909 D Surface : lockCanvas
11-05 07:59:01.929 17909 18518 I libPerfCtl: fbcNotifySbeRescue ret=-1
11-05 07:59:01.946 17909 17909 I BufferQueueConsumer: [](id:45f500000012,api:0,p:-
1,c:17909) connect: controlledByApp=false
11-05 07:59:01.946 17909 17909 I BLASTBufferQueue:
[ViewRootImpl[CameraActivity]#15] constructor()
11-05 07:59:01.952 17909 17909 D Surface : lockCanvas
11-05 07:59:01.952 17909 17909 I BufferQueueProducer:
[ViewRootImpl[CameraActivity]#15(BLAST Consumer)15]
(id:45f500000012,api:2,p:17909,c:17909) connect: api=2 producerControlledByApp=true
11-05 07:59:01.961 17909 17909 D Surface : lockCanvas
11-05 07:59:01.970 17909 17909 D Surface : lockCanvas
11-05 07:59:01.979 17909 17909 D DecorView[]: onWindowFocusChanged hasWindowFocus
false
11-05 07:59:01.980 17909 17909 D Surface : lockCanvas
11-05 07:59:01.985 17909 17909 D DecorView[]: onWindowFocusChanged hasWindowFocus
true
11-05 07:59:01.996 17909 17909 D Surface : lockCanvas
11-05 07:59:02.012 17909 17909 D Surface : lockCanvas
11-05 07:59:02.030 17909 17909 D Surface : lockCanvas
11-05 07:59:02.046 17909 17909 D Surface : lockCanvas
11-05 07:59:02.061 17909 18518 I libPerfCtl: fbcNotifySbeRescue ret=-1
11-05 07:59:02.063 17909 17909 D Surface : lockCanvas
11-05 07:59:02.079 17909 17909 D Surface : lockCanvas
11-05 07:59:02.096 17909 17909 D Surface : lockCanvas
11-05 07:59:03.527 17909 17909 D Surface : lockCanvas
11-05 07:59:03.544 17909 17909 D Surface : lockCanvas
11-05 07:59:03.560 17909 17909 D Surface : lockCanvas
11-05 07:59:03.577 17909 17909 D Surface : lockCanvas
11-05 07:59:03.593 17909 17909 D Surface : lockCanvas
11-05 07:59:03.610 17909 17909 D Surface : lockCanvas
11-05 07:59:03.626 17909 17909 D Surface : lockCanvas
11-05 07:59:03.643 17909 17909 D Surface : lockCanvas
11-05 07:59:03.659 17909 17909 D Surface : lockCanvas
11-05 07:59:03.677 17909 17909 D Surface : lockCanvas
11-05 07:59:03.694 17909 17909 D Surface : lockCanvas
11-05 07:59:03.710 17909 17909 D Surface : lockCanvas
11-05 07:59:03.727 17909 17909 D Surface : lockCanvas
11-05 07:59:03.744 17909 17909 D Surface : lockCanvas
11-05 07:59:03.760 17909 17909 D Surface : lockCanvas
11-05 07:59:03.777 17909 17909 D Surface : lockCanvas
11-05 07:59:04.226 17909 17909 D Surface : lockCanvas
11-05 07:59:04.241 17909 18518 I libPerfCtl: fbcNotifySbeRescue ret=-1
11-05 07:59:04.257 17909 17909 D Surface : lockCanvas
11-05 07:59:04.271 17909 18518 I libPerfCtl: fbcNotifySbeRescue ret=-1
11-05 07:59:04.279 17909 17909 D Surface : lockCanvas
11-05 07:59:04.293 17909 18518 I libPerfCtl: fbcNotifySbeRescue ret=-1
11-05 07:59:04.299 17909 17909 D View : [Warning] assignParent to null: this =
DecorView@a5faf09[CameraActivity]
11-05 07:59:04.299 17909 17909 I BufferQueueProducer:
[ViewRootImpl[CameraActivity]#15(BLAST Consumer)15]
(id:45f500000012,api:2,p:17909,c:17909) disconnect: api 2
11-05 07:59:04.306 17909 18518 I libPerfCtl: fbcNotifySbeRescue ret=-1
11-05 07:59:04.321 17909 19686 I BLASTBufferQueue:
[ViewRootImpl[CameraActivity]#15] destructor()
11-05 07:59:04.321 17909 19686 I BufferQueueConsumer:
[ViewRootImpl[CameraActivity]#15(BLAST Consumer)15](id:45f500000012,api:0,p:-
1,c:17909) disconnect
11-05 07:59:04.348 17909 17909 D DecorView[]: onWindowFocusChanged hasWindowFocus
true
11-05 07:59:04.482 17909 19686 I BLASTBufferQueue: releaseBufferCallbackThunk
bufferId:76918569304133 framenumber:30 blastBufferQueue is dead
11-05 07:59:09.713 17909 17909 D moveheight: x=18
11-05 07:59:09.720 17909 17909 D Surface : lockCanvas
11-05 07:59:09.810 17909 17909 D moveheight: x=18
11-05 07:59:09.824 17909 17909 D Surface : lockCanvas
11-05 07:59:10.545 17909 17909 D moveheight: x=32
11-05 07:59:10.551 17909 17909 D Surface : lockCanvas
11-05 07:59:10.658 17909 17909 D moveheight: x=32
11-05 07:59:10.670 17909 17909 D Surface : lockCanvas
11-05 07:59:10.828 17909 17909 D moveheight: x=24
11-05 07:59:10.834 17909 17909 D Surface : lockCanvas
11-05 07:59:10.891 17909 17909 D moveheight: x=24
11-05 07:59:10.902 17909 17909 D Surface : lockCanvas
11-05 07:59:10.917 17909 18518 I libPerfCtl: fbcNotifySbeRescue ret=-1
11-05 07:59:11.009 17909 17909 D moveheight: x=38
11-05 07:59:11.017 17909 17909 D Surface : lockCanvas
11-05 07:59:11.075 17909 17909 D moveheight: x=38
11-05 07:59:11.085 17909 17909 D Surface : lockCanvas
11-05 07:59:11.177 17909 17909 D moveheight: x=33
11-05 07:59:11.183 17909 17909 D Surface : lockCanvas
11-05 07:59:11.274 17909 17909 D moveheight: x=33
11-05 07:59:11.285 17909 17909 D Surface : lockCanvas
11-05 07:59:11.297 17909 17909 D moveheight: x=37
11-05 07:59:11.300 17909 17909 D Surface : lockCanvas
11-05 07:59:11.424 17909 17909 D moveheight: x=37
11-05 07:59:11.435 17909 17909 D Surface : lockCanvas
11-05 07:59:11.871 17909 17909 D Surface : lockCanvas
11-05 07:59:12.025 17909 17909 D moveheight: x=7
11-05 07:59:12.033 17909 17909 D Surface : lockCanvas
11-05 07:59:12.049 17909 17909 D moveheight: x=5
11-05 07:59:12.050 17909 17909 D Surface : lockCanvas
11-05 07:59:12.066 17909 17909 D moveheight: x=3
11-05 07:59:12.066 17909 17909 D Surface : lockCanvas
11-05 07:59:12.083 17909 17909 D moveheight: x=2
11-05 07:59:12.084 17909 17909 D Surface : lockCanvas
11-05 07:59:12.099 17909 18518 I libPerfCtl: fbcNotifySbeRescue ret=-1
11-05 07:59:12.101 17909 17909 D moveheight: x=2
11-05 07:59:12.102 17909 17909 D Surface : lockCanvas
11-05 07:59:12.116 17909 17909 D moveheight: x=3
11-05 07:59:12.117 17909 17909 D Surface : lockCanvas
11-05 07:59:12.132 17909 18518 I libPerfCtl: fbcNotifySbeRescue ret=-1
11-05 07:59:12.134 17909 17909 D moveheight: x=3
11-05 07:59:12.134 17909 17909 D moveheight: x=3
11-05 07:59:12.137 17909 17909 D Surface : lockCanvas
11-05 07:59:12.240 17909 17909 D moveheight: x=32
11-05 07:59:12.249 17909 17909 D Surface : lockCanvas
11-05 07:59:12.282 17909 17909 D Surface : lockCanvas
11-05 07:59:12.290 17909 17909 D moveheight: x=32
11-05 07:59:12.302 17909 17909 D Surface : lockCanvas
11-05 07:59:12.314 17909 18518 I libPerfCtl: fbcNotifySbeRescue ret=-1
11-05 07:59:12.408 17909 17909 D moveheight: x=24
11-05 07:59:12.416 17909 17909 D Surface : lockCanvas
11-05 07:59:12.482 17909 17909 D Surface : lockCanvas
11-05 07:59:12.490 17909 17909 D moveheight: x=24
11-05 07:59:12.500 17909 17909 D Surface : lockCanvas
11-05 07:59:12.633 17909 17909 D Surface : lockCanvas
11-05 07:59:15.550 17909 17909 D MIUIInput: [KeyEvent] ViewRootImpl windowName
'com.corepix.videorecording/com.smartvlogger.Activity.CameraActivity', KeyEvent
{ action=ACTION_DOWN, keyCode=KEYCODE_BACK, scanCode=0, metaState=0, flags=0x48,
repeatCount=0, eventTime=729098576, downTime=729098576, deviceId=-1, source=0x101,
displayId=0 }, phoneEventTime=07:59:15.537
11-05 07:59:15.660 17909 17909 D MIUIInput: [KeyEvent] ViewRootImpl windowName
'com.corepix.videorecording/com.smartvlogger.Activity.CameraActivity', KeyEvent
{ action=ACTION_UP, keyCode=KEYCODE_BACK, scanCode=0, metaState=0, flags=0x48,
repeatCount=0, eventTime=729098692, downTime=729098576, deviceId=-1, source=0x101,
displayId=0 }, phoneEventTime=07:59:15.653
11-05 07:59:15.665 17909 17909 D IS_CTS_MODE: false
11-05 07:59:15.665 17909 17909 D MULTI_WINDOW_SWITCH_ENABLED: false
11-05 07:59:15.730 17909 18518 I libPerfCtl: fbcNotifySbeRescue ret=-1
11-05 07:59:15.739 17909 17909 I BufferQueueConsumer: [](id:45f500000013,api:0,p:-
1,c:17909) connect: controlledByApp=false
11-05 07:59:15.740 17909 17909 I BLASTBufferQueue:
[ViewRootImpl[CameraActivity]#16] constructor()
11-05 07:59:15.746 17909 17909 D Surface : lockCanvas
11-05 07:59:15.746 17909 17909 I BufferQueueProducer:
[ViewRootImpl[CameraActivity]#16(BLAST Consumer)16]
(id:45f500000013,api:2,p:17909,c:17909) connect: api=2 producerControlledByApp=true
11-05 07:59:15.758 17909 17909 D Surface : lockCanvas
11-05 07:59:15.767 17909 17909 D DecorView[]: onWindowFocusChanged hasWindowFocus
false
11-05 07:59:15.769 17909 17909 D Surface : lockCanvas
11-05 07:59:15.778 17909 17909 D Surface : lockCanvas
11-05 07:59:15.786 17909 17909 D DecorView[]: onWindowFocusChanged hasWindowFocus
true
11-05 07:59:15.795 17909 17909 D Surface : lockCanvas
11-05 07:59:15.812 17909 17909 D Surface : lockCanvas
11-05 07:59:15.828 17909 17909 D Surface : lockCanvas
11-05 07:59:15.844 17909 18518 I libPerfCtl: fbcNotifySbeRescue ret=-1
11-05 07:59:15.846 17909 17909 D Surface : lockCanvas
11-05 07:59:15.862 17909 17909 D Surface : lockCanvas
11-05 07:59:15.877 17909 18518 I libPerfCtl: fbcNotifySbeRescue ret=-1
11-05 07:59:15.879 17909 17909 D Surface : lockCanvas
11-05 07:59:15.894 17909 18518 I libPerfCtl: fbcNotifySbeRescue ret=-1
11-05 07:59:15.895 17909 17909 D Surface : lockCanvas
11-05 07:59:15.910 17909 18518 I libPerfCtl: fbcNotifySbeRescue ret=-1
11-05 07:59:16.662 17909 17909 D Surface : lockCanvas
11-05 07:59:16.677 17909 18518 I libPerfCtl: fbcNotifySbeRescue ret=-1
11-05 07:59:16.693 17909 17909 D Surface : lockCanvas
11-05 07:59:16.709 17909 18518 I libPerfCtl: fbcNotifySbeRescue ret=-1
11-05 07:59:16.713 17909 17909 D View : [Warning] assignParent to null: this =
DecorView@ea146b8[CameraActivity]
11-05 07:59:16.713 17909 17909 I BufferQueueProducer:
[ViewRootImpl[CameraActivity]#16(BLAST Consumer)16]
(id:45f500000013,api:2,p:17909,c:17909) disconnect: api 2
11-05 07:59:16.719 17909 18518 I libPerfCtl: fbcNotifySbeRescue ret=-1
11-05 07:59:16.720 17909 17921 I BLASTBufferQueue:
[ViewRootImpl[CameraActivity]#16] destructor()
11-05 07:59:16.720 17909 17921 I BufferQueueConsumer:
[ViewRootImpl[CameraActivity]#16(BLAST Consumer)16](id:45f500000013,api:0,p:-
1,c:17909) disconnect
11-05 07:59:16.767 17909 17909 D DecorView[]: onWindowFocusChanged hasWindowFocus
true
11-05 07:59:16.900 17909 19686 I BLASTBufferQueue: releaseBufferCallbackThunk
bufferId:76918569304136 framenumber:13 blastBufferQueue is dead
11-05 07:59:17.216 17909 19060 I mali_config: @get_buffer_dataspace_setting: update
dataspace from GE (0x10010000 -> 0x08020000)
11-05 07:59:17.214 17909 17909 W com.corepix.videorecording: type=1400
audit(0.0:2388844): avc: denied { getattr } for comm=474C54687265616420313436
name="dmabuf:" dev="dmabuf" ino=1 scontext=u:r:untrusted_app:s0:c149,c257,c512,c768
tcontext=u:object_r:unlabeled:s0 tclass=filesystem permissive=0
app=com.corepix.videorecording
11-05 07:59:29.904 17909 17909 D moveheight: x=347
11-05 07:59:29.911 17909 17909 D Surface : lockCanvas
11-05 07:59:29.976 17909 17909 D moveheight: x=347
11-05 07:59:29.977 17909 17909 D Surface : lockCanvas
11-05 07:59:29.993 17909 17909 D moveheight: x=347
11-05 07:59:29.993 17909 17909 D Surface : lockCanvas
11-05 07:59:30.010 17909 17909 D moveheight: x=345
11-05 07:59:30.011 17909 17909 D Surface : lockCanvas
11-05 07:59:30.026 17909 17909 D moveheight: x=343
11-05 07:59:30.027 17909 17909 D Surface : lockCanvas
11-05 07:59:30.045 17909 17909 D moveheight: x=341
11-05 07:59:30.046 17909 17909 D Surface : lockCanvas
11-05 07:59:30.059 17909 17909 D moveheight: x=338
11-05 07:59:30.060 17909 17909 D Surface : lockCanvas
11-05 07:59:30.076 17909 17909 D moveheight: x=335
11-05 07:59:30.077 17909 17909 D Surface : lockCanvas
11-05 07:59:30.093 17909 17909 D moveheight: x=332
11-05 07:59:30.093 17909 17909 D Surface : lockCanvas
11-05 07:59:30.110 17909 17909 D moveheight: x=328
11-05 07:59:30.110 17909 17909 D Surface : lockCanvas
11-05 07:59:30.126 17909 17909 D moveheight: x=325
11-05 07:59:30.127 17909 17909 D Surface : lockCanvas
11-05 07:59:30.143 17909 17909 D moveheight: x=321
11-05 07:59:30.145 17909 17909 D Surface : lockCanvas
11-05 07:59:30.159 17909 17909 D moveheight: x=318
11-05 07:59:30.160 17909 17909 D Surface : lockCanvas
11-05 07:59:30.176 17909 17909 D moveheight: x=317
11-05 07:59:30.177 17909 17909 D Surface : lockCanvas
11-05 07:59:30.193 17909 17909 D moveheight: x=317
11-05 07:59:30.193 17909 17909 D Surface : lockCanvas
11-05 07:59:30.210 17909 17909 D moveheight: x=315
11-05 07:59:30.211 17909 17909 D Surface : lockCanvas
11-05 07:59:30.226 17909 17909 D moveheight: x=313
11-05 07:59:30.227 17909 17909 D Surface : lockCanvas
11-05 07:59:30.244 17909 17909 D moveheight: x=312
