11-05 07:57:55.106 17909 17909 D Surface : lockCanvas
11-05 07:57:55.148 17909 17909 D Surface : lockCanvas
11-05 07:57:55.184 17909 17909 D Surface : lockCanvas
11-05 07:57:55.197 17909 18518 I libPerfCtl: fbcNotifySbeRescue ret=-1
11-05 07:57:55.221 17909 17909 D Surface : lockCanvas
11-05 07:57:55.228 17909 18518 I libPerfCtl: fbcNotifySbeRescue ret=-1
11-05 07:57:55.257 17909 17909 D Surface : lockCanvas
11-05 07:57:55.265 17909 18518 I libPerfCtl: fbcNotifySbeRescue ret=-1
11-05 07:57:55.292 17909 17909 D Surface : lockCanvas
11-05 07:57:55.300 17909 18518 I libPerfCtl: fbcNotifySbeRescue ret=-1
11-05 07:57:55.321 17909 17909 D Surface : lockCanvas
11-05 07:57:55.336 17909 18518 I libPerfCtl: fbcNotifySbeRescue ret=-1
11-05 07:57:55.357 17909 17909 D Surface : lockCanvas
11-05 07:57:55.366 17909 18518 I libPerfCtl: fbcNotifySbeRescue ret=-1
11-05 07:57:55.386 17909 17909 D Surface : lockCanvas
11-05 07:57:55.401 17909 18518 I libPerfCtl: fbcNotifySbeRescue ret=-1
11-05 07:57:55.415 17909 17909 D Surface : lockCanvas
11-05 07:57:55.430 17909 18518 I libPerfCtl: fbcNotifySbeRescue ret=-1
11-05 07:57:55.443 17909 17909 D Surface : lockCanvas
11-05 07:57:55.458 17909 18518 I libPerfCtl: fbcNotifySbeRescue ret=-1
11-05 07:57:55.470 17909 17909 D Surface : lockCanvas
11-05 07:57:55.486 17909 18518 I libPerfCtl: fbcNotifySbeRescue ret=-1
11-05 07:57:55.505 17909 17909 D Surface : lockCanvas
11-05 07:57:55.515 17909 18518 I libPerfCtl: fbcNotifySbeRescue ret=-1
11-05 07:57:55.533 17909 17909 D Surface : lockCanvas
11-05 07:57:55.549 17909 18518 I libPerfCtl: fbcNotifySbeRescue ret=-1
11-05 07:57:55.568 17909 17909 D Surface : lockCanvas
11-05 07:57:55.576 17909 18518 I libPerfCtl: fbcNotifySbeRescue ret=-1
11-05 07:57:55.604 17909 17909 D Surface : lockCanvas
11-05 07:57:55.613 17909 18518 I libPerfCtl: fbcNotifySbeRescue ret=-1
11-05 07:57:55.639 17909 17909 D Surface : lockCanvas
11-05 07:57:55.647 17909 18518 I libPerfCtl: fbcNotifySbeRescue ret=-1
11-05 07:57:55.674 17909 17909 D Surface : lockCanvas
11-05 07:57:55.683 17909 18518 I libPerfCtl: fbcNotifySbeRescue ret=-1
11-05 07:57:55.709 17909 17909 D Surface : lockCanvas
11-05 07:57:55.718 17909 18518 I libPerfCtl: fbcNotifySbeRescue ret=-1
11-05 07:57:55.746 17909 17909 D Surface : lockCanvas
11-05 07:57:55.754 17909 18518 I libPerfCtl: fbcNotifySbeRescue ret=-1
11-05 07:57:55.783 17909 17909 D Surface : lockCanvas
11-05 07:57:55.790 17909 18518 I libPerfCtl: fbcNotifySbeRescue ret=-1
11-05 07:57:55.819 17909 17909 D Surface : lockCanvas
11-05 07:57:55.828 17909 18518 I libPerfCtl: fbcNotifySbeRescue ret=-1
11-05 07:57:55.849 17909 17909 D Surface : lockCanvas
11-05 07:57:55.865 17909 18518 I libPerfCtl: fbcNotifySbeRescue ret=-1
11-05 07:57:55.877 17909 17909 D Surface : lockCanvas
11-05 07:57:55.894 17909 18518 I libPerfCtl: fbcNotifySbeRescue ret=-1
11-05 07:57:55.907 17909 17909 D Surface : lockCanvas
11-05 07:57:55.921 17909 18518 I libPerfCtl: fbcNotifySbeRescue ret=-1
11-05 07:57:55.947 17909 17909 D Surface : lockCanvas
11-05 07:57:55.953 17909 18518 I libPerfCtl: fbcNotifySbeRescue ret=-1
11-05 07:57:55.979 17909 17909 D Surface : lockCanvas
11-05 07:57:55.994 17909 18518 I libPerfCtl: fbcNotifySbeRescue ret=-1
11-05 07:57:56.007 17909 17909 D Surface : lockCanvas
11-05 07:57:56.023 17909 18518 I libPerfCtl: fbcNotifySbeRescue ret=-1
11-05 07:57:56.034 17909 17909 D Surface : lockCanvas
11-05 07:57:56.049 17909 18518 I libPerfCtl: fbcNotifySbeRescue ret=-1
11-05 07:57:56.064 17909 17909 D Surface : lockCanvas
11-05 07:57:56.080 17909 18518 I libPerfCtl: fbcNotifySbeRescue ret=-1
11-05 07:57:56.098 17909 18518 I libPerfCtl: fbcNotifySbeRescue ret=-1
11-05 07:57:56.393 17909 17909 D Surface : lockCanvas
11-05 07:57:56.422 17909 17909 W Looper : PerfMonitor doFrame : time=42ms
vsyncFrame=0 latency=304ms procState=-1 historyMsgCount=3 (msgIndex=3 wall=236ms
seq=835 late=30ms h=com.google.android.gms.ads.internal.util.f c=m.chz)
11-05 07:57:56.441 17909 18518 I libPerfCtl: fbcNotifySbeRescue ret=-1
11-05 07:57:56.453 17909 17909 D Surface : lockCanvas
11-05 07:57:56.487 17909 17909 D Surface : lockCanvas
11-05 07:57:56.502 17909 18518 I libPerfCtl: fbcNotifySbeRescue ret=-1
11-05 07:57:56.519 17909 17909 D Surface : lockCanvas
11-05 07:57:56.535 17909 18518 I libPerfCtl: fbcNotifySbeRescue ret=-1
11-05 07:57:56.550 17909 17909 D Surface : lockCanvas
11-05 07:57:56.564 17909 18518 I libPerfCtl: fbcNotifySbeRescue ret=-1
11-05 07:57:56.582 17909 17909 D Surface : lockCanvas
11-05 07:57:56.595 17909 18518 I libPerfCtl: fbcNotifySbeRescue ret=-1
11-05 07:57:56.612 17909 17909 D Surface : lockCanvas
11-05 07:57:56.627 17909 18518 I libPerfCtl: fbcNotifySbeRescue ret=-1
11-05 07:57:56.639 17909 17909 I Ads : JS: The jsLoaded GMSG has been sent
(https://googleads.g.doubleclick.net/mads/static/mad/sdk/native/production/sdk-
core-v40-impl.html:795)
11-05 07:57:56.641 17909 17909 D Surface : lockCanvas
11-05 07:57:56.657 17909 18518 I libPerfCtl: fbcNotifySbeRescue ret=-1
11-05 07:57:56.677 17909 17909 D Surface : lockCanvas
11-05 07:57:56.684 17909 18518 I libPerfCtl: fbcNotifySbeRescue ret=-1
11-05 07:57:56.708 17909 17909 D Surface : lockCanvas
11-05 07:57:56.722 17909 18518 I libPerfCtl: fbcNotifySbeRescue ret=-1
11-05 07:57:56.738 17909 17909 D Surface : lockCanvas
11-05 07:57:56.752 17909 18518 I libPerfCtl: fbcNotifySbeRescue ret=-1
11-05 07:57:56.766 17909 17909 D Surface : lockCanvas
11-05 07:57:56.781 17909 18518 I libPerfCtl: fbcNotifySbeRescue ret=-1
11-05 07:57:56.795 17909 17909 D Surface : lockCanvas
11-05 07:57:56.809 17909 18518 I libPerfCtl: fbcNotifySbeRescue ret=-1
11-05 07:57:56.824 17909 17909 D Surface : lockCanvas
11-05 07:57:56.838 17909 18518 I libPerfCtl: fbcNotifySbeRescue ret=-1
11-05 07:57:56.856 17909 17909 D Surface : lockCanvas
11-05 07:57:56.870 17909 18518 I libPerfCtl: fbcNotifySbeRescue ret=-1
11-05 07:57:56.885 17909 17909 D Surface : lockCanvas
11-05 07:57:56.901 17909 18518 I libPerfCtl: fbcNotifySbeRescue ret=-1
11-05 07:57:56.915 17909 17909 D Surface : lockCanvas
11-05 07:57:56.929 17909 18518 I libPerfCtl: fbcNotifySbeRescue ret=-1
11-05 07:57:56.945 17909 17909 D Surface : lockCanvas
11-05 07:57:56.960 17909 18518 I libPerfCtl: fbcNotifySbeRescue ret=-1
11-05 07:57:56.989 17909 18518 I libPerfCtl: fbcNotifySbeRescue ret=-1
11-05 07:57:56.991 17909 17909 D Surface : lockCanvas
11-05 07:57:57.020 17909 17909 D Surface : lockCanvas
11-05 07:57:57.035 17909 18518 I libPerfCtl: fbcNotifySbeRescue ret=-1
11-05 07:57:57.050 17909 17909 D Surface : lockCanvas
11-05 07:57:57.063 17909 18518 I libPerfCtl: fbcNotifySbeRescue ret=-1
11-05 07:57:57.080 17909 17909 D Surface : lockCanvas
11-05 07:57:57.093 17909 18518 I libPerfCtl: fbcNotifySbeRescue ret=-1
11-05 07:57:57.111 17909 17909 D Surface : lockCanvas
11-05 07:57:57.126 17909 18518 I libPerfCtl: fbcNotifySbeRescue ret=-1
11-05 07:57:57.140 17909 17909 D Surface : lockCanvas
11-05 07:57:57.155 17909 18518 I libPerfCtl: fbcNotifySbeRescue ret=-1
11-05 07:57:57.170 17909 17909 D Surface : lockCanvas
11-05 07:57:57.185 17909 18518 I libPerfCtl: fbcNotifySbeRescue ret=-1
11-05 07:57:57.197 17909 17909 D Surface : lockCanvas
11-05 07:57:57.214 17909 18518 I libPerfCtl: fbcNotifySbeRescue ret=-1
11-05 07:57:57.224 17909 17909 D Surface : lockCanvas
11-05 07:57:57.240 17909 18518 I libPerfCtl: fbcNotifySbeRescue ret=-1
11-05 07:57:57.252 17909 17909 D Surface : lockCanvas
11-05 07:57:57.269 17909 18518 I libPerfCtl: fbcNotifySbeRescue ret=-1
11-05 07:57:57.280 17909 17909 D Surface : lockCanvas
11-05 07:57:57.295 17909 18518 I libPerfCtl: fbcNotifySbeRescue ret=-1
11-05 07:57:57.308 17909 17909 D Surface : lockCanvas
11-05 07:57:57.323 17909 18518 I libPerfCtl: fbcNotifySbeRescue ret=-1
11-05 07:57:57.337 17909 17909 D Surface : lockCanvas
11-05 07:57:57.352 17909 18518 I libPerfCtl: fbcNotifySbeRescue ret=-1
11-05 07:57:57.371 17909 17909 D Surface : lockCanvas
11-05 07:57:57.387 17909 18518 I libPerfCtl: fbcNotifySbeRescue ret=-1
11-05 07:57:57.400 17909 17909 D Surface : lockCanvas
11-05 07:57:57.415 17909 18518 I libPerfCtl: fbcNotifySbeRescue ret=-1
11-05 07:57:58.644 17909 17909 D Surface : lockCanvas
11-05 07:57:58.648 17909 18518 I libPerfCtl: fbcNotifySbeRescue ret=-1
11-05 07:57:59.141 17909 17909 D View : [ANR Warning]onDraw time too long, this
=com.google.android.gms.ads.internal.webview.ai{fc3b8d3 VFEDHVC.. ......I. 0,0-
640,100}time =492 ms
11-05 07:57:59.145 17909 17909 W Looper : PerfMonitor doFrame : time=513ms
vsyncFrame=0 latency=26ms procState=-1 historyMsgCount=2
11-05 07:57:59.159 17909 17909 I Choreographer: Skipped 31 frames! The application
may be doing too much work on its main thread.
11-05 07:57:59.161 17909 18518 I libPerfCtl: fbcNotifySbeRescue ret=-1
11-05 07:57:59.198 17909 17909 D Surface : lockCanvas
11-05 07:57:59.339 17909 17909 W Looper : PerfMonitor doFrame : time=180ms
vsyncFrame=0 latency=519ms procState=-1 historyMsgCount=2 (msgIndex=1 wall=513ms
seq=1011 late=26ms h=android.view.Choreographer$FrameHandler
c=android.view.Choreographer$FrameDisplayEventReceiver)
11-05 07:57:59.349 17909 18518 I libPerfCtl: fbcNotifySbeRescue ret=-1
11-05 07:57:59.391 17909 17909 D Surface : lockCanvas
11-05 07:57:59.406 17909 18518 I libPerfCtl: fbcNotifySbeRescue ret=-1
11-05 07:57:59.449 17909 17909 D Surface : lockCanvas
11-05 07:57:59.457 17909 18518 I libPerfCtl: fbcNotifySbeRescue ret=-1
11-05 07:57:59.465 17909 17909 D Surface : lockCanvas
11-05 07:57:59.482 17909 18518 I libPerfCtl: fbcNotifySbeRescue ret=-1
11-05 07:57:59.488 17909 17909 D Surface : lockCanvas
11-05 07:57:59.559 17909 17909 D Surface : lockCanvas
11-05 07:57:59.568 17909 18518 I libPerfCtl: fbcNotifySbeRescue ret=-1
11-05 07:57:59.609 17909 17909 E TAG : 0011Converted value 0.42745098increament
0.0 value 109
11-05 07:57:59.609 17909 17909 E TAG : 11Converted value 0.42745098increament
0.0
11-05 07:57:59.609 17909 17909 E TAG : Converted value 0.42745098increament 0.0
11-05 07:57:59.618 17909 17909 D Surface : lockCanvas
11-05 07:57:59.624 17909 18518 I libPerfCtl: fbcNotifySbeRescue ret=-1
11-05 07:57:59.659 17909 18518 I libPerfCtl: fbcNotifySbeRescue ret=-1
11-05 07:57:59.661 17909 17909 E TAG : 0011Converted value 0.40392157increament
0.0 value 103
11-05 07:57:59.661 17909 17909 E TAG : 11Converted value 0.40392157increament
0.0
11-05 07:57:59.661 17909 17909 E TAG : Converted value 0.40392157increament 0.0
11-05 07:57:59.668 17909 17909 D Surface : lockCanvas
11-05 07:57:59.704 17909 17909 E TAG : 0011Converted value 0.39215687increament
0.0 value 100
11-05 07:57:59.704 17909 17909 E TAG : 11Converted value 0.39215687increament
0.0
11-05 07:57:59.704 17909 17909 E TAG : Converted value 0.39215687increament 0.0
11-05 07:57:59.714 17909 17909 D Surface : lockCanvas
11-05 07:57:59.719 17909 18518 I libPerfCtl: fbcNotifySbeRescue ret=-1
11-05 07:57:59.785 17909 17909 E TAG : 0011Converted value 0.38039216increament
0.0 value 97
11-05 07:57:59.786 17909 17909 E TAG : 11Converted value 0.38039216increament
0.0
11-05 07:57:59.786 17909 17909 E TAG : Converted value 0.38039216increament 0.0
11-05 07:57:59.794 17909 17909 D Surface : lockCanvas
11-05 07:57:59.800 17909 18518 I libPerfCtl: fbcNotifySbeRescue ret=-1
11-05 07:57:59.836 17909 17909 E TAG : 0011Converted value 0.36862746increament
0.0 value 94
11-05 07:57:59.836 17909 17909 E TAG : 11Converted value 0.36862746increament
0.0
11-05 07:57:59.836 17909 17909 E TAG : Converted value 0.36862746increament 0.0
11-05 07:57:59.837 17909 18518 I libPerfCtl: fbcNotifySbeRescue ret=-1
11-05 07:57:59.845 17909 17909 D Surface : lockCanvas
11-05 07:57:59.919 17909 17909 E TAG : 0011Converted value 0.34901962increament
0.0 value 89
11-05 07:57:59.919 17909 17909 E TAG : 11Converted value 0.34901962increament
0.0
11-05 07:57:59.919 17909 17909 E TAG : Converted value 0.34901962increament 0.0
11-05 07:57:59.926 17909 17909 D Surface : lockCanvas
11-05 07:57:59.933 17909 18518 I libPerfCtl: fbcNotifySbeRescue ret=-1
11-05 07:57:59.962 17909 17909 E TAG : 0011Converted value 0.3372549increament
0.0 value 86
11-05 07:57:59.962 17909 17909 E TAG : 11Converted value 0.3372549increament
0.0
11-05 07:57:59.962 17909 17909 E TAG : Converted value 0.3372549increament 0.0
11-05 07:57:59.966 17909 18518 I libPerfCtl: fbcNotifySbeRescue ret=-1
11-05 07:57:59.969 17909 17909 D Surface : lockCanvas
11-05 07:58:00.034 17909 17909 E TAG : 0011Converted value 0.3254902increament
0.0 value 83
11-05 07:58:00.034 17909 17909 E TAG : 11Converted value 0.3254902increament
0.0
11-05 07:58:00.034 17909 17909 E TAG : Converted value 0.3254902increament 0.0
11-05 07:58:00.038 17909 18518 I libPerfCtl: fbcNotifySbeRescue ret=-1
11-05 07:58:00.041 17909 17909 D Surface : lockCanvas
11-05 07:58:00.075 17909 17909 E TAG : 0011Converted value 0.31764707increament
0.0 value 81
11-05 07:58:00.075 17909 17909 E TAG : 11Converted value 0.31764707increament
0.0
11-05 07:58:00.075 17909 17909 E TAG : Converted value 0.31764707increament 0.0
11-05 07:58:00.082 17909 17909 D Surface : lockCanvas
11-05 07:58:00.089 17909 18518 I libPerfCtl: fbcNotifySbeRescue ret=-1
11-05 07:58:00.117 17909 17909 E TAG : 0011Converted value 0.30588236increament
0.0 value 78
11-05 07:58:00.117 17909 17909 E TAG : 11Converted value 0.30588236increament
0.0
11-05 07:58:00.117 17909 17909 E TAG : Converted value 0.30588236increament 0.0
11-05 07:58:00.121 17909 18518 I libPerfCtl: fbcNotifySbeRescue ret=-1
11-05 07:58:00.131 17909 17909 D Surface : lockCanvas
11-05 07:58:00.204 17909 17909 E TAG : 0011Converted value 0.28235295increament
0.0 value 72
11-05 07:58:00.204 17909 17909 E TAG : 11Converted value 0.28235295increament
0.0
11-05 07:58:00.205 17909 17909 E TAG : Converted value 0.28235295increament 0.0
11-05 07:58:00.211 17909 17909 D Surface : lockCanvas
11-05 07:58:00.219 17909 18518 I libPerfCtl: fbcNotifySbeRescue ret=-1
11-05 07:58:00.250 17909 18518 I libPerfCtl: fbcNotifySbeRescue ret=-1
11-05 07:58:00.251 17909 17909 E TAG : 0011Converted value 0.27058825increament
0.0 value 69
11-05 07:58:00.251 17909 17909 E TAG : 11Converted value 0.27058825increament
0.0
11-05 07:58:00.251 17909 17909 E TAG : Converted value 0.27058825increament 0.0
11-05 07:58:00.261 17909 17909 D Surface : lockCanvas
11-05 07:58:00.305 17909 17909 E TAG : 0011Converted value 0.2627451increament
0.0 value 67
11-05 07:58:00.305 17909 17909 E TAG : 11Converted value 0.2627451increament
0.0
11-05 07:58:00.305 17909 17909 E TAG : Converted value 0.2627451increament 0.0
11-05 07:58:00.307 17909 18518 I libPerfCtl: fbcNotifySbeRescue ret=-1
11-05 07:58:00.313 17909 17909 D Surface : lockCanvas
11-05 07:58:00.387 17909 17909 E TAG : 0011Converted value 0.25490198increament
0.0 value 65
11-05 07:58:00.387 17909 17909 E TAG : 11Converted value 0.25490198increament
0.0
11-05 07:58:00.387 17909 17909 E TAG : Converted value 0.25490198increament 0.0
11-05 07:58:00.395 17909 17909 D Surface : lockCanvas
11-05 07:58:00.401 17909 18518 I libPerfCtl: fbcNotifySbeRescue ret=-1
11-05 07:58:00.433 17909 17909 E TAG : 0011Converted value 0.2509804increament
0.0 value 64
11-05 07:58:00.433 17909 17909 E TAG : 11Converted value 0.2509804increament
0.0
11-05 07:58:00.433 17909 17909 E TAG : Converted value 0.2509804increament 0.0
11-05 07:58:00.437 17909 18518 I libPerfCtl: fbcNotifySbeRescue ret=-1
11-05 07:58:00.445 17909 17909 D Surface : lockCanvas
11-05 07:58:00.525 17909 17909 E TAG : 0011Converted value 0.24313726increament
0.0 value 62
11-05 07:58:00.525 17909 17909 E TAG : 11Converted value 0.24313726increament
0.0
11-05 07:58:00.525 17909 17909 E TAG : Converted value 0.24313726increament 0.0
11-05 07:58:00.529 17909 18518 I libPerfCtl: fbcNotifySbeRescue ret=-1
11-05 07:58:00.534 17909 17909 D Surface : lockCanvas
11-05 07:58:00.568 17909 17909 E TAG : 0011Converted value 0.23921569increament
0.0 value 61
11-05 07:58:00.568 17909 17909 E TAG : 11Converted value 0.23921569increament
0.0
11-05 07:58:00.568 17909 17909 E TAG : Converted value 0.23921569increament 0.0
11-05 07:58:00.575 17909 17909 D Surface : lockCanvas
11-05 07:58:00.582 17909 18518 I libPerfCtl: fbcNotifySbeRescue ret=-1
11-05 07:58:00.608 17909 17909 E TAG : 0011Converted value 0.23137255increament
0.0 value 59
11-05 07:58:00.608 17909 17909 E TAG : 11Converted value 0.23137255increament
0.0
11-05 07:58:00.608 17909 17909 E TAG : Converted value 0.23137255increament 0.0
11-05 07:58:00.617 17909 17909 D Surface : lockCanvas
11-05 07:58:00.623 17909 18518 I libPerfCtl: fbcNotifySbeRescue ret=-1
11-05 07:58:00.692 17909 17909 E TAG : 0011Converted value 0.22352941increament
0.0 value 57
11-05 07:58:00.692 17909 17909 E TAG : 11Converted value 0.22352941increament
0.0
11-05 07:58:00.692 17909 17909 E TAG : Converted value 0.22352941increament 0.0
11-05 07:58:00.699 17909 17909 D Surface : lockCanvas
11-05 07:58:00.705 17909 18518 I libPerfCtl: fbcNotifySbeRescue ret=-1
11-05 07:58:00.735 17909 17909 D Surface : lockCanvas
11-05 07:58:00.746 17909 18518 I libPerfCtl: fbcNotifySbeRescue ret=-1
11-05 07:58:00.770 17909 17909 E TAG : 0011Converted value 0.21960784increament
0.0 value 56
11-05 07:58:00.770 17909 17909 E TAG : 11Converted value 0.21960784increament
0.0
11-05 07:58:00.770 17909 17909 E TAG : Converted value 0.21960784increament 0.0
11-05 07:58:00.774 17909 18518 I libPerfCtl: fbcNotifySbeRescue ret=-1
11-05 07:58:00.777 17909 17909 D Surface : lockCanvas
11-05 07:58:00.814 17909 17909 D Surface : lockCanvas
11-05 07:58:00.824 17909 18518 I libPerfCtl: fbcNotifySbeRescue ret=-1
11-05 07:58:00.847 17909 17909 E TAG : 0011Converted value 0.21568628increament
0.0 value 55
11-05 07:58:00.847 17909 17909 E TAG : 11Converted value 0.21568628increament
0.0
11-05 07:58:00.847 17909 17909 E TAG : Converted value 0.21568628increament 0.0
11-05 07:58:00.854 17909 17909 D Surface : lockCanvas
11-05 07:58:00.861 17909 18518 I libPerfCtl: fbcNotifySbeRescue ret=-1
11-05 07:58:00.890 17909 17909 D Surface : lockCanvas
11-05 07:58:00.901 17909 18518 I libPerfCtl: fbcNotifySbeRescue ret=-1
11-05 07:58:00.928 17909 17909 D Surface : lockCanvas
11-05 07:58:00.937 17909 18518 I libPerfCtl: fbcNotifySbeRescue ret=-1
11-05 07:58:00.960 17909 17909 E TAG : 0011Converted value 0.21176471increament
0.0 value 54
11-05 07:58:00.961 17909 17909 E TAG : 11Converted value 0.21176471increament
0.0
11-05 07:58:00.961 17909 17909 E TAG : Converted value 0.21176471increament 0.0
11-05 07:58:00.967 17909 17909 D Surface : lockCanvas
11-05 07:58:00.976 17909 18518 I libPerfCtl: fbcNotifySbeRescue ret=-1
11-05 07:58:01.004 17909 17909 D Surface : lockCanvas
11-05 07:58:01.017 17909 18518 I libPerfCtl: fbcNotifySbeRescue ret=-1
11-05 07:58:01.038 17909 17909 E TAG : 0011Converted value 0.20784314increament
0.0 value 53
11-05 07:58:01.038 17909 17909 E TAG : 11Converted value 0.20784314increament
0.0
11-05 07:58:01.038 17909 17909 E TAG : Converted value 0.20784314increament 0.0
11-05 07:58:01.046 17909 17909 D Surface : lockCanvas
11-05 07:58:01.053 17909 18518 I libPerfCtl: fbcNotifySbeRescue ret=-1
11-05 07:58:01.083 17909 17909 D Surface : lockCanvas
11-05 07:58:01.093 17909 18518 I libPerfCtl: fbcNotifySbeRescue ret=-1
11-05 07:58:01.121 17909 17909 D Surface : lockCanvas
11-05 07:58:01.132 17909 18518 I libPerfCtl: fbcNotifySbeRescue ret=-1
11-05 07:58:01.157 17909 17909 D Surface : lockCanvas
11-05 07:58:01.169 17909 18518 I libPerfCtl: fbcNotifySbeRescue ret=-1
11-05 07:58:01.194 17909 17909 D Surface : lockCanvas
11-05 07:58:01.205 17909 18518 I libPerfCtl: fbcNotifySbeRescue ret=-1
11-05 07:58:01.227 17909 17909 E TAG : 0011Converted value 0.20392157increament
0.0 value 52
11-05 07:58:01.227 17909 17909 E TAG : 11Converted value 0.20392157increament
0.0
11-05 07:58:01.227 17909 17909 E TAG : Converted value 0.20392157increament 0.0
11-05 07:58:01.233 17909 17909 D Surface : lockCanvas
11-05 07:58:01.241 17909 18518 I libPerfCtl: fbcNotifySbeRescue ret=-1
11-05 07:58:01.269 17909 17909 D Surface : lockCanvas
11-05 07:58:01.281 17909 18518 I libPerfCtl: fbcNotifySbeRescue ret=-1
11-05 07:58:01.311 17909 17909 D Surface : lockCanvas
11-05 07:58:01.322 17909 18518 I libPerfCtl: fbcNotifySbeRescue ret=-1
11-05 07:58:01.348 17909 17909 D Surface : lockCanvas
11-05 07:58:01.359 17909 18518 I libPerfCtl: fbcNotifySbeRescue ret=-1
11-05 07:58:01.387 17909 17909 D Surface : lockCanvas
11-05 07:58:01.399 17909 18518 I libPerfCtl: fbcNotifySbeRescue ret=-1
11-05 07:58:01.424 17909 17909 D Surface : lockCanvas
11-05 07:58:01.435 17909 18518 I libPerfCtl: fbcNotifySbeRescue ret=-1
11-05 07:58:01.466 17909 17909 D Surface : lockCanvas
11-05 07:58:01.477 17909 18518 I libPerfCtl: fbcNotifySbeRescue ret=-1
11-05 07:58:01.503 17909 17909 D Surface : lockCanvas
11-05 07:58:01.514 17909 18518 I libPerfCtl: fbcNotifySbeRescue ret=-1
11-05 07:58:01.540 17909 17909 D Surface : lockCanvas
11-05 07:58:01.551 17909 18518 I libPerfCtl: fbcNotifySbeRescue ret=-1
11-05 07:58:01.581 17909 17909 D Surface : lockCanvas
11-05 07:58:01.590 17909 18518 I libPerfCtl: fbcNotifySbeRescue ret=-1
11-05 07:58:01.622 17909 18518 I libPerfCtl: fbcNotifySbeRescue ret=-1
11-05 07:58:01.628 17909 17909 D Surface : lockCanvas
11-05 07:58:01.709 17909 17909 D Surface : lockCanvas
11-05 07:58:01.721 17909 18518 I libPerfCtl: fbcNotifySbeRescue ret=-1
11-05 07:58:01.786 17909 17909 D Surface : lockCanvas
11-05 07:58:01.797 17909 18518 I libPerfCtl: fbcNotifySbeRescue ret=-1
11-05 07:58:01.825 17909 17909 E TAG : 0011Converted value 0.20784314increament
0.0 value 53
11-05 07:58:01.825 17909 17909 E TAG : 11Converted value 0.20784314increament
0.0
11-05 07:58:01.825 17909 17909 E TAG : Converted value 0.20784314increament 0.0
11-05 07:58:01.835 17909 17909 D Surface : lockCanvas
11-05 07:58:01.841 17909 18518 I libPerfCtl: fbcNotifySbeRescue ret=-1
11-05 07:58:01.910 17909 17909 D Surface : lockCanvas
11-05 07:58:01.921 17909 18518 I libPerfCtl: fbcNotifySbeRescue ret=-1
11-05 07:58:01.948 17909 18518 I libPerfCtl: fbcNotifySbeRescue ret=-1
11-05 07:58:01.949 17909 17909 D Surface : lockCanvas
11-05 07:58:02.025 17909 17909 D Surface : lockCanvas
11-05 07:58:02.037 17909 18518 I libPerfCtl: fbcNotifySbeRescue ret=-1
11-05 07:58:02.062 17909 17909 D Surface : lockCanvas
11-05 07:58:02.073 17909 18518 I libPerfCtl: fbcNotifySbeRescue ret=-1
11-05 07:58:02.098 17909 17909 D Surface : lockCanvas
11-05 07:58:02.110 17909 18518 I libPerfCtl: fbcNotifySbeRescue ret=-1
11-05 07:58:02.134 17909 17909 D Surface : lockCanvas
11-05 07:58:02.145 17909 18518 I libPerfCtl: fbcNotifySbeRescue ret=-1
11-05 07:58:02.170 17909 17909 D Surface : lockCanvas
11-05 07:58:02.182 17909 18518 I libPerfCtl: fbcNotifySbeRescue ret=-1
11-05 07:58:02.206 17909 17909 D Surface : lockCanvas
11-05 07:58:02.217 17909 18518 I libPerfCtl: fbcNotifySbeRescue ret=-1
11-05 07:58:02.243 17909 17909 D Surface : lockCanvas
11-05 07:58:02.254 17909 18518 I libPerfCtl: fbcNotifySbeRescue ret=-1
11-05 07:58:02.286 17909 17909 D Surface : lockCanvas
11-05 07:58:02.298 17909 18518 I libPerfCtl: fbcNotifySbeRescue ret=-1
11-05 07:58:02.327 17909 17909 D Surface : lockCanvas
11-05 07:58:02.338 17909 18518 I libPerfCtl: fbcNotifySbeRescue ret=-1
11-05 07:58:02.370 17909 17909 D Surface : lockCanvas
11-05 07:58:02.381 17909 18518 I libPerfCtl: fbcNotifySbeRescue ret=-1
11-05 07:58:02.414 17909 17909 D Surface : lockCanvas
11-05 07:58:02.425 17909 18518 I libPerfCtl: fbcNotifySbeRescue ret=-1
11-05 07:58:02.458 17909 17909 D Surface : lockCanvas
11-05 07:58:02.468 17909 18518 I libPerfCtl: fbcNotifySbeRescue ret=-1
11-05 07:58:02.502 17909 17909 D Surface : lockCanvas
11-05 07:58:02.513 17909 18518 I libPerfCtl: fbcNotifySbeRescue ret=-1
11-05 07:58:02.547 17909 17909 D Surface : lockCanvas
11-05 07:58:02.558 17909 18518 I libPerfCtl: fbcNotifySbeRescue ret=-1
11-05 07:58:02.592 17909 17909 D Surface : lockCanvas
11-05 07:58:02.603 17909 18518 I libPerfCtl: fbcNotifySbeRescue ret=-1
11-05 07:58:02.637 17909 17909 D Surface : lockCanvas
11-05 07:58:02.648 17909 18518 I libPerfCtl: fbcNotifySbeRescue ret=-1
11-05 07:58:02.678 17909 17909 D Surface : lockCanvas
11-05 07:58:02.688 17909 18518 I libPerfCtl: fbcNotifySbeRescue ret=-1
11-05 07:58:02.721 17909 17909 D Surface : lockCanvas
11-05 07:58:02.734 17909 18518 I libPerfCtl: fbcNotifySbeRescue ret=-1
11-05 07:58:02.760 17909 17909 D Surface : lockCanvas
11-05 07:58:02.777 17909 17909 D Surface : lockCanvas
11-05 07:58:02.794 17909 18518 I libPerfCtl: fbcNotifySbeRescue ret=-1
11-05 07:58:02.796 17909 17909 D Surface : lockCanvas
11-05 07:58:02.817 17909 18518 I libPerfCtl: fbcNotifySbeRescue ret=-1
11-05 07:58:02.817 17909 17909 D Surface : lockCanvas
11-05 07:58:02.837 17909 18518 I libPerfCtl: fbcNotifySbeRescue ret=-1
11-05 07:58:02.839 17909 17909 D Surface : lockCanvas
11-05 07:58:02.859 17909 18518 I libPerfCtl: fbcNotifySbeRescue ret=-1
11-05 07:58:02.864 17909 17909 D Surface : lockCanvas
11-05 07:58:02.883 17909 17909 D Surface : lockCanvas
11-05 07:58:02.892 17909 18518 I libPerfCtl: fbcNotifySbeRescue ret=-1
11-05 07:58:02.902 17909 18518 I libPerfCtl: fbcNotifySbeRescue ret=-1
11-05 07:58:02.904 17909 17909 D Surface : lockCanvas
11-05 07:58:02.928 17909 17909 D Surface : lockCanvas
11-05 07:58:02.938 17909 18518 I libPerfCtl: fbcNotifySbeRescue ret=-1
11-05 07:58:02.949 17909 18518 I libPerfCtl: fbcNotifySbeRescue ret=-1
11-05 07:58:02.952 17909 17909 D Surface : lockCanvas
11-05 07:58:02.974 17909 18518 I libPerfCtl: fbcNotifySbeRescue ret=-1
11-05 07:58:02.975 17909 17909 D Surface : lockCanvas
11-05 07:58:02.997 17909 18518 I libPerfCtl: fbcNotifySbeRescue ret=-1
11-05 07:58:02.998 17909 17909 D Surface : lockCanvas
11-05 07:58:03.019 17909 17909 D Surface : lockCanvas
11-05 07:58:03.030 17909 18518 I libPerfCtl: fbcNotifySbeRescue ret=-1
11-05 07:58:03.038 17909 17909 D Surface : lockCanvas
11-05 07:58:03.056 17909 17909 D Surface : lockCanvas
11-05 07:58:03.073 17909 17909 D Surface : lockCanvas
11-05 07:58:03.085 17909 18518 I libPerfCtl: fbcNotifySbeRescue ret=-1
11-05 07:58:03.091 17909 17909 D Surface : lockCanvas
11-05 07:58:03.103 17909 18518 I libPerfCtl: fbcNotifySbeRescue ret=-1
11-05 07:58:03.110 17909 17909 D Surface : lockCanvas
11-05 07:58:03.122 17909 18518 I libPerfCtl: fbcNotifySbeRescue ret=-1
11-05 07:58:03.128 17909 17909 D Surface : lockCanvas
11-05 07:58:03.145 17909 17909 D Surface : lockCanvas
11-05 07:58:03.157 17909 18518 I libPerfCtl: fbcNotifySbeRescue ret=-1
11-05 07:58:03.164 17909 17909 D Surface : lockCanvas
11-05 07:58:03.175 17909 18518 I libPerfCtl: fbcNotifySbeRescue ret=-1
11-05 07:58:03.182 17909 17909 D Surface : lockCanvas
11-05 07:58:03.198 17909 17909 D Surface : lockCanvas
11-05 07:58:03.209 17909 18518 I libPerfCtl: fbcNotifySbeRescue ret=-1
11-05 07:58:03.216 17909 17909 D Surface : lockCanvas
11-05 07:58:03.226 17909 18518 I libPerfCtl: fbcNotifySbeRescue ret=-1
11-05 07:58:03.235 17909 17909 D Surface : lockCanvas
11-05 07:58:03.246 17909 18518 I libPerfCtl: fbcNotifySbeRescue ret=-1
11-05 07:58:03.254 17909 17909 D Surface : lockCanvas
11-05 07:58:03.272 17909 17909 D Surface : lockCanvas
11-05 07:58:03.287 17909 17909 D Surface : lockCanvas
11-05 07:58:03.302 17909 17909 D Surface : lockCanvas
11-05 07:58:03.319 17909 17909 D Surface : lockCanvas
11-05 07:58:03.335 17909 17909 D Surface : lockCanvas
11-05 07:58:03.352 17909 17909 D Surface : lockCanvas
11-05 07:58:03.371 17909 17909 D Surface : lockCanvas
11-05 07:58:03.385 17909 18518 I libPerfCtl: fbcNotifySbeRescue ret=-1
11-05 07:58:03.401 17909 17909 E Settings: position color 1
11-05 07:58:03.407 17909 18518 I libPerfCtl: fbcNotifySbeRescue ret=-1
11-05 07:58:03.411 17909 17909 D Surface : lockCanvas
11-05 07:58:03.452 17909 17909 D Surface : lockCanvas
11-05 07:58:03.463 17909 18518 I libPerfCtl: fbcNotifySbeRescue ret=-1
11-05 07:58:03.476 17909 17909 D Surface : lockCanvas
11-05 07:58:03.487 17909 18518 I libPerfCtl: fbcNotifySbeRescue ret=-1
11-05 07:58:03.502 17909 17909 D Surface : lockCanvas
11-05 07:58:03.513 17909 18518 I libPerfCtl: fbcNotifySbeRescue ret=-1
11-05 07:58:03.529 17909 17909 D Surface : lockCanvas
11-05 07:58:03.540 17909 18518 I libPerfCtl: fbcNotifySbeRescue ret=-1
11-05 07:58:03.555 17909 17909 D Surface : lockCanvas
11-05 07:58:03.565 17909 18518 I libPerfCtl: fbcNotifySbeRescue ret=-1
11-05 07:58:03.580 17909 17909 D Surface : lockCanvas
11-05 07:58:03.591 17909 18518 I libPerfCtl: fbcNotifySbeRescue ret=-1
11-05 07:58:03.604 17909 17909 D Surface : lockCanvas
11-05 07:58:03.616 17909 18518 I libPerfCtl: fbcNotifySbeRescue ret=-1
11-05 07:58:03.627 17909 17909 D Surface : lockCanvas
11-05 07:58:03.639 17909 18518 I libPerfCtl: fbcNotifySbeRescue ret=-1
11-05 07:58:03.655 17909 17909 D Surface : lockCanvas
11-05 07:58:03.666 17909 18518 I libPerfCtl: fbcNotifySbeRescue ret=-1
11-05 07:58:03.682 17909 17909 D Surface : lockCanvas
11-05 07:58:03.693 17909 18518 I libPerfCtl: fbcNotifySbeRescue ret=-1
11-05 07:58:03.709 17909 17909 D Surface : lockCanvas
11-05 07:58:03.719 17909 18518 I libPerfCtl: fbcNotifySbeRescue ret=-1
11-05 07:58:03.737 17909 17909 D Surface : lockCanvas
11-05 07:58:03.748 17909 18518 I libPerfCtl: fbcNotifySbeRescue ret=-1
11-05 07:58:03.764 17909 17909 D Surface : lockCanvas
11-05 07:58:03.777 17909 18518 I libPerfCtl: fbcNotifySbeRescue ret=-1
11-05 07:58:03.790 17909 17909 D Surface : lockCanvas
11-05 07:58:03.801 17909 18518 I libPerfCtl: fbcNotifySbeRescue ret=-1
11-05 07:58:03.814 17909 17909 D Surface : lockCanvas
11-05 07:58:03.825 17909 18518 I libPerfCtl: fbcNotifySbeRescue ret=-1
11-05 07:58:03.840 17909 17909 D Surface : lockCanvas
11-05 07:58:03.850 17909 18518 I libPerfCtl: fbcNotifySbeRescue ret=-1
11-05 07:58:03.865 17909 17909 D Surface : lockCanvas
11-05 07:58:03.875 17909 18518 I libPerfCtl: fbcNotifySbeRescue ret=-1
11-05 07:58:03.894 17909 17909 D Surface : lockCanvas
11-05 07:58:03.905 17909 18518 I libPerfCtl: fbcNotifySbeRescue ret=-1
11-05 07:58:03.919 17909 17909 D Surface : lockCanvas
11-05 07:58:03.930 17909 18518 I libPerfCtl: fbcNotifySbeRescue ret=-1
11-05 07:58:03.948 17909 17909 D Surface : lockCanvas
11-05 07:58:03.959 17909 18518 I libPerfCtl: fbcNotifySbeRescue ret=-1
11-05 07:58:03.973 17909 17909 D Surface : lockCanvas
11-05 07:58:03.984 17909 18518 I libPerfCtl: fbcNotifySbeRescue ret=-1
11-05 07:58:04.002 17909 17909 D Surface : lockCanvas
11-05 07:58:04.012 17909 18518 I libPerfCtl: fbcNotifySbeRescue ret=-1
11-05 07:58:04.030 17909 17909 D Surface : lockCanvas
11-05 07:58:04.040 17909 18518 I libPerfCtl: fbcNotifySbeRescue ret=-1
11-05 07:58:04.059 17909 17909 D Surface : lockCanvas
11-05 07:58:04.070 17909 18518 I libPerfCtl: fbcNotifySbeRescue ret=-1
11-05 07:58:04.091 17909 17909 D Surface : lockCanvas
11-05 07:58:04.101 17909 18518 I libPerfCtl: fbcNotifySbeRescue ret=-1
11-05 07:58:04.119 17909 17909 D Surface : lockCanvas
11-05 07:58:04.131 17909 18518 I libPerfCtl: fbcNotifySbeRescue ret=-1
11-05 07:58:04.149 17909 17909 D Surface : lockCanvas
11-05 07:58:04.161 17909 18518 I libPerfCtl: fbcNotifySbeRescue ret=-1
11-05 07:58:04.175 17909 17909 D Surface : lockCanvas
11-05 07:58:04.187 17909 18518 I libPerfCtl: fbcNotifySbeRescue ret=-1
11-05 07:58:04.203 17909 17909 D Surface : lockCanvas
11-05 07:58:04.214 17909 18518 I libPerfCtl: fbcNotifySbeRescue ret=-1
11-05 07:58:04.233 17909 17909 D Surface : lockCanvas
11-05 07:58:04.245 17909 18518 I libPerfCtl: fbcNotifySbeRescue ret=-1
11-05 07:58:04.261 17909 17909 D Surface : lockCanvas
11-05 07:58:04.276 17909 17909 D Surface : lockCanvas
11-05 07:58:04.291 17909 17909 D Surface : lockCanvas
11-05 07:58:04.302 17909 18518 I libPerfCtl: fbcNotifySbeRescue ret=-1
11-05 07:58:04.312 17909 17909 D Surface : lockCanvas
11-05 07:58:04.329 17909 17909 D Surface : lockCanvas
11-05 07:58:04.344 17909 17909 D Surface : lockCanvas
11-05 07:58:04.355 17909 18518 I libPerfCtl: fbcNotifySbeRescue ret=-1
11-05 07:58:04.362 17909 17909 D Surface : lockCanvas
11-05 07:58:04.372 17909 18518 I libPerfCtl: fbcNotifySbeRescue ret=-1
11-05 07:58:04.378 17909 17909 D Surface : lockCanvas
11-05 07:58:04.389 17909 18518 I libPerfCtl: fbcNotifySbeRescue ret=-1
11-05 07:58:04.396 17909 17909 D Surface : lockCanvas
11-05 07:58:04.411 17909 17909 D Surface : lockCanvas
11-05 07:58:04.425 17909 17909 D Surface : lockCanvas
11-05 07:58:04.436 17909 18518 I libPerfCtl: fbcNotifySbeRescue ret=-1
11-05 07:58:04.441 17909 17909 D Surface : lockCanvas
11-05 07:58:04.458 17909 17909 D Surface : lockCanvas
11-05 07:58:04.475 17909 17909 D Surface : lockCanvas
11-05 07:58:04.492 17909 17909 D Surface : lockCanvas
11-05 07:58:04.508 17909 17909 D Surface : lockCanvas
11-05 07:58:04.520 17909 18518 I libPerfCtl: fbcNotifySbeRescue ret=-1
11-05 07:58:04.530 17909 17909 D Surface : lockCanvas
11-05 07:58:04.541 17909 18518 I libPerfCtl: fbcNotifySbeRescue ret=-1
11-05 07:58:04.563 17909 17909 E Settings: position color 0
11-05 07:58:04.569 17909 17909 D Surface : lockCanvas
11-05 07:58:04.579 17909 18518 I libPerfCtl: fbcNotifySbeRescue ret=-1
11-05 07:58:04.622 17909 17909 D Surface : lockCanvas
11-05 07:58:04.634 17909 18518 I libPerfCtl: fbcNotifySbeRescue ret=-1
11-05 07:58:04.648 17909 17909 D Surface : lockCanvas
11-05 07:58:04.659 17909 18518 I libPerfCtl: fbcNotifySbeRescue ret=-1
11-05 07:58:04.671 17909 17909 D Surface : lockCanvas
11-05 07:58:04.682 17909 18518 I libPerfCtl: fbcNotifySbeRescue ret=-1
11-05 07:58:04.698 17909 17909 D Surface : lockCanvas
11-05 07:58:04.709 17909 18518 I libPerfCtl: fbcNotifySbeRescue ret=-1
11-05 07:58:04.726 17909 17909 D Surface : lockCanvas
11-05 07:58:04.737 17909 18518 I libPerfCtl: fbcNotifySbeRescue ret=-1
11-05 07:58:04.754 17909 17909 D Surface : lockCanvas
11-05 07:58:04.766 17909 18518 I libPerfCtl: fbcNotifySbeRescue ret=-1
11-05 07:58:04.782 17909 17909 D Surface : lockCanvas
11-05 07:58:04.793 17909 18518 I libPerfCtl: fbcNotifySbeRescue ret=-1
11-05 07:58:04.810 17909 17909 D Surface : lockCanvas
11-05 07:58:04.821 17909 18518 I libPerfCtl: fbcNotifySbeRescue ret=-1
11-05 07:58:04.836 17909 17909 D Surface : lockCanvas
11-05 07:58:04.846 17909 18518 I libPerfCtl: fbcNotifySbeRescue ret=-1
11-05 07:58:04.864 17909 17909 D Surface : lockCanvas
11-05 07:58:04.875 17909 18518 I libPerfCtl: fbcNotifySbeRescue ret=-1
11-05 07:58:04.898 17909 18518 I libPerfCtl: fbcNotifySbeRescue ret=-1
11-05 07:58:04.898 17909 17909 D Surface : lockCanvas
11-05 07:58:04.927 17909 18518 I libPerfCtl: fbcNotifySbeRescue ret=-1
11-05 07:58:04.927 17909 17909 D Surface : lockCanvas
11-05 07:58:04.990 17909 17909 D Surface : lockCanvas
11-05 07:58:05.002 17909 18518 I libPerfCtl: fbcNotifySbeRescue ret=-1
11-05 07:58:05.013 17909 18518 I libPerfCtl: fbcNotifySbeRescue ret=-1
11-05 07:58:05.016 17909 17909 D Surface : lockCanvas
11-05 07:58:05.038 17909 17909 D Surface : lockCanvas
11-05 07:58:05.050 17909 18518 I libPerfCtl: fbcNotifySbeRescue ret=-1
11-05 07:58:05.059 17909 17909 D Surface : lockCanvas
11-05 07:58:05.070 17909 18518 I libPerfCtl: fbcNotifySbeRescue ret=-1
11-05 07:58:05.081 17909 17909 D Surface : lockCanvas
11-05 07:58:05.092 17909 18518 I libPerfCtl: fbcNotifySbeRescue ret=-1
11-05 07:58:05.103 17909 17909 D Surface : lockCanvas
11-05 07:58:05.114 17909 18518 I libPerfCtl: fbcNotifySbeRescue ret=-1
11-05 07:58:05.124 17909 17909 D Surface : lockCanvas
11-05 07:58:05.136 17909 18518 I libPerfCtl: fbcNotifySbeRescue ret=-1
11-05 07:58:05.146 17909 17909 D Surface : lockCanvas
11-05 07:58:05.157 17909 18518 I libPerfCtl: fbcNotifySbeRescue ret=-1
11-05 07:58:05.168 17909 17909 D Surface : lockCanvas
11-05 07:58:05.180 17909 18518 I libPerfCtl: fbcNotifySbeRescue ret=-1
11-05 07:58:05.190 17909 17909 D Surface : lockCanvas
11-05 07:58:05.201 17909 18518 I libPerfCtl: fbcNotifySbeRescue ret=-1
11-05 07:58:05.216 17909 17909 D Surface : lockCanvas
11-05 07:58:05.227 17909 18518 I libPerfCtl: fbcNotifySbeRescue ret=-1
11-05 07:58:05.244 17909 17909 D Surface : lockCanvas
11-05 07:58:05.256 17909 18518 I libPerfCtl: fbcNotifySbeRescue ret=-1
11-05 07:58:05.268 17909 17909 D Surface : lockCanvas
11-05 07:58:05.279 17909 18518 I libPerfCtl: fbcNotifySbeRescue ret=-1
11-05 07:58:05.295 17909 17909 D Surface : lockCanvas
11-05 07:58:05.305 17909 18518 I libPerfCtl: fbcNotifySbeRescue ret=-1
11-05 07:58:05.321 17909 17909 D Surface : lockCanvas
11-05 07:58:05.332 17909 18518 I libPerfCtl: fbcNotifySbeRescue ret=-1
11-05 07:58:05.349 17909 17909 D Surface : lockCanvas
11-05 07:58:05.360 17909 18518 I libPerfCtl: fbcNotifySbeRescue ret=-1
11-05 07:58:05.378 17909 17909 D Surface : lockCanvas
11-05 07:58:05.389 17909 18518 I libPerfCtl: fbcNotifySbeRescue ret=-1
11-05 07:58:05.407 17909 17909 D Surface : lockCanvas
11-05 07:58:05.424 17909 17909 D Surface : lockCanvas
11-05 07:58:05.440 17909 17909 D Surface : lockCanvas
11-05 07:58:05.449 17909 18518 I libPerfCtl: fbcNotifySbeRescue ret=-1
11-05 07:58:05.463 17909 17909 D Surface : lockCanvas
11-05 07:58:05.475 17909 17909 D Surface : lockCanvas
11-05 07:58:05.490 17909 17909 D Surface : lockCanvas
11-05 07:58:05.501 17909 18518 I libPerfCtl: fbcNotifySbeRescue ret=-1
11-05 07:58:05.507 17909 17909 D Surface : lockCanvas
11-05 07:58:05.523 17909 17909 D Surface : lockCanvas
11-05 07:58:05.534 17909 18518 I libPerfCtl: fbcNotifySbeRescue ret=-1
11-05 07:58:05.540 17909 17909 D Surface : lockCanvas
11-05 07:58:05.551 17909 18518 I libPerfCtl: fbcNotifySbeRescue ret=-1
11-05 07:58:05.557 17909 17909 D Surface : lockCanvas
11-05 07:58:05.568 17909 18518 I libPerfCtl: fbcNotifySbeRescue ret=-1
11-05 07:58:05.581 17909 17909 D Surface : lockCanvas
11-05 07:58:05.590 17909 18518 I libPerfCtl: fbcNotifySbeRescue ret=-1
11-05 07:58:05.601 17909 18518 I libPerfCtl: fbcNotifySbeRescue ret=-1
11-05 07:58:05.667 17909 17909 D IS_CTS_MODE: false
11-05 07:58:05.667 17909 17909 D MULTI_WINDOW_SWITCH_ENABLED: false
11-05 07:58:05.678 17909 17909 D DecorView[]: updateDecorCaptionStatus
displayWindowDecor is false
11-05 07:58:05.983 17909 17909 I BufferQueueConsumer: [](id:45f500000008,api:0,p:-
1,c:17909) connect: controlledByApp=false
11-05 07:58:05.983 17909 17909 I BLASTBufferQueue:
[ViewRootImpl[SettingsActivity]#7] constructor()
11-05 07:58:06.004 17909 17909 D Surface : lockCanvas
11-05 07:58:06.004 17909 17909 I BufferQueueProducer:
[ViewRootImpl[SettingsActivity]#7(BLAST Consumer)7]
(id:45f500000008,api:2,p:17909,c:17909) connect: api=2 producerControlledByApp=true
11-05 07:58:06.028 17909 17909 D Surface : lockCanvas
11-05 07:58:06.079 17909 17909 W Looper : PerfMonitor doFrame : time=385ms
vsyncFrame=0 latency=113ms procState=-1 historyMsgCount=3 (msgIndex=3 wall=99ms
seq=1510 late=19ms h=android.view.ViewRootImpl$ViewRootHandler
c=android.view.View$PerformClick)
11-05 07:58:06.085 17909 17909 D Surface : lockCanvas
11-05 07:58:06.094 17909 17909 W Looper : PerfMonitor doFrame : time=11ms
vsyncFrame=0 latency=386ms procState=-1 historyMsgCount=8 (msgIndex=1 wall=385ms
seq=1511 late=113ms h=android.view.Choreographer$FrameHandler
c=android.view.Choreographer$FrameDisplayEventReceiver)
11-05 07:58:06.095 17909 17909 D DecorView[]: onWindowFocusChanged hasWindowFocus
false
11-05 07:58:06.096 17909 17909 D DecorView[]: onWindowFocusChanged hasWindowFocus
true
11-05 07:58:06.104 17909 17909 D Surface : lockCanvas
11-05 07:58:06.115 17909 18518 I libPerfCtl: fbcNotifySbeRescue ret=-1
11-05 07:58:06.148 17909 17909 D Surface : lockCanvas
11-05 07:58:06.158 17909 18518 I libPerfCtl: fbcNotifySbeRescue ret=-1
11-05 07:58:06.190 17909 17909 D Surface : lockCanvas
11-05 07:58:06.200 17909 18518 I libPerfCtl: fbcNotifySbeRescue ret=-1
11-05 07:58:06.229 17909 17909 D Surface : lockCanvas
11-05 07:58:06.241 17909 18518 I libPerfCtl: fbcNotifySbeRescue ret=-1
11-05 07:58:06.265 17909 17909 D Surface : lockCanvas
11-05 07:58:06.284 17909 17909 D Surface : lockCanvas
11-05 07:58:06.300 17909 17909 D Surface : lockCanvas
11-05 07:58:06.320 17909 17909 D Surface : lockCanvas
11-05 07:58:06.330 17909 18518 I libPerfCtl: fbcNotifySbeRescue ret=-1
11-05 07:58:06.338 17909 17909 D Surface : lockCanvas
11-05 07:58:06.347 17909 18518 I libPerfCtl: fbcNotifySbeRescue ret=-1
11-05 07:58:06.356 17909 17909 D Surface : lockCanvas
11-05 07:58:06.365 17909 18518 I libPerfCtl: fbcNotifySbeRescue ret=-1
11-05 07:58:06.374 17909 17909 D Surface : lockCanvas
11-05 07:58:06.384 17909 18518 I libPerfCtl: fbcNotifySbeRescue ret=-1
11-05 07:58:06.392 17909 17909 D Surface : lockCanvas
11-05 07:58:06.402 17909 18518 I libPerfCtl: fbcNotifySbeRescue ret=-1
11-05 07:58:06.410 17909 17909 D Surface : lockCanvas
11-05 07:58:06.419 17909 18518 I libPerfCtl: fbcNotifySbeRescue ret=-1
11-05 07:58:06.428 17909 17909 D Surface : lockCanvas
11-05 07:58:06.437 17909 18518 I libPerfCtl: fbcNotifySbeRescue ret=-1
11-05 07:58:06.446 17909 17909 D Surface : lockCanvas
11-05 07:58:06.455 17909 18518 I libPerfCtl: fbcNotifySbeRescue ret=-1
11-05 07:58:06.464 17909 17909 D Surface : lockCanvas
11-05 07:58:06.473 17909 18518 I libPerfCtl: fbcNotifySbeRescue ret=-1
11-05 07:58:06.482 17909 17909 D Surface : lockCanvas
11-05 07:58:06.492 17909 18518 I libPerfCtl: fbcNotifySbeRescue ret=-1
11-05 07:58:06.499 17909 17909 D Surface : lockCanvas
11-05 07:58:06.518 17909 17909 D Surface : lockCanvas
11-05 07:58:06.536 17909 17909 D Surface : lockCanvas
11-05 07:58:06.554 17909 17909 D Surface : lockCanvas
11-05 07:58:06.563 17909 18518 I libPerfCtl: fbcNotifySbeRescue ret=-1
11-05 07:58:06.573 17909 17909 D Surface : lockCanvas
11-05 07:58:06.582 17909 18518 I libPerfCtl: fbcNotifySbeRescue ret=-1
11-05 07:58:06.592 17909 17909 D Surface : lockCanvas
11-05 07:58:06.601 17909 18518 I libPerfCtl: fbcNotifySbeRescue ret=-1
11-05 07:58:06.611 17909 17909 D Surface : lockCanvas
11-05 07:58:06.621 17909 18518 I libPerfCtl: fbcNotifySbeRescue ret=-1
11-05 07:58:06.628 17909 17909 D Surface : lockCanvas
11-05 07:58:06.638 17909 18518 I libPerfCtl: fbcNotifySbeRescue ret=-1
11-05 07:58:06.644 17909 17909 D Surface : lockCanvas
11-05 07:58:06.660 17909 17909 D Surface : lockCanvas
11-05 07:58:06.671 17909 18518 I libPerfCtl: fbcNotifySbeRescue ret=-1
11-05 07:58:06.677 17909 17909 D Surface : lockCanvas
11-05 07:58:06.693 17909 17909 D Surface : lockCanvas
11-05 07:58:06.709 17909 17909 D Surface : lockCanvas
11-05 07:58:06.727 17909 17909 D Surface : lockCanvas
11-05 07:58:06.744 17909 17909 D Surface : lockCanvas
11-05 07:58:06.760 17909 17909 D Surface : lockCanvas
11-05 07:58:06.776 17909 17909 D Surface : lockCanvas
11-05 07:58:06.792 17909 17909 D Surface : lockCanvas
11-05 07:58:06.809 17909 17909 D Surface : lockCanvas
11-05 07:58:06.820 17909 18518 I libPerfCtl: fbcNotifySbeRescue ret=-1
11-05 07:58:06.826 17909 17909 D Surface : lockCanvas
11-05 07:58:06.842 17909 17909 D Surface : lockCanvas
11-05 07:58:06.858 17909 17909 D Surface : lockCanvas
11-05 07:58:06.870 17909 18518 I libPerfCtl: fbcNotifySbeRescue ret=-1
11-05 07:58:06.878 17909 17909 D Surface : lockCanvas
11-05 07:58:06.894 17909 17909 D Surface : lockCanvas
11-05 07:58:06.910 17909 17909 D Surface : lockCanvas
11-05 07:58:06.921 17909 18518 I libPerfCtl: fbcNotifySbeRescue ret=-1
11-05 07:58:06.926 17909 17909 D Surface : lockCanvas
11-05 07:58:06.943 17909 17909 D Surface : lockCanvas
11-05 07:58:06.954 17909 18518 I libPerfCtl: fbcNotifySbeRescue ret=-1
11-05 07:58:06.959 17909 17909 D Surface : lockCanvas
11-05 07:58:06.971 17909 18518 I libPerfCtl: fbcNotifySbeRescue ret=-1
11-05 07:58:06.977 17909 17909 D Surface : lockCanvas
11-05 07:58:06.996 17909 17909 D Surface : lockCanvas
11-05 07:58:07.013 17909 17909 D Surface : lockCanvas
11-05 07:58:07.023 17909 18518 I libPerfCtl: fbcNotifySbeRescue ret=-1
11-05 07:58:07.033 17909 17909 D Surface : lockCanvas
11-05 07:58:07.051 17909 17909 D Surface : lockCanvas
11-05 07:58:07.063 17909 18518 I libPerfCtl: fbcNotifySbeRescue ret=-1
11-05 07:58:07.069 17909 17909 D Surface : lockCanvas
11-05 07:58:07.087 17909 17909 D Surface : lockCanvas
11-05 07:58:07.097 17909 18518 I libPerfCtl: fbcNotifySbeRescue ret=-1
11-05 07:58:07.102 17909 17909 D Surface : lockCanvas
11-05 07:58:07.115 17909 17909 D Surface : lockCanvas
11-05 07:58:07.131 17909 17909 D Surface : lockCanvas
11-05 07:58:07.147 17909 17909 D Surface : lockCanvas
11-05 07:58:07.165 17909 17909 D Surface : lockCanvas
11-05 07:58:07.181 17909 17909 D Surface : lockCanvas
11-05 07:58:07.199 17909 17909 D View : [Warning] assignParent to null: this =
DecorView@80b3bee[SettingsActivity]
11-05 07:58:07.199 17909 17909 I BufferQueueProducer:
[ViewRootImpl[SettingsActivity]#7(BLAST Consumer)7]
(id:45f500000008,api:2,p:17909,c:17909) disconnect: api 2
11-05 07:58:07.199 17909 17909 I BLASTBufferQueue:
[ViewRootImpl[SettingsActivity]#7] destructor()
11-05 07:58:07.200 17909 17909 I BufferQueueConsumer:
[ViewRootImpl[SettingsActivity]#7(BLAST Consumer)7](id:45f500000008,api:0,p:-
1,c:17909) disconnect
11-05 07:58:07.234 17909 17909 D Surface : lockCanvas
11-05 07:58:07.234 17909 18518 I libPerfCtl: fbcNotifySbeRescue ret=-1
11-05 07:58:07.280 17909 17909 D Surface : lockCanvas
11-05 07:58:07.290 17909 18518 I libPerfCtl: fbcNotifySbeRescue ret=-1
11-05 07:58:07.320 17909 17909 D DecorView[]: onWindowFocusChanged hasWindowFocus
true
11-05 07:58:07.326 17909 18518 I libPerfCtl: fbcNotifySbeRescue ret=-1
11-05 07:58:07.335 17909 17909 D Surface : lockCanvas
11-05 07:58:07.379 17909 18518 I libPerfCtl: fbcNotifySbeRescue ret=-1
11-05 07:58:07.381 17909 17909 D Surface : lockCanvas
11-05 07:58:07.401 17909 18408 I BLASTBufferQueue: releaseBufferCallbackThunk
bufferId:76918569304093 framenumber:1 blastBufferQueue is dead
11-05 07:58:07.425 17909 17909 D Surface : lockCanvas
11-05 07:58:07.436 17909 18518 I libPerfCtl: fbcNotifySbeRescue ret=-1
11-05 07:58:07.465 17909 17909 D Surface : lockCanvas
11-05 07:58:07.474 17909 18518 I libPerfCtl: fbcNotifySbeRescue ret=-1
11-05 07:58:07.542 17909 17909 D Surface : lockCanvas
11-05 07:58:07.566 17909 17909 D Surface : lockCanvas
11-05 07:58:07.581 17909 17909 D Surface : lockCanvas
11-05 07:58:07.598 17909 17909 D Surface : lockCanvas
11-05 07:58:07.612 17909 18518 I libPerfCtl: fbcNotifySbeRescue ret=-1
11-05 07:58:07.657 17909 17909 D Surface : lockCanvas
11-05 07:58:07.672 17909 17909 D Surface : lockCanvas
11-05 07:58:07.683 17909 18518 I libPerfCtl: fbcNotifySbeRescue ret=-1
11-05 07:58:07.689 17909 17909 D Surface : lockCanvas
11-05 07:58:07.701 17909 18518 I libPerfCtl: fbcNotifySbeRescue ret=-1
11-05 07:58:07.760 17909 17909 D Surface : lockCanvas
11-05 07:58:07.778 17909 17909 D Surface : lockCanvas
11-05 07:58:07.793 17909 17909 D Surface : lockCanvas
11-05 07:58:07.806 17909 17909 D Surface : lockCanvas
11-05 07:58:07.823 17909 17909 D Surface : lockCanvas
11-05 07:58:07.834 17909 18518 I libPerfCtl: fbcNotifySbeRescue ret=-1
11-05 07:58:07.840 17909 17909 D Surface : lockCanvas
11-05 07:58:07.851 17909 18518 I libPerfCtl: fbcNotifySbeRescue ret=-1
11-05 07:58:07.858 17909 17909 D Surface : lockCanvas
11-05 07:58:07.869 17909 18518 I libPerfCtl: fbcNotifySbeRescue ret=-1
11-05 07:58:07.875 17909 17909 D Surface : lockCanvas
11-05 07:58:07.891 17909 17909 D Surface : lockCanvas
11-05 07:58:07.909 17909 17909 D Surface : lockCanvas
11-05 07:58:07.925 17909 17909 D Surface : lockCanvas
11-05 07:58:07.941 17909 17909 D Surface : lockCanvas
11-05 07:58:07.957 17909 17909 D Surface : lockCanvas
11-05 07:58:07.973 17909 17909 D Surface : lockCanvas
11-05 07:58:07.986 17909 18518 I libPerfCtl: fbcNotifySbeRescue ret=-1
11-05 07:58:07.991 17909 17909 D Surface : lockCanvas
11-05 07:58:08.007 17909 17909 D Surface : lockCanvas
11-05 07:58:08.024 17909 17909 D Surface : lockCanvas
11-05 07:58:08.041 17909 17909 D Surface : lockCanvas
11-05 07:58:08.057 17909 17909 D Surface : lockCanvas
11-05 07:58:08.074 17909 17909 D Surface : lockCanvas
11-05 07:58:08.086 17909 18518 I libPerfCtl: fbcNotifySbeRescue ret=-1
11-05 07:58:08.092 17909 17909 D Surface : lockCanvas
11-05 07:58:08.103 17909 18518 I libPerfCtl: fbcNotifySbeRescue ret=-1
11-05 07:58:08.109 17909 17909 D Surface : lockCanvas
11-05 07:58:08.120 17909 18518 I libPerfCtl: fbcNotifySbeRescue ret=-1
11-05 07:58:08.126 17909 17909 D Surface : lockCanvas
11-05 07:58:08.143 17909 17909 D Surface : lockCanvas
11-05 07:58:08.155 17909 18518 I libPerfCtl: fbcNotifySbeRescue ret=-1
11-05 07:58:08.161 17909 17909 D Surface : lockCanvas
11-05 07:58:08.175 17909 17909 D Surface : lockCanvas
11-05 07:58:08.191 17909 17909 D Surface : lockCanvas
11-05 07:58:08.202 17909 18518 I libPerfCtl: fbcNotifySbeRescue ret=-1
11-05 07:58:08.208 17909 17909 D Surface : lockCanvas
11-05 07:58:08.219 17909 18518 I libPerfCtl: fbcNotifySbeRescue ret=-1
11-05 07:58:08.224 17909 17909 D Surface : lockCanvas
11-05 07:58:08.240 17909 17909 D Surface : lockCanvas
11-05 07:58:08.257 17909 17909 D Surface : lockCanvas
11-05 07:58:08.273 17909 17909 D Surface : lockCanvas
11-05 07:58:08.291 17909 17909 D Surface : lockCanvas
11-05 07:58:08.308 17909 17909 D Surface : lockCanvas
11-05 07:58:08.319 17909 18518 I libPerfCtl: fbcNotifySbeRescue ret=-1
11-05 07:58:08.325 17909 17909 D Surface : lockCanvas
11-05 07:58:08.336 17909 18518 I libPerfCtl: fbcNotifySbeRescue ret=-1
11-05 07:58:08.342 17909 17909 D Surface : lockCanvas
11-05 07:58:08.357 17909 17909 D Surface : lockCanvas
11-05 07:58:08.374 17909 17909 D Surface : lockCanvas
11-05 07:58:08.391 17909 17909 D Surface : lockCanvas
11-05 07:58:08.406 17909 17909 D Surface : lockCanvas
11-05 07:58:08.418 17909 18518 I libPerfCtl: fbcNotifySbeRescue ret=-1
11-05 07:58:08.426 17909 17909 D Surface : lockCanvas
11-05 07:58:08.443 17909 17909 D Surface : lockCanvas
11-05 07:58:08.457 17909 17909 D Surface : lockCanvas
11-05 07:58:08.474 17909 17909 D Surface : lockCanvas
11-05 07:58:08.489 17909 17909 D Surface : lockCanvas
11-05 07:58:08.501 17909 18518 I libPerfCtl: fbcNotifySbeRescue ret=-1
