11-05 07:59:30.245 17909 17909 D Surface : lockCanvas
11-05 07:59:30.259 17909 17909 D moveheight: x=311
11-05 07:59:30.260 17909 17909 D Surface : lockCanvas
11-05 07:59:30.276 17909 17909 D moveheight: x=311
11-05 07:59:30.277 17909 17909 D Surface : lockCanvas
11-05 07:59:30.293 17909 17909 D moveheight: x=309
11-05 07:59:30.293 17909 17909 D Surface : lockCanvas
11-05 07:59:30.309 17909 17909 D moveheight: x=310
11-05 07:59:30.310 17909 17909 D Surface : lockCanvas
11-05 07:59:30.326 17909 17909 D moveheight: x=309
11-05 07:59:30.326 17909 17909 D Surface : lockCanvas
11-05 07:59:30.342 17909 17909 D moveheight: x=308
11-05 07:59:30.343 17909 17909 D Surface : lockCanvas
11-05 07:59:30.359 17909 17909 D moveheight: x=308
11-05 07:59:30.360 17909 17909 D Surface : lockCanvas
11-05 07:59:30.376 17909 17909 D moveheight: x=307
11-05 07:59:30.377 17909 17909 D Surface : lockCanvas
11-05 07:59:30.392 17909 17909 D moveheight: x=307
11-05 07:59:30.393 17909 17909 D Surface : lockCanvas
11-05 07:59:30.409 17909 17909 D moveheight: x=306
11-05 07:59:30.410 17909 17909 D Surface : lockCanvas
11-05 07:59:30.426 17909 17909 D moveheight: x=305
11-05 07:59:30.426 17909 17909 D Surface : lockCanvas
11-05 07:59:30.444 17909 17909 D moveheight: x=305
11-05 07:59:30.445 17909 17909 D Surface : lockCanvas
11-05 07:59:30.459 17909 17909 D moveheight: x=304
11-05 07:59:30.460 17909 17909 D Surface : lockCanvas
11-05 07:59:30.476 17909 17909 D moveheight: x=304
11-05 07:59:30.477 17909 17909 D Surface : lockCanvas
11-05 07:59:30.492 17909 17909 D moveheight: x=303
11-05 07:59:30.493 17909 17909 D Surface : lockCanvas
11-05 07:59:30.509 17909 17909 D moveheight: x=303
11-05 07:59:30.510 17909 17909 D Surface : lockCanvas
11-05 07:59:30.525 17909 17909 D moveheight: x=301
11-05 07:59:30.526 17909 17909 D Surface : lockCanvas
11-05 07:59:30.542 17909 17909 D moveheight: x=302
11-05 07:59:30.543 17909 17909 D Surface : lockCanvas
11-05 07:59:30.559 17909 17909 D moveheight: x=300
11-05 07:59:30.560 17909 17909 D Surface : lockCanvas
11-05 07:59:30.592 17909 17909 D moveheight: x=300
11-05 07:59:30.593 17909 17909 D Surface : lockCanvas
11-05 07:59:30.600 17909 17909 D moveheight: x=300
11-05 07:59:30.602 17909 17909 D checklines: 30
11-05 07:59:30.602 17909 17909 D checklines: max= 246
11-05 07:59:30.602 17909 17909 D checklines: lines = 8 onewordheight =30
textheight = 240 totalheight505 scrollview geight = 745
11-05 07:59:30.612 17909 17909 D Surface : lockCanvas
11-05 07:59:30.953 17909 17909 D moveheight: x=350
11-05 07:59:30.959 17909 17909 D Surface : lockCanvas
11-05 07:59:30.992 17909 17909 D moveheight: x=350
11-05 07:59:30.993 17909 17909 D Surface : lockCanvas
11-05 07:59:31.009 17909 17909 D moveheight: x=351
11-05 07:59:31.010 17909 17909 D Surface : lockCanvas
11-05 07:59:31.025 17909 17909 D moveheight: x=351
11-05 07:59:31.026 17909 17909 D Surface : lockCanvas
11-05 07:59:31.042 17909 17909 D moveheight: x=349
11-05 07:59:31.042 17909 17909 D Surface : lockCanvas
11-05 07:59:31.059 17909 17909 D moveheight: x=346
11-05 07:59:31.059 17909 17909 D Surface : lockCanvas
11-05 07:59:31.075 17909 17909 D moveheight: x=343
11-05 07:59:31.076 17909 17909 D Surface : lockCanvas
11-05 07:59:31.092 17909 17909 D moveheight: x=341
11-05 07:59:31.092 17909 17909 D Surface : lockCanvas
11-05 07:59:31.108 17909 17909 D moveheight: x=339
11-05 07:59:31.109 17909 17909 D Surface : lockCanvas
11-05 07:59:31.125 17909 17909 D moveheight: x=337
11-05 07:59:31.125 17909 17909 D Surface : lockCanvas
11-05 07:59:31.141 17909 17909 D moveheight: x=336
11-05 07:59:31.142 17909 17909 D Surface : lockCanvas
11-05 07:59:31.158 17909 17909 D moveheight: x=335
11-05 07:59:31.159 17909 17909 D Surface : lockCanvas
11-05 07:59:31.175 17909 17909 D moveheight: x=333
11-05 07:59:31.175 17909 17909 D Surface : lockCanvas
11-05 07:59:31.191 17909 17909 D moveheight: x=332
11-05 07:59:31.192 17909 17909 D Surface : lockCanvas
11-05 07:59:31.208 17909 17909 D moveheight: x=331
11-05 07:59:31.209 17909 17909 D Surface : lockCanvas
11-05 07:59:31.225 17909 17909 D moveheight: x=329
11-05 07:59:31.225 17909 17909 D Surface : lockCanvas
11-05 07:59:31.241 17909 17909 D moveheight: x=327
11-05 07:59:31.242 17909 17909 D Surface : lockCanvas
11-05 07:59:31.258 17909 17909 D moveheight: x=325
11-05 07:59:31.258 17909 17909 D Surface : lockCanvas
11-05 07:59:31.274 17909 17909 D moveheight: x=324
11-05 07:59:31.275 17909 17909 D Surface : lockCanvas
11-05 07:59:31.291 17909 17909 D moveheight: x=323
11-05 07:59:31.292 17909 17909 D Surface : lockCanvas
11-05 07:59:31.308 17909 17909 D moveheight: x=322
11-05 07:59:31.308 17909 17909 D Surface : lockCanvas
11-05 07:59:31.324 17909 17909 D moveheight: x=320
11-05 07:59:31.325 17909 17909 D Surface : lockCanvas
11-05 07:59:31.341 17909 17909 D moveheight: x=319
11-05 07:59:31.342 17909 17909 D Surface : lockCanvas
11-05 07:59:31.358 17909 17909 D moveheight: x=318
11-05 07:59:31.359 17909 17909 D Surface : lockCanvas
11-05 07:59:31.374 17909 17909 D moveheight: x=317
11-05 07:59:31.375 17909 17909 D Surface : lockCanvas
11-05 07:59:31.391 17909 17909 D moveheight: x=317
11-05 07:59:31.392 17909 17909 D Surface : lockCanvas
11-05 07:59:31.408 17909 17909 D moveheight: x=315
11-05 07:59:31.408 17909 17909 D Surface : lockCanvas
11-05 07:59:31.424 17909 17909 D moveheight: x=314
11-05 07:59:31.425 17909 17909 D Surface : lockCanvas
11-05 07:59:31.441 17909 17909 D moveheight: x=315
11-05 07:59:31.442 17909 17909 D Surface : lockCanvas
11-05 07:59:31.458 17909 17909 D moveheight: x=315
11-05 07:59:31.458 17909 17909 D Surface : lockCanvas
11-05 07:59:31.474 17909 17909 D moveheight: x=313
11-05 07:59:31.475 17909 17909 D Surface : lockCanvas
11-05 07:59:31.491 17909 17909 D moveheight: x=314
11-05 07:59:31.492 17909 17909 D Surface : lockCanvas
11-05 07:59:31.558 17909 17909 D moveheight: x=313
11-05 07:59:31.558 17909 17909 D Surface : lockCanvas
11-05 07:59:31.674 17909 17909 D moveheight: x=312
11-05 07:59:31.675 17909 17909 D Surface : lockCanvas
11-05 07:59:31.757 17909 17909 D moveheight: x=311
11-05 07:59:31.758 17909 17909 D Surface : lockCanvas
11-05 07:59:31.841 17909 17909 D moveheight: x=310
11-05 07:59:31.841 17909 17909 D Surface : lockCanvas
11-05 07:59:32.248 17909 17909 D moveheight: x=310
11-05 07:59:32.258 17909 17909 D Surface : lockCanvas
11-05 07:59:33.719 17909 17909 D MIUIInput: [KeyEvent] ViewRootImpl windowName
'com.corepix.videorecording/com.smartvlogger.Activity.CameraActivity', KeyEvent
{ action=ACTION_DOWN, keyCode=KEYCODE_BACK, scanCode=0, metaState=0, flags=0x48,
repeatCount=0, eventTime=729116753, downTime=729116753, deviceId=-1, source=0x101,
displayId=0 }, phoneEventTime=07:59:33.714
11-05 07:59:33.820 17909 17909 D MIUIInput: [KeyEvent] ViewRootImpl windowName
'com.corepix.videorecording/com.smartvlogger.Activity.CameraActivity', KeyEvent
{ action=ACTION_UP, keyCode=KEYCODE_BACK, scanCode=0, metaState=0, flags=0x48,
repeatCount=0, eventTime=729116854, downTime=729116753, deviceId=-1, source=0x101,
displayId=0 }, phoneEventTime=07:59:33.815
11-05 07:59:33.822 17909 17909 D IS_CTS_MODE: false
11-05 07:59:33.822 17909 17909 D MULTI_WINDOW_SWITCH_ENABLED: false
11-05 07:59:33.866 17909 17909 I BufferQueueConsumer: [](id:45f500000014,api:0,p:-
1,c:17909) connect: controlledByApp=false
11-05 07:59:33.867 17909 17909 I BLASTBufferQueue:
[ViewRootImpl[CameraActivity]#17] constructor()
11-05 07:59:33.871 17909 18518 I libPerfCtl: fbcNotifySbeRescue ret=-1
11-05 07:59:33.872 17909 17909 D Surface : lockCanvas
11-05 07:59:33.872 17909 17909 I BufferQueueProducer:
[ViewRootImpl[CameraActivity]#17(BLAST Consumer)17]
(id:45f500000014,api:2,p:17909,c:17909) connect: api=2 producerControlledByApp=true
11-05 07:59:33.882 17909 17909 D Surface : lockCanvas
11-05 07:59:33.891 17909 17909 D Surface : lockCanvas
11-05 07:59:33.898 17909 17909 D DecorView[]: onWindowFocusChanged hasWindowFocus
false
11-05 07:59:33.899 17909 17909 D DecorView[]: onWindowFocusChanged hasWindowFocus
true
11-05 07:59:33.905 17909 17909 D Surface : lockCanvas
11-05 07:59:33.923 17909 17909 D Surface : lockCanvas
11-05 07:59:33.938 17909 17909 D Surface : lockCanvas
11-05 07:59:33.955 17909 17909 D Surface : lockCanvas
11-05 07:59:33.972 17909 17909 D Surface : lockCanvas
11-05 07:59:33.987 17909 18518 I libPerfCtl: fbcNotifySbeRescue ret=-1
11-05 07:59:33.989 17909 17909 D Surface : lockCanvas
11-05 07:59:34.004 17909 18518 I libPerfCtl: fbcNotifySbeRescue ret=-1
11-05 07:59:34.006 17909 17909 D Surface : lockCanvas
11-05 07:59:35.472 17909 17909 D Surface : lockCanvas
11-05 07:59:35.488 17909 17909 D Surface : lockCanvas
11-05 07:59:35.504 17909 17909 D Surface : lockCanvas
11-05 07:59:35.521 17909 17909 D Surface : lockCanvas
11-05 07:59:35.538 17909 17909 D Surface : lockCanvas
11-05 07:59:35.554 17909 17909 D Surface : lockCanvas
11-05 07:59:35.570 17909 17909 D Surface : lockCanvas
11-05 07:59:35.587 17909 17909 D Surface : lockCanvas
11-05 07:59:35.604 17909 17909 D Surface : lockCanvas
11-05 07:59:35.621 17909 17909 D Surface : lockCanvas
11-05 07:59:35.638 17909 17909 D Surface : lockCanvas
11-05 07:59:35.655 17909 17909 D Surface : lockCanvas
11-05 07:59:35.671 17909 17909 D Surface : lockCanvas
11-05 07:59:35.688 17909 17909 D Surface : lockCanvas
11-05 07:59:35.704 17909 17909 D Surface : lockCanvas
11-05 07:59:35.721 17909 17909 D Surface : lockCanvas
11-05 07:59:36.071 17909 17909 D Surface : lockCanvas
11-05 07:59:36.086 17909 18518 I libPerfCtl: fbcNotifySbeRescue ret=-1
11-05 07:59:36.106 17909 17909 D Surface : lockCanvas
11-05 07:59:36.120 17909 18518 I libPerfCtl: fbcNotifySbeRescue ret=-1
11-05 07:59:36.127 17909 17909 D View : [Warning] assignParent to null: this =
DecorView@a068118[CameraActivity]
11-05 07:59:36.127 17909 17909 I BufferQueueProducer:
[ViewRootImpl[CameraActivity]#17(BLAST Consumer)17]
(id:45f500000014,api:2,p:17909,c:17909) disconnect: api 2
11-05 07:59:36.134 17909 18518 I libPerfCtl: fbcNotifySbeRescue ret=-1
11-05 07:59:36.150 17909 18393 I BLASTBufferQueue:
[ViewRootImpl[CameraActivity]#17] destructor()
11-05 07:59:36.150 17909 18393 I BufferQueueConsumer:
[ViewRootImpl[CameraActivity]#17(BLAST Consumer)17](id:45f500000014,api:0,p:-
1,c:17909) disconnect
11-05 07:59:36.176 17909 18518 I libPerfCtl: fbcNotifySbeRescue ret=-1
11-05 07:59:36.181 17909 19060 I BufferQueueProducer:
[SurfaceView[com.corepix.videorecording/com.smartvlogger.Activity.CameraActivity]#1
4(BLAST Consumer)14](id:45f500000010,api:1,p:17909,c:17909) disconnect: api 1
11-05 07:59:36.183 17909 17909 D record1233: On Pause
11-05 07:59:36.184 17909 17909 D yyyyy : laste pause is : 1085791978
11-05 07:59:36.206 17909 17909 D Surface : lockCanvas
11-05 07:59:36.216 17909 17909 D DecorView[]: updateDecorCaptionStatus
displayWindowDecor is false
11-05 07:59:36.265 17909 19057 D Camera : app passed NULL surface
11-05 07:59:36.265 17909 19057 I BufferQueueProducer: [SurfaceTexture-1-17909-2]
(id:45f500000011,api:4,p:946,c:17909) disconnect: api 4
11-05 07:59:36.286 17909 17909 D DecorView[]: onWindowFocusChanged hasWindowFocus
false
11-05 07:59:36.301 17909 17909 I BufferQueueConsumer: [](id:45f500000015,api:0,p:-
1,c:17909) connect: controlledByApp=false
11-05 07:59:36.302 17909 17909 I BLASTBufferQueue:
[ViewRootImpl[ScriptDetailsActivity]#18] constructor()
11-05 07:59:36.303 17909 18518 I libPerfCtl: fbcNotifySbeRescue ret=-1
11-05 07:59:36.304 17909 17909 D Surface : lockCanvas
11-05 07:59:36.304 17909 17909 I BufferQueueProducer:
[ViewRootImpl[ScriptDetailsActivity]#18(BLAST Consumer)18]
(id:45f500000015,api:2,p:17909,c:17909) connect: api=2 producerControlledByApp=true
11-05 07:59:36.311 17909 17928 I BLASTBufferQueue: releaseBufferCallbackThunk
bufferId:76918569304144 framenumber:28 blastBufferQueue is dead
11-05 07:59:36.357 17909 17909 I BufferQueueConsumer: [](id:45f500000016,api:0,p:-
1,c:17909) connect: controlledByApp=false
11-05 07:59:36.358 17909 17909 I BLASTBufferQueue:
[ViewRootImpl[ScriptDetailsActivity]#19] constructor()
11-05 07:59:36.362 17909 17909 D Surface : lockCanvas
11-05 07:59:36.362 17909 17909 I BufferQueueProducer:
[ViewRootImpl[ScriptDetailsActivity]#19(BLAST Consumer)19]
(id:45f500000016,api:2,p:17909,c:17909) connect: api=2 producerControlledByApp=true
11-05 07:59:36.371 17909 17909 D Surface : lockCanvas
11-05 07:59:36.385 17909 17909 D Surface : lockCanvas
11-05 07:59:36.391 17909 17909 D DecorView[]: onWindowFocusChanged hasWindowFocus
true
11-05 07:59:36.402 17909 17909 D Surface : lockCanvas
11-05 07:59:36.419 17909 17909 D Surface : lockCanvas
11-05 07:59:36.435 17909 17909 D Surface : lockCanvas
11-05 07:59:36.452 17909 17909 D Surface : lockCanvas
11-05 07:59:36.469 17909 17909 D Surface : lockCanvas
11-05 07:59:36.485 17909 17909 D Surface : lockCanvas
11-05 07:59:36.510 17909 17909 D View : [Warning] assignParent to null: this =
DecorView@6ab4012[ScriptDetailsActivity]
11-05 07:59:36.510 17909 17909 I BufferQueueProducer:
[ViewRootImpl[ScriptDetailsActivity]#19(BLAST Consumer)19]
(id:45f500000016,api:2,p:17909,c:17909) disconnect: api 2
11-05 07:59:36.513 17909 17921 I BLASTBufferQueue:
[ViewRootImpl[ScriptDetailsActivity]#19] destructor()
11-05 07:59:36.513 17909 17921 I BufferQueueConsumer:
[ViewRootImpl[ScriptDetailsActivity]#19(BLAST Consumer)19]
(id:45f500000016,api:0,p:-1,c:17909) disconnect
11-05 07:59:36.540 17909 17909 D DecorView[]: onWindowFocusChanged hasWindowFocus
true
11-05 07:59:36.691 17909 17921 I BLASTBufferQueue: releaseBufferCallbackThunk
bufferId:76918569304147 framenumber:9 blastBufferQueue is dead
11-05 07:59:36.853 17909 17909 I BufferQueueProducer:
[SurfaceView[com.corepix.videorecording/com.smartvlogger.Activity.CameraActivity]#1
4(BLAST Consumer)14](id:45f500000010,api:0,p:-1,c:17909) disconnect: api -1
11-05 07:59:36.853 17909 17909 I BLASTBufferQueue:
[SurfaceView[com.corepix.videorecording/com.smartvlogger.Activity.CameraActivity]#1
4] destructor()
11-05 07:59:36.853 17909 17909 I BufferQueueConsumer:
[SurfaceView[com.corepix.videorecording/com.smartvlogger.Activity.CameraActivity]#1
4(BLAST Consumer)14](id:45f500000010,api:0,p:-1,c:17909) disconnect
11-05 07:59:36.853 17909 19060 I BufferQueueConsumer: [SurfaceTexture-1-17909-2]
(id:45f500000011,api:0,p:-1,c:17909) disconnect
11-05 07:59:36.858 17909 17921 I BLASTBufferQueue: releaseBufferCallbackThunk
bufferId:76918569304119 framenumber:368 blastBufferQueue is dead
11-05 07:59:36.859 17909 17909 I BufferQueueProducer:
[ViewRootImpl[CameraActivity]#13(BLAST Consumer)13]
(id:45f50000000f,api:2,p:17909,c:17909) disconnect: api 2
11-05 07:59:36.860 17909 17909 I BLASTBufferQueue:
[ViewRootImpl[CameraActivity]#13] destructor()
11-05 07:59:36.860 17909 17909 I BufferQueueConsumer:
[ViewRootImpl[CameraActivity]#13(BLAST Consumer)13](id:45f50000000f,api:0,p:-
1,c:17909) disconnect
11-05 07:59:36.867 17909 17909 D View : [Warning] assignParent to null: this =
DecorView@4365ab6[CameraActivity]
11-05 07:59:36.867 17909 19060 D libMEOW : meow delete tls: 0xb4000078d766e000
11-05 07:59:36.888 17909 17921 I BLASTBufferQueue: releaseBufferCallbackThunk
bufferId:76918569304130 framenumber:126 blastBufferQueue is dead
11-05 07:59:40.341 17909 17909 E Adapter : Size of list 1
11-05 07:59:40.364 17909 17909 I BufferQueueConsumer: [](id:45f500000017,api:0,p:-
1,c:17909) connect: controlledByApp=false
11-05 07:59:40.364 17909 17909 I BLASTBufferQueue:
[ViewRootImpl[ScriptsActivity]#20] constructor()
11-05 07:59:40.393 17909 17909 D Surface : lockCanvas
11-05 07:59:40.393 17909 17909 I BufferQueueProducer:
[ViewRootImpl[ScriptsActivity]#20(BLAST Consumer)20]
(id:45f500000017,api:2,p:17909,c:17909) connect: api=2 producerControlledByApp=true
11-05 07:59:40.398 17909 17909 D DecorView[]: onWindowFocusChanged hasWindowFocus
false
11-05 07:59:40.399 17909 17909 D Surface : lockCanvas
11-05 07:59:40.414 17909 17909 D Surface : lockCanvas
11-05 07:59:40.422 17909 17909 D DecorView[]: onWindowFocusChanged hasWindowFocus
true
11-05 07:59:40.430 17909 17909 D Surface : lockCanvas
11-05 07:59:40.447 17909 17909 D Surface : lockCanvas
11-05 07:59:40.464 17909 17909 D Surface : lockCanvas
11-05 07:59:40.481 17909 17909 D Surface : lockCanvas
11-05 07:59:40.497 17909 17909 D Surface : lockCanvas
11-05 07:59:40.514 17909 17909 D Surface : lockCanvas
11-05 07:59:40.530 17909 17909 D Surface : lockCanvas
11-05 07:59:40.935 17909 17909 I BufferQueueProducer:
[ViewRootImpl[ScriptDetailsActivity]#18(BLAST Consumer)18]
(id:45f500000015,api:2,p:17909,c:17909) disconnect: api 2
11-05 07:59:40.936 17909 17909 I BLASTBufferQueue:
[ViewRootImpl[ScriptDetailsActivity]#18] destructor()
11-05 07:59:40.936 17909 17909 I BufferQueueConsumer:
[ViewRootImpl[ScriptDetailsActivity]#18(BLAST Consumer)18]
(id:45f500000015,api:0,p:-1,c:17909) disconnect
11-05 07:59:40.940 17909 17909 D View : [Warning] assignParent to null: this =
DecorView@794454a[ScriptDetailsActivity]
11-05 07:59:40.951 17909 17921 I BLASTBufferQueue: releaseBufferCallbackThunk
bufferId:76918569304145 framenumber:1 blastBufferQueue is dead
11-05 07:59:42.281 17909 17909 D IS_CTS_MODE: false
11-05 07:59:42.281 17909 17909 D MULTI_WINDOW_SWITCH_ENABLED: false
11-05 07:59:42.286 17909 17909 D DecorView[]: updateDecorCaptionStatus
displayWindowDecor is false
11-05 07:59:42.313 17909 17909 I BufferQueueConsumer: [](id:45f500000018,api:0,p:-
1,c:17909) connect: controlledByApp=false
11-05 07:59:42.314 17909 17909 I BLASTBufferQueue:
[ViewRootImpl[ScriptsActivity]#21] constructor()
11-05 07:59:42.322 17909 17909 D Surface : lockCanvas
11-05 07:59:42.322 17909 17909 I BufferQueueProducer:
[ViewRootImpl[ScriptsActivity]#21(BLAST Consumer)21]
(id:45f500000018,api:2,p:17909,c:17909) connect: api=2 producerControlledByApp=true
11-05 07:59:42.338 17909 17909 D DecorView[]: onWindowFocusChanged hasWindowFocus
false
11-05 07:59:42.345 17909 17909 D Surface : lockCanvas
11-05 07:59:42.362 17909 17909 D Surface : lockCanvas
11-05 07:59:42.368 17909 17909 D DecorView[]: onWindowFocusChanged hasWindowFocus
true
11-05 07:59:42.378 17909 17909 D Surface : lockCanvas
11-05 07:59:42.395 17909 17909 D Surface : lockCanvas
11-05 07:59:42.412 17909 17909 D Surface : lockCanvas
11-05 07:59:42.428 17909 17909 D Surface : lockCanvas
11-05 07:59:42.446 17909 17909 D Surface : lockCanvas
11-05 07:59:45.658 17909 17909 D View : [Warning] assignParent to null: this =
DecorView@99e6687[ScriptsActivity]
11-05 07:59:45.658 17909 17909 I BufferQueueProducer:
[ViewRootImpl[ScriptsActivity]#21(BLAST Consumer)21]
(id:45f500000018,api:2,p:17909,c:17909) disconnect: api 2
11-05 07:59:45.659 17909 17909 I BLASTBufferQueue:
[ViewRootImpl[ScriptsActivity]#21] destructor()
11-05 07:59:45.659 17909 17909 I BufferQueueConsumer:
[ViewRootImpl[ScriptsActivity]#21(BLAST Consumer)21](id:45f500000018,api:0,p:-
1,c:17909) disconnect
11-05 07:59:45.692 17909 17909 D MiuiMultiWindowAdapter:
MiuiMultiWindowAdapter::getFreeformVideoWhiteListInSystem::LIST_ABOUT_SUPPORT_LANDS
CAPE_VIDEO = [com.hunantv.imgo.activity, com.tencent.qqlive, com.qiyi.video,
com.hunantv.imgo.activity.inter, com.tencent.qqlivei18n, com.iqiyi.i18n,
tv.danmaku.bili]
11-05 07:59:45.716 17909 17909 D IS_CTS_MODE: false
11-05 07:59:45.716 17909 17909 D MULTI_WINDOW_SWITCH_ENABLED: false
11-05 07:59:45.718 17909 17909 D DecorView[]: getWindowModeFromSystem windowmode
is 1
11-05 07:59:45.774 17909 17909 I BufferQueueConsumer: [](id:45f500000019,api:0,p:-
1,c:17909) connect: controlledByApp=false
11-05 07:59:45.774 17909 17909 I BLASTBufferQueue:
[ViewRootImpl[CreateScriptActivity]#22] constructor()
11-05 07:59:45.779 17909 17909 D Surface : lockCanvas
11-05 07:59:45.779 17909 17909 I BufferQueueProducer:
[ViewRootImpl[CreateScriptActivity]#22(BLAST Consumer)22]
(id:45f500000019,api:2,p:17909,c:17909) connect: api=2 producerControlledByApp=true
11-05 07:59:45.790 17909 17909 D DecorView[]: onWindowFocusChanged hasWindowFocus
false
11-05 07:59:45.817 17909 17909 D DecorView[]: onWindowFocusChanged hasWindowFocus
true
11-05 07:59:45.825 17909 17909 D Surface : lockCanvas
11-05 07:59:45.847 17909 18393 I BLASTBufferQueue: releaseBufferCallbackThunk
bufferId:76918569304154 framenumber:1 blastBufferQueue is dead
11-05 07:59:46.331 17909 17909 I BufferQueueProducer:
[ViewRootImpl[ScriptsActivity]#20(BLAST Consumer)20]
(id:45f500000017,api:2,p:17909,c:17909) disconnect: api 2
11-05 07:59:46.332 17909 17909 I BLASTBufferQueue:
[ViewRootImpl[ScriptsActivity]#20] destructor()
11-05 07:59:46.332 17909 17909 I BufferQueueConsumer:
[ViewRootImpl[ScriptsActivity]#20(BLAST Consumer)20](id:45f500000017,api:0,p:-
1,c:17909) disconnect
11-05 07:59:46.377 17909 17921 I BLASTBufferQueue: releaseBufferCallbackThunk
bufferId:76918569304153 framenumber:17 blastBufferQueue is dead
11-05 07:59:46.866 17909 17909 D CompatibilityChangeReporter: Compat change id
reported: 163400105; UID 10405; state: ENABLED
11-05 07:59:46.869 17909 17909 D InputMethodManager: showSoftInput()
view=androidx.appcompat.widget.AppCompatEditText{9203c7d VFED..CL. .F.P..ID 20,20-
636,1148 #7f0a02a2 app:id/scriptData aid=1073741825} flags=0 reason=SHOW_SOFT_INPUT
11-05 07:59:46.872 17909 17909 D Surface : lockCanvas
11-05 07:59:46.881 17909 17909 I AssistStructure: Flattened final assist data: 2556
bytes, containing 1 windows, 16 views
11-05 07:59:47.310 17909 17909 D InsetsController: show(ime(), fromIme=true)
11-05 07:59:47.355 17909 17909 D Surface : lockCanvas
11-05 07:59:47.590 17909 17909 D Surface : lockCanvas
11-05 07:59:47.605 17909 17909 D Surface : lockCanvas
11-05 07:59:47.855 17909 17909 D Surface : lockCanvas
11-05 07:59:48.355 17909 17909 D Surface : lockCanvas
11-05 07:59:48.855 17909 17909 D Surface : lockCanvas
11-05 07:59:49.355 17909 17909 D Surface : lockCanvas
11-05 07:59:49.852 17909 17909 D Surface : lockCanvas
11-05 07:59:49.923 17909 17909 D DecorView[]: onWindowFocusChanged hasWindowFocus
false
11-05 07:59:49.936 17909 17909 D Surface : lockCanvas
11-05 07:59:50.272 17909 17909 D Surface : lockCanvas
11-05 07:59:50.289 17909 17909 D Surface : lockCanvas
11-05 07:59:50.304 17909 17909 D Surface : lockCanvas
11-05 07:59:50.320 17909 17909 D Surface : lockCanvas
11-05 07:59:50.778 17909 17909 I BufferQueueProducer:
[ViewRootImpl[CreateScriptActivity]#22(BLAST Consumer)22]
(id:45f500000019,api:2,p:17909,c:17909) disconnect: api 2
11-05 07:59:50.780 17909 17909 I BLASTBufferQueue:
[ViewRootImpl[CreateScriptActivity]#22] destructor()
11-05 07:59:50.780 17909 17909 I BufferQueueConsumer:
[ViewRootImpl[CreateScriptActivity]#22(BLAST Consumer)22](id:45f500000019,api:0,p:-
1,c:17909) disconnect
11-05 07:59:50.837 17909 19686 I BLASTBufferQueue: releaseBufferCallbackThunk
bufferId:76918569304157 framenumber:16 blastBufferQueue is dead
11-05 07:59:50.909 17909 17917 W .videorecordin: Cleared Reference was only
reachable from finalizer (only reported once)
11-05 07:59:51.947 17909 19988 I FA : Application backgrounded at:
timestamp_millis: 1730764789947
11-05 08:00:10.766 17909 17928 D AppScoutStateMachine: 17909-
ScoutStateMachinecreated
11-05 08:00:10.852 17909 17909 I BufferQueueConsumer: [](id:45f50000001a,api:0,p:-
1,c:17909) connect: controlledByApp=false
11-05 08:00:10.852 17909 17909 I BLASTBufferQueue:
[ViewRootImpl[CreateScriptActivity]#23] constructor()
11-05 08:00:10.862 17909 17909 D Surface : lockCanvas
11-05 08:00:10.862 17909 17909 I BufferQueueProducer:
[ViewRootImpl[CreateScriptActivity]#23(BLAST Consumer)23]
(id:45f50000001a,api:2,p:17909,c:17909) connect: api=2 producerControlledByApp=true
11-05 08:00:10.883 17909 17909 D Surface : lockCanvas
11-05 08:00:10.899 17909 17909 D DecorView[]: onWindowFocusChanged hasWindowFocus
true
11-05 08:00:10.911 17909 17909 D Surface : lockCanvas
11-05 08:00:11.000 17909 17909 D InsetsController: show(ime(), fromIme=true)
11-05 08:00:11.227 17909 17909 D Surface : lockCanvas
11-05 08:00:11.243 17909 17909 D Surface : lockCanvas
11-05 08:00:11.410 17909 17909 D Surface : lockCanvas
11-05 08:00:11.909 17909 17909 D Surface : lockCanvas
11-05 08:00:12.409 17909 17909 D Surface : lockCanvas
11-05 08:00:12.908 17909 17909 D Surface : lockCanvas
11-05 08:00:13.424 17909 17909 D Surface : lockCanvas
11-05 08:00:13.527 17909 17909 D check : 0
11-05 08:00:13.552 17909 17909 D Surface : lockCanvas
11-05 08:00:13.612 17909 17909 E Adapter : Size of list 1
11-05 08:00:13.643 17909 17909 I BufferQueueConsumer: [](id:45f50000001b,api:0,p:-
1,c:17909) connect: controlledByApp=false
11-05 08:00:13.644 17909 17909 I BLASTBufferQueue:
[ViewRootImpl[ScriptsActivity]#24] constructor()
11-05 08:00:13.680 17909 17909 D Surface : lockCanvas
11-05 08:00:13.680 17909 17909 I BufferQueueProducer:
[ViewRootImpl[ScriptsActivity]#24(BLAST Consumer)24]
(id:45f50000001b,api:2,p:17909,c:17909) connect: api=2 producerControlledByApp=true
11-05 08:00:13.689 17909 17909 D Surface : lockCanvas
11-05 08:00:13.700 17909 17909 D DecorView[]: onWindowFocusChanged hasWindowFocus
false
11-05 08:00:13.706 17909 17909 D Surface : lockCanvas
11-05 08:00:13.709 17909 17909 D Surface : lockCanvas
11-05 08:00:13.719 17909 17909 D DecorView[]: onWindowFocusChanged hasWindowFocus
true
11-05 08:00:13.726 17909 17909 D Surface : lockCanvas
11-05 08:00:13.730 17909 17909 D InsetsController: show(ime(), fromIme=true)
11-05 08:00:13.739 17909 17909 D Surface : lockCanvas
11-05 08:00:13.746 17909 17909 W IInputConnectionWrapper: requestCursorAnchorInfo
on inactive InputConnection
11-05 08:00:13.756 17909 17909 D Surface : lockCanvas
11-05 08:00:13.763 17909 17909 D Surface : lockCanvas
11-05 08:00:13.772 17909 17909 D Surface : lockCanvas
11-05 08:00:13.776 17909 17909 D Surface : lockCanvas
11-05 08:00:13.790 17909 17909 D Surface : lockCanvas
11-05 08:00:13.794 17909 17909 D Surface : lockCanvas
11-05 08:00:13.805 17909 17909 D Surface : lockCanvas
11-05 08:00:13.809 17909 17909 D Surface : lockCanvas
11-05 08:00:13.822 17909 17909 D Surface : lockCanvas
11-05 08:00:14.225 17909 17909 I BufferQueueProducer:
[ViewRootImpl[CreateScriptActivity]#23(BLAST Consumer)23]
(id:45f50000001a,api:2,p:17909,c:17909) disconnect: api 2
11-05 08:00:14.227 17909 17909 I BLASTBufferQueue:
[ViewRootImpl[CreateScriptActivity]#23] destructor()
11-05 08:00:14.227 17909 17909 I BufferQueueConsumer:
[ViewRootImpl[CreateScriptActivity]#23(BLAST Consumer)23](id:45f50000001a,api:0,p:-
1,c:17909) disconnect
11-05 08:00:14.239 17909 17909 D View : [Warning] assignParent to null: this =
DecorView@9d0e71[CreateScriptActivity]
11-05 08:00:14.243 17909 18408 I BLASTBufferQueue: releaseBufferCallbackThunk
bufferId:76918569304160 framenumber:16 blastBufferQueue is dead
11-05 08:00:15.057 17909 17909 D Surface : lockCanvas
11-05 08:00:15.168 17909 17909 D Surface : lockCanvas
11-05 08:00:15.224 17909 17909 D Surface : lockCanvas
11-05 08:00:15.273 17909 17909 D MiuiMultiWindowAdapter:
MiuiMultiWindowAdapter::getFreeformVideoWhiteListInSystem::LIST_ABOUT_SUPPORT_LANDS
CAPE_VIDEO = [com.hunantv.imgo.activity, com.tencent.qqlive, com.qiyi.video,
com.hunantv.imgo.activity.inter, com.tencent.qqlivei18n, com.iqiyi.i18n,
tv.danmaku.bili]
11-05 08:00:15.284 17909 17909 D IS_CTS_MODE: false
11-05 08:00:15.284 17909 17909 D MULTI_WINDOW_SWITCH_ENABLED: false
11-05 08:00:15.285 17909 17909 D DecorView[]: getWindowModeFromSystem windowmode
is 1
11-05 08:00:15.313 17909 17909 D checkwidth: 720
11-05 08:00:15.320 17909 17909 D IS_CTS_MODE: false
11-05 08:00:15.320 17909 17909 D MULTI_WINDOW_SWITCH_ENABLED: false
11-05 08:00:15.392 17909 17909 I BufferQueueConsumer: [](id:45f50000001c,api:0,p:-
1,c:17909) connect: controlledByApp=false
11-05 08:00:15.392 17909 17909 I BLASTBufferQueue:
[ViewRootImpl[ScriptDetailsActivity]#25] constructor()
11-05 08:00:15.394 17909 17909 D Surface : lockCanvas
11-05 08:00:15.394 17909 17909 I BufferQueueProducer:
[ViewRootImpl[ScriptDetailsActivity]#25(BLAST Consumer)25]
(id:45f50000001c,api:2,p:17909,c:17909) connect: api=2 producerControlledByApp=true
11-05 08:00:15.470 17909 17909 I BufferQueueConsumer: [](id:45f50000001d,api:0,p:-
1,c:17909) connect: controlledByApp=false
11-05 08:00:15.471 17909 17909 I BLASTBufferQueue:
[ViewRootImpl[ScriptDetailsActivity]#26] constructor()
11-05 08:00:15.473 17909 17909 W RecyclerView: No adapter attached; skipping layout
11-05 08:00:15.474 17909 17909 D Surface : lockCanvas
11-05 08:00:15.474 17909 17909 I BufferQueueProducer:
[ViewRootImpl[ScriptDetailsActivity]#26(BLAST Consumer)26]
(id:45f50000001d,api:2,p:17909,c:17909) connect: api=2 producerControlledByApp=true
11-05 08:00:15.484 17909 17909 D Surface : lockCanvas
11-05 08:00:15.531 17909 17909 D DecorView[]: onWindowFocusChanged hasWindowFocus
false
11-05 08:00:15.533 17909 17909 D Surface : lockCanvas
11-05 08:00:15.536 17909 17909 D Surface : lockCanvas
11-05 08:00:15.583 17909 17909 D DecorView[]: onWindowFocusChanged hasWindowFocus
true
11-05 08:00:15.584 17909 17909 D Surface : lockCanvas
11-05 08:00:15.586 17909 17909 D Surface : lockCanvas
11-05 08:00:15.636 17909 17909 D View : [Warning] assignParent to null: this =
DecorView@aaafb75[ScriptDetailsActivity]
11-05 08:00:15.636 17909 17909 I BufferQueueProducer:
[ViewRootImpl[ScriptDetailsActivity]#25(BLAST Consumer)25]
(id:45f50000001c,api:2,p:17909,c:17909) disconnect: api 2
11-05 08:00:15.636 17909 17909 I BLASTBufferQueue:
[ViewRootImpl[ScriptDetailsActivity]#25] destructor()
11-05 08:00:15.636 17909 17909 I BufferQueueConsumer:
[ViewRootImpl[ScriptDetailsActivity]#25(BLAST Consumer)25]
(id:45f50000001c,api:0,p:-1,c:17909) disconnect
11-05 08:00:15.654 17909 17909 D Surface : lockCanvas
11-05 08:00:15.664 17909 17909 D Surface : lockCanvas
11-05 08:00:15.714 17909 17909 D Surface : lockCanvas
11-05 08:00:15.760 17909 17909 D DecorView[]: onWindowFocusChanged hasWindowFocus
true
11-05 08:00:15.762 17909 17909 D Surface : lockCanvas
11-05 08:00:15.809 17909 18408 I BLASTBufferQueue: releaseBufferCallbackThunk
bufferId:76918569304166 framenumber:3 blastBufferQueue is dead
11-05 08:00:15.812 17909 17909 D Surface : lockCanvas
11-05 08:00:15.860 17909 17909 D Surface : lockCanvas
11-05 08:00:15.909 17909 17909 D Surface : lockCanvas
11-05 08:00:15.957 17909 17909 D Surface : lockCanvas
11-05 08:00:16.024 17909 17909 I BufferQueueProducer:
[ViewRootImpl[ScriptsActivity]#24(BLAST Consumer)24]
(id:45f50000001b,api:2,p:17909,c:17909) disconnect: api 2
11-05 08:00:16.025 17909 17909 I BLASTBufferQueue:
[ViewRootImpl[ScriptsActivity]#24] destructor()
11-05 08:00:16.025 17909 17909 I BufferQueueConsumer:
[ViewRootImpl[ScriptsActivity]#24(BLAST Consumer)24](id:45f50000001b,api:0,p:-
1,c:17909) disconnect
11-05 08:00:16.077 17909 18408 I BLASTBufferQueue: releaseBufferCallbackThunk
bufferId:76918569304164 framenumber:23 blastBufferQueue is dead
11-05 08:00:17.586 17909 17909 D Surface : lockCanvas
11-05 08:00:17.684 17909 17909 D skia : SkJpegCodec::onGetPixels +
11-05 08:00:17.696 17909 17909 D skia : SkJpegCodec::onGetPixels -
11-05 08:00:17.721 17909 17909 D IS_CTS_MODE: false
11-05 08:00:17.721 17909 17909 D MULTI_WINDOW_SWITCH_ENABLED: false
11-05 08:00:17.745 17909 17909 D Surface : lockCanvas
11-05 08:00:17.764 17909 17909 I BufferQueueConsumer: [](id:45f50000001e,api:0,p:-
1,c:17909) connect: controlledByApp=false
11-05 08:00:17.764 17909 17909 I BLASTBufferQueue:
[ViewRootImpl[ScriptDetailsActivity]#27] constructor()
11-05 08:00:17.769 17909 17909 D Surface : lockCanvas
11-05 08:00:17.769 17909 17909 I BufferQueueProducer:
[ViewRootImpl[ScriptDetailsActivity]#27(BLAST Consumer)27]
(id:45f50000001e,api:2,p:17909,c:17909) connect: api=2 producerControlledByApp=true
11-05 08:00:17.791 17909 17909 D DecorView[]: onWindowFocusChanged hasWindowFocus
false
11-05 08:00:17.806 17909 17909 D DecorView[]: onWindowFocusChanged hasWindowFocus
true
11-05 08:00:19.475 17909 17909 D View : [Warning] assignParent to null: this =
DecorView@cf8b36[ScriptDetailsActivity]
11-05 08:00:19.475 17909 17909 I BufferQueueProducer:
[ViewRootImpl[ScriptDetailsActivity]#27(BLAST Consumer)27]
(id:45f50000001e,api:2,p:17909,c:17909) disconnect: api 2
11-05 08:00:19.476 17909 17909 I BLASTBufferQueue:
[ViewRootImpl[ScriptDetailsActivity]#27] destructor()
11-05 08:00:19.476 17909 17909 I BufferQueueConsumer:
[ViewRootImpl[ScriptDetailsActivity]#27(BLAST Consumer)27]
(id:45f50000001e,api:0,p:-1,c:17909) disconnect
11-05 08:00:20.373 17909 17909 W BpBinder: PerfMonitor binderTransact : time=872ms
interface=android.app.IActivityTaskManager code=1
11-05 08:00:20.374 17909 17909 I Choreographer: Skipped 53 frames! The application
may be doing too much work on its main thread.
11-05 08:00:20.374 17909 17909 W Looper : PerfMonitor doFrame : time=0ms
vsyncFrame=0 latency=893ms procState=-1 historyMsgCount=2 (msgIndex=1 wall=898ms
seq=8079 h=android.view.ViewRootImpl$ViewRootHandler
c=android.view.View$PerformClick)
11-05 08:00:20.385 17909 18408 I BLASTBufferQueue: releaseBufferCallbackThunk
bufferId:76918569304170 framenumber:1 blastBufferQueue is dead
11-05 08:00:20.385 17909 17909 D DecorView[]: onWindowFocusChanged hasWindowFocus
true
11-05 08:00:20.403 17909 17909 D DecorView[]: onWindowFocusChanged hasWindowFocus
false
11-05 08:00:20.982 17909 17909 I BufferQueueProducer:
[ViewRootImpl[ScriptDetailsActivity]#26(BLAST Consumer)26]
(id:45f50000001d,api:2,p:17909,c:17909) disconnect: api 2
11-05 08:00:20.983 17909 17909 I BLASTBufferQueue:
[ViewRootImpl[ScriptDetailsActivity]#26] destructor()
11-05 08:00:20.983 17909 17909 I BufferQueueConsumer:
[ViewRootImpl[ScriptDetailsActivity]#26(BLAST Consumer)26]
(id:45f50000001d,api:0,p:-1,c:17909) disconnect
11-05 08:00:22.388 17909 19988 I FA : Application backgrounded at:
timestamp_millis: 1730764820387
11-05 08:00:22.781 17909 17928 I BLASTBufferQueue: releaseBufferCallbackThunk
bufferId:76918569304169 framenumber:4 blastBufferQueue is dead
11-05 08:00:22.991 17909 17919 W System : A resource failed to call close.
11-05 08:00:36.208 17909 19686 D AppScoutStateMachine: 17909-
ScoutStateMachinecreated
11-05 08:00:36.448 17909 17909 D test : 360 753
11-05 08:00:36.448 17909 17909 D test : width= 720 height= 1507
11-05 08:00:36.471 17909 17909 D event : 3
11-05 08:00:36.471 17909 17909 D orientation: onSensorChanged: 1
11-05 08:00:36.493 17909 17909 D View : [Warning] assignParent to null: this =
DecorView@a3f35ce[ScriptsActivity]
11-05 08:00:36.520 17909 17909 I BufferQueueConsumer: [](id:45f50000001f,api:0,p:-
1,c:17909) connect: controlledByApp=false
11-05 08:00:36.521 17909 17909 I BLASTBufferQueue: [ViewRootImpl[]#28]
constructor()
11-05 08:00:36.528 17909 17909 D checkheight: 1507 720
11-05 08:00:36.528 17909 17909 D LineHeight::: 30
11-05 08:00:36.528 17909 17909 D LineHeight::: 34
11-05 08:00:36.528 17909 17909 D checklines: max= 306
11-05 08:00:36.528 17909 17909 D check : 306
11-05 08:00:36.528 17909 17909 D checklines: lines = 9textheight = 306
totalheight584 scrollview geight = 1106
11-05 08:00:36.528 17909 17909 D checklines: max= 0
11-05 08:00:36.528 17909 17909 D check : 0
11-05 08:00:36.528 17909 17909 D check : expanded2 height=0
11-05 08:00:36.529 17909 17909 D Surface : lockCanvas
11-05 08:00:36.529 17909 17909 I BufferQueueProducer: [ViewRootImpl[]#28(BLAST
Consumer)28](id:45f50000001f,api:2,p:17909,c:17909) connect: api=2
producerControlledByApp=true
11-05 08:00:36.543 17909 17909 D orientation: onSensorChanged: 1
11-05 08:00:36.554 17909 17909 D Surface : lockCanvas
11-05 08:00:36.562 17909 17909 D Surface : lockCanvas
11-05 08:00:36.701 17909 17909 D orientation: onSensorChanged: 1
11-05 08:00:36.741 17909 17909 D orientation: onSensorChanged: 1
11-05 08:00:37.309 17909 17909 D View : [Warning] assignParent to null: this =
DecorView@beb73e8[ScriptDetailsActivity]
11-05 08:00:37.356 17909 17909 D Surface : lockCanvas
11-05 08:00:37.649 17909 17909 W Looper : PerfMonitor doFrame : time=305ms
vsyncFrame=0 latency=1ms procState=-1
11-05 08:00:37.650 17909 17909 D orientation: onSensorChanged: 1
11-05 08:00:37.651 17909 17909 D orientation: onSensorChanged: 1
11-05 08:00:37.651 17909 17909 D orientation: onSensorChanged: 1
11-05 08:00:37.706 17909 17909 D orientation: onSensorChanged: 1
11-05 08:00:37.787 17909 17909 D orientation: onSensorChanged: 1
11-05 08:00:37.905 17909 19686 D AppScoutStateMachine: 17909-
ScoutStateMachinecreated
11-05 08:00:37.913 17909 17909 D MiuiMultiWindowAdapter:
MiuiMultiWindowAdapter::getFreeformVideoWhiteListInSystem::LIST_ABOUT_SUPPORT_LANDS
CAPE_VIDEO = [com.hunantv.imgo.activity, com.tencent.qqlive, com.qiyi.video,
com.hunantv.imgo.activity.inter, com.tencent.qqlivei18n, com.iqiyi.i18n,
tv.danmaku.bili]
11-05 08:00:37.931 17909 17909 D IS_CTS_MODE: false
11-05 08:00:37.931 17909 17909 D MULTI_WINDOW_SWITCH_ENABLED: false
11-05 08:00:37.939 17909 17909 D DecorView[]: getWindowModeFromSystem windowmode
is 1
11-05 08:00:38.003 17909 17909 D DecorView[]: getWindowModeFromSystem windowmode
is 1
11-05 08:00:38.003 17909 17909 D DecorView[]: updateDecorCaptionStatus
displayWindowDecor is false
11-05 08:00:38.010 17909 17909 D orientation: onSensorChanged: 1
11-05 08:00:38.010 17909 17909 D orientation: onSensorChanged: 1
11-05 08:00:38.010 17909 17909 D orientation: onSensorChanged: 1
11-05 08:00:38.031 17909 17909 I BufferQueueConsumer: [](id:45f500000020,api:0,p:-
1,c:17909) connect: controlledByApp=false
11-05 08:00:38.032 17909 17909 I BLASTBufferQueue:
[ViewRootImpl[SplashActivity]#29] constructor()
11-05 08:00:38.037 17909 17909 D Surface : lockCanvas
11-05 08:00:38.037 17909 17909 I BufferQueueProducer:
[ViewRootImpl[SplashActivity]#29(BLAST Consumer)29]
(id:45f500000020,api:2,p:17909,c:17909) connect: api=2 producerControlledByApp=true
11-05 08:00:38.060 17909 17909 D Surface : lockCanvas
11-05 08:00:38.074 17909 17909 D orientation: onSensorChanged: 1
11-05 08:00:38.087 17909 17909 D DecorView[]: onWindowFocusChanged hasWindowFocus
true
11-05 08:00:38.091 17909 17909 D Surface : lockCanvas
11-05 08:00:38.104 17909 17909 D Surface : lockCanvas
11-05 08:00:38.110 17909 17909 D Surface : lockCanvas
11-05 08:00:38.125 17909 17909 D Surface : lockCanvas
11-05 08:00:38.129 17909 17909 D Surface : lockCanvas
11-05 08:00:38.143 17909 17909 D Surface : lockCanvas
11-05 08:00:38.149 17909 17909 D Surface : lockCanvas
11-05 08:00:38.155 17909 17909 D orientation: onSensorChanged: 1
11-05 08:00:38.156 17909 17909 D Surface : lockCanvas
11-05 08:00:38.162 17909 17909 D Surface : lockCanvas
11-05 08:00:38.172 17909 17909 D Surface : lockCanvas
11-05 08:00:38.178 17909 17909 D Surface : lockCanvas
11-05 08:00:38.188 17909 17909 D orientation: onSensorChanged: 1
11-05 08:00:38.189 17909 17909 D Surface : lockCanvas
11-05 08:00:38.192 17909 17909 D Surface : lockCanvas
11-05 08:00:38.200 17909 17909 D Surface : lockCanvas
11-05 08:00:38.207 17909 17909 D Surface : lockCanvas
11-05 08:00:38.215 17909 17909 D Surface : lockCanvas
11-05 08:00:38.223 17909 17909 D Surface : lockCanvas
11-05 08:00:38.230 17909 17909 D Surface : lockCanvas
11-05 08:00:38.240 17909 17909 D Surface : lockCanvas
11-05 08:00:38.247 17909 17909 D Surface : lockCanvas
11-05 08:00:38.257 17909 17909 D Surface : lockCanvas
11-05 08:00:38.262 17909 17909 D Surface : lockCanvas
11-05 08:00:38.274 17909 17909 D Surface : lockCanvas
11-05 08:00:38.279 17909 17909 D orientation: onSensorChanged: 1
11-05 08:00:38.280 17909 17909 D Surface : lockCanvas
11-05 08:00:38.290 17909 17909 D Surface : lockCanvas
11-05 08:00:38.296 17909 17909 D Surface : lockCanvas
11-05 08:00:38.307 17909 17909 D Surface : lockCanvas
11-05 08:00:38.312 17909 17909 D orientation: onSensorChanged: 1
11-05 08:00:38.313 17909 17909 D Surface : lockCanvas
11-05 08:00:38.323 17909 17909 D Surface : lockCanvas
11-05 08:00:38.329 17909 17909 D Surface : lockCanvas
11-05 08:00:38.340 17909 17909 D Surface : lockCanvas
11-05 08:00:38.346 17909 17909 D Surface : lockCanvas
11-05 08:00:38.359 17909 17909 D Surface : lockCanvas
11-05 08:00:38.364 17909 17909 D orientation: onSensorChanged: 1
11-05 08:00:38.364 17909 17909 D Surface : lockCanvas
11-05 08:00:38.374 17909 17909 D Surface : lockCanvas
11-05 08:00:38.380 17909 17909 D Surface : lockCanvas
11-05 08:00:38.394 17909 17909 D Surface : lockCanvas
11-05 08:00:38.410 17909 17909 D Surface : lockCanvas
11-05 08:00:38.427 17909 17909 D Surface : lockCanvas
11-05 08:00:38.443 17909 17909 D Surface : lockCanvas
11-05 08:00:38.461 17909 17909 D Surface : lockCanvas
11-05 08:00:38.477 17909 17909 D orientation: onSensorChanged: 1
11-05 08:00:38.478 17909 17909 D Surface : lockCanvas
11-05 08:00:38.494 17909 17909 D Surface : lockCanvas
11-05 08:00:38.510 17909 17909 D Surface : lockCanvas
11-05 08:00:38.526 17909 17909 D Surface : lockCanvas
11-05 08:00:38.543 17909 17909 D Surface : lockCanvas
11-05 08:00:38.559 17909 17909 D Surface : lockCanvas
11-05 08:00:38.576 17909 17909 D Surface : lockCanvas
11-05 08:00:38.592 17909 17909 D orientation: onSensorChanged: 1
11-05 08:00:38.593 17909 17909 D Surface : lockCanvas
11-05 08:00:38.610 17909 17909 D Surface : lockCanvas
11-05 08:00:38.626 17909 17909 D Surface : lockCanvas
11-05 08:00:38.643 17909 17909 D Surface : lockCanvas
11-05 08:00:38.662 17909 17909 D Surface : lockCanvas
11-05 08:00:38.675 17909 17909 D orientation: onSensorChanged: 1
11-05 08:00:38.677 17909 17909 D Surface : lockCanvas
11-05 08:00:38.694 17909 17909 D Surface : lockCanvas
11-05 08:00:38.709 17909 17909 D Surface : lockCanvas
11-05 08:00:38.731 17909 17909 D Surface : lockCanvas
11-05 08:00:38.743 17909 17909 D Surface : lockCanvas
11-05 08:00:38.759 17909 17909 D Surface : lockCanvas
11-05 08:00:38.778 17909 17909 D Surface : lockCanvas
11-05 08:00:38.810 17909 17909 D Surface : lockCanvas
11-05 08:00:38.826 17909 17909 D Surface : lockCanvas
11-05 08:00:38.842 17909 17909 D orientation: onSensorChanged: 1
11-05 08:00:38.843 17909 17909 D Surface : lockCanvas
11-05 08:00:38.862 17909 17909 D Surface : lockCanvas
11-05 08:00:38.876 17909 17909 D Surface : lockCanvas
11-05 08:00:38.895 17909 17909 D Surface : lockCanvas
11-05 08:00:38.909 17909 17909 D Surface : lockCanvas
11-05 08:00:38.942 17909 17909 D Surface : lockCanvas
11-05 08:00:38.959 17909 17909 D orientation: onSensorChanged: 1
11-05 08:00:38.960 17909 17909 D Surface : lockCanvas
11-05 08:00:38.976 17909 17909 D Surface : lockCanvas
11-05 08:00:38.992 17909 17909 D Surface : lockCanvas
11-05 08:00:39.010 17909 17909 D Surface : lockCanvas
11-05 08:00:39.026 17909 17909 D Surface : lockCanvas
11-05 08:00:39.042 17909 17909 D Surface : lockCanvas
11-05 08:00:39.059 17909 17909 D Surface : lockCanvas
11-05 08:00:39.076 17909 17909 D Surface : lockCanvas
11-05 08:00:39.095 17909 17909 D Surface : lockCanvas
11-05 08:00:39.110 17909 17909 D Surface : lockCanvas
11-05 08:00:39.125 17909 17909 D orientation: onSensorChanged: 1
11-05 08:00:39.126 17909 17909 D Surface : lockCanvas
11-05 08:00:39.142 17909 17909 D Surface : lockCanvas
11-05 08:00:39.159 17909 17909 D Surface : lockCanvas
11-05 08:00:39.178 17909 17909 D Surface : lockCanvas
11-05 08:00:39.191 17909 17909 D orientation: onSensorChanged: 1
11-05 08:00:39.192 17909 17909 D Surface : lockCanvas
11-05 08:00:39.209 17909 17909 D Surface : lockCanvas
11-05 08:00:39.226 17909 17909 D Surface : lockCanvas
11-05 08:00:39.241 17909 17909 D orientation: onSensorChanged: 1
11-05 08:00:39.242 17909 17909 D Surface : lockCanvas
11-05 08:00:39.261 17909 17909 D Surface : lockCanvas
11-05 08:00:39.276 17909 17909 D Surface : lockCanvas
11-05 08:00:39.293 17909 17909 D Surface : lockCanvas
11-05 08:00:39.311 17909 17909 D Surface : lockCanvas
11-05 08:00:39.325 17909 17909 D orientation: onSensorChanged: 1
11-05 08:00:39.327 17909 17909 D Surface : lockCanvas
11-05 08:00:39.342 17909 17909 D Surface : lockCanvas
11-05 08:00:39.359 17909 17909 D Surface : lockCanvas
11-05 08:00:39.375 17909 17909 D Surface : lockCanvas
11-05 08:00:39.394 17909 17909 D Surface : lockCanvas
11-05 08:00:39.413 17909 17909 D Surface : lockCanvas
11-05 08:00:39.431 17909 17909 D Surface : lockCanvas
11-05 08:00:39.446 17909 17909 D Surface : lockCanvas
11-05 08:00:39.463 17909 17909 D Surface : lockCanvas
11-05 08:00:39.483 17909 17909 D Surface : lockCanvas
11-05 08:00:39.500 17909 17909 D Surface : lockCanvas
11-05 08:00:39.514 17909 17909 D orientation: onSensorChanged: 1
11-05 08:00:39.514 17909 17909 D orientation: onSensorChanged: 1
11-05 08:00:39.515 17909 17909 D Surface : lockCanvas
11-05 08:00:39.531 17909 17909 D Surface : lockCanvas
11-05 08:00:39.549 17909 17909 D Surface : lockCanvas
11-05 08:00:39.562 17909 17909 D orientation: onSensorChanged: 1
11-05 08:00:39.564 17909 17909 D Surface : lockCanvas
11-05 08:00:39.580 17909 17909 D Surface : lockCanvas
11-05 08:00:39.595 17909 17909 D orientation: onSensorChanged: 1
11-05 08:00:39.597 17909 17909 D Surface : lockCanvas
11-05 08:00:39.615 17909 17909 D Surface : lockCanvas
11-05 08:00:39.630 17909 17909 D Surface : lockCanvas
11-05 08:00:39.645 17909 17909 D orientation: onSensorChanged: 1
11-05 08:00:39.647 17909 17909 D Surface : lockCanvas
11-05 08:00:39.663 17909 17909 D Surface : lockCanvas
11-05 08:00:39.680 17909 17909 D Surface : lockCanvas
11-05 08:00:39.697 17909 17909 D Surface : lockCanvas
11-05 08:00:39.713 17909 17909 D Surface : lockCanvas
11-05 08:00:39.731 17909 17909 D orientation: onSensorChanged: 1
11-05 08:00:39.732 17909 17909 D Surface : lockCanvas
11-05 08:00:39.746 17909 17909 D Surface : lockCanvas
11-05 08:00:39.762 17909 17909 D orientation: onSensorChanged: 1
11-05 08:00:39.766 17909 17909 D Surface : lockCanvas
11-05 08:00:39.782 17909 17909 D Surface : lockCanvas
11-05 08:00:39.796 17909 17909 D Surface : lockCanvas
11-05 08:00:39.813 17909 17909 D Surface : lockCanvas
11-05 08:00:39.832 17909 17909 D Surface : lockCanvas
11-05 08:00:39.846 17909 17909 D orientation: onSensorChanged: 1
11-05 08:00:39.848 17909 17909 D Surface : lockCanvas
11-05 08:00:39.864 17909 17909 D Surface : lockCanvas
11-05 08:00:39.880 17909 17909 D Surface : lockCanvas
11-05 08:00:39.896 17909 17909 D Surface : lockCanvas
11-05 08:00:39.914 17909 17909 D Surface : lockCanvas
11-05 08:00:39.933 17909 17909 D Surface : lockCanvas
11-05 08:00:39.947 17909 17909 D Surface : lockCanvas
11-05 08:00:39.963 17909 17909 D Surface : lockCanvas
11-05 08:00:39.983 17909 17909 D Surface : lockCanvas
11-05 08:00:39.999 17909 17909 D Surface : lockCanvas
11-05 08:00:40.013 17909 17909 D Surface : lockCanvas
11-05 08:00:40.029 17909 17909 D Surface : lockCanvas
11-05 08:00:40.045 17909 17909 D orientation: onSensorChanged: 1
11-05 08:00:40.047 17909 17909 D Surface : lockCanvas
11-05 08:00:40.066 17909 17909 D Surface : lockCanvas
11-05 08:00:40.078 17909 17909 D orientation: onSensorChanged: 1
11-05 08:00:40.079 17909 17909 D Surface : lockCanvas
11-05 08:00:40.098 17909 17909 D Surface : lockCanvas
11-05 08:00:40.113 17909 17909 D Surface : lockCanvas
11-05 08:00:40.132 17909 17909 D Surface : lockCanvas
11-05 08:00:40.148 17909 17909 D Surface : lockCanvas
11-05 08:00:40.163 17909 17909 D Surface : lockCanvas
11-05 08:00:40.181 17909 17909 D Surface : lockCanvas
11-05 08:00:40.195 17909 17909 D orientation: onSensorChanged: 1
11-05 08:00:40.199 17909 17909 D Surface : lockCanvas
11-05 08:00:40.212 17909 17909 D Surface : lockCanvas
11-05 08:00:40.229 17909 17909 D Surface : lockCanvas
11-05 08:00:40.244 17909 17909 D orientation: onSensorChanged: 1
11-05 08:00:40.246 17909 17909 D Surface : lockCanvas
11-05 08:00:40.266 17909 17909 D Surface : lockCanvas
11-05 08:00:40.278 17909 17909 D orientation: onSensorChanged: 1
11-05 08:00:40.280 17909 17909 D Surface : lockCanvas
11-05 08:00:40.296 17909 17909 D Surface : lockCanvas
11-05 08:00:40.319 17909 17909 D Surface : lockCanvas
11-05 08:00:40.329 17909 17909 D Surface : lockCanvas
11-05 08:00:40.346 17909 17909 D Surface : lockCanvas
11-05 08:00:40.363 17909 17909 D Surface : lockCanvas
11-05 08:00:40.396 17909 17909 D Surface : lockCanvas
11-05 08:00:40.415 17909 17909 D Surface : lockCanvas
11-05 08:00:40.432 17909 17909 D Surface : lockCanvas
11-05 08:00:40.446 17909 17909 D orientation: onSensorChanged: 1
11-05 08:00:40.448 17909 17909 D Surface : lockCanvas
11-05 08:00:40.463 17909 17909 D Surface : lockCanvas
11-05 08:00:40.482 17909 17909 D Surface : lockCanvas
11-05 08:00:40.495 17909 17909 D Surface : lockCanvas
11-05 08:00:40.513 17909 17909 D Surface : lockCanvas
11-05 08:00:40.527 17909 17909 D orientation: onSensorChanged: 1
11-05 08:00:40.527 17909 17909 D orientation: onSensorChanged: 1
11-05 08:00:40.529 17909 17909 D Surface : lockCanvas
11-05 08:00:40.546 17909 17909 D Surface : lockCanvas
11-05 08:00:40.562 17909 17909 D Surface : lockCanvas
11-05 08:00:40.579 17909 17909 D Surface : lockCanvas
11-05 08:00:40.596 17909 17909 D Surface : lockCanvas
11-05 08:00:40.612 17909 17909 D Surface : lockCanvas
11-05 08:00:40.628 17909 17909 D Surface : lockCanvas
11-05 08:00:40.653 17909 17909 D Surface : lockCanvas
11-05 08:00:40.664 17909 17909 D Surface : lockCanvas
11-05 08:00:40.680 17909 17909 D Surface : lockCanvas
11-05 08:00:40.696 17909 17909 D Surface : lockCanvas
11-05 08:00:40.716 17909 17909 D orientation: onSensorChanged: 1
11-05 08:00:40.838 17909 17909 D orientation: onSensorChanged: 1
11-05 08:00:40.838 17909 17909 D orientation: onSensorChanged: 1
11-05 08:00:40.918 17909 17909 D orientation: onSensorChanged: 1
11-05 08:00:40.959 17909 17909 D orientation: onSensorChanged: 1
11-05 08:00:40.998 17909 17909 D orientation: onSensorChanged: 1
11-05 08:00:41.325 17909 17909 D MiuiMultiWindowAdapter:
MiuiMultiWindowAdapter::getFreeformVideoWhiteListInSystem::LIST_ABOUT_SUPPORT_LANDS
CAPE_VIDEO = [com.hunantv.imgo.activity, com.tencent.qqlive, com.qiyi.video,
com.hunantv.imgo.activity.inter, com.tencent.qqlivei18n, com.iqiyi.i18n,
tv.danmaku.bili]
11-05 08:00:41.331 17909 17909 D IS_CTS_MODE: false
11-05 08:00:41.331 17909 17909 D MULTI_WINDOW_SWITCH_ENABLED: false
