11-05 08:00:41.332 17909 17909 D DecorView[]: getWindowModeFromSystem windowmode
is 1
11-05 08:00:41.384 17909 17909 E Adapter : Size of list 1
11-05 08:00:41.405 17909 17909 I BufferQueueConsumer: [](id:45f500000021,api:0,p:-
1,c:17909) connect: controlledByApp=false
11-05 08:00:41.405 17909 17909 I BLASTBufferQueue:
[ViewRootImpl[ScriptsActivity]#30] constructor()
11-05 08:00:41.435 17909 17909 D Surface : lockCanvas
11-05 08:00:41.435 17909 17909 I BufferQueueProducer:
[ViewRootImpl[ScriptsActivity]#30(BLAST Consumer)30]
(id:45f500000021,api:2,p:17909,c:17909) connect: api=2 producerControlledByApp=true
11-05 08:00:41.443 17909 17909 D DecorView[]: onWindowFocusChanged hasWindowFocus
false
11-05 08:00:41.443 17909 17909 D Surface : lockCanvas
11-05 08:00:41.454 17909 17909 D Surface : lockCanvas
11-05 08:00:41.463 17909 17909 D DecorView[]: onWindowFocusChanged hasWindowFocus
true
11-05 08:00:41.471 17909 17909 D Surface : lockCanvas
11-05 08:00:41.487 17909 17909 D Surface : lockCanvas
11-05 08:00:41.506 17909 17909 D Surface : lockCanvas
11-05 08:00:41.519 17909 17909 D orientation: onSensorChanged: 1
11-05 08:00:41.521 17909 17909 D Surface : lockCanvas
11-05 08:00:41.539 17909 17909 D Surface : lockCanvas
11-05 08:00:41.555 17909 17909 D Surface : lockCanvas
11-05 08:00:41.564 17909 17909 D orientation: onSensorChanged: 1
11-05 08:00:41.572 17909 17909 D Surface : lockCanvas
11-05 08:00:41.680 17909 17909 D orientation: onSensorChanged: 1
11-05 08:00:41.720 17909 17909 D orientation: onSensorChanged: 1
11-05 08:00:41.961 17909 17909 D orientation: onSensorChanged: 1
11-05 08:00:41.980 17909 17909 I BufferQueueProducer:
[ViewRootImpl[SplashActivity]#29(BLAST Consumer)29]
(id:45f500000020,api:2,p:17909,c:17909) disconnect: api 2
11-05 08:00:41.983 17909 17909 I BLASTBufferQueue:
[ViewRootImpl[SplashActivity]#29] destructor()
11-05 08:00:41.983 17909 17909 I BufferQueueConsumer:
[ViewRootImpl[SplashActivity]#29(BLAST Consumer)29](id:45f500000020,api:0,p:-
1,c:17909) disconnect
11-05 08:00:41.994 17909 17909 D View : [Warning] assignParent to null: this =
DecorView@4cc2275[SplashActivity]
11-05 08:00:42.010 17909 18408 I BLASTBufferQueue: releaseBufferCallbackThunk
bufferId:76918569304178 framenumber:157 blastBufferQueue is dead
11-05 08:00:42.041 17909 17909 D orientation: onSensorChanged: 1
11-05 08:00:42.041 17909 17909 D orientation: onSensorChanged: 1
11-05 08:00:42.253 17909 17909 D orientation: onSensorChanged: 1
11-05 08:00:42.283 17909 17909 D orientation: onSensorChanged: 1
11-05 08:00:42.363 17909 17909 D orientation: onSensorChanged: 1
11-05 08:00:42.484 17909 17909 D orientation: onSensorChanged: 1
11-05 08:00:42.564 17909 17909 D orientation: onSensorChanged: 1
11-05 08:00:42.685 17909 17909 D orientation: onSensorChanged: 1
11-05 08:00:42.724 17909 17909 D orientation: onSensorChanged: 1
11-05 08:00:42.724 17909 17909 D orientation: onSensorChanged: 1
11-05 08:00:42.764 17909 17909 D orientation: onSensorChanged: 1
11-05 08:00:42.885 17909 17909 D orientation: onSensorChanged: 1
11-05 08:00:43.006 17909 17909 D orientation: onSensorChanged: 1
11-05 08:00:43.207 17909 17909 D orientation: onSensorChanged: 1
11-05 08:00:43.247 17909 17909 D orientation: onSensorChanged: 1
11-05 08:00:43.487 17909 17909 D orientation: onSensorChanged: 1
11-05 08:00:43.527 17909 17909 D orientation: onSensorChanged: 1
11-05 08:00:43.567 17909 17909 D orientation: onSensorChanged: 1
11-05 08:00:43.607 17909 17909 D orientation: onSensorChanged: 1
11-05 08:00:43.647 17909 17909 D orientation: onSensorChanged: 1
11-05 08:00:43.689 17909 17909 D orientation: onSensorChanged: 1
11-05 08:00:43.728 17909 17909 D orientation: onSensorChanged: 1
11-05 08:00:43.848 17909 17909 D orientation: onSensorChanged: 1
11-05 08:00:44.010 17909 17909 D orientation: onSensorChanged: 1
11-05 08:00:44.050 17909 17909 D orientation: onSensorChanged: 1
11-05 08:00:44.169 17909 17909 D orientation: onSensorChanged: 1
11-05 08:00:44.369 17909 17909 D orientation: onSensorChanged: 1
11-05 08:00:44.450 17909 17909 D orientation: onSensorChanged: 1
11-05 08:00:44.490 17909 17909 D orientation: onSensorChanged: 1
11-05 08:00:44.612 17909 17909 D orientation: onSensorChanged: 1
11-05 08:00:44.731 17909 17909 D orientation: onSensorChanged: 1
11-05 08:00:44.811 17909 17909 D orientation: onSensorChanged: 1
11-05 08:00:44.840 17909 17909 D Surface : lockCanvas
11-05 08:00:44.851 17909 17909 D Surface : lockCanvas
11-05 08:00:44.867 17909 17909 D Surface : lockCanvas
11-05 08:00:44.883 17909 17909 D Surface : lockCanvas
11-05 08:00:44.899 17909 17909 W ScrollPolicy: cannot found render thread
11-05 08:00:44.899 17909 17909 W ScrollPolicy: cannot found render thread
11-05 08:00:44.900 17909 17909 D Surface : lockCanvas
11-05 08:00:44.917 17909 17909 D Surface : lockCanvas
11-05 08:00:44.972 17909 17909 D orientation: onSensorChanged: 1
11-05 08:00:44.972 17909 17909 D orientation: onSensorChanged: 1
11-05 08:00:45.132 17909 17909 D orientation: onSensorChanged: 1
11-05 08:00:45.194 17909 17909 D Surface : lockCanvas
11-05 08:00:45.206 17909 17909 D Surface : lockCanvas
11-05 08:00:45.213 17909 17909 D orientation: onSensorChanged: 1
11-05 08:00:45.224 17909 17909 D Surface : lockCanvas
11-05 08:00:45.240 17909 17909 D Surface : lockCanvas
11-05 08:00:45.253 17909 17909 D orientation: onSensorChanged: 1
11-05 08:00:45.257 17909 17909 D Surface : lockCanvas
11-05 08:00:45.267 17909 17909 D Surface : lockCanvas
11-05 08:00:45.284 17909 17909 D Surface : lockCanvas
11-05 08:00:45.299 17909 17909 D orientation: onSensorChanged: 1
11-05 08:00:45.300 17909 17909 D Surface : lockCanvas
11-05 08:00:45.315 17909 18518 I libPerfCtl: fbcNotifySbeRescue ret=-1
11-05 08:00:45.316 17909 17909 D Surface : lockCanvas
11-05 08:00:45.333 17909 17909 D Surface : lockCanvas
11-05 08:00:45.349 17909 17909 D orientation: onSensorChanged: 1
11-05 08:00:45.350 17909 17909 D Surface : lockCanvas
11-05 08:00:45.413 17909 17909 D orientation: onSensorChanged: 1
11-05 08:00:45.454 17909 17909 D orientation: onSensorChanged: 1
11-05 08:00:45.454 17909 17909 D orientation: onSensorChanged: 1
11-05 08:00:45.495 17909 17909 D orientation: onSensorChanged: 1
11-05 08:00:45.495 17909 17909 D orientation: onSensorChanged: 1
11-05 08:00:45.534 17909 17909 D orientation: onSensorChanged: 1
11-05 08:00:45.534 17909 17909 D orientation: onSensorChanged: 1
11-05 08:00:45.575 17909 17909 D orientation: onSensorChanged: 1
11-05 08:00:45.614 17909 17909 D orientation: onSensorChanged: 1
11-05 08:00:45.655 17909 17909 D orientation: onSensorChanged: 1
11-05 08:00:45.765 17909 17909 D Surface : lockCanvas
11-05 08:00:45.782 17909 17909 D Surface : lockCanvas
11-05 08:00:45.798 17909 17909 D Surface : lockCanvas
11-05 08:00:45.815 17909 17909 D Surface : lockCanvas
11-05 08:00:45.832 17909 17909 D Surface : lockCanvas
11-05 08:00:45.849 17909 17909 D Surface : lockCanvas
11-05 08:00:45.855 17909 17909 D orientation: onSensorChanged: 1
11-05 08:00:45.855 17909 17909 D orientation: onSensorChanged: 1
11-05 08:00:45.867 17909 17909 D Surface : lockCanvas
11-05 08:00:45.883 17909 17909 D Surface : lockCanvas
11-05 08:00:45.896 17909 17909 D orientation: onSensorChanged: 1
11-05 08:00:45.896 17909 17909 D orientation: onSensorChanged: 1
11-05 08:00:45.900 17909 17909 D Surface : lockCanvas
11-05 08:00:45.916 17909 17909 D Surface : lockCanvas
11-05 08:00:45.932 17909 17909 D Surface : lockCanvas
11-05 08:00:45.935 17909 17909 D orientation: onSensorChanged: 1
11-05 08:00:45.949 17909 17909 D Surface : lockCanvas
11-05 08:00:45.965 17909 17909 D Surface : lockCanvas
11-05 08:00:45.982 17909 17909 D Surface : lockCanvas
11-05 08:00:45.999 17909 17909 D Surface : lockCanvas
11-05 08:00:46.015 17909 17909 D Surface : lockCanvas
11-05 08:00:46.017 17909 17909 D orientation: onSensorChanged: 1
11-05 08:00:46.090 17909 17909 D DecorView[]: onWindowFocusChanged hasWindowFocus
false
11-05 08:00:46.096 17909 17909 D orientation: onSensorChanged: 1
11-05 08:00:46.099 17909 17909 D Surface : lockCanvas
11-05 08:00:46.117 17909 17909 D Surface : lockCanvas
11-05 08:00:46.134 17909 17909 D Surface : lockCanvas
11-05 08:00:46.149 17909 17909 D Surface : lockCanvas
11-05 08:00:46.172 17909 17909 D Surface : lockCanvas
11-05 08:00:46.183 17909 17909 D orientation: onSensorChanged: 1
11-05 08:00:46.184 17909 17909 D Surface : lockCanvas
11-05 08:00:46.198 17909 17909 D Surface : lockCanvas
11-05 08:00:46.337 17909 17909 D orientation: onSensorChanged: 1
11-05 08:00:46.377 17909 17909 D orientation: onSensorChanged: 1
11-05 08:00:46.458 17909 17909 D orientation: onSensorChanged: 1
11-05 08:00:46.578 17909 17909 D orientation: onSensorChanged: 1
11-05 08:00:46.618 17909 17909 D orientation: onSensorChanged: 1
11-05 08:00:46.618 17909 17909 D orientation: onSensorChanged: 1
11-05 08:00:46.702 17909 17909 I BufferQueueProducer:
[ViewRootImpl[ScriptsActivity]#30(BLAST Consumer)30]
(id:45f500000021,api:2,p:17909,c:17909) disconnect: api 2
11-05 08:00:46.703 17909 17909 I BLASTBufferQueue:
[ViewRootImpl[ScriptsActivity]#30] destructor()
11-05 08:00:46.703 17909 17909 I BufferQueueConsumer:
[ViewRootImpl[ScriptsActivity]#30(BLAST Consumer)30](id:45f500000021,api:0,p:-
1,c:17909) disconnect
11-05 08:00:46.739 17909 17909 D orientation: onSensorChanged: 1
11-05 08:00:46.767 17909 19686 I BLASTBufferQueue: releaseBufferCallbackThunk
bufferId:76918569304182 framenumber:23 blastBufferQueue is dead
11-05 08:00:46.779 17909 17909 D orientation: onSensorChanged: 1
11-05 08:00:46.980 17909 17909 D orientation: onSensorChanged: 1
11-05 08:00:47.021 17909 17909 D orientation: onSensorChanged: 1
11-05 08:00:47.060 17909 17909 D orientation: onSensorChanged: 1
11-05 08:00:47.261 17909 17909 D orientation: onSensorChanged: 1
11-05 08:00:47.365 17909 17909 D Surface : lockCanvas
11-05 08:00:47.381 17909 17909 D Surface : lockCanvas
11-05 08:00:47.397 17909 17909 D Surface : lockCanvas
11-05 08:00:47.414 17909 17909 D Surface : lockCanvas
11-05 08:00:47.421 17909 17909 D orientation: onSensorChanged: 1
11-05 08:00:47.431 17909 17909 D Surface : lockCanvas
11-05 08:00:47.447 17909 17909 D Surface : lockCanvas
11-05 08:00:47.464 17909 17909 D Surface : lockCanvas
11-05 08:00:47.481 17909 17909 D Surface : lockCanvas
11-05 08:00:47.497 17909 17909 D Surface : lockCanvas
11-05 08:00:47.501 17909 17909 D orientation: onSensorChanged: 1
11-05 08:00:47.514 17909 17909 D Surface : lockCanvas
11-05 08:00:47.530 17909 17909 D Surface : lockCanvas
11-05 08:00:47.541 17909 17909 D orientation: onSensorChanged: 1
11-05 08:00:47.547 17909 17909 D Surface : lockCanvas
11-05 08:00:47.564 17909 17909 D Surface : lockCanvas
11-05 08:00:47.580 17909 17909 D Surface : lockCanvas
11-05 08:00:47.597 17909 17909 D Surface : lockCanvas
11-05 08:00:47.613 17909 17909 D Surface : lockCanvas
11-05 08:00:47.622 17909 17909 D orientation: onSensorChanged: 1
11-05 08:00:47.630 17909 17909 D Surface : lockCanvas
11-05 08:00:47.647 17909 17909 D Surface : lockCanvas
11-05 08:00:47.664 17909 17909 D Surface : lockCanvas
11-05 08:00:47.680 17909 17909 D Surface : lockCanvas
11-05 08:00:47.697 17909 17909 D Surface : lockCanvas
11-05 08:00:47.703 17909 17909 D orientation: onSensorChanged: 1
11-05 08:00:47.714 17909 17909 D Surface : lockCanvas
11-05 08:00:47.730 17909 17909 D Surface : lockCanvas
11-05 08:00:47.743 17909 17909 D orientation: onSensorChanged: 1
11-05 08:00:47.747 17909 17909 D Surface : lockCanvas
11-05 08:00:47.763 17909 17909 D Surface : lockCanvas
11-05 08:00:47.780 17909 17909 D Surface : lockCanvas
11-05 08:00:47.797 17909 17909 D Surface : lockCanvas
11-05 08:00:47.814 17909 17909 D Surface : lockCanvas
11-05 08:00:47.847 17909 17909 D Surface : lockCanvas
11-05 08:00:47.863 17909 17909 D orientation: onSensorChanged: 1
11-05 08:00:47.897 17909 17909 D Surface : lockCanvas
11-05 08:00:47.903 17909 17909 D orientation: onSensorChanged: 1
11-05 08:00:47.913 17909 17909 D Surface : lockCanvas
11-05 08:00:47.983 17909 17909 D orientation: onSensorChanged: 1
11-05 08:00:48.095 17909 19988 I FA : Application backgrounded at:
timestamp_millis: 1730764846094
11-05 08:00:48.184 17909 17909 D orientation: onSensorChanged: 1
11-05 08:00:48.313 17909 17909 D Surface : lockCanvas
11-05 08:00:48.329 17909 17909 D Surface : lockCanvas
11-05 08:00:48.346 17909 17909 D Surface : lockCanvas
11-05 08:00:48.364 17909 17909 D Surface : lockCanvas
11-05 08:00:48.381 17909 17909 D Surface : lockCanvas
11-05 08:00:48.396 17909 17909 D Surface : lockCanvas
11-05 08:00:48.413 17909 17909 D Surface : lockCanvas
11-05 08:00:48.429 17909 17909 D Surface : lockCanvas
11-05 08:00:48.446 17909 17909 D Surface : lockCanvas
11-05 08:00:48.463 17909 17909 D Surface : lockCanvas
11-05 08:00:48.465 17909 17909 D orientation: onSensorChanged: 1
11-05 08:00:48.479 17909 17909 D Surface : lockCanvas
11-05 08:00:48.496 17909 17909 D Surface : lockCanvas
11-05 08:00:48.506 17909 17909 D orientation: onSensorChanged: 1
11-05 08:00:48.506 17909 17909 D orientation: onSensorChanged: 1
11-05 08:00:48.512 17909 17909 D Surface : lockCanvas
11-05 08:00:48.529 17909 17909 D Surface : lockCanvas
11-05 08:00:48.546 17909 17909 D Surface : lockCanvas
11-05 08:00:48.562 17909 17909 D Surface : lockCanvas
11-05 08:00:48.579 17909 17909 D Surface : lockCanvas
11-05 08:00:48.987 17909 17909 D orientation: onSensorChanged: 1
11-05 08:00:49.068 17909 17909 D orientation: onSensorChanged: 1
11-05 08:00:49.188 17909 17909 D orientation: onSensorChanged: 1
11-05 08:00:49.269 17909 17909 D orientation: onSensorChanged: 1
11-05 08:00:49.269 17909 17909 D orientation: onSensorChanged: 1
11-05 08:00:49.470 17909 17909 D orientation: onSensorChanged: 1
11-05 08:00:49.509 17909 17909 D orientation: onSensorChanged: 1
11-05 08:00:49.509 17909 17909 D orientation: onSensorChanged: 1
11-05 08:00:49.549 17909 17909 D orientation: onSensorChanged: 1
11-05 08:00:49.791 17909 17909 D orientation: onSensorChanged: 1
11-05 08:00:49.830 17909 17909 D orientation: onSensorChanged: 1
11-05 08:00:50.112 17909 17909 D orientation: onSensorChanged: 1
11-05 08:00:50.153 17909 17909 D orientation: onSensorChanged: 1
11-05 08:00:50.153 17909 17909 D orientation: onSensorChanged: 1
11-05 08:00:50.193 17909 17909 D orientation: onSensorChanged: 1
11-05 08:00:50.233 17909 17909 D orientation: onSensorChanged: 1
11-05 08:00:50.233 17909 17909 D orientation: onSensorChanged: 1
11-05 08:00:50.272 17909 17909 D orientation: onSensorChanged: 1
11-05 08:00:50.272 17909 17909 D orientation: onSensorChanged: 1
11-05 08:00:50.313 17909 17909 D orientation: onSensorChanged: 1
11-05 08:00:50.353 17909 17909 D orientation: onSensorChanged: 1
11-05 08:00:50.353 17909 17909 D orientation: onSensorChanged: 1
11-05 08:00:50.434 17909 17909 D orientation: onSensorChanged: 1
11-05 08:00:50.514 17909 17909 D orientation: onSensorChanged: 1
11-05 08:00:50.594 17909 17909 D orientation: onSensorChanged: 1
11-05 08:00:50.619 17909 17909 D yyyyy : laste pause is : 1085866412
11-05 08:00:50.619 17909 17909 D yyyyy : laste pause is : 1085866412
11-05 08:00:50.634 17909 18408 D AppScoutStateMachine: 17909-
ScoutStateMachinecreated
11-05 08:00:50.635 17909 17909 D View : [Warning] assignParent to null: this =
android.widget.RelativeLayout{f076a0c V.E...... ......I. 0,0-610,502 #7f0a016c
app:id/framelayout}
11-05 08:00:50.635 17909 17909 D yyyyy : laste pause is : 1085866428
11-05 08:00:50.638 17909 17909 I BufferQueueProducer: [ViewRootImpl[]#28(BLAST
Consumer)28](id:45f50000001f,api:2,p:17909,c:17909) disconnect: api 2
11-05 08:00:50.639 17909 17909 I BLASTBufferQueue: [ViewRootImpl[]#28] destructor()
11-05 08:00:50.639 17909 17909 I BufferQueueConsumer: [ViewRootImpl[]#28(BLAST
Consumer)28](id:45f50000001f,api:0,p:-1,c:17909) disconnect
11-05 08:00:50.657 17909 17909 D orientation: onSensorChanged: 1
11-05 08:00:50.665 17909 19686 I BLASTBufferQueue: releaseBufferCallbackThunk
bufferId:76918569304172 framenumber:96 blastBufferQueue is dead
11-05 08:00:50.665 17909 17909 E Adapter : Size of list 1
11-05 08:00:50.677 17909 17909 I BufferQueueConsumer: [](id:45f500000022,api:0,p:-
1,c:17909) connect: controlledByApp=false
11-05 08:00:50.678 17909 17909 I BLASTBufferQueue:
[ViewRootImpl[ScriptsActivity]#31] constructor()
11-05 08:00:50.684 17909 18518 I libPerfCtl: fbcNotifySbeRescue ret=-1
11-05 08:00:50.685 17909 17909 D Surface : lockCanvas
11-05 08:00:50.685 17909 17909 I BufferQueueProducer:
[ViewRootImpl[ScriptsActivity]#31(BLAST Consumer)31]
(id:45f500000022,api:2,p:17909,c:17909) connect: api=2 producerControlledByApp=true
11-05 08:00:50.690 17909 17909 D orientation: onSensorChanged: 1
11-05 08:00:50.692 17909 17909 D Surface : lockCanvas
11-05 08:00:50.709 17909 17909 D Surface : lockCanvas
11-05 08:00:50.715 17909 17909 D DecorView[]: onWindowFocusChanged hasWindowFocus
true
11-05 08:00:50.726 17909 17909 D Surface : lockCanvas
11-05 08:00:50.743 17909 17909 D Surface : lockCanvas
11-05 08:00:50.754 17909 17909 D orientation: onSensorChanged: 1
11-05 08:00:50.759 17909 17909 D Surface : lockCanvas
11-05 08:00:50.776 17909 17909 D Surface : lockCanvas
11-05 08:00:50.793 17909 17909 D Surface : lockCanvas
11-05 08:00:50.810 17909 17909 D Surface : lockCanvas
11-05 08:00:50.826 17909 17909 D Surface : lockCanvas
11-05 08:00:50.875 17909 17909 D orientation: onSensorChanged: 1
11-05 08:00:50.995 17909 17909 D orientation: onSensorChanged: 1
11-05 08:00:51.076 17909 17909 D orientation: onSensorChanged: 1
11-05 08:00:51.116 17909 17909 D orientation: onSensorChanged: 1
11-05 08:00:51.156 17909 17909 D orientation: onSensorChanged: 1
11-05 08:00:51.196 17909 17909 D orientation: onSensorChanged: 1
11-05 08:00:51.196 17909 17909 D orientation: onSensorChanged: 1
11-05 08:00:51.237 17909 17909 D orientation: onSensorChanged: 1
11-05 08:00:51.277 17909 17909 D orientation: onSensorChanged: 1
11-05 08:00:51.317 17909 17909 D orientation: onSensorChanged: 1
11-05 08:00:51.317 17909 17909 D orientation: onSensorChanged: 1
11-05 08:00:51.358 17909 17909 D orientation: onSensorChanged: 1
11-05 08:00:51.358 17909 17909 D orientation: onSensorChanged: 1
11-05 08:00:51.397 17909 17909 D orientation: onSensorChanged: 1
11-05 08:00:51.397 17909 17909 D orientation: onSensorChanged: 1
11-05 08:00:51.598 17909 17909 D orientation: onSensorChanged: 1
11-05 08:00:51.678 17909 17909 D orientation: onSensorChanged: 1
11-05 08:00:51.719 17909 17909 D orientation: onSensorChanged: 1
11-05 08:00:51.759 17909 17909 D orientation: onSensorChanged: 1
11-05 08:00:51.799 17909 17909 D orientation: onSensorChanged: 1
11-05 08:00:51.920 17909 17909 D orientation: onSensorChanged: 1
11-05 08:00:52.000 17909 17909 D orientation: onSensorChanged: 1
11-05 08:00:52.040 17909 17909 D orientation: onSensorChanged: 1
11-05 08:00:52.161 17909 17909 D orientation: onSensorChanged: 1
11-05 08:00:52.200 17909 17909 D orientation: onSensorChanged: 1
11-05 08:00:52.241 17909 17909 D orientation: onSensorChanged: 1
11-05 08:00:52.282 17909 17909 D orientation: onSensorChanged: 1
11-05 08:00:52.321 17909 17909 D orientation: onSensorChanged: 1
11-05 08:00:52.322 17909 17909 D orientation: onSensorChanged: 1
11-05 08:00:52.401 17909 17909 D orientation: onSensorChanged: 1
11-05 08:00:52.482 17909 17909 D orientation: onSensorChanged: 1
11-05 08:00:52.522 17909 17909 D orientation: onSensorChanged: 1
11-05 08:00:52.602 17909 17909 D orientation: onSensorChanged: 1
11-05 08:00:52.643 17909 17909 D orientation: onSensorChanged: 1
11-05 08:00:52.683 17909 17909 D orientation: onSensorChanged: 1
11-05 08:00:52.762 17909 17909 D MIUIInput: [KeyEvent] ViewRootImpl windowName
'com.corepix.videorecording/com.smartvlogger.ScriptsActivity', KeyEvent
{ action=ACTION_DOWN, keyCode=KEYCODE_BACK, scanCode=0, metaState=0, flags=0x48,
repeatCount=0, eventTime=729195791, downTime=729195791, deviceId=-1, source=0x101,
displayId=0 }, phoneEventTime=08:00:52.752
11-05 08:00:52.803 17909 17909 D orientation: onSensorChanged: 1
11-05 08:00:52.874 17909 17909 D MIUIInput: [KeyEvent] ViewRootImpl windowName
'com.corepix.videorecording/com.smartvlogger.ScriptsActivity', KeyEvent
{ action=ACTION_UP, keyCode=KEYCODE_BACK, scanCode=0, metaState=0, flags=0x48,
repeatCount=0, eventTime=729195904, downTime=729195791, deviceId=-1, source=0x101,
displayId=0 }, phoneEventTime=08:00:52.865
11-05 08:00:52.947 17909 17909 D DecorView[]: onWindowFocusChanged hasWindowFocus
false
11-05 08:00:52.963 17909 17909 D Surface : lockCanvas
11-05 08:00:52.982 17909 18518 I libPerfCtl: fbcNotifySbeRescue ret=-1
11-05 08:00:52.993 17909 17909 D Surface : lockCanvas
11-05 08:00:53.005 17909 17909 D orientation: onSensorChanged: 1
11-05 08:00:53.007 17909 17909 D Surface : lockCanvas
11-05 08:00:53.023 17909 18518 I libPerfCtl: fbcNotifySbeRescue ret=-1
11-05 08:00:53.031 17909 17909 D Surface : lockCanvas
11-05 08:00:53.040 17909 17909 D Surface : lockCanvas
11-05 08:00:53.048 17909 17909 D orientation: onSensorChanged: 1
11-05 08:00:53.057 17909 17909 D Surface : lockCanvas
11-05 08:00:53.073 17909 18518 I libPerfCtl: fbcNotifySbeRescue ret=-1
11-05 08:00:53.076 17909 17909 D Surface : lockCanvas
11-05 08:00:53.160 17909 17919 W SQLiteConnectionPool: A SQLiteConnection object
for database '/data/user/0/com.corepix.videorecording/databases/scriptDB' was
leaked! Please fix your application to end transactions in progress properly and
to close the database when it is no longer needed.
11-05 08:00:53.161 17909 17919 W System : A resource failed to call close.
11-05 08:00:53.161 17909 17919 W System : A resource failed to call close.
11-05 08:00:53.162 17909 17919 W System : A resource failed to call close.
11-05 08:00:53.284 17909 17909 D orientation: onSensorChanged: 1
11-05 08:00:53.324 17909 17909 D orientation: onSensorChanged: 1
11-05 08:00:53.486 17909 17909 D orientation: onSensorChanged: 1
11-05 08:00:53.525 17909 17909 D orientation: onSensorChanged: 1
11-05 08:00:53.560 17909 17909 I BufferQueueProducer:
[ViewRootImpl[ScriptsActivity]#31(BLAST Consumer)31]
(id:45f500000022,api:2,p:17909,c:17909) disconnect: api 2
11-05 08:00:53.573 17909 18518 I libPerfCtl: fbcNotifySbeRescue ret=-1
11-05 08:00:53.775 17909 17909 I BLASTBufferQueue:
[ViewRootImpl[ScriptsActivity]#31] destructor()
11-05 08:00:53.775 17909 17909 I BufferQueueConsumer:
[ViewRootImpl[ScriptsActivity]#31(BLAST Consumer)31](id:45f500000022,api:0,p:-
1,c:17909) disconnect
11-05 08:00:53.783 17909 17909 D orientation: onSensorChanged: 1
11-05 08:00:53.783 17909 17909 D orientation: onSensorChanged: 1
11-05 08:00:53.783 17909 17909 D orientation: onSensorChanged: 1
11-05 08:00:53.798 17909 17909 D View : [Warning] assignParent to null: this =
DecorView@b701e40[ScriptsActivity]
11-05 08:00:53.810 17909 19686 I BLASTBufferQueue: releaseBufferCallbackThunk
bufferId:76918569304187 framenumber:17 blastBufferQueue is dead
11-05 08:00:53.847 17909 17909 D orientation: onSensorChanged: 1
11-05 08:00:53.927 17909 17909 D orientation: onSensorChanged: 1
11-05 08:00:53.967 17909 17909 D orientation: onSensorChanged: 1
11-05 08:00:53.967 17909 17909 D orientation: onSensorChanged: 1
11-05 08:00:54.207 17909 17909 D orientation: onSensorChanged: 1
11-05 08:00:54.369 17909 17909 D orientation: onSensorChanged: 1
11-05 08:00:54.409 17909 17909 D orientation: onSensorChanged: 1
11-05 08:00:54.489 17909 17909 D orientation: onSensorChanged: 1
11-05 08:00:54.770 17909 17909 D orientation: onSensorChanged: 1
11-05 08:00:54.770 17909 17909 D orientation: onSensorChanged: 1
11-05 08:00:54.951 17909 19988 I FA : Application backgrounded at:
timestamp_millis: 1730764852946
11-05 08:00:55.011 17909 17909 D orientation: onSensorChanged: 1
11-05 08:00:55.131 17909 17909 D orientation: onSensorChanged: 1
11-05 08:00:55.375 17909 17909 D orientation: onSensorChanged: 1
11-05 08:00:55.412 17909 17909 D orientation: onSensorChanged: 1
11-05 08:00:55.573 17909 17909 D orientation: onSensorChanged: 1
11-05 08:00:55.613 17909 17909 D orientation: onSensorChanged: 1
11-05 08:00:55.814 17909 17909 D orientation: onSensorChanged: 1
11-05 08:00:55.935 17909 17909 D orientation: onSensorChanged: 1
11-05 08:00:56.014 17909 17909 D orientation: onSensorChanged: 1
11-05 08:00:56.054 17909 17909 D orientation: onSensorChanged: 1
11-05 08:00:56.135 17909 17909 D orientation: onSensorChanged: 1
11-05 08:00:56.175 17909 17909 D orientation: onSensorChanged: 1
11-05 08:00:56.256 17909 17909 D orientation: onSensorChanged: 1
11-05 08:00:56.336 17909 17909 D orientation: onSensorChanged: 1
11-05 08:00:56.336 17909 17909 D orientation: onSensorChanged: 1
11-05 08:00:56.416 17909 17909 D orientation: onSensorChanged: 1
11-05 08:00:56.536 17909 17909 D orientation: onSensorChanged: 1
11-05 08:00:56.657 17909 17909 D orientation: onSensorChanged: 1
11-05 08:00:56.697 17909 17909 D orientation: onSensorChanged: 1
11-05 08:00:56.737 17909 17909 D orientation: onSensorChanged: 1
11-05 08:00:56.938 17909 17909 D orientation: onSensorChanged: 1
11-05 08:00:57.547 17909 17909 D orientation: onSensorChanged: 1
11-05 08:00:57.580 17909 17909 D orientation: onSensorChanged: 1
11-05 08:00:57.660 17909 17909 D orientation: onSensorChanged: 1
11-05 08:00:57.660 17909 17909 D orientation: onSensorChanged: 1
11-05 08:00:57.741 17909 17909 D orientation: onSensorChanged: 1
11-05 08:00:57.941 17909 17909 D orientation: onSensorChanged: 1
11-05 08:00:57.941 17909 17909 D orientation: onSensorChanged: 1
11-05 08:00:57.981 17909 17909 D orientation: onSensorChanged: 1
11-05 08:00:58.062 17909 17909 D orientation: onSensorChanged: 1
11-05 08:00:58.142 17909 17909 D orientation: onSensorChanged: 1
11-05 08:00:58.343 17909 17909 D orientation: onSensorChanged: 1
11-05 08:00:58.383 17909 17909 D orientation: onSensorChanged: 1
11-05 08:00:58.503 17909 17909 D orientation: onSensorChanged: 1
11-05 08:00:58.543 17909 17909 D orientation: onSensorChanged: 1
11-05 08:00:58.583 17909 17909 D orientation: onSensorChanged: 1
11-05 08:00:58.624 17909 17909 D orientation: onSensorChanged: 1
11-05 08:00:58.744 17909 17909 D orientation: onSensorChanged: 1
11-05 08:00:59.066 17909 17909 D orientation: onSensorChanged: 1
11-05 08:00:59.106 17909 17909 D orientation: onSensorChanged: 1
11-05 08:00:59.146 17909 17909 D orientation: onSensorChanged: 1
11-05 08:00:59.307 17909 17909 D orientation: onSensorChanged: 1
11-05 08:00:59.427 17909 17909 D orientation: onSensorChanged: 1
11-05 08:00:59.467 17909 17909 D orientation: onSensorChanged: 1
11-05 08:00:59.909 17909 17909 D orientation: onSensorChanged: 1
11-05 08:01:00.069 17909 17909 D orientation: onSensorChanged: 1
11-05 08:01:00.069 17909 17909 D orientation: onSensorChanged: 1
11-05 08:01:00.109 17909 17909 D orientation: onSensorChanged: 1
11-05 08:01:00.150 17909 17909 D orientation: onSensorChanged: 1
11-05 08:01:00.190 17909 17909 D orientation: onSensorChanged: 1
11-05 08:01:00.310 17909 17909 D orientation: onSensorChanged: 1
11-05 08:01:00.310 17909 17909 D orientation: onSensorChanged: 1
11-05 08:01:00.350 17909 17909 D orientation: onSensorChanged: 1
11-05 08:01:00.511 17909 17909 D orientation: onSensorChanged: 1
11-05 08:01:00.551 17909 17909 D orientation: onSensorChanged: 1
11-05 08:01:00.632 17909 17909 D orientation: onSensorChanged: 1
11-05 08:01:00.672 17909 17909 D orientation: onSensorChanged: 1
11-05 08:01:00.712 17909 17909 D orientation: onSensorChanged: 1
11-05 08:01:00.752 17909 17909 D orientation: onSensorChanged: 1
11-05 08:01:00.993 17909 17909 D orientation: onSensorChanged: 1
11-05 08:01:01.033 17909 17909 D orientation: onSensorChanged: 1
11-05 08:01:01.154 17909 17909 D orientation: onSensorChanged: 1
11-05 08:01:01.154 17909 17909 D orientation: onSensorChanged: 1
11-05 08:01:01.437 17909 17909 D orientation: onSensorChanged: 1
11-05 08:01:01.477 17909 17909 D orientation: onSensorChanged: 1
11-05 08:01:01.518 17909 17909 D orientation: onSensorChanged: 1
11-05 08:01:01.638 17909 17909 D orientation: onSensorChanged: 1
11-05 08:01:01.717 17909 17909 D orientation: onSensorChanged: 1
11-05 08:01:01.798 17909 17909 D orientation: onSensorChanged: 1
11-05 08:01:01.879 17909 17909 D orientation: onSensorChanged: 1
11-05 08:01:01.958 17909 17909 D orientation: onSensorChanged: 1
11-05 08:01:02.279 17909 17909 D orientation: onSensorChanged: 1
11-05 08:01:02.360 17909 17909 D orientation: onSensorChanged: 1
11-05 08:01:02.401 17909 17909 D orientation: onSensorChanged: 1
11-05 08:01:02.521 17909 17909 D orientation: onSensorChanged: 1
11-05 08:01:02.642 17909 17909 D orientation: onSensorChanged: 1
11-05 08:01:02.963 17909 17909 D orientation: onSensorChanged: 1
11-05 08:01:03.043 17909 17909 D orientation: onSensorChanged: 1
11-05 08:01:03.084 17909 17909 D orientation: onSensorChanged: 1
11-05 08:01:03.325 17909 17909 D orientation: onSensorChanged: 1
11-05 08:01:03.365 17909 17909 D orientation: onSensorChanged: 1
11-05 08:01:03.444 17909 17909 D orientation: onSensorChanged: 1
11-05 08:01:03.484 17909 17909 D orientation: onSensorChanged: 1
11-05 08:01:03.525 17909 17909 D orientation: onSensorChanged: 1
11-05 08:01:03.807 17909 17909 D orientation: onSensorChanged: 1
11-05 08:01:03.886 17909 17909 D orientation: onSensorChanged: 1
11-05 08:01:03.887 17909 17909 D orientation: onSensorChanged: 1
11-05 08:01:03.928 17909 17909 D orientation: onSensorChanged: 1
11-05 08:01:03.967 17909 17909 D orientation: onSensorChanged: 1
11-05 08:01:03.967 17909 17909 D orientation: onSensorChanged: 1
11-05 08:01:04.167 17909 17909 D orientation: onSensorChanged: 1
11-05 08:01:04.329 17909 17909 D orientation: onSensorChanged: 1
11-05 08:01:04.408 17909 17909 D orientation: onSensorChanged: 1
11-05 08:01:04.529 17909 17909 D orientation: onSensorChanged: 1
11-05 08:01:04.690 17909 17909 D orientation: onSensorChanged: 1
11-05 08:01:04.809 17909 17909 D orientation: onSensorChanged: 1
11-05 08:01:04.890 17909 17909 D orientation: onSensorChanged: 1
11-05 08:01:05.091 17909 17909 D orientation: onSensorChanged: 1
11-05 08:01:05.170 17909 17909 D orientation: onSensorChanged: 1
11-05 08:01:05.331 17909 17909 D orientation: onSensorChanged: 1
11-05 08:01:05.331 17909 17909 D orientation: onSensorChanged: 1
11-05 08:01:05.371 17909 17909 D orientation: onSensorChanged: 1
11-05 08:01:05.693 17909 17909 D orientation: onSensorChanged: 1
11-05 08:01:05.854 17909 17909 D orientation: onSensorChanged: 1
11-05 08:01:05.934 17909 17909 D orientation: onSensorChanged: 1
11-05 08:01:06.014 17909 17909 D orientation: onSensorChanged: 1
11-05 08:01:06.056 17909 17909 D orientation: onSensorChanged: 1
11-05 08:01:06.135 17909 17909 D orientation: onSensorChanged: 1
11-05 08:01:06.176 17909 17909 D orientation: onSensorChanged: 1
11-05 08:01:06.376 17909 17909 D orientation: onSensorChanged: 1
11-05 08:01:06.576 17909 17909 D orientation: onSensorChanged: 1
11-05 08:01:06.697 17909 17909 D orientation: onSensorChanged: 1
11-05 08:01:06.819 17909 17909 D orientation: onSensorChanged: 1
11-05 08:01:06.979 17909 17909 D orientation: onSensorChanged: 1
11-05 08:01:07.019 17909 17909 D orientation: onSensorChanged: 1
11-05 08:01:07.019 17909 17909 D orientation: onSensorChanged: 1
11-05 08:01:07.181 17909 17909 D orientation: onSensorChanged: 1
11-05 08:01:07.419 17909 17909 D orientation: onSensorChanged: 1
11-05 08:01:07.459 17909 17909 D orientation: onSensorChanged: 1
11-05 08:01:07.580 17909 17909 D orientation: onSensorChanged: 1
11-05 08:01:07.661 17909 17909 D orientation: onSensorChanged: 1
11-05 08:01:07.661 17909 17909 D orientation: onSensorChanged: 1
11-05 08:01:07.861 17909 17909 D orientation: onSensorChanged: 1
11-05 08:01:08.102 17909 17909 D orientation: onSensorChanged: 1
11-05 08:01:08.142 17909 17909 D orientation: onSensorChanged: 1
11-05 08:01:08.263 17909 17909 D orientation: onSensorChanged: 1
11-05 08:01:08.303 17909 17909 D orientation: onSensorChanged: 1
11-05 08:01:08.424 17909 17909 D orientation: onSensorChanged: 1
11-05 08:01:08.625 17909 17909 D orientation: onSensorChanged: 1
11-05 08:01:08.666 17909 17909 D orientation: onSensorChanged: 1
11-05 08:01:08.706 17909 17909 D orientation: onSensorChanged: 1
11-05 08:01:08.787 17909 17909 D orientation: onSensorChanged: 1
11-05 08:01:08.867 17909 17909 D orientation: onSensorChanged: 1
11-05 08:01:08.948 17909 17909 D orientation: onSensorChanged: 1
11-05 08:01:09.067 17909 17909 D orientation: onSensorChanged: 1
11-05 08:01:09.226 17909 17909 D orientation: onSensorChanged: 1
11-05 08:01:09.427 17909 17909 D orientation: onSensorChanged: 1
11-05 08:01:09.508 17909 17909 D orientation: onSensorChanged: 1
11-05 08:01:09.668 17909 17909 D orientation: onSensorChanged: 1
11-05 08:01:09.829 17909 17909 D orientation: onSensorChanged: 1
11-05 08:01:10.030 17909 17909 D orientation: onSensorChanged: 1
11-05 08:01:10.833 17909 17909 D orientation: onSensorChanged: 1
11-05 08:01:10.913 17909 17909 D orientation: onSensorChanged: 1
11-05 08:01:10.953 17909 17909 D orientation: onSensorChanged: 1
11-05 08:01:10.993 17909 17909 D orientation: onSensorChanged: 1
11-05 08:01:11.033 17909 17909 D orientation: onSensorChanged: 1
11-05 08:01:11.274 17909 17909 D orientation: onSensorChanged: 1
11-05 08:01:11.314 17909 17909 D orientation: onSensorChanged: 1
11-05 08:01:11.475 17909 17909 D orientation: onSensorChanged: 1
11-05 08:01:11.676 17909 17909 D orientation: onSensorChanged: 1
11-05 08:01:11.756 17909 17909 D orientation: onSensorChanged: 1
11-05 08:01:11.837 17909 17909 D orientation: onSensorChanged: 1
11-05 08:01:12.078 17909 17909 D orientation: onSensorChanged: 1
11-05 08:01:12.118 17909 17909 D orientation: onSensorChanged: 1
11-05 08:01:12.158 17909 17909 D orientation: onSensorChanged: 1
11-05 08:01:12.158 17909 17909 D orientation: onSensorChanged: 1
11-05 08:01:12.522 17909 17909 D orientation: onSensorChanged: 1
11-05 08:01:12.562 17909 17909 D orientation: onSensorChanged: 1
11-05 08:01:12.602 17909 17909 D orientation: onSensorChanged: 1
11-05 08:01:12.602 17909 17909 D orientation: onSensorChanged: 1
11-05 08:01:12.642 17909 17909 D orientation: onSensorChanged: 1
11-05 08:01:12.642 17909 17909 D orientation: onSensorChanged: 1
11-05 08:01:12.682 17909 17909 D orientation: onSensorChanged: 1
11-05 08:01:12.721 17909 17909 D orientation: onSensorChanged: 1
11-05 08:01:12.762 17909 17909 D orientation: onSensorChanged: 1
11-05 08:01:12.763 17909 17909 D orientation: onSensorChanged: 1
11-05 08:01:12.801 17909 17909 D orientation: onSensorChanged: 1
11-05 08:01:12.843 17909 17909 D orientation: onSensorChanged: 1
11-05 08:01:13.003 17909 17909 D orientation: onSensorChanged: 1
11-05 08:01:13.243 17909 17909 D orientation: onSensorChanged: 1
11-05 08:01:13.404 17909 17909 D orientation: onSensorChanged: 1
11-05 08:01:13.444 17909 17909 D orientation: onSensorChanged: 1
11-05 08:01:13.523 17909 17909 D orientation: onSensorChanged: 1
11-05 08:01:13.644 17909 17909 D orientation: onSensorChanged: 1
11-05 08:01:13.685 17909 17909 D orientation: onSensorChanged: 1
11-05 08:01:13.765 17909 17909 D orientation: onSensorChanged: 1
11-05 08:01:13.925 17909 17909 D orientation: onSensorChanged: 1
11-05 08:01:13.966 17909 17909 D orientation: onSensorChanged: 1
11-05 08:01:14.046 17909 17909 D orientation: onSensorChanged: 1
11-05 08:01:14.166 17909 17909 D orientation: onSensorChanged: 1
11-05 08:01:14.247 17909 17909 D orientation: onSensorChanged: 1
11-05 08:01:14.286 17909 17909 D orientation: onSensorChanged: 1
11-05 08:01:14.367 17909 17909 D orientation: onSensorChanged: 1
11-05 08:01:14.608 17909 17909 D orientation: onSensorChanged: 1
11-05 08:01:14.768 17909 17909 D orientation: onSensorChanged: 1
11-05 08:01:14.889 17909 17909 D orientation: onSensorChanged: 1
11-05 08:01:15.050 17909 17909 D orientation: onSensorChanged: 1
11-05 08:01:15.612 17909 17909 D orientation: onSensorChanged: 1
11-05 08:01:15.692 17909 17909 D orientation: onSensorChanged: 1
11-05 08:01:16.094 17909 17909 D orientation: onSensorChanged: 1
11-05 08:01:16.174 17909 17909 D orientation: onSensorChanged: 1
11-05 08:01:16.375 17909 17909 D orientation: onSensorChanged: 1
11-05 08:01:16.576 17909 17909 D orientation: onSensorChanged: 1
11-05 08:01:16.857 17909 17909 D orientation: onSensorChanged: 1
11-05 08:01:17.017 17909 17909 D orientation: onSensorChanged: 1
11-05 08:01:17.218 17909 17909 D orientation: onSensorChanged: 1
11-05 08:01:17.620 17909 17909 D orientation: onSensorChanged: 1
11-05 08:01:17.620 17909 17909 D orientation: onSensorChanged: 1
11-05 08:01:17.861 17909 17909 D orientation: onSensorChanged: 1
11-05 08:01:17.901 17909 17909 D orientation: onSensorChanged: 1
11-05 08:01:17.901 17909 17909 D orientation: onSensorChanged: 1
11-05 08:01:17.942 17909 17909 D orientation: onSensorChanged: 1
11-05 08:01:18.303 17909 17909 D orientation: onSensorChanged: 1
11-05 08:01:18.343 17909 17909 D orientation: onSensorChanged: 1
11-05 08:01:18.383 17909 17909 D orientation: onSensorChanged: 1
11-05 08:01:18.383 17909 17909 D orientation: onSensorChanged: 1
11-05 08:01:18.704 17909 17909 D orientation: onSensorChanged: 1
11-05 08:01:18.785 17909 17909 D orientation: onSensorChanged: 1
11-05 08:01:19.026 17909 17909 D orientation: onSensorChanged: 1
11-05 08:01:19.066 17909 17909 D orientation: onSensorChanged: 1
11-05 08:01:19.266 17909 17909 D orientation: onSensorChanged: 1
11-05 08:01:19.387 17909 17909 D orientation: onSensorChanged: 1
11-05 08:01:19.547 17909 17909 D orientation: onSensorChanged: 1
11-05 08:01:19.587 17909 17909 D orientation: onSensorChanged: 1
11-05 08:01:19.748 17909 17909 D orientation: onSensorChanged: 1
11-05 08:01:19.788 17909 17909 D orientation: onSensorChanged: 1
11-05 08:01:19.788 17909 17909 D orientation: onSensorChanged: 1
11-05 08:01:20.391 17909 17909 D orientation: onSensorChanged: 1
11-05 08:01:20.592 17909 17909 D orientation: onSensorChanged: 1
11-05 08:01:20.672 17909 17909 D orientation: onSensorChanged: 1
11-05 08:01:20.993 17909 17909 D orientation: onSensorChanged: 1
11-05 08:01:21.073 17909 17909 D orientation: onSensorChanged: 1
11-05 08:01:21.154 17909 17909 D orientation: onSensorChanged: 1
11-05 08:01:21.314 17909 17909 D orientation: onSensorChanged: 1
11-05 08:01:21.555 17909 17909 D orientation: onSensorChanged: 1
11-05 08:01:21.555 17909 17909 D orientation: onSensorChanged: 1
11-05 08:01:21.595 17909 17909 D orientation: onSensorChanged: 1
11-05 08:01:21.636 17909 17909 D orientation: onSensorChanged: 1
11-05 08:01:21.636 17909 17909 D orientation: onSensorChanged: 1
11-05 08:01:21.676 17909 17909 D orientation: onSensorChanged: 1
11-05 08:01:21.676 17909 17909 D orientation: onSensorChanged: 1
11-05 08:01:21.716 17909 17909 D orientation: onSensorChanged: 1
11-05 08:01:21.877 17909 17909 D orientation: onSensorChanged: 1
11-05 08:01:21.917 17909 17909 D orientation: onSensorChanged: 1
11-05 08:01:22.399 17909 17909 D orientation: onSensorChanged: 1
11-05 08:01:22.560 17909 17909 D orientation: onSensorChanged: 1
11-05 08:01:22.720 17909 17909 D orientation: onSensorChanged: 1
11-05 08:01:22.881 17909 17909 D orientation: onSensorChanged: 1
11-05 08:01:22.921 17909 17909 D orientation: onSensorChanged: 1
11-05 08:01:23.324 17909 17909 D orientation: onSensorChanged: 1
11-05 08:01:23.765 17909 17909 D orientation: onSensorChanged: 1
11-05 08:01:23.848 17909 17909 D orientation: onSensorChanged: 1
11-05 08:01:24.006 17909 17909 D orientation: onSensorChanged: 1
11-05 08:01:24.006 17909 17909 D orientation: onSensorChanged: 1
11-05 08:01:24.247 17909 17909 D orientation: onSensorChanged: 1
11-05 08:01:24.327 17909 17909 D orientation: onSensorChanged: 1
11-05 08:01:24.408 17909 17909 D orientation: onSensorChanged: 1
11-05 08:01:24.488 17909 17909 D orientation: onSensorChanged: 1
11-05 08:01:24.608 17909 17909 D orientation: onSensorChanged: 1
11-05 08:01:24.689 17909 17909 D orientation: onSensorChanged: 1
11-05 08:01:24.729 17909 17909 D orientation: onSensorChanged: 1
11-05 08:01:24.769 17909 17909 D orientation: onSensorChanged: 1
11-05 08:01:24.809 17909 17909 D orientation: onSensorChanged: 1
11-05 08:01:25.010 17909 17909 D orientation: onSensorChanged: 1
11-05 08:01:25.050 17909 17909 D orientation: onSensorChanged: 1
11-05 08:01:25.211 17909 17909 D orientation: onSensorChanged: 1
11-05 08:01:25.251 17909 17909 D orientation: onSensorChanged: 1
11-05 08:01:25.291 17909 17909 D orientation: onSensorChanged: 1
11-05 08:01:25.331 17909 17909 D orientation: onSensorChanged: 1
11-05 08:01:25.331 17909 17909 D orientation: onSensorChanged: 1
11-05 08:01:25.371 17909 17909 D orientation: onSensorChanged: 1
11-05 08:01:25.452 17909 17909 D orientation: onSensorChanged: 1
11-05 08:01:25.775 17909 17909 D orientation: onSensorChanged: 1
11-05 08:01:25.855 17909 17909 D orientation: onSensorChanged: 1
11-05 08:01:25.936 17909 17909 D orientation: onSensorChanged: 1
11-05 08:01:25.976 17909 17909 D orientation: onSensorChanged: 1
11-05 08:01:26.135 17909 17909 D orientation: onSensorChanged: 1
11-05 08:01:26.136 17909 17909 D orientation: onSensorChanged: 1
11-05 08:01:26.417 17909 17909 D orientation: onSensorChanged: 1
11-05 08:01:26.458 17909 17909 D orientation: onSensorChanged: 1
11-05 08:01:26.458 17909 17909 D orientation: onSensorChanged: 1
11-05 08:01:26.578 17909 17909 D orientation: onSensorChanged: 1
11-05 08:01:26.618 17909 17909 D orientation: onSensorChanged: 1
11-05 08:01:26.778 17909 17909 D orientation: onSensorChanged: 1
11-05 08:01:26.778 17909 17909 D orientation: onSensorChanged: 1
11-05 08:01:26.819 17909 17909 D orientation: onSensorChanged: 1
11-05 08:01:26.939 17909 17909 D orientation: onSensorChanged: 1
11-05 08:01:27.020 17909 17909 D orientation: onSensorChanged: 1
11-05 08:01:27.141 17909 17909 D orientation: onSensorChanged: 1
11-05 08:01:27.421 17909 17909 D orientation: onSensorChanged: 1
11-05 08:01:27.461 17909 17909 D orientation: onSensorChanged: 1
11-05 08:01:27.501 17909 17909 D orientation: onSensorChanged: 1
11-05 08:01:27.583 17909 17909 D orientation: onSensorChanged: 1
11-05 08:01:27.623 17909 17909 D orientation: onSensorChanged: 1
11-05 08:01:27.703 17909 17909 D orientation: onSensorChanged: 1
11-05 08:01:27.782 17909 17909 D orientation: onSensorChanged: 1
11-05 08:01:27.823 17909 17909 D orientation: onSensorChanged: 1
11-05 08:01:27.864 17909 17909 D orientation: onSensorChanged: 1
11-05 08:01:27.904 17909 17909 D orientation: onSensorChanged: 1
11-05 08:01:27.944 17909 17909 D orientation: onSensorChanged: 1
11-05 08:01:27.944 17909 17909 D orientation: onSensorChanged: 1
11-05 08:01:27.982 17909 17909 D orientation: onSensorChanged: 1
11-05 08:01:28.023 17909 17909 D orientation: onSensorChanged: 1
11-05 08:01:28.184 17909 17909 D orientation: onSensorChanged: 1
11-05 08:01:28.224 17909 17909 D orientation: onSensorChanged: 1
11-05 08:01:28.304 17909 17909 D orientation: onSensorChanged: 1
11-05 08:01:28.705 17909 17909 D orientation: onSensorChanged: 1
11-05 08:01:28.787 17909 17909 D orientation: onSensorChanged: 1
11-05 08:01:28.907 17909 17909 D orientation: onSensorChanged: 1
11-05 08:01:28.988 17909 17909 D orientation: onSensorChanged: 1
11-05 08:01:29.027 17909 17909 D orientation: onSensorChanged: 1
11-05 08:01:29.147 17909 17909 D orientation: onSensorChanged: 1
11-05 08:01:29.188 17909 17909 D orientation: onSensorChanged: 1
11-05 08:01:29.227 17909 17909 D orientation: onSensorChanged: 1
11-05 08:01:29.309 17909 17909 D orientation: onSensorChanged: 1
11-05 08:01:29.389 17909 17909 D orientation: onSensorChanged: 1
11-05 08:01:30.232 17909 17909 D orientation: onSensorChanged: 1
11-05 08:01:30.393 17909 17909 D orientation: onSensorChanged: 1
11-05 08:01:30.393 17909 17909 D orientation: onSensorChanged: 1
11-05 08:01:30.473 17909 17909 D orientation: onSensorChanged: 1
11-05 08:01:30.634 17909 17909 D orientation: onSensorChanged: 1
11-05 08:01:30.755 17909 17909 D orientation: onSensorChanged: 1
11-05 08:01:30.915 17909 17909 D orientation: onSensorChanged: 1
11-05 08:01:31.075 17909 17909 D orientation: onSensorChanged: 1
11-05 08:01:31.197 17909 17909 D orientation: onSensorChanged: 1
11-05 08:01:31.278 17909 17909 D orientation: onSensorChanged: 1
11-05 08:01:31.518 17909 17909 D orientation: onSensorChanged: 1
11-05 08:01:31.558 17909 17909 D orientation: onSensorChanged: 1
11-05 08:01:31.558 17909 17909 D orientation: onSensorChanged: 1
11-05 08:01:31.799 17909 17909 D orientation: onSensorChanged: 1
11-05 08:01:31.799 17909 17909 D orientation: onSensorChanged: 1
11-05 08:01:32.119 17909 17909 D orientation: onSensorChanged: 1
11-05 08:01:32.200 17909 17909 D orientation: onSensorChanged: 1
11-05 08:01:32.321 17909 17909 D orientation: onSensorChanged: 1
11-05 08:01:32.401 17909 17909 D orientation: onSensorChanged: 1
11-05 08:01:32.521 17909 17909 D orientation: onSensorChanged: 1
11-05 08:01:32.803 17909 17909 D orientation: onSensorChanged: 1
11-05 08:01:32.884 17909 17909 D orientation: onSensorChanged: 1
11-05 08:01:33.204 17909 17909 D orientation: onSensorChanged: 1
11-05 08:01:33.285 17909 17909 D orientation: onSensorChanged: 1
11-05 08:01:33.527 17909 17909 D orientation: onSensorChanged: 1
11-05 08:01:33.728 17909 17909 D orientation: onSensorChanged: 1
11-05 08:01:33.887 17909 17909 D orientation: onSensorChanged: 1
11-05 08:01:34.169 17909 17909 D orientation: onSensorChanged: 1
11-05 08:01:34.571 17909 17909 D orientation: onSensorChanged: 1
11-05 08:01:34.732 17909 17909 D orientation: onSensorChanged: 1
11-05 08:01:34.933 17909 17909 D orientation: onSensorChanged: 1
11-05 08:01:34.933 17909 17909 D orientation: onSensorChanged: 1
11-05 08:01:35.053 17909 17909 D orientation: onSensorChanged: 1
11-05 08:01:35.174 17909 17909 D orientation: onSensorChanged: 1
11-05 08:01:35.253 17909 17909 D orientation: onSensorChanged: 1
11-05 08:01:35.374 17909 17909 D orientation: onSensorChanged: 1
11-05 08:01:35.696 17909 17909 D orientation: onSensorChanged: 1
11-05 08:01:35.897 17909 17909 D orientation: onSensorChanged: 1
11-05 08:01:36.297 17909 17909 D orientation: onSensorChanged: 1
11-05 08:01:36.297 17909 17909 D orientation: onSensorChanged: 1
11-05 08:01:36.417 17909 17909 D orientation: onSensorChanged: 1
11-05 08:01:36.739 17909 17909 D orientation: onSensorChanged: 1
11-05 08:01:36.779 17909 17909 D orientation: onSensorChanged: 1
11-05 08:01:36.899 17909 17909 D orientation: onSensorChanged: 1
11-05 08:01:36.980 17909 17909 D orientation: onSensorChanged: 1
11-05 08:01:37.020 17909 17909 D orientation: onSensorChanged: 1
11-05 08:01:37.181 17909 17909 D orientation: onSensorChanged: 1
11-05 08:01:37.381 17909 17909 D orientation: onSensorChanged: 1
11-05 08:01:37.583 17909 17909 D orientation: onSensorChanged: 1
11-05 08:01:37.623 17909 17909 D orientation: onSensorChanged: 1
11-05 08:01:37.743 17909 17909 D orientation: onSensorChanged: 1
11-05 08:01:37.743 17909 17909 D orientation: onSensorChanged: 1
11-05 08:01:37.783 17909 17909 D orientation: onSensorChanged: 1
11-05 08:01:37.783 17909 17909 D orientation: onSensorChanged: 1
11-05 08:01:37.823 17909 17909 D orientation: onSensorChanged: 1
11-05 08:01:37.863 17909 17909 D orientation: onSensorChanged: 1
11-05 08:01:37.863 17909 17909 D orientation: onSensorChanged: 1
11-05 08:01:37.944 17909 17909 D orientation: onSensorChanged: 1
11-05 08:01:37.984 17909 17909 D orientation: onSensorChanged: 1
11-05 08:01:42.161 17909 17909 D orientation: onSensorChanged: 1
11-05 08:01:42.282 17909 17909 D orientation: onSensorChanged: 1
11-05 08:01:42.563 17909 17909 D orientation: onSensorChanged: 1
11-05 08:01:42.603 17909 17909 D orientation: onSensorChanged: 1
11-05 08:01:42.724 17909 17909 D orientation: onSensorChanged: 1
11-05 08:01:42.764 17909 17909 D orientation: onSensorChanged: 1
11-05 08:01:42.764 17909 17909 D orientation: onSensorChanged: 1
11-05 08:01:42.804 17909 17909 D orientation: onSensorChanged: 1
11-05 08:01:42.845 17909 17909 D orientation: onSensorChanged: 1
11-05 08:01:42.926 17909 17909 D orientation: onSensorChanged: 1
11-05 08:01:43.046 17909 17909 D orientation: onSensorChanged: 1
11-05 08:01:43.087 17909 17909 D orientation: onSensorChanged: 1
11-05 08:01:43.206 17909 17909 D orientation: onSensorChanged: 1
11-05 08:01:43.246 17909 17909 D orientation: onSensorChanged: 1
11-05 08:01:43.327 17909 17909 D orientation: onSensorChanged: 1
11-05 08:01:43.366 17909 17909 D orientation: onSensorChanged: 1
11-05 08:01:43.688 17909 17909 D orientation: onSensorChanged: 1
11-05 08:01:43.768 17909 17909 D orientation: onSensorChanged: 1
11-05 08:01:43.929 17909 17909 D orientation: onSensorChanged: 1
11-05 08:01:44.010 17909 17909 D orientation: onSensorChanged: 1
11-05 08:01:44.170 17909 17909 D orientation: onSensorChanged: 1
11-05 08:01:44.411 17909 17909 D orientation: onSensorChanged: 1
11-05 08:01:44.492 17909 17909 D orientation: onSensorChanged: 1
11-05 08:01:44.532 17909 17909 D orientation: onSensorChanged: 1
11-05 08:01:44.733 17909 17909 D orientation: onSensorChanged: 1
11-05 08:01:44.813 17909 17909 D orientation: onSensorChanged: 1
11-05 08:01:44.853 17909 17909 D orientation: onSensorChanged: 1
11-05 08:01:44.933 17909 17909 D orientation: onSensorChanged: 1
11-05 08:01:44.974 17909 17909 D orientation: onSensorChanged: 1
11-05 08:01:45.014 17909 17909 D orientation: onSensorChanged: 1
11-05 08:01:45.215 17909 17909 D orientation: onSensorChanged: 1
11-05 08:01:45.335 17909 17909 D orientation: onSensorChanged: 1
11-05 08:01:45.415 17909 17909 D orientation: onSensorChanged: 1
11-05 08:01:45.496 17909 17909 D orientation: onSensorChanged: 1
11-05 08:01:45.496 17909 17909 D orientation: onSensorChanged: 1
11-05 08:01:45.817 17909 17909 D orientation: onSensorChanged: 1
11-05 08:01:45.817 17909 17909 D orientation: onSensorChanged: 1
11-05 08:01:45.898 17909 17909 D orientation: onSensorChanged: 1
11-05 08:01:45.938 17909 17909 D orientation: onSensorChanged: 1
11-05 08:01:45.978 17909 17909 D orientation: onSensorChanged: 1
