0% found this document useful (0 votes)
15 views3 pages

Com - Upgadata.up7723 Logcat

The document contains a series of error logs from an application, indicating multiple failures related to frame skipping, access denied issues, and invalid IDs. There are repeated instances of 'Invalid ID 0x00000000' and failures to open specific files, which suggest potential issues with the application's ability to access necessary resources. Overall, the logs reflect significant operational problems that may hinder the application's performance.

Uploaded by

liyuxuan081226
Copyright
© © All Rights Reserved
We take content rights seriously. If you suspect this is your content, claim it here.
Available Formats
Download as TXT, PDF, TXT or read online on Scribd
0% found this document useful (0 votes)
15 views3 pages

Com - Upgadata.up7723 Logcat

The document contains a series of error logs from an application, indicating multiple failures related to frame skipping, access denied issues, and invalid IDs. There are repeated instances of 'Invalid ID 0x00000000' and failures to open specific files, which suggest potential issues with the application's ability to access necessary resources. Overall, the logs reflect significant operational problems that may hinder the application's performance.

Uploaded by

liyuxuan081226
Copyright
© © All Rights Reserved
We take content rights seriously. If you suspect this is your content, claim it here.
Available Formats
Download as TXT, PDF, TXT or read online on Scribd
You are on page 1/ 3

--------- beginning of main

05-31 23:55:41.447 21994 22038 E FrameSkip: FrameSkipInit app is not supported by


frameskip solution
05-31 23:55:41.475 21994 22038 E ion : ioctl c0044901 failed with code -1:
Invalid argument
05-31 23:55:41.511 21994 21994 E RtgSchedIpcFile: RtgSchedIpcFile failed to open
/proc/21994/rtg
05-31 23:55:41.511 21994 21994 E RtgSchedIpcFile: RtgSchedIpcFile failed to open
/proc/21994/rtg
05-31 23:55:41.511 21994 21994 E RtgSchedIpcFile: setCommandByIoctl not opened
05-31 23:55:41.861 22158 22158 E libc : Access denied finding property
"ro.serialno"
05-31 23:55:41.920 22170 22170 E libc : Access denied finding property
"persist.device_config.runtime_native.use_app_image_startup_cache"
05-31 23:55:41.920 22170 22170 E ta.up7723:blac: LoadAppImageStartupCache enabled :
1
05-31 23:55:41.935 22170 22170 E ta.up7723:blac: Not starting debugger since
process cannot load the jdwp agent.
05-31 23:55:41.953 21994 21994 E AppBackgroundObserver: onAppForeground
05-31 23:55:42.037 22170 22205 E BehaviorCollectManager: Fail to acquire
dataAnalyzerService...
05-31 23:55:42.074 21994 22219 E TbsPbProxy: TbsPbBridge Class.forName exception
05-31 23:55:42.129 21994 22092 E TBSBugly: init #00
05-31 23:55:42.129 21994 22092 E TBSBugly: init return can not use
05-31 23:55:42.209 21994 22264 E upgadata.up772: Invalid ID 0x00000000.
05-31 23:55:42.222 21994 22264 E upgadata.up772: Invalid ID 0x00000000.
05-31 23:55:42.295 21994 22264 E ion : ioctl c0044901 failed with code -1:
Invalid argument
05-31 23:55:42.310 21994 22264 E upgadata.up772: Invalid ID 0x00000000.
05-31 23:55:42.310 21994 22264 E upgadata.up772: Invalid ID 0x00000000.
05-31 23:55:42.341 21994 22264 E upgadata.up772: Invalid ID 0x00000000.
05-31 23:55:42.341 21994 22264 E upgadata.up772: Invalid ID 0x00000000.
05-31 23:55:42.377 21994 22264 E upgadata.up772: Invalid ID 0x00000000.
05-31 23:55:42.378 21994 22264 E upgadata.up772: Invalid ID 0x00000000.
05-31 23:55:42.401 21994 22264 E upgadata.up772: Invalid ID 0x00000000.
05-31 23:55:42.402 21994 22264 E upgadata.up772: Invalid ID 0x00000000.
05-31 23:55:42.742 21994 22281 E memtrack: Couldn't load memtrack module
05-31 23:55:43.047 21994 21994 E KING_CARD: WebSettingsExtension getQProxyEnabled
false
05-31 23:55:43.086 21994 22404 E KING_CARD: WebSettingsExtension getQProxyEnabled
false
05-31 23:55:45.182 21994 22264 E upgadata.up772: Invalid ID 0x00000000.
05-31 23:55:45.241 21994 22264 E upgadata.up772: Invalid ID 0x00000000.
05-31 23:55:46.595 21994 22117 E upgadata.up772: [HOTFIX][Report]Bind hotfix
monitor service fail!
05-31 23:55:47.026 21994 22264 E upgadata.up772: Invalid ID 0x00000000.
05-31 23:55:47.035 21994 22264 E upgadata.up772: Invalid ID 0x00000000.
05-31 23:55:47.081 21994 21994 E RtgSchedIpcFile: RtgSchedIpcFile failed to open
/proc/21994/rtg
05-31 23:55:47.081 21994 21994 E RtgSchedIpcFile: setCommandByIoctl not opened
05-31 23:55:47.340 21994 21994 E RtgSchedIpcFile: RtgSchedIpcFile failed to open
/proc/21994/rtg
05-31 23:55:47.340 21994 21994 E RtgSchedIpcFile: setCommandByIoctl not opened
05-31 23:55:52.065 21994 22264 E upgadata.up772: Invalid ID 0x00000000.
05-31 23:55:52.066 21994 22264 E upgadata.up772: Invalid ID 0x00000000.
05-31 23:56:02.075 21994 22264 E upgadata.up772: Invalid ID 0x00000000.
05-31 23:56:02.076 21994 22264 E upgadata.up772: Invalid ID 0x00000000.
05-31 23:56:09.460 21994 22264 E upgadata.up772: Invalid ID 0x00000000.
05-31 23:56:09.468 21994 22264 E upgadata.up772: Invalid ID 0x00000000.
05-31 23:56:14.473 21994 22264 E upgadata.up772: Invalid ID 0x00000000.
05-31 23:56:14.473 21994 22264 E upgadata.up772: Invalid ID 0x00000000.
05-31 23:56:14.851 21994 22264 E upgadata.up772: Invalid ID 0x00000000.
05-31 23:56:14.851 21994 22264 E upgadata.up772: Invalid ID 0x00000000.
05-31 23:56:15.068 21994 22264 E upgadata.up772: Invalid ID 0x00000000.
05-31 23:56:15.068 21994 22264 E upgadata.up772: Invalid ID 0x00000000.
05-31 23:56:21.867 21994 21994 E AwareLog: DynBufManager: endFling hash null
05-31 23:56:22.117 21994 22264 E upgadata.up772: Invalid ID 0x00000000.
05-31 23:56:22.118 21994 22264 E upgadata.up772: Invalid ID 0x00000000.
05-31 23:56:23.794 21994 22264 E upgadata.up772: Invalid ID 0x00000000.
05-31 23:56:23.795 21994 22264 E upgadata.up772: Invalid ID 0x00000000.
05-31 23:56:26.176 21994 21994 E AwareLog: DynBufManager: endFling hash null
05-31 23:56:28.056 21994 22264 E upgadata.up772: Invalid ID 0x00000000.
05-31 23:56:28.056 21994 22264 E upgadata.up772: Invalid ID 0x00000000.
05-31 23:56:32.246 21994 22264 E upgadata.up772: Invalid ID 0x00000000.
05-31 23:56:32.247 21994 22264 E upgadata.up772: Invalid ID 0x00000000.
05-31 23:56:42.175 21994 22264 E upgadata.up772: Invalid ID 0x00000000.
05-31 23:56:42.176 21994 22264 E upgadata.up772: Invalid ID 0x00000000.
05-31 23:56:42.197 21994 22264 E upgadata.up772: Invalid ID 0x00000000.
05-31 23:56:42.198 21994 22264 E upgadata.up772: Invalid ID 0x00000000.
05-31 23:56:52.196 21994 22264 E upgadata.up772: Invalid ID 0x00000000.
05-31 23:56:52.218 21994 22264 E upgadata.up772: Invalid ID 0x00000000.
05-31 23:57:07.252 21994 22264 E upgadata.up772: Invalid ID 0x00000000.
05-31 23:57:07.253 21994 22264 E upgadata.up772: Invalid ID 0x00000000.
05-31 23:57:17.433 21994 22264 E upgadata.up772: Invalid ID 0x00000000.
05-31 23:57:17.434 21994 22264 E upgadata.up772: Invalid ID 0x00000000.
05-31 23:57:27.453 21994 22264 E upgadata.up772: Invalid ID 0x00000000.
05-31 23:57:27.454 21994 22264 E upgadata.up772: Invalid ID 0x00000000.
05-31 23:57:31.993 21994 21994 E AwareLog: DynBufManager: endFling hash null
05-31 23:57:32.939 21994 21994 E AwareLog: DynBufManager: endFling hash null
05-31 23:57:35.472 21994 21994 E AwareLog: DynBufManager: endFling hash null
05-31 23:57:47.593 21994 22264 E upgadata.up772: Invalid ID 0x00000000.
05-31 23:57:47.593 21994 22264 E upgadata.up772: Invalid ID 0x00000000.
05-31 23:57:57.642 21994 22264 E upgadata.up772: Invalid ID 0x00000000.
05-31 23:57:57.643 21994 22264 E upgadata.up772: Invalid ID 0x00000000.
05-31 23:57:57.662 21994 22264 E upgadata.up772: Invalid ID 0x00000000.
05-31 23:57:57.663 21994 22264 E upgadata.up772: Invalid ID 0x00000000.
05-31 23:58:07.679 21994 22264 E upgadata.up772: Invalid ID 0x00000000.
05-31 23:58:07.701 21994 22264 E upgadata.up772: Invalid ID 0x00000000.
05-31 23:58:17.710 21994 22264 E upgadata.up772: Invalid ID 0x00000000.
05-31 23:58:17.831 21994 22264 E upgadata.up772: Invalid ID 0x00000000.
05-31 23:58:26.688 21994 21994 E upgadata.up772: Failed to open APK
'/data/user/0/com.upgadata.up7723/bzBox/data/app/com.aws.GachaRhythm/base.apk' I/O
error
05-31 23:58:27.737 21994 22264 E upgadata.up772: Invalid ID 0x00000000.
05-31 23:58:27.763 21994 22264 E upgadata.up772: Invalid ID 0x00000000.
05-31 23:58:37.775 21994 22264 E upgadata.up772: Invalid ID 0x00000000.
05-31 23:58:37.776 21994 22264 E upgadata.up772: Invalid ID 0x00000000.
05-31 23:58:40.389 21994 21994 E RtgSchedIpcFile: RtgSchedIpcFile failed to open
/proc/21994/rtg
05-31 23:58:40.389 21994 21994 E RtgSchedIpcFile: setCommandByIoctl not opened
05-31 23:58:40.998 21994 21994 E AppBackgroundObserver: onAppBackground
05-31 23:58:41.792 21994 21994 E AppBackgroundObserver: onAppForeground
05-31 23:58:42.007 21994 21994 E RtgSchedIpcFile: RtgSchedIpcFile failed to open
/proc/21994/rtg
05-31 23:58:42.007 21994 21994 E RtgSchedIpcFile: setCommandByIoctl not opened
05-31 23:58:42.665 21994 22264 E upgadata.up772: Invalid ID 0x00000000.
05-31 23:58:42.666 21994 22264 E upgadata.up772: Invalid ID 0x00000000.
05-31 23:58:47.814 21994 22264 E upgadata.up772: Invalid ID 0x00000000.
05-31 23:58:47.815 21994 22264 E upgadata.up772: Invalid ID 0x00000000.
05-31 23:59:02.131 21994 22264 E upgadata.up772: Invalid ID 0x00000000.
05-31 23:59:02.132 21994 22264 E upgadata.up772: Invalid ID 0x00000000.
05-31 23:59:03.091 21994 22264 E upgadata.up772: Invalid ID 0x00000000.
05-31 23:59:03.092 21994 22264 E upgadata.up772: Invalid ID 0x00000000.
05-31 23:59:07.871 21994 22264 E upgadata.up772: Invalid ID 0x00000000.
05-31 23:59:07.871 21994 22264 E upgadata.up772: Invalid ID 0x00000000.
05-31 23:59:17.879 21994 22264 E upgadata.up772: Invalid ID 0x00000000.
05-31 23:59:17.880 21994 22264 E upgadata.up772: Invalid ID 0x00000000.
05-31 23:59:27.895 21994 22264 E upgadata.up772: Invalid ID 0x00000000.
05-31 23:59:27.917 21994 22264 E upgadata.up772: Invalid ID 0x00000000.
05-31 23:59:37.938 21994 22264 E upgadata.up772: Invalid ID 0x00000000.
05-31 23:59:37.939 21994 22264 E upgadata.up772: Invalid ID 0x00000000.
05-31 23:59:45.714 21994 21994 E AwareLog: DynBufManager: endFling hash null
05-31 23:59:47.954 21994 22264 E upgadata.up772: Invalid ID 0x00000000.
05-31 23:59:47.954 21994 22264 E upgadata.up772: Invalid ID 0x00000000.
05-31 23:59:58.034 21994 22264 E upgadata.up772: Invalid ID 0x00000000.
05-31 23:59:58.071 21994 22264 E upgadata.up772: Invalid ID 0x00000000.
06-01 00:00:00.971 21994 21994 E RtgSchedIpcFile: RtgSchedIpcFile failed to open
/proc/21994/rtg
06-01 00:00:00.971 21994 21994 E RtgSchedIpcFile: setCommandByIoctl not opened
06-01 00:00:02.980 21994 21994 E AppBackgroundObserver: onAppBackground
06-01 00:00:24.292 21994 21994 E AppBackgroundObserver: onAppForeground
06-01 00:00:24.590 21994 21994 E RtgSchedIpcFile: RtgSchedIpcFile failed to open
/proc/21994/rtg
06-01 00:00:24.590 21994 21994 E RtgSchedIpcFile: setCommandByIoctl not opened
06-01 00:00:24.842 21994 21994 E RtgSchedIpcFile: RtgSchedIpcFile failed to open
/proc/21994/rtg
06-01 00:00:24.842 21994 21994 E RtgSchedIpcFile: setCommandByIoctl not opened
06-01 00:00:24.967 21994 21994 E RtgSchedIpcFile: RtgSchedIpcFile failed to open
/proc/21994/rtg
06-01 00:00:24.967 21994 21994 E RtgSchedIpcFile: setCommandByIoctl not opened
06-01 00:00:25.696 21994 21994 E RtgSchedIpcFile: RtgSchedIpcFile failed to open
/proc/21994/rtg
06-01 00:00:25.696 21994 21994 E RtgSchedIpcFile: setCommandByIoctl not opened
06-01 00:00:27.588 21994 21994 E AppBackgroundObserver: onAppBackground

You might also like