Com - Dual.space - Parallel.apps - Multiaccounts.appscloner Logcat
The document contains a log of events related to the initialization and operation of an Android application, including the loading of modules and libraries. It highlights issues such as missing files and errors related to service binding and package IDs. Additionally, it details compatibility changes and the configuration of various components within the application environment.
We take content rights seriously. If you suspect this is your content, claim it here.
Available Formats
Download as TXT, PDF, TXT or read online on Scribd
0 ratings0% found this document useful (0 votes)
27 views6 pages
Com - Dual.space - Parallel.apps - Multiaccounts.appscloner Logcat
The document contains a log of events related to the initialization and operation of an Android application, including the loading of modules and libraries. It highlights issues such as missing files and errors related to service binding and package IDs. Additionally, it details compatibility changes and the configuration of various components within the application environment.
We take content rights seriously. If you suspect this is your content, claim it here.
Available Formats
Download as TXT, PDF, TXT or read online on Scribd
You are on page 1/ 6
--------- beginning of main
12-24 04:59:07.400 23713 23713 D WM-WrkMgrInitializer: Initializing WorkManager
with default configuration.
12-24 04:59:07.436 23713 23730 I DynamiteModule: Considering local module com.google.android.gms.ads.dynamite:0 and remote module com.google.android.gms.ads.dynamite:244410203
12-24 04:59:07.436 23713 23730 I DynamiteModule: Selected remote version of com.google.android.gms.ads.dynamite, version >= 244410203
12-24 04:59:07.436 23713 23730 V DynamiteModule: Dynamite loader version >= 2, using loadModule2NoCrashUtils
12-24 04:59:07.455 23713 23757 D CompatibilityChangeReporter: Compat change id reported: 160794467; UID 10243; state: ENABLED
12-24 04:59:07.499 23713 23713 D nativeloader: Load /data/app/~~mWvLROlUIZvYPKvTQjkBRQ==/com.dual.space.parallel.apps.multiaccounts.app scloner-4xp6uttOQQ-fj2XouWyOyQ==/split_config.arm64_v8a.apk!/lib/arm64-v8a/ libnrb.so using ns clns-4 from class loader (caller=/data/app/~~mWvLROlUIZvYPKvTQjkBRQ==/com.dual.space.parallel.apps.multiacco unts.appscloner-4xp6uttOQQ-fj2XouWyOyQ==/base.apk!classes2.dex): ok
12-24 04:59:07.499 23713 23758 D FBAudienceNetwork: SDK dex loading time: 86
12-24 04:59:07.503 23713 23763 D native : Found attached 0
12-24 04:59:07.507 23713 23763 D native : Calling class is: java.lang.Class
12-24 04:59:07.509 23713 23765 D native : Found attached 0
12-24 04:59:07.509 23713 23765 D native : Calling class is: java.lang.Class
12-24 04:59:07.526 23713 23713 W CheckTime: App running slow: Executing handleBindApplication : installContentProviders took 245ms
12-24 04:59:07.558 23768 23768 I ppscloner:blac: Using CollectorTypeCMC GC.
12-24 04:59:07.563 23768 23768 E ppscloner:blac: Not starting debugger since process cannot load the jdwp agent.
12-24 04:59:07.585 23768 23768 D CompatibilityChangeReporter: Compat change id reported: 171979766; UID 10243; state: ENABLED --------- beginning of system
12-24 04:59:07.587 23768 23768 D os.SingleLiceFactory: instance successfully. com.transsion.typeface.v1.TypefaceLice@70f3c39 from android.graphics.IGraphicLice
12-24 04:59:07.588 23768 23768 D os.LiceInfo: instance successfully. com.transsion.graphics.GraphicLice@959d687 from android.graphics.IGraphicLice
12-24 04:59:07.607 23768 23768 W ziparchive: Unable to open '/data/app/~~mWvLROlUIZvYPKvTQjkBRQ==/com.dual.space.parallel.apps.multiaccounts.ap pscloner-4xp6uttOQQ-fj2XouWyOyQ==/split_config.arm64_v8a.dm': No such file or directory
12-24 04:59:07.607 23768 23768 W ziparchive: Unable to open '/data/app/~~mWvLROlUIZvYPKvTQjkBRQ==/com.dual.space.parallel.apps.multiaccounts.ap pscloner-4xp6uttOQQ-fj2XouWyOyQ==/split_config.arm64_v8a.dm': No such file or directory
12-24 04:59:07.608 23768 23768 W ppscloner:blac: Entry not found
12-24 04:59:07.609 23768 23768 W ziparchive: Unable to open '/data/app/~~mWvLROlUIZvYPKvTQjkBRQ==/com.dual.space.parallel.apps.multiaccounts.ap pscloner-4xp6uttOQQ-fj2XouWyOyQ==/split_config.xhdpi.dm': No such file or directory
12-24 04:59:07.609 23768 23768 W ziparchive: Unable to open '/data/app/~~mWvLROlUIZvYPKvTQjkBRQ==/com.dual.space.parallel.apps.multiaccounts.ap pscloner-4xp6uttOQQ-fj2XouWyOyQ==/split_config.xhdpi.dm': No such file or directory
12-24 04:59:07.609 23768 23768 W ppscloner:blac: Entry not found
12-24 04:59:07.611 23768 23768 D nativeloader: Configuring clns-4 for other apk /data/app/~~mWvLROlUIZvYPKvTQjkBRQ==/com.dual.space.parallel.apps.multiaccounts.app scloner-4xp6uttOQQ-fj2XouWyOyQ==/base.apk:/data/app/~~mWvLROlUIZvYPKvTQjkBRQ==/ com.dual.space.parallel.apps.multiaccounts.appscloner-4xp6uttOQQ-fj2XouWyOyQ==/ split_config.arm64_v8a.apk:/data/app/~~mWvLROlUIZvYPKvTQjkBRQ==/ com.dual.space.parallel.apps.multiaccounts.appscloner-4xp6uttOQQ-fj2XouWyOyQ==/ split_config.xhdpi.apk. target_sdk_version=34, uses_libraries=, library_path=/data/app/~~mWvLROlUIZvYPKvTQjkBRQ==/com.dual.space.parallel.apps.mult iaccounts.appscloner-4xp6uttOQQ-fj2XouWyOyQ==/lib/arm64:/data/app/ ~~mWvLROlUIZvYPKvTQjkBRQ==/com.dual.space.parallel.apps.multiaccounts.appscloner- 4xp6uttOQQ-fj2XouWyOyQ==/base.apk!/lib/arm64-v8a:/data/app/ ~~mWvLROlUIZvYPKvTQjkBRQ==/com.dual.space.parallel.apps.multiaccounts.appscloner- 4xp6uttOQQ-fj2XouWyOyQ==/split_config.arm64_v8a.apk!/lib/arm64-v8a:/data/app/ ~~mWvLROlUIZvYPKvTQjkBRQ==/com.dual.space.parallel.apps.multiaccounts.appscloner- 4xp6uttOQQ-fj2
12-24 04:59:07.613 23713 23780 E unts.appsclone: No package ID 76 found for ID 0x760b000f.
12-24 04:59:07.613 23713 23780 E unts.appsclone: No package ID 76 found for ID 0x760b000f.
12-24 04:59:07.616 23713 23780 I FA : App measurement initialized, version: 110008
12-24 04:59:07.616 23713 23780 I FA : To enable debug logging run: adb shell setprop log.tag.FA VERBOSE
12-24 04:59:07.617 23713 23780 I FA : To enable faster debug mode event logging run:
12-24 04:59:07.617 23713 23780 I FA : adb shell setprop debug.firebase.analytics.app com.dual.space.parallel.apps.multiaccounts.appscloner
12-24 04:59:07.624 23768 23768 D nativeloader: Load /data/app/~~mWvLROlUIZvYPKvTQjkBRQ==/com.dual.space.parallel.apps.multiaccounts.app scloner-4xp6uttOQQ-fj2XouWyOyQ==/split_config.arm64_v8a.apk!/lib/arm64-v8a/ libpairipcore.so using ns clns-4 from class loader (caller=/data/app/~~mWvLROlUIZvYPKvTQjkBRQ==/com.dual.space.parallel.apps.multiacco unts.appscloner-4xp6uttOQQ-fj2XouWyOyQ==/base.apk!classes4.dex): ok
12-24 04:59:07.766 23768 23768 V GraphicsEnvironment: ANGLE Developer option for 'com.dual.space.parallel.apps.multiaccounts.appscloner' set to: 'default'
12-24 04:59:07.767 23768 23768 V GraphicsEnvironment: Neither updatable production driver nor prerelease driver is supported.
12-24 04:59:07.770 23768 23768 I LoadedApk: No resource references to update in package com.transsion.theme.icon
12-24 04:59:07.771 23768 23768 D NetworkSecurityConfig: Using Network Security Config from resource network_security_config debugBuild: false
12-24 04:59:07.773 23768 23768 D NetworkSecurityConfig: Using Network Security Config from resource network_security_config debugBuild: false
12-24 04:59:07.777 23768 23768 I SignatureCheck: Signature check ok
12-24 04:59:07.784 23768 23768 E BlackBoxCore: Failed to hook bindService:
12-24 04:59:07.784 23768 23768 E BlackBoxCore: java.lang.IllegalArgumentException: top.niunaijun.blackbox.fake.frameworks.BActivityManager is not an interface
12-24 04:59:07.784 23768 23768 E BlackBoxCore: at java.lang.reflect.Proxy$ProxyClassFactory.apply(Proxy.java:635)
12-24 04:59:07.784 23768 23768 E BlackBoxCore: at java.lang.reflect.Proxy$ProxyClassFactory.apply(Proxy.java:602)
12-24 04:59:07.784 23768 23768 E BlackBoxCore: at java.lang.reflect.WeakCache$Factory.get(WeakCache.java:230)
12-24 04:59:07.784 23768 23768 E BlackBoxCore: at java.lang.reflect.WeakCache.get(WeakCache.java:127)
12-24 04:59:07.784 23768 23768 E BlackBoxCore: at java.lang.reflect.Proxy.getProxyClass0(Proxy.java:438)
12-24 04:59:07.784 23768 23768 E BlackBoxCore: at java.lang.reflect.Proxy.newProxyInstance(Proxy.java:873)
12-24 04:59:07.784 23768 23768 E BlackBoxCore: at top.niunaijun.blackbox.BlackBoxCore.hookBindService(BlackBoxCore.java:222)
12-24 04:59:07.784 23768 23768 E BlackBoxCore: at top.niunaijun.blackbox.BlackBoxCore.doAttachBaseContext(BlackBoxCore.java:133)
12-24 04:59:07.784 23768 23768 E BlackBoxCore: at com.dual.space.view.main.BlackBoxLoader.attachBaseContext(BlackBoxLoader.kt:100)
12-24 04:59:07.784 23768 23768 E BlackBoxCore: at com.dual.space.app.AppManager.doAttachBaseContext(AppManager.kt:26)
12-24 04:59:07.784 23768 23768 E BlackBoxCore: at com.dual.space.app.MyApplication.attachBaseContext(MyApplication.kt:61)
12-24 04:59:07.784 23768 23768 E BlackBoxCore: at com.pairip.application.Application.attachBaseContext(Unknown Source:6)
12-24 04:59:07.784 23768 23768 E BlackBoxCore: at android.app.Application.attach(Application.java:331)
12-24 04:59:07.784 23768 23768 E BlackBoxCore: at android.app.Instrumentation.newApplication(Instrumentation.java:1178)
12-24 04:59:07.784 23768 23768 E BlackBoxCore: at android.app.LoadedApk.makeApplication(LoadedApk.java:1366)
12-24 04:59:07.784 23768 23768 E BlackBoxCore: at android.app.ActivityThread.handleBindApplication(ActivityThread.java:6819)
12-24 04:59:07.784 23768 23768 E BlackBoxCore: at android.app.ActivityThread.access$1500(ActivityThread.java:277)
12-24 04:59:07.784 23768 23768 E BlackBoxCore: at android.app.ActivityThread$H.handleMessage(ActivityThread.java:2132)
12-24 04:59:07.784 23768 23768 E BlackBoxCore: at android.os.Handler.dispatchMessage(Handler.java:106)
12-24 04:59:07.784 23768 23768 E BlackBoxCore: at android.os.Looper.loopOnce(Looper.java:201)
12-24 04:59:07.784 23768 23768 E BlackBoxCore: at android.os.Looper.loop(Looper.java:288)
12-24 04:59:07.784 23768 23768 E BlackBoxCore: at android.app.ActivityThread.main(ActivityThread.java:7996)
12-24 04:59:07.784 23768 23768 E BlackBoxCore: at java.lang.reflect.Method.invoke(Native Method)
12-24 04:59:07.784 23768 23768 E BlackBoxCore: at com.android.internal.os.RuntimeInit$MethodAndArgsCaller.run(RuntimeInit.java:553)
12-24 04:59:07.784 23768 23768 E BlackBoxCore: at com.android.internal.os.ZygoteInit.main(ZygoteInit.java:1003)
12-24 04:59:07.823 23768 23768 D HookManager: hook: top.niunaijun.blackbox.fake.service.IUserManagerProxy@d1518a4
12-24 04:59:07.827 23768 23768 D HookManager: hook: top.niunaijun.blackbox.fake.service.IConnectivityManagerProxy@d080a2f
12-24 04:59:07.832 23768 23768 D HookManager: hook: top.niunaijun.blackbox.fake.service.IWifiScannerProxy@bddd2e6
12-24 04:59:07.843 23768 23768 D HookManager: hook error: top.niunaijun.blackbox.fake.service.IWifiScannerProxy@bddd2e6
12-24 04:59:07.843 23768 23768 D HookManager: hook: top.niunaijun.blackbox.fake.service.IVpnManagerProxy@c092c7d
12-24 04:59:07.853 23768 23768 D HookManager: hook: top.niunaijun.blackbox.fake.service.ILauncherAppsProxy@9fa58be
12-24 04:59:07.861 23768 23768 D HookManager: hook: top.niunaijun.blackbox.fake.service.IStorageManagerProxy@c52c3b
12-24 04:59:07.863 23768 23768 D HookManager: hook: top.niunaijun.blackbox.fake.service.context.ContentServiceStub@b31b904
12-24 04:59:07.865 23768 23768 D HookManager: hook: top.niunaijun.blackbox.fake.service.IVibratorServiceProxy@c10cce9
12-24 04:59:07.867 23768 23768 D HookManager: hook: top.niunaijun.blackbox.fake.service.IAutofillManagerProxy@8d5f27a
12-24 04:59:07.870 23768 23768 D HookManager: hook: top.niunaijun.blackbox.fake.service.IMediaRouterServiceProxy@191ae07
12-24 04:59:07.874 23768 23768 D HookManager: hook: top.niunaijun.blackbox.fake.service.INetworkManagementServiceProxy@5ba06a0
12-24 04:59:07.876 23768 23768 D HookManager: hook: top.niunaijun.blackbox.fake.service.IAppOpsManagerProxy@77b2b15
12-24 04:59:07.881 23768 23768 D HookManager: hook: top.niunaijun.blackbox.fake.service.IActivityTaskManagerProxy@aa6a7cd
12-24 04:59:07.889 23768 23768 D HookManager: hook: top.niunaijun.blackbox.fake.service.IContextHubServiceProxy@3138a0b
12-24 04:59:07.894 23768 23768 D HookManager: hook error: top.niunaijun.blackbox.fake.service.IContextHubServiceProxy@3138a0b
12-24 04:59:07.894 23768 23768 D HookManager: hook: top.niunaijun.blackbox.fake.service.ISystemUpdateProxy@493d5a6
12-24 04:59:07.897 23768 23768 D HookManager: hook error: top.niunaijun.blackbox.fake.service.ISystemUpdateProxy@493d5a6
12-24 04:59:07.897 23768 23768 D HookManager: hook: top.niunaijun.blackbox.fake.service.IAppWidgetManagerProxy@26ebbe7
12-24 04:59:07.900 23768 23768 D HookManager: hook: top.niunaijun.blackbox.fake.service.IMediaSessionManagerProxy@2d5500
12-24 04:59:07.903 23768 23768 D HookManager: hook: top.niunaijun.blackbox.fake.service.IGraphicsStatsProxy@d5fd7f5
12-24 04:59:07.907 23768 23768 D HookManager: hook: top.niunaijun.blackbox.fake.service.ITelephonyManagerProxy@a52f456
12-24 04:59:07.918 23768 23768 D HookManager: hook: top.niunaijun.blackbox.fake.service.ILocationManagerProxy@43cff73
12-24 04:59:07.923 23768 23768 D HookManager: hook: top.niunaijun.blackbox.fake.service.IJobServiceProxy@5ecd5c
12-24 04:59:07.925 23768 23768 D HookManager: hook: top.niunaijun.blackbox.fake.service.IPermissionManagerProxy@8df65e1
12-24 04:59:07.933 23768 23768 D HookManager: hook: top.niunaijun.blackbox.fake.service.IPackageManagerProxy@31e458c
12-24 04:59:07.939 23768 23768 D HookManager: hook: top.niunaijun.blackbox.fake.service.IPowerManagerProxy@bda23db
12-24 04:59:07.941 23768 23768 D HookManager: hook: top.niunaijun.blackbox.fake.service.IWifiManagerProxy@75ba24
12-24 04:59:07.949 23768 23768 D HookManager: hook: top.niunaijun.blackbox.fake.service.IDeviceIdentifiersPolicyProxy@2873353
12-24 04:59:07.951 23768 23768 D HookManager: hook: top.niunaijun.blackbox.fake.service.IAlarmManagerProxy@68429bc
12-24 04:59:07.953 23768 23768 D HookManager: hook: top.niunaijun.blackbox.fake.service.IShortcutManagerProxy@a2168c1
12-24 04:59:07.956 23768 23768 D HookManager: hook: top.niunaijun.blackbox.fake.service.IActivityClientProxy@977d4f2
12-24 04:59:07.960 23768 23768 D HookManager: hook: top.niunaijun.blackbox.fake.service.IWindowManagerProxy@23eabbb
12-24 04:59:07.968 23768 23768 D HookManager: hook: top.niunaijun.blackbox.fake.service.context.RestrictionsManagerStub@24b5ea2
12-24 04:59:07.971 23768 23768 D HookManager: hook: top.niunaijun.blackbox.fake.service.IAccountManagerProxy@61fb38f
12-24 04:59:07.974 23768 23768 D HookManager: hook: top.niunaijun.blackbox.fake.service.IPersistentDataBlockServiceProxy@fa79808
12-24 04:59:07.976 23768 23768 D HookManager: hook error: top.niunaijun.blackbox.fake.service.IPersistentDataBlockServiceProxy@fa79808
12-24 04:59:07.976 23768 23768 D HookManager: hook: top.niunaijun.blackbox.fake.delegate.AppInstrumentation@8108587
12-24 04:59:07.977 23768 23768 D HookManager: hook: top.niunaijun.blackbox.fake.service.IFingerprintManagerProxy@5222cb4
12-24 04:59:07.979 23768 23768 D HookManager: hook: top.niunaijun.blackbox.fake.service.IStorageStatsManagerProxy@6410dd
12-24 04:59:07.982 23768 23768 D HookManager: hook: top.niunaijun.blackbox.fake.service.HCallbackProxy@43dc39e
12-24 04:59:07.983 23768 23768 D HookManager: hook: top.niunaijun.blackbox.fake.service.ITelephonyRegistryProxy@c3e7baa
12-24 04:59:07.987 23768 23768 D HookManager: hook: top.niunaijun.blackbox.fake.service.INotificationManagerProxy@f3fde77
12-24 04:59:07.991 23768 23768 D HookManager: hook: top.niunaijun.blackbox.fake.service.IDisplayManagerProxy@6a6d602
12-24 04:59:07.993 23768 23768 D HookManager: hook: top.niunaijun.blackbox.fake.service.IActivityManagerProxy@ac5235a
12-24 04:59:07.999 23768 23768 D HookManager: hook: top.niunaijun.blackbox.fake.service.IPhoneSubInfoProxy@a3a1514
12-24 04:59:08.001 23768 23768 D HookManager: hook: top.niunaijun.blackbox.fake.service.IDevicePolicyManagerProxy@453bf03
12-24 04:59:08.012 23768 23768 D HookManager: hook: top.niunaijun.blackbox.fake.service.IAccessibilityManagerProxy@53af2ac
12-24 04:59:08.014 23768 23768 D HookManager: hook: top.niunaijun.blackbox.fake.service.libcore.OsStub@71de457
12-24 04:59:08.017 23768 23768 W CheckTime: App running slow: Executing handleBindApplication : makeApplication took 249ms
12-24 04:59:08.044 23768 23768 D ActivityThread: Loading provider com.dual.space.parallel.apps.multiaccounts.appscloner.blackbox.SystemCallProvider: top.niunaijun.blackbox.core.system.SystemCallProvider
12-24 04:59:08.045 23768 23768 D SystemCallProvider: call: VM, Bundle[{_B_| _server_name_=package_manager}]
12-24 04:59:08.046 23768 23768 D BlackBoxCore: getService: package_manager, top.niunaijun.blackbox.core.system.pm.BPackageManagerService@64e0dae
12-24 04:59:08.064 23768 23778 D SystemCallProvider: call: VM, Bundle[mParcelledData.dataSize=88]
12-24 04:59:08.065 23713 23713 D BlackBoxCore: getService: activity_manager, android.os.BinderProxy@9fb074f
12-24 04:59:08.065 23768 23778 D SystemCallProvider: call: VM, Bundle[mParcelledData.dataSize=76]
12-24 04:59:08.066 23713 23713 D BlackBoxCore: getService: job_manager, android.os.BinderProxy@2365edc
12-24 04:59:08.066 23768 23778 D SystemCallProvider: call: VM, Bundle[mParcelledData.dataSize=84]
12-24 04:59:08.067 23713 23713 D BlackBoxCore: getService: package_manager, android.os.BinderProxy@c359be5
12-24 04:59:08.067 23768 23778 D SystemCallProvider: call: VM, Bundle[mParcelledData.dataSize=84]
12-24 04:59:08.068 23713 23713 D BlackBoxCore: getService: storage_manager, android.os.BinderProxy@7156ba
12-24 04:59:08.068 23768 23778 D SystemCallProvider: call: VM, Bundle[mParcelledData.dataSize=80]
12-24 04:59:08.069 23713 23713 D BlackBoxCore: getService: user_manager, android.os.BinderProxy@68ac96b
12-24 04:59:08.069 23768 23778 D SystemCallProvider: call: VM, Bundle[mParcelledData.dataSize=84]
12-24 04:59:08.070 23713 23713 D BlackBoxCore: getService: xposed_manager, android.os.BinderProxy@6388cc8
12-24 04:59:08.070 23768 23778 D SystemCallProvider: call: VM, Bundle[mParcelledData.dataSize=84]
12-24 04:59:08.071 23713 23713 D BlackBoxCore: getService: account_manager, android.os.BinderProxy@ba91161
12-24 04:59:08.071 23768 23778 D SystemCallProvider: call: VM, Bundle[mParcelledData.dataSize=88]
12-24 04:59:08.071 23713 23713 D BlackBoxCore: getService: location_manager, android.os.BinderProxy@c4e2486
12-24 04:59:08.072 23768 23778 D SystemCallProvider: call: VM, Bundle[mParcelledData.dataSize=96]
12-24 04:59:08.073 23713 23713 D BlackBoxCore: getService: notification_manager, android.os.BinderProxy@20a9147
12-24 04:59:08.078 23713 23713 W CheckTime: App running slow: Executing handleBindApplication : callApplicationOnCreate took 552ms
12-24 04:59:08.079 23768 23768 I FirebaseApp: Device unlocked: initializing all Firebase APIs for app [DEFAULT]
12-24 04:59:08.093 23768 23768 I FirebaseCrashlytics: Initializing Firebase Crashlytics 18.2.12 for com.dual.space.parallel.apps.multiaccounts.appscloner
12-24 04:59:08.111 23768 23794 I DynamiteModule: Considering local module com.google.android.gms.measurement.dynamite:86 and remote module com.google.android.gms.measurement.dynamite:132
12-24 04:59:08.111 23768 23794 I DynamiteModule: Selected remote version of com.google.android.gms.measurement.dynamite, version >= 132
12-24 04:59:08.111 23768 23794 V DynamiteModule: Dynamite loader version >= 2, using loadModule2NoCrashUtils
12-24 04:59:08.125 23768 23794 W System : ClassLoader referenced unknown path:
12-24 04:59:08.126 23768 23794 D nativeloader: Configuring clns-5 for other apk . target_sdk_version=34, uses_libraries=, library_path=/data/app/~~BtivmSJ793tml0sfhh516w==/com.google.android.gms- pxCzQuj3sBSfaYunWDDOyw==/lib/arm64:/data/app/~~BtivmSJ793tml0sfhh516w==/ com.google.android.gms-pxCzQuj3sBSfaYunWDDOyw==/base.apk!/lib/arm64-v8a, permitted_path=/data:/mnt/expand:/data/user/0/com.google.android.gms
12-24 04:59:08.128 23713 23713 W CheckTime: App running slow: Executing com.google.firebase.iid.FirebaseInstanceIdReceiver scheduleReceive took 1180ms
12-24 04:59:08.204 23713 23780 I FA : Tag Manager is not found and thus will not be used
12-24 04:59:08.206 23713 23819 W FirebaseMessaging: Missing Default Notification Channel metadata in AndroidManifest. Default value will be used.
12-24 04:59:08.245 23768 23820 E ppscloner:blac: No package ID 76 found for ID 0x760b000f.
12-24 04:59:08.246 23768 23820 E ppscloner:blac: No package ID 76 found for ID 0x760b000f.
12-24 04:59:08.248 23768 23820 I FA : App measurement initialized, version: 110008
12-24 04:59:08.248 23768 23820 I FA : To enable debug logging run: adb shell setprop log.tag.FA VERBOSE
12-24 04:59:08.248 23768 23820 I FA : To enable faster debug mode event logging run:
12-24 04:59:08.248 23768 23820 I FA : adb shell setprop debug.firebase.analytics.app com.dual.space.parallel.apps.multiaccounts.appscloner
12-24 04:59:08.282 23768 23820 W GmsClient: unable to connect to service: com.google.android.gms.measurement.START on com.google.android.gms
12-24 04:59:08.284 23768 23768 W FA : Service connection failed: ci{statusCode=API_UNAVAILABLE, resolution=null, message=null}
12-24 04:59:08.290 23768 23820 W GmsClient: unable to connect to service: com.google.android.gms.measurement.START on com.google.android.gms
12-24 04:59:08.290 23768 23768 W FA : Service connection failed: ci{statusCode=API_UNAVAILABLE, resolution=null, message=null}
12-24 04:59:08.296 23768 23820 W GmsClient: unable to connect to service: com.google.android.gms.measurement.START on com.google.android.gms
12-24 04:59:08.297 23768 23768 W FA : Service connection failed: ci{statusCode=API_UNAVAILABLE, resolution=null, message=null}
12-24 04:59:08.298 23768 23820 E FA : Discarding data. Failed to send app launch
12-24 04:59:08.298 23768 23820 E FA : Failed to get app instance id
12-24 04:59:08.298 23768 23820 E FA : Failed to send default event parameters to service