01-10 20:31:23.126 24651 24771 V threaded_app: New input event: type=2
01-10 20:31:23.143 24651 24771 V threaded_app: New input event: type=2
01-10 20:31:23.160 24651 24771 V threaded_app: New input event: type=2
01-10 20:31:23.176 24651 24771 V threaded_app: New input event: type=2
01-10 20:31:23.193 24651 24771 V threaded_app: New input event: type=2
01-10 20:31:23.226 24651 24771 V threaded_app: New input event: type=2
01-10 20:31:23.243 24651 24771 V threaded_app: New input event: type=2
01-10 20:31:23.260 24651 24771 V threaded_app: New input event: type=2
01-10 20:31:23.276 24651 24771 V threaded_app: New input event: type=2
01-10 20:31:23.293 24651 24771 V threaded_app: New input event: type=2
01-10 20:31:23.311 24651 24771 V threaded_app: New input event: type=2
01-10 20:31:23.326 24651 24771 V threaded_app: New input event: type=2
01-10 20:31:23.343 24651 24771 V threaded_app: New input event: type=2
01-10 20:31:23.360 24651 24771 V threaded_app: New input event: type=2
01-10 20:31:23.377 24651 24771 V threaded_app: New input event: type=2
01-10 20:31:23.393 24651 24771 V threaded_app: New input event: type=2
01-10 20:31:23.410 24651 24771 V threaded_app: New input event: type=2
01-10 20:31:23.426 24651 24771 V threaded_app: New input event: type=2
01-10 20:31:23.443 24651 24771 V threaded_app: New input event: type=2
01-10 20:31:23.460 24651 24771 V threaded_app: New input event: type=2
01-10 20:31:23.477 24651 24771 V threaded_app: New input event: type=2
01-10 20:31:23.493 24651 24771 V threaded_app: New input event: type=2
01-10 20:31:23.510 24651 24771 V threaded_app: New input event: type=2
01-10 20:31:23.526 24651 24771 V threaded_app: New input event: type=2
01-10 20:31:23.543 24651 24771 V threaded_app: New input event: type=2
01-10 20:31:23.560 24651 24771 V threaded_app: New input event: type=2
01-10 20:31:23.577 24651 24771 V threaded_app: New input event: type=2
01-10 20:31:23.593 24651 24771 V threaded_app: New input event: type=2
01-10 20:31:23.610 24651 24771 V threaded_app: New input event: type=2
01-10 20:31:23.627 24651 24771 V threaded_app: New input event: type=2
01-10 20:31:23.643 24651 24771 V threaded_app: New input event: type=2
01-10 20:31:23.660 24651 24771 V threaded_app: New input event: type=2
01-10 20:31:23.677 24651 24771 V threaded_app: New input event: type=2
01-10 20:31:23.693 24651 24771 V threaded_app: New input event: type=2
01-10 20:31:23.710 24651 24771 V threaded_app: New input event: type=2
01-10 20:31:23.727 24651 24771 V threaded_app: New input event: type=2
01-10 20:31:23.743 24651 24771 V threaded_app: New input event: type=2
01-10 20:31:23.761 24651 24771 V threaded_app: New input event: type=2
01-10 20:31:23.793 24651 24771 V threaded_app: New input event: type=2
01-10 20:31:23.810 24651 24771 V threaded_app: New input event: type=2
01-10 20:31:23.827 24651 24771 V threaded_app: New input event: type=2
01-10 20:31:23.843 24651 24771 V threaded_app: New input event: type=2
01-10 20:31:23.860 24651 24771 V threaded_app: New input event: type=2
01-10 20:31:23.877 24651 24771 V threaded_app: New input event: type=2
01-10 20:31:23.893 24651 24771 V threaded_app: New input event: type=2
01-10 20:31:23.903 24651 24771 V threaded_app: New input event: type=2
01-10 20:31:23.904 24651 24771 V threaded_app: New input event: type=2
01-10 20:31:23.911 24651 24771 V threaded_app: New input event: type=2
01-10 20:31:23.927 24651 24771 V threaded_app: New input event: type=2
01-10 20:31:23.943 24651 24771 V threaded_app: New input event: type=2
01-10 20:31:23.960 24651 24771 V threaded_app: New input event: type=2
01-10 20:31:23.977 24651 24771 V threaded_app: New input event: type=2
01-10 20:31:23.993 24651 24771 V threaded_app: New input event: type=2
01-10 20:31:24.010 24651 24771 V threaded_app: New input event: type=2
01-10 20:31:24.027 24651 24771 V threaded_app: New input event: type=2
01-10 20:31:24.038 24651 24985 I AudioManager: In isBluetoothScoOn(), calling
application: com.wd.clan
01-10 20:31:24.044 24651 24771 V threaded_app: New input event: type=2
01-10 20:31:24.060 24651 24771 V threaded_app: New input event: type=2
01-10 20:31:24.077 24651 24771 V threaded_app: New input event: type=2
01-10 20:31:24.094 24651 24771 V threaded_app: New input event: type=2
01-10 20:31:24.110 24651 24771 V threaded_app: New input event: type=2
01-10 20:31:24.127 24651 24771 V threaded_app: New input event: type=2
01-10 20:31:24.143 24651 24771 V threaded_app: New input event: type=2
01-10 20:31:24.160 24651 24771 V threaded_app: New input event: type=2
01-10 20:31:24.177 24651 24771 V threaded_app: New input event: type=2
01-10 20:31:24.194 24651 24771 V threaded_app: New input event: type=2
01-10 20:31:24.210 24651 24771 V threaded_app: New input event: type=2
01-10 20:31:24.244 24651 24771 V threaded_app: New input event: type=2
01-10 20:31:24.310 24651 24771 V threaded_app: New input event: type=2
01-10 20:31:24.395 24651 24771 V threaded_app: New input event: type=2
01-10 20:31:24.406 24651 24771 V threaded_app: New input event: type=2
01-10 20:31:24.407 24651 24771 V threaded_app: New input event: type=2
01-10 20:31:24.427 24651 24771 V threaded_app: New input event: type=2
01-10 20:31:24.444 24651 24771 V threaded_app: New input event: type=2
01-10 20:31:24.460 24651 24771 V threaded_app: New input event: type=2
01-10 20:31:24.477 24651 24771 V threaded_app: New input event: type=2
01-10 20:31:24.494 24651 24771 V threaded_app: New input event: type=2
01-10 20:31:24.511 24651 24771 V threaded_app: New input event: type=2
01-10 20:31:24.527 24651 24771 V threaded_app: New input event: type=2
01-10 20:31:24.537 24651 24771 V threaded_app: New input event: type=2
01-10 20:31:24.537 24651 24771 V threaded_app: New input event: type=2
01-10 20:31:24.544 24651 24771 V threaded_app: New input event: type=2
01-10 20:31:24.561 24651 24771 V threaded_app: New input event: type=2
01-10 20:31:24.577 24651 24771 V threaded_app: New input event: type=2
01-10 20:31:24.594 24651 24771 V threaded_app: New input event: type=2
01-10 20:31:24.610 24651 24771 V threaded_app: New input event: type=2
01-10 20:31:24.627 24651 24771 V threaded_app: New input event: type=2
01-10 20:31:24.644 24651 24771 V threaded_app: New input event: type=2
01-10 20:31:24.662 24651 24771 V threaded_app: New input event: type=2
01-10 20:31:24.677 24651 24771 V threaded_app: New input event: type=2
01-10 20:31:24.694 24651 24771 V threaded_app: New input event: type=2
01-10 20:31:24.711 24651 24771 V threaded_app: New input event: type=2
01-10 20:31:24.727 24651 24771 V threaded_app: New input event: type=2
01-10 20:31:24.744 24651 24771 V threaded_app: New input event: type=2
01-10 20:31:24.761 24651 24771 V threaded_app: New input event: type=2
01-10 20:31:24.778 24651 24771 V threaded_app: New input event: type=2
01-10 20:31:24.794 24651 24771 V threaded_app: New input event: type=2
01-10 20:31:24.810 24651 24771 V threaded_app: New input event: type=2
01-10 20:31:24.828 24651 24771 V threaded_app: New input event: type=2
01-10 20:31:24.844 24651 24771 V threaded_app: New input event: type=2
01-10 20:31:24.861 24651 24771 V threaded_app: New input event: type=2
01-10 20:31:24.877 24651 24771 V threaded_app: New input event: type=2
01-10 20:31:24.894 24651 24771 V threaded_app: New input event: type=2
01-10 20:31:24.911 24651 24771 V threaded_app: New input event: type=2
01-10 20:31:24.927 24651 24771 V threaded_app: New input event: type=2
01-10 20:31:24.944 24651 24771 V threaded_app: New input event: type=2
01-10 20:31:24.961 24651 24771 V threaded_app: New input event: type=2
01-10 20:31:24.977 24651 24771 V threaded_app: New input event: type=2
01-10 20:31:24.994 24651 24771 V threaded_app: New input event: type=2
01-10 20:31:25.010 24651 24771 V threaded_app: New input event: type=2
01-10 20:31:25.027 24651 24771 V threaded_app: New input event: type=2
01-10 20:31:25.045 24651 24771 V threaded_app: New input event: type=2
01-10 20:31:25.060 24651 24771 V threaded_app: New input event: type=2
01-10 20:31:25.079 24651 24771 V threaded_app: New input event: type=2
01-10 20:31:25.094 24651 24771 V threaded_app: New input event: type=2
01-10 20:31:25.111 24651 24771 V threaded_app: New input event: type=2
01-10 20:31:25.128 24651 24771 V threaded_app: New input event: type=2
01-10 20:31:25.144 24651 24771 V threaded_app: New input event: type=2
01-10 20:31:25.161 24651 24771 V threaded_app: New input event: type=2
01-10 20:31:25.177 24651 24771 V threaded_app: New input event: type=2
01-10 20:31:25.194 24651 24771 V threaded_app: New input event: type=2
01-10 20:31:25.211 24651 24771 V threaded_app: New input event: type=2
01-10 20:31:25.228 24651 24771 V threaded_app: New input event: type=2
01-10 20:31:25.244 24651 24771 V threaded_app: New input event: type=2
01-10 20:31:25.255 24651 24771 V threaded_app: New input event: type=2
01-10 20:31:25.256 24651 24771 V threaded_app: New input event: type=2
01-10 20:31:25.278 24651 24771 V threaded_app: New input event: type=2
01-10 20:31:25.294 24651 24771 V threaded_app: New input event: type=2
01-10 20:31:25.311 24651 24771 V threaded_app: New input event: type=2
01-10 20:31:25.318 24651 24985 I AudioManager: In isBluetoothScoOn(), calling
application: com.wd.clan
01-10 20:31:25.328 24651 24771 V threaded_app: New input event: type=2
01-10 20:31:25.344 24651 24771 V threaded_app: New input event: type=2
01-10 20:31:25.354 24651 24771 V threaded_app: New input event: type=2
01-10 20:31:25.355 24651 24771 V threaded_app: New input event: type=2
01-10 20:31:25.361 24651 24771 V threaded_app: New input event: type=2
01-10 20:31:25.378 24651 24771 V threaded_app: New input event: type=2
01-10 20:31:25.394 24651 24771 V threaded_app: New input event: type=2
01-10 20:31:25.411 24651 24771 V threaded_app: New input event: type=2
01-10 20:31:25.428 24651 24771 V threaded_app: New input event: type=2
01-10 20:31:25.444 24651 24771 V threaded_app: New input event: type=2
01-10 20:31:25.461 24651 24771 V threaded_app: New input event: type=2
01-10 20:31:25.478 24651 24771 V threaded_app: New input event: type=2
01-10 20:31:25.494 24651 24771 V threaded_app: New input event: type=2
01-10 20:31:25.512 24651 24771 V threaded_app: New input event: type=2
01-10 20:31:25.522 24651 24771 V threaded_app: New input event: type=2
01-10 20:31:25.522 24651 24771 V threaded_app: New input event: type=2
01-10 20:31:25.544 24651 24771 V threaded_app: New input event: type=2
01-10 20:31:25.562 24651 24771 V threaded_app: New input event: type=2
01-10 20:31:25.577 24651 24771 V threaded_app: New input event: type=2
01-10 20:31:25.594 24651 24771 V threaded_app: New input event: type=2
01-10 20:31:25.611 24651 24771 V threaded_app: New input event: type=2
01-10 20:31:25.627 24651 24771 V threaded_app: New input event: type=2
01-10 20:31:25.644 24651 24771 V threaded_app: New input event: type=2
01-10 20:31:25.661 24651 24771 V threaded_app: New input event: type=2
01-10 20:31:25.678 24651 24771 V threaded_app: New input event: type=2
01-10 20:31:25.694 24651 24771 V threaded_app: New input event: type=2
01-10 20:31:25.711 24651 24771 V threaded_app: New input event: type=2
01-10 20:31:25.728 24651 24771 V threaded_app: New input event: type=2
01-10 20:31:25.744 24651 24771 V threaded_app: New input event: type=2
01-10 20:31:25.762 24651 24771 V threaded_app: New input event: type=2
01-10 20:31:25.778 24651 24771 V threaded_app: New input event: type=2
01-10 20:31:25.795 24651 24771 V threaded_app: New input event: type=2
01-10 20:31:25.804 24651 24771 V threaded_app: New input event: type=2
01-10 20:31:25.805 24651 24771 V threaded_app: New input event: type=2
01-10 20:31:25.940 24651 24771 V threaded_app: New input event: type=2
01-10 20:31:25.979 24651 24771 V threaded_app: New input event: type=2
01-10 20:31:25.995 24651 24771 V threaded_app: New input event: type=2
01-10 20:31:26.011 24651 24771 V threaded_app: New input event: type=2
01-10 20:31:26.028 24651 24771 V threaded_app: New input event: type=2
01-10 20:31:26.044 24651 24771 V threaded_app: New input event: type=2
01-10 20:31:26.062 24651 24771 V threaded_app: New input event: type=2
01-10 20:31:26.079 24651 24771 V threaded_app: New input event: type=2
01-10 20:31:26.094 24651 24771 V threaded_app: New input event: type=2
01-10 20:31:26.111 24651 24771 V threaded_app: New input event: type=2
01-10 20:31:26.128 24651 24771 V threaded_app: New input event: type=2
01-10 20:31:26.144 24651 24771 V threaded_app: New input event: type=2
01-10 20:31:26.161 24651 24771 V threaded_app: New input event: type=2
01-10 20:31:26.178 24651 24771 V threaded_app: New input event: type=2
01-10 20:31:26.195 24651 24771 V threaded_app: New input event: type=2
01-10 20:31:26.211 24651 24771 V threaded_app: New input event: type=2
01-10 20:31:26.228 24651 24771 V threaded_app: New input event: type=2
01-10 20:31:26.245 24651 24771 V threaded_app: New input event: type=2
01-10 20:31:26.261 24651 24771 V threaded_app: New input event: type=2
01-10 20:31:26.271 24651 24771 V threaded_app: New input event: type=2
01-10 20:31:26.272 24651 24771 V threaded_app: New input event: type=2
01-10 20:31:26.278 24651 24771 V threaded_app: New input event: type=2
01-10 20:31:26.294 24651 24771 V threaded_app: New input event: type=2
01-10 20:31:26.311 24651 24771 V threaded_app: New input event: type=2
01-10 20:31:26.328 24651 24771 V threaded_app: New input event: type=2
01-10 20:31:26.345 24651 24771 V threaded_app: New input event: type=2
01-10 20:31:26.361 24651 24771 V threaded_app: New input event: type=2
01-10 20:31:26.378 24651 24771 V threaded_app: New input event: type=2
01-10 20:31:26.395 24651 24771 V threaded_app: New input event: type=2
01-10 20:31:26.411 24651 24771 V threaded_app: New input event: type=2
01-10 20:31:26.428 24651 24771 V threaded_app: New input event: type=2
01-10 20:31:26.445 24651 24771 V threaded_app: New input event: type=2
01-10 20:31:26.461 24651 24771 V threaded_app: New input event: type=2
01-10 20:31:26.478 24651 24771 V threaded_app: New input event: type=2
01-10 20:31:26.495 24651 24771 V threaded_app: New input event: type=2
01-10 20:31:26.511 24651 24771 V threaded_app: New input event: type=2
01-10 20:31:26.529 24651 24771 V threaded_app: New input event: type=2
01-10 20:31:26.545 24651 24771 V threaded_app: New input event: type=2
01-10 20:31:26.561 24651 24771 V threaded_app: New input event: type=2
01-10 20:31:26.578 24651 24771 V threaded_app: New input event: type=2
01-10 20:31:26.595 24651 24771 V threaded_app: New input event: type=2
01-10 20:31:26.598 24651 24985 I AudioManager: In isBluetoothScoOn(), calling
application: com.wd.clan
01-10 20:31:26.611 24651 24771 V threaded_app: New input event: type=2
01-10 20:31:26.628 24651 24771 V threaded_app: New input event: type=2
01-10 20:31:26.646 24651 24771 V threaded_app: New input event: type=2
01-10 20:31:26.663 24651 24771 V threaded_app: New input event: type=2
01-10 20:31:26.678 24651 24771 V threaded_app: New input event: type=2
01-10 20:31:26.695 24651 24771 V threaded_app: New input event: type=2
01-10 20:31:26.728 24651 24771 V threaded_app: New input event: type=2
01-10 20:31:26.796 24651 24771 V threaded_app: New input event: type=2
01-10 20:31:26.812 24651 24771 V threaded_app: New input event: type=2
01-10 20:31:27.591 24651 24771 V threaded_app: New input event: type=2
01-10 20:31:27.629 24651 24771 V threaded_app: New input event: type=2
01-10 20:31:27.679 24651 24771 V threaded_app: New input event: type=2
01-10 20:31:27.695 24651 24771 V threaded_app: New input event: type=2
01-10 20:31:27.713 24651 24771 V threaded_app: New input event: type=2
01-10 20:31:27.729 24651 24771 V threaded_app: New input event: type=2
01-10 20:31:27.745 24651 24771 V threaded_app: New input event: type=2
01-10 20:31:27.762 24651 24771 V threaded_app: New input event: type=2
01-10 20:31:27.778 24651 24771 V threaded_app: New input event: type=2
01-10 20:31:27.796 24651 24771 V threaded_app: New input event: type=2
01-10 20:31:27.812 24651 24771 V threaded_app: New input event: type=2
01-10 20:31:27.828 24651 24771 V threaded_app: New input event: type=2
01-10 20:31:27.845 24651 24771 V threaded_app: New input event: type=2
01-10 20:31:27.862 24651 24771 V threaded_app: New input event: type=2
01-10 20:31:27.878 24651 24771 V threaded_app: New input event: type=2
01-10 20:31:27.880 24651 24985 I AudioManager: In isBluetoothScoOn(), calling
application: com.wd.clan
01-10 20:31:27.895 24651 24771 V threaded_app: New input event: type=2
01-10 20:31:27.912 24651 24771 V threaded_app: New input event: type=2
01-10 20:31:27.929 24651 24771 V threaded_app: New input event: type=2
01-10 20:31:27.946 24651 24771 V threaded_app: New input event: type=2
01-10 20:31:27.962 24651 24771 V threaded_app: New input event: type=2
01-10 20:31:27.979 24651 24771 V threaded_app: New input event: type=2
01-10 20:31:27.996 24651 24771 V threaded_app: New input event: type=2
01-10 20:31:28.012 24651 24771 V threaded_app: New input event: type=2
01-10 20:31:28.028 24651 24771 V threaded_app: New input event: type=2
01-10 20:31:28.045 24651 24771 V threaded_app: New input event: type=2
01-10 20:31:28.062 24651 24771 V threaded_app: New input event: type=2
01-10 20:31:28.079 24651 24771 V threaded_app: New input event: type=2
01-10 20:31:28.096 24651 24771 V threaded_app: New input event: type=2
01-10 20:31:28.112 24651 24771 V threaded_app: New input event: type=2
01-10 20:31:28.145 24651 24771 V threaded_app: New input event: type=2
01-10 20:31:28.162 24651 24771 V threaded_app: New input event: type=2
01-10 20:31:28.179 24651 24771 V threaded_app: New input event: type=2
01-10 20:31:28.195 24651 24771 V threaded_app: New input event: type=2
01-10 20:31:28.212 24651 24771 V threaded_app: New input event: type=2
01-10 20:31:28.229 24651 24771 V threaded_app: New input event: type=2
01-10 20:31:28.245 24651 24771 V threaded_app: New input event: type=2
01-10 20:31:28.262 24651 24771 V threaded_app: New input event: type=2
01-10 20:31:28.279 24651 24771 V threaded_app: New input event: type=2
01-10 20:31:28.297 24651 24771 V threaded_app: New input event: type=2
01-10 20:31:28.312 24651 24771 V threaded_app: New input event: type=2
01-10 20:31:28.330 24651 24771 V threaded_app: New input event: type=2
01-10 20:31:28.346 24651 24771 V threaded_app: New input event: type=2
01-10 20:31:28.362 24651 24771 V threaded_app: New input event: type=2
01-10 20:31:28.379 24651 24771 V threaded_app: New input event: type=2
01-10 20:31:28.395 24651 24771 V threaded_app: New input event: type=2
01-10 20:31:28.413 24651 24771 V threaded_app: New input event: type=2
01-10 20:31:28.429 24651 24771 V threaded_app: New input event: type=2
01-10 20:31:28.445 24651 24771 V threaded_app: New input event: type=2
01-10 20:31:28.462 24651 24771 V threaded_app: New input event: type=2
01-10 20:31:28.479 24651 24771 V threaded_app: New input event: type=2
01-10 20:31:28.496 24651 24771 V threaded_app: New input event: type=2
01-10 20:31:28.512 24651 24771 V threaded_app: New input event: type=2
01-10 20:31:28.529 24651 24771 V threaded_app: New input event: type=2
01-10 20:31:28.546 24651 24771 V threaded_app: New input event: type=2
01-10 20:31:28.562 24651 24771 V threaded_app: New input event: type=2
01-10 20:31:28.579 24651 24771 V threaded_app: New input event: type=2
01-10 20:31:28.596 24651 24771 V threaded_app: New input event: type=2
01-10 20:31:28.612 24651 24771 V threaded_app: New input event: type=2
01-10 20:31:28.629 24651 24771 V threaded_app: New input event: type=2
01-10 20:31:28.646 24651 24771 V threaded_app: New input event: type=2
01-10 20:31:28.662 24651 24771 V threaded_app: New input event: type=2
01-10 20:31:28.679 24651 24771 V threaded_app: New input event: type=2
01-10 20:31:28.696 24651 24771 V threaded_app: New input event: type=2
01-10 20:31:28.713 24651 24771 V threaded_app: New input event: type=2
01-10 20:31:28.731 24651 24771 V threaded_app: New input event: type=2
01-10 20:31:28.745 24651 24771 V threaded_app: New input event: type=2
01-10 20:31:28.762 24651 24771 V threaded_app: New input event: type=2
01-10 20:31:28.779 24651 24771 V threaded_app: New input event: type=2
01-10 20:31:28.796 24651 24771 V threaded_app: New input event: type=2
01-10 20:31:28.812 24651 24771 V threaded_app: New input event: type=2
01-10 20:31:28.829 24651 24771 V threaded_app: New input event: type=2
01-10 20:31:28.846 24651 24771 V threaded_app: New input event: type=2
01-10 20:31:28.862 24651 24771 V threaded_app: New input event: type=2
01-10 20:31:28.879 24651 24771 V threaded_app: New input event: type=2
01-10 20:31:28.896 24651 24771 V threaded_app: New input event: type=2
01-10 20:31:28.913 24651 24771 V threaded_app: New input event: type=2
01-10 20:31:28.929 24651 24771 V threaded_app: New input event: type=2
01-10 20:31:28.946 24651 24771 V threaded_app: New input event: type=2
01-10 20:31:28.962 24651 24771 V threaded_app: New input event: type=2
01-10 20:31:28.979 24651 24771 V threaded_app: New input event: type=2
01-10 20:31:28.996 24651 24771 V threaded_app: New input event: type=2
01-10 20:31:29.013 24651 24771 V threaded_app: New input event: type=2
01-10 20:31:29.029 24651 24771 V threaded_app: New input event: type=2
01-10 20:31:29.046 24651 24771 V threaded_app: New input event: type=2
01-10 20:31:29.063 24651 24771 V threaded_app: New input event: type=2
01-10 20:31:29.079 24651 24771 V threaded_app: New input event: type=2
01-10 20:31:29.096 24651 24771 V threaded_app: New input event: type=2
01-10 20:31:29.113 24651 24771 V threaded_app: New input event: type=2
01-10 20:31:29.129 24651 24771 V threaded_app: New input event: type=2
01-10 20:31:29.146 24651 24771 V threaded_app: New input event: type=2
01-10 20:31:29.158 24651 24985 I AudioManager: In isBluetoothScoOn(), calling
application: com.wd.clan
01-10 20:31:29.163 24651 24771 V threaded_app: New input event: type=2
01-10 20:31:29.179 24651 24771 V threaded_app: New input event: type=2
01-10 20:31:29.196 24651 24771 V threaded_app: New input event: type=2
01-10 20:31:29.213 24651 24771 V threaded_app: New input event: type=2
01-10 20:31:29.229 24651 24771 V threaded_app: New input event: type=2
01-10 20:31:29.246 24651 24771 V threaded_app: New input event: type=2
01-10 20:31:29.263 24651 24771 V threaded_app: New input event: type=2
01-10 20:31:29.280 24651 24771 V threaded_app: New input event: type=2
01-10 20:31:29.296 24651 24771 V threaded_app: New input event: type=2
01-10 20:31:29.313 24651 24771 V threaded_app: New input event: type=2
01-10 20:31:29.329 24651 24771 V threaded_app: New input event: type=2
01-10 20:31:29.339 24651 24771 V threaded_app: New input event: type=2
01-10 20:31:29.340 24651 24771 V threaded_app: New input event: type=2
01-10 20:31:29.346 24651 24771 V threaded_app: New input event: type=2
01-10 20:31:29.363 24651 24771 V threaded_app: New input event: type=2
01-10 20:31:29.379 24651 24771 V threaded_app: New input event: type=2
01-10 20:31:29.396 24651 24771 V threaded_app: New input event: type=2
01-10 20:31:29.413 24651 24771 V threaded_app: New input event: type=2
01-10 20:31:29.429 24651 24771 V threaded_app: New input event: type=2
01-10 20:31:29.446 24651 24771 V threaded_app: New input event: type=2
01-10 20:31:29.463 24651 24771 V threaded_app: New input event: type=2
01-10 20:31:29.480 24651 24771 V threaded_app: New input event: type=2
01-10 20:31:29.497 24651 24771 V threaded_app: New input event: type=2
01-10 20:31:29.513 24651 24771 V threaded_app: New input event: type=2
01-10 20:31:29.525 24651 24771 V threaded_app: New input event: type=2
01-10 20:31:29.525 24651 24771 V threaded_app: New input event: type=2
01-10 20:31:29.546 24651 24771 V threaded_app: New input event: type=2
01-10 20:31:29.563 24651 24771 V threaded_app: New input event: type=2
01-10 20:31:29.579 24651 24771 V threaded_app: New input event: type=2
01-10 20:31:29.596 24651 24771 V threaded_app: New input event: type=2
01-10 20:31:29.613 24651 24771 V threaded_app: New input event: type=2
01-10 20:31:29.623 24651 24771 V threaded_app: New input event: type=2
01-10 20:31:29.623 24651 24771 V threaded_app: New input event: type=2
01-10 20:31:29.629 24651 24771 V threaded_app: New input event: type=2
01-10 20:31:29.646 24651 24771 V threaded_app: New input event: type=2
01-10 20:31:29.696 24651 24771 V threaded_app: New input event: type=2
01-10 20:31:29.758 24651 24771 V threaded_app: New input event: type=2
01-10 20:31:29.857 24651 24771 V threaded_app: New input event: type=2
01-10 20:31:30.025 24651 24771 V threaded_app: New input event: type=2
01-10 20:31:30.097 24651 24771 V threaded_app: New input event: type=2
01-10 20:31:30.113 24651 24771 V threaded_app: New input event: type=2
01-10 20:31:30.130 24651 24771 V threaded_app: New input event: type=2
01-10 20:31:30.146 24651 24771 V threaded_app: New input event: type=2
01-10 20:31:30.157 24651 24771 V threaded_app: New input event: type=2
01-10 20:31:30.157 24651 24771 V threaded_app: New input event: type=2
01-10 20:31:30.324 24651 24771 V threaded_app: New input event: type=2
01-10 20:31:30.438 24651 24985 I AudioManager: In isBluetoothScoOn(), calling
application: com.wd.clan
01-10 20:31:30.448 24651 24771 V threaded_app: New input event: type=2
01-10 20:31:30.464 24651 24771 V threaded_app: New input event: type=2
01-10 20:31:30.481 24651 24771 V threaded_app: New input event: type=2
01-10 20:31:30.496 24651 24771 V threaded_app: New input event: type=2
01-10 20:31:30.513 24651 24771 V threaded_app: New input event: type=2
01-10 20:31:30.530 24651 24771 V threaded_app: New input event: type=2
01-10 20:31:30.547 24651 24771 V threaded_app: New input event: type=2
01-10 20:31:30.563 24651 24771 V threaded_app: New input event: type=2
01-10 20:31:30.573 24651 24771 V threaded_app: New input event: type=2
01-10 20:31:30.574 24651 24771 V threaded_app: New input event: type=2
01-10 20:31:30.692 24651 24771 V threaded_app: New input event: type=2
01-10 20:31:30.730 24651 24771 V threaded_app: New input event: type=2
01-10 20:31:30.747 24651 24771 V threaded_app: New input event: type=2
01-10 20:31:30.763 24651 24771 V threaded_app: New input event: type=2
01-10 20:31:30.780 24651 24771 V threaded_app: New input event: type=2
01-10 20:31:30.797 24651 24771 V threaded_app: New input event: type=2
01-10 20:31:30.806 24651 24771 V threaded_app: New input event: type=2
01-10 20:31:30.807 24651 24771 V threaded_app: New input event: type=2
01-10 20:31:31.576 24651 24771 V threaded_app: New input event: type=2
01-10 20:31:31.699 24651 24771 V threaded_app: New input event: type=2
01-10 20:31:31.714 24651 24771 V threaded_app: New input event: type=2
01-10 20:31:31.718 24651 24985 I AudioManager: In isBluetoothScoOn(), calling
application: com.wd.clan
01-10 20:31:31.730 24651 24771 V threaded_app: New input event: type=2
01-10 20:31:31.749 24651 24771 V threaded_app: New input event: type=2
01-10 20:31:31.764 24651 24771 V threaded_app: New input event: type=2
01-10 20:31:31.781 24651 24771 V threaded_app: New input event: type=2
01-10 20:31:31.797 24651 24771 V threaded_app: New input event: type=2
01-10 20:31:31.814 24651 24771 V threaded_app: New input event: type=2
01-10 20:31:31.831 24651 24771 V threaded_app: New input event: type=2
01-10 20:31:31.847 24651 24771 V threaded_app: New input event: type=2
01-10 20:31:31.864 24651 24771 V threaded_app: New input event: type=2
01-10 20:31:31.881 24651 24771 V threaded_app: New input event: type=2
01-10 20:31:31.897 24651 24771 V threaded_app: New input event: type=2
01-10 20:31:31.914 24651 24771 V threaded_app: New input event: type=2
01-10 20:31:31.924 24651 24771 V threaded_app: New input event: type=2
01-10 20:31:31.925 24651 24771 V threaded_app: New input event: type=2
01-10 20:31:31.931 24651 24771 V threaded_app: New input event: type=2
01-10 20:31:31.947 24651 24771 V threaded_app: New input event: type=2
01-10 20:31:31.964 24651 24771 V threaded_app: New input event: type=2
01-10 20:31:31.981 24651 24771 V threaded_app: New input event: type=2
01-10 20:31:31.998 24651 24771 V threaded_app: New input event: type=2
01-10 20:31:32.014 24651 24771 V threaded_app: New input event: type=2
01-10 20:31:32.031 24651 24771 V threaded_app: New input event: type=2
01-10 20:31:32.047 24651 24771 V threaded_app: New input event: type=2
01-10 20:31:32.064 24651 24771 V threaded_app: New input event: type=2
01-10 20:31:32.098 24651 24771 V threaded_app: New input event: type=2
01-10 20:31:32.130 24651 24771 V threaded_app: New input event: type=2
01-10 20:31:32.147 24651 24771 V threaded_app: New input event: type=2
01-10 20:31:32.181 24651 24771 V threaded_app: New input event: type=2
01-10 20:31:32.197 24651 24771 V threaded_app: New input event: type=2
01-10 20:31:32.214 24651 24771 V threaded_app: New input event: type=2
01-10 20:31:32.231 24651 24771 V threaded_app: New input event: type=2
01-10 20:31:32.247 24651 24771 V threaded_app: New input event: type=2
01-10 20:31:32.264 24651 24771 V threaded_app: New input event: type=2
01-10 20:31:32.281 24651 24771 V threaded_app: New input event: type=2
01-10 20:31:32.332 24651 24771 V threaded_app: New input event: type=2
01-10 20:31:32.425 24651 24771 V threaded_app: New input event: type=2
01-10 20:31:32.483 24651 24771 V threaded_app: New input event: type=2
01-10 20:31:32.514 24651 24771 V threaded_app: New input event: type=2
01-10 20:31:32.548 24651 24771 V threaded_app: New input event: type=2
01-10 20:31:32.597 24651 24771 V threaded_app: New input event: type=2
01-10 20:31:32.682 24651 24771 V threaded_app: New input event: type=2
01-10 20:31:32.732 24651 24771 V threaded_app: New input event: type=2
01-10 20:31:32.765 24651 24771 V threaded_app: New input event: type=2
01-10 20:31:32.932 24651 24771 V threaded_app: New input event: type=2
01-10 20:31:32.999 24651 24985 I AudioManager: In isBluetoothScoOn(), calling
application: com.wd.clan
01-10 20:31:33.015 24651 24771 V threaded_app: New input event: type=2
01-10 20:31:33.099 24651 24771 V threaded_app: New input event: type=2
01-10 20:31:33.475 24651 24771 V threaded_app: New input event: type=2
01-10 20:31:33.498 24651 24771 V threaded_app: New input event: type=2
01-10 20:31:33.532 24651 24771 V threaded_app: New input event: type=2
01-10 20:31:33.548 24651 24771 V threaded_app: New input event: type=2
01-10 20:31:33.565 24651 24771 V threaded_app: New input event: type=2
01-10 20:31:33.583 24651 24771 V threaded_app: New input event: type=2
01-10 20:31:33.593 24651 24771 V threaded_app: New input event: type=2
01-10 20:31:33.593 24651 24771 V threaded_app: New input event: type=2
01-10 20:31:33.615 24651 24771 V threaded_app: New input event: type=2
01-10 20:31:33.631 24651 24771 V threaded_app: New input event: type=2
01-10 20:31:33.648 24651 24771 V threaded_app: New input event: type=2
01-10 20:31:33.665 24651 24771 V threaded_app: New input event: type=2
01-10 20:31:33.681 24651 24771 V threaded_app: New input event: type=2
01-10 20:31:33.695 24651 24771 V threaded_app: New input event: type=2
01-10 20:31:33.696 24651 24771 V threaded_app: New input event: type=2
01-10 20:31:33.698 24651 24771 V threaded_app: New input event: type=2
01-10 20:31:33.714 24651 24771 V threaded_app: New input event: type=2
01-10 20:31:33.731 24651 24771 V threaded_app: New input event: type=2
01-10 20:31:33.748 24651 24771 V threaded_app: New input event: type=2
01-10 20:31:33.765 24651 24771 V threaded_app: New input event: type=2
01-10 20:31:33.781 24651 24771 V threaded_app: New input event: type=2
01-10 20:31:33.794 24651 24771 V threaded_app: New input event: type=2
01-10 20:31:33.794 24651 24771 V threaded_app: New input event: type=2
01-10 20:31:33.815 24651 24771 V threaded_app: New input event: type=2
01-10 20:31:33.848 24651 24771 V threaded_app: New input event: type=2
01-10 20:31:33.875 24651 24771 V threaded_app: New input event: type=2
01-10 20:31:33.882 24651 24771 V threaded_app: New input event: type=2
01-10 20:31:33.915 24651 24771 V threaded_app: New input event: type=2
01-10 20:31:33.966 24651 24771 V threaded_app: New input event: type=2
01-10 20:31:33.976 24651 24771 V threaded_app: New input event: type=2
01-10 20:31:33.998 24651 24771 V threaded_app: New input event: type=2
01-10 20:31:34.015 24651 24771 V threaded_app: New input event: type=2
01-10 20:31:34.032 24651 24771 V threaded_app: New input event: type=2
01-10 20:31:34.048 24651 24771 V threaded_app: New input event: type=2
01-10 20:31:34.075 24651 24771 V threaded_app: New input event: type=2
01-10 20:31:34.081 24651 24771 V threaded_app: New input event: type=2
01-10 20:31:34.098 24651 24771 V threaded_app: New input event: type=2
01-10 20:31:34.131 24651 24771 V threaded_app: New input event: type=2
01-10 20:31:34.148 24651 24771 V threaded_app: New input event: type=2
01-10 20:31:34.166 24651 24771 V threaded_app: New input event: type=2
01-10 20:31:34.181 24651 24771 V threaded_app: New input event: type=2
01-10 20:31:34.198 24651 24771 V threaded_app: New input event: type=2
01-10 20:31:34.231 24651 24771 V threaded_app: New input event: type=2
01-10 20:31:34.248 24651 24771 V threaded_app: New input event: type=2
01-10 20:31:34.265 24651 24771 V threaded_app: New input event: type=2
01-10 20:31:34.278 24651 24985 I AudioManager: In isBluetoothScoOn(), calling
application: com.wd.clan
01-10 20:31:34.282 24651 24771 V threaded_app: New input event: type=2
01-10 20:31:34.310 24651 24771 V threaded_app: New input event: type=2
01-10 20:31:34.311 24651 24771 V threaded_app: New input event: type=2
01-10 20:31:34.332 24651 24771 V threaded_app: New input event: type=2
01-10 20:31:34.348 24651 24771 V threaded_app: New input event: type=2
01-10 20:31:34.365 24651 24771 V threaded_app: New input event: type=2
01-10 20:31:34.398 24651 24771 V threaded_app: New input event: type=2
01-10 20:31:34.408 24651 24771 V threaded_app: New input event: type=2
01-10 20:31:34.432 24651 24771 V threaded_app: New input event: type=2
01-10 20:31:34.465 24651 24771 V threaded_app: New input event: type=2
01-10 20:31:34.493 24651 24771 V threaded_app: New input event: type=2
01-10 20:31:34.494 24651 24771 V threaded_app: New input event: type=2
01-10 20:31:34.532 24651 24771 V threaded_app: New input event: type=2
01-10 20:31:34.566 24651 24771 V threaded_app: New input event: type=2
01-10 20:31:34.592 24651 24771 V threaded_app: New input event: type=2
01-10 20:31:34.600 24651 24771 V threaded_app: New input event: type=2
01-10 20:31:34.648 24651 24771 V threaded_app: New input event: type=2
01-10 20:31:34.677 24651 24771 V threaded_app: New input event: type=2
01-10 20:31:34.716 24651 24771 V threaded_app: New input event: type=2
01-10 20:31:34.759 24651 24771 V threaded_app: New input event: type=2
01-10 20:31:34.783 24651 24771 V threaded_app: New input event: type=2
01-10 20:31:34.849 24651 24771 V threaded_app: New input event: type=2
01-10 20:31:34.876 24651 24771 V threaded_app: New input event: type=2
01-10 20:31:34.960 24651 24771 V threaded_app: New input event: type=2
01-10 20:31:34.966 24651 24771 V threaded_app: New input event: type=2
01-10 20:31:35.076 24651 24771 V threaded_app: New input event: type=2
01-10 20:31:35.100 24651 24771 V threaded_app: New input event: type=2
01-10 20:31:35.142 24651 24771 V threaded_app: New input event: type=2
01-10 20:31:35.299 24651 24771 V threaded_app: New input event: type=2
01-10 20:31:35.316 24651 24771 V threaded_app: New input event: type=2
01-10 20:31:35.332 24651 24771 V threaded_app: New input event: type=2
01-10 20:31:35.349 24651 24771 V threaded_app: New input event: type=2
01-10 20:31:35.365 24651 24771 V threaded_app: New input event: type=2
01-10 20:31:35.382 24651 24771 V threaded_app: New input event: type=2
01-10 20:31:35.394 24651 24771 V threaded_app: New input event: type=2
01-10 20:31:35.394 24651 24771 V threaded_app: New input event: type=2
01-10 20:31:35.415 24651 24771 V threaded_app: New input event: type=2
01-10 20:31:35.432 24651 24771 V threaded_app: New input event: type=2
01-10 20:31:35.449 24651 24771 V threaded_app: New input event: type=2
01-10 20:31:35.465 24651 24771 V threaded_app: New input event: type=2
01-10 20:31:35.482 24651 24771 V threaded_app: New input event: type=2
01-10 20:31:35.499 24651 24771 V threaded_app: New input event: type=2
01-10 20:31:35.516 24651 24771 V threaded_app: New input event: type=2
01-10 20:31:35.533 24651 24771 V threaded_app: New input event: type=2
01-10 20:31:35.549 24651 24771 V threaded_app: New input event: type=2
01-10 20:31:35.558 24651 24985 I AudioManager: In isBluetoothScoOn(), calling
application: com.wd.clan
01-10 20:31:35.566 24651 24771 V threaded_app: New input event: type=2
01-10 20:31:35.582 24651 24771 V threaded_app: New input event: type=2
01-10 20:31:35.599 24651 24771 V threaded_app: New input event: type=2
01-10 20:31:35.616 24651 24771 V threaded_app: New input event: type=2
01-10 20:31:35.632 24651 24771 V threaded_app: New input event: type=2
01-10 20:31:35.649 24651 24771 V threaded_app: New input event: type=2
01-10 20:31:35.665 24651 24771 V threaded_app: New input event: type=2
01-10 20:31:35.682 24651 24771 V threaded_app: New input event: type=2
01-10 20:31:35.699 24651 24771 V threaded_app: New input event: type=2
01-10 20:31:35.709 24651 24771 V threaded_app: New input event: type=2
01-10 20:31:35.709 24651 24771 V threaded_app: New input event: type=2
01-10 20:31:35.715 24651 24771 V threaded_app: New input event: type=2
01-10 20:31:35.732 24651 24771 V threaded_app: New input event: type=2
01-10 20:31:35.749 24651 24771 V threaded_app: New input event: type=2
01-10 20:31:35.765 24651 24771 V threaded_app: New input event: type=2
01-10 20:31:35.783 24651 24771 V threaded_app: New input event: type=2
01-10 20:31:35.799 24651 24771 V threaded_app: New input event: type=2
01-10 20:31:35.816 24651 24771 V threaded_app: New input event: type=2
01-10 20:31:35.832 24651 24771 V threaded_app: New input event: type=2
01-10 20:31:35.850 24651 24771 V threaded_app: New input event: type=2
01-10 20:31:35.866 24651 24771 V threaded_app: New input event: type=2
01-10 20:31:35.882 24651 24771 V threaded_app: New input event: type=2
01-10 20:31:35.899 24651 24771 V threaded_app: New input event: type=2
01-10 20:31:35.916 24651 24771 V threaded_app: New input event: type=2
01-10 20:31:35.933 24651 24771 V threaded_app: New input event: type=2
01-10 20:31:35.949 24651 24771 V threaded_app: New input event: type=2
01-10 20:31:35.965 24651 24771 V threaded_app: New input event: type=2
01-10 20:31:35.982 24651 24771 V threaded_app: New input event: type=2
01-10 20:31:35.999 24651 24771 V threaded_app: New input event: type=2
01-10 20:31:36.016 24651 24771 V threaded_app: New input event: type=2
01-10 20:31:36.032 24651 24771 V threaded_app: New input event: type=2
01-10 20:31:36.049 24651 24771 V threaded_app: New input event: type=2
01-10 20:31:36.066 24651 24771 V threaded_app: New input event: type=2
01-10 20:31:36.082 24651 24771 V threaded_app: New input event: type=2
01-10 20:31:36.099 24651 24771 V threaded_app: New input event: type=2
01-10 20:31:36.116 24651 24771 V threaded_app: New input event: type=2
01-10 20:31:36.132 24651 24771 V threaded_app: New input event: type=2
01-10 20:31:36.151 24651 24771 V threaded_app: New input event: type=2
01-10 20:31:36.166 24651 24771 V threaded_app: New input event: type=2
01-10 20:31:36.183 24651 24771 V threaded_app: New input event: type=2
01-10 20:31:36.199 24651 24771 V threaded_app: New input event: type=2
01-10 20:31:36.216 24651 24771 V threaded_app: New input event: type=2
01-10 20:31:36.233 24651 24771 V threaded_app: New input event: type=2
01-10 20:31:36.249 24651 24771 V threaded_app: New input event: type=2
01-10 20:31:36.267 24651 24771 V threaded_app: New input event: type=2
01-10 20:31:36.277 24651 24771 V threaded_app: New input event: type=2
01-10 20:31:36.277 24651 24771 V threaded_app: New input event: type=2
01-10 20:31:36.299 24651 24771 V threaded_app: New input event: type=2
01-10 20:31:36.316 24651 24771 V threaded_app: New input event: type=2
01-10 20:31:36.325 24651 24771 V threaded_app: New input event: type=2
01-10 20:31:36.326 24651 24771 V threaded_app: New input event: type=2
01-10 20:31:36.333 24651 24771 V threaded_app: New input event: type=2
01-10 20:31:36.349 24651 24771 V threaded_app: New input event: type=2
01-10 20:31:36.366 24651 24771 V threaded_app: New input event: type=2
01-10 20:31:36.383 24651 24771 V threaded_app: New input event: type=2
01-10 20:31:36.399 24651 24771 V threaded_app: New input event: type=2
01-10 20:31:36.416 24651 24771 V threaded_app: New input event: type=2
01-10 20:31:36.433 24651 24771 V threaded_app: New input event: type=2
01-10 20:31:36.450 24651 24771 V threaded_app: New input event: type=2
01-10 20:31:36.466 24651 24771 V threaded_app: New input event: type=2
01-10 20:31:36.483 24651 24771 V threaded_app: New input event: type=2
01-10 20:31:36.500 24651 24771 V threaded_app: New input event: type=2
01-10 20:31:36.516 24651 24771 V threaded_app: New input event: type=2
01-10 20:31:36.533 24651 24771 V threaded_app: New input event: type=2
01-10 20:31:36.550 24651 24771 V threaded_app: New input event: type=2
01-10 20:31:36.567 24651 24771 V threaded_app: New input event: type=2
01-10 20:31:36.583 24651 24771 V threaded_app: New input event: type=2
01-10 20:31:36.600 24651 24771 V threaded_app: New input event: type=2
01-10 20:31:36.616 24651 24771 V threaded_app: New input event: type=2
01-10 20:31:36.632 24651 24771 V threaded_app: New input event: type=2
01-10 20:31:36.649 24651 24771 V threaded_app: New input event: type=2
01-10 20:31:36.666 24651 24771 V threaded_app: New input event: type=2
01-10 20:31:36.683 24651 24771 V threaded_app: New input event: type=2
01-10 20:31:36.733 24651 24771 V threaded_app: New input event: type=2
01-10 20:31:36.749 24651 24771 V threaded_app: New input event: type=2
01-10 20:31:36.784 24651 24771 V threaded_app: New input event: type=2
01-10 20:31:36.799 24651 24771 V threaded_app: New input event: type=2
01-10 20:31:36.816 24651 24771 V threaded_app: New input event: type=2
01-10 20:31:36.832 24651 24771 V threaded_app: New input event: type=2
01-10 20:31:36.838 24651 24985 I AudioManager: In isBluetoothScoOn(), calling
application: com.wd.clan
01-10 20:31:36.851 24651 24771 V threaded_app: New input event: type=2
01-10 20:31:36.866 24651 24771 V threaded_app: New input event: type=2
01-10 20:31:36.883 24651 24771 V threaded_app: New input event: type=2
01-10 20:31:36.900 24651 24771 V threaded_app: New input event: type=2
01-10 20:31:36.916 24651 24771 V threaded_app: New input event: type=2
01-10 20:31:36.928 24651 24771 V threaded_app: New input event: type=2
01-10 20:31:36.928 24651 24771 V threaded_app: New input event: type=2
01-10 20:31:36.949 24651 24771 V threaded_app: New input event: type=2
01-10 20:31:36.966 24651 24771 V threaded_app: New input event: type=2
01-10 20:31:36.983 24651 24771 V threaded_app: New input event: type=2
01-10 20:31:36.999 24651 24771 V threaded_app: New input event: type=2
01-10 20:31:37.016 24651 24771 V threaded_app: New input event: type=2
01-10 20:31:37.026 24651 24771 V threaded_app: New input event: type=2
01-10 20:31:37.033 24651 24771 V threaded_app: New input event: type=2
01-10 20:31:37.049 24651 24771 V threaded_app: New input event: type=2
01-10 20:31:37.066 24651 24771 V threaded_app: New input event: type=2
01-10 20:31:37.083 24651 24771 V threaded_app: New input event: type=2
01-10 20:31:37.099 24651 24771 V threaded_app: New input event: type=2
01-10 20:31:37.116 24651 24771 V threaded_app: New input event: type=2
01-10 20:31:37.133 24651 24771 V threaded_app: New input event: type=2
01-10 20:31:37.150 24651 24771 V threaded_app: New input event: type=2
01-10 20:31:37.166 24651 24771 V threaded_app: New input event: type=2
01-10 20:31:37.183 24651 24771 V threaded_app: New input event: type=2
01-10 20:31:37.200 24651 24771 V threaded_app: New input event: type=2
01-10 20:31:37.216 24651 24771 V threaded_app: New input event: type=2
01-10 20:31:37.233 24651 24771 V threaded_app: New input event: type=2
01-10 20:31:37.250 24651 24771 V threaded_app: New input event: type=2
01-10 20:31:37.266 24651 24771 V threaded_app: New input event: type=2
01-10 20:31:37.283 24651 24771 V threaded_app: New input event: type=2
01-10 20:31:37.300 24651 24771 V threaded_app: New input event: type=2
01-10 20:31:37.316 24651 24771 V threaded_app: New input event: type=2
01-10 20:31:37.350 24651 24771 V threaded_app: New input event: type=2
01-10 20:31:37.366 24651 24771 V threaded_app: New input event: type=2
01-10 20:31:37.383 24651 24771 V threaded_app: New input event: type=2
01-10 20:31:37.400 24651 24771 V threaded_app: New input event: type=2
01-10 20:31:37.433 24651 24771 V threaded_app: New input event: type=2
01-10 20:31:37.468 24651 24771 V threaded_app: New input event: type=2
01-10 20:31:37.500 24651 24771 V threaded_app: New input event: type=2
01-10 20:31:37.516 24651 24771 V threaded_app: New input event: type=2
01-10 20:31:37.528 24651 24771 V threaded_app: New input event: type=2
01-10 20:31:37.529 24651 24771 V threaded_app: New input event: type=2
01-10 20:31:37.550 24651 24771 V threaded_app: New input event: type=2
01-10 20:31:37.583 24651 24771 V threaded_app: New input event: type=2
01-10 20:31:37.594 24651 24771 V threaded_app: New input event: type=2
01-10 20:31:37.601 24651 24771 V threaded_app: New input event: type=2
01-10 20:31:37.616 24651 24771 V threaded_app: New input event: type=2
01-10 20:31:37.633 24651 24771 V threaded_app: New input event: type=2
01-10 20:31:37.650 24651 24771 V threaded_app: New input event: type=2
01-10 20:31:37.683 24651 24771 V threaded_app: New input event: type=2
01-10 20:31:37.716 24651 24771 V threaded_app: New input event: type=2
01-10 20:31:37.801 24651 24771 V threaded_app: New input event: type=2
01-10 20:31:37.851 24651 24771 V threaded_app: New input event: type=2
01-10 20:31:37.866 24651 24771 V threaded_app: New input event: type=2
01-10 20:31:37.883 24651 24771 V threaded_app: New input event: type=2
01-10 20:31:37.894 24651 24771 V threaded_app: New input event: type=2
01-10 20:31:38.111 24651 24771 V threaded_app: New input event: type=2
01-10 20:31:38.118 24651 24985 I AudioManager: In isBluetoothScoOn(), calling
application: com.wd.clan
01-10 20:31:38.177 24651 24771 V threaded_app: New input event: type=2
01-10 20:31:38.645 24651 24771 V threaded_app: New input event: type=2
01-10 20:31:38.712 24651 24771 V threaded_app: New input event: type=2
01-10 20:31:38.738 24651 24770 D CommonStub: Hook in : Intent
{ act=android.content.pm.action.REQUEST_PERMISSIONS
pkg=com.google.android.permissioncontroller (has extras) }
01-10 20:31:38.800 24651 24770 W Activity: Can request only one set of permissions
at a time
01-10 20:31:38.804 24651 24651 V threaded_app: Pause: 0x7a8d487280
01-10 20:31:38.804 24651 24771 V threaded_app: activityState=13
01-10 20:31:38.804 24651 24771 D UE4 : Case APP_CMD_PAUSE
01-10 20:31:38.804 24651 24651 V SystemSensorManagerExtImpl: unRegisterListener by
com.epicgames.ue4.GameActivity
01-10 20:31:38.816 24651 24651 I : genericobserver pos:0
className:com.blue.dm.hdmpve.lifecycle.PluginReportLifecycle
01-10 20:31:38.818 24651 24651 I HDmpve : onPause
01-10 20:31:38.819 24651 24651 I : genericobserver pos:0
className:com.blue.dm.hdmpve.lifecycle.PluginReportLifecycle
01-10 20:31:38.819 24651 24651 I HDmpvePluginManger: onPause
01-10 20:31:38.821 24651 24651 I RoosterJava: call rooster pause interface
01-10 20:31:38.835 24651 24985 D AudioTrack: stop(6393): prior state:STATE_ACTIVE
output 13 stream 3 session 45329
01-10 20:31:38.835 24651 24985 D AudioTrack: stop(6393): called with 14592960
frames delivered
01-10 20:31:38.835 24651 24985 D AudioTrack: ~AudioTrack, releasing mStatus =0
session id 45329 from 24651 on behalf of 24651
01-10 20:31:38.835 24651 24985 D AudioTrack: stop(6393): prior state:STATE_STOPPED
output 13 stream 3 session 45329
01-10 20:31:38.838 24651 25338 D com.wd.clan:p1: PlayerBase::stop() from IPlayer
01-10 20:31:38.838 24651 25338 D AudioTrack: stop(6394): prior state:STATE_ACTIVE
output 13 stream 3 session 45361
01-10 20:31:38.838 24651 25338 D AudioTrack: stop(6394): called with 3474240 frames
delivered
01-10 20:31:38.839 24651 25338 D AudioTrack: flush(6394): prior state:STATE_STOPPED
01-10 20:31:38.964 24651 24771 V threaded_app: New input event: type=2
01-10 20:31:39.002 24651 24771 V threaded_app: New input event: type=2
01-10 20:31:39.018 24651 24771 V threaded_app: New input event: type=2
01-10 20:31:39.036 24651 24771 V threaded_app: New input event: type=2
01-10 20:31:39.043 9099 9110 W om.wd.clan:gbo: Reducing the number of considered
missed Gc histogram windows from 144 to 100
01-10 20:31:39.054 24651 24651 V threaded_app: WindowFocusChanged: 0x7a8d487280 --
0
01-10 20:31:39.055 24651 24771 D UE4 : Case APP_CMD_LOST_FOCUS
01-10 20:31:39.055 24651 24771 V threaded_app: New input event: type=2
01-10 20:31:39.078 24651 24669 W com.wd.clan:p1: Couldn't lock the profile file
/data/misc/profiles/cur/0/com.pubg.imobile/primary.prof: Failed to open file
'/data/misc/profiles/cur/0/com.pubg.imobile/primary.prof': Permission denied
01-10 20:31:39.078 24651 24669 W com.wd.clan:p1: Could not forcefully load
profile /data/misc/profiles/cur/0/com.pubg.imobile/primary.prof
01-10 20:31:39.088 24651 24771 V threaded_app: New input event: type=2
01-10 20:31:39.101 24651 24771 V threaded_app: New input event: type=2
01-10 20:31:39.124 24651 24771 V threaded_app: New input event: type=2
01-10 20:31:39.137 24651 24771 V threaded_app: New input event: type=2
01-10 20:31:39.151 24651 24771 V threaded_app: New input event: type=2
