01-10 20:38:09.654 24651 24985 I AudioManager: In isBluetoothScoOn(), calling
application: com.wd.clan
01-10 20:38:10.935 24651 24985 I AudioManager: In isBluetoothScoOn(), calling
application: com.wd.clan
01-10 20:38:12.214 24651 24985 I AudioManager: In isBluetoothScoOn(), calling
application: com.wd.clan
01-10 20:38:13.494 24651 24985 I AudioManager: In isBluetoothScoOn(), calling
application: com.wd.clan
01-10 20:38:14.775 24651 24985 I AudioManager: In isBluetoothScoOn(), calling
application: com.wd.clan
01-10 20:38:16.054 24651 24985 I AudioManager: In isBluetoothScoOn(), calling
application: com.wd.clan
01-10 20:38:16.565 24651 25272 E HDmpve : [2025-01-10 20:38:16 565] | Error |
[HDmpve] |0x797b7fbcb0| DownloadProcess.cpp:330|ThreadProcess| DLProcess
PollingTime Changed: 10000 -> 300000
01-10 20:38:16.570 24651 25260 E HDmpve : [2025-01-10 20:38:16 570] | Error |
[HDmpve] |0x797a990cb0| DownloadProcess.cpp:330|ThreadProcess| DLProcess
PollingTime Changed: 10000 -> 300000
01-10 20:38:16.609 24651 24770 D com.wd.clan:p1: PlayerBase::PlayerBase()
01-10 20:38:16.610 24651 24770 D com.wd.clan:p1: TrackPlayerBase::TrackPlayerBase()
01-10 20:38:16.610 24651 24770 D com.wd.clan:p1:
TrackPlayerBase::~TrackPlayerBase()
01-10 20:38:16.610 24651 24770 D com.wd.clan:p1: PlayerBase::~PlayerBase()
01-10 20:38:16.610 24651 24770 D DA4MG : Height channels supported (1).
01-10 20:38:17.335 24651 24985 I AudioManager: In isBluetoothScoOn(), calling
application: com.wd.clan
01-10 20:38:17.746 24651 24771 V threaded_app: New input event: type=2
01-10 20:38:17.995 24651 24771 V threaded_app: New input event: type=2
01-10 20:38:18.614 24651 24985 I AudioManager: In isBluetoothScoOn(), calling
application: com.wd.clan
01-10 20:38:18.622 24651 24771 V threaded_app: New input event: type=2
01-10 20:38:18.655 24651 24771 V threaded_app: New input event: type=2
01-10 20:38:18.689 24651 24771 V threaded_app: New input event: type=2
01-10 20:38:19.894 24651 24985 I AudioManager: In isBluetoothScoOn(), calling
application: com.wd.clan
01-10 20:38:21.175 24651 24985 I AudioManager: In isBluetoothScoOn(), calling
application: com.wd.clan
01-10 20:38:22.457 24651 24985 I AudioManager: In isBluetoothScoOn(), calling
application: com.wd.clan
01-10 20:38:23.736 24651 24985 I AudioManager: In isBluetoothScoOn(), calling
application: com.wd.clan
01-10 20:38:25.015 24651 24985 I AudioManager: In isBluetoothScoOn(), calling
application: com.wd.clan
01-10 20:38:26.294 24651 24985 I AudioManager: In isBluetoothScoOn(), calling
application: com.wd.clan
01-10 20:38:27.574 24651 24985 I AudioManager: In isBluetoothScoOn(), calling
application: com.wd.clan
01-10 20:38:28.856 24651 24985 I AudioManager: In isBluetoothScoOn(), calling
application: com.wd.clan
01-10 20:38:30.135 24651 24985 I AudioManager: In isBluetoothScoOn(), calling
application: com.wd.clan
01-10 20:38:31.371 9513 9696 I PlayCore: UID: [10001] PID: [9513]
StandardIntegrity : warmUpIntegrityToken(49625052041)
01-10 20:38:31.373 9513 9644 I PlayCore: UID: [10001] PID: [9513]
StandardIntegrity : Already connected to the service.
01-10 20:38:31.373 9513 9644 I PlayCore: UID: [10001] PID: [9513]
StandardIntegrity : Initiate binding to the service.
01-10 20:38:31.375 9513 9644 I PlayCore: UID: [10001] PID: [9513]
StandardIntegrity : Failed to bind to the service.
01-10 20:38:31.415 24651 24985 I AudioManager: In isBluetoothScoOn(), calling
application: com.wd.clan
01-10 20:38:32.696 24651 24985 I AudioManager: In isBluetoothScoOn(), calling
application: com.wd.clan
01-10 20:38:33.974 24651 24985 I AudioManager: In isBluetoothScoOn(), calling
application: com.wd.clan
01-10 20:38:34.065 24651 24771 V threaded_app: New input event: type=2
01-10 20:38:34.099 24651 24771 V threaded_app: New input event: type=2
01-10 20:38:35.255 24651 24985 I AudioManager: In isBluetoothScoOn(), calling
application: com.wd.clan
01-10 20:38:36.534 24651 24985 I AudioManager: In isBluetoothScoOn(), calling
application: com.wd.clan
01-10 20:38:37.814 24651 24985 I AudioManager: In isBluetoothScoOn(), calling
application: com.wd.clan
01-10 20:38:38.267 24651 25337 D AudioRecord: stop(6422): mActive:0
01-10 20:38:38.267 24651 25337 D AudioRecord: stop(6422): mActive:0
01-10 20:38:38.274 24651 25337 D AudioManager: setMode mode=3 from com.wd.clan
01-10 20:38:38.276 24651 25337 I AudioManager: In setSpeakerphoneOn(), on: true,
calling application: com.wd.clan
01-10 20:38:38.423 24651 25337 D AudioTrack: stop(6418): prior state:STATE_STOPPED
output 13 stream 3 session 45465
01-10 20:38:38.423 24651 25337 D AudioTrack: ~AudioTrack, releasing mStatus =0
session id 45465 from 24651 on behalf of 24651
01-10 20:38:38.423 24651 25337 D AudioTrack: stop(6418): prior state:STATE_STOPPED
output 13 stream 3 session 45465
01-10 20:38:38.426 24651 25337 D com.wd.clan:p1: PlayerBase::PlayerBase()
01-10 20:38:38.428 24651 25337 D com.wd.clan:p1: TrackPlayerBase::TrackPlayerBase()
01-10 20:38:38.428 24651 25337 I libOpenSLES: android_audioPlayer_realize, channel
mask 0x4
01-10 20:38:38.428 24651 25337 I libOpenSLES: android_audioPlayer_realize, create
default channel mask 0x1, channels 1
01-10 20:38:38.428 24651 25337 I libOpenSLES: Emulating old channel mask behavior
(ignoring positional mask 0x4, using default mask 0x1 based on channel count of 1)
01-10 20:38:38.428 24651 25337 D AudioTrackExtImpl: AudioTrackExtImpl init
01-10 20:38:38.428 24651 25337 D AudioTrack: set() streamType 0, sampleRate 16000,
format 0x1, channelMask 0x1, frameCount 0, flags #104, notificationFrames -2,
sessionId 45489, transferType 0, uid -1, pid -1 cbf 1
01-10 20:38:38.459 24651 25337 E AudioSystem: invalid attributes { Content type:
AUDIO_CONTENT_TYPE_UNKNOWN Usage: AUDIO_USAGE_UNKNOWN Source: AUDIO_SOURCE_DEFAULT
Flags: 0x0 Tags: } when converting to stream
01-10 20:38:38.461 24651 25337 D AudioTrack: createTrack_l(6418):
AUDIO_OUTPUT_FLAG_FAST denied by server; frameCount 0 -> 644
01-10 20:38:38.461 24651 25337 I AudioTrack: createTrack_l(6424) on
outputId(1021) : 0x7a9196a800, mCblk = 0x7a97c2e100, mLatency = 80, mAfLatency =
40, frameCount = 644, mSampleRate = 16000, mFlags = 0, mReqFrameCount = 644,
mNotificationFramesAct = 320
01-10 20:38:38.467 24651 25337 I AudioManager: In setSpeakerphoneOn(), on: true,
calling application: com.wd.clan
01-10 20:38:38.469 24651 25337 W libOpenSLES: Conversion from OpenSL ES positional
channel mask 0x4 to Android mask 0 loses channels
01-10 20:38:38.469 24651 25337 I libOpenSLES: Emulating old channel mask behavior
(ignoring positional mask 0x4, using default mask 0x10 based on channel count of 1)
01-10 20:38:38.469 24651 25337 D AudioRecordExtImpl: AudioRecordExtImpl init
01-10 20:38:38.469 24651 25337 D AudioRecordExtImpl: audiorecordTest
01-10 20:38:38.469 24651 25337 D AudioRecord: set(): inputSource 7, sampleRate
16000, format 0x1, channelMask 0x10, frameCount 0, notificationFrames 0, sessionId
0, transferType 1, flags 0x5, identity AttributionSourceState{pid: 24651, uid:
10336, packageName: (null), attributionTag: (null), token: , renouncedPermissions:
(null), next: []}uid 10336, pid 24651
01-10 20:38:38.470 24651 25337 D AudioRecord: set(): mSessionId 0
01-10 20:38:38.539 24651 25337 D AudioRecord: stop(6428): mActive:0
01-10 20:38:38.540 24651 25337 D AudioRecord: start(6428): sync event 0 trigger
session 0
01-10 20:38:39.052 24651 24666 D com.wd.clan:p1:
TrackPlayerBase::~TrackPlayerBase()
01-10 20:38:39.052 24651 24666 D com.wd.clan:p1: PlayerBase::~PlayerBase()
01-10 20:38:39.243 24651 24985 I AudioManager: In isBluetoothScoOn(), calling
application: com.wd.clan
01-10 20:38:40.517 24651 24985 I AudioManager: In isBluetoothScoOn(), calling
application: com.wd.clan
01-10 20:38:41.797 24651 24985 I AudioManager: In isBluetoothScoOn(), calling
application: com.wd.clan
01-10 20:38:41.804 24651 24771 V threaded_app: New input event: type=2
01-10 20:38:41.944 24651 24771 V threaded_app: New input event: type=2
01-10 20:38:41.960 24651 24771 V threaded_app: New input event: type=2
01-10 20:38:41.976 24651 24771 V threaded_app: New input event: type=2
01-10 20:38:41.994 24651 24771 V threaded_app: New input event: type=2
01-10 20:38:42.010 24651 24771 V threaded_app: New input event: type=2
01-10 20:38:42.026 24651 24771 V threaded_app: New input event: type=2
01-10 20:38:42.043 24651 24771 V threaded_app: New input event: type=2
01-10 20:38:42.059 24651 24771 V threaded_app: New input event: type=2
01-10 20:38:42.076 24651 24771 V threaded_app: New input event: type=2
01-10 20:38:42.093 24651 24771 V threaded_app: New input event: type=2
01-10 20:38:42.110 24651 24771 V threaded_app: New input event: type=2
01-10 20:38:42.126 24651 24771 V threaded_app: New input event: type=2
01-10 20:38:42.143 24651 24771 V threaded_app: New input event: type=2
01-10 20:38:42.160 24651 24771 V threaded_app: New input event: type=2
01-10 20:38:42.178 24651 24771 V threaded_app: New input event: type=2
01-10 20:38:42.178 24651 24771 V threaded_app: New input event: type=2
01-10 20:38:42.193 24651 24771 V threaded_app: New input event: type=2
01-10 20:38:42.209 24651 24771 V threaded_app: New input event: type=2
01-10 20:38:42.221 24651 24771 V threaded_app: New input event: type=2
01-10 20:38:42.221 24651 24771 V threaded_app: New input event: type=2
01-10 20:38:42.243 24651 24771 V threaded_app: New input event: type=2
01-10 20:38:42.260 24651 24771 V threaded_app: New input event: type=2
01-10 20:38:42.276 24651 24771 V threaded_app: New input event: type=2
01-10 20:38:42.293 24651 24771 V threaded_app: New input event: type=2
01-10 20:38:42.343 24651 24771 V threaded_app: New input event: type=2
01-10 20:38:42.360 24651 24771 V threaded_app: New input event: type=2
01-10 20:38:42.377 24651 24771 V threaded_app: New input event: type=2
01-10 20:38:42.393 24651 24771 V threaded_app: New input event: type=2
01-10 20:38:42.410 24651 24771 V threaded_app: New input event: type=2
01-10 20:38:42.427 24651 24771 V threaded_app: New input event: type=2
01-10 20:38:42.443 24651 24771 V threaded_app: New input event: type=2
01-10 20:38:42.460 24651 24771 V threaded_app: New input event: type=2
01-10 20:38:42.470 24651 24771 V threaded_app: New input event: type=2
01-10 20:38:42.471 24651 24771 V threaded_app: New input event: type=2
01-10 20:38:42.477 24651 24771 V threaded_app: New input event: type=2
01-10 20:38:42.493 24651 24771 V threaded_app: New input event: type=2
01-10 20:38:42.510 24651 24771 V threaded_app: New input event: type=2
01-10 20:38:42.525 24651 24771 V threaded_app: New input event: type=2
01-10 20:38:42.526 24651 24771 V threaded_app: New input event: type=2
01-10 20:38:43.076 24651 24985 I AudioManager: In isBluetoothScoOn(), calling
application: com.wd.clan
01-10 20:38:43.122 24651 24771 V threaded_app: New input event: type=2
01-10 20:38:43.190 24651 24771 V threaded_app: New input event: type=2
01-10 20:38:43.889 24651 24771 V threaded_app: New input event: type=2
01-10 20:38:43.939 24651 24771 V threaded_app: New input event: type=2
01-10 20:38:44.240 24651 24771 V threaded_app: New input event: type=2
01-10 20:38:44.307 24651 24771 V threaded_app: New input event: type=2
01-10 20:38:44.357 24651 24985 I AudioManager: In isBluetoothScoOn(), calling
application: com.wd.clan
01-10 20:38:44.607 24651 24771 V threaded_app: New input event: type=2
01-10 20:38:44.655 24651 24771 V threaded_app: New input event: type=2
01-10 20:38:45.040 24651 24771 V threaded_app: New input event: type=2
01-10 20:38:45.109 24651 24771 V threaded_app: New input event: type=2
01-10 20:38:45.324 24651 24771 V threaded_app: New input event: type=2
01-10 20:38:45.406 24651 24771 V threaded_app: New input event: type=2
01-10 20:38:45.637 24651 24985 I AudioManager: In isBluetoothScoOn(), calling
application: com.wd.clan
01-10 20:38:46.091 24651 24771 V threaded_app: New input event: type=2
01-10 20:38:46.141 24651 24771 V threaded_app: New input event: type=2
01-10 20:38:46.675 24651 24771 V threaded_app: New input event: type=2
01-10 20:38:46.742 24651 24771 V threaded_app: New input event: type=2
01-10 20:38:46.917 24651 24985 I AudioManager: In isBluetoothScoOn(), calling
application: com.wd.clan
01-10 20:38:47.408 24651 24771 V threaded_app: New input event: type=2
01-10 20:38:47.474 24651 24771 V threaded_app: New input event: type=2
01-10 20:38:47.910 24651 24771 V threaded_app: New input event: type=2
01-10 20:38:47.977 24651 24771 V threaded_app: New input event: type=2
01-10 20:38:47.981 24651 25337 D AudioManager: setMode mode=0 from com.wd.clan
01-10 20:38:47.982 24651 25337 I AudioManager: In setSpeakerphoneOn(), on: true,
calling application: com.wd.clan
01-10 20:38:48.114 24651 25337 D AudioTrack: stop(6424): prior state:STATE_STOPPED
output 1021 stream 3 session 45489
01-10 20:38:48.114 24651 25337 D AudioTrack: ~AudioTrack, releasing mStatus =0
session id 45489 from 24651 on behalf of 24651
01-10 20:38:48.114 24651 25337 D AudioTrack: stop(6424): prior state:STATE_STOPPED
output 1021 stream 3 session 45489
01-10 20:38:48.126 24651 25337 D com.wd.clan:p1: PlayerBase::PlayerBase()
01-10 20:38:48.131 24651 25337 D com.wd.clan:p1: TrackPlayerBase::TrackPlayerBase()
01-10 20:38:48.132 24651 25337 I libOpenSLES: android_audioPlayer_realize, channel
mask 0x4
01-10 20:38:48.132 24651 25337 I libOpenSLES: android_audioPlayer_realize, create
default channel mask 0x1, channels 1
01-10 20:38:48.132 24651 25337 I libOpenSLES: Emulating old channel mask behavior
(ignoring positional mask 0x4, using default mask 0x1 based on channel count of 1)
01-10 20:38:48.132 24651 25337 D AudioTrackExtImpl: AudioTrackExtImpl init
01-10 20:38:48.132 24651 25337 D AudioTrack: set() streamType 3, sampleRate 16000,
format 0x1, channelMask 0x1, frameCount 0, flags #104, notificationFrames -2,
sessionId 45505, transferType 0, uid -1, pid -1 cbf 1
01-10 20:38:48.153 24651 25337 E AudioSystem: invalid attributes { Content type:
AUDIO_CONTENT_TYPE_UNKNOWN Usage: AUDIO_USAGE_UNKNOWN Source: AUDIO_SOURCE_DEFAULT
Flags: 0x0 Tags: } when converting to stream
01-10 20:38:48.154 24651 25337 D AudioTrack: createTrack_l(6424):
AUDIO_OUTPUT_FLAG_FAST denied by server; frameCount 0 -> 648
01-10 20:38:48.155 24651 25337 I AudioTrack: createTrack_l(6430) on outputId(13) :
0x7a9196a800, mCblk = 0x7a2a6e8100, mLatency = 88, mAfLatency = 48, frameCount =
648, mSampleRate = 16000, mFlags = 0, mReqFrameCount = 648, mNotificationFramesAct
= 320
01-10 20:38:48.158 24651 25337 I AudioManager: In setSpeakerphoneOn(), on: true,
calling application: com.wd.clan
01-10 20:38:48.159 24651 25337 D AudioRecord: stop(6428): mActive:1
01-10 20:38:48.159 24651 25337 D AudioRecord: mAudioRecord->stop()
01-10 20:38:48.200 24651 24985 I AudioManager: In isBluetoothScoOn(), calling
application: com.wd.clan
01-10 20:38:48.220 24651 25337 D AudioRecord: AudioRecordThread pause()
01-10 20:38:48.220 24651 25337 D AudioRecord: stop() end
01-10 20:38:48.221 24651 25337 D AudioRecord: stop(6428): mActive:0
01-10 20:38:48.221 24651 25337 D AudioRecord: stop(6428): mActive:0
01-10 20:38:48.223 24651 25337 W libOpenSLES: Conversion from OpenSL ES positional
channel mask 0x4 to Android mask 0 loses channels
01-10 20:38:48.223 24651 25337 I libOpenSLES: Emulating old channel mask behavior
(ignoring positional mask 0x4, using default mask 0x10 based on channel count of 1)
01-10 20:38:48.223 24651 25337 D AudioRecordExtImpl: AudioRecordExtImpl init
01-10 20:38:48.223 24651 25337 D AudioRecordExtImpl: audiorecordTest
01-10 20:38:48.223 24651 25337 D AudioRecord: set(): inputSource 0, sampleRate
16000, format 0x1, channelMask 0x10, frameCount 0, notificationFrames 0, sessionId
0, transferType 1, flags 0x5, identity AttributionSourceState{pid: 24651, uid:
10336, packageName: (null), attributionTag: (null), token: , renouncedPermissions:
(null), next: []}uid 10336, pid 24651
01-10 20:38:48.226 24651 25337 D AudioRecord: set(): mSessionId 0
01-10 20:38:48.559 24651 24771 V threaded_app: New input event: type=2
01-10 20:38:48.631 24651 24771 V threaded_app: New input event: type=2
01-10 20:38:48.643 24651 24771 V threaded_app: New input event: type=2
01-10 20:38:48.644 24651 24771 V threaded_app: New input event: type=2
01-10 20:38:48.666 24651 24771 V threaded_app: New input event: type=2
01-10 20:38:48.682 24651 24771 V threaded_app: New input event: type=2
01-10 20:38:48.691 24651 24771 V threaded_app: New input event: type=2
01-10 20:38:48.692 24651 24771 V threaded_app: New input event: type=2
01-10 20:38:48.748 24651 24771 V threaded_app: New input event: type=2
01-10 20:38:48.764 24651 24771 V threaded_app: New input event: type=2
01-10 20:38:48.781 24651 24771 V threaded_app: New input event: type=2
01-10 20:38:48.798 24651 24771 V threaded_app: New input event: type=2
01-10 20:38:48.814 24651 24771 V threaded_app: New input event: type=2
01-10 20:38:48.831 24651 24771 V threaded_app: New input event: type=2
01-10 20:38:48.848 24651 24771 V threaded_app: New input event: type=2
01-10 20:38:48.864 24651 24771 V threaded_app: New input event: type=2
01-10 20:38:48.881 24651 24771 V threaded_app: New input event: type=2
01-10 20:38:48.897 24651 24771 V threaded_app: New input event: type=2
01-10 20:38:48.915 24651 24771 V threaded_app: New input event: type=2
01-10 20:38:48.931 24651 24771 V threaded_app: New input event: type=2
01-10 20:38:48.948 24651 24771 V threaded_app: New input event: type=2
01-10 20:38:48.964 24651 24771 V threaded_app: New input event: type=2
01-10 20:38:48.981 24651 24771 V threaded_app: New input event: type=2
01-10 20:38:48.998 24651 24771 V threaded_app: New input event: type=2
01-10 20:38:49.014 24651 24771 V threaded_app: New input event: type=2
01-10 20:38:49.031 24651 24771 V threaded_app: New input event: type=2
01-10 20:38:49.041 24651 24771 V threaded_app: New input event: type=2
01-10 20:38:49.042 24651 24771 V threaded_app: New input event: type=2
01-10 20:38:49.459 24651 24771 V threaded_app: New input event: type=2
01-10 20:38:49.577 24651 24771 V threaded_app: New input event: type=2
01-10 20:38:49.615 24651 24985 I AudioManager: In isBluetoothScoOn(), calling
application: com.wd.clan
01-10 20:38:49.709 24651 24771 V threaded_app: New input event: type=2
01-10 20:38:49.777 24651 24771 V threaded_app: New input event: type=2
01-10 20:38:49.895 24651 24771 V threaded_app: New input event: type=2
01-10 20:38:49.976 24651 24771 V threaded_app: New input event: type=2
01-10 20:38:50.894 24651 24985 I AudioManager: In isBluetoothScoOn(), calling
application: com.wd.clan
01-10 20:38:51.378 24651 24771 V threaded_app: New input event: type=2
01-10 20:38:51.460 24651 24771 V threaded_app: New input event: type=2
01-10 20:38:51.577 24651 24771 V threaded_app: New input event: type=2
01-10 20:38:51.627 24651 24771 V threaded_app: New input event: type=2
01-10 20:38:52.173 24651 24985 I AudioManager: In isBluetoothScoOn(), calling
application: com.wd.clan
01-10 20:38:53.454 24651 24985 I AudioManager: In isBluetoothScoOn(), calling
application: com.wd.clan
01-10 20:38:53.581 24651 24771 V threaded_app: New input event: type=2
01-10 20:38:53.661 24651 24771 V threaded_app: New input event: type=2
01-10 20:38:53.763 24651 24771 V threaded_app: New input event: type=2
01-10 20:38:53.813 24651 24771 V threaded_app: New input event: type=2
01-10 20:38:53.980 24651 24771 V threaded_app: New input event: type=2
01-10 20:38:54.019 24651 24771 V threaded_app: New input event: type=2
01-10 20:38:54.036 24651 24771 V threaded_app: New input event: type=2
01-10 20:38:54.052 24651 24771 V threaded_app: New input event: type=2
01-10 20:38:54.063 24651 24771 V threaded_app: New input event: type=2
01-10 20:38:54.064 24651 24771 V threaded_app: New input event: type=2
01-10 20:38:54.084 24651 24771 V threaded_app: New input event: type=2
01-10 20:38:54.102 24651 24771 V threaded_app: New input event: type=2
01-10 20:38:54.119 24651 24771 V threaded_app: New input event: type=2
01-10 20:38:54.128 24651 24771 V threaded_app: New input event: type=2
01-10 20:38:54.128 24651 24771 V threaded_app: New input event: type=2
01-10 20:38:54.134 24651 24771 V threaded_app: New input event: type=2
01-10 20:38:54.152 24651 24771 V threaded_app: New input event: type=2
01-10 20:38:54.168 24651 24771 V threaded_app: New input event: type=2
01-10 20:38:54.184 24651 24771 V threaded_app: New input event: type=2
01-10 20:38:54.201 24651 24771 V threaded_app: New input event: type=2
01-10 20:38:54.218 24651 24771 V threaded_app: New input event: type=2
01-10 20:38:54.234 24651 24771 V threaded_app: New input event: type=2
01-10 20:38:54.251 24651 24771 V threaded_app: New input event: type=2
01-10 20:38:54.268 24651 24771 V threaded_app: New input event: type=2
01-10 20:38:54.285 24651 24771 V threaded_app: New input event: type=2
01-10 20:38:54.402 24651 24771 V threaded_app: New input event: type=2
01-10 20:38:54.412 24651 24771 V threaded_app: New input event: type=2
01-10 20:38:54.453 24651 24771 V threaded_app: New input event: type=2
01-10 20:38:54.468 24651 24771 V threaded_app: New input event: type=2
01-10 20:38:54.485 24651 24771 V threaded_app: New input event: type=2
01-10 20:38:54.501 24651 24771 V threaded_app: New input event: type=2
01-10 20:38:54.512 24651 24771 V threaded_app: New input event: type=2
01-10 20:38:54.512 24651 24771 V threaded_app: New input event: type=2
01-10 20:38:54.518 24651 24771 V threaded_app: New input event: type=2
01-10 20:38:54.537 24651 24771 V threaded_app: New input event: type=2
01-10 20:38:54.551 24651 24771 V threaded_app: New input event: type=2
01-10 20:38:54.568 24651 24771 V threaded_app: New input event: type=2
01-10 20:38:54.585 24651 24771 V threaded_app: New input event: type=2
01-10 20:38:54.602 24651 24771 V threaded_app: New input event: type=2
01-10 20:38:54.618 24651 24771 V threaded_app: New input event: type=2
01-10 20:38:54.635 24651 24771 V threaded_app: New input event: type=2
01-10 20:38:54.651 24651 24771 V threaded_app: New input event: type=2
01-10 20:38:54.669 24651 24771 V threaded_app: New input event: type=2
01-10 20:38:54.685 24651 24771 V threaded_app: New input event: type=2
01-10 20:38:54.701 24651 24771 V threaded_app: New input event: type=2
01-10 20:38:54.713 24651 24771 V threaded_app: New input event: type=2
01-10 20:38:54.713 24651 24771 V threaded_app: New input event: type=2
01-10 20:38:54.734 24651 24985 I AudioManager: In isBluetoothScoOn(), calling
application: com.wd.clan
01-10 20:38:54.898 24651 24771 V threaded_app: New input event: type=2
01-10 20:38:54.936 24651 24771 V threaded_app: New input event: type=2
01-10 20:38:54.952 24651 24771 V threaded_app: New input event: type=2
01-10 20:38:54.969 24651 24771 V threaded_app: New input event: type=2
01-10 20:38:54.986 24651 24771 V threaded_app: New input event: type=2
01-10 20:38:55.002 24651 24771 V threaded_app: New input event: type=2
01-10 20:38:55.018 24651 24771 V threaded_app: New input event: type=2
01-10 20:38:55.035 24651 24771 V threaded_app: New input event: type=2
01-10 20:38:55.052 24651 24771 V threaded_app: New input event: type=2
01-10 20:38:55.068 24651 24771 V threaded_app: New input event: type=2
01-10 20:38:55.085 24651 24771 V threaded_app: New input event: type=2
01-10 20:38:55.102 24651 24771 V threaded_app: New input event: type=2
01-10 20:38:55.118 24651 24771 V threaded_app: New input event: type=2
01-10 20:38:55.135 24651 24771 V threaded_app: New input event: type=2
01-10 20:38:55.152 24651 24771 V threaded_app: New input event: type=2
01-10 20:38:55.168 24651 24771 V threaded_app: New input event: type=2
01-10 20:38:55.185 24651 24771 V threaded_app: New input event: type=2
01-10 20:38:55.202 24651 24771 V threaded_app: New input event: type=2
01-10 20:38:55.218 24651 24771 V threaded_app: New input event: type=2
01-10 20:38:55.235 24651 24771 V threaded_app: New input event: type=2
01-10 20:38:55.252 24651 24771 V threaded_app: New input event: type=2
01-10 20:38:55.262 24651 24771 V threaded_app: New input event: type=2
01-10 20:38:55.262 24651 24771 V threaded_app: New input event: type=2
01-10 20:38:55.331 24651 24771 V threaded_app: New input event: type=2
01-10 20:38:55.380 24651 24771 V threaded_app: New input event: type=2
01-10 20:38:55.402 24651 24771 V threaded_app: New input event: type=2
01-10 20:38:55.421 24651 24771 V threaded_app: New input event: type=2
01-10 20:38:55.436 24651 24771 V threaded_app: New input event: type=2
01-10 20:38:55.453 24651 24771 V threaded_app: New input event: type=2
01-10 20:38:55.474 24651 24771 V threaded_app: New input event: type=2
01-10 20:38:55.485 24651 24771 V threaded_app: New input event: type=2
01-10 20:38:55.502 24651 24771 V threaded_app: New input event: type=2
01-10 20:38:55.519 24651 24771 V threaded_app: New input event: type=2
01-10 20:38:55.535 24651 24771 V threaded_app: New input event: type=2
01-10 20:38:55.553 24651 24771 V threaded_app: New input event: type=2
01-10 20:38:55.569 24651 24771 V threaded_app: New input event: type=2
01-10 20:38:55.585 24651 24771 V threaded_app: New input event: type=2
01-10 20:38:55.602 24651 24771 V threaded_app: New input event: type=2
01-10 20:38:55.619 24651 24771 V threaded_app: New input event: type=2
01-10 20:38:55.636 24651 24771 V threaded_app: New input event: type=2
01-10 20:38:55.652 24651 24771 V threaded_app: New input event: type=2
01-10 20:38:55.669 24651 24771 V threaded_app: New input event: type=2
01-10 20:38:55.686 24651 24771 V threaded_app: New input event: type=2
01-10 20:38:55.703 24651 24771 V threaded_app: New input event: type=2
01-10 20:38:55.719 24651 24771 V threaded_app: New input event: type=2
01-10 20:38:55.736 24651 24771 V threaded_app: New input event: type=2
01-10 20:38:55.753 24651 24771 V threaded_app: New input event: type=2
01-10 20:38:55.762 24651 24771 V threaded_app: New input event: type=2
01-10 20:38:55.762 24651 24771 V threaded_app: New input event: type=2
01-10 20:38:55.768 24651 24771 V threaded_app: New input event: type=2
01-10 20:38:55.785 24651 24771 V threaded_app: New input event: type=2
01-10 20:38:55.802 24651 24771 V threaded_app: New input event: type=2
01-10 20:38:55.819 24651 24771 V threaded_app: New input event: type=2
01-10 20:38:55.835 24651 24771 V threaded_app: New input event: type=2
01-10 20:38:55.852 24651 24771 V threaded_app: New input event: type=2
01-10 20:38:55.869 24651 24771 V threaded_app: New input event: type=2
01-10 20:38:55.885 24651 24771 V threaded_app: New input event: type=2
01-10 20:38:55.902 24651 24771 V threaded_app: New input event: type=2
01-10 20:38:55.919 24651 24771 V threaded_app: New input event: type=2
01-10 20:38:55.936 24651 24771 V threaded_app: New input event: type=2
01-10 20:38:55.952 24651 24771 V threaded_app: New input event: type=2
01-10 20:38:55.969 24651 24771 V threaded_app: New input event: type=2
01-10 20:38:55.985 24651 24771 V threaded_app: New input event: type=2
01-10 20:38:56.002 24651 24771 V threaded_app: New input event: type=2
01-10 20:38:56.013 24651 24985 I AudioManager: In isBluetoothScoOn(), calling
application: com.wd.clan
01-10 20:38:56.020 24651 24771 V threaded_app: New input event: type=2
01-10 20:38:56.035 24651 24771 V threaded_app: New input event: type=2
01-10 20:38:56.053 24651 24771 V threaded_app: New input event: type=2
01-10 20:38:56.069 24651 24771 V threaded_app: New input event: type=2
01-10 20:38:56.086 24651 24771 V threaded_app: New input event: type=2
01-10 20:38:56.102 24651 24771 V threaded_app: New input event: type=2
01-10 20:38:56.119 24651 24771 V threaded_app: New input event: type=2
01-10 20:38:56.136 24651 24771 V threaded_app: New input event: type=2
01-10 20:38:56.152 24651 24771 V threaded_app: New input event: type=2
01-10 20:38:56.169 24651 24771 V threaded_app: New input event: type=2
01-10 20:38:56.186 24651 24771 V threaded_app: New input event: type=2
01-10 20:38:56.202 24651 24771 V threaded_app: New input event: type=2
01-10 20:38:56.219 24651 24771 V threaded_app: New input event: type=2
01-10 20:38:56.236 24651 24771 V threaded_app: New input event: type=2
01-10 20:38:56.252 24651 24771 V threaded_app: New input event: type=2
01-10 20:38:56.269 24651 24771 V threaded_app: New input event: type=2
01-10 20:38:56.286 24651 24771 V threaded_app: New input event: type=2
01-10 20:38:56.299 24651 24771 V threaded_app: New input event: type=2
01-10 20:38:56.300 24651 24771 V threaded_app: New input event: type=2
01-10 20:38:56.320 24651 24771 V threaded_app: New input event: type=2
01-10 20:38:56.336 24651 24771 V threaded_app: New input event: type=2
01-10 20:38:56.352 24651 24771 V threaded_app: New input event: type=2
01-10 20:38:56.369 24651 24771 V threaded_app: New input event: type=2
01-10 20:38:56.386 24651 24771 V threaded_app: New input event: type=2
01-10 20:38:56.396 24651 24771 V threaded_app: New input event: type=2
01-10 20:38:56.396 24651 24771 V threaded_app: New input event: type=2
01-10 20:38:56.403 24651 24771 V threaded_app: New input event: type=2
01-10 20:38:56.419 24651 24771 V threaded_app: New input event: type=2
01-10 20:38:56.436 24651 24771 V threaded_app: New input event: type=2
01-10 20:38:56.452 24651 24771 V threaded_app: New input event: type=2
01-10 20:38:56.469 24651 24771 V threaded_app: New input event: type=2
01-10 20:38:56.487 24651 24771 V threaded_app: New input event: type=2
01-10 20:38:56.502 24651 24771 V threaded_app: New input event: type=2
01-10 20:38:56.514 24651 24771 V threaded_app: New input event: type=2
01-10 20:38:56.514 24651 24771 V threaded_app: New input event: type=2
01-10 20:38:56.537 24651 24771 V threaded_app: New input event: type=2
01-10 20:38:56.553 24651 24771 V threaded_app: New input event: type=2
01-10 20:38:56.569 24651 24771 V threaded_app: New input event: type=2
01-10 20:38:56.586 24651 24771 V threaded_app: New input event: type=2
01-10 20:38:56.603 24651 24771 V threaded_app: New input event: type=2
01-10 20:38:56.615 24651 24771 V threaded_app: New input event: type=2
01-10 20:38:56.615 24651 24771 V threaded_app: New input event: type=2
01-10 20:38:56.619 24651 24771 V threaded_app: New input event: type=2
01-10 20:38:56.637 24651 24771 V threaded_app: New input event: type=2
01-10 20:38:56.655 24651 24771 V threaded_app: New input event: type=2
01-10 20:38:56.670 24651 24771 V threaded_app: New input event: type=2
01-10 20:38:56.686 24651 24771 V threaded_app: New input event: type=2
01-10 20:38:56.698 24651 24771 V threaded_app: New input event: type=2
01-10 20:38:56.698 24651 24771 V threaded_app: New input event: type=2
01-10 20:38:56.720 24651 24771 V threaded_app: New input event: type=2
01-10 20:38:56.736 24651 24771 V threaded_app: New input event: type=2
01-10 20:38:56.753 24651 24771 V threaded_app: New input event: type=2
01-10 20:38:56.769 24651 24771 V threaded_app: New input event: type=2
01-10 20:38:56.786 24651 24771 V threaded_app: New input event: type=2
01-10 20:38:56.796 24651 24771 V threaded_app: New input event: type=2
01-10 20:38:56.796 24651 24771 V threaded_app: New input event: type=2
01-10 20:38:56.803 24651 24771 V threaded_app: New input event: type=2
01-10 20:38:56.821 24651 24771 V threaded_app: New input event: type=2
01-10 20:38:56.836 24651 24771 V threaded_app: New input event: type=2
01-10 20:38:56.853 24651 24771 V threaded_app: New input event: type=2
01-10 20:38:56.870 24651 24771 V threaded_app: New input event: type=2
01-10 20:38:56.887 24651 24771 V threaded_app: New input event: type=2
01-10 20:38:56.904 24651 24771 V threaded_app: New input event: type=2
01-10 20:38:56.920 24651 24771 V threaded_app: New input event: type=2
01-10 20:38:56.930 24651 24771 V threaded_app: New input event: type=2
01-10 20:38:56.930 24651 24771 V threaded_app: New input event: type=2
01-10 20:38:57.197 24651 24771 V threaded_app: New input event: type=2
01-10 20:38:57.281 24651 24771 V threaded_app: New input event: type=2
01-10 20:38:57.293 24651 24985 I AudioManager: In isBluetoothScoOn(), calling
application: com.wd.clan
01-10 20:38:57.548 24651 24771 V threaded_app: New input event: type=2
01-10 20:38:57.598 24651 24771 V threaded_app: New input event: type=2
01-10 20:38:57.615 24651 24771 V threaded_app: New input event: type=2
01-10 20:38:57.670 24651 24771 V threaded_app: New input event: type=2
01-10 20:38:57.687 24651 24771 V threaded_app: New input event: type=2
01-10 20:38:57.703 24651 24771 V threaded_app: New input event: type=2
01-10 20:38:57.720 24651 24771 V threaded_app: New input event: type=2
01-10 20:38:57.737 24651 24771 V threaded_app: New input event: type=2
01-10 20:38:57.753 24651 24771 V threaded_app: New input event: type=2
01-10 20:38:57.770 24651 24771 V threaded_app: New input event: type=2
01-10 20:38:57.786 24651 24771 V threaded_app: New input event: type=2
01-10 20:38:57.803 24651 24771 V threaded_app: New input event: type=2
01-10 20:38:57.820 24651 24771 V threaded_app: New input event: type=2
01-10 20:38:57.837 24651 24771 V threaded_app: New input event: type=2
01-10 20:38:57.853 24651 24771 V threaded_app: New input event: type=2
01-10 20:38:57.871 24651 24771 V threaded_app: New input event: type=2
01-10 20:38:57.887 24651 24771 V threaded_app: New input event: type=2
01-10 20:38:57.904 24651 24771 V threaded_app: New input event: type=2
01-10 20:38:57.921 24651 24771 V threaded_app: New input event: type=2
01-10 20:38:57.937 24651 24771 V threaded_app: New input event: type=2
01-10 20:38:57.954 24651 24771 V threaded_app: New input event: type=2
01-10 20:38:57.970 24651 24771 V threaded_app: New input event: type=2
01-10 20:38:57.987 24651 24771 V threaded_app: New input event: type=2
01-10 20:38:58.004 24651 24771 V threaded_app: New input event: type=2
01-10 20:38:58.020 24651 24771 V threaded_app: New input event: type=2
01-10 20:38:58.037 24651 24771 V threaded_app: New input event: type=2
01-10 20:38:58.053 24651 24771 V threaded_app: New input event: type=2
01-10 20:38:58.070 24651 24771 V threaded_app: New input event: type=2
01-10 20:38:58.087 24651 24771 V threaded_app: New input event: type=2
01-10 20:38:58.104 24651 24771 V threaded_app: New input event: type=2
01-10 20:38:58.121 24651 24771 V threaded_app: New input event: type=2
01-10 20:38:58.137 24651 24771 V threaded_app: New input event: type=2
01-10 20:38:58.154 24651 24771 V threaded_app: New input event: type=2
01-10 20:38:58.170 24651 24771 V threaded_app: New input event: type=2
01-10 20:38:58.187 24651 24771 V threaded_app: New input event: type=2
01-10 20:38:58.206 24651 24771 V threaded_app: New input event: type=2
01-10 20:38:58.231 24651 24771 V threaded_app: New input event: type=2
01-10 20:38:58.232 24651 24771 V threaded_app: New input event: type=2
01-10 20:38:58.255 24651 24771 V threaded_app: New input event: type=2
01-10 20:38:58.287 24651 24771 V threaded_app: New input event: type=2
01-10 20:38:58.321 24651 24771 V threaded_app: New input event: type=2
01-10 20:38:58.354 24651 24771 V threaded_app: New input event: type=2
01-10 20:38:58.405 24651 24771 V threaded_app: New input event: type=2
01-10 20:38:58.420 24651 24771 V threaded_app: New input event: type=2
01-10 20:38:58.454 24651 24771 V threaded_app: New input event: type=2
01-10 20:38:58.521 24651 24771 V threaded_app: New input event: type=2
01-10 20:38:58.537 24651 24771 V threaded_app: New input event: type=2
01-10 20:38:58.554 24651 24771 V threaded_app: New input event: type=2
01-10 20:38:58.570 24651 24771 V threaded_app: New input event: type=2
01-10 20:38:58.574 24651 24985 I AudioManager: In isBluetoothScoOn(), calling
application: com.wd.clan
01-10 20:38:58.588 24651 24771 V threaded_app: New input event: type=2
01-10 20:38:58.604 24651 24771 V threaded_app: New input event: type=2
01-10 20:38:58.620 24651 24771 V threaded_app: New input event: type=2
01-10 20:38:58.637 24651 24771 V threaded_app: New input event: type=2
01-10 20:38:58.647 24651 24771 V threaded_app: New input event: type=2
01-10 20:38:58.647 24651 24771 V threaded_app: New input event: type=2
01-10 20:38:58.671 24651 24771 V threaded_app: New input event: type=2
01-10 20:38:58.689 24651 24771 V threaded_app: New input event: type=2
01-10 20:38:58.704 24651 24771 V threaded_app: New input event: type=2
01-10 20:38:58.721 24651 24771 V threaded_app: New input event: type=2
01-10 20:38:58.737 24651 24771 V threaded_app: New input event: type=2
01-10 20:38:58.755 24651 24771 V threaded_app: New input event: type=2
01-10 20:38:58.771 24651 24771 V threaded_app: New input event: type=2
01-10 20:38:58.788 24651 24771 V threaded_app: New input event: type=2
01-10 20:38:58.804 24651 24771 V threaded_app: New input event: type=2
01-10 20:38:58.821 24651 24771 V threaded_app: New input event: type=2
01-10 20:38:58.838 24651 24771 V threaded_app: New input event: type=2
01-10 20:38:58.854 24651 24771 V threaded_app: New input event: type=2
01-10 20:38:58.871 24651 24771 V threaded_app: New input event: type=2
01-10 20:38:58.888 24651 24771 V threaded_app: New input event: type=2
01-10 20:38:58.905 24651 24771 V threaded_app: New input event: type=2
01-10 20:38:58.921 24651 24771 V threaded_app: New input event: type=2
01-10 20:38:58.937 24651 24771 V threaded_app: New input event: type=2
01-10 20:38:58.954 24651 24771 V threaded_app: New input event: type=2
01-10 20:38:58.972 24651 24771 V threaded_app: New input event: type=2
01-10 20:38:58.988 24651 24771 V threaded_app: New input event: type=2
01-10 20:38:59.004 24651 24771 V threaded_app: New input event: type=2
01-10 20:38:59.015 24651 24771 V threaded_app: New input event: type=2
01-10 20:38:59.016 24651 24771 V threaded_app: New input event: type=2
01-10 20:38:59.038 24651 24771 V threaded_app: New input event: type=2
01-10 20:38:59.054 24651 24771 V threaded_app: New input event: type=2
01-10 20:38:59.072 24651 24771 V threaded_app: New input event: type=2
01-10 20:38:59.088 24651 24771 V threaded_app: New input event: type=2
01-10 20:38:59.104 24651 24771 V threaded_app: New input event: type=2
01-10 20:38:59.121 24651 24771 V threaded_app: New input event: type=2
01-10 20:38:59.138 24651 24771 V threaded_app: New input event: type=2
01-10 20:38:59.156 24651 24771 V threaded_app: New input event: type=2
01-10 20:38:59.171 24651 24771 V threaded_app: New input event: type=2
01-10 20:38:59.188 24651 24771 V threaded_app: New input event: type=2
01-10 20:38:59.204 24651 24771 V threaded_app: New input event: type=2
01-10 20:38:59.221 24651 24771 V threaded_app: New input event: type=2
01-10 20:38:59.237 24651 24771 V threaded_app: New input event: type=2
01-10 20:38:59.254 24651 24771 V threaded_app: New input event: type=2
01-10 20:38:59.271 24651 24771 V threaded_app: New input event: type=2
01-10 20:38:59.288 24651 24771 V threaded_app: New input event: type=2
01-10 20:38:59.304 24651 24771 V threaded_app: New input event: type=2
01-10 20:38:59.322 24651 24771 V threaded_app: New input event: type=2
01-10 20:38:59.338 24651 24771 V threaded_app: New input event: type=2
01-10 20:38:59.354 24651 24771 V threaded_app: New input event: type=2
01-10 20:38:59.389 24651 24771 V threaded_app: New input event: type=2
01-10 20:38:59.422 24651 24771 V threaded_app: New input event: type=2
01-10 20:38:59.438 24651 24771 V threaded_app: New input event: type=2
01-10 20:38:59.473 24651 24771 V threaded_app: New input event: type=2
01-10 20:38:59.539 24651 24771 V threaded_app: New input event: type=2
01-10 20:38:59.588 24651 24771 V threaded_app: New input event: type=2
01-10 20:38:59.605 24651 24771 V threaded_app: New input event: type=2
01-10 20:38:59.621 24651 24771 V threaded_app: New input event: type=2
01-10 20:38:59.638 24651 24771 V threaded_app: New input event: type=2
01-10 20:38:59.654 24651 24771 V threaded_app: New input event: type=2
01-10 20:38:59.671 24651 24771 V threaded_app: New input event: type=2
01-10 20:38:59.688 24651 24771 V threaded_app: New input event: type=2
01-10 20:38:59.706 24651 24771 V threaded_app: New input event: type=2
01-10 20:38:59.721 24651 24771 V threaded_app: New input event: type=2
01-10 20:38:59.738 24651 24771 V threaded_app: New input event: type=2
01-10 20:38:59.771 24651 24771 V threaded_app: New input event: type=2
01-10 20:38:59.788 24651 24771 V threaded_app: New input event: type=2
01-10 20:38:59.805 24651 24771 V threaded_app: New input event: type=2
01-10 20:38:59.821 24651 24771 V threaded_app: New input event: type=2
01-10 20:38:59.854 24651 24985 I AudioManager: In isBluetoothScoOn(), calling
application: com.wd.clan
01-10 20:38:59.855 24651 24771 V threaded_app: New input event: type=2
01-10 20:38:59.871 24651 24771 V threaded_app: New input event: type=2
01-10 20:38:59.888 24651 24771 V threaded_app: New input event: type=2
01-10 20:38:59.905 24651 24771 V threaded_app: New input event: type=2
01-10 20:38:59.921 24651 24771 V threaded_app: New input event: type=2
01-10 20:38:59.940 24651 24771 V threaded_app: New input event: type=2
01-10 20:38:59.957 24651 24771 V threaded_app: New input event: type=2
01-10 20:38:59.971 24651 24771 V threaded_app: New input event: type=2
01-10 20:38:59.988 24651 24771 V threaded_app: New input event: type=2
01-10 20:39:00.005 24651 24771 V threaded_app: New input event: type=2
01-10 20:39:00.021 24651 24771 V threaded_app: New input event: type=2
01-10 20:39:00.038 24651 24771 V threaded_app: New input event: type=2
01-10 20:39:00.055 24651 24771 V threaded_app: New input event: type=2
01-10 20:39:00.071 24651 24771 V threaded_app: New input event: type=2
01-10 20:39:00.099 24651 24771 V threaded_app: New input event: type=2
01-10 20:39:00.156 24651 24771 V threaded_app: New input event: type=2
01-10 20:39:00.189 24651 24771 V threaded_app: New input event: type=2
01-10 20:39:00.208 24651 24771 V threaded_app: New input event: type=2
01-10 20:39:00.217 24651 24771 V threaded_app: New input event: type=2
01-10 20:39:00.217 24651 24771 V threaded_app: New input event: type=2
01-10 20:39:00.238 24651 24771 V threaded_app: New input event: type=2
01-10 20:39:00.255 24651 24771 V threaded_app: New input event: type=2
01-10 20:39:00.272 24651 24771 V threaded_app: New input event: type=2
01-10 20:39:00.288 24651 24771 V threaded_app: New input event: type=2
01-10 20:39:00.305 24651 24771 V threaded_app: New input event: type=2
01-10 20:39:00.322 24651 24771 V threaded_app: New input event: type=2
01-10 20:39:00.338 24651 24771 V threaded_app: New input event: type=2
01-10 20:39:00.357 24651 24771 V threaded_app: New input event: type=2
01-10 20:39:00.372 24651 24771 V threaded_app: New input event: type=2
01-10 20:39:00.388 24651 24771 V threaded_app: New input event: type=2
01-10 20:39:00.405 24651 24771 V threaded_app: New input event: type=2
01-10 20:39:00.423 24651 24771 V threaded_app: New input event: type=2
01-10 20:39:00.438 24651 24771 V threaded_app: New input event: type=2
01-10 20:39:00.456 24651 24771 V threaded_app: New input event: type=2
01-10 20:39:00.472 24651 24771 V threaded_app: New input event: type=2
01-10 20:39:00.482 24651 24771 V threaded_app: New input event: type=2
01-10 20:39:00.482 24651 24771 V threaded_app: New input event: type=2
01-10 20:39:00.488 24651 24771 V threaded_app: New input event: type=2
01-10 20:39:00.505 24651 24771 V threaded_app: New input event: type=2
01-10 20:39:00.522 24651 24771 V threaded_app: New input event: type=2
01-10 20:39:00.539 24651 24771 V threaded_app: New input event: type=2
01-10 20:39:00.557 24651 24771 V threaded_app: New input event: type=2
01-10 20:39:00.573 24651 24771 V threaded_app: New input event: type=2
01-10 20:39:00.589 24651 24771 V threaded_app: New input event: type=2
01-10 20:39:00.605 24651 24771 V threaded_app: New input event: type=2
01-10 20:39:00.622 24651 24771 V threaded_app: New input event: type=2
01-10 20:39:00.638 24651 24771 V threaded_app: New input event: type=2
01-10 20:39:00.656 24651 24771 V threaded_app: New input event: type=2
01-10 20:39:00.672 24651 24771 V threaded_app: New input event: type=2
01-10 20:39:00.689 24651 24771 V threaded_app: New input event: type=2
01-10 20:39:00.705 24651 24771 V threaded_app: New input event: type=2
01-10 20:39:00.722 24651 24771 V threaded_app: New input event: type=2
01-10 20:39:00.739 24651 24771 V threaded_app: New input event: type=2
01-10 20:39:00.750 24651 24771 V threaded_app: New input event: type=2
01-10 20:39:00.790 24651 24771 V threaded_app: New input event: type=2
01-10 20:39:00.805 24651 24771 V threaded_app: New input event: type=2
01-10 20:39:00.822 24651 24771 V threaded_app: New input event: type=2
01-10 20:39:00.839 24651 24771 V threaded_app: New input event: type=2
01-10 20:39:00.855 24651 24771 V threaded_app: New input event: type=2
01-10 20:39:00.873 24651 24771 V threaded_app: New input event: type=2
01-10 20:39:00.889 24651 24771 V threaded_app: New input event: type=2
01-10 20:39:00.905 24651 24771 V threaded_app: New input event: type=2
01-10 20:39:00.922 24651 24771 V threaded_app: New input event: type=2
01-10 20:39:00.939 24651 24771 V threaded_app: New input event: type=2
01-10 20:39:00.955 24651 24771 V threaded_app: New input event: type=2
01-10 20:39:00.972 24651 24771 V threaded_app: New input event: type=2
01-10 20:39:00.982 24651 24771 V threaded_app: New input event: type=2
01-10 20:39:00.982 24651 24771 V threaded_app: New input event: type=2
01-10 20:39:01.034 24651 24771 V threaded_app: New input event: type=2
01-10 20:39:01.134 24651 24985 I AudioManager: In isBluetoothScoOn(), calling
application: com.wd.clan
01-10 20:39:01.268 24651 24771 V threaded_app: New input event: type=2
01-10 20:39:01.367 24651 24771 V threaded_app: New input event: type=2
01-10 20:39:01.518 24651 24771 V threaded_app: New input event: type=2
01-10 20:39:01.600 24651 24771 V threaded_app: New input event: type=2
01-10 20:39:01.668 24651 24771 V threaded_app: New input event: type=2
01-10 20:39:01.750 24651 24771 V threaded_app: New input event: type=2
01-10 20:39:02.336 24651 24771 V threaded_app: New input event: type=2
01-10 20:39:02.414 24651 24985 I AudioManager: In isBluetoothScoOn(), calling
application: com.wd.clan
01-10 20:39:02.567 24651 24771 V threaded_app: New input event: type=2
01-10 20:39:03.186 24651 24771 V threaded_app: New input event: type=2
01-10 20:39:03.269 24651 24771 V threaded_app: New input event: type=2
01-10 20:39:03.371 24651 24771 V threaded_app: New input event: type=2
01-10 20:39:03.451 24651 24771 V threaded_app: New input event: type=2
01-10 20:39:03.473 24283 24283 W Choreographer: Frame time is 0.032007 ms in the
future! Check that graphics HAL is generating vsync timestamps using the correct
timebase.
01-10 20:39:03.636 24651 24771 V threaded_app: New input event: type=2
01-10 20:39:03.668 24651 24771 V threaded_app: New input event: type=2
01-10 20:39:03.695 24651 24985 I AudioManager: In isBluetoothScoOn(), calling
application: com.wd.clan
01-10 20:39:03.709 24651 24771 V threaded_app: New input event: type=2
01-10 20:39:03.725 24651 24771 V threaded_app: New input event: type=2
01-10 20:39:03.740 24651 24771 V threaded_app: New input event: type=2
01-10 20:39:03.757 24651 24771 V threaded_app: New input event: type=2
01-10 20:39:03.775 24651 24771 V threaded_app: New input event: type=2
01-10 20:39:03.791 24651 24771 V threaded_app: New input event: type=2
01-10 20:39:03.807 24651 24771 V threaded_app: New input event: type=2
01-10 20:39:03.817 24651 24771 V threaded_app: New input event: type=2
01-10 20:39:03.818 24651 24771 V threaded_app: New input event: type=2
01-10 20:39:03.824 24651 24771 V threaded_app: New input event: type=2
01-10 20:39:03.840 24651 24771 V threaded_app: New input event: type=2
01-10 20:39:03.857 24651 24771 V threaded_app: New input event: type=2
01-10 20:39:03.874 24651 24771 V threaded_app: New input event: type=2
01-10 20:39:03.890 24651 24771 V threaded_app: New input event: type=2
01-10 20:39:03.907 24651 24771 V threaded_app: New input event: type=2
01-10 20:39:03.924 24651 24771 V threaded_app: New input event: type=2
01-10 20:39:03.941 24651 24771 V threaded_app: New input event: type=2
01-10 20:39:03.957 24651 24771 V threaded_app: New input event: type=2
01-10 20:39:03.974 24651 24771 V threaded_app: New input event: type=2
01-10 20:39:03.991 24651 24771 V threaded_app: New input event: type=2
01-10 20:39:04.007 24651 24771 V threaded_app: New input event: type=2
01-10 20:39:04.025 24651 24771 V threaded_app: New input event: type=2
01-10 20:39:04.041 24651 24771 V threaded_app: New input event: type=2
01-10 20:39:04.074 24651 24771 V threaded_app: New input event: type=2
01-10 20:39:04.091 24651 24771 V threaded_app: New input event: type=2
01-10 20:39:04.118 24651 24771 V threaded_app: New input event: type=2
01-10 20:39:04.471 24651 24771 V threaded_app: New input event: type=2
01-10 20:39:04.536 24651 24771 V threaded_app: New input event: type=2
01-10 20:39:04.619 24651 24771 V threaded_app: New input event: type=2
01-10 20:39:04.719 24651 24771 V threaded_app: New input event: type=2
01-10 20:39:04.786 24651 24771 V threaded_app: New input event: type=2
01-10 20:39:04.869 24651 24771 V threaded_app: New input event: type=2
01-10 20:39:04.969 24651 24771 V threaded_app: New input event: type=2
01-10 20:39:04.974 24651 24985 I AudioManager: In isBluetoothScoOn(), calling
application: com.wd.clan
01-10 20:39:05.037 24651 24771 V threaded_app: New input event: type=2
01-10 20:39:05.137 24651 24771 V threaded_app: New input event: type=2
01-10 20:39:05.202 24651 24771 V threaded_app: New input event: type=2
01-10 20:39:05.286 24651 24771 V threaded_app: New input event: type=2
01-10 20:39:05.319 24651 24771 V threaded_app: New input event: type=2
01-10 20:39:05.359 24651 24771 V threaded_app: New input event: type=2
01-10 20:39:05.375 24651 24771 V threaded_app: New input event: type=2
01-10 20:39:05.386 24651 24771 V threaded_app: New input event: type=2
