01-10 20:37:32.383 24651 24985 I AudioManager: In isBluetoothScoOn(), calling
application: com.wd.clan
01-10 20:37:32.804 24651 24771 V threaded_app: New input event: type=2
01-10 20:37:32.819 24651 24771 V threaded_app: New input event: type=2
01-10 20:37:32.970 24651 24771 V threaded_app: New input event: type=2
01-10 20:37:32.986 24651 24771 V threaded_app: New input event: type=2
01-10 20:37:33.136 24651 24771 V threaded_app: New input event: type=2
01-10 20:37:33.153 24651 24771 V threaded_app: New input event: type=2
01-10 20:37:33.666 24651 24985 I AudioManager: In isBluetoothScoOn(), calling
application: com.wd.clan
01-10 20:37:33.895 24651 24771 V threaded_app: New input event: type=2
01-10 20:37:33.899 24651 24771 V threaded_app: New input event: type=2
01-10 20:37:34.608 24651 24771 V threaded_app: New input event: type=2
01-10 20:37:34.614 24651 24771 V threaded_app: New input event: type=2
01-10 20:37:34.791 24651 24771 V threaded_app: New input event: type=2
01-10 20:37:34.794 24651 24771 V threaded_app: New input event: type=2
01-10 20:37:34.943 24651 24985 I AudioManager: In isBluetoothScoOn(), calling
application: com.wd.clan
01-10 20:37:35.237 24651 24771 V threaded_app: New input event: type=2
01-10 20:37:35.293 24651 24771 V threaded_app: New input event: type=2
01-10 20:37:35.309 24651 24771 V threaded_app: New input event: type=2
01-10 20:37:35.326 24651 24771 V threaded_app: New input event: type=2
01-10 20:37:35.343 24651 24771 V threaded_app: New input event: type=2
01-10 20:37:35.353 24651 24771 V threaded_app: New input event: type=2
01-10 20:37:35.354 24651 24771 V threaded_app: New input event: type=2
01-10 20:37:35.676 24651 24651 V threaded_app: WindowFocusChanged: 0x7a8d487280 --
0
01-10 20:37:35.676 24651 24771 D UE4 : Case APP_CMD_LOST_FOCUS
01-10 20:37:36.222 24651 24985 I AudioManager: In isBluetoothScoOn(), calling
application: com.wd.clan
01-10 20:37:37.228 24651 24651 V threaded_app: WindowFocusChanged: 0x7a8d487280 --
1
01-10 20:37:37.228 24651 24771 D UE4 : Case APP_CMD_GAINED_FOCUS
01-10 20:37:37.502 24651 24985 I AudioManager: In isBluetoothScoOn(), calling
application: com.wd.clan
01-10 20:37:38.090 24283 24312 E BLASTBufferQueue:
BLASTBufferItemConsumer::onDisconnect()
01-10 20:37:38.760 24651 24770 D GameActivity: GameMaster.SystemVPNOpened()
01-10 20:37:38.761 24651 24770 D GameActivity: AndroidThunkJava_SystemVPNOpened
return: false
01-10 20:37:38.784 24651 24985 I AudioManager: In isBluetoothScoOn(), calling
application: com.wd.clan
01-10 20:37:39.095 24283 24312 E BLASTBufferQueue:
BLASTBufferItemConsumer::onDisconnect()
01-10 20:37:39.440 24651 24771 V threaded_app: New input event: type=2
01-10 20:37:39.490 24651 24771 V threaded_app: New input event: type=2
01-10 20:37:39.539 24651 24771 V threaded_app: New input event: type=2
01-10 20:37:39.561 24651 24771 V threaded_app: New input event: type=2
01-10 20:37:39.579 24651 24771 V threaded_app: New input event: type=2
01-10 20:37:39.595 24651 24771 V threaded_app: New input event: type=2
01-10 20:37:39.612 24651 24771 V threaded_app: New input event: type=2
01-10 20:37:39.629 24651 24771 V threaded_app: New input event: type=2
01-10 20:37:39.646 24651 24771 V threaded_app: New input event: type=2
01-10 20:37:39.661 24651 24771 V threaded_app: New input event: type=2
01-10 20:37:39.680 24651 24771 V threaded_app: New input event: type=2
01-10 20:37:39.695 24651 24771 V threaded_app: New input event: type=2
01-10 20:37:39.712 24651 24771 V threaded_app: New input event: type=2
01-10 20:37:39.728 24651 24771 V threaded_app: New input event: type=2
01-10 20:37:39.745 24651 24771 V threaded_app: New input event: type=2
01-10 20:37:39.762 24651 24771 V threaded_app: New input event: type=2
01-10 20:37:39.778 24651 24771 V threaded_app: New input event: type=2
01-10 20:37:39.795 24651 24771 V threaded_app: New input event: type=2
01-10 20:37:39.813 24651 24771 V threaded_app: New input event: type=2
01-10 20:37:39.828 24651 24771 V threaded_app: New input event: type=2
01-10 20:37:39.844 24651 24771 V threaded_app: New input event: type=2
01-10 20:37:39.862 24651 24771 V threaded_app: New input event: type=2
01-10 20:37:39.878 24651 24771 V threaded_app: New input event: type=2
01-10 20:37:39.895 24651 24771 V threaded_app: New input event: type=2
01-10 20:37:39.914 24651 24771 V threaded_app: New input event: type=2
01-10 20:37:39.928 24651 24771 V threaded_app: New input event: type=2
01-10 20:37:39.945 24651 24771 V threaded_app: New input event: type=2
01-10 20:37:39.961 24651 24771 V threaded_app: New input event: type=2
01-10 20:37:39.978 24651 24771 V threaded_app: New input event: type=2
01-10 20:37:39.995 24651 24771 V threaded_app: New input event: type=2
01-10 20:37:40.011 24651 24771 V threaded_app: New input event: type=2
01-10 20:37:40.028 24651 24771 V threaded_app: New input event: type=2
01-10 20:37:40.040 24651 24771 V threaded_app: New input event: type=2
01-10 20:37:40.041 24651 24771 V threaded_app: New input event: type=2
01-10 20:37:40.062 24651 24985 I AudioManager: In isBluetoothScoOn(), calling
application: com.wd.clan
01-10 20:37:40.062 24651 24771 V threaded_app: New input event: type=2
01-10 20:37:40.078 24651 24771 V threaded_app: New input event: type=2
01-10 20:37:40.094 24651 24771 V threaded_app: New input event: type=2
01-10 20:37:40.111 24651 24771 V threaded_app: New input event: type=2
01-10 20:37:40.128 24651 24771 V threaded_app: New input event: type=2
01-10 20:37:40.145 24651 24771 V threaded_app: New input event: type=2
01-10 20:37:40.161 24651 24771 V threaded_app: New input event: type=2
01-10 20:37:40.178 24651 24771 V threaded_app: New input event: type=2
01-10 20:37:40.195 24651 24771 V threaded_app: New input event: type=2
01-10 20:37:40.212 24651 24771 V threaded_app: New input event: type=2
01-10 20:37:40.228 24651 24771 V threaded_app: New input event: type=2
01-10 20:37:40.247 24651 24771 V threaded_app: New input event: type=2
01-10 20:37:40.261 24651 24771 V threaded_app: New input event: type=2
01-10 20:37:40.278 24651 24771 V threaded_app: New input event: type=2
01-10 20:37:40.295 24651 24771 V threaded_app: New input event: type=2
01-10 20:37:40.311 24651 24771 V threaded_app: New input event: type=2
01-10 20:37:40.328 24651 24771 V threaded_app: New input event: type=2
01-10 20:37:40.345 24651 24771 V threaded_app: New input event: type=2
01-10 20:37:40.361 24651 24771 V threaded_app: New input event: type=2
01-10 20:37:40.378 24651 24771 V threaded_app: New input event: type=2
01-10 20:37:40.395 24651 24771 V threaded_app: New input event: type=2
01-10 20:37:40.411 24651 24771 V threaded_app: New input event: type=2
01-10 20:37:40.428 24651 24771 V threaded_app: New input event: type=2
01-10 20:37:40.445 24651 24771 V threaded_app: New input event: type=2
01-10 20:37:40.456 24651 24771 V threaded_app: New input event: type=2
01-10 20:37:40.457 24651 24771 V threaded_app: New input event: type=2
01-10 20:37:40.471 24651 24771 V threaded_app: New input event: type=2
01-10 20:37:40.507 24651 24771 V threaded_app: New input event: type=2
01-10 20:37:40.590 24651 24771 V threaded_app: New input event: type=2
01-10 20:37:40.661 24651 24771 V threaded_app: New input event: type=2
01-10 20:37:40.678 24651 24771 V threaded_app: New input event: type=2
01-10 20:37:40.695 24651 24771 V threaded_app: New input event: type=2
01-10 20:37:40.712 24651 24771 V threaded_app: New input event: type=2
01-10 20:37:40.721 24651 24771 V threaded_app: New input event: type=2
01-10 20:37:40.723 24651 24771 V threaded_app: New input event: type=2
01-10 20:37:41.342 24651 24985 I AudioManager: In isBluetoothScoOn(), calling
application: com.wd.clan
01-10 20:37:41.443 24651 24771 V threaded_app: New input event: type=2
01-10 20:37:41.443 24651 24771 V threaded_app: New input event: type=2
01-10 20:37:41.444 24651 24651 D OplusSystemUINavigationGesture: [GESTURE_BUTTON]
swipe from 0
01-10 20:37:41.445 24651 24651 D OplusSystemUINavigationGesture: [GESTURE_BUTTON]
Hit Gesture Region !
01-10 20:37:41.473 24651 24771 V threaded_app: New input event: type=2
01-10 20:37:41.595 24651 24771 V threaded_app: New input event: type=2
01-10 20:37:41.612 24651 24771 V threaded_app: New input event: type=2
01-10 20:37:41.629 24651 24771 V threaded_app: New input event: type=2
01-10 20:37:41.645 24651 24771 V threaded_app: New input event: type=2
01-10 20:37:41.662 24651 24771 V threaded_app: New input event: type=2
01-10 20:37:41.673 24651 24771 V threaded_app: New input event: type=2
01-10 20:37:41.674 24651 24771 V threaded_app: New input event: type=2
01-10 20:37:41.679 24651 24771 V threaded_app: New input event: type=2
01-10 20:37:41.695 24651 24771 V threaded_app: New input event: type=2
01-10 20:37:41.712 24651 24771 V threaded_app: New input event: type=2
01-10 20:37:41.729 24651 24771 V threaded_app: New input event: type=2
01-10 20:37:41.745 24651 24771 V threaded_app: New input event: type=2
01-10 20:37:41.762 24651 24771 V threaded_app: New input event: type=2
01-10 20:37:41.780 24651 24771 V threaded_app: New input event: type=2
01-10 20:37:41.795 24651 24771 V threaded_app: New input event: type=2
01-10 20:37:41.812 24651 24771 V threaded_app: New input event: type=2
01-10 20:37:41.829 24651 24771 V threaded_app: New input event: type=2
01-10 20:37:41.846 24651 24771 V threaded_app: New input event: type=2
01-10 20:37:41.862 24651 24771 V threaded_app: New input event: type=2
01-10 20:37:41.879 24651 24771 V threaded_app: New input event: type=2
01-10 20:37:41.896 24651 24771 V threaded_app: New input event: type=2
01-10 20:37:41.912 24651 24771 V threaded_app: New input event: type=2
01-10 20:37:41.928 24651 24771 V threaded_app: New input event: type=2
01-10 20:37:41.945 24651 24771 V threaded_app: New input event: type=2
01-10 20:37:41.962 24651 24771 V threaded_app: New input event: type=2
01-10 20:37:41.979 24651 24771 V threaded_app: New input event: type=2
01-10 20:37:41.995 24651 24771 V threaded_app: New input event: type=2
01-10 20:37:42.012 24651 24771 V threaded_app: New input event: type=2
01-10 20:37:42.029 24651 24771 V threaded_app: New input event: type=2
01-10 20:37:42.046 24651 24771 V threaded_app: New input event: type=2
01-10 20:37:42.079 24651 24771 V threaded_app: New input event: type=2
01-10 20:37:42.095 24651 24771 V threaded_app: New input event: type=2
01-10 20:37:42.112 24651 24771 V threaded_app: New input event: type=2
01-10 20:37:42.129 24651 24771 V threaded_app: New input event: type=2
01-10 20:37:42.146 24651 24771 V threaded_app: New input event: type=2
01-10 20:37:42.162 24651 24771 V threaded_app: New input event: type=2
01-10 20:37:42.179 24651 24771 V threaded_app: New input event: type=2
01-10 20:37:42.195 24651 24771 V threaded_app: New input event: type=2
01-10 20:37:42.212 24651 24771 V threaded_app: New input event: type=2
01-10 20:37:42.229 24651 24771 V threaded_app: New input event: type=2
01-10 20:37:42.241 24651 25260 E HDmpve : [2025-01-10 20:37:42 241] | Error |
[HDmpve] |0x797a990cb0| DownloadProcess.cpp:330|ThreadProcess| DLProcess
PollingTime Changed: 300000 -> 10000
01-10 20:37:42.246 24651 24771 V threaded_app: New input event: type=2
01-10 20:37:42.251 24651 25272 E HDmpve : [2025-01-10 20:37:42 251] | Error |
[HDmpve] |0x797b7fbcb0| DownloadProcess.cpp:330|ThreadProcess| DLProcess
PollingTime Changed: 300000 -> 10000
01-10 20:37:42.279 24651 24771 V threaded_app: New input event: type=2
01-10 20:37:42.296 24651 24771 V threaded_app: New input event: type=2
01-10 20:37:42.313 24651 24771 V threaded_app: New input event: type=2
01-10 20:37:42.329 24651 24771 V threaded_app: New input event: type=2
01-10 20:37:42.346 24651 24771 V threaded_app: New input event: type=2
01-10 20:37:42.362 24651 24771 V threaded_app: New input event: type=2
01-10 20:37:42.379 24651 24771 V threaded_app: New input event: type=2
01-10 20:37:42.395 24651 24771 V threaded_app: New input event: type=2
01-10 20:37:42.412 24651 24771 V threaded_app: New input event: type=2
01-10 20:37:42.429 24651 24771 V threaded_app: New input event: type=2
01-10 20:37:42.445 24651 24771 V threaded_app: New input event: type=2
01-10 20:37:42.462 24651 24771 V threaded_app: New input event: type=2
01-10 20:37:42.477 24651 24770 D com.wd.clan:p1: PlayerBase::PlayerBase()
01-10 20:37:42.478 24651 24770 D com.wd.clan:p1: TrackPlayerBase::TrackPlayerBase()
01-10 20:37:42.478 24651 24770 D com.wd.clan:p1:
TrackPlayerBase::~TrackPlayerBase()
01-10 20:37:42.478 24651 24770 D com.wd.clan:p1: PlayerBase::~PlayerBase()
01-10 20:37:42.478 24651 24770 D DA4MG : Height channels supported (1).
01-10 20:37:42.479 24651 24771 V threaded_app: New input event: type=2
01-10 20:37:42.496 24651 24771 V threaded_app: New input event: type=2
01-10 20:37:42.513 24651 24771 V threaded_app: New input event: type=2
01-10 20:37:42.529 24651 24771 V threaded_app: New input event: type=2
01-10 20:37:42.545 24651 24771 V threaded_app: New input event: type=2
01-10 20:37:42.562 24651 24771 V threaded_app: New input event: type=2
01-10 20:37:42.579 24651 24771 V threaded_app: New input event: type=2
01-10 20:37:42.596 24651 24771 V threaded_app: New input event: type=2
01-10 20:37:42.613 24651 24771 V threaded_app: New input event: type=2
01-10 20:37:42.622 24651 24985 I AudioManager: In isBluetoothScoOn(), calling
application: com.wd.clan
01-10 20:37:42.663 24651 24771 V threaded_app: New input event: type=2
01-10 20:37:42.679 24651 24771 V threaded_app: New input event: type=2
01-10 20:37:42.696 24651 24771 V threaded_app: New input event: type=2
01-10 20:37:42.712 24651 24771 V threaded_app: New input event: type=2
01-10 20:37:42.729 24651 24771 V threaded_app: New input event: type=2
01-10 20:37:42.746 24651 24771 V threaded_app: New input event: type=2
01-10 20:37:42.762 24651 24771 V threaded_app: New input event: type=2
01-10 20:37:42.779 24651 24771 V threaded_app: New input event: type=2
01-10 20:37:42.796 24651 24771 V threaded_app: New input event: type=2
01-10 20:37:42.813 24651 24771 V threaded_app: New input event: type=2
01-10 20:37:42.829 24651 24771 V threaded_app: New input event: type=2
01-10 20:37:42.846 24651 24771 V threaded_app: New input event: type=2
01-10 20:37:42.862 24651 24771 V threaded_app: New input event: type=2
01-10 20:37:42.879 24651 24771 V threaded_app: New input event: type=2
01-10 20:37:42.896 24651 24771 V threaded_app: New input event: type=2
01-10 20:37:42.912 24651 24771 V threaded_app: New input event: type=2
01-10 20:37:42.929 24651 24771 V threaded_app: New input event: type=2
01-10 20:37:42.946 24651 24771 V threaded_app: New input event: type=2
01-10 20:37:42.962 24651 24771 V threaded_app: New input event: type=2
01-10 20:37:42.979 24651 24771 V threaded_app: New input event: type=2
01-10 20:37:42.996 24651 24771 V threaded_app: New input event: type=2
01-10 20:37:43.013 24651 24771 V threaded_app: New input event: type=2
01-10 20:37:43.030 24651 24771 V threaded_app: New input event: type=2
01-10 20:37:43.046 24651 24771 V threaded_app: New input event: type=2
01-10 20:37:43.062 24651 24771 V threaded_app: New input event: type=2
01-10 20:37:43.079 24651 24771 V threaded_app: New input event: type=2
01-10 20:37:43.096 24651 24771 V threaded_app: New input event: type=2
01-10 20:37:43.113 24651 24771 V threaded_app: New input event: type=2
01-10 20:37:43.129 24651 24771 V threaded_app: New input event: type=2
01-10 20:37:43.146 24651 24771 V threaded_app: New input event: type=2
01-10 20:37:43.162 24651 24771 V threaded_app: New input event: type=2
01-10 20:37:43.179 24651 24771 V threaded_app: New input event: type=2
01-10 20:37:43.196 24651 24771 V threaded_app: New input event: type=2
01-10 20:37:43.213 24651 24771 V threaded_app: New input event: type=2
01-10 20:37:43.231 24651 24771 V threaded_app: New input event: type=2
01-10 20:37:43.246 24651 24771 V threaded_app: New input event: type=2
01-10 20:37:43.263 24651 24771 V threaded_app: New input event: type=2
01-10 20:37:43.279 24651 24771 V threaded_app: New input event: type=2
01-10 20:37:43.296 24651 24771 V threaded_app: New input event: type=2
01-10 20:37:43.313 24651 24771 V threaded_app: New input event: type=2
01-10 20:37:43.330 24651 24771 V threaded_app: New input event: type=2
01-10 20:37:43.346 24651 24771 V threaded_app: New input event: type=2
01-10 20:37:43.363 24651 24771 V threaded_app: New input event: type=2
01-10 20:37:43.379 24651 24771 V threaded_app: New input event: type=2
01-10 20:37:43.396 24651 24771 V threaded_app: New input event: type=2
01-10 20:37:43.413 24651 24771 V threaded_app: New input event: type=2
01-10 20:37:43.446 24651 24771 V threaded_app: New input event: type=2
01-10 20:37:43.463 24651 24771 V threaded_app: New input event: type=2
01-10 20:37:43.479 24651 24771 V threaded_app: New input event: type=2
01-10 20:37:43.497 24651 24771 V threaded_app: New input event: type=2
01-10 20:37:43.529 24651 24771 V threaded_app: New input event: type=2
01-10 20:37:43.546 24651 24771 V threaded_app: New input event: type=2
01-10 20:37:43.579 24651 24771 V threaded_app: New input event: type=2
01-10 20:37:43.613 24651 24771 V threaded_app: New input event: type=2
01-10 20:37:43.647 24651 24771 V threaded_app: New input event: type=2
01-10 20:37:43.697 24651 24771 V threaded_app: New input event: type=2
01-10 20:37:43.714 24651 24771 V threaded_app: New input event: type=2
01-10 20:37:43.746 24651 24771 V threaded_app: New input event: type=2
01-10 20:37:43.796 24651 24771 V threaded_app: New input event: type=2
01-10 20:37:43.864 24651 24771 V threaded_app: New input event: type=2
01-10 20:37:43.902 24651 24985 I AudioManager: In isBluetoothScoOn(), calling
application: com.wd.clan
01-10 20:37:43.930 24651 24771 V threaded_app: New input event: type=2
01-10 20:37:43.997 24651 24771 V threaded_app: New input event: type=2
01-10 20:37:44.081 24651 24771 V threaded_app: New input event: type=2
01-10 20:37:44.148 24651 24771 V threaded_app: New input event: type=2
01-10 20:37:44.230 24651 24771 V threaded_app: New input event: type=2
01-10 20:37:44.514 24651 24771 V threaded_app: New input event: type=2
01-10 20:37:44.530 24651 24771 V threaded_app: New input event: type=2
01-10 20:37:44.647 24651 24771 V threaded_app: New input event: type=2
01-10 20:37:44.863 24651 24771 V threaded_app: New input event: type=2
01-10 20:37:44.981 24651 24771 V threaded_app: New input event: type=2
01-10 20:37:45.065 24651 24771 V threaded_app: New input event: type=2
01-10 20:37:45.181 24651 24771 V threaded_app: New input event: type=2
01-10 20:37:45.182 24651 24985 I AudioManager: In isBluetoothScoOn(), calling
application: com.wd.clan
01-10 20:37:45.213 24651 25338 D com.wd.clan:p1: PlayerBase::stop() from IPlayer
01-10 20:37:45.213 24651 25338 D AudioTrack: stop(6411): prior state:STATE_ACTIVE
output 1013 stream 3 session 45441
01-10 20:37:45.213 24651 25338 D AudioTrack: stop(6411): called with 1678724 frames
delivered
01-10 20:37:45.214 24651 25338 D AudioTrack: flush(6411): prior state:STATE_STOPPED
01-10 20:37:45.224 24651 25337 D AudioManager: setMode mode=0 from com.wd.clan
01-10 20:37:45.225 24651 25337 I AudioManager: In setSpeakerphoneOn(), on: true,
calling application: com.wd.clan
01-10 20:37:45.230 24651 24771 V threaded_app: New input event: type=2
01-10 20:37:45.298 24651 24771 V threaded_app: New input event: type=2
01-10 20:37:45.313 24651 24771 V threaded_app: New input event: type=2
01-10 20:37:45.365 24651 24771 V threaded_app: New input event: type=2
01-10 20:37:45.380 24651 24771 V threaded_app: New input event: type=2
01-10 20:37:45.406 24651 25337 D AudioTrack: stop(6411): prior state:STATE_FLUSHED
output 1013 stream 3 session 45441
01-10 20:37:45.406 24651 25337 D AudioTrack: ~AudioTrack, releasing mStatus =0
session id 45441 from 24651 on behalf of 24651
01-10 20:37:45.406 24651 25337 D AudioTrack: stop(6411): prior state:STATE_FLUSHED
output 1013 stream 3 session 45441
01-10 20:37:45.408 24651 25337 D com.wd.clan:p1: PlayerBase::PlayerBase()
01-10 20:37:45.408 24651 25337 D com.wd.clan:p1: TrackPlayerBase::TrackPlayerBase()
01-10 20:37:45.408 24651 25337 I libOpenSLES: android_audioPlayer_realize, channel
mask 0x4
01-10 20:37:45.408 24651 25337 I libOpenSLES: android_audioPlayer_realize, create
default channel mask 0x1, channels 1
01-10 20:37:45.408 24651 25337 I libOpenSLES: Emulating old channel mask behavior
(ignoring positional mask 0x4, using default mask 0x1 based on channel count of 1)
01-10 20:37:45.408 24651 25337 D AudioTrackExtImpl: AudioTrackExtImpl init
01-10 20:37:45.408 24651 25337 D AudioTrack: set() streamType 3, sampleRate 16000,
format 0x1, channelMask 0x1, frameCount 0, flags #104, notificationFrames -2,
sessionId 45465, transferType 0, uid -1, pid -1 cbf 1
01-10 20:37:45.430 24651 24771 V threaded_app: New input event: type=2
01-10 20:37:45.455 24651 25337 E AudioSystem: invalid attributes { Content type:
AUDIO_CONTENT_TYPE_UNKNOWN Usage: AUDIO_USAGE_UNKNOWN Source: AUDIO_SOURCE_DEFAULT
Flags: 0x0 Tags: } when converting to stream
01-10 20:37:45.457 24651 25337 D AudioTrack: createTrack_l(6411):
AUDIO_OUTPUT_FLAG_FAST denied by server; frameCount 0 -> 648
01-10 20:37:45.458 24651 25337 I AudioTrack: createTrack_l(6418) on outputId(13) :
0x7a9196a800, mCblk = 0x7a97c2e100, mLatency = 88, mAfLatency = 48, frameCount =
648, mSampleRate = 16000, mFlags = 0, mReqFrameCount = 648, mNotificationFramesAct
= 320
01-10 20:37:45.461 24651 25337 I AudioManager: In setSpeakerphoneOn(), on: true,
calling application: com.wd.clan
01-10 20:37:45.465 24651 25337 D AudioRecord: stop(6416): mActive:1
01-10 20:37:45.465 24651 25337 D AudioRecord: mAudioRecord->stop()
01-10 20:37:45.514 24651 25337 D AudioRecord: AudioRecordThread pause()
01-10 20:37:45.514 24651 25337 D AudioRecord: stop() end
01-10 20:37:45.514 24651 25337 D AudioRecord: stop(6416): mActive:0
01-10 20:37:45.514 24651 25337 D AudioRecord: stop(6416): mActive:0
01-10 20:37:45.515 24651 24771 V threaded_app: New input event: type=2
01-10 20:37:45.598 24651 24771 V threaded_app: New input event: type=2
01-10 20:37:45.698 24651 25337 W libOpenSLES: Conversion from OpenSL ES positional
channel mask 0x4 to Android mask 0 loses channels
01-10 20:37:45.698 24651 25337 I libOpenSLES: Emulating old channel mask behavior
(ignoring positional mask 0x4, using default mask 0x10 based on channel count of 1)
01-10 20:37:45.698 24651 25337 D AudioRecordExtImpl: AudioRecordExtImpl init
01-10 20:37:45.698 24651 25337 D AudioRecordExtImpl: audiorecordTest
01-10 20:37:45.698 24651 25337 D AudioRecord: set(): inputSource 0, sampleRate
16000, format 0x1, channelMask 0x10, frameCount 0, notificationFrames 0, sessionId
0, transferType 1, flags 0x5, identity AttributionSourceState{pid: 24651, uid:
10336, packageName: (null), attributionTag: (null), token: , renouncedPermissions:
(null), next: []}uid 10336, pid 24651
01-10 20:37:45.705 24651 25337 D AudioRecord: set(): mSessionId 0
01-10 20:37:46.114 24651 24771 V threaded_app: New input event: type=2
01-10 20:37:46.130 24651 24771 V threaded_app: New input event: type=2
01-10 20:37:46.199 24651 24771 V threaded_app: New input event: type=2
01-10 20:37:46.233 24651 24771 V threaded_app: New input event: type=2
01-10 20:37:46.247 24651 24771 V threaded_app: New input event: type=2
01-10 20:37:46.280 24651 24771 V threaded_app: New input event: type=2
01-10 20:37:46.298 24651 24771 V threaded_app: New input event: type=2
01-10 20:37:46.314 24651 24771 V threaded_app: New input event: type=2
01-10 20:37:46.347 24651 24771 V threaded_app: New input event: type=2
01-10 20:37:46.380 24651 24771 V threaded_app: New input event: type=2
01-10 20:37:46.397 24651 24771 V threaded_app: New input event: type=2
01-10 20:37:46.414 24651 24771 V threaded_app: New input event: type=2
01-10 20:37:46.430 24651 24771 V threaded_app: New input event: type=2
01-10 20:37:46.447 24651 24771 V threaded_app: New input event: type=2
01-10 20:37:46.466 24651 24771 V threaded_app: New input event: type=2
01-10 20:37:46.497 24651 24771 V threaded_app: New input event: type=2
01-10 20:37:46.515 24651 24771 V threaded_app: New input event: type=2
01-10 20:37:46.530 24651 24771 V threaded_app: New input event: type=2
01-10 20:37:46.547 24651 24771 V threaded_app: New input event: type=2
01-10 20:37:46.564 24651 24771 V threaded_app: New input event: type=2
01-10 20:37:46.581 24651 24771 V threaded_app: New input event: type=2
01-10 20:37:46.597 24651 24771 V threaded_app: New input event: type=2
01-10 20:37:46.615 24651 24985 I AudioManager: In isBluetoothScoOn(), calling
application: com.wd.clan
01-10 20:37:46.631 24651 24771 V threaded_app: New input event: type=2
01-10 20:37:46.665 24651 24771 V threaded_app: New input event: type=2
01-10 20:37:46.698 24651 24771 V threaded_app: New input event: type=2
01-10 20:37:46.730 24651 24771 V threaded_app: New input event: type=2
01-10 20:37:46.764 24651 24771 V threaded_app: New input event: type=2
01-10 20:37:46.765 24651 25269 E HDmpve : [2025-01-10 20:37:46 765] | Error |
[HDmpve] |0x797c026cb0| cu_eifs_wrapper.cpp:291|IsFileDownloadReady|
[CEifsWrapper::IsFileReady()]not download completed]
01-10 20:37:46.798 24651 24771 V threaded_app: New input event: type=2
01-10 20:37:46.814 24651 24771 V threaded_app: New input event: type=2
01-10 20:37:46.836 24651 25272 E HDmpve : [2025-01-10 20:37:46 836] | Error |
[HDmpve] |0x797b7fbcb0| HttpNetwork.cpp:1209|GetAddrInfoSysFunc| get host ip,in-
f.globh.com-> 49.44.119.169
01-10 20:37:46.836 24651 25272 E HDmpve : [2025-01-10 20:37:46 836] | Error |
[HDmpve] |0x797b7fbcb0| HttpNetwork.cpp:1209|GetAddrInfoSysFunc| get host ip,in-
f.globh.com-> 49.44.119.232
01-10 20:37:46.864 24651 24771 V threaded_app: New input event: type=2
01-10 20:37:46.931 24651 24771 V threaded_app: New input event: type=2
01-10 20:37:46.981 24651 24771 V threaded_app: New input event: type=2
01-10 20:37:46.997 24651 24771 V threaded_app: New input event: type=2
01-10 20:37:47.064 24651 24771 V threaded_app: New input event: type=2
01-10 20:37:47.198 24651 24771 V threaded_app: New input event: type=2
01-10 20:37:47.448 24651 24771 V threaded_app: New input event: type=2
01-10 20:37:47.733 24651 24771 V threaded_app: New input event: type=2
01-10 20:37:47.896 24651 24985 I AudioManager: In isBluetoothScoOn(), calling
application: com.wd.clan
01-10 20:37:47.914 24651 24771 V threaded_app: New input event: type=2
01-10 20:37:48.232 24651 24771 V threaded_app: New input event: type=2
01-10 20:37:48.264 24651 24771 V threaded_app: New input event: type=2
01-10 20:37:48.482 24651 24771 V threaded_app: New input event: type=2
01-10 20:37:48.683 24651 24771 V threaded_app: New input event: type=2
01-10 20:37:48.798 24651 24771 V threaded_app: New input event: type=2
01-10 20:37:48.916 24651 24771 V threaded_app: New input event: type=2
01-10 20:37:49.176 24651 24985 I AudioManager: In isBluetoothScoOn(), calling
application: com.wd.clan
01-10 20:37:49.332 24651 24771 V threaded_app: New input event: type=2
01-10 20:37:49.366 24651 24771 V threaded_app: New input event: type=2
01-10 20:37:49.381 24651 24771 V threaded_app: New input event: type=2
01-10 20:37:49.700 24651 24771 V threaded_app: New input event: type=2
01-10 20:37:49.716 24651 24771 V threaded_app: New input event: type=2
01-10 20:37:49.732 24651 24771 V threaded_app: New input event: type=2
01-10 20:37:49.749 24651 24771 V threaded_app: New input event: type=2
01-10 20:37:49.766 24651 24771 V threaded_app: New input event: type=2
01-10 20:37:49.782 24651 24771 V threaded_app: New input event: type=2
01-10 20:37:49.799 24651 24771 V threaded_app: New input event: type=2
01-10 20:37:49.815 24651 24771 V threaded_app: New input event: type=2
01-10 20:37:49.833 24651 24771 V threaded_app: New input event: type=2
01-10 20:37:49.849 24651 24771 V threaded_app: New input event: type=2
01-10 20:37:49.866 24651 24771 V threaded_app: New input event: type=2
01-10 20:37:49.883 24651 24771 V threaded_app: New input event: type=2
01-10 20:37:49.932 24651 24771 V threaded_app: New input event: type=2
01-10 20:37:49.965 24651 24771 V threaded_app: New input event: type=2
01-10 20:37:50.034 24651 24771 V threaded_app: New input event: type=2
01-10 20:37:50.065 24651 24771 V threaded_app: New input event: type=2
01-10 20:37:50.199 24651 24771 V threaded_app: New input event: type=2
01-10 20:37:50.282 24651 24771 V threaded_app: New input event: type=2
01-10 20:37:50.349 24651 24771 V threaded_app: New input event: type=2
01-10 20:37:50.400 24651 24771 V threaded_app: New input event: type=2
01-10 20:37:50.416 24651 24771 V threaded_app: New input event: type=2
01-10 20:37:50.454 24651 24985 I AudioManager: In isBluetoothScoOn(), calling
application: com.wd.clan
01-10 20:37:50.550 24651 24771 V threaded_app: New input event: type=2
01-10 20:37:50.685 24651 24771 V threaded_app: New input event: type=2
01-10 20:37:50.866 24651 24771 V threaded_app: New input event: type=2
01-10 20:37:50.934 24651 24771 V threaded_app: New input event: type=2
01-10 20:37:51.466 24651 24771 V threaded_app: New input event: type=2
01-10 20:37:51.735 24651 24985 I AudioManager: In isBluetoothScoOn(), calling
application: com.wd.clan
01-10 20:37:52.000 24651 24771 V threaded_app: New input event: type=2
01-10 20:37:52.150 24651 24771 V threaded_app: New input event: type=2
01-10 20:37:52.534 24651 24771 V threaded_app: New input event: type=2
01-10 20:37:53.014 24651 24985 I AudioManager: In isBluetoothScoOn(), calling
application: com.wd.clan
01-10 20:37:53.068 24651 24771 V threaded_app: New input event: type=2
01-10 20:37:53.368 24651 24771 V threaded_app: New input event: type=2
01-10 20:37:53.600 24651 24771 V threaded_app: New input event: type=2
01-10 20:37:53.971 24651 24771 V threaded_app: New input event: type=2
01-10 20:37:54.134 24651 24771 V threaded_app: New input event: type=2
01-10 20:37:54.299 24651 24985 I AudioManager: In isBluetoothScoOn(), calling
application: com.wd.clan
01-10 20:37:54.457 24651 24883 D com.wd.clan:p1:
TrackPlayerBase::~TrackPlayerBase()
01-10 20:37:54.458 24651 24883 D com.wd.clan:p1: PlayerBase::~PlayerBase()
01-10 20:37:54.461 24651 24668 D com.wd.clan:p1:
TrackPlayerBase::~TrackPlayerBase()
01-10 20:37:54.461 24651 24668 D com.wd.clan:p1: PlayerBase::~PlayerBase()
01-10 20:37:54.669 24651 24771 V threaded_app: New input event: type=2
01-10 20:37:54.751 24651 24771 V threaded_app: New input event: type=2
01-10 20:37:54.768 24651 24771 V threaded_app: New input event: type=2
01-10 20:37:54.784 24651 24771 V threaded_app: New input event: type=2
01-10 20:37:54.802 24651 24771 V threaded_app: New input event: type=2
01-10 20:37:54.817 24651 24771 V threaded_app: New input event: type=2
01-10 20:37:54.835 24651 24771 V threaded_app: New input event: type=2
01-10 20:37:54.851 24651 24771 V threaded_app: New input event: type=2
01-10 20:37:54.868 24651 24771 V threaded_app: New input event: type=2
01-10 20:37:54.884 24651 24771 V threaded_app: New input event: type=2
01-10 20:37:54.902 24651 24771 V threaded_app: New input event: type=2
01-10 20:37:54.917 24651 24771 V threaded_app: New input event: type=2
01-10 20:37:54.934 24651 24771 V threaded_app: New input event: type=2
01-10 20:37:54.951 24651 24771 V threaded_app: New input event: type=2
01-10 20:37:54.968 24651 24771 V threaded_app: New input event: type=2
01-10 20:37:54.985 24651 24771 V threaded_app: New input event: type=2
01-10 20:37:55.001 24651 24771 V threaded_app: New input event: type=2
01-10 20:37:55.019 24651 24771 V threaded_app: New input event: type=2
01-10 20:37:55.035 24651 24771 V threaded_app: New input event: type=2
01-10 20:37:55.051 24651 24771 V threaded_app: New input event: type=2
01-10 20:37:55.068 24651 24771 V threaded_app: New input event: type=2
01-10 20:37:55.084 24651 24771 V threaded_app: New input event: type=2
01-10 20:37:55.102 24651 24771 V threaded_app: New input event: type=2
01-10 20:37:55.118 24651 24771 V threaded_app: New input event: type=2
01-10 20:37:55.128 24651 24771 V threaded_app: New input event: type=2
01-10 20:37:55.129 24651 24771 V threaded_app: New input event: type=2
01-10 20:37:55.134 24651 24771 V threaded_app: New input event: type=2
01-10 20:37:55.151 24651 24771 V threaded_app: New input event: type=2
01-10 20:37:55.168 24651 24771 V threaded_app: New input event: type=2
01-10 20:37:55.184 24651 24771 V threaded_app: New input event: type=2
01-10 20:37:55.201 24651 24771 V threaded_app: New input event: type=2
01-10 20:37:55.218 24651 24771 V threaded_app: New input event: type=2
01-10 20:37:55.251 24651 24771 V threaded_app: New input event: type=2
01-10 20:37:55.269 24651 24771 V threaded_app: New input event: type=2
01-10 20:37:55.285 24651 24771 V threaded_app: New input event: type=2
01-10 20:37:55.301 24651 24771 V threaded_app: New input event: type=2
01-10 20:37:55.318 24651 24771 V threaded_app: New input event: type=2
01-10 20:37:55.334 24651 24771 V threaded_app: New input event: type=2
01-10 20:37:55.351 24651 24771 V threaded_app: New input event: type=2
01-10 20:37:55.368 24651 24771 V threaded_app: New input event: type=2
01-10 20:37:55.386 24651 24771 V threaded_app: New input event: type=2
01-10 20:37:55.401 24651 24771 V threaded_app: New input event: type=2
01-10 20:37:55.418 24651 24771 V threaded_app: New input event: type=2
01-10 20:37:55.436 24651 24771 V threaded_app: New input event: type=2
01-10 20:37:55.446 24651 24771 V threaded_app: New input event: type=2
01-10 20:37:55.446 24651 24771 V threaded_app: New input event: type=2
01-10 20:37:55.462 24651 24771 V threaded_app: New input event: type=2
01-10 20:37:55.462 24651 24771 V threaded_app: New input event: type=2
01-10 20:37:55.462 24651 24771 V threaded_app: New input event: type=2
01-10 20:37:55.575 24651 24985 I AudioManager: In isBluetoothScoOn(), calling
application: com.wd.clan
01-10 20:37:56.515 24651 24771 V threaded_app: New input event: type=2
01-10 20:37:56.596 24651 24771 V threaded_app: New input event: type=2
01-10 20:37:56.854 24651 24985 I AudioManager: In isBluetoothScoOn(), calling
application: com.wd.clan
01-10 20:37:57.200 24651 24771 V threaded_app: New input event: type=2
01-10 20:37:57.263 24651 24771 V threaded_app: New input event: type=2
01-10 20:37:58.135 24651 24985 I AudioManager: In isBluetoothScoOn(), calling
application: com.wd.clan
01-10 20:37:59.417 24651 24985 I AudioManager: In isBluetoothScoOn(), calling
application: com.wd.clan
01-10 20:37:59.431 24651 24771 V threaded_app: New input event: type=2
01-10 20:37:59.480 24651 24771 V threaded_app: New input event: type=2
01-10 20:38:00.694 24651 24985 I AudioManager: In isBluetoothScoOn(), calling
application: com.wd.clan
01-10 20:38:01.978 24651 24985 I AudioManager: In isBluetoothScoOn(), calling
application: com.wd.clan
01-10 20:38:02.501 24651 24771 V threaded_app: New input event: type=2
01-10 20:38:02.514 24651 24771 V threaded_app: New input event: type=2
01-10 20:38:02.994 24651 24771 V threaded_app: New input event: type=2
01-10 20:38:02.999 24651 24771 V threaded_app: New input event: type=2
01-10 20:38:03.256 24651 24985 I AudioManager: In isBluetoothScoOn(), calling
application: com.wd.clan
01-10 20:38:03.535 24651 24771 V threaded_app: New input event: type=2
01-10 20:38:03.598 24651 24771 V threaded_app: New input event: type=2
01-10 20:38:03.637 24651 24770 D GameActivity: GameActivity.GetIsPlayerUsingVPN()
01-10 20:38:03.638 24651 24770 D GameActivity: GameActivity.GetIsPlayerUsingVPN()
return: false
01-10 20:38:03.638 24651 24770 D PermissionUtil: isPermissionGranted
01-10 20:38:03.638 24651 24770 D PermissionUtil: targetSdkVersion: 34
01-10 20:38:03.641 24651 24770 D PermissionUtil:
isPermissionGranted(android.permission.BLUETOOTH_CONNECT) return true
01-10 20:38:03.645 24651 24770 D GameActivity: AndroidThunkJava_GetDeivceNickName
return: OnePlus Nord
01-10 20:38:04.485 24651 24771 V threaded_app: New input event: type=2
01-10 20:38:04.534 24651 24985 I AudioManager: In isBluetoothScoOn(), calling
application: com.wd.clan
01-10 20:38:04.541 24651 24771 V threaded_app: New input event: type=2
01-10 20:38:04.555 24651 24771 V threaded_app: New input event: type=2
01-10 20:38:04.572 24651 24771 V threaded_app: New input event: type=2
01-10 20:38:04.588 24651 24771 V threaded_app: New input event: type=2
01-10 20:38:04.605 24651 24771 V threaded_app: New input event: type=2
01-10 20:38:04.621 24651 24771 V threaded_app: New input event: type=2
01-10 20:38:04.638 24651 24771 V threaded_app: New input event: type=2
01-10 20:38:04.649 24651 24771 V threaded_app: New input event: type=2
01-10 20:38:04.649 24651 24771 V threaded_app: New input event: type=2
01-10 20:38:05.167 24651 24771 V threaded_app: New input event: type=2
01-10 20:38:05.289 24651 24771 V threaded_app: New input event: type=2
01-10 20:38:05.311 24651 24771 V threaded_app: New input event: type=2
01-10 20:38:05.318 24651 24771 V threaded_app: New input event: type=2
01-10 20:38:05.318 24651 24771 V threaded_app: New input event: type=2
01-10 20:38:05.339 24651 24771 V threaded_app: New input event: type=2
01-10 20:38:05.355 24651 24771 V threaded_app: New input event: type=2
01-10 20:38:05.372 24651 24771 V threaded_app: New input event: type=2
01-10 20:38:05.388 24651 24771 V threaded_app: New input event: type=2
01-10 20:38:05.407 24651 24771 V threaded_app: New input event: type=2
01-10 20:38:05.422 24651 24771 V threaded_app: New input event: type=2
01-10 20:38:05.441 24651 24771 V threaded_app: New input event: type=2
01-10 20:38:05.455 24651 24771 V threaded_app: New input event: type=2
01-10 20:38:05.472 24651 24771 V threaded_app: New input event: type=2
01-10 20:38:05.489 24651 24771 V threaded_app: New input event: type=2
01-10 20:38:05.506 24651 24771 V threaded_app: New input event: type=2
01-10 20:38:05.522 24651 24771 V threaded_app: New input event: type=2
01-10 20:38:05.539 24651 24771 V threaded_app: New input event: type=2
01-10 20:38:05.555 24651 24771 V threaded_app: New input event: type=2
01-10 20:38:05.572 24651 24771 V threaded_app: New input event: type=2
01-10 20:38:05.589 24651 24771 V threaded_app: New input event: type=2
01-10 20:38:05.605 24651 24771 V threaded_app: New input event: type=2
01-10 20:38:05.622 24651 24771 V threaded_app: New input event: type=2
01-10 20:38:05.639 24651 24771 V threaded_app: New input event: type=2
01-10 20:38:05.655 24651 24771 V threaded_app: New input event: type=2
01-10 20:38:05.673 24651 24771 V threaded_app: New input event: type=2
01-10 20:38:05.683 24651 24771 V threaded_app: New input event: type=2
01-10 20:38:05.683 24651 24771 V threaded_app: New input event: type=2
01-10 20:38:05.706 24651 24771 V threaded_app: New input event: type=2
01-10 20:38:05.722 24651 24771 V threaded_app: New input event: type=2
01-10 20:38:05.741 24651 24771 V threaded_app: New input event: type=2
01-10 20:38:05.789 24651 24771 V threaded_app: New input event: type=2
01-10 20:38:05.805 24651 24771 V threaded_app: New input event: type=2
01-10 20:38:05.817 24651 24985 I AudioManager: In isBluetoothScoOn(), calling
application: com.wd.clan
01-10 20:38:05.822 24651 24771 V threaded_app: New input event: type=2
01-10 20:38:05.838 24651 24771 V threaded_app: New input event: type=2
01-10 20:38:05.858 24651 24771 V threaded_app: New input event: type=2
01-10 20:38:05.872 24651 24771 V threaded_app: New input event: type=2
01-10 20:38:05.889 24651 24771 V threaded_app: New input event: type=2
01-10 20:38:05.905 24651 24771 V threaded_app: New input event: type=2
01-10 20:38:05.922 24651 24771 V threaded_app: New input event: type=2
01-10 20:38:05.939 24651 24771 V threaded_app: New input event: type=2
01-10 20:38:05.955 24651 24771 V threaded_app: New input event: type=2
01-10 20:38:05.973 24651 24771 V threaded_app: New input event: type=2
01-10 20:38:05.989 24651 24771 V threaded_app: New input event: type=2
01-10 20:38:06.005 24651 24771 V threaded_app: New input event: type=2
01-10 20:38:06.022 24651 24771 V threaded_app: New input event: type=2
01-10 20:38:06.040 24651 24771 V threaded_app: New input event: type=2
01-10 20:38:06.055 24651 24771 V threaded_app: New input event: type=2
01-10 20:38:06.072 24651 24771 V threaded_app: New input event: type=2
01-10 20:38:06.090 24651 24771 V threaded_app: New input event: type=2
01-10 20:38:06.106 24651 24771 V threaded_app: New input event: type=2
01-10 20:38:06.122 24651 24771 V threaded_app: New input event: type=2
01-10 20:38:06.139 24651 24771 V threaded_app: New input event: type=2
01-10 20:38:06.156 24651 24771 V threaded_app: New input event: type=2
01-10 20:38:06.173 24651 24771 V threaded_app: New input event: type=2
01-10 20:38:06.189 24651 24771 V threaded_app: New input event: type=2
01-10 20:38:06.208 24651 24771 V threaded_app: New input event: type=2
01-10 20:38:06.322 24651 24771 V threaded_app: New input event: type=2
01-10 20:38:06.356 24651 24771 V threaded_app: New input event: type=2
01-10 20:38:06.373 24651 24771 V threaded_app: New input event: type=2
01-10 20:38:06.389 24651 24771 V threaded_app: New input event: type=2
01-10 20:38:06.406 24651 24771 V threaded_app: New input event: type=2
01-10 20:38:06.422 24651 24771 V threaded_app: New input event: type=2
01-10 20:38:06.440 24651 24771 V threaded_app: New input event: type=2
01-10 20:38:06.456 24651 24771 V threaded_app: New input event: type=2
01-10 20:38:06.473 24651 24771 V threaded_app: New input event: type=2
01-10 20:38:06.489 24651 24771 V threaded_app: New input event: type=2
01-10 20:38:06.506 24651 24771 V threaded_app: New input event: type=2
01-10 20:38:06.522 24651 24771 V threaded_app: New input event: type=2
01-10 20:38:06.539 24651 24771 V threaded_app: New input event: type=2
01-10 20:38:06.555 24651 24771 V threaded_app: New input event: type=2
01-10 20:38:06.572 24651 24771 V threaded_app: New input event: type=2
01-10 20:38:06.589 24651 24771 V threaded_app: New input event: type=2
01-10 20:38:06.606 24651 24771 V threaded_app: New input event: type=2
01-10 20:38:06.622 24651 24771 V threaded_app: New input event: type=2
01-10 20:38:06.640 24651 24771 V threaded_app: New input event: type=2
01-10 20:38:06.656 24651 24771 V threaded_app: New input event: type=2
01-10 20:38:06.667 24651 24771 V threaded_app: New input event: type=2
01-10 20:38:06.668 24651 24771 V threaded_app: New input event: type=2
01-10 20:38:06.677 24651 24771 V threaded_app: New input event: type=2
01-10 20:38:06.689 24651 24771 V threaded_app: New input event: type=2
01-10 20:38:06.708 24651 24771 V threaded_app: New input event: type=2
01-10 20:38:06.723 24651 24771 V threaded_app: New input event: type=2
01-10 20:38:06.740 24651 24771 V threaded_app: New input event: type=2
01-10 20:38:06.756 24651 24771 V threaded_app: New input event: type=2
01-10 20:38:06.773 24651 24771 V threaded_app: New input event: type=2
01-10 20:38:06.789 24651 24771 V threaded_app: New input event: type=2
01-10 20:38:06.806 24651 24771 V threaded_app: New input event: type=2
01-10 20:38:06.816 24651 24771 V threaded_app: New input event: type=2
01-10 20:38:06.816 24651 24771 V threaded_app: New input event: type=2
01-10 20:38:06.940 24651 24771 V threaded_app: New input event: type=2
01-10 20:38:06.957 24651 24771 V threaded_app: New input event: type=2
01-10 20:38:06.973 24651 24771 V threaded_app: New input event: type=2
01-10 20:38:06.990 24651 24771 V threaded_app: New input event: type=2
01-10 20:38:07.006 24651 24771 V threaded_app: New input event: type=2
01-10 20:38:07.025 24651 24771 V threaded_app: New input event: type=2
01-10 20:38:07.039 24651 24771 V threaded_app: New input event: type=2
01-10 20:38:07.056 24651 24771 V threaded_app: New input event: type=2
01-10 20:38:07.073 24651 24771 V threaded_app: New input event: type=2
01-10 20:38:07.089 24651 24771 V threaded_app: New input event: type=2
01-10 20:38:07.096 24651 24985 I AudioManager: In isBluetoothScoOn(), calling
application: com.wd.clan
01-10 20:38:07.106 24651 24771 V threaded_app: New input event: type=2
01-10 20:38:07.122 24651 24771 V threaded_app: New input event: type=2
01-10 20:38:07.142 24651 24771 V threaded_app: New input event: type=2
01-10 20:38:07.156 24651 24771 V threaded_app: New input event: type=2
01-10 20:38:07.173 24651 24771 V threaded_app: New input event: type=2
01-10 20:38:07.189 24651 24771 V threaded_app: New input event: type=2
01-10 20:38:07.206 24651 24771 V threaded_app: New input event: type=2
01-10 20:38:07.223 24651 24771 V threaded_app: New input event: type=2
01-10 20:38:07.240 24651 24771 V threaded_app: New input event: type=2
01-10 20:38:07.256 24651 24771 V threaded_app: New input event: type=2
01-10 20:38:07.274 24651 24771 V threaded_app: New input event: type=2
01-10 20:38:07.289 24651 24771 V threaded_app: New input event: type=2
01-10 20:38:07.307 24651 24771 V threaded_app: New input event: type=2
01-10 20:38:07.322 24651 24771 V threaded_app: New input event: type=2
01-10 20:38:07.340 24651 24771 V threaded_app: New input event: type=2
01-10 20:38:07.356 24651 24771 V threaded_app: New input event: type=2
01-10 20:38:07.373 24651 24771 V threaded_app: New input event: type=2
01-10 20:38:07.389 24651 24771 V threaded_app: New input event: type=2
01-10 20:38:07.406 24651 24771 V threaded_app: New input event: type=2
01-10 20:38:07.423 24651 24771 V threaded_app: New input event: type=2
01-10 20:38:07.439 24651 24771 V threaded_app: New input event: type=2
01-10 20:38:07.456 24651 24771 V threaded_app: New input event: type=2
01-10 20:38:07.473 24651 24771 V threaded_app: New input event: type=2
01-10 20:38:07.489 24651 24771 V threaded_app: New input event: type=2
01-10 20:38:07.506 24651 24771 V threaded_app: New input event: type=2
01-10 20:38:07.523 24651 24771 V threaded_app: New input event: type=2
01-10 20:38:07.540 24651 24771 V threaded_app: New input event: type=2
01-10 20:38:07.556 24651 24771 V threaded_app: New input event: type=2
01-10 20:38:07.575 24651 24771 V threaded_app: New input event: type=2
01-10 20:38:07.589 24651 24771 V threaded_app: New input event: type=2
01-10 20:38:07.607 24651 24771 V threaded_app: New input event: type=2
01-10 20:38:07.623 24651 24771 V threaded_app: New input event: type=2
01-10 20:38:07.640 24651 24771 V threaded_app: New input event: type=2
01-10 20:38:07.644 24651 24669 W com.wd.clan:p1: Couldn't lock the profile file
/data/misc/profiles/cur/0/com.pubg.imobile/primary.prof: Failed to open file
'/data/misc/profiles/cur/0/com.pubg.imobile/primary.prof': Permission denied
01-10 20:38:07.644 24651 24669 W com.wd.clan:p1: Could not forcefully load
profile /data/misc/profiles/cur/0/com.pubg.imobile/primary.prof
01-10 20:38:07.656 24651 24771 V threaded_app: New input event: type=2
01-10 20:38:07.673 24651 24771 V threaded_app: New input event: type=2
01-10 20:38:07.690 24651 24771 V threaded_app: New input event: type=2
01-10 20:38:07.707 24651 24771 V threaded_app: New input event: type=2
01-10 20:38:07.723 24651 24771 V threaded_app: New input event: type=2
01-10 20:38:07.741 24651 24771 V threaded_app: New input event: type=2
01-10 20:38:07.756 24651 24771 V threaded_app: New input event: type=2
01-10 20:38:07.776 24651 24771 V threaded_app: New input event: type=2
01-10 20:38:07.790 24651 24771 V threaded_app: New input event: type=2
01-10 20:38:07.807 24651 24771 V threaded_app: New input event: type=2
01-10 20:38:07.823 24651 24771 V threaded_app: New input event: type=2
01-10 20:38:07.841 24651 24771 V threaded_app: New input event: type=2
01-10 20:38:07.856 24651 24771 V threaded_app: New input event: type=2
01-10 20:38:07.874 24651 24771 V threaded_app: New input event: type=2
01-10 20:38:07.890 24651 24771 V threaded_app: New input event: type=2
01-10 20:38:07.907 24651 24771 V threaded_app: New input event: type=2
01-10 20:38:07.923 24651 24771 V threaded_app: New input event: type=2
01-10 20:38:07.940 24651 24771 V threaded_app: New input event: type=2
01-10 20:38:07.956 24651 24771 V threaded_app: New input event: type=2
01-10 20:38:07.973 24651 24771 V threaded_app: New input event: type=2
01-10 20:38:07.990 24651 24771 V threaded_app: New input event: type=2
01-10 20:38:08.006 24651 24771 V threaded_app: New input event: type=2
01-10 20:38:08.023 24651 24771 V threaded_app: New input event: type=2
01-10 20:38:08.074 24651 24771 V threaded_app: New input event: type=2
01-10 20:38:08.124 24651 24771 V threaded_app: New input event: type=2
01-10 20:38:08.140 24651 24771 V threaded_app: New input event: type=2
01-10 20:38:08.156 24651 24771 V threaded_app: New input event: type=2
01-10 20:38:08.173 24651 24771 V threaded_app: New input event: type=2
01-10 20:38:08.190 24651 24771 V threaded_app: New input event: type=2
01-10 20:38:08.207 24651 24771 V threaded_app: New input event: type=2
01-10 20:38:08.223 24651 24771 V threaded_app: New input event: type=2
01-10 20:38:08.334 24651 24771 V threaded_app: New input event: type=2
01-10 20:38:08.335 24651 24771 V threaded_app: New input event: type=2
01-10 20:38:08.369 24651 24771 V threaded_app: New input event: type=2
01-10 20:38:08.369 24651 24771 V threaded_app: New input event: type=2
01-10 20:38:08.377 24651 24985 I AudioManager: In isBluetoothScoOn(), calling
application: com.wd.clan
01-10 20:38:08.402 24651 24771 V threaded_app: New input event: type=2
01-10 20:38:08.452 24651 24771 V threaded_app: New input event: type=2
01-10 20:38:08.507 24651 24771 V threaded_app: New input event: type=2
01-10 20:38:08.524 24651 24771 V threaded_app: New input event: type=2
01-10 20:38:08.541 24651 24771 V threaded_app: New input event: type=2
01-10 20:38:08.551 24651 24771 V threaded_app: New input event: type=2
01-10 20:38:08.551 24651 24771 V threaded_app: New input event: type=2
01-10 20:38:08.552 24651 24771 V threaded_app: New input event: type=2
