01-10 20:27:27.872 24651 24771 V threaded_app: New input event: type=2
01-10 20:27:27.905 24651 24771 V threaded_app: New input event: type=2
01-10 20:27:27.939 24651 24771 V threaded_app: New input event: type=2
01-10 20:27:27.955 24651 24771 V threaded_app: New input event: type=2
01-10 20:27:27.989 24651 24771 V threaded_app: New input event: type=2
01-10 20:27:28.022 24651 24771 V threaded_app: New input event: type=2
01-10 20:27:28.039 24651 24771 V threaded_app: New input event: type=2
01-10 20:27:28.055 24651 24771 V threaded_app: New input event: type=2
01-10 20:27:28.089 24651 24771 V threaded_app: New input event: type=2
01-10 20:27:28.106 24651 24771 V threaded_app: New input event: type=2
01-10 20:27:28.122 24651 24771 V threaded_app: New input event: type=2
01-10 20:27:28.156 24651 24771 V threaded_app: New input event: type=2
01-10 20:27:28.172 24651 24771 V threaded_app: New input event: type=2
01-10 20:27:28.189 24651 24771 V threaded_app: New input event: type=2
01-10 20:27:28.205 24651 24771 V threaded_app: New input event: type=2
01-10 20:27:28.238 24651 24771 V threaded_app: New input event: type=2
01-10 20:27:28.255 24651 24771 V threaded_app: New input event: type=2
01-10 20:27:28.272 24651 24771 V threaded_app: New input event: type=2
01-10 20:27:28.290 24651 24771 V threaded_app: New input event: type=2
01-10 20:27:28.322 24651 24771 V threaded_app: New input event: type=2
01-10 20:27:28.339 24651 24771 V threaded_app: New input event: type=2
01-10 20:27:28.355 24651 24771 V threaded_app: New input event: type=2
01-10 20:27:28.389 24651 24771 V threaded_app: New input event: type=2
01-10 20:27:28.406 24651 24771 V threaded_app: New input event: type=2
01-10 20:27:28.422 24651 24771 V threaded_app: New input event: type=2
01-10 20:27:28.456 24651 24771 V threaded_app: New input event: type=2
01-10 20:27:28.472 24651 24771 V threaded_app: New input event: type=2
01-10 20:27:28.506 24651 24771 V threaded_app: New input event: type=2
01-10 20:27:28.518 24651 24985 I AudioManager: In isBluetoothScoOn(), calling
application: com.wd.clan
01-10 20:27:28.539 24651 24771 V threaded_app: New input event: type=2
01-10 20:27:28.572 24651 24771 V threaded_app: New input event: type=2
01-10 20:27:28.589 24651 24771 V threaded_app: New input event: type=2
01-10 20:27:28.606 24651 24771 V threaded_app: New input event: type=2
01-10 20:27:28.656 24651 24771 V threaded_app: New input event: type=2
01-10 20:27:28.689 24651 24771 V threaded_app: New input event: type=2
01-10 20:27:28.706 24651 24771 V threaded_app: New input event: type=2
01-10 20:27:28.756 24651 24771 V threaded_app: New input event: type=2
01-10 20:27:28.790 24651 24771 V threaded_app: New input event: type=2
01-10 20:27:28.806 24651 24771 V threaded_app: New input event: type=2
01-10 20:27:28.856 24651 24771 V threaded_app: New input event: type=2
01-10 20:27:28.923 24651 24771 V threaded_app: New input event: type=2
01-10 20:27:28.990 24651 24771 V threaded_app: New input event: type=2
01-10 20:27:29.041 24651 24771 V threaded_app: New input event: type=2
01-10 20:27:29.073 24651 24771 V threaded_app: New input event: type=2
01-10 20:27:29.107 24651 24771 V threaded_app: New input event: type=2
01-10 20:27:29.156 24651 24771 V threaded_app: New input event: type=2
01-10 20:27:29.174 24651 24771 V threaded_app: New input event: type=2
01-10 20:27:29.223 24651 24771 V threaded_app: New input event: type=2
01-10 20:27:29.273 24651 24771 V threaded_app: New input event: type=2
01-10 20:27:29.324 24651 24771 V threaded_app: New input event: type=2
01-10 20:27:29.374 24651 24771 V threaded_app: New input event: type=2
01-10 20:27:29.424 24651 24771 V threaded_app: New input event: type=2
01-10 20:27:29.473 24651 24771 V threaded_app: New input event: type=2
01-10 20:27:29.542 24651 24771 V threaded_app: New input event: type=2
01-10 20:27:29.590 24651 24771 V threaded_app: New input event: type=2
01-10 20:27:29.657 24651 24771 V threaded_app: New input event: type=2
01-10 20:27:29.723 24651 24771 V threaded_app: New input event: type=2
01-10 20:27:29.799 24651 24985 I AudioManager: In isBluetoothScoOn(), calling
application: com.wd.clan
01-10 20:27:29.842 24651 24771 V threaded_app: New input event: type=2
01-10 20:27:29.909 24651 24771 V threaded_app: New input event: type=2
01-10 20:27:29.942 24651 24771 V threaded_app: New input event: type=2
01-10 20:27:29.991 24651 24771 V threaded_app: New input event: type=2
01-10 20:27:30.091 24651 24771 V threaded_app: New input event: type=2
01-10 20:27:30.158 24651 24771 V threaded_app: New input event: type=2
01-10 20:27:30.224 24651 24771 V threaded_app: New input event: type=2
01-10 20:27:30.291 24651 24771 V threaded_app: New input event: type=2
01-10 20:27:30.324 24651 24771 V threaded_app: New input event: type=2
01-10 20:27:30.441 24651 24771 V threaded_app: New input event: type=2
01-10 20:27:30.491 24651 24771 V threaded_app: New input event: type=2
01-10 20:27:30.542 24651 24771 V threaded_app: New input event: type=2
01-10 20:27:30.592 24651 24771 V threaded_app: New input event: type=2
01-10 20:27:30.603 24651 25194 W Rpc : No response
01-10 20:27:30.604 24651 24726 E FirebaseMessaging: Topic sync or token retrieval
failed on hard failure exceptions: java.util.concurrent.ExecutionException:
java.io.IOException: TIMEOUT. Won't retry the operation.
01-10 20:27:30.744 24651 24771 V threaded_app: New input event: type=2
01-10 20:27:30.892 24651 24771 V threaded_app: New input event: type=2
01-10 20:27:31.009 24651 24771 V threaded_app: New input event: type=2
01-10 20:27:31.024 24651 24771 V threaded_app: New input event: type=2
01-10 20:27:31.079 24651 24985 I AudioManager: In isBluetoothScoOn(), calling
application: com.wd.clan
01-10 20:27:31.176 24651 24771 V threaded_app: New input event: type=2
01-10 20:27:31.275 24651 24771 V threaded_app: New input event: type=2
01-10 20:27:31.426 24651 24771 V threaded_app: New input event: type=2
01-10 20:27:31.560 24651 24771 V threaded_app: New input event: type=2
01-10 20:27:31.792 24651 24771 V threaded_app: New input event: type=2
01-10 20:27:31.825 24651 24771 V threaded_app: New input event: type=2
01-10 20:27:31.926 24651 24771 V threaded_app: New input event: type=2
01-10 20:27:32.042 24651 24771 V threaded_app: New input event: type=2
01-10 20:27:32.226 24651 24771 V threaded_app: New input event: type=2
01-10 20:27:32.359 24651 24985 I AudioManager: In isBluetoothScoOn(), calling
application: com.wd.clan
01-10 20:27:32.426 24651 24771 V threaded_app: New input event: type=2
01-10 20:27:32.493 24651 24771 V threaded_app: New input event: type=2
01-10 20:27:32.576 24651 24771 V threaded_app: New input event: type=2
01-10 20:27:32.610 24651 24771 V threaded_app: New input event: type=2
01-10 20:27:32.626 24651 24771 V threaded_app: New input event: type=2
01-10 20:27:32.693 24651 24771 V threaded_app: New input event: type=2
01-10 20:27:32.843 24651 24771 V threaded_app: New input event: type=2
01-10 20:27:32.927 24651 24771 V threaded_app: New input event: type=2
01-10 20:27:33.043 24651 24771 V threaded_app: New input event: type=2
01-10 20:27:33.111 24651 24771 V threaded_app: New input event: type=2
01-10 20:27:33.260 24651 24771 V threaded_app: New input event: type=2
01-10 20:27:33.561 24651 24771 V threaded_app: New input event: type=2
01-10 20:27:33.639 24651 24985 I AudioManager: In isBluetoothScoOn(), calling
application: com.wd.clan
01-10 20:27:33.694 24651 24771 V threaded_app: New input event: type=2
01-10 20:27:33.877 24651 24771 V threaded_app: New input event: type=2
01-10 20:27:34.661 24651 24771 V threaded_app: New input event: type=2
01-10 20:27:34.762 24651 24771 V threaded_app: New input event: type=2
01-10 20:27:34.918 24651 24985 I AudioManager: In isBluetoothScoOn(), calling
application: com.wd.clan
01-10 20:27:35.828 24651 24771 V threaded_app: New input event: type=2
01-10 20:27:36.198 24651 24985 I AudioManager: In isBluetoothScoOn(), calling
application: com.wd.clan
01-10 20:27:36.896 24651 24771 V threaded_app: New input event: type=2
01-10 20:27:37.478 24651 24985 I AudioManager: In isBluetoothScoOn(), calling
application: com.wd.clan
01-10 20:27:37.951 24651 25260 E HDmpve : [2025-01-10 20:27:37 951] | Error |
[HDmpve] |0x797a990cb0| DownloadProcess.cpp:330|ThreadProcess| DLProcess
PollingTime Changed: 10000 -> 300000
01-10 20:27:37.957 24651 25272 E HDmpve : [2025-01-10 20:27:37 957] | Error |
[HDmpve] |0x797b7fbcb0| DownloadProcess.cpp:330|ThreadProcess| DLProcess
PollingTime Changed: 10000 -> 300000
01-10 20:27:37.964 24651 24771 V threaded_app: New input event: type=2
01-10 20:27:37.985 24651 24770 D com.wd.clan:p1: PlayerBase::PlayerBase()
01-10 20:27:37.986 24651 24770 D com.wd.clan:p1: TrackPlayerBase::TrackPlayerBase()
01-10 20:27:37.986 24651 24770 D com.wd.clan:p1:
TrackPlayerBase::~TrackPlayerBase()
01-10 20:27:37.986 24651 24770 D com.wd.clan:p1: PlayerBase::~PlayerBase()
01-10 20:27:37.986 24651 24770 D DA4MG : Height channels supported (1).
01-10 20:27:38.364 24651 24771 V threaded_app: New input event: type=2
01-10 20:27:38.447 24651 24771 V threaded_app: New input event: type=2
01-10 20:27:38.715 24651 24771 V threaded_app: New input event: type=2
01-10 20:27:38.731 24651 24771 V threaded_app: New input event: type=2
01-10 20:27:38.758 24651 24985 I AudioManager: In isBluetoothScoOn(), calling
application: com.wd.clan
01-10 20:27:38.781 24651 24771 V threaded_app: New input event: type=2
01-10 20:27:39.031 24651 24771 V threaded_app: New input event: type=2
01-10 20:27:39.065 24651 24771 V threaded_app: New input event: type=2
01-10 20:27:39.332 24651 24771 V threaded_app: New input event: type=2
01-10 20:27:39.415 24651 24771 V threaded_app: New input event: type=2
01-10 20:27:40.038 24651 24985 I AudioManager: In isBluetoothScoOn(), calling
application: com.wd.clan
01-10 20:27:40.098 24651 24771 V threaded_app: New input event: type=2
01-10 20:27:41.166 24651 24771 V threaded_app: New input event: type=2
01-10 20:27:41.318 24651 24985 I AudioManager: In isBluetoothScoOn(), calling
application: com.wd.clan
01-10 20:27:42.234 24651 24771 V threaded_app: New input event: type=2
01-10 20:27:42.530 24651 24651 W BillingClient: Connection to Billing service is
blocked.
01-10 20:27:42.599 24651 24985 I AudioManager: In isBluetoothScoOn(), calling
application: com.wd.clan
01-10 20:27:43.301 24651 24771 V threaded_app: New input event: type=2
01-10 20:27:43.878 24651 24985 I AudioManager: In isBluetoothScoOn(), calling
application: com.wd.clan
01-10 20:27:44.368 24651 24771 V threaded_app: New input event: type=2
01-10 20:27:45.159 24651 24985 I AudioManager: In isBluetoothScoOn(), calling
application: com.wd.clan
01-10 20:27:45.436 24651 24771 V threaded_app: New input event: type=2
01-10 20:27:46.439 24651 24985 I AudioManager: In isBluetoothScoOn(), calling
application: com.wd.clan
01-10 20:27:46.504 24651 24771 V threaded_app: New input event: type=2
01-10 20:27:47.570 24651 24771 V threaded_app: New input event: type=2
01-10 20:27:47.719 24651 24985 I AudioManager: In isBluetoothScoOn(), calling
application: com.wd.clan
01-10 20:27:48.324 9513 9529 W com.wd.clan:p0: Couldn't lock the profile file
/data/misc/profiles/cur/0/com.twitter.android/primary.prof: Failed to open file
'/data/misc/profiles/cur/0/com.twitter.android/primary.prof': Permission denied
01-10 20:27:48.324 9513 9529 W com.wd.clan:p0: Could not forcefully load
profile /data/misc/profiles/cur/0/com.twitter.android/primary.prof
01-10 20:27:48.638 24651 24771 V threaded_app: New input event: type=2
01-10 20:27:49.000 24651 24985 I AudioManager: In isBluetoothScoOn(), calling
application: com.wd.clan
01-10 20:27:49.707 24651 24771 V threaded_app: New input event: type=2
01-10 20:27:50.278 24651 24985 I AudioManager: In isBluetoothScoOn(), calling
application: com.wd.clan
01-10 20:27:50.773 24651 24771 V threaded_app: New input event: type=2
01-10 20:27:51.110 24651 24669 W com.wd.clan:p1: Couldn't lock the profile file
/data/misc/profiles/cur/0/com.pubg.imobile/primary.prof: Failed to open file
'/data/misc/profiles/cur/0/com.pubg.imobile/primary.prof': Permission denied
01-10 20:27:51.110 24651 24669 W com.wd.clan:p1: Could not forcefully load
profile /data/misc/profiles/cur/0/com.pubg.imobile/primary.prof
01-10 20:27:51.260 9513 9696 I PlayCore: UID: [10001] PID: [9513]
StandardIntegrity : warmUpIntegrityToken(49625052041)
01-10 20:27:51.260 9513 9644 I PlayCore: UID: [10001] PID: [9513]
StandardIntegrity : Already connected to the service.
01-10 20:27:51.260 9513 9644 I PlayCore: UID: [10001] PID: [9513]
StandardIntegrity : Initiate binding to the service.
01-10 20:27:51.261 9513 9644 I PlayCore: UID: [10001] PID: [9513]
StandardIntegrity : Failed to bind to the service.
01-10 20:27:51.559 24651 24985 I AudioManager: In isBluetoothScoOn(), calling
application: com.wd.clan
01-10 20:27:51.840 24651 24771 V threaded_app: New input event: type=2
01-10 20:27:52.840 24651 24985 I AudioManager: In isBluetoothScoOn(), calling
application: com.wd.clan
01-10 20:27:52.908 24651 24771 V threaded_app: New input event: type=2
01-10 20:27:53.976 24651 24771 V threaded_app: New input event: type=2
01-10 20:27:54.120 24651 24985 I AudioManager: In isBluetoothScoOn(), calling
application: com.wd.clan
01-10 20:27:54.225 24651 24771 V threaded_app: New input event: type=2
01-10 20:27:54.909 24651 24771 V threaded_app: New input event: type=2
01-10 20:27:55.043 24651 24771 V threaded_app: New input event: type=2
01-10 20:27:55.376 24651 24771 V threaded_app: New input event: type=2
01-10 20:27:55.398 24651 24985 I AudioManager: In isBluetoothScoOn(), calling
application: com.wd.clan
01-10 20:27:56.111 24651 24771 V threaded_app: New input event: type=2
01-10 20:27:56.679 24651 24985 I AudioManager: In isBluetoothScoOn(), calling
application: com.wd.clan
01-10 20:27:57.178 24651 24771 V threaded_app: New input event: type=2
01-10 20:27:57.958 24651 24985 I AudioManager: In isBluetoothScoOn(), calling
application: com.wd.clan
01-10 20:27:58.245 24651 24771 V threaded_app: New input event: type=2
01-10 20:27:58.863 24651 24771 V threaded_app: New input event: type=2
01-10 20:27:59.238 24651 24985 I AudioManager: In isBluetoothScoOn(), calling
application: com.wd.clan
01-10 20:27:59.314 24651 24771 V threaded_app: New input event: type=2
01-10 20:28:00.381 24651 24771 V threaded_app: New input event: type=2
01-10 20:28:00.518 24651 24985 I AudioManager: In isBluetoothScoOn(), calling
application: com.wd.clan
01-10 20:28:00.614 24651 24771 V threaded_app: New input event: type=2
01-10 20:28:01.090 24651 24770 D GameActitivy: AndroidThunkJava_GetVolume START
01-10 20:28:01.093 24651 24770 D AudioManagerExtImpl: getStreamVolume
packageName=com.wd.clan, index=9, streamType=0
01-10 20:28:01.093 24651 24770 D GameActitivy: AndroidThunkJava_GetVolume START
01-10 20:28:01.095 24651 24770 D AudioManagerExtImpl: getStreamVolume
packageName=com.wd.clan, index=10, streamType=3
01-10 20:28:01.448 24651 24771 V threaded_app: New input event: type=2
01-10 20:28:01.721 24651 25338 D AudioTrack: start(6394): prior state:STATE_STOPPED
output 13 stream 3 session 45361
01-10 20:28:01.732 24651 25338 I AudioManager: In setSpeakerphoneOn(), on: true,
calling application: com.wd.clan
01-10 20:28:01.800 24651 24985 I AudioManager: In isBluetoothScoOn(), calling
application: com.wd.clan
01-10 20:28:02.516 24651 24771 V threaded_app: New input event: type=2
01-10 20:28:03.079 24651 24985 I AudioManager: In isBluetoothScoOn(), calling
application: com.wd.clan
01-10 20:28:03.133 24651 24771 V threaded_app: New input event: type=2
01-10 20:28:03.584 24651 24771 V threaded_app: New input event: type=2
01-10 20:28:04.358 24651 24985 I AudioManager: In isBluetoothScoOn(), calling
application: com.wd.clan
01-10 20:28:04.384 24651 24771 V threaded_app: New input event: type=2
01-10 20:28:04.450 24651 24771 V threaded_app: New input event: type=2
01-10 20:28:04.601 24651 24771 V threaded_app: New input event: type=2
01-10 20:28:04.651 24651 24771 V threaded_app: New input event: type=2
01-10 20:28:04.667 24651 24771 V threaded_app: New input event: type=2
01-10 20:28:04.751 24651 24771 V threaded_app: New input event: type=2
01-10 20:28:04.818 24651 24771 V threaded_app: New input event: type=2
01-10 20:28:04.867 24651 24771 V threaded_app: New input event: type=2
01-10 20:28:04.901 24651 24771 V threaded_app: New input event: type=2
01-10 20:28:04.934 24651 24771 V threaded_app: New input event: type=2
01-10 20:28:04.952 24651 24771 V threaded_app: New input event: type=2
01-10 20:28:04.967 24651 24771 V threaded_app: New input event: type=2
01-10 20:28:04.984 24651 24771 V threaded_app: New input event: type=2
01-10 20:28:05.001 24651 24771 V threaded_app: New input event: type=2
01-10 20:28:05.017 24651 24771 V threaded_app: New input event: type=2
01-10 20:28:05.034 24651 24771 V threaded_app: New input event: type=2
01-10 20:28:05.051 24651 24771 V threaded_app: New input event: type=2
01-10 20:28:05.067 24651 24771 V threaded_app: New input event: type=2
01-10 20:28:05.084 24651 24771 V threaded_app: New input event: type=2
01-10 20:28:05.102 24651 24771 V threaded_app: New input event: type=2
01-10 20:28:05.119 24651 24771 V threaded_app: New input event: type=2
01-10 20:28:05.134 24651 24771 V threaded_app: New input event: type=2
01-10 20:28:05.152 24651 24771 V threaded_app: New input event: type=2
01-10 20:28:05.168 24651 24771 V threaded_app: New input event: type=2
01-10 20:28:05.184 24651 24771 V threaded_app: New input event: type=2
01-10 20:28:05.201 24651 24771 V threaded_app: New input event: type=2
01-10 20:28:05.218 24651 24771 V threaded_app: New input event: type=2
01-10 20:28:05.234 24651 24771 V threaded_app: New input event: type=2
01-10 20:28:05.251 24651 24771 V threaded_app: New input event: type=2
01-10 20:28:05.268 24651 24771 V threaded_app: New input event: type=2
01-10 20:28:05.284 24651 24771 V threaded_app: New input event: type=2
01-10 20:28:05.301 24651 24771 V threaded_app: New input event: type=2
01-10 20:28:05.319 24651 24771 V threaded_app: New input event: type=2
01-10 20:28:05.334 24651 24771 V threaded_app: New input event: type=2
01-10 20:28:05.351 24651 24771 V threaded_app: New input event: type=2
01-10 20:28:05.368 24651 24771 V threaded_app: New input event: type=2
01-10 20:28:05.385 24651 24771 V threaded_app: New input event: type=2
01-10 20:28:05.402 24651 24771 V threaded_app: New input event: type=2
01-10 20:28:05.418 24651 24771 V threaded_app: New input event: type=2
01-10 20:28:05.434 24651 24771 V threaded_app: New input event: type=2
01-10 20:28:05.451 24651 24771 V threaded_app: New input event: type=2
01-10 20:28:05.468 24651 24771 V threaded_app: New input event: type=2
01-10 20:28:05.485 24651 24771 V threaded_app: New input event: type=2
01-10 20:28:05.501 24651 24771 V threaded_app: New input event: type=2
01-10 20:28:05.518 24651 24771 V threaded_app: New input event: type=2
01-10 20:28:05.534 24651 24771 V threaded_app: New input event: type=2
01-10 20:28:05.551 24651 24771 V threaded_app: New input event: type=2
01-10 20:28:05.568 24651 24771 V threaded_app: New input event: type=2
01-10 20:28:05.584 24651 24771 V threaded_app: New input event: type=2
01-10 20:28:05.601 24651 24771 V threaded_app: New input event: type=2
01-10 20:28:05.618 24651 24771 V threaded_app: New input event: type=2
01-10 20:28:05.634 24651 24771 V threaded_app: New input event: type=2
01-10 20:28:05.638 24651 24985 I AudioManager: In isBluetoothScoOn(), calling
application: com.wd.clan
01-10 20:28:05.702 24651 24771 V threaded_app: New input event: type=2
01-10 20:28:05.718 24651 24771 V threaded_app: New input event: type=2
01-10 20:28:05.752 24651 24771 V threaded_app: New input event: type=2
01-10 20:28:05.785 24651 24771 V threaded_app: New input event: type=2
01-10 20:28:05.818 24651 24771 V threaded_app: New input event: type=2
01-10 20:28:05.835 24651 24771 V threaded_app: New input event: type=2
01-10 20:28:05.853 24651 24771 V threaded_app: New input event: type=2
01-10 20:28:05.885 24651 24771 V threaded_app: New input event: type=2
01-10 20:28:05.918 24651 24771 V threaded_app: New input event: type=2
01-10 20:28:05.935 24651 24771 V threaded_app: New input event: type=2
01-10 20:28:05.968 24651 24771 V threaded_app: New input event: type=2
01-10 20:28:05.985 24651 24771 V threaded_app: New input event: type=2
01-10 20:28:06.002 24651 24771 V threaded_app: New input event: type=2
01-10 20:28:06.018 24651 24771 V threaded_app: New input event: type=2
01-10 20:28:06.035 24651 24771 V threaded_app: New input event: type=2
01-10 20:28:06.068 24651 24771 V threaded_app: New input event: type=2
01-10 20:28:06.085 24651 24771 V threaded_app: New input event: type=2
01-10 20:28:06.118 24651 24771 V threaded_app: New input event: type=2
01-10 20:28:06.152 24651 24771 V threaded_app: New input event: type=2
01-10 20:28:06.219 24651 24771 V threaded_app: New input event: type=2
01-10 20:28:06.286 24651 24771 V threaded_app: New input event: type=2
01-10 20:28:06.369 24651 24771 V threaded_app: New input event: type=2
01-10 20:28:06.419 24651 24771 V threaded_app: New input event: type=2
01-10 20:28:06.536 24651 24771 V threaded_app: New input event: type=2
01-10 20:28:06.603 24651 24771 V threaded_app: New input event: type=2
01-10 20:28:06.669 24651 24771 V threaded_app: New input event: type=2
01-10 20:28:06.719 24651 24771 V threaded_app: New input event: type=2
01-10 20:28:06.769 24651 24771 V threaded_app: New input event: type=2
01-10 20:28:06.785 24651 24771 V threaded_app: New input event: type=2
01-10 20:28:06.835 24651 24771 V threaded_app: New input event: type=2
01-10 20:28:06.903 24651 24771 V threaded_app: New input event: type=2
01-10 20:28:06.919 24651 24985 I AudioManager: In isBluetoothScoOn(), calling
application: com.wd.clan
01-10 20:28:06.970 24651 24771 V threaded_app: New input event: type=2
01-10 20:28:06.985 24651 24771 V threaded_app: New input event: type=2
01-10 20:28:07.054 24651 24771 V threaded_app: New input event: type=2
01-10 20:28:07.120 24651 24771 V threaded_app: New input event: type=2
01-10 20:28:07.152 24651 24771 V threaded_app: New input event: type=2
01-10 20:28:07.202 24651 24771 V threaded_app: New input event: type=2
01-10 20:28:07.219 24651 24771 V threaded_app: New input event: type=2
01-10 20:28:07.271 24651 24771 V threaded_app: New input event: type=2
01-10 20:28:07.337 24651 24771 V threaded_app: New input event: type=2
01-10 20:28:07.404 24651 24771 V threaded_app: New input event: type=2
01-10 20:28:07.453 24651 24771 V threaded_app: New input event: type=2
01-10 20:28:07.469 24651 24771 V threaded_app: New input event: type=2
01-10 20:28:07.536 24651 24771 V threaded_app: New input event: type=2
01-10 20:28:07.603 24651 24771 V threaded_app: New input event: type=2
01-10 20:28:07.670 24651 24771 V threaded_app: New input event: type=2
01-10 20:28:07.787 24651 24771 V threaded_app: New input event: type=2
01-10 20:28:07.803 24651 24771 V threaded_app: New input event: type=2
01-10 20:28:07.853 24651 24771 V threaded_app: New input event: type=2
01-10 20:28:07.955 24651 24771 V threaded_app: New input event: type=2
01-10 20:28:08.071 24651 24771 V threaded_app: New input event: type=2
01-10 20:28:08.120 24651 24771 V threaded_app: New input event: type=2
01-10 20:28:08.137 24651 24771 V threaded_app: New input event: type=2
01-10 20:28:08.198 24651 24985 I AudioManager: In isBluetoothScoOn(), calling
application: com.wd.clan
01-10 20:28:08.204 24651 24771 V threaded_app: New input event: type=2
01-10 20:28:08.237 24651 24771 V threaded_app: New input event: type=2
01-10 20:28:08.270 24651 24771 V threaded_app: New input event: type=2
01-10 20:28:08.303 24651 24771 V threaded_app: New input event: type=2
01-10 20:28:08.337 24651 24771 V threaded_app: New input event: type=2
01-10 20:28:08.370 24651 24771 V threaded_app: New input event: type=2
01-10 20:28:08.421 24651 24771 V threaded_app: New input event: type=2
01-10 20:28:08.488 24651 24771 V threaded_app: New input event: type=2
01-10 20:28:08.537 24651 24771 V threaded_app: New input event: type=2
01-10 20:28:08.554 24651 24771 V threaded_app: New input event: type=2
01-10 20:28:08.570 24651 24771 V threaded_app: New input event: type=2
01-10 20:28:08.587 24651 24771 V threaded_app: New input event: type=2
01-10 20:28:08.604 24651 24771 V threaded_app: New input event: type=2
01-10 20:28:08.620 24651 24771 V threaded_app: New input event: type=2
01-10 20:28:08.637 24651 24771 V threaded_app: New input event: type=2
01-10 20:28:08.654 24651 24771 V threaded_app: New input event: type=2
01-10 20:28:08.670 24651 24771 V threaded_app: New input event: type=2
01-10 20:28:08.687 24651 24771 V threaded_app: New input event: type=2
01-10 20:28:08.704 24651 24771 V threaded_app: New input event: type=2
01-10 20:28:08.720 24651 24771 V threaded_app: New input event: type=2
01-10 20:28:08.737 24651 24771 V threaded_app: New input event: type=2
01-10 20:28:08.754 24651 24771 V threaded_app: New input event: type=2
01-10 20:28:08.770 24651 24771 V threaded_app: New input event: type=2
01-10 20:28:08.781 24651 24771 V threaded_app: New input event: type=2
01-10 20:28:08.781 24651 24771 V threaded_app: New input event: type=2
01-10 20:28:09.082 24651 24771 V threaded_app: New input event: type=2
01-10 20:28:09.148 24651 24771 V threaded_app: New input event: type=2
01-10 20:28:09.465 24651 24771 V threaded_app: New input event: type=2
01-10 20:28:09.478 24651 24985 I AudioManager: In isBluetoothScoOn(), calling
application: com.wd.clan
01-10 20:28:09.532 24651 24771 V threaded_app: New input event: type=2
01-10 20:28:09.816 24651 24771 V threaded_app: New input event: type=2
01-10 20:28:09.915 24651 24771 V threaded_app: New input event: type=2
01-10 20:28:10.268 24651 24771 V threaded_app: New input event: type=2
01-10 20:28:10.322 24651 24771 V threaded_app: New input event: type=2
01-10 20:28:10.339 24651 24771 V threaded_app: New input event: type=2
01-10 20:28:10.356 24651 24771 V threaded_app: New input event: type=2
01-10 20:28:10.372 24651 24771 V threaded_app: New input event: type=2
01-10 20:28:10.388 24651 24771 V threaded_app: New input event: type=2
01-10 20:28:10.405 24651 24771 V threaded_app: New input event: type=2
01-10 20:28:10.422 24651 24771 V threaded_app: New input event: type=2
01-10 20:28:10.442 24651 24771 V threaded_app: New input event: type=2
01-10 20:28:10.455 24651 24771 V threaded_app: New input event: type=2
01-10 20:28:10.465 24651 24771 V threaded_app: New input event: type=2
01-10 20:28:10.466 24651 24771 V threaded_app: New input event: type=2
01-10 20:28:10.758 24651 24985 I AudioManager: In isBluetoothScoOn(), calling
application: com.wd.clan
01-10 20:28:10.801 24651 24771 V threaded_app: New input event: type=2
01-10 20:28:10.866 24651 24771 V threaded_app: New input event: type=2
01-10 20:28:10.966 24651 24771 V threaded_app: New input event: type=2
01-10 20:28:11.016 24651 24771 V threaded_app: New input event: type=2
01-10 20:28:11.351 24651 24771 V threaded_app: New input event: type=2
01-10 20:28:11.389 24651 24771 V threaded_app: New input event: type=2
01-10 20:28:11.406 24651 24771 V threaded_app: New input event: type=2
01-10 20:28:11.423 24651 24771 V threaded_app: New input event: type=2
01-10 20:28:11.439 24651 24771 V threaded_app: New input event: type=2
01-10 20:28:11.456 24651 24771 V threaded_app: New input event: type=2
01-10 20:28:11.467 24651 24771 V threaded_app: New input event: type=2
01-10 20:28:11.467 24651 24771 V threaded_app: New input event: type=2
01-10 20:28:11.489 24651 24771 V threaded_app: New input event: type=2
01-10 20:28:11.506 24651 24771 V threaded_app: New input event: type=2
01-10 20:28:11.522 24651 24771 V threaded_app: New input event: type=2
01-10 20:28:11.539 24651 24771 V threaded_app: New input event: type=2
01-10 20:28:11.549 24651 24771 V threaded_app: New input event: type=2
01-10 20:28:11.550 24651 24771 V threaded_app: New input event: type=2
01-10 20:28:11.556 24651 24771 V threaded_app: New input event: type=2
01-10 20:28:11.572 24651 24771 V threaded_app: New input event: type=2
01-10 20:28:11.589 24651 24771 V threaded_app: New input event: type=2
01-10 20:28:11.606 24651 24771 V threaded_app: New input event: type=2
01-10 20:28:11.624 24651 24771 V threaded_app: New input event: type=2
01-10 20:28:11.639 24651 24771 V threaded_app: New input event: type=2
01-10 20:28:11.656 24651 24771 V threaded_app: New input event: type=2
01-10 20:28:11.673 24651 24771 V threaded_app: New input event: type=2
01-10 20:28:11.690 24651 24771 V threaded_app: New input event: type=2
01-10 20:28:11.706 24651 24771 V threaded_app: New input event: type=2
01-10 20:28:11.723 24651 24771 V threaded_app: New input event: type=2
01-10 20:28:11.740 24651 24771 V threaded_app: New input event: type=2
01-10 20:28:11.756 24651 24771 V threaded_app: New input event: type=2
01-10 20:28:11.773 24651 24771 V threaded_app: New input event: type=2
01-10 20:28:11.789 24651 24771 V threaded_app: New input event: type=2
01-10 20:28:11.806 24651 24771 V threaded_app: New input event: type=2
01-10 20:28:11.823 24651 24771 V threaded_app: New input event: type=2
01-10 20:28:11.839 24651 24771 V threaded_app: New input event: type=2
01-10 20:28:11.858 24651 24771 V threaded_app: New input event: type=2
01-10 20:28:11.873 24651 24771 V threaded_app: New input event: type=2
01-10 20:28:11.890 24651 24771 V threaded_app: New input event: type=2
01-10 20:28:11.906 24651 24771 V threaded_app: New input event: type=2
01-10 20:28:11.918 24651 24771 V threaded_app: New input event: type=2
01-10 20:28:11.918 24651 24771 V threaded_app: New input event: type=2
01-10 20:28:11.941 24651 24771 V threaded_app: New input event: type=2
01-10 20:28:11.956 24651 24771 V threaded_app: New input event: type=2
01-10 20:28:11.973 24651 24771 V threaded_app: New input event: type=2
01-10 20:28:11.983 24651 24771 V threaded_app: New input event: type=2
01-10 20:28:11.983 24651 24771 V threaded_app: New input event: type=2
01-10 20:28:11.989 24651 24771 V threaded_app: New input event: type=2
01-10 20:28:12.000 24651 24771 V threaded_app: New input event: type=2
01-10 20:28:12.001 24651 24771 V threaded_app: New input event: type=2
01-10 20:28:12.038 24651 24985 I AudioManager: In isBluetoothScoOn(), calling
application: com.wd.clan
01-10 20:28:12.237 24651 24771 V threaded_app: New input event: type=2
01-10 20:28:12.350 24651 24771 V threaded_app: New input event: type=2
01-10 20:28:12.407 24651 24771 V threaded_app: New input event: type=2
01-10 20:28:12.424 24651 24771 V threaded_app: New input event: type=2
01-10 20:28:12.440 24651 24771 V threaded_app: New input event: type=2
01-10 20:28:12.457 24651 24771 V threaded_app: New input event: type=2
01-10 20:28:12.474 24651 24771 V threaded_app: New input event: type=2
01-10 20:28:12.491 24651 24771 V threaded_app: New input event: type=2
01-10 20:28:12.508 24651 24771 V threaded_app: New input event: type=2
01-10 20:28:12.523 24651 24771 V threaded_app: New input event: type=2
01-10 20:28:12.540 24651 24771 V threaded_app: New input event: type=2
01-10 20:28:12.557 24651 24771 V threaded_app: New input event: type=2
01-10 20:28:12.573 24651 24771 V threaded_app: New input event: type=2
01-10 20:28:12.590 24651 24771 V threaded_app: New input event: type=2
01-10 20:28:12.609 24651 24771 V threaded_app: New input event: type=2
01-10 20:28:12.623 24651 24771 V threaded_app: New input event: type=2
01-10 20:28:12.673 24651 24771 V threaded_app: New input event: type=2
01-10 20:28:12.691 24651 24771 V threaded_app: New input event: type=2
01-10 20:28:12.707 24651 24771 V threaded_app: New input event: type=2
01-10 20:28:12.724 24651 24771 V threaded_app: New input event: type=2
01-10 20:28:12.740 24651 24771 V threaded_app: New input event: type=2
01-10 20:28:12.758 24651 24771 V threaded_app: New input event: type=2
01-10 20:28:12.773 24651 24771 V threaded_app: New input event: type=2
01-10 20:28:12.791 24651 24771 V threaded_app: New input event: type=2
01-10 20:28:12.807 24651 24771 V threaded_app: New input event: type=2
01-10 20:28:12.823 24651 24771 V threaded_app: New input event: type=2
01-10 20:28:12.834 24651 24771 V threaded_app: New input event: type=2
01-10 20:28:12.835 24651 24771 V threaded_app: New input event: type=2
01-10 20:28:12.840 24651 24771 V threaded_app: New input event: type=2
01-10 20:28:12.857 24651 24771 V threaded_app: New input event: type=2
01-10 20:28:12.873 24651 24771 V threaded_app: New input event: type=2
01-10 20:28:12.891 24651 24771 V threaded_app: New input event: type=2
01-10 20:28:12.907 24651 24771 V threaded_app: New input event: type=2
01-10 20:28:12.923 24651 24771 V threaded_app: New input event: type=2
01-10 20:28:12.940 24651 24771 V threaded_app: New input event: type=2
01-10 20:28:12.957 24651 24771 V threaded_app: New input event: type=2
01-10 20:28:12.974 24651 24771 V threaded_app: New input event: type=2
01-10 20:28:12.985 24651 24771 V threaded_app: New input event: type=2
01-10 20:28:12.985 24651 24771 V threaded_app: New input event: type=2
01-10 20:28:13.007 24651 24771 V threaded_app: New input event: type=2
01-10 20:28:13.024 24651 24771 V threaded_app: New input event: type=2
01-10 20:28:13.040 24651 24771 V threaded_app: New input event: type=2
01-10 20:28:13.057 24651 24771 V threaded_app: New input event: type=2
01-10 20:28:13.073 24651 24771 V threaded_app: New input event: type=2
01-10 20:28:13.090 24651 24771 V threaded_app: New input event: type=2
01-10 20:28:13.107 24651 24771 V threaded_app: New input event: type=2
01-10 20:28:13.123 24651 24771 V threaded_app: New input event: type=2
01-10 20:28:13.141 24651 24771 V threaded_app: New input event: type=2
01-10 20:28:13.157 24651 24771 V threaded_app: New input event: type=2
01-10 20:28:13.174 24651 24771 V threaded_app: New input event: type=2
01-10 20:28:13.184 24651 24771 V threaded_app: New input event: type=2
01-10 20:28:13.184 24651 24771 V threaded_app: New input event: type=2
01-10 20:28:13.190 24651 24771 V threaded_app: New input event: type=2
01-10 20:28:13.208 24651 24771 V threaded_app: New input event: type=2
01-10 20:28:13.224 24651 24771 V threaded_app: New input event: type=2
01-10 20:28:13.241 24651 24771 V threaded_app: New input event: type=2
01-10 20:28:13.257 24651 24771 V threaded_app: New input event: type=2
01-10 20:28:13.274 24651 24771 V threaded_app: New input event: type=2
01-10 20:28:13.290 24651 24771 V threaded_app: New input event: type=2
01-10 20:28:13.307 24651 24771 V threaded_app: New input event: type=2
01-10 20:28:13.318 24651 24771 V threaded_app: New input event: type=2
01-10 20:28:13.318 24651 24771 V threaded_app: New input event: type=2
01-10 20:28:13.319 24651 24985 I AudioManager: In isBluetoothScoOn(), calling
application: com.wd.clan
01-10 20:28:13.334 24651 24771 V threaded_app: New input event: type=2
01-10 20:28:13.400 24651 24771 V threaded_app: New input event: type=2
01-10 20:28:13.585 24651 24771 V threaded_app: New input event: type=2
01-10 20:28:13.602 24651 24771 V threaded_app: New input event: type=2
01-10 20:28:13.641 24651 24771 V threaded_app: New input event: type=2
01-10 20:28:13.657 24651 24771 V threaded_app: New input event: type=2
01-10 20:28:13.675 24651 24771 V threaded_app: New input event: type=2
01-10 20:28:13.690 24651 24771 V threaded_app: New input event: type=2
01-10 20:28:13.709 24651 24771 V threaded_app: New input event: type=2
01-10 20:28:13.724 24651 24771 V threaded_app: New input event: type=2
01-10 20:28:13.741 24651 24771 V threaded_app: New input event: type=2
01-10 20:28:13.757 24651 24771 V threaded_app: New input event: type=2
01-10 20:28:13.774 24651 24771 V threaded_app: New input event: type=2
01-10 20:28:13.791 24651 24771 V threaded_app: New input event: type=2
01-10 20:28:13.807 24651 24771 V threaded_app: New input event: type=2
01-10 20:28:13.817 24651 24771 V threaded_app: New input event: type=2
01-10 20:28:13.819 24651 24771 V threaded_app: New input event: type=2
01-10 20:28:14.019 24651 24771 V threaded_app: New input event: type=2
01-10 20:28:14.074 24651 24771 V threaded_app: New input event: type=2
01-10 20:28:14.091 24651 24771 V threaded_app: New input event: type=2
01-10 20:28:14.108 24651 24771 V threaded_app: New input event: type=2
01-10 20:28:14.124 24651 24771 V threaded_app: New input event: type=2
01-10 20:28:14.141 24651 24771 V threaded_app: New input event: type=2
01-10 20:28:14.158 24651 24771 V threaded_app: New input event: type=2
01-10 20:28:14.174 24651 24771 V threaded_app: New input event: type=2
01-10 20:28:14.191 24651 24771 V threaded_app: New input event: type=2
01-10 20:28:14.209 24651 24771 V threaded_app: New input event: type=2
01-10 20:28:14.224 24651 24771 V threaded_app: New input event: type=2
01-10 20:28:14.241 24651 24771 V threaded_app: New input event: type=2
01-10 20:28:14.257 24651 24771 V threaded_app: New input event: type=2
01-10 20:28:14.274 24651 24771 V threaded_app: New input event: type=2
01-10 20:28:14.284 24651 24771 V threaded_app: New input event: type=2
01-10 20:28:14.285 24651 24771 V threaded_app: New input event: type=2
01-10 20:28:14.291 24651 24771 V threaded_app: New input event: type=2
01-10 20:28:14.308 24651 24771 V threaded_app: New input event: type=2
01-10 20:28:14.324 24651 24771 V threaded_app: New input event: type=2
01-10 20:28:14.342 24651 24771 V threaded_app: New input event: type=2
01-10 20:28:14.359 24651 24771 V threaded_app: New input event: type=2
01-10 20:28:14.375 24651 24771 V threaded_app: New input event: type=2
01-10 20:28:14.392 24651 24771 V threaded_app: New input event: type=2
01-10 20:28:14.408 24651 24771 V threaded_app: New input event: type=2
01-10 20:28:14.425 24651 24771 V threaded_app: New input event: type=2
01-10 20:28:14.441 24651 24771 V threaded_app: New input event: type=2
01-10 20:28:14.458 24651 24771 V threaded_app: New input event: type=2
01-10 20:28:14.475 24651 24771 V threaded_app: New input event: type=2
01-10 20:28:14.492 24651 24771 V threaded_app: New input event: type=2
01-10 20:28:14.508 24651 24771 V threaded_app: New input event: type=2
01-10 20:28:14.525 24651 24771 V threaded_app: New input event: type=2
01-10 20:28:14.533 24651 24651 W BillingClient: Connection to Billing service is
blocked.
01-10 20:28:14.542 24651 24771 V threaded_app: New input event: type=2
01-10 20:28:14.558 24651 24771 V threaded_app: New input event: type=2
01-10 20:28:14.575 24651 24771 V threaded_app: New input event: type=2
01-10 20:28:14.598 24651 24985 I AudioManager: In isBluetoothScoOn(), calling
application: com.wd.clan
01-10 20:28:14.603 24651 24771 V threaded_app: New input event: type=2
01-10 20:28:14.618 24651 24771 V threaded_app: New input event: type=2
01-10 20:28:14.618 24651 24771 V threaded_app: New input event: type=2
01-10 20:28:14.870 24651 24771 V threaded_app: New input event: type=2
01-10 20:28:14.942 24651 24771 V threaded_app: New input event: type=2
01-10 20:28:14.958 24651 24771 V threaded_app: New input event: type=2
01-10 20:28:14.975 24651 24771 V threaded_app: New input event: type=2
01-10 20:28:14.992 24651 24771 V threaded_app: New input event: type=2
01-10 20:28:15.008 24651 24771 V threaded_app: New input event: type=2
01-10 20:28:15.025 24651 24771 V threaded_app: New input event: type=2
01-10 20:28:15.041 24651 24771 V threaded_app: New input event: type=2
01-10 20:28:15.058 24651 24771 V threaded_app: New input event: type=2
01-10 20:28:15.076 24651 24771 V threaded_app: New input event: type=2
01-10 20:28:15.085 24651 24771 V threaded_app: New input event: type=2
01-10 20:28:15.085 24651 24771 V threaded_app: New input event: type=2
01-10 20:28:15.253 24651 24771 V threaded_app: New input event: type=2
01-10 20:28:15.359 24651 24771 V threaded_app: New input event: type=2
01-10 20:28:15.368 24651 24771 V threaded_app: New input event: type=2
01-10 20:28:15.369 24651 24771 V threaded_app: New input event: type=2
01-10 20:28:15.375 24651 24771 V threaded_app: New input event: type=2
01-10 20:28:15.392 24651 24771 V threaded_app: New input event: type=2
01-10 20:28:15.408 24651 24771 V threaded_app: New input event: type=2
01-10 20:28:15.425 24651 24771 V threaded_app: New input event: type=2
01-10 20:28:15.442 24651 24771 V threaded_app: New input event: type=2
01-10 20:28:15.459 24651 24771 V threaded_app: New input event: type=2
01-10 20:28:15.475 24651 24771 V threaded_app: New input event: type=2
01-10 20:28:15.492 24651 24771 V threaded_app: New input event: type=2
01-10 20:28:15.509 24651 24771 V threaded_app: New input event: type=2
01-10 20:28:15.525 24651 24771 V threaded_app: New input event: type=2
01-10 20:28:15.543 24651 24771 V threaded_app: New input event: type=2
01-10 20:28:15.559 24651 24771 V threaded_app: New input event: type=2
01-10 20:28:15.576 24651 24771 V threaded_app: New input event: type=2
01-10 20:28:15.592 24651 24771 V threaded_app: New input event: type=2
01-10 20:28:15.610 24651 24771 V threaded_app: New input event: type=2
01-10 20:28:15.625 24651 24771 V threaded_app: New input event: type=2
01-10 20:28:15.642 24651 24771 V threaded_app: New input event: type=2
01-10 20:28:15.659 24651 24771 V threaded_app: New input event: type=2
01-10 20:28:15.676 24651 24771 V threaded_app: New input event: type=2
01-10 20:28:15.692 24651 24771 V threaded_app: New input event: type=2
01-10 20:28:15.710 24651 24771 V threaded_app: New input event: type=2
01-10 20:28:15.726 24651 24771 V threaded_app: New input event: type=2
01-10 20:28:15.742 24651 24771 V threaded_app: New input event: type=2
01-10 20:28:15.759 24651 24771 V threaded_app: New input event: type=2
01-10 20:28:15.775 24651 24771 V threaded_app: New input event: type=2
01-10 20:28:15.792 24651 24771 V threaded_app: New input event: type=2
01-10 20:28:15.809 24651 24771 V threaded_app: New input event: type=2
01-10 20:28:15.825 24651 24771 V threaded_app: New input event: type=2
01-10 20:28:15.842 24651 24771 V threaded_app: New input event: type=2
01-10 20:28:15.859 24651 24771 V threaded_app: New input event: type=2
01-10 20:28:15.877 24651 24771 V threaded_app: New input event: type=2
01-10 20:28:15.878 24651 24985 I AudioManager: In isBluetoothScoOn(), calling
application: com.wd.clan
01-10 20:28:15.892 24651 24771 V threaded_app: New input event: type=2
01-10 20:28:15.909 24651 24771 V threaded_app: New input event: type=2
01-10 20:28:15.926 24651 24771 V threaded_app: New input event: type=2
01-10 20:28:15.942 24651 24771 V threaded_app: New input event: type=2
01-10 20:28:15.960 24651 24771 V threaded_app: New input event: type=2
01-10 20:28:15.976 24651 24771 V threaded_app: New input event: type=2
01-10 20:28:15.992 24651 24771 V threaded_app: New input event: type=2
01-10 20:28:16.010 24651 24771 V threaded_app: New input event: type=2
01-10 20:28:16.026 24651 24771 V threaded_app: New input event: type=2
01-10 20:28:16.037 24651 24771 V threaded_app: New input event: type=2
01-10 20:28:16.037 24651 24771 V threaded_app: New input event: type=2
01-10 20:28:16.059 24651 24771 V threaded_app: New input event: type=2
01-10 20:28:16.076 24651 24771 V threaded_app: New input event: type=2
01-10 20:28:16.094 24651 24771 V threaded_app: New input event: type=2
01-10 20:28:16.110 24651 24771 V threaded_app: New input event: type=2
01-10 20:28:16.126 24651 24771 V threaded_app: New input event: type=2
01-10 20:28:16.144 24651 24771 V threaded_app: New input event: type=2
01-10 20:28:16.160 24651 24771 V threaded_app: New input event: type=2
01-10 20:28:16.177 24651 24771 V threaded_app: New input event: type=2
01-10 20:28:16.192 24651 24771 V threaded_app: New input event: type=2
01-10 20:28:16.209 24651 24771 V threaded_app: New input event: type=2
01-10 20:28:16.227 24651 24771 V threaded_app: New input event: type=2
01-10 20:28:16.242 24651 24771 V threaded_app: New input event: type=2
01-10 20:28:16.253 24651 24771 V threaded_app: New input event: type=2
01-10 20:28:16.253 24651 24771 V threaded_app: New input event: type=2
01-10 20:28:16.260 24651 24771 V threaded_app: New input event: type=2
01-10 20:28:16.277 24651 24771 V threaded_app: New input event: type=2
01-10 20:28:16.293 24651 24771 V threaded_app: New input event: type=2
01-10 20:28:16.309 24651 24771 V threaded_app: New input event: type=2
01-10 20:28:16.326 24651 24771 V threaded_app: New input event: type=2
01-10 20:28:16.343 24651 24771 V threaded_app: New input event: type=2
01-10 20:28:16.360 24651 24771 V threaded_app: New input event: type=2
01-10 20:28:16.377 24651 24771 V threaded_app: New input event: type=2
01-10 20:28:16.392 24651 24771 V threaded_app: New input event: type=2
01-10 20:28:16.410 24651 24771 V threaded_app: New input event: type=2
01-10 20:28:16.426 24651 24771 V threaded_app: New input event: type=2
01-10 20:28:16.444 24651 24771 V threaded_app: New input event: type=2
01-10 20:28:16.460 24651 24771 V threaded_app: New input event: type=2
01-10 20:28:16.476 24651 24771 V threaded_app: New input event: type=2
01-10 20:28:16.493 24651 24771 V threaded_app: New input event: type=2
01-10 20:28:16.510 24651 24771 V threaded_app: New input event: type=2
01-10 20:28:16.521 24651 24771 V threaded_app: New input event: type=2
01-10 20:28:16.521 24651 24771 V threaded_app: New input event: type=2
01-10 20:28:16.544 24651 24771 V threaded_app: New input event: type=2
01-10 20:28:16.688 24651 24771 V threaded_app: New input event: type=2
01-10 20:28:16.760 24651 24771 V threaded_app: New input event: type=2
01-10 20:28:16.777 24651 24771 V threaded_app: New input event: type=2
01-10 20:28:16.793 24651 24771 V threaded_app: New input event: type=2
01-10 20:28:16.811 24651 24771 V threaded_app: New input event: type=2
01-10 20:28:16.825 24651 24771 V threaded_app: New input event: type=2
01-10 20:28:16.827 24651 24771 V threaded_app: New input event: type=2
01-10 20:28:16.844 24651 24771 V threaded_app: New input event: type=2
01-10 20:28:16.860 24651 24771 V threaded_app: New input event: type=2
01-10 20:28:16.877 24651 24771 V threaded_app: New input event: type=2
01-10 20:28:16.893 24651 24771 V threaded_app: New input event: type=2
01-10 20:28:16.910 24651 24771 V threaded_app: New input event: type=2
01-10 20:28:16.926 24651 24771 V threaded_app: New input event: type=2
01-10 20:28:16.943 24651 24771 V threaded_app: New input event: type=2
01-10 20:28:16.961 24651 24771 V threaded_app: New input event: type=2
01-10 20:28:16.978 24651 24771 V threaded_app: New input event: type=2
01-10 20:28:16.988 24651 24771 V threaded_app: New input event: type=2
01-10 20:28:16.988 24651 24771 V threaded_app: New input event: type=2
01-10 20:28:17.010 24651 24771 V threaded_app: New input event: type=2
01-10 20:28:17.027 24651 24771 V threaded_app: New input event: type=2
01-10 20:28:17.044 24651 24771 V threaded_app: New input event: type=2
01-10 20:28:17.060 24651 24771 V threaded_app: New input event: type=2
01-10 20:28:17.077 24651 24771 V threaded_app: New input event: type=2
01-10 20:28:17.093 24651 24771 V threaded_app: New input event: type=2
01-10 20:28:17.110 24651 24771 V threaded_app: New input event: type=2
01-10 20:28:17.126 24651 24771 V threaded_app: New input event: type=2
01-10 20:28:17.144 24651 24771 V threaded_app: New input event: type=2
01-10 20:28:17.154 24651 24771 V threaded_app: New input event: type=2
01-10 20:28:17.154 24651 24771 V threaded_app: New input event: type=2
01-10 20:28:17.160 24651 24985 I AudioManager: In isBluetoothScoOn(), calling
application: com.wd.clan
01-10 20:28:17.160 24651 24771 V threaded_app: New input event: type=2
01-10 20:28:17.178 24651 24771 V threaded_app: New input event: type=2
01-10 20:28:17.193 24651 24771 V threaded_app: New input event: type=2
01-10 20:28:17.210 24651 24771 V threaded_app: New input event: type=2
01-10 20:28:17.227 24651 24771 V threaded_app: New input event: type=2
01-10 20:28:17.243 24651 24771 V threaded_app: New input event: type=2
01-10 20:28:17.260 24651 24771 V threaded_app: New input event: type=2
01-10 20:28:17.279 24651 24771 V threaded_app: New input event: type=2
01-10 20:28:17.310 24651 24771 V threaded_app: New input event: type=2
01-10 20:28:17.327 24651 24771 V threaded_app: New input event: type=2
01-10 20:28:17.343 24651 24771 V threaded_app: New input event: type=2
01-10 20:28:17.360 24651 24771 V threaded_app: New input event: type=2
01-10 20:28:17.379 24651 24771 V threaded_app: New input event: type=2
01-10 20:28:17.393 24651 24771 V threaded_app: New input event: type=2
01-10 20:28:17.410 24651 24771 V threaded_app: New input event: type=2
01-10 20:28:17.428 24651 24771 V threaded_app: New input event: type=2
01-10 20:28:17.443 24651 24771 V threaded_app: New input event: type=2
01-10 20:28:17.460 24651 24771 V threaded_app: New input event: type=2
01-10 20:28:17.477 24651 24771 V threaded_app: New input event: type=2
01-10 20:28:17.494 24651 24771 V threaded_app: New input event: type=2
01-10 20:28:17.510 24651 24771 V threaded_app: New input event: type=2
01-10 20:28:17.527 24651 24771 V threaded_app: New input event: type=2
01-10 20:28:17.543 24651 24771 V threaded_app: New input event: type=2
01-10 20:28:17.560 24651 24771 V threaded_app: New input event: type=2
01-10 20:28:17.577 24651 24771 V threaded_app: New input event: type=2
01-10 20:28:17.610 24651 24771 V threaded_app: New input event: type=2
01-10 20:28:17.621 24651 24771 V threaded_app: New input event: type=2
01-10 20:28:17.621 24651 24771 V threaded_app: New input event: type=2
01-10 20:28:17.890 24651 24771 V threaded_app: New input event: type=2
01-10 20:28:17.973 24651 24771 V threaded_app: New input event: type=2
01-10 20:28:18.029 24651 24771 V threaded_app: New input event: type=2
