01-10 20:35:17.778 24651 24771 V threaded_app: New input event: type=2
01-10 20:35:17.794 24651 24771 V threaded_app: New input event: type=2
01-10 20:35:17.811 24651 24771 V threaded_app: New input event: type=2
01-10 20:35:17.828 24651 24771 V threaded_app: New input event: type=2
01-10 20:35:17.840 24651 24771 V threaded_app: New input event: type=2
01-10 20:35:17.840 24651 24771 V threaded_app: New input event: type=2
01-10 20:35:17.861 24651 24771 V threaded_app: New input event: type=2
01-10 20:35:17.878 24651 24771 V threaded_app: New input event: type=2
01-10 20:35:17.895 24651 24771 V threaded_app: New input event: type=2
01-10 20:35:17.911 24651 24771 V threaded_app: New input event: type=2
01-10 20:35:17.929 24651 24771 V threaded_app: New input event: type=2
01-10 20:35:17.945 24651 24771 V threaded_app: New input event: type=2
01-10 20:35:17.961 24651 24771 V threaded_app: New input event: type=2
01-10 20:35:17.978 24651 24771 V threaded_app: New input event: type=2
01-10 20:35:17.995 24651 24771 V threaded_app: New input event: type=2
01-10 20:35:18.011 24651 24771 V threaded_app: New input event: type=2
01-10 20:35:18.028 24651 24771 V threaded_app: New input event: type=2
01-10 20:35:18.045 24651 24771 V threaded_app: New input event: type=2
01-10 20:35:18.062 24651 24771 V threaded_app: New input event: type=2
01-10 20:35:18.078 24651 24771 V threaded_app: New input event: type=2
01-10 20:35:18.095 24651 24771 V threaded_app: New input event: type=2
01-10 20:35:18.112 24651 24771 V threaded_app: New input event: type=2
01-10 20:35:18.128 24651 24771 V threaded_app: New input event: type=2
01-10 20:35:18.147 24651 24771 V threaded_app: New input event: type=2
01-10 20:35:18.161 24651 24771 V threaded_app: New input event: type=2
01-10 20:35:18.178 24651 24771 V threaded_app: New input event: type=2
01-10 20:35:18.195 24651 24771 V threaded_app: New input event: type=2
01-10 20:35:18.212 24651 24771 V threaded_app: New input event: type=2
01-10 20:35:18.221 24651 24771 V threaded_app: New input event: type=2
01-10 20:35:18.222 24651 24771 V threaded_app: New input event: type=2
01-10 20:35:18.228 24651 24771 V threaded_app: New input event: type=2
01-10 20:35:18.245 24651 24771 V threaded_app: New input event: type=2
01-10 20:35:18.262 24651 24771 V threaded_app: New input event: type=2
01-10 20:35:18.278 24651 24771 V threaded_app: New input event: type=2
01-10 20:35:18.295 24651 24771 V threaded_app: New input event: type=2
01-10 20:35:18.312 24651 24771 V threaded_app: New input event: type=2
01-10 20:35:18.328 24651 24771 V threaded_app: New input event: type=2
01-10 20:35:18.345 24651 24771 V threaded_app: New input event: type=2
01-10 20:35:18.373 24651 24771 V threaded_app: New input event: type=2
01-10 20:35:18.412 24651 24771 V threaded_app: New input event: type=2
01-10 20:35:18.429 24651 24771 V threaded_app: New input event: type=2
01-10 20:35:18.445 24651 24771 V threaded_app: New input event: type=2
01-10 20:35:18.462 24651 24771 V threaded_app: New input event: type=2
01-10 20:35:18.478 24651 24771 V threaded_app: New input event: type=2
01-10 20:35:18.495 24651 24771 V threaded_app: New input event: type=2
01-10 20:35:18.512 24651 24771 V threaded_app: New input event: type=2
01-10 20:35:18.645 24651 24771 V threaded_app: New input event: type=2
01-10 20:35:18.662 24651 24771 V threaded_app: New input event: type=2
01-10 20:35:18.679 24651 24771 V threaded_app: New input event: type=2
01-10 20:35:18.696 24651 24771 V threaded_app: New input event: type=2
01-10 20:35:18.728 24651 24771 V threaded_app: New input event: type=2
01-10 20:35:18.745 24651 24771 V threaded_app: New input event: type=2
01-10 20:35:18.762 24651 24771 V threaded_app: New input event: type=2
01-10 20:35:18.779 24651 24771 V threaded_app: New input event: type=2
01-10 20:35:18.795 24651 24771 V threaded_app: New input event: type=2
01-10 20:35:18.812 24651 24771 V threaded_app: New input event: type=2
01-10 20:35:18.821 24651 24985 I AudioManager: In isBluetoothScoOn(), calling
application: com.wd.clan
01-10 20:35:18.828 24651 24771 V threaded_app: New input event: type=2
01-10 20:35:18.846 24651 24771 V threaded_app: New input event: type=2
01-10 20:35:18.862 24651 24771 V threaded_app: New input event: type=2
01-10 20:35:18.878 24651 24771 V threaded_app: New input event: type=2
01-10 20:35:18.895 24651 24771 V threaded_app: New input event: type=2
01-10 20:35:18.908 24651 24771 V threaded_app: New input event: type=2
01-10 20:35:18.908 24651 24771 V threaded_app: New input event: type=2
01-10 20:35:18.912 24651 24771 V threaded_app: New input event: type=2
01-10 20:35:18.929 24651 24771 V threaded_app: New input event: type=2
01-10 20:35:18.945 24651 24771 V threaded_app: New input event: type=2
01-10 20:35:18.963 24651 24771 V threaded_app: New input event: type=2
01-10 20:35:18.978 24651 24771 V threaded_app: New input event: type=2
01-10 20:35:18.995 24651 24771 V threaded_app: New input event: type=2
01-10 20:35:19.012 24651 24771 V threaded_app: New input event: type=2
01-10 20:35:19.028 24651 24771 V threaded_app: New input event: type=2
01-10 20:35:19.056 24651 24771 V threaded_app: New input event: type=2
01-10 20:35:19.129 24651 24771 V threaded_app: New input event: type=2
01-10 20:35:19.145 24651 24771 V threaded_app: New input event: type=2
01-10 20:35:19.162 24651 24771 V threaded_app: New input event: type=2
01-10 20:35:19.180 24651 24771 V threaded_app: New input event: type=2
01-10 20:35:19.195 24651 24771 V threaded_app: New input event: type=2
01-10 20:35:19.213 24651 24771 V threaded_app: New input event: type=2
01-10 20:35:19.229 24651 24771 V threaded_app: New input event: type=2
01-10 20:35:19.246 24651 24771 V threaded_app: New input event: type=2
01-10 20:35:19.262 24651 24771 V threaded_app: New input event: type=2
01-10 20:35:19.279 24651 24771 V threaded_app: New input event: type=2
01-10 20:35:19.295 24651 24771 V threaded_app: New input event: type=2
01-10 20:35:19.312 24651 24771 V threaded_app: New input event: type=2
01-10 20:35:19.328 24651 24771 V threaded_app: New input event: type=2
01-10 20:35:19.345 24651 24771 V threaded_app: New input event: type=2
01-10 20:35:19.348 9513 9696 I PlayCore: UID: [10001] PID: [9513]
StandardIntegrity : warmUpIntegrityToken(49625052041)
01-10 20:35:19.348 9513 9644 I PlayCore: UID: [10001] PID: [9513]
StandardIntegrity : Already connected to the service.
01-10 20:35:19.348 9513 9644 I PlayCore: UID: [10001] PID: [9513]
StandardIntegrity : Initiate binding to the service.
01-10 20:35:19.350 9513 9644 I PlayCore: UID: [10001] PID: [9513]
StandardIntegrity : Failed to bind to the service.
01-10 20:35:19.362 24651 24771 V threaded_app: New input event: type=2
01-10 20:35:19.380 24651 24771 V threaded_app: New input event: type=2
01-10 20:35:19.396 24651 24771 V threaded_app: New input event: type=2
01-10 20:35:19.413 24651 24771 V threaded_app: New input event: type=2
01-10 20:35:19.429 24651 24771 V threaded_app: New input event: type=2
01-10 20:35:19.447 24651 24771 V threaded_app: New input event: type=2
01-10 20:35:19.462 24651 24771 V threaded_app: New input event: type=2
01-10 20:35:19.479 24651 24771 V threaded_app: New input event: type=2
01-10 20:35:19.496 24651 24771 V threaded_app: New input event: type=2
01-10 20:35:19.512 24651 24771 V threaded_app: New input event: type=2
01-10 20:35:19.529 24651 24771 V threaded_app: New input event: type=2
01-10 20:35:19.545 24651 24771 V threaded_app: New input event: type=2
01-10 20:35:19.562 24651 24771 V threaded_app: New input event: type=2
01-10 20:35:19.579 24651 24771 V threaded_app: New input event: type=2
01-10 20:35:19.595 24651 24771 V threaded_app: New input event: type=2
01-10 20:35:19.612 24651 24771 V threaded_app: New input event: type=2
01-10 20:35:19.629 24651 24771 V threaded_app: New input event: type=2
01-10 20:35:19.645 24651 24771 V threaded_app: New input event: type=2
01-10 20:35:19.662 24651 24771 V threaded_app: New input event: type=2
01-10 20:35:19.673 24651 24771 V threaded_app: New input event: type=2
01-10 20:35:19.673 24651 24771 V threaded_app: New input event: type=2
01-10 20:35:19.679 24651 24771 V threaded_app: New input event: type=2
01-10 20:35:19.696 24651 24771 V threaded_app: New input event: type=2
01-10 20:35:19.712 24651 24771 V threaded_app: New input event: type=2
01-10 20:35:19.729 24651 24771 V threaded_app: New input event: type=2
01-10 20:35:19.746 24651 24771 V threaded_app: New input event: type=2
01-10 20:35:19.762 24651 24771 V threaded_app: New input event: type=2
01-10 20:35:19.780 24651 24771 V threaded_app: New input event: type=2
01-10 20:35:19.795 24651 24771 V threaded_app: New input event: type=2
01-10 20:35:19.813 24651 24771 V threaded_app: New input event: type=2
01-10 20:35:19.826 24651 24771 V threaded_app: New input event: type=2
01-10 20:35:19.827 24651 24771 V threaded_app: New input event: type=2
01-10 20:35:19.845 24651 24771 V threaded_app: New input event: type=2
01-10 20:35:19.862 24651 24771 V threaded_app: New input event: type=2
01-10 20:35:19.879 24651 24771 V threaded_app: New input event: type=2
01-10 20:35:19.896 24651 24771 V threaded_app: New input event: type=2
01-10 20:35:19.912 24651 24771 V threaded_app: New input event: type=2
01-10 20:35:19.929 24651 24771 V threaded_app: New input event: type=2
01-10 20:35:19.947 24651 24771 V threaded_app: New input event: type=2
01-10 20:35:19.962 24651 24771 V threaded_app: New input event: type=2
01-10 20:35:19.979 24651 24771 V threaded_app: New input event: type=2
01-10 20:35:19.996 24651 24771 V threaded_app: New input event: type=2
01-10 20:35:20.012 24651 24771 V threaded_app: New input event: type=2
01-10 20:35:20.029 24651 24771 V threaded_app: New input event: type=2
01-10 20:35:20.046 24651 24771 V threaded_app: New input event: type=2
01-10 20:35:20.062 24651 24771 V threaded_app: New input event: type=2
01-10 20:35:20.079 24651 24771 V threaded_app: New input event: type=2
01-10 20:35:20.096 24651 24771 V threaded_app: New input event: type=2
01-10 20:35:20.105 24651 24985 I AudioManager: In isBluetoothScoOn(), calling
application: com.wd.clan
01-10 20:35:20.114 24651 24771 V threaded_app: New input event: type=2
01-10 20:35:20.129 24651 24771 V threaded_app: New input event: type=2
01-10 20:35:20.147 24651 24771 V threaded_app: New input event: type=2
01-10 20:35:20.162 24651 24771 V threaded_app: New input event: type=2
01-10 20:35:20.179 24651 24771 V threaded_app: New input event: type=2
01-10 20:35:20.196 24651 24771 V threaded_app: New input event: type=2
01-10 20:35:20.212 24651 24771 V threaded_app: New input event: type=2
01-10 20:35:20.229 24651 24771 V threaded_app: New input event: type=2
01-10 20:35:20.247 24651 24771 V threaded_app: New input event: type=2
01-10 20:35:20.263 24651 24771 V threaded_app: New input event: type=2
01-10 20:35:20.279 24651 24771 V threaded_app: New input event: type=2
01-10 20:35:20.296 24651 24771 V threaded_app: New input event: type=2
01-10 20:35:20.314 24651 24771 V threaded_app: New input event: type=2
01-10 20:35:20.329 24651 24771 V threaded_app: New input event: type=2
01-10 20:35:20.346 24651 24771 V threaded_app: New input event: type=2
01-10 20:35:20.364 24651 24771 V threaded_app: New input event: type=2
01-10 20:35:20.380 24651 24771 V threaded_app: New input event: type=2
01-10 20:35:20.396 24651 24771 V threaded_app: New input event: type=2
01-10 20:35:20.412 24651 24771 V threaded_app: New input event: type=2
01-10 20:35:20.429 24651 24771 V threaded_app: New input event: type=2
01-10 20:35:20.446 24651 24771 V threaded_app: New input event: type=2
01-10 20:35:20.463 24651 24771 V threaded_app: New input event: type=2
01-10 20:35:20.480 24651 24771 V threaded_app: New input event: type=2
01-10 20:35:20.496 24651 24771 V threaded_app: New input event: type=2
01-10 20:35:20.513 24651 24771 V threaded_app: New input event: type=2
01-10 20:35:20.529 24651 24771 V threaded_app: New input event: type=2
01-10 20:35:20.547 24651 24771 V threaded_app: New input event: type=2
01-10 20:35:20.730 24651 24771 V threaded_app: New input event: type=2
01-10 20:35:20.746 24651 24771 V threaded_app: New input event: type=2
01-10 20:35:20.764 24651 24771 V threaded_app: New input event: type=2
01-10 20:35:20.779 24651 24771 V threaded_app: New input event: type=2
01-10 20:35:20.796 24651 24771 V threaded_app: New input event: type=2
01-10 20:35:20.807 24651 24771 V threaded_app: New input event: type=2
01-10 20:35:20.808 24651 24771 V threaded_app: New input event: type=2
01-10 20:35:20.813 24651 24771 V threaded_app: New input event: type=2
01-10 20:35:20.829 24651 24771 V threaded_app: New input event: type=2
01-10 20:35:20.848 24651 24771 V threaded_app: New input event: type=2
01-10 20:35:20.863 24651 24771 V threaded_app: New input event: type=2
01-10 20:35:20.879 24651 24771 V threaded_app: New input event: type=2
01-10 20:35:20.896 24651 24771 V threaded_app: New input event: type=2
01-10 20:35:20.913 24651 24771 V threaded_app: New input event: type=2
01-10 20:35:20.929 24651 24771 V threaded_app: New input event: type=2
01-10 20:35:20.941 24651 24771 V threaded_app: New input event: type=2
01-10 20:35:20.941 24651 24771 V threaded_app: New input event: type=2
01-10 20:35:20.963 24651 24771 V threaded_app: New input event: type=2
01-10 20:35:20.979 24651 24771 V threaded_app: New input event: type=2
01-10 20:35:20.996 24651 24771 V threaded_app: New input event: type=2
01-10 20:35:21.006 24651 24771 V threaded_app: New input event: type=2
01-10 20:35:21.006 24651 24771 V threaded_app: New input event: type=2
01-10 20:35:21.012 24651 24771 V threaded_app: New input event: type=2
01-10 20:35:21.029 24651 24771 V threaded_app: New input event: type=2
01-10 20:35:21.046 24651 24771 V threaded_app: New input event: type=2
01-10 20:35:21.063 24651 24771 V threaded_app: New input event: type=2
01-10 20:35:21.079 24651 24771 V threaded_app: New input event: type=2
01-10 20:35:21.092 24651 24771 V threaded_app: New input event: type=2
01-10 20:35:21.092 24651 24771 V threaded_app: New input event: type=2
01-10 20:35:21.113 24651 24771 V threaded_app: New input event: type=2
01-10 20:35:21.130 24651 24771 V threaded_app: New input event: type=2
01-10 20:35:21.146 24651 24771 V threaded_app: New input event: type=2
01-10 20:35:21.163 24651 24771 V threaded_app: New input event: type=2
01-10 20:35:21.173 24651 24771 V threaded_app: New input event: type=2
01-10 20:35:21.173 24651 24771 V threaded_app: New input event: type=2
01-10 20:35:21.180 24651 24771 V threaded_app: New input event: type=2
01-10 20:35:21.196 24651 24771 V threaded_app: New input event: type=2
01-10 20:35:21.213 24651 24771 V threaded_app: New input event: type=2
01-10 20:35:21.229 24651 24771 V threaded_app: New input event: type=2
01-10 20:35:21.241 24651 24771 V threaded_app: New input event: type=2
01-10 20:35:21.241 24651 24771 V threaded_app: New input event: type=2
01-10 20:35:21.264 24651 24771 V threaded_app: New input event: type=2
01-10 20:35:21.280 24651 24771 V threaded_app: New input event: type=2
01-10 20:35:21.296 24651 24771 V threaded_app: New input event: type=2
01-10 20:35:21.313 24651 24771 V threaded_app: New input event: type=2
01-10 20:35:21.323 24651 24771 V threaded_app: New input event: type=2
01-10 20:35:21.323 24651 24771 V threaded_app: New input event: type=2
01-10 20:35:21.329 24651 24771 V threaded_app: New input event: type=2
01-10 20:35:21.346 24651 24771 V threaded_app: New input event: type=2
01-10 20:35:21.380 24651 24771 V threaded_app: New input event: type=2
01-10 20:35:21.383 24651 24985 I AudioManager: In isBluetoothScoOn(), calling
application: com.wd.clan
01-10 20:35:21.396 24651 24771 V threaded_app: New input event: type=2
01-10 20:35:21.413 24651 24771 V threaded_app: New input event: type=2
01-10 20:35:21.426 24651 24771 V threaded_app: New input event: type=2
01-10 20:35:21.426 24651 24771 V threaded_app: New input event: type=2
01-10 20:35:21.446 24651 24771 V threaded_app: New input event: type=2
01-10 20:35:21.463 24651 24771 V threaded_app: New input event: type=2
01-10 20:35:21.480 24651 24771 V threaded_app: New input event: type=2
01-10 20:35:21.496 24651 24771 V threaded_app: New input event: type=2
01-10 20:35:21.513 24651 24771 V threaded_app: New input event: type=2
01-10 20:35:21.530 24651 24771 V threaded_app: New input event: type=2
01-10 20:35:21.546 24651 24771 V threaded_app: New input event: type=2
01-10 20:35:21.563 24651 24771 V threaded_app: New input event: type=2
01-10 20:35:21.580 24651 24771 V threaded_app: New input event: type=2
01-10 20:35:21.597 24651 24771 V threaded_app: New input event: type=2
01-10 20:35:21.613 24651 24771 V threaded_app: New input event: type=2
01-10 20:35:21.629 24651 24771 V threaded_app: New input event: type=2
01-10 20:35:21.646 24651 24771 V threaded_app: New input event: type=2
01-10 20:35:21.663 24651 24771 V threaded_app: New input event: type=2
01-10 20:35:21.680 24651 24771 V threaded_app: New input event: type=2
01-10 20:35:21.696 24651 24771 V threaded_app: New input event: type=2
01-10 20:35:21.713 24651 24771 V threaded_app: New input event: type=2
01-10 20:35:21.730 24651 24771 V threaded_app: New input event: type=2
01-10 20:35:21.747 24651 24771 V threaded_app: New input event: type=2
01-10 20:35:21.763 24651 24771 V threaded_app: New input event: type=2
01-10 20:35:21.781 24651 24771 V threaded_app: New input event: type=2
01-10 20:35:21.830 24651 24771 V threaded_app: New input event: type=2
01-10 20:35:21.864 24651 24771 V threaded_app: New input event: type=2
01-10 20:35:21.880 24651 24771 V threaded_app: New input event: type=2
01-10 20:35:21.896 24651 24771 V threaded_app: New input event: type=2
01-10 20:35:21.913 24651 24771 V threaded_app: New input event: type=2
01-10 20:35:21.930 24651 24771 V threaded_app: New input event: type=2
01-10 20:35:21.946 24651 24771 V threaded_app: New input event: type=2
01-10 20:35:21.963 24651 24771 V threaded_app: New input event: type=2
01-10 20:35:21.980 24651 24771 V threaded_app: New input event: type=2
01-10 20:35:21.996 24651 24771 V threaded_app: New input event: type=2
01-10 20:35:22.013 24651 24771 V threaded_app: New input event: type=2
01-10 20:35:22.030 24651 24771 V threaded_app: New input event: type=2
01-10 20:35:22.046 24651 24771 V threaded_app: New input event: type=2
01-10 20:35:22.063 24651 24771 V threaded_app: New input event: type=2
01-10 20:35:22.080 24651 24771 V threaded_app: New input event: type=2
01-10 20:35:22.096 24651 24771 V threaded_app: New input event: type=2
01-10 20:35:22.113 24651 24771 V threaded_app: New input event: type=2
01-10 20:35:22.130 24651 24771 V threaded_app: New input event: type=2
01-10 20:35:22.146 24651 24771 V threaded_app: New input event: type=2
01-10 20:35:22.163 24651 24771 V threaded_app: New input event: type=2
01-10 20:35:22.180 24651 24771 V threaded_app: New input event: type=2
01-10 20:35:22.196 24651 24771 V threaded_app: New input event: type=2
01-10 20:35:22.213 24651 24771 V threaded_app: New input event: type=2
01-10 20:35:22.230 24651 24771 V threaded_app: New input event: type=2
01-10 20:35:22.247 24651 24771 V threaded_app: New input event: type=2
01-10 20:35:22.263 24651 24771 V threaded_app: New input event: type=2
01-10 20:35:22.282 24651 24771 V threaded_app: New input event: type=2
01-10 20:35:22.296 24651 24771 V threaded_app: New input event: type=2
01-10 20:35:22.313 24651 24771 V threaded_app: New input event: type=2
01-10 20:35:22.330 24651 24771 V threaded_app: New input event: type=2
01-10 20:35:22.346 24651 24771 V threaded_app: New input event: type=2
01-10 20:35:22.363 24651 24771 V threaded_app: New input event: type=2
01-10 20:35:22.380 24651 24771 V threaded_app: New input event: type=2
01-10 20:35:22.396 24651 24771 V threaded_app: New input event: type=2
01-10 20:35:22.413 24651 24771 V threaded_app: New input event: type=2
01-10 20:35:22.430 24651 24771 V threaded_app: New input event: type=2
01-10 20:35:22.446 24651 24771 V threaded_app: New input event: type=2
01-10 20:35:22.464 24651 24771 V threaded_app: New input event: type=2
01-10 20:35:22.481 24651 24771 V threaded_app: New input event: type=2
01-10 20:35:22.496 24651 24771 V threaded_app: New input event: type=2
01-10 20:35:22.513 24651 24771 V threaded_app: New input event: type=2
01-10 20:35:22.530 24651 24771 V threaded_app: New input event: type=2
01-10 20:35:22.547 24651 24771 V threaded_app: New input event: type=2
01-10 20:35:22.564 24651 24771 V threaded_app: New input event: type=2
01-10 20:35:22.580 24651 24771 V threaded_app: New input event: type=2
01-10 20:35:22.598 24651 24771 V threaded_app: New input event: type=2
01-10 20:35:22.613 24651 24771 V threaded_app: New input event: type=2
01-10 20:35:22.630 24651 24771 V threaded_app: New input event: type=2
01-10 20:35:22.647 24651 24771 V threaded_app: New input event: type=2
01-10 20:35:22.661 24651 24985 I AudioManager: In isBluetoothScoOn(), calling
application: com.wd.clan
01-10 20:35:22.664 24651 24771 V threaded_app: New input event: type=2
01-10 20:35:22.680 24651 24771 V threaded_app: New input event: type=2
01-10 20:35:22.697 24651 24771 V threaded_app: New input event: type=2
01-10 20:35:22.713 24651 24771 V threaded_app: New input event: type=2
01-10 20:35:22.730 24651 24771 V threaded_app: New input event: type=2
01-10 20:35:22.747 24651 24771 V threaded_app: New input event: type=2
01-10 20:35:22.763 24651 24771 V threaded_app: New input event: type=2
01-10 20:35:22.781 24651 24771 V threaded_app: New input event: type=2
01-10 20:35:22.796 24651 24771 V threaded_app: New input event: type=2
01-10 20:35:22.813 24651 24771 V threaded_app: New input event: type=2
01-10 20:35:22.830 24651 24771 V threaded_app: New input event: type=2
01-10 20:35:22.847 24651 24771 V threaded_app: New input event: type=2
01-10 20:35:22.865 24651 24771 V threaded_app: New input event: type=2
01-10 20:35:22.880 24651 24771 V threaded_app: New input event: type=2
01-10 20:35:22.897 24651 24771 V threaded_app: New input event: type=2
01-10 20:35:22.913 24651 24771 V threaded_app: New input event: type=2
01-10 20:35:22.924 24651 24771 V threaded_app: New input event: type=2
01-10 20:35:22.925 24651 24771 V threaded_app: New input event: type=2
01-10 20:35:22.930 24651 24771 V threaded_app: New input event: type=2
01-10 20:35:22.950 24651 24771 V threaded_app: New input event: type=2
01-10 20:35:22.963 24651 24771 V threaded_app: New input event: type=2
01-10 20:35:22.982 24651 24771 V threaded_app: New input event: type=2
01-10 20:35:22.996 24651 24771 V threaded_app: New input event: type=2
01-10 20:35:23.013 24651 24771 V threaded_app: New input event: type=2
01-10 20:35:23.030 24651 24771 V threaded_app: New input event: type=2
01-10 20:35:23.046 24651 24771 V threaded_app: New input event: type=2
01-10 20:35:23.064 24651 24771 V threaded_app: New input event: type=2
01-10 20:35:23.074 24651 24771 V threaded_app: New input event: type=2
01-10 20:35:23.075 24651 24771 V threaded_app: New input event: type=2
01-10 20:35:23.097 24651 24771 V threaded_app: New input event: type=2
01-10 20:35:23.113 24651 24771 V threaded_app: New input event: type=2
01-10 20:35:23.130 24651 24771 V threaded_app: New input event: type=2
01-10 20:35:23.144 24651 24771 V threaded_app: New input event: type=2
01-10 20:35:23.145 24651 24771 V threaded_app: New input event: type=2
01-10 20:35:23.147 24651 24771 V threaded_app: New input event: type=2
01-10 20:35:23.163 24651 24771 V threaded_app: New input event: type=2
01-10 20:35:23.180 24651 24771 V threaded_app: New input event: type=2
01-10 20:35:23.197 24651 24771 V threaded_app: New input event: type=2
01-10 20:35:23.214 24651 24771 V threaded_app: New input event: type=2
01-10 20:35:23.230 24651 24771 V threaded_app: New input event: type=2
01-10 20:35:23.241 24651 24771 V threaded_app: New input event: type=2
01-10 20:35:23.263 24651 24771 V threaded_app: New input event: type=2
01-10 20:35:23.308 24651 24771 V threaded_app: New input event: type=2
01-10 20:35:23.347 24651 24771 V threaded_app: New input event: type=2
01-10 20:35:23.380 24651 24771 V threaded_app: New input event: type=2
01-10 20:35:23.398 24651 24771 V threaded_app: New input event: type=2
01-10 20:35:23.408 24651 24771 V threaded_app: New input event: type=2
01-10 20:35:23.432 24651 24771 V threaded_app: New input event: type=2
01-10 20:35:23.464 24651 24771 V threaded_app: New input event: type=2
01-10 20:35:23.480 24651 24771 V threaded_app: New input event: type=2
01-10 20:35:23.490 24651 24771 V threaded_app: New input event: type=2
01-10 20:35:23.547 24651 24771 V threaded_app: New input event: type=2
01-10 20:35:23.558 24651 24771 V threaded_app: New input event: type=2
01-10 20:35:23.657 24651 24771 V threaded_app: New input event: type=2
01-10 20:35:23.714 24651 24771 V threaded_app: New input event: type=2
01-10 20:35:23.748 24651 24771 V threaded_app: New input event: type=2
01-10 20:35:23.764 24651 24771 V threaded_app: New input event: type=2
01-10 20:35:23.782 24651 24771 V threaded_app: New input event: type=2
01-10 20:35:23.797 24651 24771 V threaded_app: New input event: type=2
01-10 20:35:23.809 24651 24771 V threaded_app: New input event: type=2
01-10 20:35:23.809 24651 24771 V threaded_app: New input event: type=2
01-10 20:35:23.832 24651 24771 V threaded_app: New input event: type=2
01-10 20:35:23.847 24651 24771 V threaded_app: New input event: type=2
01-10 20:35:23.864 24651 24771 V threaded_app: New input event: type=2
01-10 20:35:23.881 24651 24771 V threaded_app: New input event: type=2
01-10 20:35:23.897 24651 24771 V threaded_app: New input event: type=2
01-10 20:35:23.914 24651 24771 V threaded_app: New input event: type=2
01-10 20:35:23.930 24651 24771 V threaded_app: New input event: type=2
01-10 20:35:23.942 24651 24985 I AudioManager: In isBluetoothScoOn(), calling
application: com.wd.clan
01-10 20:35:23.947 24651 24771 V threaded_app: New input event: type=2
01-10 20:35:23.964 24651 24771 V threaded_app: New input event: type=2
01-10 20:35:23.980 24651 24771 V threaded_app: New input event: type=2
01-10 20:35:23.997 24651 24771 V threaded_app: New input event: type=2
01-10 20:35:24.014 24651 24771 V threaded_app: New input event: type=2
01-10 20:35:24.030 24651 24771 V threaded_app: New input event: type=2
01-10 20:35:24.047 24651 24771 V threaded_app: New input event: type=2
01-10 20:35:24.064 24651 24771 V threaded_app: New input event: type=2
01-10 20:35:24.080 24651 24771 V threaded_app: New input event: type=2
01-10 20:35:24.097 24651 24771 V threaded_app: New input event: type=2
01-10 20:35:24.107 24651 24771 V threaded_app: New input event: type=2
01-10 20:35:24.107 24651 24771 V threaded_app: New input event: type=2
01-10 20:35:24.114 24651 24771 V threaded_app: New input event: type=2
01-10 20:35:24.131 24651 24771 V threaded_app: New input event: type=2
01-10 20:35:24.147 24651 24771 V threaded_app: New input event: type=2
01-10 20:35:24.164 24651 24771 V threaded_app: New input event: type=2
01-10 20:35:24.180 24651 24771 V threaded_app: New input event: type=2
01-10 20:35:24.191 24651 24771 V threaded_app: New input event: type=2
01-10 20:35:24.192 24651 24771 V threaded_app: New input event: type=2
01-10 20:35:24.214 24651 24771 V threaded_app: New input event: type=2
01-10 20:35:24.230 24651 24771 V threaded_app: New input event: type=2
01-10 20:35:24.247 24651 24771 V threaded_app: New input event: type=2
01-10 20:35:24.265 24651 24771 V threaded_app: New input event: type=2
01-10 20:35:24.280 24651 24771 V threaded_app: New input event: type=2
01-10 20:35:24.297 24651 24771 V threaded_app: New input event: type=2
01-10 20:35:24.314 24651 24771 V threaded_app: New input event: type=2
01-10 20:35:24.330 24651 24771 V threaded_app: New input event: type=2
01-10 20:35:24.347 24651 24771 V threaded_app: New input event: type=2
01-10 20:35:24.366 24651 24771 V threaded_app: New input event: type=2
01-10 20:35:24.381 24651 24771 V threaded_app: New input event: type=2
01-10 20:35:24.397 24651 24771 V threaded_app: New input event: type=2
01-10 20:35:24.414 24651 24771 V threaded_app: New input event: type=2
01-10 20:35:24.431 24651 24771 V threaded_app: New input event: type=2
01-10 20:35:24.447 24651 24771 V threaded_app: New input event: type=2
01-10 20:35:24.464 24651 24771 V threaded_app: New input event: type=2
01-10 20:35:24.481 24651 24771 V threaded_app: New input event: type=2
01-10 20:35:24.497 24651 24771 V threaded_app: New input event: type=2
01-10 20:35:24.514 24651 24771 V threaded_app: New input event: type=2
01-10 20:35:24.531 24651 24771 V threaded_app: New input event: type=2
01-10 20:35:24.547 24651 24771 V threaded_app: New input event: type=2
01-10 20:35:24.564 24651 24771 V threaded_app: New input event: type=2
01-10 20:35:24.580 24651 24771 V threaded_app: New input event: type=2
01-10 20:35:24.597 24651 24771 V threaded_app: New input event: type=2
01-10 20:35:24.614 24651 24771 V threaded_app: New input event: type=2
01-10 20:35:24.630 24651 24771 V threaded_app: New input event: type=2
01-10 20:35:24.647 24651 24771 V threaded_app: New input event: type=2
01-10 20:35:24.664 24651 24771 V threaded_app: New input event: type=2
01-10 20:35:24.681 24651 24771 V threaded_app: New input event: type=2
01-10 20:35:24.698 24651 24771 V threaded_app: New input event: type=2
01-10 20:35:24.714 24651 24771 V threaded_app: New input event: type=2
01-10 20:35:24.731 24651 24771 V threaded_app: New input event: type=2
01-10 20:35:24.747 24651 24771 V threaded_app: New input event: type=2
01-10 20:35:24.765 24651 24771 V threaded_app: New input event: type=2
01-10 20:35:24.780 24651 24771 V threaded_app: New input event: type=2
01-10 20:35:24.797 24651 24771 V threaded_app: New input event: type=2
01-10 20:35:24.814 24651 24771 V threaded_app: New input event: type=2
01-10 20:35:24.831 24651 24771 V threaded_app: New input event: type=2
01-10 20:35:24.849 24651 24771 V threaded_app: New input event: type=2
01-10 20:35:24.857 24651 24771 V threaded_app: New input event: type=2
01-10 20:35:24.857 24651 24771 V threaded_app: New input event: type=2
01-10 20:35:24.965 24651 24771 V threaded_app: New input event: type=2
01-10 20:35:24.992 24651 24771 V threaded_app: New input event: type=2
01-10 20:35:24.992 24651 24771 V threaded_app: New input event: type=2
01-10 20:35:25.009 24651 24771 V threaded_app: New input event: type=2
01-10 20:35:25.064 24651 24771 V threaded_app: New input event: type=2
01-10 20:35:25.082 24651 24771 V threaded_app: New input event: type=2
01-10 20:35:25.098 24651 24771 V threaded_app: New input event: type=2
01-10 20:35:25.115 24651 24771 V threaded_app: New input event: type=2
01-10 20:35:25.131 24651 24771 V threaded_app: New input event: type=2
01-10 20:35:25.148 24651 24771 V threaded_app: New input event: type=2
01-10 20:35:25.164 24651 24771 V threaded_app: New input event: type=2
01-10 20:35:25.181 24651 24771 V threaded_app: New input event: type=2
01-10 20:35:25.197 24651 24771 V threaded_app: New input event: type=2
01-10 20:35:25.214 24651 24771 V threaded_app: New input event: type=2
01-10 20:35:25.221 24651 24985 I AudioManager: In isBluetoothScoOn(), calling
application: com.wd.clan
01-10 20:35:25.229 24651 24771 V threaded_app: New input event: type=2
01-10 20:35:25.229 24651 24771 V threaded_app: New input event: type=2
01-10 20:35:25.360 24651 24771 V threaded_app: New input event: type=2
01-10 20:35:25.432 24651 24771 V threaded_app: New input event: type=2
01-10 20:35:25.449 24651 24771 V threaded_app: New input event: type=2
01-10 20:35:25.465 24651 24771 V threaded_app: New input event: type=2
01-10 20:35:25.475 24651 24771 V threaded_app: New input event: type=2
01-10 20:35:25.475 24651 24771 V threaded_app: New input event: type=2
01-10 20:35:25.927 24651 24771 V threaded_app: New input event: type=2
01-10 20:35:26.008 24651 24771 V threaded_app: New input event: type=2
01-10 20:35:26.502 24651 24985 I AudioManager: In isBluetoothScoOn(), calling
application: com.wd.clan
01-10 20:35:26.544 24651 24771 V threaded_app: New input event: type=2
01-10 20:35:26.592 24651 24771 V threaded_app: New input event: type=2
01-10 20:35:27.411 24651 24771 V threaded_app: New input event: type=2
01-10 20:35:27.476 24651 24771 V threaded_app: New input event: type=2
01-10 20:35:27.781 24651 24985 I AudioManager: In isBluetoothScoOn(), calling
application: com.wd.clan
01-10 20:35:28.395 24651 24771 V threaded_app: New input event: type=2
01-10 20:35:28.444 24651 24771 V threaded_app: New input event: type=2
01-10 20:35:29.061 24651 24985 I AudioManager: In isBluetoothScoOn(), calling
application: com.wd.clan
01-10 20:35:29.897 24651 24771 V threaded_app: New input event: type=2
01-10 20:35:29.910 24651 24771 V threaded_app: New input event: type=2
01-10 20:35:29.921 24651 25337 D AudioManager: setMode mode=0 from com.wd.clan
01-10 20:35:29.922 24651 25337 I AudioManager: In setSpeakerphoneOn(), on: true,
calling application: com.wd.clan
01-10 20:35:30.099 24651 25337 D com.wd.clan:p1: PlayerBase::stop() from IPlayer
01-10 20:35:30.099 24651 25337 D AudioTrack: stop(6398): prior state:STATE_ACTIVE
output 1005 stream 3 session 45409
01-10 20:35:30.099 24651 25337 D AudioTrack: stop(6398): called with 3647684 frames
delivered
01-10 20:35:30.100 24651 25337 D AudioTrack: flush(6398): prior state:STATE_STOPPED
01-10 20:35:30.102 24651 25337 D AudioTrack: stop(6398): prior state:STATE_FLUSHED
output 1005 stream 3 session 45409
01-10 20:35:30.103 24651 25337 D AudioTrack: ~AudioTrack, releasing mStatus =0
session id 45409 from 24651 on behalf of 24651
01-10 20:35:30.103 24651 25337 D AudioTrack: stop(6398): prior state:STATE_FLUSHED
output 1005 stream 3 session 45409
01-10 20:35:30.107 24651 25337 D com.wd.clan:p1: PlayerBase::PlayerBase()
01-10 20:35:30.108 24651 25337 D com.wd.clan:p1: TrackPlayerBase::TrackPlayerBase()
01-10 20:35:30.108 24651 25337 I libOpenSLES: android_audioPlayer_realize, channel
mask 0x4
01-10 20:35:30.108 24651 25337 I libOpenSLES: android_audioPlayer_realize, create
default channel mask 0x1, channels 1
01-10 20:35:30.108 24651 25337 I libOpenSLES: Emulating old channel mask behavior
(ignoring positional mask 0x4, using default mask 0x1 based on channel count of 1)
01-10 20:35:30.108 24651 25337 D AudioTrackExtImpl: AudioTrackExtImpl init
01-10 20:35:30.108 24651 25337 D AudioTrack: set() streamType 3, sampleRate 16000,
format 0x1, channelMask 0x1, frameCount 0, flags #104, notificationFrames -2,
sessionId 45425, transferType 0, uid -1, pid -1 cbf 1
01-10 20:35:30.124 24651 25337 E AudioSystem: invalid attributes { Content type:
AUDIO_CONTENT_TYPE_UNKNOWN Usage: AUDIO_USAGE_UNKNOWN Source: AUDIO_SOURCE_DEFAULT
Flags: 0x0 Tags: } when converting to stream
01-10 20:35:30.125 24651 25337 D AudioTrack: createTrack_l(6398):
AUDIO_OUTPUT_FLAG_FAST denied by server; frameCount 0 -> 648
01-10 20:35:30.125 24651 25337 I AudioTrack: createTrack_l(6405) on outputId(13) :
0x7a9196a800, mCblk = 0x7b52ddb300, mLatency = 88, mAfLatency = 48, frameCount =
648, mSampleRate = 16000, mFlags = 0, mReqFrameCount = 648, mNotificationFramesAct
= 320
01-10 20:35:30.132 24651 25338 D AudioTrack: start(6405): prior state:STATE_STOPPED
output 13 stream 3 session 45425
01-10 20:35:30.132 24651 25337 I AudioManager: In setSpeakerphoneOn(), on: true,
calling application: com.wd.clan
01-10 20:35:30.133 24651 25337 D AudioRecord: stop(6403): mActive:1
01-10 20:35:30.133 24651 25337 D AudioRecord: mAudioRecord->stop()
01-10 20:35:30.150 24651 25338 I AudioManager: In setSpeakerphoneOn(), on: true,
calling application: com.wd.clan
01-10 20:35:30.211 24651 25337 D AudioRecord: AudioRecordThread pause()
01-10 20:35:30.211 24651 25337 D AudioRecord: stop() end
01-10 20:35:30.211 24651 25337 D AudioRecord: stop(6403): mActive:0
01-10 20:35:30.217 24651 25337 D AudioRecord: stop(6403): mActive:0
01-10 20:35:30.221 24651 25337 W libOpenSLES: Conversion from OpenSL ES positional
channel mask 0x4 to Android mask 0 loses channels
01-10 20:35:30.221 24651 25337 I libOpenSLES: Emulating old channel mask behavior
(ignoring positional mask 0x4, using default mask 0x10 based on channel count of 1)
01-10 20:35:30.221 24651 25337 D AudioRecordExtImpl: AudioRecordExtImpl init
01-10 20:35:30.221 24651 25337 D AudioRecordExtImpl: audiorecordTest
01-10 20:35:30.221 24651 25337 D AudioRecord: set(): inputSource 0, sampleRate
16000, format 0x1, channelMask 0x10, frameCount 0, notificationFrames 0, sessionId
0, transferType 1, flags 0x5, identity AttributionSourceState{pid: 24651, uid:
10336, packageName: (null), attributionTag: (null), token: , renouncedPermissions:
(null), next: []}uid 10336, pid 24651
01-10 20:35:30.221 24651 25337 D AudioRecord: set(): mSessionId 0
01-10 20:35:30.344 24651 24771 V threaded_app: New input event: type=2
01-10 20:35:30.410 24651 24771 V threaded_app: New input event: type=2
01-10 20:35:30.483 24651 24985 I AudioManager: In isBluetoothScoOn(), calling
application: com.wd.clan
01-10 20:35:30.778 24651 24771 V threaded_app: New input event: type=2
01-10 20:35:30.827 24651 24771 V threaded_app: New input event: type=2
01-10 20:35:31.512 24651 24771 V threaded_app: New input event: type=2
01-10 20:35:31.561 24651 24771 V threaded_app: New input event: type=2
01-10 20:35:31.763 24651 24985 I AudioManager: In isBluetoothScoOn(), calling
application: com.wd.clan
01-10 20:35:32.663 24651 24771 V threaded_app: New input event: type=2
01-10 20:35:32.669 24651 24771 V threaded_app: New input event: type=2
01-10 20:35:32.930 24651 24771 V threaded_app: New input event: type=2
01-10 20:35:32.968 24651 24771 V threaded_app: New input event: type=2
01-10 20:35:32.985 24651 24771 V threaded_app: New input event: type=2
01-10 20:35:33.000 24651 24771 V threaded_app: New input event: type=2
01-10 20:35:33.017 24651 24771 V threaded_app: New input event: type=2
01-10 20:35:33.033 24651 24771 V threaded_app: New input event: type=2
01-10 20:35:33.044 24651 24985 I AudioManager: In isBluetoothScoOn(), calling
application: com.wd.clan
01-10 20:35:33.050 24651 24771 V threaded_app: New input event: type=2
01-10 20:35:33.062 24651 24771 V threaded_app: New input event: type=2
01-10 20:35:33.062 24651 24771 V threaded_app: New input event: type=2
01-10 20:35:33.083 24651 24771 V threaded_app: New input event: type=2
01-10 20:35:33.101 24651 24771 V threaded_app: New input event: type=2
01-10 20:35:33.116 24651 24771 V threaded_app: New input event: type=2
01-10 20:35:33.130 24651 24771 V threaded_app: New input event: type=2
01-10 20:35:33.130 24651 24771 V threaded_app: New input event: type=2
01-10 20:35:33.134 24651 24771 V threaded_app: New input event: type=2
01-10 20:35:33.145 24651 24771 V threaded_app: New input event: type=2
01-10 20:35:33.146 24651 24771 V threaded_app: New input event: type=2
01-10 20:35:33.344 24651 24771 V threaded_app: New input event: type=2
01-10 20:35:33.417 24651 24771 V threaded_app: New input event: type=2
01-10 20:35:33.435 24651 24771 V threaded_app: New input event: type=2
01-10 20:35:33.448 24651 24771 V threaded_app: New input event: type=2
01-10 20:35:33.448 24651 24771 V threaded_app: New input event: type=2
01-10 20:35:33.468 24651 24771 V threaded_app: New input event: type=2
01-10 20:35:33.483 24651 24771 V threaded_app: New input event: type=2
01-10 20:35:33.500 24651 24771 V threaded_app: New input event: type=2
01-10 20:35:33.517 24651 24771 V threaded_app: New input event: type=2
01-10 20:35:33.527 24651 24771 V threaded_app: New input event: type=2
01-10 20:35:33.528 24651 24771 V threaded_app: New input event: type=2
01-10 20:35:33.533 24651 24771 V threaded_app: New input event: type=2
01-10 20:35:33.552 24651 24771 V threaded_app: New input event: type=2
01-10 20:35:33.567 24651 24771 V threaded_app: New input event: type=2
01-10 20:35:33.584 24651 24771 V threaded_app: New input event: type=2
01-10 20:35:33.600 24651 24771 V threaded_app: New input event: type=2
01-10 20:35:33.617 24651 24771 V threaded_app: New input event: type=2
01-10 20:35:33.629 24651 24771 V threaded_app: New input event: type=2
01-10 20:35:33.630 24651 24771 V threaded_app: New input event: type=2
01-10 20:35:33.652 24651 24771 V threaded_app: New input event: type=2
01-10 20:35:33.668 24651 24771 V threaded_app: New input event: type=2
01-10 20:35:33.683 24651 24771 V threaded_app: New input event: type=2
01-10 20:35:33.700 24651 24771 V threaded_app: New input event: type=2
01-10 20:35:33.711 24651 24771 V threaded_app: New input event: type=2
01-10 20:35:33.711 24651 24771 V threaded_app: New input event: type=2
01-10 20:35:33.717 24651 24771 V threaded_app: New input event: type=2
01-10 20:35:33.734 24651 24771 V threaded_app: New input event: type=2
01-10 20:35:33.750 24651 24771 V threaded_app: New input event: type=2
01-10 20:35:33.767 24651 24771 V threaded_app: New input event: type=2
01-10 20:35:33.783 24651 24771 V threaded_app: New input event: type=2
01-10 20:35:33.800 24651 24771 V threaded_app: New input event: type=2
01-10 20:35:33.817 24651 24771 V threaded_app: New input event: type=2
01-10 20:35:33.834 24651 24771 V threaded_app: New input event: type=2
01-10 20:35:33.850 24651 24771 V threaded_app: New input event: type=2
01-10 20:35:33.868 24651 24771 V threaded_app: New input event: type=2
01-10 20:35:33.884 24651 24771 V threaded_app: New input event: type=2
01-10 20:35:33.901 24651 24771 V threaded_app: New input event: type=2
01-10 20:35:33.917 24651 24771 V threaded_app: New input event: type=2
01-10 20:35:33.934 24651 24771 V threaded_app: New input event: type=2
01-10 20:35:33.950 24651 24771 V threaded_app: New input event: type=2
01-10 20:35:33.967 24651 24771 V threaded_app: New input event: type=2
01-10 20:35:33.984 24651 24771 V threaded_app: New input event: type=2
01-10 20:35:34.001 24651 24771 V threaded_app: New input event: type=2
01-10 20:35:34.017 24651 24771 V threaded_app: New input event: type=2
01-10 20:35:34.035 24651 24771 V threaded_app: New input event: type=2
01-10 20:35:34.050 24651 24771 V threaded_app: New input event: type=2
01-10 20:35:34.067 24651 24771 V threaded_app: New input event: type=2
01-10 20:35:34.084 24651 24771 V threaded_app: New input event: type=2
01-10 20:35:34.101 24651 24771 V threaded_app: New input event: type=2
01-10 20:35:34.117 24651 24771 V threaded_app: New input event: type=2
01-10 20:35:34.134 24651 24771 V threaded_app: New input event: type=2
01-10 20:35:34.151 24651 24771 V threaded_app: New input event: type=2
01-10 20:35:34.168 24651 24771 V threaded_app: New input event: type=2
01-10 20:35:34.184 24651 24771 V threaded_app: New input event: type=2
01-10 20:35:34.196 24651 24771 V threaded_app: New input event: type=2
01-10 20:35:34.197 24651 24771 V threaded_app: New input event: type=2
01-10 20:35:34.217 24651 24771 V threaded_app: New input event: type=2
01-10 20:35:34.234 24651 24771 V threaded_app: New input event: type=2
01-10 20:35:34.251 24651 24771 V threaded_app: New input event: type=2
01-10 20:35:34.267 24651 24771 V threaded_app: New input event: type=2
01-10 20:35:34.284 24651 24771 V threaded_app: New input event: type=2
01-10 20:35:34.301 24651 24771 V threaded_app: New input event: type=2
01-10 20:35:34.317 24651 24771 V threaded_app: New input event: type=2
01-10 20:35:34.323 24651 24985 I AudioManager: In isBluetoothScoOn(), calling
application: com.wd.clan
01-10 20:35:34.334 24651 24771 V threaded_app: New input event: type=2
01-10 20:35:34.351 24651 24771 V threaded_app: New input event: type=2
01-10 20:35:34.367 24651 24771 V threaded_app: New input event: type=2
01-10 20:35:34.384 24651 24771 V threaded_app: New input event: type=2
01-10 20:35:34.400 24651 24771 V threaded_app: New input event: type=2
01-10 20:35:34.417 24651 24771 V threaded_app: New input event: type=2
01-10 20:35:34.434 24651 24771 V threaded_app: New input event: type=2
01-10 20:35:34.450 24651 24771 V threaded_app: New input event: type=2
01-10 20:35:34.467 24651 24771 V threaded_app: New input event: type=2
01-10 20:35:34.485 24651 24771 V threaded_app: New input event: type=2
01-10 20:35:34.500 24651 24771 V threaded_app: New input event: type=2
01-10 20:35:34.517 24651 24771 V threaded_app: New input event: type=2
01-10 20:35:34.534 24651 24771 V threaded_app: New input event: type=2
01-10 20:35:34.550 24651 24771 V threaded_app: New input event: type=2
01-10 20:35:34.567 24651 24771 V threaded_app: New input event: type=2
01-10 20:35:34.585 24651 24771 V threaded_app: New input event: type=2
01-10 20:35:34.600 24651 24771 V threaded_app: New input event: type=2
01-10 20:35:34.617 24651 24771 V threaded_app: New input event: type=2
01-10 20:35:34.634 24651 24771 V threaded_app: New input event: type=2
01-10 20:35:34.650 24651 24771 V threaded_app: New input event: type=2
01-10 20:35:34.670 24651 24771 V threaded_app: New input event: type=2
01-10 20:35:34.684 24651 24771 V threaded_app: New input event: type=2
01-10 20:35:34.701 24651 24771 V threaded_app: New input event: type=2
01-10 20:35:34.734 24651 24771 V threaded_app: New input event: type=2
01-10 20:35:34.752 24651 24771 V threaded_app: New input event: type=2
01-10 20:35:34.767 24651 24771 V threaded_app: New input event: type=2
01-10 20:35:34.784 24651 24771 V threaded_app: New input event: type=2
01-10 20:35:34.800 24651 24771 V threaded_app: New input event: type=2
01-10 20:35:34.817 24651 24771 V threaded_app: New input event: type=2
01-10 20:35:34.834 24651 24771 V threaded_app: New input event: type=2
01-10 20:35:34.851 24651 24771 V threaded_app: New input event: type=2
01-10 20:35:34.867 24651 24771 V threaded_app: New input event: type=2
01-10 20:35:34.884 24651 24771 V threaded_app: New input event: type=2
01-10 20:35:34.901 24651 24771 V threaded_app: New input event: type=2
01-10 20:35:34.918 24651 24771 V threaded_app: New input event: type=2
01-10 20:35:34.934 24651 24771 V threaded_app: New input event: type=2
01-10 20:35:34.951 24651 24771 V threaded_app: New input event: type=2
01-10 20:35:34.967 24651 24771 V threaded_app: New input event: type=2
01-10 20:35:34.985 24651 24771 V threaded_app: New input event: type=2
01-10 20:35:35.001 24651 24771 V threaded_app: New input event: type=2
01-10 20:35:35.017 24651 24771 V threaded_app: New input event: type=2
01-10 20:35:35.034 24651 24771 V threaded_app: New input event: type=2
01-10 20:35:35.044 24651 24771 V threaded_app: New input event: type=2
01-10 20:35:35.044 24651 24771 V threaded_app: New input event: type=2
01-10 20:35:35.067 24651 24771 V threaded_app: New input event: type=2
01-10 20:35:35.101 24651 24771 V threaded_app: New input event: type=2
01-10 20:35:35.118 24651 24771 V threaded_app: New input event: type=2
01-10 20:35:35.134 24651 24771 V threaded_app: New input event: type=2
01-10 20:35:35.151 24651 24771 V threaded_app: New input event: type=2
01-10 20:35:35.168 24651 24771 V threaded_app: New input event: type=2
01-10 20:35:35.184 24651 24771 V threaded_app: New input event: type=2
01-10 20:35:35.217 24651 24771 V threaded_app: New input event: type=2
01-10 20:35:35.234 24651 24771 V threaded_app: New input event: type=2
01-10 20:35:35.267 24651 24771 V threaded_app: New input event: type=2
01-10 20:35:35.284 24651 24771 V threaded_app: New input event: type=2
01-10 20:35:35.301 24651 24771 V threaded_app: New input event: type=2
01-10 20:35:35.334 24651 24771 V threaded_app: New input event: type=2
01-10 20:35:35.368 24651 24771 V threaded_app: New input event: type=2
01-10 20:35:35.402 24651 24771 V threaded_app: New input event: type=2
01-10 20:35:35.418 24651 24771 V threaded_app: New input event: type=2
01-10 20:35:35.453 24651 24771 V threaded_app: New input event: type=2
01-10 20:35:35.486 24651 24771 V threaded_app: New input event: type=2
01-10 20:35:35.501 24651 24771 V threaded_app: New input event: type=2
01-10 20:35:35.535 24651 24771 V threaded_app: New input event: type=2
01-10 20:35:35.579 24651 24771 V threaded_app: New input event: type=2
01-10 20:35:35.602 24651 24771 V threaded_app: New input event: type=2
01-10 20:35:35.605 24651 24985 I AudioManager: In isBluetoothScoOn(), calling
application: com.wd.clan
01-10 20:35:35.634 24651 24771 V threaded_app: New input event: type=2
01-10 20:35:35.672 24651 24771 V threaded_app: New input event: type=2
01-10 20:35:35.684 24651 24771 V threaded_app: New input event: type=2
01-10 20:35:35.701 24651 24771 V threaded_app: New input event: type=2
01-10 20:35:35.719 24651 24771 V threaded_app: New input event: type=2
01-10 20:35:35.734 24651 24771 V threaded_app: New input event: type=2
01-10 20:35:35.753 24651 24771 V threaded_app: New input event: type=2
01-10 20:35:35.768 24651 24771 V threaded_app: New input event: type=2
01-10 20:35:35.784 24651 24771 V threaded_app: New input event: type=2
01-10 20:35:35.794 24651 24771 V threaded_app: New input event: type=2
01-10 20:35:35.794 24651 24771 V threaded_app: New input event: type=2
01-10 20:35:35.818 24651 24771 V threaded_app: New input event: type=2
01-10 20:35:35.851 24651 24771 V threaded_app: New input event: type=2
01-10 20:35:35.884 24651 24771 V threaded_app: New input event: type=2
01-10 20:35:35.917 24651 24771 V threaded_app: New input event: type=2
01-10 20:35:35.951 24651 24771 V threaded_app: New input event: type=2
01-10 20:35:35.985 24651 24771 V threaded_app: New input event: type=2
01-10 20:35:36.035 24651 24771 V threaded_app: New input event: type=2
01-10 20:35:36.051 24651 24771 V threaded_app: New input event: type=2
01-10 20:35:36.102 24651 24771 V threaded_app: New input event: type=2
01-10 20:35:36.119 24651 24771 V threaded_app: New input event: type=2
01-10 20:35:36.168 24651 24771 V threaded_app: New input event: type=2
