01-10 20:31:39.168 24651 24771 V threaded_app: New input event: type=2
01-10 20:31:39.184 24651 24771 V threaded_app: New input event: type=2
01-10 20:31:39.201 24651 24771 V threaded_app: New input event: type=2
01-10 20:31:39.218 24651 24771 V threaded_app: New input event: type=2
01-10 20:31:39.234 24651 24771 V threaded_app: New input event: type=2
01-10 20:31:39.268 24651 24771 V threaded_app: New input event: type=2
01-10 20:31:39.446 24651 24771 V threaded_app: New input event: type=2
01-10 20:31:39.818 24651 24651 V threaded_app: Resume: 0x7a8d487280
01-10 20:31:39.818 24651 24771 V threaded_app: activityState=11
01-10 20:31:39.818 24651 24771 D UE4 : Case APP_CMD_RESUME
01-10 20:31:39.818 24651 24651 V SystemSensorManagerExtImpl: RegisterListener
bmi26x Accelerometer Non-wakeup type:1 delay:20000us by
com.epicgames.ue4.GameActivity
01-10 20:31:39.843 24651 24651 V SystemSensorManagerExtImpl: RegisterListener
mmc5603x Magnetometer Non-wakeup type:2 delay:20000us by
com.epicgames.ue4.GameActivity
01-10 20:31:39.856 24651 24651 V SystemSensorManagerExtImpl: RegisterListener
bmi26x Gyroscope Non-wakeup type:4 delay:20000us by com.epicgames.ue4.GameActivity
01-10 20:31:39.878 24651 24651 V SystemSensorManagerExtImpl: RegisterListener Game
Rotation Vector Non-wakeup type:15 delay:20000us by com.epicgames.ue4.GameActivity
01-10 20:31:39.889 24651 24651 I : genericobserver pos:0
className:com.blue.dm.hdmpve.lifecycle.PluginReportLifecycle
01-10 20:31:39.890 24651 24651 I HDmpve : onResume
01-10 20:31:39.890 24651 24651 I : genericobserver pos:0
className:com.blue.dm.hdmpve.lifecycle.PluginReportLifecycle
01-10 20:31:39.890 24651 24651 I HDmpvePluginManger: onResume
01-10 20:31:39.892 24651 24651 I RoosterJava: call rooster resume interface
01-10 20:31:39.893 24651 24651 D AudioManager: setMode mode=0 from com.wd.clan
01-10 20:31:39.893 24651 24651 I AudioManager: In setSpeakerphoneOn(), on: true,
calling application: com.wd.clan
01-10 20:31:39.894 24651 24651 I Quality : ActivityThread: activityResume delay 81
com.pubg.imobile 24651
01-10 20:31:39.896 9099 10061 D ActivityStack: onActivityResumed :
ComponentInfo{com.pubg.imobile/com.epicgames.ue4.GameActivity}
01-10 20:31:39.906 24651 24651 V threaded_app: WindowFocusChanged: 0x7a8d487280 --
1
01-10 20:31:39.907 24651 24771 D UE4 : Case APP_CMD_GAINED_FOCUS
01-10 20:31:39.939 24651 24770 D AudioManagerExtImpl: getStreamVolume
packageName=com.wd.clan, index=10, streamType=3
01-10 20:31:39.945 24651 24985 D com.wd.clan:p1: PlayerBase::PlayerBase()
01-10 20:31:39.946 24651 24985 D com.wd.clan:p1: TrackPlayerBase::TrackPlayerBase()
01-10 20:31:39.946 24651 24985 W libOpenSLES: Leaving Object::GetInterface
(SL_RESULT_FEATURE_UNSUPPORTED)
01-10 20:31:39.946 24651 24985 I libOpenSLES: android_audioPlayer_realize, channel
mask 0x3
01-10 20:31:39.946 24651 24985 I libOpenSLES: android_audioPlayer_realize, create
default channel mask 0x3, channels 2
01-10 20:31:39.946 24651 24985 I libOpenSLES: Emulating old channel mask behavior
(ignoring positional mask 0x3, using default mask 0x3 based on channel count of 2)
01-10 20:31:39.946 24651 24985 D AudioTrackExtImpl: AudioTrackExtImpl init
01-10 20:31:39.946 24651 24985 D AudioTrack: set() streamType 3, sampleRate 48000,
format 0x1, channelMask 0x3, frameCount 0, flags #104, notificationFrames -20,
sessionId 45401, transferType 0, uid -1, pid -1 cbf 1
01-10 20:31:39.946 24651 24985 W AudioTrack: set(): notificationFrames=-20 clamped
to the range -1 to -8
01-10 20:31:40.349 24651 25338 W libOpenSLES: Leaving BufferQueue::Enqueue
(SL_RESULT_PARAMETER_INVALID)
01-10 20:31:40.349 24651 25338 D AudioTrack: start(6394): prior state:STATE_FLUSHED
output 13 stream 3 session 45361
01-10 20:31:40.379 24651 24771 V threaded_app: New input event: type=2
01-10 20:31:40.428 24651 24771 V threaded_app: New input event: type=2
01-10 20:31:40.443 24651 24985 E AudioSystem: invalid attributes { Content type:
AUDIO_CONTENT_TYPE_UNKNOWN Usage: AUDIO_USAGE_UNKNOWN Source: AUDIO_SOURCE_DEFAULT
Flags: 0x0 Tags: } when converting to stream
01-10 20:31:40.451 24651 24771 V threaded_app: New input event: type=2
01-10 20:31:40.452 24651 24985 I AudioTrack: createTrack_l(6393):
AUDIO_OUTPUT_FLAG_FAST successful; frameCount 0 -> 1536
01-10 20:31:40.452 24651 24985 I AudioTrack: createTrack_l(6396) on outputId(13) :
0x7a941bac00, mCblk = 0x7a20b85000, mLatency = 80, mAfLatency = 48, frameCount =
1536, mSampleRate = 48000, mFlags = 0x4, mReqFrameCount = 1536,
mNotificationFramesAct = 192
01-10 20:31:40.454 24651 24985 D AudioTrack: start(6396): prior state:STATE_STOPPED
output 13 stream 3 session 45401
01-10 20:31:40.468 24651 24771 V threaded_app: New input event: type=2
01-10 20:31:40.486 24651 24771 V threaded_app: New input event: type=2
01-10 20:31:40.492 24651 25338 I AudioManager: In setSpeakerphoneOn(), on: true,
calling application: com.wd.clan
01-10 20:31:40.501 24651 24771 V threaded_app: New input event: type=2
01-10 20:31:40.518 24651 24771 V threaded_app: New input event: type=2
01-10 20:31:40.535 24651 24771 V threaded_app: New input event: type=2
01-10 20:31:40.551 24651 24771 V threaded_app: New input event: type=2
01-10 20:31:40.568 24651 24771 V threaded_app: New input event: type=2
01-10 20:31:40.584 24651 24771 V threaded_app: New input event: type=2
01-10 20:31:40.601 24651 24771 V threaded_app: New input event: type=2
01-10 20:31:40.618 24651 24771 V threaded_app: New input event: type=2
01-10 20:31:40.635 24651 24771 V threaded_app: New input event: type=2
01-10 20:31:40.651 24651 24771 V threaded_app: New input event: type=2
01-10 20:31:40.668 24651 24771 V threaded_app: New input event: type=2
01-10 20:31:40.684 24651 24771 V threaded_app: New input event: type=2
01-10 20:31:40.701 24651 24771 V threaded_app: New input event: type=2
01-10 20:31:40.718 24651 24771 V threaded_app: New input event: type=2
01-10 20:31:40.780 24651 24771 V threaded_app: New input event: type=2
01-10 20:31:40.934 24651 24985 I AudioManager: In isBluetoothScoOn(), calling
application: com.wd.clan
01-10 20:31:41.029 24651 24771 V threaded_app: New input event: type=2
01-10 20:31:41.096 24651 24771 V threaded_app: New input event: type=2
01-10 20:31:41.531 24651 24771 V threaded_app: New input event: type=2
01-10 20:31:41.563 24651 24771 V threaded_app: New input event: type=2
01-10 20:31:41.575 24651 25337 D AudioManager: setMode mode=3 from com.wd.clan
01-10 20:31:41.576 24651 25337 I AudioManager: In setSpeakerphoneOn(), on: true,
calling application: com.wd.clan
01-10 20:31:41.738 24651 25337 D com.wd.clan:p1: PlayerBase::stop() from IPlayer
01-10 20:31:41.738 24651 25337 D AudioTrack: stop(6394): prior state:STATE_ACTIVE
output 13 stream 3 session 45361
01-10 20:31:41.738 24651 25337 D AudioTrack: stop(6394): called with 20168 frames
delivered
01-10 20:31:41.738 24651 25337 D AudioTrack: flush(6394): prior state:STATE_STOPPED
01-10 20:31:41.738 24651 25337 D AudioTrack: stop(6394): prior state:STATE_FLUSHED
output 13 stream 3 session 45361
01-10 20:31:41.738 24651 25337 D AudioTrack: ~AudioTrack, releasing mStatus =0
session id 45361 from 24651 on behalf of 24651
01-10 20:31:41.738 24651 25337 D AudioTrack: stop(6394): prior state:STATE_FLUSHED
output 13 stream 3 session 45361
01-10 20:31:41.740 24651 25337 D com.wd.clan:p1: PlayerBase::PlayerBase()
01-10 20:31:41.741 24651 25337 D com.wd.clan:p1: TrackPlayerBase::TrackPlayerBase()
01-10 20:31:41.741 24651 25337 I libOpenSLES: android_audioPlayer_realize, channel
mask 0x4
01-10 20:31:41.741 24651 25337 I libOpenSLES: android_audioPlayer_realize, create
default channel mask 0x1, channels 1
01-10 20:31:41.741 24651 25337 I libOpenSLES: Emulating old channel mask behavior
(ignoring positional mask 0x4, using default mask 0x1 based on channel count of 1)
01-10 20:31:41.741 24651 25337 D AudioTrackExtImpl: AudioTrackExtImpl init
01-10 20:31:41.741 24651 25337 D AudioTrack: set() streamType 0, sampleRate 16000,
format 0x1, channelMask 0x1, frameCount 0, flags #104, notificationFrames -2,
sessionId 45409, transferType 0, uid -1, pid -1 cbf 1
01-10 20:31:41.798 24651 25337 E AudioSystem: invalid attributes { Content type:
AUDIO_CONTENT_TYPE_UNKNOWN Usage: AUDIO_USAGE_UNKNOWN Source: AUDIO_SOURCE_DEFAULT
Flags: 0x0 Tags: } when converting to stream
01-10 20:31:41.800 24651 25337 D AudioTrack: createTrack_l(6394):
AUDIO_OUTPUT_FLAG_FAST denied by server; frameCount 0 -> 644
01-10 20:31:41.801 24651 25337 I AudioTrack: createTrack_l(6398) on
outputId(1005) : 0x7a9196a800, mCblk = 0x7aa4601a00, mLatency = 80, mAfLatency =
40, frameCount = 644, mSampleRate = 16000, mFlags = 0, mReqFrameCount = 644,
mNotificationFramesAct = 320
01-10 20:31:41.807 24651 25337 I AudioManager: In setSpeakerphoneOn(), on: true,
calling application: com.wd.clan
01-10 20:31:41.807 24651 25337 W libOpenSLES: Conversion from OpenSL ES positional
channel mask 0x4 to Android mask 0 loses channels
01-10 20:31:41.807 24651 25337 I libOpenSLES: Emulating old channel mask behavior
(ignoring positional mask 0x4, using default mask 0x10 based on channel count of 1)
01-10 20:31:41.807 24651 25337 D AudioRecordExtImpl: AudioRecordExtImpl init
01-10 20:31:41.807 24651 25337 D AudioRecordExtImpl: audiorecordTest
01-10 20:31:41.807 24651 25337 D AudioRecord: set(): inputSource 7, sampleRate
16000, format 0x1, channelMask 0x10, frameCount 0, notificationFrames 0, sessionId
0, transferType 1, flags 0x5, identity AttributionSourceState{pid: 24651, uid:
10336, packageName: (null), attributionTag: (null), token: , renouncedPermissions:
(null), next: []}uid 10336, pid 24651
01-10 20:31:41.808 24651 25338 D AudioTrack: start(6398): prior state:STATE_STOPPED
output 1005 stream 3 session 45409
01-10 20:31:41.808 24651 25337 D AudioRecord: set(): mSessionId 0
01-10 20:31:41.814 24651 24771 V threaded_app: New input event: type=2
01-10 20:31:41.850 24651 25338 I AudioManager: In setSpeakerphoneOn(), on: true,
calling application: com.wd.clan
01-10 20:31:41.852 24651 24771 V threaded_app: New input event: type=2
01-10 20:31:41.868 24651 24771 V threaded_app: New input event: type=2
01-10 20:31:41.885 24651 24771 V threaded_app: New input event: type=2
01-10 20:31:41.902 24651 24771 V threaded_app: New input event: type=2
01-10 20:31:41.918 24651 24771 V threaded_app: New input event: type=2
01-10 20:31:41.935 24651 24771 V threaded_app: New input event: type=2
01-10 20:31:41.952 24651 24771 V threaded_app: New input event: type=2
01-10 20:31:41.969 24651 24771 V threaded_app: New input event: type=2
01-10 20:31:41.986 24651 24771 V threaded_app: New input event: type=2
01-10 20:31:42.002 24651 24771 V threaded_app: New input event: type=2
01-10 20:31:42.018 24651 24771 V threaded_app: New input event: type=2
01-10 20:31:42.036 24651 24771 V threaded_app: New input event: type=2
01-10 20:31:42.052 24651 24771 V threaded_app: New input event: type=2
01-10 20:31:42.068 24651 24771 V threaded_app: New input event: type=2
01-10 20:31:42.085 24651 24771 V threaded_app: New input event: type=2
01-10 20:31:42.119 24651 24771 V threaded_app: New input event: type=2
01-10 20:31:42.128 24651 25337 D AudioRecord: stop(6403): mActive:0
01-10 20:31:42.128 24651 25337 D AudioRecord: start(6403): sync event 0 trigger
session 0
01-10 20:31:42.500 24651 24985 I AudioManager: In isBluetoothScoOn(), calling
application: com.wd.clan
01-10 20:31:42.886 24651 24771 V threaded_app: New input event: type=2
01-10 20:31:43.669 24651 24771 V threaded_app: New input event: type=2
01-10 20:31:43.686 24651 24771 V threaded_app: New input event: type=2
01-10 20:31:43.703 24651 24771 V threaded_app: New input event: type=2
01-10 20:31:43.719 24651 24771 V threaded_app: New input event: type=2
01-10 20:31:43.736 24651 24771 V threaded_app: New input event: type=2
01-10 20:31:43.753 24651 24771 V threaded_app: New input event: type=2
01-10 20:31:43.769 24651 24771 V threaded_app: New input event: type=2
01-10 20:31:43.784 24651 24985 I AudioManager: In isBluetoothScoOn(), calling
application: com.wd.clan
01-10 20:31:43.786 24651 24771 V threaded_app: New input event: type=2
01-10 20:31:43.803 24651 24771 V threaded_app: New input event: type=2
01-10 20:31:43.820 24651 24771 V threaded_app: New input event: type=2
01-10 20:31:43.837 24651 24771 V threaded_app: New input event: type=2
01-10 20:31:43.847 24651 24771 V threaded_app: New input event: type=2
01-10 20:31:43.848 24651 24771 V threaded_app: New input event: type=2
01-10 20:31:44.066 24651 24771 V threaded_app: New input event: type=2
01-10 20:31:44.320 24651 24771 V threaded_app: New input event: type=2
01-10 20:31:44.447 24651 24771 V threaded_app: New input event: type=2
01-10 20:31:44.815 24651 24771 V threaded_app: New input event: type=2
01-10 20:31:44.904 24651 24771 V threaded_app: New input event: type=2
01-10 20:31:44.920 24651 24771 V threaded_app: New input event: type=2
01-10 20:31:44.938 24651 24771 V threaded_app: New input event: type=2
01-10 20:31:44.954 24651 24771 V threaded_app: New input event: type=2
01-10 20:31:44.970 24651 24771 V threaded_app: New input event: type=2
01-10 20:31:44.987 24651 24771 V threaded_app: New input event: type=2
01-10 20:31:45.003 24651 24771 V threaded_app: New input event: type=2
01-10 20:31:45.020 24651 24771 V threaded_app: New input event: type=2
01-10 20:31:45.036 24651 24771 V threaded_app: New input event: type=2
01-10 20:31:45.049 24651 24771 V threaded_app: New input event: type=2
01-10 20:31:45.049 24651 24771 V threaded_app: New input event: type=2
01-10 20:31:45.061 24651 24985 I AudioManager: In isBluetoothScoOn(), calling
application: com.wd.clan
01-10 20:31:45.817 24651 24771 V threaded_app: New input event: type=2
01-10 20:31:45.873 24651 24771 V threaded_app: New input event: type=2
01-10 20:31:45.888 24651 24771 V threaded_app: New input event: type=2
01-10 20:31:45.904 24651 24771 V threaded_app: New input event: type=2
01-10 20:31:45.922 24651 24771 V threaded_app: New input event: type=2
01-10 20:31:45.937 24651 24771 V threaded_app: New input event: type=2
01-10 20:31:45.948 24651 24771 V threaded_app: New input event: type=2
01-10 20:31:45.948 24651 24771 V threaded_app: New input event: type=2
01-10 20:31:45.970 24651 24771 V threaded_app: New input event: type=2
01-10 20:31:45.987 24651 24771 V threaded_app: New input event: type=2
01-10 20:31:46.004 24651 24771 V threaded_app: New input event: type=2
01-10 20:31:46.020 24651 24771 V threaded_app: New input event: type=2
01-10 20:31:46.032 24651 24771 V threaded_app: New input event: type=2
01-10 20:31:46.033 24651 24771 V threaded_app: New input event: type=2
01-10 20:31:46.038 24651 24771 V threaded_app: New input event: type=2
01-10 20:31:46.053 24651 24771 V threaded_app: New input event: type=2
01-10 20:31:46.070 24651 24771 V threaded_app: New input event: type=2
01-10 20:31:46.087 24651 24771 V threaded_app: New input event: type=2
01-10 20:31:46.104 24651 24771 V threaded_app: New input event: type=2
01-10 20:31:46.120 24651 24771 V threaded_app: New input event: type=2
01-10 20:31:46.137 24651 24771 V threaded_app: New input event: type=2
01-10 20:31:46.148 24651 24771 V threaded_app: New input event: type=2
01-10 20:31:46.149 24651 24771 V threaded_app: New input event: type=2
01-10 20:31:46.170 24651 24771 V threaded_app: New input event: type=2
01-10 20:31:46.187 24651 24771 V threaded_app: New input event: type=2
01-10 20:31:46.204 24651 24771 V threaded_app: New input event: type=2
01-10 20:31:46.220 24651 24771 V threaded_app: New input event: type=2
01-10 20:31:46.237 24651 24771 V threaded_app: New input event: type=2
01-10 20:31:46.254 24651 24771 V threaded_app: New input event: type=2
01-10 20:31:46.270 24651 24771 V threaded_app: New input event: type=2
01-10 20:31:46.287 24651 24771 V threaded_app: New input event: type=2
01-10 20:31:46.304 24651 24771 V threaded_app: New input event: type=2
01-10 20:31:46.322 24651 24771 V threaded_app: New input event: type=2
01-10 20:31:46.338 24651 24771 V threaded_app: New input event: type=2
01-10 20:31:46.345 24651 24985 I AudioManager: In isBluetoothScoOn(), calling
application: com.wd.clan
01-10 20:31:46.354 24651 24771 V threaded_app: New input event: type=2
01-10 20:31:46.370 24651 24771 V threaded_app: New input event: type=2
01-10 20:31:46.387 24651 24771 V threaded_app: New input event: type=2
01-10 20:31:46.404 24651 24771 V threaded_app: New input event: type=2
01-10 20:31:46.420 24651 24771 V threaded_app: New input event: type=2
01-10 20:31:46.437 24651 24771 V threaded_app: New input event: type=2
01-10 20:31:46.454 24651 24771 V threaded_app: New input event: type=2
01-10 20:31:46.471 24651 24771 V threaded_app: New input event: type=2
01-10 20:31:46.487 24651 24771 V threaded_app: New input event: type=2
01-10 20:31:46.505 24651 24771 V threaded_app: New input event: type=2
01-10 20:31:46.521 24651 24771 V threaded_app: New input event: type=2
01-10 20:31:46.537 24651 24771 V threaded_app: New input event: type=2
01-10 20:31:46.554 24651 24771 V threaded_app: New input event: type=2
01-10 20:31:46.570 24651 24771 V threaded_app: New input event: type=2
01-10 20:31:46.587 24651 24771 V threaded_app: New input event: type=2
01-10 20:31:46.604 24651 24771 V threaded_app: New input event: type=2
01-10 20:31:46.621 24651 24771 V threaded_app: New input event: type=2
01-10 20:31:46.637 24651 24771 V threaded_app: New input event: type=2
01-10 20:31:46.654 24651 24771 V threaded_app: New input event: type=2
01-10 20:31:46.671 24651 24771 V threaded_app: New input event: type=2
01-10 20:31:46.687 24651 24771 V threaded_app: New input event: type=2
01-10 20:31:46.704 24651 24771 V threaded_app: New input event: type=2
01-10 20:31:46.721 24651 24771 V threaded_app: New input event: type=2
01-10 20:31:46.737 24651 24771 V threaded_app: New input event: type=2
01-10 20:31:46.754 24651 24771 V threaded_app: New input event: type=2
01-10 20:31:46.771 24651 24771 V threaded_app: New input event: type=2
01-10 20:31:46.787 24651 24771 V threaded_app: New input event: type=2
01-10 20:31:46.804 24651 24771 V threaded_app: New input event: type=2
01-10 20:31:46.822 24651 24771 V threaded_app: New input event: type=2
01-10 20:31:46.837 24651 24771 V threaded_app: New input event: type=2
01-10 20:31:46.854 24651 24771 V threaded_app: New input event: type=2
01-10 20:31:46.871 24651 24771 V threaded_app: New input event: type=2
01-10 20:31:46.888 24651 24771 V threaded_app: New input event: type=2
01-10 20:31:46.904 24651 24771 V threaded_app: New input event: type=2
01-10 20:31:46.937 24651 24771 V threaded_app: New input event: type=2
01-10 20:31:46.954 24651 24771 V threaded_app: New input event: type=2
01-10 20:31:46.971 24651 24771 V threaded_app: New input event: type=2
01-10 20:31:46.988 24651 24771 V threaded_app: New input event: type=2
01-10 20:31:47.004 24651 24771 V threaded_app: New input event: type=2
01-10 20:31:47.021 24651 24771 V threaded_app: New input event: type=2
01-10 20:31:47.038 24651 24771 V threaded_app: New input event: type=2
01-10 20:31:47.054 24651 24771 V threaded_app: New input event: type=2
01-10 20:31:47.071 24651 24771 V threaded_app: New input event: type=2
01-10 20:31:47.087 24651 24771 V threaded_app: New input event: type=2
01-10 20:31:47.104 24651 24771 V threaded_app: New input event: type=2
01-10 20:31:47.121 24651 24771 V threaded_app: New input event: type=2
01-10 20:31:47.138 24651 24771 V threaded_app: New input event: type=2
01-10 20:31:47.154 24651 24771 V threaded_app: New input event: type=2
01-10 20:31:47.172 24651 24771 V threaded_app: New input event: type=2
01-10 20:31:47.188 24651 24771 V threaded_app: New input event: type=2
01-10 20:31:47.204 24651 24771 V threaded_app: New input event: type=2
01-10 20:31:47.221 24651 24771 V threaded_app: New input event: type=2
01-10 20:31:47.238 24651 24771 V threaded_app: New input event: type=2
01-10 20:31:47.254 24651 24771 V threaded_app: New input event: type=2
01-10 20:31:47.272 24651 24771 V threaded_app: New input event: type=2
01-10 20:31:47.287 24651 24771 V threaded_app: New input event: type=2
01-10 20:31:47.304 24651 24771 V threaded_app: New input event: type=2
01-10 20:31:47.322 24651 24771 V threaded_app: New input event: type=2
01-10 20:31:47.338 24651 24771 V threaded_app: New input event: type=2
01-10 20:31:47.354 24651 24771 V threaded_app: New input event: type=2
01-10 20:31:47.371 24651 24771 V threaded_app: New input event: type=2
01-10 20:31:47.388 24651 24771 V threaded_app: New input event: type=2
01-10 20:31:47.405 24651 24771 V threaded_app: New input event: type=2
01-10 20:31:47.421 24651 24771 V threaded_app: New input event: type=2
01-10 20:31:47.438 24651 24771 V threaded_app: New input event: type=2
01-10 20:31:47.454 24651 24771 V threaded_app: New input event: type=2
01-10 20:31:47.471 24651 24771 V threaded_app: New input event: type=2
01-10 20:31:47.488 24651 24771 V threaded_app: New input event: type=2
01-10 20:31:47.506 24651 24771 V threaded_app: New input event: type=2
01-10 20:31:47.538 24651 24771 V threaded_app: New input event: type=2
01-10 20:31:47.571 24651 24771 V threaded_app: New input event: type=2
01-10 20:31:47.605 24651 24771 V threaded_app: New input event: type=2
01-10 20:31:47.634 24651 24985 I AudioManager: In isBluetoothScoOn(), calling
application: com.wd.clan
01-10 20:31:47.638 24651 24771 V threaded_app: New input event: type=2
01-10 20:31:47.672 24651 24771 V threaded_app: New input event: type=2
01-10 20:31:47.688 24651 24771 V threaded_app: New input event: type=2
01-10 20:31:47.721 24651 24771 V threaded_app: New input event: type=2
01-10 20:31:47.738 24651 24771 V threaded_app: New input event: type=2
01-10 20:31:47.754 24651 24771 V threaded_app: New input event: type=2
01-10 20:31:47.773 24651 24771 V threaded_app: New input event: type=2
01-10 20:31:47.788 24651 24771 V threaded_app: New input event: type=2
01-10 20:31:47.821 24651 24771 V threaded_app: New input event: type=2
01-10 20:31:47.838 24651 24771 V threaded_app: New input event: type=2
01-10 20:31:47.854 24651 24771 V threaded_app: New input event: type=2
01-10 20:31:47.871 24651 24771 V threaded_app: New input event: type=2
01-10 20:31:47.905 24651 24771 V threaded_app: New input event: type=2
01-10 20:31:47.922 24651 24771 V threaded_app: New input event: type=2
01-10 20:31:47.938 24651 24771 V threaded_app: New input event: type=2
01-10 20:31:47.972 24651 24771 V threaded_app: New input event: type=2
01-10 20:31:48.021 24651 24771 V threaded_app: New input event: type=2
01-10 20:31:48.039 24651 24771 V threaded_app: New input event: type=2
01-10 20:31:48.054 24651 24771 V threaded_app: New input event: type=2
01-10 20:31:48.072 24651 24771 V threaded_app: New input event: type=2
01-10 20:31:48.088 24651 24771 V threaded_app: New input event: type=2
01-10 20:31:48.104 24651 24771 V threaded_app: New input event: type=2
01-10 20:31:48.138 24651 24771 V threaded_app: New input event: type=2
01-10 20:31:48.155 24651 24771 V threaded_app: New input event: type=2
01-10 20:31:48.188 24651 24771 V threaded_app: New input event: type=2
01-10 20:31:48.206 24651 24771 V threaded_app: New input event: type=2
01-10 20:31:48.255 24651 24771 V threaded_app: New input event: type=2
01-10 20:31:48.306 24651 24771 V threaded_app: New input event: type=2
01-10 20:31:48.321 24651 24771 V threaded_app: New input event: type=2
01-10 20:31:48.338 24651 24771 V threaded_app: New input event: type=2
01-10 20:31:48.373 24651 24771 V threaded_app: New input event: type=2
01-10 20:31:48.388 24651 24771 V threaded_app: New input event: type=2
01-10 20:31:48.406 24651 24771 V threaded_app: New input event: type=2
01-10 20:31:48.421 24651 24771 V threaded_app: New input event: type=2
01-10 20:31:48.438 24651 24771 V threaded_app: New input event: type=2
01-10 20:31:48.455 24651 24771 V threaded_app: New input event: type=2
01-10 20:31:48.472 24651 24771 V threaded_app: New input event: type=2
01-10 20:31:48.488 24651 24771 V threaded_app: New input event: type=2
01-10 20:31:48.505 24651 24771 V threaded_app: New input event: type=2
01-10 20:31:48.521 24651 24771 V threaded_app: New input event: type=2
01-10 20:31:48.538 24651 24771 V threaded_app: New input event: type=2
01-10 20:31:48.555 24651 24771 V threaded_app: New input event: type=2
01-10 20:31:48.571 24651 24771 V threaded_app: New input event: type=2
01-10 20:31:48.588 24651 24771 V threaded_app: New input event: type=2
01-10 20:31:48.606 24651 24771 V threaded_app: New input event: type=2
01-10 20:31:48.622 24651 24771 V threaded_app: New input event: type=2
01-10 20:31:48.638 24651 24771 V threaded_app: New input event: type=2
01-10 20:31:48.655 24651 24771 V threaded_app: New input event: type=2
01-10 20:31:48.672 24651 24771 V threaded_app: New input event: type=2
01-10 20:31:48.688 24651 24771 V threaded_app: New input event: type=2
01-10 20:31:48.705 24651 24771 V threaded_app: New input event: type=2
01-10 20:31:48.721 24651 24771 V threaded_app: New input event: type=2
01-10 20:31:48.738 24651 24771 V threaded_app: New input event: type=2
01-10 20:31:48.806 24651 24771 V threaded_app: New input event: type=2
01-10 20:31:48.888 24651 24771 V threaded_app: New input event: type=2
01-10 20:31:48.900 24651 24985 I AudioManager: In isBluetoothScoOn(), calling
application: com.wd.clan
01-10 20:31:48.921 24651 24771 V threaded_app: New input event: type=2
01-10 20:31:48.939 24651 24771 V threaded_app: New input event: type=2
01-10 20:31:48.955 24651 24771 V threaded_app: New input event: type=2
01-10 20:31:48.972 24651 24771 V threaded_app: New input event: type=2
01-10 20:31:48.989 24651 24771 V threaded_app: New input event: type=2
01-10 20:31:49.005 24651 24771 V threaded_app: New input event: type=2
01-10 20:31:49.022 24651 24771 V threaded_app: New input event: type=2
01-10 20:31:49.039 24651 24771 V threaded_app: New input event: type=2
01-10 20:31:49.055 24651 24771 V threaded_app: New input event: type=2
01-10 20:31:49.072 24651 24771 V threaded_app: New input event: type=2
01-10 20:31:49.088 24651 24771 V threaded_app: New input event: type=2
01-10 20:31:49.105 24651 24771 V threaded_app: New input event: type=2
01-10 20:31:49.122 24651 24771 V threaded_app: New input event: type=2
01-10 20:31:49.139 24651 24771 V threaded_app: New input event: type=2
01-10 20:31:49.155 24651 24771 V threaded_app: New input event: type=2
01-10 20:31:49.172 24651 24771 V threaded_app: New input event: type=2
01-10 20:31:49.188 24651 24771 V threaded_app: New input event: type=2
01-10 20:31:49.205 24651 24771 V threaded_app: New input event: type=2
01-10 20:31:49.222 24651 24771 V threaded_app: New input event: type=2
01-10 20:31:49.239 24651 24771 V threaded_app: New input event: type=2
01-10 20:31:49.255 24651 24771 V threaded_app: New input event: type=2
01-10 20:31:49.272 24651 24771 V threaded_app: New input event: type=2
01-10 20:31:49.288 24651 24771 V threaded_app: New input event: type=2
01-10 20:31:49.305 24651 24771 V threaded_app: New input event: type=2
01-10 20:31:49.322 24651 24771 V threaded_app: New input event: type=2
01-10 20:31:49.338 24651 24771 V threaded_app: New input event: type=2
01-10 20:31:49.355 24651 24771 V threaded_app: New input event: type=2
01-10 20:31:49.372 24651 24771 V threaded_app: New input event: type=2
01-10 20:31:49.388 24651 24771 V threaded_app: New input event: type=2
01-10 20:31:49.405 24651 24771 V threaded_app: New input event: type=2
01-10 20:31:49.422 24651 24771 V threaded_app: New input event: type=2
01-10 20:31:49.439 24651 24771 V threaded_app: New input event: type=2
01-10 20:31:49.455 24651 24771 V threaded_app: New input event: type=2
01-10 20:31:49.472 24651 24771 V threaded_app: New input event: type=2
01-10 20:31:49.488 24651 24771 V threaded_app: New input event: type=2
01-10 20:31:49.506 24651 24771 V threaded_app: New input event: type=2
01-10 20:31:49.522 24651 24771 V threaded_app: New input event: type=2
01-10 20:31:49.540 24651 24771 V threaded_app: New input event: type=2
01-10 20:31:49.555 24651 24771 V threaded_app: New input event: type=2
01-10 20:31:49.572 24651 24771 V threaded_app: New input event: type=2
01-10 20:31:49.589 24651 24771 V threaded_app: New input event: type=2
01-10 20:31:49.605 24651 24771 V threaded_app: New input event: type=2
01-10 20:31:49.622 24651 24771 V threaded_app: New input event: type=2
01-10 20:31:49.639 24651 24771 V threaded_app: New input event: type=2
01-10 20:31:49.655 24651 24771 V threaded_app: New input event: type=2
01-10 20:31:49.672 24651 24771 V threaded_app: New input event: type=2
01-10 20:31:49.688 24651 24771 V threaded_app: New input event: type=2
01-10 20:31:49.705 24651 24771 V threaded_app: New input event: type=2
01-10 20:31:49.722 24651 24771 V threaded_app: New input event: type=2
01-10 20:31:49.739 24651 24771 V threaded_app: New input event: type=2
01-10 20:31:49.756 24651 24771 V threaded_app: New input event: type=2
01-10 20:31:49.772 24651 24771 V threaded_app: New input event: type=2
01-10 20:31:49.789 24651 24771 V threaded_app: New input event: type=2
01-10 20:31:49.805 24651 24771 V threaded_app: New input event: type=2
01-10 20:31:49.822 24651 24771 V threaded_app: New input event: type=2
01-10 20:31:49.838 24651 24771 V threaded_app: New input event: type=2
01-10 20:31:49.849 24651 24771 V threaded_app: New input event: type=2
01-10 20:31:49.849 24651 24771 V threaded_app: New input event: type=2
01-10 20:31:49.856 24651 24771 V threaded_app: New input event: type=2
01-10 20:31:49.872 24651 24771 V threaded_app: New input event: type=2
01-10 20:31:49.889 24651 24771 V threaded_app: New input event: type=2
01-10 20:31:49.905 24651 24771 V threaded_app: New input event: type=2
01-10 20:31:49.922 24651 24771 V threaded_app: New input event: type=2
01-10 20:31:49.942 24651 24771 V threaded_app: New input event: type=2
01-10 20:31:49.955 24651 24771 V threaded_app: New input event: type=2
01-10 20:31:49.968 24651 24771 V threaded_app: New input event: type=2
01-10 20:31:49.969 24651 24771 V threaded_app: New input event: type=2
01-10 20:31:49.989 24651 24771 V threaded_app: New input event: type=2
01-10 20:31:50.005 24651 24771 V threaded_app: New input event: type=2
01-10 20:31:50.022 24651 24771 V threaded_app: New input event: type=2
01-10 20:31:50.044 24651 24771 V threaded_app: New input event: type=2
01-10 20:31:50.056 24651 24771 V threaded_app: New input event: type=2
01-10 20:31:50.072 24651 24771 V threaded_app: New input event: type=2
01-10 20:31:50.089 24651 24771 V threaded_app: New input event: type=2
01-10 20:31:50.106 24651 24771 V threaded_app: New input event: type=2
01-10 20:31:50.122 24651 24771 V threaded_app: New input event: type=2
01-10 20:31:50.139 24651 24771 V threaded_app: New input event: type=2
01-10 20:31:50.156 24651 24771 V threaded_app: New input event: type=2
01-10 20:31:50.172 24651 24771 V threaded_app: New input event: type=2
01-10 20:31:50.181 24651 24985 I AudioManager: In isBluetoothScoOn(), calling
application: com.wd.clan
01-10 20:31:50.189 24651 24771 V threaded_app: New input event: type=2
01-10 20:31:50.206 24651 24771 V threaded_app: New input event: type=2
01-10 20:31:50.222 24651 24771 V threaded_app: New input event: type=2
01-10 20:31:50.239 24651 24771 V threaded_app: New input event: type=2
01-10 20:31:50.256 24651 24771 V threaded_app: New input event: type=2
01-10 20:31:50.272 24651 24771 V threaded_app: New input event: type=2
01-10 20:31:50.289 24651 24771 V threaded_app: New input event: type=2
01-10 20:31:50.305 24651 24771 V threaded_app: New input event: type=2
01-10 20:31:50.322 24651 24771 V threaded_app: New input event: type=2
01-10 20:31:50.339 24651 24771 V threaded_app: New input event: type=2
01-10 20:31:50.359 24651 24771 V threaded_app: New input event: type=2
01-10 20:31:50.372 24651 24771 V threaded_app: New input event: type=2
01-10 20:31:50.389 24651 24771 V threaded_app: New input event: type=2
01-10 20:31:50.407 24651 24771 V threaded_app: New input event: type=2
01-10 20:31:50.423 24651 24771 V threaded_app: New input event: type=2
01-10 20:31:50.439 24651 24771 V threaded_app: New input event: type=2
01-10 20:31:50.456 24651 24771 V threaded_app: New input event: type=2
01-10 20:31:50.472 24651 24771 V threaded_app: New input event: type=2
01-10 20:31:50.489 24651 24771 V threaded_app: New input event: type=2
01-10 20:31:50.506 24651 24771 V threaded_app: New input event: type=2
01-10 20:31:50.522 24651 24771 V threaded_app: New input event: type=2
01-10 20:31:50.539 24651 24771 V threaded_app: New input event: type=2
01-10 20:31:50.556 24651 24771 V threaded_app: New input event: type=2
01-10 20:31:50.572 24651 24771 V threaded_app: New input event: type=2
01-10 20:31:50.589 24651 24771 V threaded_app: New input event: type=2
01-10 20:31:50.606 24651 24771 V threaded_app: New input event: type=2
01-10 20:31:50.623 24651 24771 V threaded_app: New input event: type=2
01-10 20:31:50.639 24651 24771 V threaded_app: New input event: type=2
01-10 20:31:50.656 24651 24771 V threaded_app: New input event: type=2
01-10 20:31:50.672 24651 24771 V threaded_app: New input event: type=2
01-10 20:31:50.689 24651 24771 V threaded_app: New input event: type=2
01-10 20:31:50.706 24651 24771 V threaded_app: New input event: type=2
01-10 20:31:50.722 24651 24771 V threaded_app: New input event: type=2
01-10 20:31:50.739 24651 24771 V threaded_app: New input event: type=2
01-10 20:31:50.756 24651 24771 V threaded_app: New input event: type=2
01-10 20:31:50.772 24651 24771 V threaded_app: New input event: type=2
01-10 20:31:50.789 24651 24771 V threaded_app: New input event: type=2
01-10 20:31:50.806 24651 24771 V threaded_app: New input event: type=2
01-10 20:31:50.822 24651 24771 V threaded_app: New input event: type=2
01-10 20:31:50.839 24651 24771 V threaded_app: New input event: type=2
01-10 20:31:50.856 24651 24771 V threaded_app: New input event: type=2
01-10 20:31:50.872 24651 24771 V threaded_app: New input event: type=2
01-10 20:31:50.889 24651 24771 V threaded_app: New input event: type=2
01-10 20:31:50.906 24651 24771 V threaded_app: New input event: type=2
01-10 20:31:50.923 24651 24771 V threaded_app: New input event: type=2
01-10 20:31:50.939 24651 24771 V threaded_app: New input event: type=2
01-10 20:31:50.956 24651 24771 V threaded_app: New input event: type=2
01-10 20:31:50.972 24651 24771 V threaded_app: New input event: type=2
01-10 20:31:50.989 24651 24771 V threaded_app: New input event: type=2
01-10 20:31:51.006 24651 24771 V threaded_app: New input event: type=2
01-10 20:31:51.022 24651 24771 V threaded_app: New input event: type=2
01-10 20:31:51.040 24651 24771 V threaded_app: New input event: type=2
01-10 20:31:51.056 24651 24771 V threaded_app: New input event: type=2
01-10 20:31:51.072 24651 24771 V threaded_app: New input event: type=2
01-10 20:31:51.089 24651 24771 V threaded_app: New input event: type=2
01-10 20:31:51.106 24651 24771 V threaded_app: New input event: type=2
01-10 20:31:51.123 24651 24771 V threaded_app: New input event: type=2
01-10 20:31:51.140 24651 24771 V threaded_app: New input event: type=2
01-10 20:31:51.156 24651 24771 V threaded_app: New input event: type=2
01-10 20:31:51.173 24651 24771 V threaded_app: New input event: type=2
01-10 20:31:51.189 24651 24771 V threaded_app: New input event: type=2
01-10 20:31:51.206 24651 24771 V threaded_app: New input event: type=2
01-10 20:31:51.223 24651 24771 V threaded_app: New input event: type=2
01-10 20:31:51.239 24651 24771 V threaded_app: New input event: type=2
01-10 20:31:51.257 24651 24771 V threaded_app: New input event: type=2
01-10 20:31:51.273 24651 24771 V threaded_app: New input event: type=2
01-10 20:31:51.289 24651 24771 V threaded_app: New input event: type=2
01-10 20:31:51.306 24651 24771 V threaded_app: New input event: type=2
01-10 20:31:51.324 24651 24771 V threaded_app: New input event: type=2
01-10 20:31:51.339 24651 24771 V threaded_app: New input event: type=2
01-10 20:31:51.356 24651 24771 V threaded_app: New input event: type=2
01-10 20:31:51.373 24651 24771 V threaded_app: New input event: type=2
01-10 20:31:51.390 24651 24771 V threaded_app: New input event: type=2
01-10 20:31:51.406 24651 24771 V threaded_app: New input event: type=2
01-10 20:31:51.440 24651 24771 V threaded_app: New input event: type=2
01-10 20:31:51.456 24651 24771 V threaded_app: New input event: type=2
01-10 20:31:51.461 24651 24985 I AudioManager: In isBluetoothScoOn(), calling
application: com.wd.clan
01-10 20:31:51.489 24651 24771 V threaded_app: New input event: type=2
01-10 20:31:51.524 24651 24771 V threaded_app: New input event: type=2
01-10 20:31:51.556 24651 24771 V threaded_app: New input event: type=2
01-10 20:31:51.590 24651 24771 V threaded_app: New input event: type=2
01-10 20:31:51.606 24651 24771 V threaded_app: New input event: type=2
01-10 20:31:51.623 24651 24771 V threaded_app: New input event: type=2
01-10 20:31:51.640 24651 24771 V threaded_app: New input event: type=2
01-10 20:31:51.656 24651 24771 V threaded_app: New input event: type=2
01-10 20:31:51.673 24651 24771 V threaded_app: New input event: type=2
01-10 20:31:51.689 24651 24771 V threaded_app: New input event: type=2
01-10 20:31:51.706 24651 24771 V threaded_app: New input event: type=2
01-10 20:31:51.723 24651 24771 V threaded_app: New input event: type=2
01-10 20:31:51.740 24651 24771 V threaded_app: New input event: type=2
01-10 20:31:51.757 24651 24771 V threaded_app: New input event: type=2
01-10 20:31:51.773 24651 24771 V threaded_app: New input event: type=2
01-10 20:31:51.789 24651 24771 V threaded_app: New input event: type=2
01-10 20:31:51.806 24651 24771 V threaded_app: New input event: type=2
01-10 20:31:51.823 24651 24771 V threaded_app: New input event: type=2
01-10 20:31:51.840 24651 24771 V threaded_app: New input event: type=2
01-10 20:31:51.856 24651 24771 V threaded_app: New input event: type=2
01-10 20:31:51.873 24651 24771 V threaded_app: New input event: type=2
01-10 20:31:51.906 24651 24771 V threaded_app: New input event: type=2
01-10 20:31:51.923 24651 24771 V threaded_app: New input event: type=2
01-10 20:31:51.940 24651 24771 V threaded_app: New input event: type=2
01-10 20:31:51.956 24651 24771 V threaded_app: New input event: type=2
01-10 20:31:51.973 24651 24771 V threaded_app: New input event: type=2
01-10 20:31:51.989 24651 24771 V threaded_app: New input event: type=2
01-10 20:31:52.006 24651 24771 V threaded_app: New input event: type=2
01-10 20:31:52.023 24651 24771 V threaded_app: New input event: type=2
01-10 20:31:52.040 24651 24771 V threaded_app: New input event: type=2
01-10 20:31:52.056 24651 24771 V threaded_app: New input event: type=2
01-10 20:31:52.073 24651 24771 V threaded_app: New input event: type=2
01-10 20:31:52.090 24651 24771 V threaded_app: New input event: type=2
01-10 20:31:52.108 24651 24771 V threaded_app: New input event: type=2
01-10 20:31:52.123 24651 24771 V threaded_app: New input event: type=2
01-10 20:31:52.141 24651 24771 V threaded_app: New input event: type=2
01-10 20:31:52.157 24651 24771 V threaded_app: New input event: type=2
01-10 20:31:52.173 24651 24771 V threaded_app: New input event: type=2
01-10 20:31:52.190 24651 24771 V threaded_app: New input event: type=2
01-10 20:31:52.206 24651 24771 V threaded_app: New input event: type=2
01-10 20:31:52.223 24651 24771 V threaded_app: New input event: type=2
01-10 20:31:52.240 24651 24771 V threaded_app: New input event: type=2
01-10 20:31:52.256 24651 24771 V threaded_app: New input event: type=2
01-10 20:31:52.273 24651 24771 V threaded_app: New input event: type=2
01-10 20:31:52.290 24651 24771 V threaded_app: New input event: type=2
01-10 20:31:52.306 24651 24771 V threaded_app: New input event: type=2
01-10 20:31:52.323 24651 24771 V threaded_app: New input event: type=2
01-10 20:31:52.340 24651 24771 V threaded_app: New input event: type=2
01-10 20:31:52.356 24651 24771 V threaded_app: New input event: type=2
01-10 20:31:52.373 24651 24771 V threaded_app: New input event: type=2
01-10 20:31:52.390 24651 24771 V threaded_app: New input event: type=2
01-10 20:31:52.406 24651 24771 V threaded_app: New input event: type=2
01-10 20:31:52.424 24651 24771 V threaded_app: New input event: type=2
01-10 20:31:52.441 24651 24771 V threaded_app: New input event: type=2
01-10 20:31:52.456 24651 24771 V threaded_app: New input event: type=2
01-10 20:31:52.473 24651 24771 V threaded_app: New input event: type=2
01-10 20:31:52.490 24651 24771 V threaded_app: New input event: type=2
01-10 20:31:52.506 24651 24771 V threaded_app: New input event: type=2
01-10 20:31:52.523 24651 24771 V threaded_app: New input event: type=2
01-10 20:31:52.540 24651 24771 V threaded_app: New input event: type=2
01-10 20:31:52.556 24651 24771 V threaded_app: New input event: type=2
01-10 20:31:52.573 24651 24771 V threaded_app: New input event: type=2
01-10 20:31:52.590 24651 24771 V threaded_app: New input event: type=2
01-10 20:31:52.606 24651 24771 V threaded_app: New input event: type=2
01-10 20:31:52.624 24651 24771 V threaded_app: New input event: type=2
01-10 20:31:52.640 24651 24771 V threaded_app: New input event: type=2
01-10 20:31:52.657 24651 24771 V threaded_app: New input event: type=2
01-10 20:31:52.674 24651 24771 V threaded_app: New input event: type=2
01-10 20:31:52.690 24651 24771 V threaded_app: New input event: type=2
01-10 20:31:52.707 24651 24771 V threaded_app: New input event: type=2
01-10 20:31:52.724 24651 24771 V threaded_app: New input event: type=2
01-10 20:31:52.740 24651 24771 V threaded_app: New input event: type=2
01-10 20:31:52.741 24651 24985 I AudioManager: In isBluetoothScoOn(), calling
application: com.wd.clan
01-10 20:31:52.756 24651 24771 V threaded_app: New input event: type=2
01-10 20:31:52.773 24651 24771 V threaded_app: New input event: type=2
01-10 20:31:52.790 24651 24771 V threaded_app: New input event: type=2
01-10 20:31:52.806 24651 24771 V threaded_app: New input event: type=2
01-10 20:31:52.823 24651 24771 V threaded_app: New input event: type=2
01-10 20:31:52.840 24651 24771 V threaded_app: New input event: type=2
01-10 20:31:52.856 24651 24771 V threaded_app: New input event: type=2
01-10 20:31:52.873 24651 24771 V threaded_app: New input event: type=2
01-10 20:31:52.890 24651 24771 V threaded_app: New input event: type=2
01-10 20:31:52.907 24651 24771 V threaded_app: New input event: type=2
01-10 20:31:52.924 24651 24771 V threaded_app: New input event: type=2
01-10 20:31:52.940 24651 24771 V threaded_app: New input event: type=2
01-10 20:31:52.956 24651 24771 V threaded_app: New input event: type=2
01-10 20:31:52.974 24651 24771 V threaded_app: New input event: type=2
01-10 20:31:52.990 24651 24771 V threaded_app: New input event: type=2
01-10 20:31:53.007 24651 24771 V threaded_app: New input event: type=2
01-10 20:31:53.025 24651 24771 V threaded_app: New input event: type=2
01-10 20:31:53.040 24651 24771 V threaded_app: New input event: type=2
01-10 20:31:53.057 24651 24771 V threaded_app: New input event: type=2
01-10 20:31:53.073 24651 24771 V threaded_app: New input event: type=2
01-10 20:31:53.090 24651 24771 V threaded_app: New input event: type=2
01-10 20:31:53.107 24651 24771 V threaded_app: New input event: type=2
01-10 20:31:53.124 24651 24771 V threaded_app: New input event: type=2
01-10 20:31:53.140 24651 24771 V threaded_app: New input event: type=2
01-10 20:31:53.157 24651 24771 V threaded_app: New input event: type=2
01-10 20:31:53.174 24651 24771 V threaded_app: New input event: type=2
01-10 20:31:53.190 24651 24771 V threaded_app: New input event: type=2
01-10 20:31:53.207 24651 24771 V threaded_app: New input event: type=2
01-10 20:31:53.225 24651 24771 V threaded_app: New input event: type=2
01-10 20:31:53.240 24651 24771 V threaded_app: New input event: type=2
01-10 20:31:53.257 24651 24771 V threaded_app: New input event: type=2
01-10 20:31:53.274 24651 24771 V threaded_app: New input event: type=2
01-10 20:31:53.290 24651 24771 V threaded_app: New input event: type=2
01-10 20:31:53.308 24651 24771 V threaded_app: New input event: type=2
01-10 20:31:53.325 24651 24771 V threaded_app: New input event: type=2
01-10 20:31:53.343 24651 24771 V threaded_app: New input event: type=2
01-10 20:31:53.357 24651 24771 V threaded_app: New input event: type=2
01-10 20:31:53.374 24651 24771 V threaded_app: New input event: type=2
01-10 20:31:53.390 24651 24771 V threaded_app: New input event: type=2
01-10 20:31:53.407 24651 24771 V threaded_app: New input event: type=2
01-10 20:31:53.423 24651 24771 V threaded_app: New input event: type=2
01-10 20:31:53.440 24651 24771 V threaded_app: New input event: type=2
01-10 20:31:53.457 24651 24771 V threaded_app: New input event: type=2
01-10 20:31:53.473 24651 24771 V threaded_app: New input event: type=2
01-10 20:31:53.490 24651 24771 V threaded_app: New input event: type=2
01-10 20:31:53.507 24651 24771 V threaded_app: New input event: type=2
01-10 20:31:53.524 24651 24771 V threaded_app: New input event: type=2
01-10 20:31:53.540 24651 24771 V threaded_app: New input event: type=2
01-10 20:31:53.557 24651 24771 V threaded_app: New input event: type=2
01-10 20:31:53.573 24651 24771 V threaded_app: New input event: type=2
01-10 20:31:53.590 24651 24771 V threaded_app: New input event: type=2
01-10 20:31:53.607 24651 24771 V threaded_app: New input event: type=2
01-10 20:31:53.624 24651 24771 V threaded_app: New input event: type=2
01-10 20:31:53.641 24651 24771 V threaded_app: New input event: type=2
01-10 20:31:53.657 24651 24771 V threaded_app: New input event: type=2
01-10 20:31:53.674 24651 24771 V threaded_app: New input event: type=2
01-10 20:31:53.690 24651 24771 V threaded_app: New input event: type=2
01-10 20:31:53.707 24651 24771 V threaded_app: New input event: type=2
01-10 20:31:53.724 24651 24771 V threaded_app: New input event: type=2
01-10 20:31:53.740 24651 24771 V threaded_app: New input event: type=2
01-10 20:31:53.757 24651 24771 V threaded_app: New input event: type=2
01-10 20:31:53.774 24651 24771 V threaded_app: New input event: type=2
01-10 20:31:53.790 24651 24771 V threaded_app: New input event: type=2
01-10 20:31:53.807 24651 24771 V threaded_app: New input event: type=2
01-10 20:31:53.824 24651 24771 V threaded_app: New input event: type=2
01-10 20:31:53.840 24651 24771 V threaded_app: New input event: type=2
01-10 20:31:53.857 24651 24771 V threaded_app: New input event: type=2
01-10 20:31:53.875 24651 24771 V threaded_app: New input event: type=2
01-10 20:31:53.890 24651 24771 V threaded_app: New input event: type=2
01-10 20:31:53.907 24651 24771 V threaded_app: New input event: type=2
01-10 20:31:53.924 24651 24771 V threaded_app: New input event: type=2
01-10 20:31:53.941 24651 24771 V threaded_app: New input event: type=2
01-10 20:31:53.957 24651 24771 V threaded_app: New input event: type=2
01-10 20:31:53.974 24651 24771 V threaded_app: New input event: type=2
01-10 20:31:53.990 24651 24771 V threaded_app: New input event: type=2
01-10 20:31:54.007 24651 24771 V threaded_app: New input event: type=2
01-10 20:31:54.020 24651 24985 I AudioManager: In isBluetoothScoOn(), calling
application: com.wd.clan
01-10 20:31:54.024 24651 24771 V threaded_app: New input event: type=2
01-10 20:31:54.040 24651 24771 V threaded_app: New input event: type=2
01-10 20:31:54.057 24651 24771 V threaded_app: New input event: type=2
01-10 20:31:54.074 24651 24771 V threaded_app: New input event: type=2
01-10 20:31:54.090 24651 24771 V threaded_app: New input event: type=2
01-10 20:31:54.107 24651 24771 V threaded_app: New input event: type=2
01-10 20:31:54.124 24651 24771 V threaded_app: New input event: type=2
01-10 20:31:54.140 24651 24771 V threaded_app: New input event: type=2
01-10 20:31:54.157 24651 24771 V threaded_app: New input event: type=2
01-10 20:31:54.174 24651 24771 V threaded_app: New input event: type=2
01-10 20:31:54.191 24651 24771 V threaded_app: New input event: type=2
01-10 20:31:54.207 24651 24771 V threaded_app: New input event: type=2
01-10 20:31:54.224 24651 24771 V threaded_app: New input event: type=2
01-10 20:31:54.240 24651 24771 V threaded_app: New input event: type=2
01-10 20:31:54.257 24651 24771 V threaded_app: New input event: type=2
01-10 20:31:54.275 24651 24771 V threaded_app: New input event: type=2
01-10 20:31:54.291 24651 24771 V threaded_app: New input event: type=2
01-10 20:31:54.307 24651 24771 V threaded_app: New input event: type=2
01-10 20:31:54.325 24651 24771 V threaded_app: New input event: type=2
01-10 20:31:54.341 24651 24771 V threaded_app: New input event: type=2
01-10 20:31:54.357 24651 24771 V threaded_app: New input event: type=2
01-10 20:31:54.374 24651 24771 V threaded_app: New input event: type=2
01-10 20:31:54.391 24651 24771 V threaded_app: New input event: type=2
01-10 20:31:54.408 24651 24771 V threaded_app: New input event: type=2
01-10 20:31:54.425 24651 24771 V threaded_app: New input event: type=2
01-10 20:31:54.441 24651 24771 V threaded_app: New input event: type=2
01-10 20:31:54.457 24651 24771 V threaded_app: New input event: type=2
01-10 20:31:54.474 24651 24771 V threaded_app: New input event: type=2
01-10 20:31:54.491 24651 24771 V threaded_app: New input event: type=2
01-10 20:31:54.508 24651 24771 V threaded_app: New input event: type=2
01-10 20:31:54.517 24651 24771 V threaded_app: New input event: type=2
01-10 20:31:54.518 24651 24771 V threaded_app: New input event: type=2
01-10 20:31:54.524 24651 24771 V threaded_app: New input event: type=2
01-10 20:31:54.541 24651 24771 V threaded_app: New input event: type=2
01-10 20:31:54.557 24651 24771 V threaded_app: New input event: type=2
01-10 20:31:54.574 24651 24771 V threaded_app: New input event: type=2
01-10 20:31:54.591 24651 24771 V threaded_app: New input event: type=2
