01-10 20:35:53.841 24651 24771 V threaded_app: New input event: type=2
01-10 20:35:53.857 24651 24771 V threaded_app: New input event: type=2
01-10 20:35:53.874 24651 24771 V threaded_app: New input event: type=2
01-10 20:35:53.891 24651 24771 V threaded_app: New input event: type=2
01-10 20:35:53.907 24651 24771 V threaded_app: New input event: type=2
01-10 20:35:53.924 24651 24771 V threaded_app: New input event: type=2
01-10 20:35:53.941 24651 24771 V threaded_app: New input event: type=2
01-10 20:35:53.957 24651 24771 V threaded_app: New input event: type=2
01-10 20:35:53.974 24651 24771 V threaded_app: New input event: type=2
01-10 20:35:53.991 24651 24771 V threaded_app: New input event: type=2
01-10 20:35:54.002 24651 24771 V threaded_app: New input event: type=2
01-10 20:35:54.002 24651 24771 V threaded_app: New input event: type=2
01-10 20:35:54.024 24651 24771 V threaded_app: New input event: type=2
01-10 20:35:54.041 24651 24771 V threaded_app: New input event: type=2
01-10 20:35:54.057 24651 24771 V threaded_app: New input event: type=2
01-10 20:35:54.074 24651 24771 V threaded_app: New input event: type=2
01-10 20:35:54.091 24651 24771 V threaded_app: New input event: type=2
01-10 20:35:54.107 24651 24771 V threaded_app: New input event: type=2
01-10 20:35:54.124 24651 24771 V threaded_app: New input event: type=2
01-10 20:35:54.141 24651 24771 V threaded_app: New input event: type=2
01-10 20:35:54.158 24651 24771 V threaded_app: New input event: type=2
01-10 20:35:54.174 24651 24771 V threaded_app: New input event: type=2
01-10 20:35:54.191 24651 24771 V threaded_app: New input event: type=2
01-10 20:35:54.208 24651 24771 V threaded_app: New input event: type=2
01-10 20:35:54.218 24651 24771 V threaded_app: New input event: type=2
01-10 20:35:54.218 24651 24771 V threaded_app: New input event: type=2
01-10 20:35:54.224 24651 24771 V threaded_app: New input event: type=2
01-10 20:35:54.241 24651 24771 V threaded_app: New input event: type=2
01-10 20:35:54.257 24651 24771 V threaded_app: New input event: type=2
01-10 20:35:54.274 24651 24771 V threaded_app: New input event: type=2
01-10 20:35:54.291 24651 24771 V threaded_app: New input event: type=2
01-10 20:35:54.307 24651 24771 V threaded_app: New input event: type=2
01-10 20:35:54.324 24651 24771 V threaded_app: New input event: type=2
01-10 20:35:54.341 24651 24771 V threaded_app: New input event: type=2
01-10 20:35:54.357 24651 24771 V threaded_app: New input event: type=2
01-10 20:35:54.376 24651 24771 V threaded_app: New input event: type=2
01-10 20:35:54.386 24651 24771 V threaded_app: New input event: type=2
01-10 20:35:54.387 24651 24771 V threaded_app: New input event: type=2
01-10 20:35:54.407 24651 24771 V threaded_app: New input event: type=2
01-10 20:35:54.424 24651 24771 V threaded_app: New input event: type=2
01-10 20:35:54.441 24651 24771 V threaded_app: New input event: type=2
01-10 20:35:54.451 24651 24771 V threaded_app: New input event: type=2
01-10 20:35:54.452 24651 24771 V threaded_app: New input event: type=2
01-10 20:35:54.457 24651 24771 V threaded_app: New input event: type=2
01-10 20:35:54.474 24651 24771 V threaded_app: New input event: type=2
01-10 20:35:54.492 24651 24771 V threaded_app: New input event: type=2
01-10 20:35:54.508 24651 24771 V threaded_app: New input event: type=2
01-10 20:35:54.524 24651 24771 V threaded_app: New input event: type=2
01-10 20:35:54.543 24651 24771 V threaded_app: New input event: type=2
01-10 20:35:54.558 24651 24771 V threaded_app: New input event: type=2
01-10 20:35:54.574 24651 24771 V threaded_app: New input event: type=2
01-10 20:35:54.591 24651 24771 V threaded_app: New input event: type=2
01-10 20:35:54.608 24651 24771 V threaded_app: New input event: type=2
01-10 20:35:54.619 24651 24771 V threaded_app: New input event: type=2
01-10 20:35:54.619 24651 24771 V threaded_app: New input event: type=2
01-10 20:35:54.642 24651 24771 V threaded_app: New input event: type=2
01-10 20:35:54.659 24651 24771 V threaded_app: New input event: type=2
01-10 20:35:54.674 24651 24771 V threaded_app: New input event: type=2
01-10 20:35:54.691 24651 24771 V threaded_app: New input event: type=2
01-10 20:35:54.701 24651 24771 V threaded_app: New input event: type=2
01-10 20:35:54.702 24651 24771 V threaded_app: New input event: type=2
01-10 20:35:54.708 24651 24771 V threaded_app: New input event: type=2
01-10 20:35:54.724 24651 24771 V threaded_app: New input event: type=2
01-10 20:35:54.741 24651 24771 V threaded_app: New input event: type=2
01-10 20:35:54.758 24651 24771 V threaded_app: New input event: type=2
01-10 20:35:54.774 24651 24771 V threaded_app: New input event: type=2
01-10 20:35:54.791 24651 24771 V threaded_app: New input event: type=2
01-10 20:35:54.803 24651 24985 I AudioManager: In isBluetoothScoOn(), calling
application: com.wd.clan
01-10 20:35:54.810 24651 24771 V threaded_app: New input event: type=2
01-10 20:35:54.824 24651 24771 V threaded_app: New input event: type=2
01-10 20:35:54.841 24651 24771 V threaded_app: New input event: type=2
01-10 20:35:54.874 24651 24771 V threaded_app: New input event: type=2
01-10 20:35:54.891 24651 24771 V threaded_app: New input event: type=2
01-10 20:35:54.908 24651 24771 V threaded_app: New input event: type=2
01-10 20:35:54.919 24651 24771 V threaded_app: New input event: type=2
01-10 20:35:54.919 24651 24771 V threaded_app: New input event: type=2
01-10 20:35:54.941 24651 24771 V threaded_app: New input event: type=2
01-10 20:35:54.958 24651 24771 V threaded_app: New input event: type=2
01-10 20:35:54.974 24651 24771 V threaded_app: New input event: type=2
01-10 20:35:54.985 24651 24771 V threaded_app: New input event: type=2
01-10 20:35:54.985 24651 24771 V threaded_app: New input event: type=2
01-10 20:35:54.991 24651 24771 V threaded_app: New input event: type=2
01-10 20:35:55.008 24651 24771 V threaded_app: New input event: type=2
01-10 20:35:55.025 24651 24771 V threaded_app: New input event: type=2
01-10 20:35:55.041 24651 24771 V threaded_app: New input event: type=2
01-10 20:35:55.058 24651 24771 V threaded_app: New input event: type=2
01-10 20:35:55.074 24651 24771 V threaded_app: New input event: type=2
01-10 20:35:55.092 24651 24771 V threaded_app: New input event: type=2
01-10 20:35:55.108 24651 24771 V threaded_app: New input event: type=2
01-10 20:35:55.125 24651 24771 V threaded_app: New input event: type=2
01-10 20:35:55.141 24651 24771 V threaded_app: New input event: type=2
01-10 20:35:55.158 24651 24771 V threaded_app: New input event: type=2
01-10 20:35:55.175 24651 24771 V threaded_app: New input event: type=2
01-10 20:35:55.192 24651 24771 V threaded_app: New input event: type=2
01-10 20:35:55.208 24651 24771 V threaded_app: New input event: type=2
01-10 20:35:55.225 24651 24771 V threaded_app: New input event: type=2
01-10 20:35:55.241 24651 24771 V threaded_app: New input event: type=2
01-10 20:35:55.258 24651 24771 V threaded_app: New input event: type=2
01-10 20:35:55.275 24651 24771 V threaded_app: New input event: type=2
01-10 20:35:55.291 24651 24771 V threaded_app: New input event: type=2
01-10 20:35:55.308 24651 24771 V threaded_app: New input event: type=2
01-10 20:35:55.325 24651 24771 V threaded_app: New input event: type=2
01-10 20:35:55.342 24651 24771 V threaded_app: New input event: type=2
01-10 20:35:55.358 24651 24771 V threaded_app: New input event: type=2
01-10 20:35:55.374 24651 24771 V threaded_app: New input event: type=2
01-10 20:35:55.391 24651 24771 V threaded_app: New input event: type=2
01-10 20:35:55.408 24651 24771 V threaded_app: New input event: type=2
01-10 20:35:55.424 24651 24771 V threaded_app: New input event: type=2
01-10 20:35:55.441 24651 24771 V threaded_app: New input event: type=2
01-10 20:35:55.458 24651 24771 V threaded_app: New input event: type=2
01-10 20:35:55.477 24651 24771 V threaded_app: New input event: type=2
01-10 20:35:55.492 24651 24771 V threaded_app: New input event: type=2
01-10 20:35:55.509 24651 24771 V threaded_app: New input event: type=2
01-10 20:35:55.524 24651 24771 V threaded_app: New input event: type=2
01-10 20:35:55.542 24651 24771 V threaded_app: New input event: type=2
01-10 20:35:55.558 24651 24771 V threaded_app: New input event: type=2
01-10 20:35:55.575 24651 24771 V threaded_app: New input event: type=2
01-10 20:35:55.593 24651 24771 V threaded_app: New input event: type=2
01-10 20:35:55.608 24651 24771 V threaded_app: New input event: type=2
01-10 20:35:55.625 24651 24771 V threaded_app: New input event: type=2
01-10 20:35:55.641 24651 24771 V threaded_app: New input event: type=2
01-10 20:35:55.658 24651 24771 V threaded_app: New input event: type=2
01-10 20:35:55.675 24651 24771 V threaded_app: New input event: type=2
01-10 20:35:55.691 24651 24771 V threaded_app: New input event: type=2
01-10 20:35:55.708 24651 24771 V threaded_app: New input event: type=2
01-10 20:35:55.725 24651 24771 V threaded_app: New input event: type=2
01-10 20:35:55.736 24651 24771 V threaded_app: New input event: type=2
01-10 20:35:55.736 24651 24771 V threaded_app: New input event: type=2
01-10 20:35:55.759 24651 24771 V threaded_app: New input event: type=2
01-10 20:35:55.775 24651 24771 V threaded_app: New input event: type=2
01-10 20:35:55.791 24651 24771 V threaded_app: New input event: type=2
01-10 20:35:55.808 24651 24771 V threaded_app: New input event: type=2
01-10 20:35:55.818 24651 24771 V threaded_app: New input event: type=2
01-10 20:35:55.819 24651 24771 V threaded_app: New input event: type=2
01-10 20:35:55.825 24651 24771 V threaded_app: New input event: type=2
01-10 20:35:55.841 24651 24771 V threaded_app: New input event: type=2
01-10 20:35:55.858 24651 24771 V threaded_app: New input event: type=2
01-10 20:35:55.875 24651 24771 V threaded_app: New input event: type=2
01-10 20:35:55.892 24651 24771 V threaded_app: New input event: type=2
01-10 20:35:55.903 24651 24771 V threaded_app: New input event: type=2
01-10 20:35:55.903 24651 24771 V threaded_app: New input event: type=2
01-10 20:35:55.925 24651 24771 V threaded_app: New input event: type=2
01-10 20:35:55.942 24651 24771 V threaded_app: New input event: type=2
01-10 20:35:55.960 24651 24771 V threaded_app: New input event: type=2
01-10 20:35:55.975 24651 24771 V threaded_app: New input event: type=2
01-10 20:35:55.993 24651 24771 V threaded_app: New input event: type=2
01-10 20:35:56.002 24651 24771 V threaded_app: New input event: type=2
01-10 20:35:56.002 24651 24771 V threaded_app: New input event: type=2
01-10 20:35:56.008 24651 24771 V threaded_app: New input event: type=2
01-10 20:35:56.025 24651 24771 V threaded_app: New input event: type=2
01-10 20:35:56.041 24651 24771 V threaded_app: New input event: type=2
01-10 20:35:56.058 24651 24771 V threaded_app: New input event: type=2
01-10 20:35:56.075 24651 24771 V threaded_app: New input event: type=2
01-10 20:35:56.083 24651 24985 I AudioManager: In isBluetoothScoOn(), calling
application: com.wd.clan
01-10 20:35:56.093 24651 24771 V threaded_app: New input event: type=2
01-10 20:35:56.108 24651 24771 V threaded_app: New input event: type=2
01-10 20:35:56.125 24651 24771 V threaded_app: New input event: type=2
01-10 20:35:56.142 24651 24771 V threaded_app: New input event: type=2
01-10 20:35:56.158 24651 24771 V threaded_app: New input event: type=2
01-10 20:35:56.170 24651 24771 V threaded_app: New input event: type=2
01-10 20:35:56.170 24651 24771 V threaded_app: New input event: type=2
01-10 20:35:56.192 24651 24771 V threaded_app: New input event: type=2
01-10 20:35:56.208 24651 24771 V threaded_app: New input event: type=2
01-10 20:35:56.242 24651 24771 V threaded_app: New input event: type=2
01-10 20:35:56.259 24651 24771 V threaded_app: New input event: type=2
01-10 20:35:56.275 24651 24771 V threaded_app: New input event: type=2
01-10 20:35:56.292 24651 24771 V threaded_app: New input event: type=2
01-10 20:35:56.325 24651 24771 V threaded_app: New input event: type=2
01-10 20:35:56.341 24651 24771 V threaded_app: New input event: type=2
01-10 20:35:56.408 24651 24771 V threaded_app: New input event: type=2
01-10 20:35:56.442 24651 24771 V threaded_app: New input event: type=2
01-10 20:35:56.458 24651 24771 V threaded_app: New input event: type=2
01-10 20:35:56.475 24651 24771 V threaded_app: New input event: type=2
01-10 20:35:56.492 24651 24771 V threaded_app: New input event: type=2
01-10 20:35:56.508 24651 24771 V threaded_app: New input event: type=2
01-10 20:35:56.526 24651 24771 V threaded_app: New input event: type=2
01-10 20:35:56.541 24651 24771 V threaded_app: New input event: type=2
01-10 20:35:56.558 24651 24771 V threaded_app: New input event: type=2
01-10 20:35:56.575 24651 24771 V threaded_app: New input event: type=2
01-10 20:35:56.593 24651 24771 V threaded_app: New input event: type=2
01-10 20:35:56.608 24651 24771 V threaded_app: New input event: type=2
01-10 20:35:56.625 24651 24771 V threaded_app: New input event: type=2
01-10 20:35:56.642 24651 24771 V threaded_app: New input event: type=2
01-10 20:35:56.658 24651 24771 V threaded_app: New input event: type=2
01-10 20:35:56.675 24651 24771 V threaded_app: New input event: type=2
01-10 20:35:56.692 24651 24771 V threaded_app: New input event: type=2
01-10 20:35:56.708 24651 24771 V threaded_app: New input event: type=2
01-10 20:35:56.726 24651 24771 V threaded_app: New input event: type=2
01-10 20:35:56.742 24651 24771 V threaded_app: New input event: type=2
01-10 20:35:56.758 24651 24771 V threaded_app: New input event: type=2
01-10 20:35:56.775 24651 24771 V threaded_app: New input event: type=2
01-10 20:35:56.792 24651 24771 V threaded_app: New input event: type=2
01-10 20:35:56.808 24651 24771 V threaded_app: New input event: type=2
01-10 20:35:56.825 24651 24771 V threaded_app: New input event: type=2
01-10 20:35:56.842 24651 24771 V threaded_app: New input event: type=2
01-10 20:35:56.858 24651 24771 V threaded_app: New input event: type=2
01-10 20:35:56.875 24651 24771 V threaded_app: New input event: type=2
01-10 20:35:56.892 24651 24771 V threaded_app: New input event: type=2
01-10 20:35:56.909 24651 24771 V threaded_app: New input event: type=2
01-10 20:35:56.925 24651 24771 V threaded_app: New input event: type=2
01-10 20:35:56.943 24651 24771 V threaded_app: New input event: type=2
01-10 20:35:56.958 24651 24771 V threaded_app: New input event: type=2
01-10 20:35:56.975 24651 24771 V threaded_app: New input event: type=2
01-10 20:35:56.992 24651 24771 V threaded_app: New input event: type=2
01-10 20:35:57.009 24651 24771 V threaded_app: New input event: type=2
01-10 20:35:57.025 24651 24771 V threaded_app: New input event: type=2
01-10 20:35:57.042 24651 24771 V threaded_app: New input event: type=2
01-10 20:35:57.058 24651 24771 V threaded_app: New input event: type=2
01-10 20:35:57.075 24651 24771 V threaded_app: New input event: type=2
01-10 20:35:57.092 24651 24771 V threaded_app: New input event: type=2
01-10 20:35:57.108 24651 24771 V threaded_app: New input event: type=2
01-10 20:35:57.125 24651 24771 V threaded_app: New input event: type=2
01-10 20:35:57.142 24651 24771 V threaded_app: New input event: type=2
01-10 20:35:57.158 24651 24771 V threaded_app: New input event: type=2
01-10 20:35:57.175 24651 24771 V threaded_app: New input event: type=2
01-10 20:35:57.192 24651 24771 V threaded_app: New input event: type=2
01-10 20:35:57.208 24651 24771 V threaded_app: New input event: type=2
01-10 20:35:57.225 24651 24771 V threaded_app: New input event: type=2
01-10 20:35:57.242 24651 24771 V threaded_app: New input event: type=2
01-10 20:35:57.258 24651 24771 V threaded_app: New input event: type=2
01-10 20:35:57.275 24651 24771 V threaded_app: New input event: type=2
01-10 20:35:57.292 24651 24771 V threaded_app: New input event: type=2
01-10 20:35:57.302 24651 24771 V threaded_app: New input event: type=2
01-10 20:35:57.303 24651 24771 V threaded_app: New input event: type=2
01-10 20:35:57.308 24651 24771 V threaded_app: New input event: type=2
01-10 20:35:57.325 24651 24771 V threaded_app: New input event: type=2
01-10 20:35:57.345 24651 24771 V threaded_app: New input event: type=2
01-10 20:35:57.359 24651 24771 V threaded_app: New input event: type=2
01-10 20:35:57.363 24651 24985 I AudioManager: In isBluetoothScoOn(), calling
application: com.wd.clan
01-10 20:35:57.375 24651 24771 V threaded_app: New input event: type=2
01-10 20:35:57.392 24651 24771 V threaded_app: New input event: type=2
01-10 20:35:57.409 24651 24771 V threaded_app: New input event: type=2
01-10 20:35:57.425 24651 24771 V threaded_app: New input event: type=2
01-10 20:35:57.443 24651 24771 V threaded_app: New input event: type=2
01-10 20:35:57.459 24651 24771 V threaded_app: New input event: type=2
01-10 20:35:57.475 24651 24771 V threaded_app: New input event: type=2
01-10 20:35:57.492 24651 24771 V threaded_app: New input event: type=2
01-10 20:35:57.509 24651 24771 V threaded_app: New input event: type=2
01-10 20:35:57.520 24651 24771 V threaded_app: New input event: type=2
01-10 20:35:57.520 24651 24771 V threaded_app: New input event: type=2
01-10 20:35:57.536 24651 24771 V threaded_app: New input event: type=2
01-10 20:35:57.536 24651 24771 V threaded_app: New input event: type=2
01-10 20:35:57.542 24651 24771 V threaded_app: New input event: type=2
01-10 20:35:57.559 24651 24771 V threaded_app: New input event: type=2
01-10 20:35:57.575 24651 24771 V threaded_app: New input event: type=2
01-10 20:35:57.592 24651 24771 V threaded_app: New input event: type=2
01-10 20:35:57.609 24651 24771 V threaded_app: New input event: type=2
01-10 20:35:57.625 24651 24771 V threaded_app: New input event: type=2
01-10 20:35:57.642 24651 24771 V threaded_app: New input event: type=2
01-10 20:35:57.659 24651 24771 V threaded_app: New input event: type=2
01-10 20:35:57.675 24651 24771 V threaded_app: New input event: type=2
01-10 20:35:57.692 24651 24771 V threaded_app: New input event: type=2
01-10 20:35:57.709 24651 24771 V threaded_app: New input event: type=2
01-10 20:35:57.725 24651 24771 V threaded_app: New input event: type=2
01-10 20:35:57.742 24651 24771 V threaded_app: New input event: type=2
01-10 20:35:57.759 24651 24771 V threaded_app: New input event: type=2
01-10 20:35:57.775 24651 24771 V threaded_app: New input event: type=2
01-10 20:35:57.788 24651 24771 V threaded_app: New input event: type=2
01-10 20:35:57.788 24651 24771 V threaded_app: New input event: type=2
01-10 20:35:57.809 24651 24771 V threaded_app: New input event: type=2
01-10 20:35:57.843 24651 24771 V threaded_app: New input event: type=2
01-10 20:35:57.859 24651 24771 V threaded_app: New input event: type=2
01-10 20:35:57.886 24651 24771 V threaded_app: New input event: type=2
01-10 20:35:57.926 24651 24771 V threaded_app: New input event: type=2
01-10 20:35:57.993 24651 24771 V threaded_app: New input event: type=2
01-10 20:35:58.009 24651 24771 V threaded_app: New input event: type=2
01-10 20:35:58.026 24651 24771 V threaded_app: New input event: type=2
01-10 20:35:58.042 24651 24771 V threaded_app: New input event: type=2
01-10 20:35:58.059 24651 24771 V threaded_app: New input event: type=2
01-10 20:35:58.070 24651 24771 V threaded_app: New input event: type=2
01-10 20:35:58.070 24651 24771 V threaded_app: New input event: type=2
01-10 20:35:58.093 24651 24771 V threaded_app: New input event: type=2
01-10 20:35:58.109 24651 24771 V threaded_app: New input event: type=2
01-10 20:35:58.126 24651 24771 V threaded_app: New input event: type=2
01-10 20:35:58.142 24651 24771 V threaded_app: New input event: type=2
01-10 20:35:58.160 24651 24771 V threaded_app: New input event: type=2
01-10 20:35:58.176 24651 24771 V threaded_app: New input event: type=2
01-10 20:35:58.193 24651 24771 V threaded_app: New input event: type=2
01-10 20:35:58.209 24651 24771 V threaded_app: New input event: type=2
01-10 20:35:58.226 24651 24771 V threaded_app: New input event: type=2
01-10 20:35:58.242 24651 24771 V threaded_app: New input event: type=2
01-10 20:35:58.259 24651 24771 V threaded_app: New input event: type=2
01-10 20:35:58.275 24651 24771 V threaded_app: New input event: type=2
01-10 20:35:58.292 24651 24771 V threaded_app: New input event: type=2
01-10 20:35:58.309 24651 24771 V threaded_app: New input event: type=2
01-10 20:35:58.326 24651 24771 V threaded_app: New input event: type=2
01-10 20:35:58.342 24651 24771 V threaded_app: New input event: type=2
01-10 20:35:58.359 24651 24771 V threaded_app: New input event: type=2
01-10 20:35:58.376 24651 24771 V threaded_app: New input event: type=2
01-10 20:35:58.393 24651 24771 V threaded_app: New input event: type=2
01-10 20:35:58.409 24651 24771 V threaded_app: New input event: type=2
01-10 20:35:58.426 24651 24771 V threaded_app: New input event: type=2
01-10 20:35:58.442 24651 24771 V threaded_app: New input event: type=2
01-10 20:35:58.459 24651 24771 V threaded_app: New input event: type=2
01-10 20:35:58.476 24651 24771 V threaded_app: New input event: type=2
01-10 20:35:58.492 24651 24771 V threaded_app: New input event: type=2
01-10 20:35:58.509 24651 24771 V threaded_app: New input event: type=2
01-10 20:35:58.526 24651 24771 V threaded_app: New input event: type=2
01-10 20:35:58.542 24651 24771 V threaded_app: New input event: type=2
01-10 20:35:58.559 24651 24771 V threaded_app: New input event: type=2
01-10 20:35:58.576 24651 24771 V threaded_app: New input event: type=2
01-10 20:35:58.593 24651 24771 V threaded_app: New input event: type=2
01-10 20:35:58.609 24651 24771 V threaded_app: New input event: type=2
01-10 20:35:58.627 24651 24771 V threaded_app: New input event: type=2
01-10 20:35:58.642 24651 24771 V threaded_app: New input event: type=2
01-10 20:35:58.644 24651 24985 I AudioManager: In isBluetoothScoOn(), calling
application: com.wd.clan
01-10 20:35:58.653 24651 24771 V threaded_app: New input event: type=2
01-10 20:35:58.654 24651 24771 V threaded_app: New input event: type=2
01-10 20:35:58.659 24651 24771 V threaded_app: New input event: type=2
01-10 20:35:58.676 24651 24771 V threaded_app: New input event: type=2
01-10 20:35:58.693 24651 24771 V threaded_app: New input event: type=2
01-10 20:35:58.709 24651 24771 V threaded_app: New input event: type=2
01-10 20:35:58.726 24651 24771 V threaded_app: New input event: type=2
01-10 20:35:58.738 24651 24771 V threaded_app: New input event: type=2
01-10 20:35:58.738 24651 24771 V threaded_app: New input event: type=2
01-10 20:35:58.759 24651 24771 V threaded_app: New input event: type=2
01-10 20:35:58.776 24651 24771 V threaded_app: New input event: type=2
01-10 20:35:58.793 24651 24771 V threaded_app: New input event: type=2
01-10 20:35:58.810 24651 24771 V threaded_app: New input event: type=2
01-10 20:35:58.826 24651 24771 V threaded_app: New input event: type=2
01-10 20:35:58.843 24651 24771 V threaded_app: New input event: type=2
01-10 20:35:58.861 24651 24771 V threaded_app: New input event: type=2
01-10 20:35:58.876 24651 24771 V threaded_app: New input event: type=2
01-10 20:35:58.893 24651 24771 V threaded_app: New input event: type=2
01-10 20:35:58.909 24651 24771 V threaded_app: New input event: type=2
01-10 20:35:58.928 24651 24771 V threaded_app: New input event: type=2
01-10 20:35:58.943 24651 24771 V threaded_app: New input event: type=2
01-10 20:35:58.959 24651 24771 V threaded_app: New input event: type=2
01-10 20:35:58.976 24651 24771 V threaded_app: New input event: type=2
01-10 20:35:58.986 24651 24771 V threaded_app: New input event: type=2
01-10 20:35:58.986 24651 24771 V threaded_app: New input event: type=2
01-10 20:35:58.992 24651 24771 V threaded_app: New input event: type=2
01-10 20:35:59.009 24651 24771 V threaded_app: New input event: type=2
01-10 20:35:59.026 24651 24771 V threaded_app: New input event: type=2
01-10 20:35:59.042 24651 24771 V threaded_app: New input event: type=2
01-10 20:35:59.059 24651 24771 V threaded_app: New input event: type=2
01-10 20:35:59.076 24651 24771 V threaded_app: New input event: type=2
01-10 20:35:59.093 24651 24771 V threaded_app: New input event: type=2
01-10 20:35:59.109 24651 24771 V threaded_app: New input event: type=2
01-10 20:35:59.127 24651 24771 V threaded_app: New input event: type=2
01-10 20:35:59.143 24651 24771 V threaded_app: New input event: type=2
01-10 20:35:59.159 24651 24771 V threaded_app: New input event: type=2
01-10 20:35:59.176 24651 24771 V threaded_app: New input event: type=2
01-10 20:35:59.193 24651 24771 V threaded_app: New input event: type=2
01-10 20:35:59.209 24651 24771 V threaded_app: New input event: type=2
01-10 20:35:59.222 24651 24771 V threaded_app: New input event: type=2
01-10 20:35:59.222 24651 24771 V threaded_app: New input event: type=2
01-10 20:35:59.243 24651 24771 V threaded_app: New input event: type=2
01-10 20:35:59.260 24651 24771 V threaded_app: New input event: type=2
01-10 20:35:59.276 24651 24771 V threaded_app: New input event: type=2
01-10 20:35:59.286 24651 24771 V threaded_app: New input event: type=2
01-10 20:35:59.287 24651 24771 V threaded_app: New input event: type=2
01-10 20:35:59.293 24651 24771 V threaded_app: New input event: type=2
01-10 20:35:59.307 24651 24771 V threaded_app: New input event: type=2
01-10 20:35:59.307 24651 24771 V threaded_app: New input event: type=2
01-10 20:35:59.488 24651 24771 V threaded_app: New input event: type=2
01-10 20:35:59.543 24651 24771 V threaded_app: New input event: type=2
01-10 20:35:59.562 24651 24771 V threaded_app: New input event: type=2
01-10 20:35:59.577 24651 24771 V threaded_app: New input event: type=2
01-10 20:35:59.593 24651 24771 V threaded_app: New input event: type=2
01-10 20:35:59.610 24651 24771 V threaded_app: New input event: type=2
01-10 20:35:59.627 24651 24771 V threaded_app: New input event: type=2
01-10 20:35:59.643 24651 24771 V threaded_app: New input event: type=2
01-10 20:35:59.660 24651 24771 V threaded_app: New input event: type=2
01-10 20:35:59.671 24651 24771 V threaded_app: New input event: type=2
01-10 20:35:59.672 24651 24771 V threaded_app: New input event: type=2
01-10 20:35:59.693 24651 24771 V threaded_app: New input event: type=2
01-10 20:35:59.709 24651 24771 V threaded_app: New input event: type=2
01-10 20:35:59.736 24651 24771 V threaded_app: New input event: type=2
01-10 20:35:59.744 24651 24771 V threaded_app: New input event: type=2
01-10 20:35:59.756 24651 25337 D AudioRecord: stop(6409): mActive:0
01-10 20:35:59.756 24651 25337 D AudioRecord: stop(6409): mActive:0
01-10 20:35:59.760 24651 24771 V threaded_app: New input event: type=2
01-10 20:35:59.768 24651 25337 D AudioManager: setMode mode=3 from com.wd.clan
01-10 20:35:59.769 24651 25337 I AudioManager: In setSpeakerphoneOn(), on: true,
calling application: com.wd.clan
01-10 20:35:59.776 24651 24771 V threaded_app: New input event: type=2
01-10 20:35:59.793 24651 24771 V threaded_app: New input event: type=2
01-10 20:35:59.809 24651 24771 V threaded_app: New input event: type=2
01-10 20:35:59.826 24651 24771 V threaded_app: New input event: type=2
01-10 20:35:59.843 24651 24771 V threaded_app: New input event: type=2
01-10 20:35:59.860 24651 24771 V threaded_app: New input event: type=2
01-10 20:35:59.876 24651 24771 V threaded_app: New input event: type=2
01-10 20:35:59.893 24651 24771 V threaded_app: New input event: type=2
01-10 20:35:59.908 24651 24771 V threaded_app: New input event: type=2
01-10 20:35:59.908 24651 24771 V threaded_app: New input event: type=2
01-10 20:35:59.924 24651 24985 I AudioManager: In isBluetoothScoOn(), calling
application: com.wd.clan
01-10 20:35:59.926 24651 24771 V threaded_app: New input event: type=2
01-10 20:35:59.937 24651 25337 D com.wd.clan:p1: PlayerBase::stop() from IPlayer
01-10 20:35:59.937 24651 25337 D AudioTrack: stop(6405): prior state:STATE_ACTIVE
output 13 stream 3 session 45425
01-10 20:35:59.937 24651 25337 D AudioTrack: stop(6405): called with 474880 frames
delivered
01-10 20:35:59.937 24651 25337 D AudioTrack: flush(6405): prior state:STATE_STOPPED
01-10 20:35:59.940 24651 25337 D AudioTrack: stop(6405): prior state:STATE_FLUSHED
output 13 stream 3 session 45425
01-10 20:35:59.940 24651 25337 D AudioTrack: ~AudioTrack, releasing mStatus =0
session id 45425 from 24651 on behalf of 24651
01-10 20:35:59.940 24651 25337 D AudioTrack: stop(6405): prior state:STATE_FLUSHED
output 13 stream 3 session 45425
01-10 20:35:59.942 24651 25337 D com.wd.clan:p1: PlayerBase::PlayerBase()
01-10 20:35:59.943 24651 25337 D com.wd.clan:p1: TrackPlayerBase::TrackPlayerBase()
01-10 20:35:59.943 24651 25337 I libOpenSLES: android_audioPlayer_realize, channel
mask 0x4
01-10 20:35:59.943 24651 25337 I libOpenSLES: android_audioPlayer_realize, create
default channel mask 0x1, channels 1
01-10 20:35:59.943 24651 25337 I libOpenSLES: Emulating old channel mask behavior
(ignoring positional mask 0x4, using default mask 0x1 based on channel count of 1)
01-10 20:35:59.944 24651 24771 V threaded_app: New input event: type=2
01-10 20:35:59.945 24651 25337 D AudioTrackExtImpl: AudioTrackExtImpl init
01-10 20:35:59.945 24651 25337 D AudioTrack: set() streamType 0, sampleRate 16000,
format 0x1, channelMask 0x1, frameCount 0, flags #104, notificationFrames -2,
sessionId 45441, transferType 0, uid -1, pid -1 cbf 1
01-10 20:35:59.960 24651 24771 V threaded_app: New input event: type=2
01-10 20:35:59.975 24651 25337 E AudioSystem: invalid attributes { Content type:
AUDIO_CONTENT_TYPE_UNKNOWN Usage: AUDIO_USAGE_UNKNOWN Source: AUDIO_SOURCE_DEFAULT
Flags: 0x0 Tags: } when converting to stream
01-10 20:35:59.976 24651 24771 V threaded_app: New input event: type=2
01-10 20:35:59.978 24651 25337 D AudioTrack: createTrack_l(6405):
AUDIO_OUTPUT_FLAG_FAST denied by server; frameCount 0 -> 644
01-10 20:35:59.979 24651 25337 I AudioTrack: createTrack_l(6411) on
outputId(1013) : 0x7a9196a800, mCblk = 0x7b52ddb100, mLatency = 80, mAfLatency =
40, frameCount = 644, mSampleRate = 16000, mFlags = 0, mReqFrameCount = 644,
mNotificationFramesAct = 320
01-10 20:35:59.982 24651 25337 I AudioManager: In setSpeakerphoneOn(), on: true,
calling application: com.wd.clan
01-10 20:35:59.984 24651 25337 W libOpenSLES: Conversion from OpenSL ES positional
channel mask 0x4 to Android mask 0 loses channels
01-10 20:35:59.984 24651 25337 I libOpenSLES: Emulating old channel mask behavior
(ignoring positional mask 0x4, using default mask 0x10 based on channel count of 1)
01-10 20:35:59.984 24651 25337 D AudioRecordExtImpl: AudioRecordExtImpl init
01-10 20:35:59.984 24651 25337 D AudioRecordExtImpl: audiorecordTest
01-10 20:35:59.985 24651 25337 D AudioRecord: set(): inputSource 7, sampleRate
16000, format 0x1, channelMask 0x10, frameCount 0, notificationFrames 0, sessionId
0, transferType 1, flags 0x5, identity AttributionSourceState{pid: 24651, uid:
10336, packageName: (null), attributionTag: (null), token: , renouncedPermissions:
(null), next: []}uid 10336, pid 24651
01-10 20:35:59.986 24651 25338 D AudioTrack: start(6411): prior state:STATE_STOPPED
output 1013 stream 3 session 45441
01-10 20:35:59.988 24651 25337 D AudioRecord: set(): mSessionId 0
01-10 20:35:59.993 24651 24771 V threaded_app: New input event: type=2
01-10 20:36:00.010 24651 24771 V threaded_app: New input event: type=2
01-10 20:36:00.027 24651 25338 I AudioManager: In setSpeakerphoneOn(), on: true,
calling application: com.wd.clan
01-10 20:36:00.033 24651 24771 V threaded_app: New input event: type=2
01-10 20:36:00.043 24651 24771 V threaded_app: New input event: type=2
01-10 20:36:00.060 24651 24771 V threaded_app: New input event: type=2
01-10 20:36:00.077 24651 24771 V threaded_app: New input event: type=2
01-10 20:36:00.093 24651 24771 V threaded_app: New input event: type=2
01-10 20:36:00.110 24651 24771 V threaded_app: New input event: type=2
01-10 20:36:00.126 24651 24771 V threaded_app: New input event: type=2
01-10 20:36:00.143 24651 24771 V threaded_app: New input event: type=2
01-10 20:36:00.161 24651 24771 V threaded_app: New input event: type=2
01-10 20:36:00.176 24651 24771 V threaded_app: New input event: type=2
01-10 20:36:00.193 24651 24771 V threaded_app: New input event: type=2
01-10 20:36:00.210 24651 24771 V threaded_app: New input event: type=2
01-10 20:36:00.226 24651 24771 V threaded_app: New input event: type=2
01-10 20:36:00.243 24651 24771 V threaded_app: New input event: type=2
01-10 20:36:00.260 24651 24771 V threaded_app: New input event: type=2
01-10 20:36:00.276 24651 24771 V threaded_app: New input event: type=2
01-10 20:36:00.285 24651 25337 D AudioRecord: stop(6416): mActive:0
01-10 20:36:00.285 24651 25337 D AudioRecord: start(6416): sync event 0 trigger
session 0
01-10 20:36:00.294 24651 24771 V threaded_app: New input event: type=2
01-10 20:36:00.310 24651 24771 V threaded_app: New input event: type=2
01-10 20:36:00.321 24651 24771 V threaded_app: New input event: type=2
01-10 20:36:00.321 24651 24771 V threaded_app: New input event: type=2
01-10 20:36:00.326 24651 24771 V threaded_app: New input event: type=2
01-10 20:36:00.343 24651 24771 V threaded_app: New input event: type=2
01-10 20:36:00.360 24651 24771 V threaded_app: New input event: type=2
01-10 20:36:00.377 24651 24771 V threaded_app: New input event: type=2
01-10 20:36:00.393 24651 24771 V threaded_app: New input event: type=2
01-10 20:36:00.410 24651 24771 V threaded_app: New input event: type=2
01-10 20:36:00.426 24651 24771 V threaded_app: New input event: type=2
01-10 20:36:00.443 24651 24771 V threaded_app: New input event: type=2
01-10 20:36:00.460 24651 24771 V threaded_app: New input event: type=2
01-10 20:36:00.477 24651 24771 V threaded_app: New input event: type=2
01-10 20:36:00.493 24651 24771 V threaded_app: New input event: type=2
01-10 20:36:00.504 24651 24771 V threaded_app: New input event: type=2
01-10 20:36:00.505 24651 24771 V threaded_app: New input event: type=2
01-10 20:36:00.526 24651 24771 V threaded_app: New input event: type=2
01-10 20:36:00.628 24651 24771 V threaded_app: New input event: type=2
01-10 20:36:00.644 24651 24771 V threaded_app: New input event: type=2
01-10 20:36:00.660 24651 24771 V threaded_app: New input event: type=2
01-10 20:36:00.677 24651 24771 V threaded_app: New input event: type=2
01-10 20:36:00.693 24651 24771 V threaded_app: New input event: type=2
01-10 20:36:00.710 24651 24771 V threaded_app: New input event: type=2
01-10 20:36:00.726 24651 24771 V threaded_app: New input event: type=2
01-10 20:36:00.743 24651 24771 V threaded_app: New input event: type=2
01-10 20:36:00.761 24651 24771 V threaded_app: New input event: type=2
01-10 20:36:00.777 24651 24771 V threaded_app: New input event: type=2
01-10 20:36:00.793 24651 24771 V threaded_app: New input event: type=2
01-10 20:36:00.812 24651 24771 V threaded_app: New input event: type=2
01-10 20:36:00.827 24651 24771 V threaded_app: New input event: type=2
01-10 20:36:00.843 24651 24771 V threaded_app: New input event: type=2
01-10 20:36:00.860 24651 24771 V threaded_app: New input event: type=2
01-10 20:36:00.877 24651 24771 V threaded_app: New input event: type=2
01-10 20:36:00.893 24651 24771 V threaded_app: New input event: type=2
01-10 20:36:00.910 24651 24771 V threaded_app: New input event: type=2
01-10 20:36:00.927 24651 24771 V threaded_app: New input event: type=2
01-10 20:36:00.943 24651 24771 V threaded_app: New input event: type=2
01-10 20:36:00.960 24651 24771 V threaded_app: New input event: type=2
01-10 20:36:00.977 24651 24771 V threaded_app: New input event: type=2
01-10 20:36:00.996 24651 24771 V threaded_app: New input event: type=2
01-10 20:36:01.010 24651 24771 V threaded_app: New input event: type=2
01-10 20:36:01.027 24651 24771 V threaded_app: New input event: type=2
01-10 20:36:01.043 24651 24771 V threaded_app: New input event: type=2
01-10 20:36:01.062 24651 24771 V threaded_app: New input event: type=2
01-10 20:36:01.077 24651 24771 V threaded_app: New input event: type=2
01-10 20:36:01.093 24651 24771 V threaded_app: New input event: type=2
01-10 20:36:01.114 24651 24771 V threaded_app: New input event: type=2
01-10 20:36:01.127 24651 24771 V threaded_app: New input event: type=2
01-10 20:36:01.143 24651 24771 V threaded_app: New input event: type=2
01-10 20:36:01.160 24651 24771 V threaded_app: New input event: type=2
01-10 20:36:01.178 24651 24771 V threaded_app: New input event: type=2
01-10 20:36:01.193 24651 24771 V threaded_app: New input event: type=2
01-10 20:36:01.210 24651 24771 V threaded_app: New input event: type=2
01-10 20:36:01.227 24651 24771 V threaded_app: New input event: type=2
01-10 20:36:01.244 24651 24771 V threaded_app: New input event: type=2
01-10 20:36:01.277 24651 24771 V threaded_app: New input event: type=2
01-10 20:36:01.294 24651 24771 V threaded_app: New input event: type=2
01-10 20:36:01.327 24651 24771 V threaded_app: New input event: type=2
01-10 20:36:01.344 24651 24771 V threaded_app: New input event: type=2
01-10 20:36:01.360 24651 24771 V threaded_app: New input event: type=2
01-10 20:36:01.377 24651 24771 V threaded_app: New input event: type=2
01-10 20:36:01.393 24651 24771 V threaded_app: New input event: type=2
01-10 20:36:01.410 24651 24771 V threaded_app: New input event: type=2
01-10 20:36:01.427 24651 24771 V threaded_app: New input event: type=2
01-10 20:36:01.443 24651 24771 V threaded_app: New input event: type=2
01-10 20:36:01.453 24651 24771 V threaded_app: New input event: type=2
01-10 20:36:01.454 24651 24771 V threaded_app: New input event: type=2
01-10 20:36:01.460 24651 24771 V threaded_app: New input event: type=2
01-10 20:36:01.477 24651 24771 V threaded_app: New input event: type=2
01-10 20:36:01.493 24651 24771 V threaded_app: New input event: type=2
01-10 20:36:01.502 24651 24985 I AudioManager: In isBluetoothScoOn(), calling
application: com.wd.clan
01-10 20:36:01.510 24651 24771 V threaded_app: New input event: type=2
01-10 20:36:01.527 24651 24771 V threaded_app: New input event: type=2
01-10 20:36:01.543 24651 24771 V threaded_app: New input event: type=2
01-10 20:36:01.560 24651 24771 V threaded_app: New input event: type=2
01-10 20:36:01.577 24651 24771 V threaded_app: New input event: type=2
01-10 20:36:01.593 24651 24771 V threaded_app: New input event: type=2
01-10 20:36:01.610 24651 24771 V threaded_app: New input event: type=2
01-10 20:36:01.627 24651 24771 V threaded_app: New input event: type=2
01-10 20:36:01.644 24651 24771 V threaded_app: New input event: type=2
01-10 20:36:01.661 24651 24771 V threaded_app: New input event: type=2
01-10 20:36:01.677 24651 24771 V threaded_app: New input event: type=2
01-10 20:36:01.693 24651 24771 V threaded_app: New input event: type=2
01-10 20:36:01.710 24651 24771 V threaded_app: New input event: type=2
01-10 20:36:01.727 24651 24771 V threaded_app: New input event: type=2
01-10 20:36:01.744 24651 24771 V threaded_app: New input event: type=2
01-10 20:36:01.760 24651 24771 V threaded_app: New input event: type=2
01-10 20:36:01.777 24651 24771 V threaded_app: New input event: type=2
01-10 20:36:01.789 24651 24771 V threaded_app: New input event: type=2
01-10 20:36:01.789 24651 24771 V threaded_app: New input event: type=2
01-10 20:36:01.810 24651 24771 V threaded_app: New input event: type=2
01-10 20:36:01.827 24651 24771 V threaded_app: New input event: type=2
01-10 20:36:01.844 24651 24771 V threaded_app: New input event: type=2
01-10 20:36:01.861 24651 24771 V threaded_app: New input event: type=2
01-10 20:36:01.877 24651 24771 V threaded_app: New input event: type=2
01-10 20:36:01.894 24651 24771 V threaded_app: New input event: type=2
01-10 20:36:01.905 24651 24771 V threaded_app: New input event: type=2
01-10 20:36:01.905 24651 24771 V threaded_app: New input event: type=2
01-10 20:36:01.910 24651 24771 V threaded_app: New input event: type=2
01-10 20:36:01.927 24651 24771 V threaded_app: New input event: type=2
01-10 20:36:01.944 24651 24771 V threaded_app: New input event: type=2
01-10 20:36:01.960 24651 24771 V threaded_app: New input event: type=2
01-10 20:36:01.977 24651 24771 V threaded_app: New input event: type=2
01-10 20:36:01.994 24651 24771 V threaded_app: New input event: type=2
01-10 20:36:02.010 24651 24771 V threaded_app: New input event: type=2
01-10 20:36:02.029 24651 24771 V threaded_app: New input event: type=2
01-10 20:36:02.044 24651 24771 V threaded_app: New input event: type=2
01-10 20:36:02.060 24651 24771 V threaded_app: New input event: type=2
01-10 20:36:02.077 24651 24771 V threaded_app: New input event: type=2
01-10 20:36:02.094 24651 24771 V threaded_app: New input event: type=2
01-10 20:36:02.110 24651 24771 V threaded_app: New input event: type=2
01-10 20:36:02.127 24651 24771 V threaded_app: New input event: type=2
01-10 20:36:02.144 24651 24771 V threaded_app: New input event: type=2
01-10 20:36:02.161 24651 24771 V threaded_app: New input event: type=2
01-10 20:36:02.177 24651 24771 V threaded_app: New input event: type=2
01-10 20:36:02.194 24651 24771 V threaded_app: New input event: type=2
01-10 20:36:02.210 24651 24771 V threaded_app: New input event: type=2
01-10 20:36:02.227 24651 24771 V threaded_app: New input event: type=2
01-10 20:36:02.244 24651 24771 V threaded_app: New input event: type=2
01-10 20:36:02.261 24651 24771 V threaded_app: New input event: type=2
01-10 20:36:02.277 24651 24771 V threaded_app: New input event: type=2
01-10 20:36:02.294 24651 24771 V threaded_app: New input event: type=2
01-10 20:36:02.312 24651 24771 V threaded_app: New input event: type=2
01-10 20:36:02.322 24651 24771 V threaded_app: New input event: type=2
01-10 20:36:02.322 24651 24771 V threaded_app: New input event: type=2
01-10 20:36:02.344 24651 24771 V threaded_app: New input event: type=2
01-10 20:36:02.362 24651 24771 V threaded_app: New input event: type=2
01-10 20:36:02.377 24651 24771 V threaded_app: New input event: type=2
01-10 20:36:02.387 24651 24771 V threaded_app: New input event: type=2
01-10 20:36:02.388 24651 24771 V threaded_app: New input event: type=2
01-10 20:36:02.394 24651 24771 V threaded_app: New input event: type=2
01-10 20:36:02.410 24651 24771 V threaded_app: New input event: type=2
01-10 20:36:02.427 24651 24771 V threaded_app: New input event: type=2
01-10 20:36:02.444 24651 24771 V threaded_app: New input event: type=2
01-10 20:36:02.460 24651 24771 V threaded_app: New input event: type=2
01-10 20:36:02.477 24651 24771 V threaded_app: New input event: type=2
01-10 20:36:02.494 24651 24771 V threaded_app: New input event: type=2
01-10 20:36:02.510 24651 24771 V threaded_app: New input event: type=2
01-10 20:36:02.527 24651 24771 V threaded_app: New input event: type=2
01-10 20:36:02.544 24651 24771 V threaded_app: New input event: type=2
01-10 20:36:02.561 24651 24771 V threaded_app: New input event: type=2
01-10 20:36:02.577 24651 24771 V threaded_app: New input event: type=2
01-10 20:36:02.594 24651 24771 V threaded_app: New input event: type=2
01-10 20:36:02.611 24651 24771 V threaded_app: New input event: type=2
01-10 20:36:02.627 24651 24771 V threaded_app: New input event: type=2
01-10 20:36:02.645 24651 24771 V threaded_app: New input event: type=2
01-10 20:36:02.656 24651 24771 V threaded_app: New input event: type=2
01-10 20:36:02.656 24651 24771 V threaded_app: New input event: type=2
01-10 20:36:02.677 24651 24771 V threaded_app: New input event: type=2
01-10 20:36:02.694 24651 24771 V threaded_app: New input event: type=2
01-10 20:36:02.710 24651 24771 V threaded_app: New input event: type=2
01-10 20:36:02.727 24651 24771 V threaded_app: New input event: type=2
01-10 20:36:02.744 24651 24771 V threaded_app: New input event: type=2
01-10 20:36:02.760 24651 24771 V threaded_app: New input event: type=2
01-10 20:36:02.777 24651 24771 V threaded_app: New input event: type=2
01-10 20:36:02.782 24651 24985 I AudioManager: In isBluetoothScoOn(), calling
application: com.wd.clan
01-10 20:36:02.794 24651 24771 V threaded_app: New input event: type=2
01-10 20:36:02.810 24651 24771 V threaded_app: New input event: type=2
01-10 20:36:02.827 24651 24771 V threaded_app: New input event: type=2
01-10 20:36:02.844 24651 24771 V threaded_app: New input event: type=2
01-10 20:36:02.862 24651 24771 V threaded_app: New input event: type=2
01-10 20:36:02.877 24651 24771 V threaded_app: New input event: type=2
01-10 20:36:02.894 24651 24771 V threaded_app: New input event: type=2
01-10 20:36:02.911 24651 24771 V threaded_app: New input event: type=2
01-10 20:36:02.929 24651 24771 V threaded_app: New input event: type=2
01-10 20:36:02.938 24651 24771 V threaded_app: New input event: type=2
01-10 20:36:02.938 24651 24771 V threaded_app: New input event: type=2
01-10 20:36:02.944 24651 24771 V threaded_app: New input event: type=2
01-10 20:36:02.961 24651 24771 V threaded_app: New input event: type=2
01-10 20:36:02.979 24651 24771 V threaded_app: New input event: type=2
01-10 20:36:02.994 24651 24771 V threaded_app: New input event: type=2
01-10 20:36:03.011 24651 24771 V threaded_app: New input event: type=2
01-10 20:36:03.028 24651 24771 V threaded_app: New input event: type=2
01-10 20:36:03.044 24651 24771 V threaded_app: New input event: type=2
01-10 20:36:03.055 24651 24771 V threaded_app: New input event: type=2
01-10 20:36:03.056 24651 24771 V threaded_app: New input event: type=2
01-10 20:36:03.077 24651 24771 V threaded_app: New input event: type=2
01-10 20:36:03.094 24651 24771 V threaded_app: New input event: type=2
01-10 20:36:03.111 24651 24771 V threaded_app: New input event: type=2
01-10 20:36:03.127 24651 24771 V threaded_app: New input event: type=2
01-10 20:36:03.144 24651 24771 V threaded_app: New input event: type=2
01-10 20:36:03.161 24651 24771 V threaded_app: New input event: type=2
01-10 20:36:03.177 24651 24771 V threaded_app: New input event: type=2
01-10 20:36:03.194 24651 24771 V threaded_app: New input event: type=2
01-10 20:36:03.211 24651 24771 V threaded_app: New input event: type=2
01-10 20:36:03.227 24651 24771 V threaded_app: New input event: type=2
01-10 20:36:03.247 24651 24771 V threaded_app: New input event: type=2
01-10 20:36:03.261 24651 24771 V threaded_app: New input event: type=2
01-10 20:36:03.278 24651 24771 V threaded_app: New input event: type=2
01-10 20:36:03.294 24651 24771 V threaded_app: New input event: type=2
01-10 20:36:03.311 24651 24771 V threaded_app: New input event: type=2
01-10 20:36:03.321 24651 24771 V threaded_app: New input event: type=2
01-10 20:36:03.321 24651 24771 V threaded_app: New input event: type=2
01-10 20:36:03.327 24651 24771 V threaded_app: New input event: type=2
01-10 20:36:03.345 24651 24771 V threaded_app: New input event: type=2
01-10 20:36:03.361 24651 24771 V threaded_app: New input event: type=2
01-10 20:36:03.377 24651 24771 V threaded_app: New input event: type=2
01-10 20:36:03.394 24651 24771 V threaded_app: New input event: type=2
01-10 20:36:03.411 24651 24771 V threaded_app: New input event: type=2
01-10 20:36:03.422 24651 24771 V threaded_app: New input event: type=2
01-10 20:36:03.423 24651 24771 V threaded_app: New input event: type=2
01-10 20:36:03.444 24651 24771 V threaded_app: New input event: type=2
01-10 20:36:03.461 24651 24771 V threaded_app: New input event: type=2
01-10 20:36:03.478 24651 24771 V threaded_app: New input event: type=2
01-10 20:36:03.494 24651 24771 V threaded_app: New input event: type=2
01-10 20:36:03.511 24651 24771 V threaded_app: New input event: type=2
01-10 20:36:03.528 24651 24771 V threaded_app: New input event: type=2
01-10 20:36:03.544 24651 24771 V threaded_app: New input event: type=2
01-10 20:36:03.561 24651 24771 V threaded_app: New input event: type=2
01-10 20:36:03.577 24651 24771 V threaded_app: New input event: type=2
01-10 20:36:03.594 24651 24771 V threaded_app: New input event: type=2
01-10 20:36:03.611 24651 24771 V threaded_app: New input event: type=2
01-10 20:36:03.627 24651 24771 V threaded_app: New input event: type=2
01-10 20:36:03.644 24651 24771 V threaded_app: New input event: type=2
01-10 20:36:03.661 24651 24771 V threaded_app: New input event: type=2
01-10 20:36:03.677 24651 24771 V threaded_app: New input event: type=2
01-10 20:36:03.694 24651 24771 V threaded_app: New input event: type=2
01-10 20:36:03.711 24651 24771 V threaded_app: New input event: type=2
01-10 20:36:03.728 24651 24771 V threaded_app: New input event: type=2
01-10 20:36:03.744 24651 24771 V threaded_app: New input event: type=2
01-10 20:36:03.761 24651 24771 V threaded_app: New input event: type=2
01-10 20:36:03.777 24651 24771 V threaded_app: New input event: type=2
01-10 20:36:03.794 24651 24771 V threaded_app: New input event: type=2
01-10 20:36:03.811 24651 24771 V threaded_app: New input event: type=2
01-10 20:36:03.828 24651 24771 V threaded_app: New input event: type=2
01-10 20:36:03.846 24651 24771 V threaded_app: New input event: type=2
01-10 20:36:03.861 24651 24771 V threaded_app: New input event: type=2
01-10 20:36:03.878 24651 24771 V threaded_app: New input event: type=2
01-10 20:36:03.894 24651 24771 V threaded_app: New input event: type=2
01-10 20:36:03.911 24651 24771 V threaded_app: New input event: type=2
01-10 20:36:03.928 24651 24771 V threaded_app: New input event: type=2
01-10 20:36:03.945 24651 24771 V threaded_app: New input event: type=2
01-10 20:36:03.961 24651 24771 V threaded_app: New input event: type=2
01-10 20:36:03.978 24651 24771 V threaded_app: New input event: type=2
01-10 20:36:03.994 24651 24771 V threaded_app: New input event: type=2
01-10 20:36:04.006 24651 24771 V threaded_app: New input event: type=2
01-10 20:36:04.006 24651 24771 V threaded_app: New input event: type=2
01-10 20:36:04.028 24651 24771 V threaded_app: New input event: type=2
01-10 20:36:04.063 24651 24985 I AudioManager: In isBluetoothScoOn(), calling
application: com.wd.clan
01-10 20:36:04.078 24651 24771 V threaded_app: New input event: type=2
01-10 20:36:04.094 24651 24771 V threaded_app: New input event: type=2
