We take content rights seriously. If you suspect this is your content, claim it here.
Available Formats
Download as TXT, PDF, TXT or read online on Scribd
You are on page 1/ 8
--------- beginning of main
12-13 23:39:47.038 7395 7395 D nativeloader: Load /data/app/~~P7bHtpn0krH1j4XV-
zhb6A==/com.upgadata.up7723-nQRu2c29uSWEd98AawItcg==/lib/arm64/libc++_shared.so using ns clns-7 from class loader (caller=/data/app/~~P7bHtpn0krH1j4XV-zhb6A==/com.upgadata.up7723- nQRu2c29uSWEd98AawItcg==/base.apk!classes3.dex): ok
12-13 23:39:47.039 7395 7395 D nativeloader: Load /data/app/~~P7bHtpn0krH1j4XV- zhb6A==/com.upgadata.up7723-nQRu2c29uSWEd98AawItcg==/lib/arm64/libmmkv.so using ns clns-7 from class loader (caller=/data/app/~~P7bHtpn0krH1j4XV-zhb6A==/com.upgadata.up7723- nQRu2c29uSWEd98AawItcg==/base.apk!classes3.dex): ok
12-13 23:39:47.039 7395 7395 I MMKV : <native-bridge.cpp:101::JNI_OnLoad> current API level = 35
12-13 23:39:47.039 7395 7395 I MMKV : <MMKV.cpp:156::initialize> version v1.2.2 page size:4096
12-13 23:39:47.039 7395 7395 I MMKV : <MMKV.cpp:167::initialize> armv8 AES instructions is supported
12-13 23:39:47.039 7395 7395 I MMKV : <MMKV.cpp:175::initialize> armv8 CRC32 instructions is supported
12-13 23:39:47.039 7395 7395 I MMKV : <MMKV.cpp:198::initializeMMKV> root dir: /data/user/0/com.upgadata.up7723/files/mmkv
12-13 23:39:47.058 7395 18810 D CompatChangeReporter: Compat change id reported: 37756858; UID 10356; state: ENABLED
12-13 23:39:47.064 7395 18810 W System.err: java.lang.NoSuchFieldException: No field mHiddenApiWarningShown in class Landroid/app/ActivityThread; (declaration of 'android.app.ActivityThread' appears in /system/framework/framework.jar)
12-13 23:39:47.064 7395 18810 W System.err: at java.lang.Class.getDeclaredField(Native Method)
12-13 23:39:47.064 7395 18810 W System.err: at com.upgadata.up7723.MyApplication.closeAndroidPDialog(MyApplication.java:9)
12-13 23:39:47.064 7395 18810 W System.err: at com.upgadata.up7723.MyApplication.init(MyApplication.java:15)
12-13 23:39:47.064 7395 18810 W System.err: at com.upgadata.up7723.MyApplication.access$000(MyApplication.java:1)
12-13 23:39:47.064 7395 18810 W System.err: at com.upgadata.up7723.MyApplication$a.run(MyApplication.java:2)
12-13 23:39:47.066 7395 18810 I MMKV : <MMKV_IO.cpp:81::loadFromFile> loading [mmkv.default] with 295084 actual size, file size 524288, InterProcess 0, meta info version:3
12-13 23:39:47.066 7395 18810 I MMKV : <MMKV_IO.cpp:86::loadFromFile> loading [mmkv.default] with crc 3058676660 sequence 8 version 3
12-13 23:39:47.066 7395 18810 I MMKV : <MMKV_IO.cpp:130::loadFromFile> loaded [mmkv.default] with 35 key-values
12-13 23:39:47.069 7395 18812 D TrafficStats: tagSocket(136) with statsTag=0xffffffff, statsUid=-1
12-13 23:39:47.070 7395 18817 I DpmTcmClient: RegisterTcmMonitor from: $Proxy3
12-13 23:39:47.071 7395 18817 D TrafficStats: tagSocket(139) with statsTag=0xffffffff, statsUid=-1
12-13 23:39:47.071 7395 18816 D TrafficStats: tagSocket(141) with statsTag=0xffffffff, statsUid=-1
12-13 23:39:47.072 7395 18817 I Pinger : Ping response: `ping ok`, pinged? true
12-13 23:39:47.072 7395 18812 I HttpProxyCacheServer: Proxy cache server started. Is it alive? true
12-13 23:39:47.075 7395 18810 D AppOpsManager: Noted app header size: 36
12-13 23:39:47.091 7395 18810 W System.err: java.lang.ClassNotFoundException: com.huawei.system.BuildEx
12-13 23:39:47.091 7395 18810 W System.err: at java.lang.Class.classForName(Native Method)
12-13 23:39:47.091 7395 18810 W System.err: at java.lang.Class.forName(Class.java:607)
12-13 23:39:47.091 7395 18810 W System.err: at java.lang.Class.forName(Class.java:512)
12-13 23:39:47.091 7395 18810 W System.err: at bzdevicesinfo.z.x(SourceFile:1)
12-13 23:39:47.091 7395 18810 W System.err: at bzdevicesinfo.a0.d(SourceFile:28)
12-13 23:39:47.091 7395 18810 W System.err: at com.bz.devieceinfomod.BzDeviceManager.initSdk(SourceFile:1)
12-13 23:39:47.091 7395 18810 W System.err: at com.upgadata.up7723.http.utils.i.f(PhoneParamsUtil.java:20)
12-13 23:39:47.091 7395 18810 W System.err: at com.upgadata.up7723.MyApplication.initPhone(MyApplication.java:2)
12-13 23:39:47.091 7395 18810 W System.err: at com.upgadata.up7723.MyApplication.init(MyApplication.java:21)
12-13 23:39:47.091 7395 18810 W System.err: at com.upgadata.up7723.MyApplication.access$000(MyApplication.java:1)
12-13 23:39:47.091 7395 18810 W System.err: at com.upgadata.up7723.MyApplication$a.run(MyApplication.java:2)
12-13 23:39:47.091 7395 18810 W System.err: Caused by: java.lang.ClassNotFoundException: com.huawei.system.BuildEx
12-13 23:39:47.091 7395 18810 W System.err: ... 11 more
12-13 23:39:47.093 7395 18810 D nativeloader: Load /data/app/~~P7bHtpn0krH1j4XV- zhb6A==/com.upgadata.up7723-nQRu2c29uSWEd98AawItcg==/lib/arm64/libsecsdk.so using ns clns-7 from class loader (caller=/data/app/~~P7bHtpn0krH1j4XV-zhb6A==/com.upgadata.up7723- nQRu2c29uSWEd98AawItcg==/base.apk!classes3.dex): ok
12-13 23:39:47.122 7395 18824 D IdProviderImpl: getOAID from com.upgadata.up7723
12-13 23:39:47.123 7395 18825 D IdProviderImpl: getOAID from com.upgadata.up7723
12-13 23:39:47.125 7395 18825 D IdProviderImpl: getVAID from com.upgadata.up7723
12-13 23:39:47.127 7395 18824 D IdProviderImpl: getVAID from com.upgadata.up7723
12-13 23:39:47.128 7395 18824 D IdProviderImpl: getAAID from com.upgadata.up7723
12-13 23:39:47.129 7395 18825 D IdProviderImpl: getAAID from com.upgadata.up7723
12-13 23:39:47.138 7395 18810 D nativeloader: Load /data/app/~~P7bHtpn0krH1j4XV- zhb6A==/com.upgadata.up7723-nQRu2c29uSWEd98AawItcg==/lib/arm64/libBugly_Native.so using ns clns-7 from class loader (caller=/data/app/~~P7bHtpn0krH1j4XV-zhb6A==/com.upgadata.up7723- nQRu2c29uSWEd98AawItcg==/base.apk!classes3.dex): ok
12-13 23:39:47.138 7395 18810 I eup : register native abi method success
12-13 23:39:47.141 7395 18827 W System.err: java.net.UnknownHostException: Unable to resolve host "cfg.imtt.qq.com": No address associated with hostname
12-13 23:39:47.141 7395 18827 W System.err: at java.net.Inet6AddressImpl.lookupHostByName(Inet6AddressImpl.java:156)
12-13 23:39:47.141 7395 18827 W System.err: at java.net.Inet6AddressImpl.lookupAllHostAddr(Inet6AddressImpl.java:103)
12-13 23:39:47.141 7395 18827 W System.err: at java.net.InetAddress.getAllByName(InetAddress.java:1152)
12-13 23:39:47.141 7395 18827 W System.err: at com.android.okhttp.Dns$1.lookup(Dns.java:41)
12-13 23:39:47.141 7395 18827 W System.err: at com.android.okhttp.internal.http.RouteSelector.resetNextInetSocketAddress(RouteSele ctor.java:178)
12-13 23:39:47.141 7395 18827 W System.err: at com.android.okhttp.internal.http.RouteSelector.nextProxy(RouteSelector.java:144)
12-13 23:39:47.141 7395 18827 W System.err: at com.android.okhttp.internal.http.RouteSelector.next(RouteSelector.java:86)
12-13 23:39:47.141 7395 18827 W System.err: at com.android.okhttp.internal.http.StreamAllocation.findConnection(StreamAllocation.j ava:176)
12-13 23:39:47.141 7395 18827 W System.err: at com.android.okhttp.internal.http.StreamAllocation.findHealthyConnection(StreamAlloc ation.java:128)
12-13 23:39:47.141 7395 18827 W System.err: at com.android.okhttp.internal.http.StreamAllocation.newStream(StreamAllocation.java:9 7)
12-13 23:39:47.141 7395 18827 W System.err: at com.android.okhttp.internal.http.HttpEngine.connect(HttpEngine.java:289)
12-13 23:39:47.141 7395 18827 W System.err: at com.android.okhttp.internal.http.HttpEngine.sendRequest(HttpEngine.java:232)
12-13 23:39:47.141 7395 18827 W System.err: at com.android.okhttp.internal.huc.HttpURLConnectionImpl.execute(HttpURLConnectionImpl .java:465)
12-13 23:39:47.141 7395 18827 W System.err: at com.android.okhttp.internal.huc.HttpURLConnectionImpl.connect(HttpURLConnectionImpl .java:131)
12-13 23:39:47.141 7395 18827 W System.err: at com.android.okhttp.internal.huc.HttpURLConnectionImpl.getOutputStream(HttpURLConnec tionImpl.java:262)
12-13 23:39:47.141 7395 18827 W System.err: at com.android.okhttp.internal.huc.DelegatingHttpsURLConnection.getOutputStream(Delega tingHttpsURLConnection.java:219)
12-13 23:39:47.141 7395 18827 W System.err: at com.android.okhttp.internal.huc.HttpsURLConnectionImpl.getOutputStream(HttpsURLConn ectionImpl.java:30)
12-13 23:39:47.141 7395 18827 W System.err: at com.tencent.smtt.utils.g.a(Unknown Source:1)
12-13 23:39:47.141 7395 18827 W System.err: at com.tencent.smtt.utils.g.a(Unknown Source:117)
12-13 23:39:47.141 7395 18827 W System.err: at com.tencent.smtt.sdk.TbsDownloader.b(Unknown Source:391)
12-13 23:39:47.141 7395 18827 W System.err: at com.tencent.smtt.sdk.TbsDownloader.a(Unknown Source:0)
12-13 23:39:47.141 7395 18827 W System.err: at com.tencent.smtt.sdk.TbsDownloader$1.handleMessage(Unknown Source:229)
12-13 23:39:47.141 7395 18827 W System.err: at android.os.Handler.dispatchMessage(Handler.java:107)
12-13 23:39:47.141 7395 18827 W System.err: at android.os.Looper.loopOnce(Looper.java:249)
12-13 23:39:47.141 7395 18827 W System.err: at android.os.Looper.loop(Looper.java:337)
12-13 23:39:47.141 7395 18827 W System.err: at android.os.HandlerThread.run(HandlerThread.java:85)
12-13 23:39:47.141 7395 18827 W System.err: Caused by: android.system.GaiException: android_getaddrinfo failed: EAI_NODATA (No address associated with hostname)
12-13 23:39:47.141 7395 18827 W System.err: at libcore.io.Linux.android_getaddrinfo(Native Method)
12-13 23:39:47.141 7395 18827 W System.err: at libcore.io.ForwardingOs.android_getaddrinfo(ForwardingOs.java:133)
12-13 23:39:47.141 7395 18827 W System.err: at libcore.io.BlockGuardOs.android_getaddrinfo(BlockGuardOs.java:222)
12-13 23:39:47.141 7395 18827 W System.err: at libcore.io.ForwardingOs.android_getaddrinfo(ForwardingOs.java:133)
12-13 23:39:47.141 7395 18827 W System.err: at java.net.Inet6AddressImpl.lookupHostByName(Inet6AddressImpl.java:135)
12-13 23:39:47.141 7395 18827 W System.err: ... 25 more
12-13 23:39:47.142 7395 18827 W System.err: org.json.JSONException: Value ["HttpError"] of type org.json.JSONArray cannot be converted to JSONObject
12-13 23:39:47.142 7395 18827 W System.err: at org.json.JSON.typeMismatch(JSON.java:112)
12-13 23:39:47.142 7395 18827 W System.err: at org.json.JSONObject.<init>(JSONObject.java:172)
12-13 23:39:47.142 7395 18827 W System.err: at org.json.JSONObject.<init>(JSONObject.java:185)
12-13 23:39:47.142 7395 18827 W System.err: at com.tencent.smtt.sdk.TbsDownloader.a(Unknown Source:70)
12-13 23:39:47.142 7395 18827 W System.err: at com.tencent.smtt.sdk.TbsDownloader.b(Unknown Source:462)
12-13 23:39:47.142 7395 18827 W System.err: at com.tencent.smtt.sdk.TbsDownloader.a(Unknown Source:0)
12-13 23:39:47.142 7395 18827 W System.err: at com.tencent.smtt.sdk.TbsDownloader$1.handleMessage(Unknown Source:229)
12-13 23:39:47.142 7395 18827 W System.err: at android.os.Handler.dispatchMessage(Handler.java:107)
12-13 23:39:47.142 7395 18827 W System.err: at android.os.Looper.loopOnce(Looper.java:249)
12-13 23:39:47.142 7395 18827 W System.err: at android.os.Looper.loop(Looper.java:337)
12-13 23:39:47.142 7395 18827 W System.err: at android.os.HandlerThread.run(HandlerThread.java:85)
12-13 23:39:47.148 7395 18847 W System.err: java.net.UnknownHostException: Unable to resolve host "android.bugly.qq.com": No address associated with hostname
12-13 23:39:47.148 7395 18847 W System.err: at java.net.Inet6AddressImpl.lookupHostByName(Inet6AddressImpl.java:156)
12-13 23:39:47.148 7395 18847 W System.err: at java.net.Inet6AddressImpl.lookupAllHostAddr(Inet6AddressImpl.java:103)
12-13 23:39:47.148 7395 18847 W System.err: at java.net.InetAddress.getAllByName(InetAddress.java:1152)
12-13 23:39:47.148 7395 18847 W System.err: at com.android.okhttp.Dns$1.lookup(Dns.java:41)
12-13 23:39:47.148 7395 18847 W System.err: at com.android.okhttp.internal.http.RouteSelector.resetNextInetSocketAddress(RouteSele ctor.java:178)
12-13 23:39:47.148 7395 18847 W System.err: at com.android.okhttp.internal.http.RouteSelector.nextProxy(RouteSelector.java:144)
12-13 23:39:47.148 7395 18847 W System.err: at com.android.okhttp.internal.http.RouteSelector.next(RouteSelector.java:86)
12-13 23:39:47.148 7395 18847 W System.err: at com.android.okhttp.internal.http.StreamAllocation.findConnection(StreamAllocation.j ava:176)
12-13 23:39:47.148 7395 18847 W System.err: at com.android.okhttp.internal.http.StreamAllocation.findHealthyConnection(StreamAlloc ation.java:128)
12-13 23:39:47.148 7395 18847 W System.err: at com.android.okhttp.internal.http.StreamAllocation.newStream(StreamAllocation.java:9 7)
12-13 23:39:47.148 7395 18847 W System.err: at com.android.okhttp.internal.http.HttpEngine.connect(HttpEngine.java:289)
12-13 23:39:47.148 7395 18847 W System.err: at com.android.okhttp.internal.http.HttpEngine.sendRequest(HttpEngine.java:232)
12-13 23:39:47.148 7395 18847 W System.err: at com.android.okhttp.internal.huc.HttpURLConnectionImpl.execute(HttpURLConnectionImpl .java:465)
12-13 23:39:47.148 7395 18847 W System.err: at com.android.okhttp.internal.huc.HttpURLConnectionImpl.connect(HttpURLConnectionImpl .java:131)
12-13 23:39:47.148 7395 18847 W System.err: at com.android.okhttp.internal.huc.HttpURLConnectionImpl.getOutputStream(HttpURLConnec tionImpl.java:262)
12-13 23:39:47.148 7395 18847 W System.err: at com.android.okhttp.internal.huc.DelegatingHttpsURLConnection.getOutputStream(Delega tingHttpsURLConnection.java:219)
12-13 23:39:47.148 7395 18847 W System.err: at com.android.okhttp.internal.huc.HttpsURLConnectionImpl.getOutputStream(HttpsURLConn ectionImpl.java:30)
12-13 23:39:47.148 7395 18847 W System.err: at com.tencent.bugly.proguard.af.a(BUGLY:63)
12-13 23:39:47.148 7395 18847 W System.err: at com.tencent.bugly.proguard.af.a(BUGLY:13)
12-13 23:39:47.148 7395 18847 W System.err: at com.tencent.bugly.proguard.aj.run(BUGLY:39)
12-13 23:39:47.148 7395 18847 W System.err: at com.tencent.bugly.proguard.ai$1.run(BUGLY:1)
12-13 23:39:47.148 7395 18847 W System.err: at java.lang.Thread.run(Thread.java:1012)
12-13 23:39:47.148 7395 18847 W System.err: Caused by: android.system.GaiException: android_getaddrinfo failed: EAI_NODATA (No address associated with hostname)
12-13 23:39:47.148 7395 18847 W System.err: at libcore.io.Linux.android_getaddrinfo(Native Method)
12-13 23:39:47.148 7395 18847 W System.err: at libcore.io.ForwardingOs.android_getaddrinfo(ForwardingOs.java:133)
12-13 23:39:47.148 7395 18847 W System.err: at libcore.io.BlockGuardOs.android_getaddrinfo(BlockGuardOs.java:222)
12-13 23:39:47.148 7395 18847 W System.err: at libcore.io.ForwardingOs.android_getaddrinfo(ForwardingOs.java:133)
12-13 23:39:47.148 7395 18847 W System.err: at java.net.Inet6AddressImpl.lookupHostByName(Inet6AddressImpl.java:135)
12-13 23:39:47.148 7395 18847 W System.err: ... 21 more
12-13 23:39:47.152 7395 18810 D nativeloader: Load /data/app/~~P7bHtpn0krH1j4XV- zhb6A==/com.upgadata.up7723-nQRu2c29uSWEd98AawItcg==/lib/arm64/libcrashsdk.so using ns clns-7 from class loader (caller=/data/app/~~P7bHtpn0krH1j4XV-zhb6A==/com.upgadata.up7723- nQRu2c29uSWEd98AawItcg==/base.apk!classes4.dex): ok
12-13 23:39:47.152 7395 18810 W crashsdk: Set: Unknown key 38
12-13 23:39:47.152 7395 18810 W crashsdk: Set: Unknown key 39
12-13 23:39:47.146 7395 7395 W Thread-6: type=1400 audit(0.0:337872): avc: denied { read } for name="version" dev="proc" ino=4026532016 scontext=u:r:untrusted_app_27:s0:c100,c257,c512,c768 tcontext=u:object_r:proc_version:s0 tclass=file permissive=0 app=com.upgadata.up7723
12-13 23:39:47.153 7395 7395 I crashsdk: Catcher mask: 5000, 20480
12-13 23:39:47.153 7395 7395 I crashsdk: Catcher thread 18776
12-13 23:39:47.153 7395 7395 D crashsdk: Register ANR handler ...
12-13 23:39:47.153 7395 18860 D crashsdk: Native log stat thread 18860 setup, waiting
12-13 23:39:47.154 7395 18810 I crashsdk: begin hack android.os.Process
12-13 23:39:47.154 7395 18810 I crashsdk: end hack android.os.Process
12-13 23:39:47.154 7395 18810 I crashsdk: LibcMalloc detail: disabled.
12-13 23:39:47.156 7395 18862 E upgadata.up7723: Invalid resource ID 0x00000000.
12-13 23:39:47.156 7395 18848 E upgadata.up7723: Invalid resource ID 0x00000000.
12-13 23:39:47.161 7395 18867 D IdProviderImpl: getOAID from com.upgadata.up7723
12-13 23:39:47.163 7395 18810 W upgadata.up7723: Method void qm_m.qm_a.qm_b.qm_b.qm_u.qm_h.qm_e.a(java.lang.String, com.tencent.qqmini.sdk.launcher.model.MiniAppBaseInfo, android.os.Bundle) failed lock verification and will run slower.
12-13 23:39:47.163 7395 18810 W upgadata.up7723: Common causes for lock verification issues are non-optimized dex code
12-13 23:39:47.163 7395 18810 W upgadata.up7723: and incorrect proguard optimizations.
12-13 23:39:47.163 7395 18810 W upgadata.up7723: Method void qm_m.qm_a.qm_b.qm_b.qm_u.qm_h.qm_e.c(java.lang.String, com.tencent.qqmini.sdk.launcher.model.MiniAppBaseInfo, android.os.Bundle) failed lock verification and will run slower.
12-13 23:39:47.163 7395 18810 W upgadata.up7723: Method void qm_m.qm_a.qm_b.qm_b.qm_u.qm_h.qm_e.f(java.lang.String, com.tencent.qqmini.sdk.launcher.model.MiniAppBaseInfo, android.os.Bundle) failed lock verification and will run slower.
12-13 23:39:47.164 7395 18871 D nativeloader: Load /data/app/~~P7bHtpn0krH1j4XV- zhb6A==/com.upgadata.up7723-nQRu2c29uSWEd98AawItcg==/lib/arm64/libumeng-spy.so using ns clns-7 from class loader (caller=/data/app/~~P7bHtpn0krH1j4XV-zhb6A==/com.upgadata.up7723- nQRu2c29uSWEd98AawItcg==/base.apk!classes4.dex): ok
12-13 23:39:47.170 18873 18873 W ZIDThreadPoolEx: type=1400 audit(0.0:337873): avc: denied { read } for name="u:object_r:qemu_hw_prop:s0" dev="tmpfs" ino=438 scontext=u:r:untrusted_app_27:s0:c100,c257,c512,c768 tcontext=u:object_r:qemu_hw_prop:s0 tclass=file permissive=0 app=com.upgadata.up7723
12-13 23:39:47.170 18873 18873 W ZIDThreadPoolEx: type=1400 audit(0.0:337874): avc: denied { read } for name="u:object_r:qemu_sf_lcd_density_prop:s0" dev="tmpfs" ino=439 scontext=u:r:untrusted_app_27:s0:c100,c257,c512,c768 tcontext=u:object_r:qemu_sf_lcd_density_prop:s0 tclass=file permissive=0 app=com.upgadata.up7723
12-13 23:39:47.170 18873 18873 W ZIDThreadPoolEx: type=1400 audit(0.0:337875): avc: denied { read } for name="u:object_r:serialno_prop:s0" dev="tmpfs" ino=455 scontext=u:r:untrusted_app_27:s0:c100,c257,c512,c768 tcontext=u:object_r:serialno_prop:s0 tclass=file permissive=0 app=com.upgadata.up7723
12-13 23:39:47.174 18873 18873 W libc : Access denied finding property "qemu.hw.mainkeys"
12-13 23:39:47.174 18873 18873 W libc : Access denied finding property "qemu.sf.lcd_density"
12-13 23:39:47.174 18873 18873 W libc : Access denied finding property "ro.serialno"
12-13 23:39:47.221 18873 18873 I Umeng_ZID: native zid is APEnNvEICEz8C_QaQ- wvMqHbbwMlVeqk4tWtEXZjAqkc1QmWvu73vsS9DesIVWAaWOwK76feESrZE7zEHWOl2KNTdTeFwI1eSIUG9 79ZCDyCk5q4Xe48yz7GNq3h9ET2qW- zrlh5EDAUcgUIOTqWJNPYu0dEXcfBaaTpjf6aKCGHG9ZAdoQZmQ5uFt0Li6u65vlluWGznfg6zTTDJIpnwM BmPD4rCo_IYCG0jeguVNtKv7bCk4sBg7bOmzaAKKSZ0KJ4sGSM1z5Rv33pU9sve9il1HrYfh7ttQIUaC9he Z_3kT6q329GXjCh3i-kA4DWyqBoQs1wiAzmitw- koku2PUIeqwiTutUnM_m50UC83r_b9CXcnf0crU21zC5FCS8OYPzXBjdyh2F7- TQD4uziOXS0WRmkNoY9VUc7r3zkDbhXDJerH2b9RcGjsLUU4lYyT49aVf_5CJtUAXxcTXRZrk8TQX- CvuveeG3fwLL803aWFHtDaYcCZb4_xmn6UdllcGljC3NOf5lZhlHwKFgfIhpMf-wP30M0A==
12-13 23:39:47.221 18873 18873 I Umeng_ZID:
12-13 23:39:47.233 7395 18871 W System.err: java.net.UnknownHostException: Unable to resolve host "utoken.umeng.com": No address associated with hostname
12-13 23:39:47.233 7395 18871 W System.err: at java.net.Inet6AddressImpl.lookupHostByName(Inet6AddressImpl.java:156)
12-13 23:39:47.233 7395 18871 W System.err: at java.net.Inet6AddressImpl.lookupAllHostAddr(Inet6AddressImpl.java:103)
12-13 23:39:47.233 7395 18871 W System.err: at java.net.InetAddress.getAllByName(InetAddress.java:1152)
12-13 23:39:47.233 7395 18871 W System.err: at com.android.okhttp.Dns$1.lookup(Dns.java:41)
12-13 23:39:47.233 7395 18871 W System.err: at com.android.okhttp.internal.http.RouteSelector.resetNextInetSocketAddress(RouteSele ctor.java:178)
12-13 23:39:47.233 7395 18871 W System.err: at com.android.okhttp.internal.http.RouteSelector.nextProxy(RouteSelector.java:144)
12-13 23:39:47.233 7395 18871 W System.err: at com.android.okhttp.internal.http.RouteSelector.next(RouteSelector.java:86)
12-13 23:39:47.233 7395 18871 W System.err: at com.android.okhttp.internal.http.StreamAllocation.findConnection(StreamAllocation.j ava:176)
12-13 23:39:47.233 7395 18871 W System.err: at com.android.okhttp.internal.http.StreamAllocation.findHealthyConnection(StreamAlloc ation.java:128)
12-13 23:39:47.233 7395 18871 W System.err: at com.android.okhttp.internal.http.StreamAllocation.newStream(StreamAllocation.java:9 7)
12-13 23:39:47.233 7395 18871 W System.err: at com.android.okhttp.internal.http.HttpEngine.connect(HttpEngine.java:289)
12-13 23:39:47.233 7395 18871 W System.err: at com.android.okhttp.internal.http.HttpEngine.sendRequest(HttpEngine.java:232)
12-13 23:39:47.233 7395 18871 W System.err: at com.android.okhttp.internal.huc.HttpURLConnectionImpl.execute(HttpURLConnectionImpl .java:465)
12-13 23:39:47.233 7395 18871 W System.err: at com.android.okhttp.internal.huc.HttpURLConnectionImpl.connect(HttpURLConnectionImpl .java:131)
12-13 23:39:47.233 7395 18871 W System.err: at com.android.okhttp.internal.huc.HttpURLConnectionImpl.getOutputStream(HttpURLConnec tionImpl.java:262)
12-13 23:39:47.233 7395 18871 W System.err: at com.android.okhttp.internal.huc.DelegatingHttpsURLConnection.getOutputStream(Delega tingHttpsURLConnection.java:219)
12-13 23:39:47.233 7395 18871 W System.err: at com.android.okhttp.internal.huc.HttpsURLConnectionImpl.getOutputStream(HttpsURLConn ectionImpl.java:30)
12-13 23:39:47.233 7395 18871 W System.err: at com.umeng.umzid.a.a(Unknown Source:79)
12-13 23:39:47.233 7395 18871 W System.err: at com.umeng.umzid.ZIDManager.b(:10)
12-13 23:39:47.233 7395 18871 W System.err: at com.umeng.umzid.ZIDManager$b.run(:1)
12-13 23:39:47.233 7395 18871 W System.err: at java.util.concurrent.Executors$RunnableAdapter.call(Executors.java:487)
12-13 23:39:47.233 7395 18871 W System.err: at java.util.concurrent.FutureTask.run(FutureTask.java:264)
12-13 23:39:47.233 7395 18871 W System.err: at java.util.concurrent.ScheduledThreadPoolExecutor$ScheduledFutureTask.run(ScheduledT hreadPoolExecutor.java:307)
12-13 23:39:47.233 7395 18871 W System.err: at java.util.concurrent.ThreadPoolExecutor.runWorker(ThreadPoolExecutor.java:1251)
12-13 23:39:47.233 7395 18871 W System.err: at java.util.concurrent.ThreadPoolExecutor$Worker.run(ThreadPoolExecutor.java:668)
12-13 23:39:47.233 7395 18871 W System.err: at java.lang.Thread.run(Thread.java:1012)
12-13 23:39:47.233 7395 18871 W System.err: Caused by: android.system.GaiException: android_getaddrinfo failed: EAI_NODATA (No address associated with hostname)
12-13 23:39:47.233 7395 18871 W System.err: at libcore.io.Linux.android_getaddrinfo(Native Method)
12-13 23:39:47.233 7395 18871 W System.err: at libcore.io.ForwardingOs.android_getaddrinfo(ForwardingOs.java:133)
12-13 23:39:47.233 7395 18871 W System.err: at libcore.io.BlockGuardOs.android_getaddrinfo(BlockGuardOs.java:222)
12-13 23:39:47.233 7395 18871 W System.err: at libcore.io.ForwardingOs.android_getaddrinfo(ForwardingOs.java:133)
12-13 23:39:47.233 7395 18871 W System.err: at java.net.Inet6AddressImpl.lookupHostByName(Inet6AddressImpl.java:135)
12-13 23:39:47.233 7395 18871 W System.err: ... 25 more
12-13 23:39:50.244 7395 18779 I upgadata.up7723: This is non sticky GC, maxfree is 33554432 minfree is 8388608
12-13 23:39:50.242 7395 7395 W FinalizerDaemon: type=1400 audit(0.0:337900): avc: denied { getopt } for path="/dev/socket/usap_pool_primary" scontext=u:r:untrusted_app_27:s0:c100,c257,c512,c768 tcontext=u:r:zygote:s0 tclass=unix_stream_socket permissive=0 app=com.upgadata.up7723
12-13 23:39:50.248 7395 18781 W System : A resource failed to call close.
12-13 23:39:50.250 7395 18781 W System : A resource failed to call close.
12-13 23:39:50.251 7395 18781 W System : A resource failed to call close.
12-13 23:39:50.253 7395 18781 W System : A resource failed to call close.
12-13 23:39:50.255 7395 18781 W System : A resource failed to call close.
12-13 23:39:50.257 7395 18781 W System : A resource failed to call close.