02-23 19:10:44.648 3850 3936 W System.err: at libcore.io.ForwardingOs.android_getaddrinfo(ForwardingOs.java:73)
02-23 19:10:44.648 3850 3936 W System.err:
02-23 19:10:44.648 3850 3936 W System.err: at java.net.Inet6AddressImpl.lookupHostByName(Inet6AddressImpl.java:135)
02-23 19:10:44.649 3850 3936 W System.err:
02-23 19:10:44.649 3850 3936 W System.err: ... 27 more
02-23 19:10:44.649 3850 3936 W System.err:
02-23 19:10:45.594 3850 3850 E ArmVmp : Match on catch block at 0xb0 in for 0xe1
02-23 19:10:45.806 3850 3850 E ArmVmp : Match on catch block at 0xb0 in for 0xe9
02-23 19:10:45.878 3850 3850 E ArmVmp : Match on catch block at 0xb0 in for 0xe9
02-23 19:10:45.937 3850 3850 E ArmVmp : Match on catch block at 0xb0 in for 0xe9
02-23 19:10:45.987 3850 3850 E ArmVmp : Match on catch block at 0xb0 in for 0xe1
02-23 19:10:46.093 3850 3850 E ArmVmp : Match on catch block at 0xb0 in for 0xe1
02-23 19:10:46.186 3850 3850 E ArmVmp : Match on catch block at 0xb0 in for 0xe1
02-23 19:10:46.368 3850 3850 E ArmVmp : Match on catch block at 0xb0 in for 0xe1
02-23 19:10:46.425 3850 3850 E ArmVmp : Match on catch block at 0xb0 in for 0xe1
02-23 19:10:46.521 3850 3850 E ArmVmp : Match on catch block at 0xb0 in for 0xe1
02-23 19:10:46.615 3850 3850 E ArmVmp : Match on catch block at 0xb0 in for 0xe1
02-23 19:10:46.677 3850 3850 E ArmVmp : Match on catch block at 0xb0 in for 0xe1
02-23 19:10:46.737 3850 3850 E ArmVmp : Match on catch block at 0xb0 in for 0xe1
02-23 19:10:46.807 3850 3850 E ArmVmp : Match on catch block at 0xb0 in for 0xe1
02-23 19:10:46.861 3850 3850 E ArmVmp : Match on catch block at 0xb0 in for 0xe1
02-23 19:10:46.943 3850 3850 E ArmVmp : Match on catch block at 0xb0 in for 0xe1
02-23 19:10:47.021 3850 3850 E RecyclerView: No adapter attached; skipping layout
02-23 19:10:47.147 3850 3850 E RecyclerView: No adapter attached; skipping layout
02-23 19:10:47.161 3850 3850 E ArmVmp : Match on catch block at 0x0a in for 0xc1
02-23 19:10:47.772 3850 4261 W LOTTIE : Animation contains merge paths. Merge paths are only supported on KitKat+ and must be manually enabled by calling enableMergePathsForKitKatAndAbove().
02-23 19:10:47.861 3850 4003 E libc : Access denied finding property "vendor.mali.config"
02-23 19:10:47.877 3850 3850 E ArmVmp : Match on catch block at 0xb0 in for 0x111
02-23 19:10:47.887 3850 3850 E ArmVmp : Match on catch block at 0xb0 in for 0x111
02-23 19:10:47.908 3850 3850 E ArmVmp : Match on catch block at 0xb0 in for 0x111
02-23 19:10:47.966 3850 3850 E ArmVmp : Match on catch block at 0xb0 in for 0x115
02-23 19:10:47.973 3850 3850 E ArmVmp : Match on catch block at 0xb0 in for 0x115
02-23 19:10:47.983 3850 3850 E ArmVmp : Match on catch block at 0xb0 in for 0x115
02-23 19:10:47.988 3850 3850 E ArmVmp : Match on catch block at 0xb0 in for 0x115
02-23 19:10:48.396 3850 4003 E libc : Access denied finding property "persist.vendor.sf.fbc"
02-23 19:10:48.396 3850 4003 E libc : Access denied finding property "persist.vendor.gpu.fbc"
02-23 19:10:48.397 3850 4003 E libc : Access denied finding property "persist.vendor.vsp.fbc"
02-23 19:10:48.618 3850 3850 W LOTTIE : Animation contains merge paths but they are disabled.
02-23 19:10:49.140 3850 3850 E ArmVmp : Match on catch block at 0xb0 in for 0xe5
02-23 19:10:49.230 3850 3850 E ArmVmp : Match on catch block at 0xb0 in for 0xd5
02-23 19:10:49.254 3850 3850 E ArmVmp : Match on catch block at 0xb0 in for 0xd9
02-23 19:10:50.316 3850 3850 W pool-5-thread-1: type=1400 audit(0.0:1715): avc: granted { execute } for path="/data/data/com.mbwhatsapp/files/decompressed/libs.spk.zst/libgifimage.so" dev="dm-11" ino=1372323 scontext=u:r:untrusted_app:s0:c209,c256,c512,c768 tcontext=u:object_r:app_data_file:s0:c209,c256,c512,c768 tclass=file app=com.mbwhatsapp
02-23 19:10:52.273 3850 3876 W LibraryVersion: Failed to get app version for libraryName: firebase-iid
02-23 19:10:55.123 3850 5014 E RenderScript: Failed loading RS driver: dlopen failed: library "libRSDriverArm.so" not found
02-23 19:10:55.123 3850 5014 E RenderScript: Failed to load runtime libRSDriverArm.so, loading default
02-23 19:10:55.481 3850 3850 E ArmVmp : Match on catch block at 0xb0 in for 0xd5
02-23 19:10:55.489 3850 3850 E ArmVmp : Match on catch block at 0xb0 in for 0xd9
02-23 19:10:55.553 3850 3850 W CheckTime: App running slow: Executing activity onCreate took 919ms
02-23 19:10:55.614 3850 3850 E ArmVmp : Match on catch block at 0x0a in for 0xb9
02-23 19:10:55.622 3850 3850 E ArmVmp : Match on catch block at 0x0a in for 0xb9
02-23 19:10:56.537 3850 3850 E ArmVmp : Match on catch block at 0xc3 in for 0xa1
02-23 19:10:56.576 3850 3850 E ArmVmp : Match on catch block at 0xc3 in for 0xa9
02-23 19:10:56.580 3850 3850 E ArmVmp : Match on catch block at 0xc3 in for 0xa9
02-23 19:10:56.757 3850 3850 E ArmVmp : Match on catch block at 0xc3 in for 0x99
02-23 19:10:56.764 3850 3850 E ArmVmp : Match on catch block at 0xc3 in for 0x95
02-23 19:10:56.770 3850 3850 E ArmVmp : Match on catch block at 0xc3 in for 0x95
02-23 19:10:56.961 3850 3850 E ArmVmp : Match on catch block at 0xc3 in for 0x95
02-23 19:10:56.965 3850 3850 E ArmVmp : Match on catch block at 0xc3 in for 0x99
02-23 19:10:56.968 3850 3850 E ArmVmp : Match on catch block at 0xc3 in for 0x99
02-23 19:10:57.150 3850 3850 E ArmVmp : Match on catch block at 0xc3 in for 0x95
02-23 19:10:57.160 3850 3850 E ArmVmp : Match on catch block at 0xc3 in for 0x99
02-23 19:10:57.165 3850 3850 E ArmVmp : Match on catch block at 0xc3 in for 0x99
02-23 19:10:57.235 3850 3850 E ArmVmp : Match on catch block at 0xc3 in for 0x99
02-23 19:10:57.238 3850 3850 E ArmVmp : Match on catch block at 0xc3 in for 0x91
02-23 19:10:57.242 3850 3850 E ArmVmp : Match on catch block at 0xc3 in for 0x91
02-23 19:10:57.441 3850 3850 E ArmVmp : Match on catch block at 0xc3 in for 0x95
02-23 19:10:57.448 3850 3850 E ArmVmp : Match on catch block at 0xc3 in for 0x99
02-23 19:10:57.457 3850 3850 E ArmVmp : Match on catch block at 0xc3 in for 0x99
02-23 19:10:57.546 3850 3850 E ArmVmp : Match on catch block at 0xc3 in for 0x91
02-23 19:10:57.553 3850 3850 E ArmVmp : Match on catch block at 0xc3 in for 0x95
02-23 19:10:57.564 3850 3850 E ArmVmp : Match on catch block at 0xc3 in for 0x95
02-23 19:10:57.762 3850 3850 E ArmVmp : Match on catch block at 0xc3 in for 0x95
02-23 19:10:57.774 3850 3850 E ArmVmp : Match on catch block at 0xc3 in for 0x99
02-23 19:10:57.784 3850 3850 E ArmVmp : Match on catch block at 0xc3 in for 0x99
02-23 19:10:57.949 3850 3850 E ArmVmp : Match on catch block at 0xc3 in for 0x95
02-23 19:10:57.953 3850 3850 E ArmVmp : Match on catch block at 0xc3 in for 0x99
02-23 19:10:57.957 3850 3850 E ArmVmp : Match on catch block at 0xc3 in for 0x99
02-23 19:10:58.153 3850 3850 E ArmVmp : Match on catch block at 0xc3 in for 0x95
02-23 19:10:58.159 3850 3850 E ArmVmp : Match on catch block at 0xc3 in for 0x99
02-23 19:10:58.162 3850 3850 E ArmVmp : Match on catch block at 0xc3 in for 0x99
02-23 19:10:58.271 3850 3850 E ArmVmp : Match on catch block at 0xc3 in for 0x95
02-23 19:10:58.275 3850 3850 E ArmVmp : Match on catch block at 0xc3 in for 0x99
02-23 19:10:58.277 3850 3850 E ArmVmp : Match on catch block at 0xc3 in for 0x99
02-23 19:10:58.321 3850 3850 E ArmVmp : Match on catch block at 0xc3 in for 0x95
02-23 19:10:58.327 3850 3850 E ArmVmp : Match on catch block at 0xc3 in for 0x99
02-23 19:10:58.331 3850 3850 E ArmVmp : Match on catch block at 0xc3 in for 0x99
02-23 19:10:58.378 3850 3912 E SQLiteDatabase: Error inserting transferred=1 media_job_uuid=1aa6eec7-dbcd-4125-a971-d087dc944ec8 transcoded=0 gif_attribution=0 first_scan_length=15260 direct_path=/o1/v/t62.7118-24/f1/m235/up-oil-image- 3f826354-6d39-4d52-9665-03365d10d1ec?ccb=9- 4&oh=01_AdQQs42lbNJjTm_zqG8xdrHEWFbriiiPNl0prJjagrPeFA&oe=65FFF3F3&_nc_sid=000000 thumbnail_height_width_ratio=0.5555556 is_animated_sticker=0 file_hash=PxlsOvdzdYJUYAaVUyS21+whmVtesweJn71zlWCEr0g= file_path=/data/user/0/com.mbwhatsapp/files/ViewOnce/IMG-lsym295p.jpg file_size=153007 partial_media_hash=AizsiUCtsHFp6mEUJ7EsrILhZjD8g4bSl7vttMqzvn4= face_x=0 face_y=0 height=900 trim_to=0 media_key_timestamp=1708684679000 message_url=https://mmg.whatsapp.net/o1/v/t62.7118-24/f1/m235/up-oil-image- 3f826354-6d39-4d52-9665-03365d10d1ec?ccb=9- 4&oh=01_AdQQs42lbNJjTm_zqG8xdrHEWFbriiiPNl0prJjagrPeFA&oe=65FFF3F3&_nc_sid=000000&m ms3=true media_caption=null trim_from=0 mime_type=image/jpeg partial_media_enc_hash=null width=1600 original_file_hash=null has_streaming_sidecar=1 autotransfer_retry_enabled=1 media_upload_handle=null message_row_id=47834 multicast_id=null enc_file_hash=Ualw093EfLoPYm1iFz5ULi6Fo7Eoufk5kfpbdRyz55M= mute_video=0 page_count=0 first_scan_sidecar=[B@f576d08 suspicious_content=0 file_length=153007 media_name=null media_duration=0 chat_row_id=838 media_key=[B@7a20ca1
02-23 19:10:58.378 3850 3912 E SQLiteDatabase: android.database.sqlite.SQLiteConstraintException: UNIQUE constraint failed: message_media.message_row_id (code 1555 SQLITE_CONSTRAINT_PRIMARYKEY)
02-23 19:10:58.378 3850 3912 E SQLiteDatabase: at android.database.sqlite.SQLiteConnection.nativeExecuteForLastInsertedRowId(Native Method)
02-23 19:10:58.378 3850 3912 E SQLiteDatabase: at android.database.sqlite.SQLiteConnection.executeForLastInsertedRowId(SQLiteConnecti on.java:938)
02-23 19:10:58.378 3850 3912 E SQLiteDatabase: at android.database.sqlite.SQLiteSession.executeForLastInsertedRowId(SQLiteSession.jav a:790)
02-23 19:10:58.378 3850 3912 E SQLiteDatabase: at android.database.sqlite.SQLiteStatement.executeInsert(SQLiteStatement.java:88)
02-23 19:10:58.378 3850 3912 E SQLiteDatabase: at android.database.sqlite.SQLiteDatabase.insertWithOnConflict(SQLiteDatabase.java:170 1)
02-23 19:10:58.378 3850 3912 E SQLiteDatabase: at android.database.sqlite.SQLiteDatabase.insert(SQLiteDatabase.java:1570)
02-23 19:10:58.378 3850 3912 E SQLiteDatabase: at X.2tm.A08(Unknown Source:6)
02-23 19:10:58.378 3850 3912 E SQLiteDatabase: at X.35Y.A07(Unknown Source:212)
02-23 19:10:58.378 3850 3912 E SQLiteDatabase: at X.3QF.A14(Unknown Source:470)
02-23 19:10:58.378 3850 3912 E SQLiteDatabase: at X.3gU.run(Unknown Source:982)
02-23 19:10:58.378 3850 3912 E SQLiteDatabase: at android.os.Handler.handleCallback(Handler.java:938)
02-23 19:10:58.378 3850 3912 E SQLiteDatabase: at android.os.Handler.dispatchMessage(Handler.java:99)
02-23 19:10:58.378 3850 3912 E SQLiteDatabase: at X.0zq.dispatchMessage(Unknown Source:4)
02-23 19:10:58.378 3850 3912 E SQLiteDatabase: at android.os.Looper.loop(Looper.java:223)
02-23 19:10:58.378 3850 3912 E SQLiteDatabase: at android.os.HandlerThread.run(HandlerThread.java:67)
02-23 19:10:58.385 3850 3850 E ArmVmp : Match on catch block at 0xc3 in for 0x95
02-23 19:10:58.388 3850 3850 E ArmVmp : Match on catch block at 0xc3 in for 0x99
02-23 19:10:58.391 3850 3850 E ArmVmp : Match on catch block at 0xc3 in for 0x99
02-23 19:10:58.413 3850 3850 E ArmVmp : Match on catch block at 0xc3 in for 0x95
02-23 19:10:58.417 3850 3850 E ArmVmp : Match on catch block at 0xc3 in for 0x99
02-23 19:10:58.420 3850 3850 E ArmVmp : Match on catch block at 0xc3 in for 0x99
02-23 19:10:58.529 3850 3850 E ArmVmp : Match on catch block at 0xc3 in for 0x99
02-23 19:10:58.535 3850 3850 E ArmVmp : Match on catch block at 0xc3 in for 0x91
02-23 19:10:58.540 3850 3850 E ArmVmp : Match on catch block at 0xc3 in for 0x91
02-23 19:10:58.608 3850 3850 E ArmVmp : Match on catch block at 0xc3 in for 0x99
02-23 19:10:58.612 3850 3850 E ArmVmp : Match on catch block at 0xc3 in for 0x91
02-23 19:10:58.615 3850 3850 E ArmVmp : Match on catch block at 0xc3 in for 0x91
02-23 19:10:58.690 3850 3850 E ArmVmp : Match on catch block at 0xc3 in for 0x95
02-23 19:10:58.693 3850 3850 E ArmVmp : Match on catch block at 0xc3 in for 0x99
02-23 19:10:58.697 3850 3850 E ArmVmp : Match on catch block at 0xc3 in for 0x99
02-23 19:10:58.736 3850 3850 E ArmVmp : Match on catch block at 0xc3 in for 0x95
02-23 19:10:58.739 3850 3850 E ArmVmp : Match on catch block at 0xc3 in for 0x99
02-23 19:10:58.741 3850 3850 E ArmVmp : Match on catch block at 0xc3 in for 0x99
02-23 19:10:58.831 3850 3850 E ArmVmp : Match on catch block at 0xc3 in for 0x99
02-23 19:10:58.835 3850 3850 E ArmVmp : Match on catch block at 0xc3 in for 0x91
02-23 19:10:58.838 3850 3850 E ArmVmp : Match on catch block at 0xc3 in for 0x91
02-23 19:10:58.972 3850 3850 E ArmVmp : Match on catch block at 0xc3 in for 0x95
02-23 19:10:58.977 3850 3850 E ArmVmp : Match on catch block at 0xc3 in for 0x99
02-23 19:10:58.980 3850 3850 E ArmVmp : Match on catch block at 0xc3 in for 0x99
02-23 19:10:59.112 3850 3850 E ArmVmp : Match on catch block at 0xc3 in for 0x99
02-23 19:10:59.116 3850 3850 E ArmVmp : Match on catch block at 0xc3 in for 0x91
02-23 19:10:59.118 3850 3850 E ArmVmp : Match on catch block at 0xc3 in for 0x91
02-23 19:10:59.167 3850 3850 E ArmVmp : Match on catch block at 0xc3 in for 0x95
02-23 19:10:59.172 3850 3850 E ArmVmp : Match on catch block at 0xc3 in for 0x99
02-23 19:10:59.176 3850 3850 E ArmVmp : Match on catch block at 0xc3 in for 0x99
02-23 19:10:59.249 3850 3850 E ArmVmp : Match on catch block at 0xc3 in for 0x91
02-23 19:10:59.252 3850 3850 E ArmVmp : Match on catch block at 0xc3 in for 0x95
02-23 19:10:59.255 3850 3850 E ArmVmp : Match on catch block at 0xc3 in for 0x95
02-23 19:10:59.308 3850 3850 E ArmVmp : Match on catch block at 0xc3 in for 0x99
02-23 19:10:59.315 3850 3850 E ArmVmp : Match on catch block at 0xc3 in for 0x91
02-23 19:10:59.318 3850 3850 E ArmVmp : Match on catch block at 0xc3 in for 0x91
02-23 19:10:59.378 3850 3850 E ArmVmp : Match on catch block at 0xc3 in for 0x99
02-23 19:10:59.387 3850 3850 E ArmVmp : Match on catch block at 0xc3 in for 0x91
02-23 19:10:59.392 3850 3850 E ArmVmp : Match on catch block at 0xc3 in for 0x91
02-23 19:10:59.454 3850 3850 E ArmVmp : Match on catch block at 0xc3 in for 0x91
02-23 19:10:59.460 3850 3850 E ArmVmp : Match on catch block at 0xc3 in for 0x95
02-23 19:10:59.462 3850 3850 E ArmVmp : Match on catch block at 0xc3 in for 0x95
02-23 19:10:59.503 3850 3850 E ArmVmp : Match on catch block at 0xc3 in for 0x99
02-23 19:10:59.506 3850 3850 E ArmVmp : Match on catch block at 0xc3 in for 0x91
02-23 19:10:59.509 3850 3850 E ArmVmp : Match on catch block at 0xc3 in for 0x91
02-23 19:10:59.552 3850 3850 E ArmVmp : Match on catch block at 0xc3 in for 0x91
02-23 19:10:59.556 3850 3850 E ArmVmp : Match on catch block at 0xc3 in for 0x95
02-23 19:10:59.559 3850 3850 E ArmVmp : Match on catch block at 0xc3 in for 0x95
02-23 19:10:59.641 3850 3850 E ArmVmp : Match on catch block at 0xc3 in for 0x95
02-23 19:10:59.645 3850 3850 E ArmVmp : Match on catch block at 0xc3 in for 0x99
02-23 19:10:59.647 3850 3850 E ArmVmp : Match on catch block at 0xc3 in for 0x99
02-23 19:10:59.703 3850 3850 E ArmVmp : Match on catch block at 0xc3 in for 0x99
02-23 19:10:59.706 3850 3850 E ArmVmp : Match on catch block at 0xc3 in for 0x91
02-23 19:10:59.710 3850 3850 E ArmVmp : Match on catch block at 0xc3 in for 0x91
02-23 19:10:59.779 3850 3850 E ArmVmp : Match on catch block at 0xc3 in for 0x91
02-23 19:10:59.782 3850 3850 E ArmVmp : Match on catch block at 0xc3 in for 0x95
02-23 19:10:59.784 3850 3850 E ArmVmp : Match on catch block at 0xc3 in for 0x95
02-23 19:10:59.828 3850 3850 E ArmVmp : Match on catch block at 0xc3 in for 0x91
02-23 19:10:59.834 3850 3850 E ArmVmp : Match on catch block at 0xc3 in for 0x95
02-23 19:10:59.838 3850 3850 E ArmVmp : Match on catch block at 0xc3 in for 0x95
02-23 19:10:59.904 3850 3850 E ArmVmp : Match on catch block at 0xc3 in for 0x95
02-23 19:10:59.907 3850 3850 E ArmVmp : Match on catch block at 0xc3 in for 0x99
02-23 19:10:59.910 3850 3850 E ArmVmp : Match on catch block at 0xc3 in for 0x99
02-23 19:10:59.961 3850 3850 E ArmVmp : Match on catch block at 0xc3 in for 0x99
02-23 19:10:59.964 3850 3850 E ArmVmp : Match on catch block at 0xc3 in for 0x91
02-23 19:10:59.966 3850 3850 E ArmVmp : Match on catch block at 0xc3 in for 0x91
02-23 19:11:00.054 3850 3850 E ArmVmp : Match on catch block at 0xc3 in for 0x99
02-23 19:11:00.057 3850 3850 E ArmVmp : Match on catch block at 0xc3 in for 0x91
02-23 19:11:00.061 3850 3850 E ArmVmp : Match on catch block at 0xc3 in for 0x91
02-23 19:11:00.144 3850 3850 E ArmVmp : Match on catch block at 0xc3 in for 0x95
02-23 19:11:00.148 3850 3850 E ArmVmp : Match on catch block at 0xc3 in for 0x99
02-23 19:11:00.150 3850 3850 E ArmVmp : Match on catch block at 0xc3 in for 0x99
02-23 19:11:00.201 3850 3850 E ArmVmp : Match on catch block at 0xc3 in for 0x91
02-23 19:11:00.207 3850 3850 E ArmVmp : Match on catch block at 0xc3 in for 0x95
02-23 19:11:00.209 3850 3850 E ArmVmp : Match on catch block at 0xc3 in for 0x95
02-23 19:11:00.285 3850 3850 E ArmVmp : Match on catch block at 0xc3 in for 0x95
02-23 19:11:00.291 3850 3850 E ArmVmp : Match on catch block at 0xc3 in for 0x99
02-23 19:11:00.295 3850 3850 E ArmVmp : Match on catch block at 0xc3 in for 0x99
02-23 19:11:00.339 3850 3850 E ArmVmp : Match on catch block at 0xc3 in for 0x99
02-23 19:11:00.344 3850 3850 E ArmVmp : Match on catch block at 0xc3 in for 0x91
02-23 19:11:00.347 3850 3850 E ArmVmp : Match on catch block at 0xc3 in for 0x91
02-23 19:11:00.375 3850 3912 E SQLiteDatabase: Error inserting transferred=1 media_job_uuid=b73d05c5-aad4-4303-8bf5-5e647e8afa20 transcoded=0 gif_attribution=0 first_scan_length=15770 direct_path=/o1/v/t62.7118-24/f1/m233/up-oil-image- 668f6df4-a09a-477a-a1f4-6ab4e704414c?ccb=9- 4&oh=01_AdSMrst4Ap5E3VowTkKtD91R2nJeOfmUbCqL4VLRCOnOSg&oe=65FFDBB7&_nc_sid=000000 thumbnail_height_width_ratio=1.0 is_animated_sticker=0 file_hash=DSURxMFHeiJVy4JT5EAm7LvF0Tx3Qt7gPqL/gS5trLg= file_path=Media/MBWhatsApp Images/IMG-20240223-WA0001.jpg file_size=126113 partial_media_hash=3Wgl8mc4WDAj4NZyfilNp/GT+zeTXcYzPkP6MeqgEwI= face_x=0 face_y=0 height=1280 trim_to=0 media_key_timestamp=1708688727000 message_url=https://mmg.whatsapp.net/o1/v/t62.7118-24/f1/m233/up-oil-image- 668f6df4-a09a-477a-a1f4-6ab4e704414c?ccb=9- 4&oh=01_AdSMrst4Ap5E3VowTkKtD91R2nJeOfmUbCqL4VLRCOnOSg&oe=65FFDBB7&_nc_sid=000000&m ms3=true media_caption=null trim_from=0 mime_type=image/jpeg partial_media_enc_hash=null width=1280 original_file_hash=null has_streaming_sidecar=1 autotransfer_retry_enabled=1 media_upload_handle=null message_row_id=47845 multicast_id=null enc_file_hash=FOwFnh0fJE0YKSRybt0BiocOOpvzT95pTxzD+HdOSsY= mute_video=0 page_count=0 first_scan_sidecar=[B@fdfbd5e suspicious_content=0 file_length=126113 media_name=null media_duration=0 chat_row_id=838 media_key=[B@2aa753f
02-23 19:11:00.375 3850 3912 E SQLiteDatabase: android.database.sqlite.SQLiteConstraintException: UNIQUE constraint failed: message_media.message_row_id (code 1555 SQLITE_CONSTRAINT_PRIMARYKEY)
02-23 19:11:00.375 3850 3912 E SQLiteDatabase: at android.database.sqlite.SQLiteConnection.nativeExecuteForLastInsertedRowId(Native Method)
02-23 19:11:00.375 3850 3912 E SQLiteDatabase: at android.database.sqlite.SQLiteConnection.executeForLastInsertedRowId(SQLiteConnecti on.java:938)
02-23 19:11:00.375 3850 3912 E SQLiteDatabase: at android.database.sqlite.SQLiteSession.executeForLastInsertedRowId(SQLiteSession.jav a:790)
02-23 19:11:00.375 3850 3912 E SQLiteDatabase: at android.database.sqlite.SQLiteStatement.executeInsert(SQLiteStatement.java:88)
02-23 19:11:00.375 3850 3912 E SQLiteDatabase: at android.database.sqlite.SQLiteDatabase.insertWithOnConflict(SQLiteDatabase.java:170 1)
02-23 19:11:00.375 3850 3912 E SQLiteDatabase: at android.database.sqlite.SQLiteDatabase.insert(SQLiteDatabase.java:1570)
02-23 19:11:00.375 3850 3912 E SQLiteDatabase: at X.2tm.A08(Unknown Source:6)
02-23 19:11:00.375 3850 3912 E SQLiteDatabase: at X.35Y.A07(Unknown Source:212)
02-23 19:11:00.375 3850 3912 E SQLiteDatabase: at X.3QF.A14(Unknown Source:470)
02-23 19:11:00.375 3850 3912 E SQLiteDatabase: at X.3gU.run(Unknown Source:982)
02-23 19:11:00.375 3850 3912 E SQLiteDatabase: at android.os.Handler.handleCallback(Handler.java:938)
02-23 19:11:00.375 3850 3912 E SQLiteDatabase: at android.os.Handler.dispatchMessage(Handler.java:99)
02-23 19:11:00.375 3850 3912 E SQLiteDatabase: at X.0zq.dispatchMessage(Unknown Source:4)
02-23 19:11:00.375 3850 3912 E SQLiteDatabase: at android.os.Looper.loop(Looper.java:223)
02-23 19:11:00.375 3850 3912 E SQLiteDatabase: at android.os.HandlerThread.run(HandlerThread.java:67)
02-23 19:11:00.388 3850 3850 E ArmVmp : Match on catch block at 0xc3 in for 0x91
02-23 19:11:00.394 3850 3850 E ArmVmp : Match on catch block at 0xc3 in for 0x95
02-23 19:11:00.397 3850 3850 E ArmVmp : Match on catch block at 0xc3 in for 0x95
02-23 19:11:00.427 3850 3850 E ArmVmp : Match on catch block at 0xc3 in for 0x91
02-23 19:11:00.431 3850 3850 E ArmVmp : Match on catch block at 0xc3 in for 0x95
02-23 19:11:00.492 3850 3850 E ArmVmp : Match on catch block at 0xc3 in for 0x95
02-23 19:11:00.495 3850 3850 E ArmVmp : Match on catch block at 0xc3 in for 0x99
02-23 19:11:00.498 3850 3850 E ArmVmp : Match on catch block at 0xc3 in for 0xa1
02-23 19:11:00.629 3850 3850 E ArmVmp : Match on catch block at 0xc3 in for 0x91
02-23 19:11:00.632 3850 3850 E ArmVmp : Match on catch block at 0xc3 in for 0x95
02-23 19:11:00.661 3850 3850 E ArmVmp : Match on catch block at 0xc3 in for 0x95
02-23 19:11:00.668 3850 3850 E ArmVmp : Match on catch block at 0xc3 in for 0x99
02-23 19:11:00.673 3850 3850 E ArmVmp : Match on catch block at 0xc3 in for 0x99
02-23 19:11:00.705 3850 3850 E ArmVmp : Match on catch block at 0xc3 in for 0x99
02-23 19:11:00.707 3850 3850 E ArmVmp : Match on catch block at 0xc3 in for 0x91
02-23 19:11:00.816 3850 3850 E ArmVmp : Match on catch block at 0xc3 in for 0x91
02-23 19:11:00.819 3850 3850 E ArmVmp : Match on catch block at 0xc3 in for 0x95
02-23 19:11:00.925 3850 3850 E ArmVmp : Match on catch block at 0xc3 in for 0x95
02-23 19:11:00.930 3850 3850 E ArmVmp : Match on catch block at 0xc3 in for 0x99
02-23 19:11:00.951 3850 3850 E ArmVmp : Match on catch block at 0xc3 in for 0x95
02-23 19:11:00.955 3850 3850 E ArmVmp : Match on catch block at 0xc3 in for 0x99
02-23 19:11:01.008 3850 3850 E ArmVmp : Match on catch block at 0xc3 in for 0x91
02-23 19:11:01.012 3850 3864 W System : A resource failed to call close.
02-23 19:11:01.013 3850 3864 W System : A resource failed to call close.
02-23 19:11:01.037 3850 3850 E ArmVmp : Match on catch block at 0xc3 in for 0x95
02-23 19:11:01.059 3850 3850 E ArmVmp : Match on catch block at 0xc3 in for 0x95
02-23 19:11:01.063 3850 3850 E ArmVmp : Match on catch block at 0xc3 in for 0x99
02-23 19:11:01.093 3850 3850 E ArmVmp : Match on catch block at 0xc3 in for 0x99
02-23 19:11:01.096 3850 3850 E ArmVmp : Match on catch block at 0xc3 in for 0x91
02-23 19:11:01.108 3850 3850 E ArmVmp : Match on catch block at 0xc3 in for 0x99
02-23 19:11:01.113 3850 3850 E ArmVmp : Match on catch block at 0xc3 in for 0x91
02-23 19:11:01.181 3850 3850 E ArmVmp : Match on catch block at 0xc3 in for 0x95
02-23 19:11:01.186 3850 3850 E ArmVmp : Match on catch block at 0xc3 in for 0x99
02-23 19:11:01.201 3850 3850 E ArmVmp : Match on catch block at 0xc3 in for 0x99
02-23 19:11:01.212 3850 3850 E ArmVmp : Match on catch block at 0xc3 in for 0x91
02-23 19:11:01.269 3850 3850 E ArmVmp : Match on catch block at 0xc3 in for 0x99
02-23 19:11:01.273 3850 3850 E ArmVmp : Match on catch block at 0xc3 in for 0x91
02-23 19:11:01.317 3850 3850 E ArmVmp : Match on catch block at 0xc3 in for 0x95
02-23 19:11:01.322 3850 3850 E ArmVmp : Match on catch block at 0xc3 in for 0x99
02-23 19:11:01.369 3850 3850 E ArmVmp : Match on catch block at 0xc3 in for 0x95
02-23 19:11:01.372 3850 3850 E ArmVmp : Match on catch block at 0xc3 in for 0x99
02-23 19:11:01.377 3850 3850 E ArmVmp : Match on catch block at 0xc3 in for 0x99
02-23 19:11:01.386 3850 3850 E ArmVmp : Match on catch block at 0xc3 in for 0x91
02-23 19:11:01.483 3850 3850 E ArmVmp : Match on catch block at 0xc3 in for 0x91
02-23 19:11:01.488 3850 3850 E ArmVmp : Match on catch block at 0xc3 in for 0x95
02-23 19:11:01.498 3850 3850 E ArmVmp : Match on catch block at 0xc3 in for 0x95
02-23 19:11:01.506 3850 3850 E ArmVmp : Match on catch block at 0xc3 in for 0x99
02-23 19:11:01.551 3850 3850 E ArmVmp : Match on catch block at 0xc3 in for 0x99
02-23 19:11:01.555 3850 3850 E ArmVmp : Match on catch block at 0xc3 in for 0x91
02-23 19:11:01.564 3850 3850 E ArmVmp : Match on catch block at 0xc3 in for 0x91
02-23 19:11:01.568 3850 3850 E ArmVmp : Match on catch block at 0xc3 in for 0x95
02-23 19:11:01.613 3850 3850 E ArmVmp : Match on catch block at 0xc3 in for 0x95
02-23 19:11:01.617 3850 3850 E ArmVmp : Match on catch block at 0xc3 in for 0x99
02-23 19:11:01.653 3850 3850 E ArmVmp : Match on catch block at 0xc3 in for 0x99
02-23 19:11:01.659 3850 3850 E ArmVmp : Match on catch block at 0xc3 in for 0x91
02-23 19:11:01.687 3850 3850 E ArmVmp : Match on catch block at 0xc3 in for 0x91
02-23 19:11:01.701 3850 3850 E ArmVmp : Match on catch block at 0xc3 in for 0x95
02-23 19:11:01.731 3850 3850 E ArmVmp : Match on catch block at 0xc3 in for 0x91
02-23 19:11:01.734 3850 3850 E ArmVmp : Match on catch block at 0xc3 in for 0x95
02-23 19:11:01.757 3850 3850 E ArmVmp : Match on catch block at 0xc3 in for 0x91
02-23 19:11:01.760 3850 3850 E ArmVmp : Match on catch block at 0xc3 in for 0x95
02-23 19:11:01.843 3850 3850 E ArmVmp : Match on catch block at 0xc3 in for 0x99
02-23 19:11:01.849 3850 3850 E ArmVmp : Match on catch block at 0xc3 in for 0x91
02-23 19:11:01.861 3850 3850 E ArmVmp : Match on catch block at 0xc3 in for 0x91
02-23 19:11:01.867 3850 3850 E ArmVmp : Match on catch block at 0xc3 in for 0x95
02-23 19:11:01.900 3850 3850 E ArmVmp : Match on catch block at 0xc3 in for 0x95
02-23 19:11:01.906 3850 3850 E ArmVmp : Match on catch block at 0xc3 in for 0x99
02-23 19:11:01.917 3850 3850 E ArmVmp : Match on catch block at 0xc3 in for 0x91
02-23 19:11:01.920 3850 3850 E ArmVmp : Match on catch block at 0xc3 in for 0x95
02-23 19:11:01.936 3850 3850 E ArmVmp : Match on catch block at 0xc3 in for 0x99
02-23 19:11:01.942 3850 3850 E ArmVmp : Match on catch block at 0xc3 in for 0x91
02-23 19:11:01.956 3850 3850 E ArmVmp : Match on catch block at 0xc3 in for 0x91
02-23 19:11:01.960 3850 3850 E ArmVmp : Match on catch block at 0xc3 in for 0x95
02-23 19:11:01.971 3850 3850 E ArmVmp : Match on catch block at 0xc3 in for 0x95
02-23 19:11:01.975 3850 3850 E ArmVmp : Match on catch block at 0xc3 in for 0x99
02-23 19:11:01.987 3850 3850 E ArmVmp : Match on catch block at 0xc3 in for 0x91
02-23 19:11:01.992 3850 3850 E ArmVmp : Match on catch block at 0xc3 in for 0x95
02-23 19:11:02.004 3850 3850 E ArmVmp : Match on catch block at 0xc3 in for 0x99
02-23 19:11:02.007 3850 3850 E ArmVmp : Match on catch block at 0xc3 in for 0x91
02-23 19:11:02.075 3850 3850 E ArmVmp : Match on catch block at 0xc3 in for 0x99
02-23 19:11:02.080 3850 3850 E ArmVmp : Match on catch block at 0xc3 in for 0x91
02-23 19:11:02.087 3850 3850 E ArmVmp : Match on catch block at 0xc3 in for 0x99
02-23 19:11:02.089 3850 3850 E ArmVmp : Match on catch block at 0xc3 in for 0x91
02-23 19:11:02.118 3850 3850 E ArmVmp : Match on catch block at 0xc3 in for 0x91
02-23 19:11:02.121 3850 3850 E ArmVmp : Match on catch block at 0xc3 in for 0x95
02-23 19:11:02.246 3850 3850 E ArmVmp : Match on catch block at 0xc3 in for 0x91
02-23 19:11:02.250 3850 3850 E ArmVmp : Match on catch block at 0xc3 in for 0x95
02-23 19:11:02.259 3850 3850 E ArmVmp : Match on catch block at 0xc3 in for 0x95
02-23 19:11:02.263 3850 3850 E ArmVmp : Match on catch block at 0xc3 in for 0x99
02-23 19:11:02.264 3850 3912 E SQLiteDatabase: Error inserting transferred=1 media_job_uuid=89f996bc-62bd-4872-bc68-3f793f7b377b transcoded=0 gif_attribution=0 first_scan_length=15770 direct_path=/o1/v/t62.7118-24/f1/m233/up-oil-image- 668f6df4-a09a-477a-a1f4-6ab4e704414c?ccb=9- 4&oh=01_AdSMrst4Ap5E3VowTkKtD91R2nJeOfmUbCqL4VLRCOnOSg&oe=65FFDBB7&_nc_sid=000000 thumbnail_height_width_ratio=1.0 is_animated_sticker=0 file_hash=DSURxMFHeiJVy4JT5EAm7LvF0Tx3Qt7gPqL/gS5trLg= file_path=Media/MBWhatsApp Images/IMG-20240223-WA0001.jpg file_size=0 partial_media_hash=3Wgl8mc4WDAj4NZyfilNp/GT+zeTXcYzPkP6MeqgEwI= face_x=0 face_y=0 height=1280 trim_to=0 media_key_timestamp=1708688727000 message_url=https://mmg.whatsapp.net/o1/v/t62.7118-24/f1/m233/up-oil-image- 668f6df4-a09a-477a-a1f4-6ab4e704414c?ccb=9- 4&oh=01_AdSMrst4Ap5E3VowTkKtD91R2nJeOfmUbCqL4VLRCOnOSg&oe=65FFDBB7&_nc_sid=000000&m ms3=true media_caption=null trim_from=0 mime_type=image/jpeg partial_media_enc_hash=null width=1280 original_file_hash=null has_streaming_sidecar=1 autotransfer_retry_enabled=1 media_upload_handle=null message_row_id=47871 multicast_id=null enc_file_hash=FOwFnh0fJE0YKSRybt0BiocOOpvzT95pTxzD+HdOSsY= mute_video=0 page_count=0 first_scan_sidecar=[B@f7cc74f suspicious_content=0 file_length=126113 media_name=null media_duration=0 chat_row_id=30 media_key=[B@2f51edc
02-23 19:11:02.264 3850 3912 E SQLiteDatabase: android.database.sqlite.SQLiteConstraintException: UNIQUE constraint failed: message_media.message_row_id (code 1555 SQLITE_CONSTRAINT_PRIMARYKEY)
02-23 19:11:02.264 3850 3912 E SQLiteDatabase: at android.database.sqlite.SQLiteConnection.nativeExecuteForLastInsertedRowId(Native Method)
02-23 19:11:02.264 3850 3912 E SQLiteDatabase: at android.database.sqlite.SQLiteConnection.executeForLastInsertedRowId(SQLiteConnecti on.java:938)
02-23 19:11:02.264 3850 3912 E SQLiteDatabase: at android.database.sqlite.SQLiteSession.executeForLastInsertedRowId(SQLiteSession.jav a:790)
02-23 19:11:02.264 3850 3912 E SQLiteDatabase: at android.database.sqlite.SQLiteStatement.executeInsert(SQLiteStatement.java:88)
02-23 19:11:02.264 3850 3912 E SQLiteDatabase: at android.database.sqlite.SQLiteDatabase.insertWithOnConflict(SQLiteDatabase.java:170 1)
02-23 19:11:02.264 3850 3912 E SQLiteDatabase: at android.database.sqlite.SQLiteDatabase.insert(SQLiteDatabase.java:1570)
02-23 19:11:02.264 3850 3912 E SQLiteDatabase: at X.2tm.A08(Unknown Source:6)
02-23 19:11:02.264 3850 3912 E SQLiteDatabase: at X.35Y.A07(Unknown Source:212)
02-23 19:11:02.264 3850 3912 E SQLiteDatabase: at X.3QF.A14(Unknown Source:470)
02-23 19:11:02.264 3850 3912 E SQLiteDatabase: at X.3gU.run(Unknown Source:982)
02-23 19:11:02.264 3850 3912 E SQLiteDatabase: at android.os.Handler.handleCallback(Handler.java:938)
02-23 19:11:02.264 3850 3912 E SQLiteDatabase: at android.os.Handler.dispatchMessage(Handler.java:99)
02-23 19:11:02.264 3850 3912 E SQLiteDatabase: at X.0zq.dispatchMessage(Unknown Source:4)
02-23 19:11:02.264 3850 3912 E SQLiteDatabase: at android.os.Looper.loop(Looper.java:223)
02-23 19:11:02.264 3850 3912 E SQLiteDatabase: at android.os.HandlerThread.run(HandlerThread.java:67)
02-23 19:11:02.304 3850 3850 E ArmVmp : Match on catch block at 0xc3 in for 0x95
02-23 19:11:02.308 3850 3850 E ArmVmp : Match on catch block at 0xc3 in for 0x99
02-23 19:11:02.346 3850 3850 E ArmVmp : Match on catch block at 0xc3 in for 0x91
02-23 19:11:02.350 3850 3850 E ArmVmp : Match on catch block at 0xc3 in for 0x95
02-23 19:11:02.429 3850 3850 E ArmVmp : Match on catch block at 0xc3 in for 0x95
02-23 19:11:02.433 3850 3850 E ArmVmp : Match on catch block at 0xc3 in for 0x99
02-23 19:11:02.448 3850 3850 E ArmVmp : Match on catch block at 0xc3 in for 0x95
02-23 19:11:02.452 3850 3850 E ArmVmp : Match on catch block at 0xc3 in for 0x99
02-23 19:11:02.461 3850 3850 E ArmVmp : Match on catch block at 0xc3 in for 0x91
02-23 19:11:02.466 3850 3850 E ArmVmp : Match on catch block at 0xc3 in for 0x95
02-23 19:11:02.487 3850 3850 E ArmVmp : Match on catch block at 0xc3 in for 0x99
02-23 19:11:02.492 3850 3850 E ArmVmp : Match on catch block at 0xc3 in for 0x91
02-23 19:11:02.502 3850 3850 E ArmVmp : Match on catch block at 0xc3 in for 0x95
02-23 19:11:02.507 3850 3850 E ArmVmp : Match on catch block at 0xc3 in for 0x99
02-23 19:11:02.616 3850 3850 E ArmVmp : Match on catch block at 0xc3 in for 0x99
02-23 19:11:02.621 3850 3850 E ArmVmp : Match on catch block at 0xc3 in for 0x91
02-23 19:11:02.629 3850 3850 E ArmVmp : Match on catch block at 0xc3 in for 0x95
02-23 19:11:02.634 3850 3850 E ArmVmp : Match on catch block at 0xc3 in for 0x99
02-23 19:11:02.813 3850 3850 E ArmVmp : Match on catch block at 0xc3 in for 0x91
02-23 19:11:02.817 3850 3850 E ArmVmp : Match on catch block at 0xc3 in for 0x95
02-23 19:11:02.838 3850 3850 E ArmVmp : Match on catch block at 0xc3 in for 0x99
02-23 19:11:02.843 3850 3850 E ArmVmp : Match on catch block at 0xc3 in for 0x91
02-23 19:11:02.852 3850 3850 E ArmVmp : Match on catch block at 0xc3 in for 0x95
02-23 19:11:02.859 3850 3850 E ArmVmp : Match on catch block at 0xc3 in for 0x99
02-23 19:11:03.135 3850 3850 E ArmVmp : Match on catch block at 0xc3 in for 0x99
02-23 19:11:03.140 3850 3850 E ArmVmp : Match on catch block at 0xc3 in for 0x91
02-23 19:11:03.264 3850 4048 W CursorWindow: Window is full: requested allocation 804 bytes, free space 410 bytes, window size 2097152 bytes
02-23 19:11:03.635 3850 3850 E ArmVmp : Match on catch block at 0xc3 in for 0x99
02-23 19:11:03.642 3850 3850 E ArmVmp : Match on catch block at 0xc3 in for 0x91
02-23 19:11:04.136 3850 3850 E ArmVmp : Match on catch block at 0xc3 in for 0x91
02-23 19:11:04.142 3850 3850 E ArmVmp : Match on catch block at 0xc3 in for 0x95
02-23 19:11:04.150 3850 3850 E ArmVmp : Match on catch block at 0xc3 in for 0x95
02-23 19:11:04.157 3850 3850 E ArmVmp : Match on catch block at 0xc3 in for 0x99
02-23 19:11:04.199 3850 3912 E SQLiteDatabase: Error inserting transferred=1 media_job_uuid=585ef423-91e5-4a36-9d49-3c8a2c938b0f transcoded=0 gif_attribution=0 first_scan_length=7874 direct_path=/o1/v/t62.7118-24/f1/m233/up-oil-image-2fcabd33- f385-4e1b-9134-36644455f867?ccb=9- 4&oh=01_AdSWTHLbULAkKm_EownEAvAqZS6oM6qsljezLZf9kuVQKQ&oe=65FFF97D&_nc_sid=000000 thumbnail_height_width_ratio=1.8 is_animated_sticker=0 file_hash=yLeUA4XyrMm2c0kG49LIUhSA5M3wuNm44YWYyutr+LE= file_path=Media/MBWhatsApp Images/IMG-20240223-WA0002.jpg file_size=43378 partial_media_hash=vipN6btq9hFpRrGWKV/neQmX3F2ceWBPUYRYME6LX9g= face_x=0 face_y=0 height=1600 trim_to=0 media_key_timestamp=1708689819000 message_url=https://mmg.whatsapp.net/o1/v/t62.7118-24/f1/m233/up-oil-image- 2fcabd33-f385-4e1b-9134-36644455f867?ccb=9- 4&oh=01_AdSWTHLbULAkKm_EownEAvAqZS6oM6qsljezLZf9kuVQKQ&oe=65FFF97D&_nc_sid=000000&m ms3=true media_caption=null trim_from=0 mime_type=image/jpeg partial_media_enc_hash=null width=900 original_file_hash=null has_streaming_sidecar=1 autotransfer_retry_enabled=1 media_upload_handle=null message_row_id=47876 multicast_id=null enc_file_hash=1YLmhv6bnaxHFc8jCBdwI/SUe60XmGzYRP3cGyAUTlQ= mute_video=0 page_count=0 first_scan_sidecar=[B@66f2dee suspicious_content=0 file_length=43378 media_name=null media_duration=0 chat_row_id=838 media_key=[B@169428f
02-23 19:11:04.199 3850 3912 E SQLiteDatabase: android.database.sqlite.SQLiteConstraintException: UNIQUE constraint failed: message_media.message_row_id (code 1555 SQLITE_CONSTRAINT_PRIMARYKEY)
02-23 19:11:04.199 3850 3912 E SQLiteDatabase: at android.database.sqlite.SQLiteConnection.nativeExecuteForLastInsertedRowId(Native Method)
02-23 19:11:04.199 3850 3912 E SQLiteDatabase: at android.database.sqlite.SQLiteConnection.executeForLastInsertedRowId(SQLiteConnecti on.java:938)
02-23 19:11:04.199 3850 3912 E SQLiteDatabase: at android.database.sqlite.SQLiteSession.executeForLastInsertedRowId(SQLiteSession.jav a:790)
02-23 19:11:04.199 3850 3912 E SQLiteDatabase: at android.database.sqlite.SQLiteStatement.executeInsert(SQLiteStatement.java:88)
02-23 19:11:04.199 3850 3912 E SQLiteDatabase: at android.database.sqlite.SQLiteDatabase.insertWithOnConflict(SQLiteDatabase.java:170 1)
02-23 19:11:04.199 3850 3912 E SQLiteDatabase: at android.database.sqlite.SQLiteDatabase.insert(SQLiteDatabase.java:1570)
02-23 19:11:04.199 3850 3912 E SQLiteDatabase: at X.2tm.A08(Unknown Source:6)
02-23 19:11:04.199 3850 3912 E SQLiteDatabase: at X.35Y.A07(Unknown Source:212)
02-23 19:11:04.199 3850 3912 E SQLiteDatabase: at X.3QF.A14(Unknown Source:470)
02-23 19:11:04.199 3850 3912 E SQLiteDatabase: at X.3gU.run(Unknown Source:982)
02-23 19:11:04.199 3850 3912 E SQLiteDatabase: at android.os.Handler.handleCallback(Handler.java:938)
02-23 19:11:04.199 3850 3912 E SQLiteDatabase: at android.os.Handler.dispatchMessage(Handler.java:99)
02-23 19:11:04.199 3850 3912 E SQLiteDatabase: at X.0zq.dispatchMessage(Unknown Source:4)
02-23 19:11:04.199 3850 3912 E SQLiteDatabase: at android.os.Looper.loop(Looper.java:223)
02-23 19:11:04.199 3850 3912 E SQLiteDatabase: at android.os.HandlerThread.run(HandlerThread.java:67)
02-23 19:11:04.202 3850 3850 E ArmVmp : Match on catch block at 0xc3 in for 0x99
02-23 19:11:04.207 3850 3850 E ArmVmp : Match on catch block at 0xc3 in for 0x91
02-23 19:11:04.231 3850 3850 E ArmVmp : Match on catch block at 0xc3 in for 0x91
02-23 19:11:04.264 3850 3850 E ArmVmp : Match on catch block at 0xc3 in for 0x95
02-23 19:11:04.272 3850 3850 E ArmVmp : Match on catch block at 0xc3 in for 0x95
02-23 19:11:04.276 3850 3850 E ArmVmp : Match on catch block at 0xc3 in for 0x99
02-23 19:11:04.287 3850 3850 E ArmVmp : Match on catch block at 0xc3 in for 0x99
02-23 19:11:04.295 3850 3850 E ArmVmp : Match on catch block at 0xc3 in for 0x91
02-23 19:11:04.305 3850 3850 E ArmVmp : Match on catch block at 0xc3 in for 0x91
02-23 19:11:04.312 3850 3850 E ArmVmp : Match on catch block at 0xc3 in for 0x95
02-23 19:11:04.321 3850 3850 E ArmVmp : Match on catch block at 0xc3 in for 0x95
02-23 19:11:04.325 3850 3850 E ArmVmp : Match on catch block at 0xc3 in for 0x99
02-23 19:11:04.335 3850 3850 E ArmVmp : Match on catch block at 0xc3 in for 0x99
02-23 19:11:04.343 3850 3850 E ArmVmp : Match on catch block at 0xc3 in for 0x91
02-23 19:11:04.401 3850 3850 E ArmVmp : Match on catch block at 0xc3 in for 0x99
02-23 19:11:04.405 3850 3850 E ArmVmp : Match on catch block at 0xc3 in for 0x91
02-23 19:11:04.652 3850 3850 E ArmVmp : Match on catch block at 0xc3 in for 0x91
02-23 19:11:04.654 3850 3850 E ArmVmp : Match on catch block at 0xc3 in for 0x95
02-23 19:11:04.765 3850 3850 E ArmVmp : Match on catch block at 0xc3 in for 0x91
02-23 19:11:04.768 3850 3850 E ArmVmp : Match on catch block at 0xc3 in for 0x95
02-23 19:11:04.783 3850 3850 E ArmVmp : Match on catch block at 0xc3 in for 0x99
02-23 19:11:04.791 3850 3850 E ArmVmp : Match on catch block at 0xc3 in for 0x91
02-23 19:11:04.809 3850 3850 E ArmVmp : Match on catch block at 0xc3 in for 0x91
02-23 19:11:04.814 3850 3850 E ArmVmp : Match on catch block at 0xc3 in for 0x95
02-23 19:11:04.820 3850 3850 E ArmVmp : Match on catch block at 0xc3 in for 0x95
02-23 19:11:04.823 3850 3850 E ArmVmp : Match on catch block at 0xc3 in for 0x99
02-23 19:11:05.152 3850 3850 E ArmVmp : Match on catch block at 0xc3 in for 0x99
02-23 19:11:05.154 3850 3850 E ArmVmp : Match on catch block at 0xc3 in for 0x91
02-23 19:11:05.193 3850 3912 E SQLiteDatabase: Error inserting transferred=1 media_job_uuid=2d0dce54-6f05-4750-a184-8b915be29a27 transcoded=0 gif_attribution=0 first_scan_length=10517 direct_path=/o1/v/t62.7118-24/f1/m234/up-oil-image- a639afd1-857f-489a-ae48-872aceffba17?ccb=9-4&oh=01_AdSsa4pXJ8AKHDlhP- cf9IYPfoZCZG3MiMQPYtafhu5RIQ&oe=660015F2&_nc_sid=000000 thumbnail_height_width_ratio=1.8 is_animated_sticker=0 file_hash=vbvHJvJGoldNtqLb37fRpXqHlJkoWUkxyrKtw/odORo= file_path=Media/MBWhatsApp Images/IMG-20240223-WA0003.jpg file_size=80603 partial_media_hash=D9xaGUx5ttgo1E3TokBLYVL5IxYxqhuSz9JoLZMlUbQ= face_x=0 face_y=0 height=1600 trim_to=0 media_key_timestamp=1708689833000 message_url=https://mmg.whatsapp.net/o1/v/t62.7118-24/f1/m234/up-oil-image- a639afd1-857f-489a-ae48-872aceffba17?ccb=9-4&oh=01_AdSsa4pXJ8AKHDlhP- cf9IYPfoZCZG3MiMQPYtafhu5RIQ&oe=660015F2&_nc_sid=000000&mms3=true media_caption=null trim_from=0 mime_type=image/jpeg partial_media_enc_hash=null width=900 original_file_hash=null has_streaming_sidecar=1 autotransfer_retry_enabled=1 media_upload_handle=null message_row_id=47877 multicast_id=null enc_file_hash=OpTdF3CrqITaOy4gNdfGValLUAqYVmMPr2rtX6ckgHg= mute_video=0 page_count=0 first_scan_sidecar=[B@b912e27 suspicious_content=0 file_length=80603 media_name=null media_duration=0 chat_row_id=838 media_key=[B@20ab8d4
02-23 19:11:05.193 3850 3912 E SQLiteDatabase: android.database.sqlite.SQLiteConstraintException: UNIQUE constraint failed: message_media.message_row_id (code 1555 SQLITE_CONSTRAINT_PRIMARYKEY)
02-23 19:11:05.193 3850 3912 E SQLiteDatabase: at android.database.sqlite.SQLiteConnection.nativeExecuteForLastInsertedRowId(Native Method)
02-23 19:11:05.193 3850 3912 E SQLiteDatabase: at android.database.sqlite.SQLiteConnection.executeForLastInsertedRowId(SQLiteConnecti on.java:938)
02-23 19:11:05.193 3850 3912 E SQLiteDatabase: at android.database.sqlite.SQLiteSession.executeForLastInsertedRowId(SQLiteSession.jav a:790)
02-23 19:11:05.193 3850 3912 E SQLiteDatabase: at android.database.sqlite.SQLiteStatement.executeInsert(SQLiteStatement.java:88)
02-23 19:11:05.193 3850 3912 E SQLiteDatabase: at android.database.sqlite.SQLiteDatabase.insertWithOnConflict(SQLiteDatabase.java:170 1)
02-23 19:11:05.193 3850 3912 E SQLiteDatabase: at android.database.sqlite.SQLiteDatabase.insert(SQLiteDatabase.java:1570)
02-23 19:11:05.193 3850 3912 E SQLiteDatabase: at X.2tm.A08(Unknown Source:6)
02-23 19:11:05.193 3850 3912 E SQLiteDatabase: at X.35Y.A07(Unknown Source:212)
02-23 19:11:05.193 3850 3912 E SQLiteDatabase: at X.3QF.A14(Unknown Source:470)
02-23 19:11:05.193 3850 3912 E SQLiteDatabase: at X.3gU.run(Unknown Source:982)
02-23 19:11:05.193 3850 3912 E SQLiteDatabase: at android.os.Handler.handleCallback(Handler.java:938)
02-23 19:11:05.193 3850 3912 E SQLiteDatabase: at android.os.Handler.dispatchMessage(Handler.java:99)
02-23 19:11:05.193 3850 3912 E SQLiteDatabase: at X.0zq.dispatchMessage(Unknown Source:4)
02-23 19:11:05.193 3850 3912 E SQLiteDatabase: at android.os.Looper.loop(Looper.java:223)
02-23 19:11:05.193 3850 3912 E SQLiteDatabase: at android.os.HandlerThread.run(HandlerThread.java:67)
02-23 19:11:05.250 3850 3850 E ArmVmp : Match on catch block at 0xc3 in for 0x95
02-23 19:11:05.254 3850 3850 E ArmVmp : Match on catch block at 0xc3 in for 0x99
02-23 19:11:05.566 3850 3850 E ArmVmp : Match on catch block at 0xc3 in for 0x91
02-23 19:11:05.569 3850 3850 E ArmVmp : Match on catch block at 0xc3 in for 0x95
02-23 19:11:05.640 3850 3850 E ArmVmp : Match on catch block at 0xc3 in for 0x99
02-23 19:11:05.642 3850 3850 E ArmVmp : Match on catch block at 0xc3 in for 0x91
02-23 19:11:05.653 3850 3850 E ArmVmp : Match on catch block at 0xc3 in for 0x91
02-23 19:11:05.658 3850 3850 E ArmVmp : Match on catch block at 0xc3 in for 0x95
02-23 19:11:05.668 3850 3850 E ArmVmp : Match on catch block at 0xc3 in for 0x95
02-23 19:11:05.673 3850 3850 E ArmVmp : Match on catch block at 0xc3 in for 0x99
02-23 19:11:05.686 3850 3850 E ArmVmp : Match on catch block at 0xc3 in for 0x99
02-23 19:11:05.691 3850 3850 E ArmVmp : Match on catch block at 0xc3 in for 0x91
02-23 19:11:05.703 3850 3850 E ArmVmp : Match on catch block at 0xc3 in for 0x91
02-23 19:11:05.710 3850 3850 E ArmVmp : Match on catch block at 0xc3 in for 0x95
02-23 19:11:05.722 3850 3850 E ArmVmp : Match on catch block at 0xc3 in for 0x95
02-23 19:11:05.729 3850 3850 E ArmVmp : Match on catch block at 0xc3 in for 0x99
02-23 19:11:05.741 3850 3850 E ArmVmp : Match on catch block at 0xc3 in for 0x99
02-23 19:11:05.748 3850 3850 E ArmVmp : Match on catch block at 0xc3 in for 0x91
02-23 19:11:05.828 3850 3850 E ArmVmp : Match on catch block at 0xc3 in for 0x99
02-23 19:11:05.832 3850 3850 E ArmVmp : Match on catch block at 0xc3 in for 0x91
02-23 19:11:05.844 3850 3850 E ArmVmp : Match on catch block at 0xc3 in for 0x95
02-23 19:11:05.849 3850 3850 E ArmVmp : Match on catch block at 0xc3 in for 0x99
02-23 19:11:05.856 3850 3850 E ArmVmp : Match on catch block at 0xc3 in for 0x99
02-23 19:11:05.860 3850 3850 E ArmVmp : Match on catch block at 0xc3 in for 0x91
02-23 19:11:05.867 3850 3850 E ArmVmp : Match on catch block at 0xc3 in for 0x91
02-23 19:11:05.870 3850 3850 E ArmVmp : Match on catch block at 0xc3 in for 0x95
02-23 19:11:06.151 3850 3850 E ArmVmp : Match on catch block at 0xc3 in for 0x99
02-23 19:11:06.153 3850 3850 E ArmVmp : Match on catch block at 0xc3 in for 0x91
02-23 19:11:06.268 3850 3850 E ArmVmp : Match on catch block at 0xc3 in for 0x99
02-23 19:11:06.272 3850 3850 E ArmVmp : Match on catch block at 0xc3 in for 0x91
02-23 19:11:06.283 3850 3850 E ArmVmp : Match on catch block at 0xc3 in for 0x91
02-23 19:11:06.286 3850 3850 E ArmVmp : Match on catch block at 0xc3 in for 0x95
02-23 19:11:06.300 3850 3850 E ArmVmp : Match on catch block at 0xc3 in for 0x95
02-23 19:11:06.303 3850 3850 E ArmVmp : Match on catch block at 0xc3 in for 0x99
02-23 19:11:06.334 3850 3850 E ArmVmp : Match on catch block at 0xc3 in for 0x95
02-23 19:11:06.336 3850 3850 E ArmVmp : Match on catch block at 0xc3 in for 0x99
02-23 19:11:06.350 3850 3850 E ArmVmp : Match on catch block at 0xc3 in for 0x99
02-23 19:11:06.355 3850 3850 E ArmVmp : Match on catch block at 0xc3 in for 0x91
02-23 19:11:06.367 3850 3850 E ArmVmp : Match on catch block at 0xc3 in for 0x91
02-23 19:11:06.371 3850 3850 E ArmVmp : Match on catch block at 0xc3 in for 0x95
02-23 19:11:06.384 3850 3850 E ArmVmp : Match on catch block at 0xc3 in for 0x95
02-23 19:11:06.387 3850 3850 E ArmVmp : Match on catch block at 0xc3 in for 0x99
02-23 19:11:06.400 3850 3850 E ArmVmp : Match on catch block at 0xc3 in for 0x99
02-23 19:11:06.404 3850 3850 E ArmVmp : Match on catch block at 0xc3 in for 0x91
02-23 19:11:06.417 3850 3850 E ArmVmp : Match on catch block at 0xc3 in for 0x91
02-23 19:11:06.419 3850 3850 E ArmVmp : Match on catch block at 0xc3 in for 0x95
02-23 19:11:06.434 3850 3850 E ArmVmp : Match on catch block at 0xc3 in for 0x95
02-23 19:11:06.438 3850 3850 E ArmVmp : Match on catch block at 0xc3 in for 0x99
02-23 19:11:06.450 3850 3850 E ArmVmp : Match on catch block at 0xc3 in for 0x99
02-23 19:11:06.455 3850 3850 E ArmVmp : Match on catch block at 0xc3 in for 0x91
02-23 19:11:06.471 3850 3850 E ArmVmp : Match on catch block at 0xc3 in for 0x99
02-23 19:11:06.475 3850 3850 E ArmVmp : Match on catch block at 0xc3 in for 0x91
02-23 19:11:06.485 3850 3850 E ArmVmp : Match on catch block at 0xc3 in for 0x91
02-23 19:11:06.489 3850 3850 E ArmVmp : Match on catch block at 0xc3 in for 0x95
02-23 19:11:06.500 3850 3850 E ArmVmp : Match on catch block at 0xc3 in for 0x99
02-23 19:11:06.507 3850 3850 E ArmVmp : Match on catch block at 0xc3 in for 0x91
02-23 19:11:06.520 3850 3850 E ArmVmp : Match on catch block at 0xc3 in for 0x95
02-23 19:11:06.525 3850 3850 E ArmVmp : Match on catch block at 0xc3 in for 0x99
02-23 19:11:06.548 3850 3850 E ArmVmp : Match on catch block at 0xc3 in for 0x95
02-23 19:11:06.551 3850 3850 E ArmVmp : Match on catch block at 0xc3 in for 0x99
02-23 19:11:06.557 3850 3850 E ArmVmp : Match on catch block at 0xc3 in for 0x91
02-23 19:11:06.565 3850 3850 E ArmVmp : Match on catch block at 0xc3 in for 0x95
02-23 19:11:06.572 3850 3850 E ArmVmp : Match on catch block at 0xc3 in for 0x99
02-23 19:11:06.576 3850 3850 E ArmVmp : Match on catch block at 0xc3 in for 0x91
02-23 19:11:06.588 3850 3850 E ArmVmp : Match on catch block at 0xc3 in for 0x91
02-23 19:11:06.593 3850 3850 E ArmVmp : Match on catch block at 0xc3 in for 0x95
02-23 19:11:06.602 3850 3850 E ArmVmp : Match on catch block at 0xc3 in for 0x99
02-23 19:11:06.607 3850 3850 E ArmVmp : Match on catch block at 0xc3 in for 0x91
02-23 19:11:06.618 3850 3850 E ArmVmp : Match on catch block at 0xc3 in for 0x95
02-23 19:11:06.623 3850 3850 E ArmVmp : Match on catch block at 0xc3 in for 0x99
02-23 19:11:06.634 3850 3850 E ArmVmp : Match on catch block at 0xc3 in for 0x91
02-23 19:11:06.639 3850 3850 E ArmVmp : Match on catch block at 0xc3 in for 0x95
02-23 19:11:06.650 3850 3850 E ArmVmp : Match on catch block at 0xc3 in for 0x95
02-23 19:11:06.655 3850 3850 E ArmVmp : Match on catch block at 0xc3 in for 0x99
02-23 19:11:06.667 3850 3850 E ArmVmp : Match on catch block at 0xc3 in for 0x91
02-23 19:11:06.671 3850 3850 E ArmVmp : Match on catch block at 0xc3 in for 0x95
02-23 19:11:06.684 3850 3850 E ArmVmp : Match on catch block at 0xc3 in for 0x99
02-23 19:11:06.688 3850 3850 E ArmVmp : Match on catch block at 0xc3 in for 0x91
02-23 19:11:06.699 3850 3850 E ArmVmp : Match on catch block at 0xc3 in for 0x91
02-23 19:11:06.704 3850 3850 E ArmVmp : Match on catch block at 0xc3 in for 0x95
02-23 19:11:06.835 3850 3850 E ArmVmp : Match on catch block at 0xc3 in for 0x95
02-23 19:11:06.839 3850 3850 E ArmVmp : Match on catch block at 0xc3 in for 0x99
02-23 19:11:06.850 3850 3850 E ArmVmp : Match on catch block at 0xc3 in for 0x99
02-23 19:11:06.855 3850 3850 E ArmVmp : Match on catch block at 0xc3 in for 0x91
02-23 19:11:06.867 3850 3850 E ArmVmp : Match on catch block at 0xc3 in for 0x91
02-23 19:11:06.869 3850 3850 E ArmVmp : Match on catch block at 0xc3 in for 0x95
02-23 19:11:06.883 3850 3850 E ArmVmp : Match on catch block at 0xc3 in for 0x95
02-23 19:11:06.886 3850 3850 E ArmVmp : Match on catch block at 0xc3 in for 0x99
02-23 19:11:06.900 3850 3850 E ArmVmp : Match on catch block at 0xc3 in for 0x99
02-23 19:11:06.903 3850 3850 E ArmVmp : Match on catch block at 0xc3 in for 0x91
02-23 19:11:06.917 3850 3850 E ArmVmp : Match on catch block at 0xc3 in for 0x91
02-23 19:11:06.919 3850 3850 E ArmVmp : Match on catch block at 0xc3 in for 0x95
02-23 19:11:06.933 3850 3850 E ArmVmp : Match on catch block at 0xc3 in for 0x95
02-23 19:11:06.936 3850 3850 E ArmVmp : Match on catch block at 0xc3 in for 0x99
02-23 19:11:06.984 3850 3850 E ArmVmp : Match on catch block at 0xc3 in for 0x95
02-23 19:11:06.986 3850 3850 E ArmVmp : Match on catch block at 0xc3 in for 0x99
