02-08 16:08:23.940 11314 11314 E ArmVmp : Match on catch block at 0xc3 in for 0x99
02-08 16:08:23.954 11314 11314 E ArmVmp : Match on catch block at 0xc3 in for 0x91
02-08 16:08:23.956 11314 11314 E ArmVmp : Match on catch block at 0xc3 in for 0x95
02-08 16:08:23.958 11314 11314 E ArmVmp : Match on catch block at 0xc3 in for 0x95
02-08 16:08:23.969 11314 11314 E ArmVmp : Match on catch block at 0xc3 in for 0x99
02-08 16:08:23.972 11314 11314 E ArmVmp : Match on catch block at 0xc3 in for 0x91
02-08 16:08:23.974 11314 11314 E ArmVmp : Match on catch block at 0xc3 in for 0x91
02-08 16:08:23.986 11314 11314 E ArmVmp : Match on catch block at 0xc3 in for 0x95
02-08 16:08:23.989 11314 11314 E ArmVmp : Match on catch block at 0xc3 in for 0x99
02-08 16:08:23.991 11314 11314 E ArmVmp : Match on catch block at 0xc3 in for 0x99
02-08 16:08:24.270 11314 11314 E ArmVmp : Match on catch block at 0xc3 in for 0x95
02-08 16:08:24.272 11314 11314 E ArmVmp : Match on catch block at 0xc3 in for 0x99
02-08 16:08:24.274 11314 11314 E ArmVmp : Match on catch block at 0xc3 in for 0x99
02-08 16:08:24.286 11314 11314 E ArmVmp : Match on catch block at 0xc3 in for 0x91
02-08 16:08:24.288 11314 11314 E ArmVmp : Match on catch block at 0xc3 in for 0x95
02-08 16:08:24.291 11314 11314 E ArmVmp : Match on catch block at 0xc3 in for 0x95
02-08 16:08:24.303 11314 11314 E ArmVmp : Match on catch block at 0xc3 in for 0x99
02-08 16:08:24.307 11314 11314 E ArmVmp : Match on catch block at 0xc3 in for 0x91
02-08 16:08:24.309 11314 11314 E ArmVmp : Match on catch block at 0xc3 in for 0x91
02-08 16:08:24.320 11314 11314 E ArmVmp : Match on catch block at 0xc3 in for 0x95
02-08 16:08:24.323 11314 11314 E ArmVmp : Match on catch block at 0xc3 in for 0x99
02-08 16:08:24.325 11314 11314 E ArmVmp : Match on catch block at 0xc3 in for 0x99
02-08 16:08:24.336 11314 11314 E ArmVmp : Match on catch block at 0xc3 in for 0x91
02-08 16:08:24.340 11314 11314 E ArmVmp : Match on catch block at 0xc3 in for 0x95
02-08 16:08:24.343 11314 11314 E ArmVmp : Match on catch block at 0xc3 in for 0x95
02-08 16:08:24.353 11314 11314 E ArmVmp : Match on catch block at 0xc3 in for 0x99
02-08 16:08:24.356 11314 11314 E ArmVmp : Match on catch block at 0xc3 in for 0x91
02-08 16:08:24.359 11314 11314 E ArmVmp : Match on catch block at 0xc3 in for 0x91
02-08 16:08:24.370 11314 11314 E ArmVmp : Match on catch block at 0xc3 in for 0x95
02-08 16:08:24.374 11314 11314 E ArmVmp : Match on catch block at 0xc3 in for 0x99
02-08 16:08:24.377 11314 11314 E ArmVmp : Match on catch block at 0xc3 in for 0x99
02-08 16:08:24.387 11314 11314 E ArmVmp : Match on catch block at 0xc3 in for 0x91
02-08 16:08:24.390 11314 11314 E ArmVmp : Match on catch block at 0xc3 in for 0x95
02-08 16:08:24.394 11314 11314 E ArmVmp : Match on catch block at 0xc3 in for 0x95
02-08 16:08:24.404 11314 11314 E ArmVmp : Match on catch block at 0xc3 in for 0x99
02-08 16:08:24.408 11314 11314 E ArmVmp : Match on catch block at 0xc3 in for 0x91
02-08 16:08:24.413 11314 11314 E ArmVmp : Match on catch block at 0xc3 in for 0x91
02-08 16:08:24.420 11314 11314 E ArmVmp : Match on catch block at 0xc3 in for 0x95
02-08 16:08:24.424 11314 11314 E ArmVmp : Match on catch block at 0xc3 in for 0x99
02-08 16:08:24.426 11314 11314 E ArmVmp : Match on catch block at 0xc3 in for 0x99
02-08 16:08:24.436 11314 11314 E ArmVmp : Match on catch block at 0xc3 in for 0x91
02-08 16:08:24.440 11314 11314 E ArmVmp : Match on catch block at 0xc3 in for 0x95
02-08 16:08:24.443 11314 11314 E ArmVmp : Match on catch block at 0xc3 in for 0x95
02-08 16:08:24.453 11314 11314 E ArmVmp : Match on catch block at 0xc3 in for 0x99
02-08 16:08:24.458 11314 11314 E ArmVmp : Match on catch block at 0xc3 in for 0x91
02-08 16:08:24.461 11314 11314 E ArmVmp : Match on catch block at 0xc3 in for 0x91
02-08 16:08:24.469 11314 11314 E ArmVmp : Match on catch block at 0xc3 in for 0x95
02-08 16:08:24.473 11314 11314 E ArmVmp : Match on catch block at 0xc3 in for 0x99
02-08 16:08:24.475 11314 11314 E ArmVmp : Match on catch block at 0xc3 in for 0x99
02-08 16:08:24.486 11314 11314 E ArmVmp : Match on catch block at 0xc3 in for 0x91
02-08 16:08:24.490 11314 11314 E ArmVmp : Match on catch block at 0xc3 in for 0x95
02-08 16:08:24.491 11314 11314 E ArmVmp : Match on catch block at 0xc3 in for 0x95
02-08 16:08:24.502 11314 11314 E ArmVmp : Match on catch block at 0xc3 in for 0x99
02-08 16:08:24.505 11314 11314 E ArmVmp : Match on catch block at 0xc3 in for 0x91
02-08 16:08:24.507 11314 11314 E ArmVmp : Match on catch block at 0xc3 in for 0x91
02-08 16:08:24.520 11314 11314 E ArmVmp : Match on catch block at 0xc3 in for 0x95
02-08 16:08:24.523 11314 11314 E ArmVmp : Match on catch block at 0xc3 in for 0x99
02-08 16:08:24.526 11314 11314 E ArmVmp : Match on catch block at 0xc3 in for 0x99
02-08 16:08:24.537 11314 11314 E ArmVmp : Match on catch block at 0xc3 in for 0x91
02-08 16:08:24.540 11314 11314 E ArmVmp : Match on catch block at 0xc3 in for 0x95
02-08 16:08:24.543 11314 11314 E ArmVmp : Match on catch block at 0xc3 in for 0x95
02-08 16:08:24.554 11314 11314 E ArmVmp : Match on catch block at 0xc3 in for 0x99
02-08 16:08:24.557 11314 11314 E ArmVmp : Match on catch block at 0xc3 in for 0x91
02-08 16:08:24.560 11314 11314 E ArmVmp : Match on catch block at 0xc3 in for 0x91
02-08 16:08:24.571 11314 11314 E ArmVmp : Match on catch block at 0xc3 in for 0x95
02-08 16:08:24.574 11314 11314 E ArmVmp : Match on catch block at 0xc3 in for 0x99
02-08 16:08:24.576 11314 11314 E ArmVmp : Match on catch block at 0xc3 in for 0x99
02-08 16:08:24.854 11314 11314 E ArmVmp : Match on catch block at 0xc3 in for 0x91
02-08 16:08:24.857 11314 11314 E ArmVmp : Match on catch block at 0xc3 in for 0x95
02-08 16:08:24.860 11314 11314 E ArmVmp : Match on catch block at 0xc3 in for 0x95
02-08 16:08:25.072 11314 11314 E ArmVmp : Match on catch block at 0xc3 in for 0x95
02-08 16:08:25.077 11314 11314 E ArmVmp : Match on catch block at 0xc3 in for 0x99
02-08 16:08:25.080 11314 11314 E ArmVmp : Match on catch block at 0xc3 in for 0x99
02-08 16:08:25.088 11314 11314 E ArmVmp : Match on catch block at 0xc3 in for 0x91
02-08 16:08:25.091 11314 11314 E ArmVmp : Match on catch block at 0xc3 in for 0x95
02-08 16:08:25.093 11314 11314 E ArmVmp : Match on catch block at 0xc3 in for 0x95
02-08 16:08:25.103 11314 11314 E ArmVmp : Match on catch block at 0xc3 in for 0x99
02-08 16:08:25.107 11314 11314 E ArmVmp : Match on catch block at 0xc3 in for 0x91
02-08 16:08:25.110 11314 11314 E ArmVmp : Match on catch block at 0xc3 in for 0x91
02-08 16:08:25.121 11314 11314 E ArmVmp : Match on catch block at 0xc3 in for 0x95
02-08 16:08:25.124 11314 11314 E ArmVmp : Match on catch block at 0xc3 in for 0x99
02-08 16:08:25.126 11314 11314 E ArmVmp : Match on catch block at 0xc3 in for 0x99
02-08 16:08:25.137 11314 11314 E ArmVmp : Match on catch block at 0xc3 in for 0x91
02-08 16:08:25.140 11314 11314 E ArmVmp : Match on catch block at 0xc3 in for 0x95
02-08 16:08:25.143 11314 11314 E ArmVmp : Match on catch block at 0xc3 in for 0x95
02-08 16:08:25.154 11314 11314 E ArmVmp : Match on catch block at 0xc3 in for 0x99
02-08 16:08:25.157 11314 11314 E ArmVmp : Match on catch block at 0xc3 in for 0x91
02-08 16:08:25.159 11314 11314 E ArmVmp : Match on catch block at 0xc3 in for 0x91
02-08 16:08:25.170 11314 11314 E ArmVmp : Match on catch block at 0xc3 in for 0x91
02-08 16:08:25.173 11314 11314 E ArmVmp : Match on catch block at 0xc3 in for 0x95
02-08 16:08:25.176 11314 11314 E ArmVmp : Match on catch block at 0xc3 in for 0x95
02-08 16:08:25.203 11314 11314 E ArmVmp : Match on catch block at 0xc3 in for 0x91
02-08 16:08:25.206 11314 11314 E ArmVmp : Match on catch block at 0xc3 in for 0x95
02-08 16:08:25.210 11314 11314 E ArmVmp : Match on catch block at 0xc3 in for 0x95
02-08 16:08:25.220 11314 11314 E ArmVmp : Match on catch block at 0xc3 in for 0x95
02-08 16:08:25.223 11314 11314 E ArmVmp : Match on catch block at 0xc3 in for 0x99
02-08 16:08:25.226 11314 11314 E ArmVmp : Match on catch block at 0xc3 in for 0x99
02-08 16:08:25.237 11314 11314 E ArmVmp : Match on catch block at 0xc3 in for 0x99
02-08 16:08:25.240 11314 11314 E ArmVmp : Match on catch block at 0xc3 in for 0x91
02-08 16:08:25.243 11314 11314 E ArmVmp : Match on catch block at 0xc3 in for 0x91
02-08 16:08:25.357 11314 11314 E ArmVmp : Match on catch block at 0xc3 in for 0x95
02-08 16:08:25.362 11314 11314 E ArmVmp : Match on catch block at 0xc3 in for 0x99
02-08 16:08:25.365 11314 11314 E ArmVmp : Match on catch block at 0xc3 in for 0x99
02-08 16:08:25.374 11314 11314 E ArmVmp : Match on catch block at 0xc3 in for 0x95
02-08 16:08:25.377 11314 11314 E ArmVmp : Match on catch block at 0xc3 in for 0x99
02-08 16:08:25.380 11314 11314 E ArmVmp : Match on catch block at 0xc3 in for 0x99
02-08 16:08:25.386 11314 11314 E ArmVmp : Match on catch block at 0xc3 in for 0x95
02-08 16:08:25.390 11314 11314 E ArmVmp : Match on catch block at 0xc3 in for 0x99
02-08 16:08:25.392 11314 11314 E ArmVmp : Match on catch block at 0xc3 in for 0x99
02-08 16:08:25.403 11314 11314 E ArmVmp : Match on catch block at 0xc3 in for 0x95
02-08 16:08:25.406 11314 11314 E ArmVmp : Match on catch block at 0xc3 in for 0x99
02-08 16:08:25.408 11314 11314 E ArmVmp : Match on catch block at 0xc3 in for 0x99
02-08 16:08:25.420 11314 11314 E ArmVmp : Match on catch block at 0xc3 in for 0x95
02-08 16:08:25.423 11314 11314 E ArmVmp : Match on catch block at 0xc3 in for 0x99
02-08 16:08:25.425 11314 11314 E ArmVmp : Match on catch block at 0xc3 in for 0x99
02-08 16:08:25.436 11314 11314 E ArmVmp : Match on catch block at 0xc3 in for 0x95
02-08 16:08:25.439 11314 11314 E ArmVmp : Match on catch block at 0xc3 in for 0x99
02-08 16:08:25.442 11314 11314 E ArmVmp : Match on catch block at 0xc3 in for 0x99
02-08 16:08:25.453 11314 11314 E ArmVmp : Match on catch block at 0xc3 in for 0x95
02-08 16:08:25.456 11314 11314 E ArmVmp : Match on catch block at 0xc3 in for 0x99
02-08 16:08:25.459 11314 11314 E ArmVmp : Match on catch block at 0xc3 in for 0x99
02-08 16:08:25.470 11314 11314 E ArmVmp : Match on catch block at 0xc3 in for 0x95
02-08 16:08:25.474 11314 11314 E ArmVmp : Match on catch block at 0xc3 in for 0x99
02-08 16:08:25.477 11314 11314 E ArmVmp : Match on catch block at 0xc3 in for 0x99
02-08 16:08:25.486 11314 11314 E ArmVmp : Match on catch block at 0xc3 in for 0x95
02-08 16:08:25.489 11314 11314 E ArmVmp : Match on catch block at 0xc3 in for 0x99
02-08 16:08:25.492 11314 11314 E ArmVmp : Match on catch block at 0xc3 in for 0x99
02-08 16:08:25.503 11314 11314 E ArmVmp : Match on catch block at 0xc3 in for 0x95
02-08 16:08:25.507 11314 11314 E ArmVmp : Match on catch block at 0xc3 in for 0x99
02-08 16:08:25.509 11314 11314 E ArmVmp : Match on catch block at 0xc3 in for 0x99
02-08 16:08:25.519 11314 11314 E ArmVmp : Match on catch block at 0xc3 in for 0x95
02-08 16:08:25.523 11314 11314 E ArmVmp : Match on catch block at 0xc3 in for 0x99
02-08 16:08:25.526 11314 11314 E ArmVmp : Match on catch block at 0xc3 in for 0x99
02-08 16:08:25.536 11314 11314 E ArmVmp : Match on catch block at 0xc3 in for 0x95
02-08 16:08:25.539 11314 11314 E ArmVmp : Match on catch block at 0xc3 in for 0x99
02-08 16:08:25.542 11314 11314 E ArmVmp : Match on catch block at 0xc3 in for 0x99
02-08 16:08:25.553 11314 11314 E ArmVmp : Match on catch block at 0xc3 in for 0x95
02-08 16:08:25.557 11314 11314 E ArmVmp : Match on catch block at 0xc3 in for 0x99
02-08 16:08:25.559 11314 11314 E ArmVmp : Match on catch block at 0xc3 in for 0x99
02-08 16:08:25.570 11314 11314 E ArmVmp : Match on catch block at 0xc3 in for 0x91
02-08 16:08:25.572 11314 11314 E ArmVmp : Match on catch block at 0xc3 in for 0x95
02-08 16:08:25.574 11314 11314 E ArmVmp : Match on catch block at 0xc3 in for 0x95
02-08 16:08:25.585 11314 11314 E ArmVmp : Match on catch block at 0xc3 in for 0x99
02-08 16:08:25.589 11314 11314 E ArmVmp : Match on catch block at 0xc3 in for 0x91
02-08 16:08:25.592 11314 11314 E ArmVmp : Match on catch block at 0xc3 in for 0x91
02-08 16:08:25.602 11314 11314 E ArmVmp : Match on catch block at 0xc3 in for 0x95
02-08 16:08:25.606 11314 11314 E ArmVmp : Match on catch block at 0xc3 in for 0x99
02-08 16:08:25.608 11314 11314 E ArmVmp : Match on catch block at 0xc3 in for 0x99
02-08 16:08:25.619 11314 11314 E ArmVmp : Match on catch block at 0xc3 in for 0x91
02-08 16:08:25.622 11314 11314 E ArmVmp : Match on catch block at 0xc3 in for 0x95
02-08 16:08:25.624 11314 11314 E ArmVmp : Match on catch block at 0xc3 in for 0x95
02-08 16:08:25.636 11314 11314 E ArmVmp : Match on catch block at 0xc3 in for 0x99
02-08 16:08:25.639 11314 11314 E ArmVmp : Match on catch block at 0xc3 in for 0x91
02-08 16:08:25.641 11314 11314 E ArmVmp : Match on catch block at 0xc3 in for 0x91
02-08 16:08:25.652 11314 11314 E ArmVmp : Match on catch block at 0xc3 in for 0x95
02-08 16:08:25.657 11314 11314 E ArmVmp : Match on catch block at 0xc3 in for 0x99
02-08 16:08:25.659 11314 11314 E ArmVmp : Match on catch block at 0xc3 in for 0x99
02-08 16:08:25.670 11314 11314 E ArmVmp : Match on catch block at 0xc3 in for 0x91
02-08 16:08:25.672 11314 11314 E ArmVmp : Match on catch block at 0xc3 in for 0x95
02-08 16:08:25.674 11314 11314 E ArmVmp : Match on catch block at 0xc3 in for 0x95
02-08 16:08:25.680 11314 11314 E ArmVmp : Match on catch block at 0xc3 in for 0x99
02-08 16:08:25.682 11314 11314 E ArmVmp : Match on catch block at 0xc3 in for 0x91
02-08 16:08:25.686 11314 11314 E ArmVmp : Match on catch block at 0xc3 in for 0x91
02-08 16:08:25.695 11314 11314 E ArmVmp : Match on catch block at 0xc3 in for 0x95
02-08 16:08:25.698 11314 11314 E ArmVmp : Match on catch block at 0xc3 in for 0x99
02-08 16:08:25.701 11314 11314 E ArmVmp : Match on catch block at 0xc3 in for 0x99
02-08 16:08:25.707 11314 11314 E ArmVmp : Match on catch block at 0xc3 in for 0x99
02-08 16:08:25.710 11314 11314 E ArmVmp : Match on catch block at 0xc3 in for 0x91
02-08 16:08:25.713 11314 11314 E ArmVmp : Match on catch block at 0xc3 in for 0x91
02-08 16:08:25.719 11314 11314 E ArmVmp : Match on catch block at 0xc3 in for 0x91
02-08 16:08:25.721 11314 11314 E ArmVmp : Match on catch block at 0xc3 in for 0x95
02-08 16:08:25.722 11314 11314 E ArmVmp : Match on catch block at 0xc3 in for 0x95
02-08 16:08:25.736 11314 11314 E ArmVmp : Match on catch block at 0xc3 in for 0x95
02-08 16:08:25.738 11314 11314 E ArmVmp : Match on catch block at 0xc3 in for 0x99
02-08 16:08:25.741 11314 11314 E ArmVmp : Match on catch block at 0xc3 in for 0x99
02-08 16:08:25.753 11314 11314 E ArmVmp : Match on catch block at 0xc3 in for 0x99
02-08 16:08:25.757 11314 11314 E ArmVmp : Match on catch block at 0xc3 in for 0x91
02-08 16:08:25.759 11314 11314 E ArmVmp : Match on catch block at 0xc3 in for 0x91
02-08 16:08:25.769 11314 11314 E ArmVmp : Match on catch block at 0xc3 in for 0x91
02-08 16:08:25.772 11314 11314 E ArmVmp : Match on catch block at 0xc3 in for 0x95
02-08 16:08:25.775 11314 11314 E ArmVmp : Match on catch block at 0xc3 in for 0x95
02-08 16:08:25.786 11314 11314 E ArmVmp : Match on catch block at 0xc3 in for 0x95
02-08 16:08:25.789 11314 11314 E ArmVmp : Match on catch block at 0xc3 in for 0x99
02-08 16:08:25.792 11314 11314 E ArmVmp : Match on catch block at 0xc3 in for 0x99
02-08 16:08:25.803 11314 11314 E ArmVmp : Match on catch block at 0xc3 in for 0x99
02-08 16:08:25.805 11314 11314 E ArmVmp : Match on catch block at 0xc3 in for 0x91
02-08 16:08:25.807 11314 11314 E ArmVmp : Match on catch block at 0xc3 in for 0x91
02-08 16:08:25.819 11314 11314 E ArmVmp : Match on catch block at 0xc3 in for 0x95
02-08 16:08:25.821 11314 11314 E ArmVmp : Match on catch block at 0xc3 in for 0x99
02-08 16:08:25.824 11314 11314 E ArmVmp : Match on catch block at 0xc3 in for 0x99
02-08 16:08:25.853 11314 11314 E ArmVmp : Match on catch block at 0xc3 in for 0x91
02-08 16:08:25.857 11314 11314 E ArmVmp : Match on catch block at 0xc3 in for 0x95
02-08 16:08:25.861 11314 11314 E ArmVmp : Match on catch block at 0xc3 in for 0x95
02-08 16:08:25.870 11314 11314 E ArmVmp : Match on catch block at 0xc3 in for 0x99
02-08 16:08:25.873 11314 11314 E ArmVmp : Match on catch block at 0xc3 in for 0x91
02-08 16:08:25.875 11314 11314 E ArmVmp : Match on catch block at 0xc3 in for 0x91
02-08 16:08:25.886 11314 11314 E ArmVmp : Match on catch block at 0xc3 in for 0x99
02-08 16:08:25.889 11314 11314 E ArmVmp : Match on catch block at 0xc3 in for 0x91
02-08 16:08:25.891 11314 11314 E ArmVmp : Match on catch block at 0xc3 in for 0x91
02-08 16:08:25.902 11314 11314 E ArmVmp : Match on catch block at 0xc3 in for 0x99
02-08 16:08:25.905 11314 11314 E ArmVmp : Match on catch block at 0xc3 in for 0x91
02-08 16:08:25.908 11314 11314 E ArmVmp : Match on catch block at 0xc3 in for 0x91
02-08 16:08:25.919 11314 11314 E ArmVmp : Match on catch block at 0xc3 in for 0x99
02-08 16:08:25.922 11314 11314 E ArmVmp : Match on catch block at 0xc3 in for 0x91
02-08 16:08:25.924 11314 11314 E ArmVmp : Match on catch block at 0xc3 in for 0x91
02-08 16:08:25.935 11314 11314 E ArmVmp : Match on catch block at 0xc3 in for 0x99
02-08 16:08:25.938 11314 11314 E ArmVmp : Match on catch block at 0xc3 in for 0x91
02-08 16:08:25.943 11314 11314 E ArmVmp : Match on catch block at 0xc3 in for 0x91
02-08 16:08:25.952 11314 11314 E ArmVmp : Match on catch block at 0xc3 in for 0x99
02-08 16:08:25.954 11314 11314 E ArmVmp : Match on catch block at 0xc3 in for 0x91
02-08 16:08:25.956 11314 11314 E ArmVmp : Match on catch block at 0xc3 in for 0x91
02-08 16:08:25.968 11314 11314 E ArmVmp : Match on catch block at 0xc3 in for 0x99
02-08 16:08:25.970 11314 11314 E ArmVmp : Match on catch block at 0xc3 in for 0x91
02-08 16:08:25.972 11314 11314 E ArmVmp : Match on catch block at 0xc3 in for 0x91
02-08 16:08:25.986 11314 11314 E ArmVmp : Match on catch block at 0xc3 in for 0x99
02-08 16:08:25.988 11314 11314 E ArmVmp : Match on catch block at 0xc3 in for 0x91
02-08 16:08:25.991 11314 11314 E ArmVmp : Match on catch block at 0xc3 in for 0x91
02-08 16:08:26.003 11314 11314 E ArmVmp : Match on catch block at 0xc3 in for 0x99
02-08 16:08:26.005 11314 11314 E ArmVmp : Match on catch block at 0xc3 in for 0x91
02-08 16:08:26.007 11314 11314 E ArmVmp : Match on catch block at 0xc3 in for 0x91
02-08 16:08:26.019 11314 11314 E ArmVmp : Match on catch block at 0xc3 in for 0x99
02-08 16:08:26.022 11314 11314 E ArmVmp : Match on catch block at 0xc3 in for 0x91
02-08 16:08:26.024 11314 11314 E ArmVmp : Match on catch block at 0xc3 in for 0x91
02-08 16:08:26.037 11314 11314 E ArmVmp : Match on catch block at 0xc3 in for 0x99
02-08 16:08:26.040 11314 11314 E ArmVmp : Match on catch block at 0xc3 in for 0x91
02-08 16:08:26.043 11314 11314 E ArmVmp : Match on catch block at 0xc3 in for 0x91
02-08 16:08:26.053 11314 11314 E ArmVmp : Match on catch block at 0xc3 in for 0x99
02-08 16:08:26.059 11314 11314 E ArmVmp : Match on catch block at 0xc3 in for 0x91
02-08 16:08:26.070 11314 11314 E ArmVmp : Match on catch block at 0xc3 in for 0x91
02-08 16:08:26.073 11314 11314 E ArmVmp : Match on catch block at 0xc3 in for 0x95
02-08 16:08:26.076 11314 11314 E ArmVmp : Match on catch block at 0xc3 in for 0x95
02-08 16:08:26.354 11314 11314 E ArmVmp : Match on catch block at 0xc3 in for 0x99
02-08 16:08:26.358 11314 11314 E ArmVmp : Match on catch block at 0xc3 in for 0x91
02-08 16:08:26.361 11314 11314 E ArmVmp : Match on catch block at 0xc3 in for 0x91
02-08 16:08:26.700 11314 11314 W SoundPool: Use of stream types is deprecated for operations other than volume control
02-08 16:08:26.701 11314 11314 W SoundPool: See the documentation of SoundPool() for what to use instead with android.media.AudioAttributes to qualify your playback use case
02-08 16:08:26.724 11314 11314 W AudioManager: Use of stream types is deprecated for operations other than volume control
02-08 16:08:26.724 11314 11314 W AudioManager: See the documentation of requestAudioFocus() for what to use instead with android.media.AudioAttributes to qualify your playback use case
02-08 16:08:26.743 11314 11734 W SoundPool: play soundID 1 not READY
02-08 16:08:26.812 11314 11851 W Codec2Client: query -- param skipped: index = 1107298332.
02-08 16:08:26.812 11314 11851 W Codec2Client: query -- param skipped: index = 1342179345.
02-08 16:08:26.812 11314 11851 W Codec2Client: query -- param skipped: index = 2415921170.
02-08 16:08:26.815 11314 11852 W Codec2Client: query -- param skipped: index = 1107298332.
02-08 16:08:26.816 11314 11314 W libOpenSLES: Conversion from OpenSL ES positional channel mask 0x4 to Android mask 0 loses channels
02-08 16:08:26.816 11314 11851 E FMQ : grantorIdx must be less than 3
02-08 16:08:26.816 11314 11851 E FMQ : grantorIdx must be less than 3
02-08 16:08:26.818 11314 11852 W Codec2Client: query -- param skipped: index = 1342179345.
02-08 16:08:26.818 11314 11852 W Codec2Client: query -- param skipped: index = 2415921170.
02-08 16:08:26.818 11314 11852 E FMQ : grantorIdx must be less than 3
02-08 16:08:26.818 11314 11852 E FMQ : grantorIdx must be less than 3
02-08 16:08:26.827 11314 11851 E ion : ioctl c0044901 failed with code -1: Inappropriate ioctl for device
02-08 16:08:26.851 11314 11852 E FMQ : grantorIdx must be less than 3
02-08 16:08:26.853 11314 11851 E FMQ : grantorIdx must be less than 3
02-08 16:08:26.861 11314 11857 E FMQ : grantorIdx must be less than 3
02-08 16:08:26.862 11314 11857 E FMQ : grantorIdx must be less than 3
02-08 16:08:26.895 11314 11314 E ArmVmp : Match on catch block at 0xc3 in for 0x91
02-08 16:08:26.898 11314 11314 E ArmVmp : Match on catch block at 0xc3 in for 0x95
02-08 16:08:26.901 11314 11314 E ArmVmp : Match on catch block at 0xc3 in for 0x95
02-08 16:08:26.911 11314 11868 W Codec2Client: query -- param skipped: index = 1107298332.
02-08 16:08:26.913 11314 11868 W Codec2Client: query -- param skipped: index = 1342179345.
02-08 16:08:26.913 11314 11868 W Codec2Client: query -- param skipped: index = 2415921170.
02-08 16:08:26.914 11314 11868 E FMQ : grantorIdx must be less than 3
02-08 16:08:26.914 11314 11868 E FMQ : grantorIdx must be less than 3
02-08 16:08:26.918 11314 11868 E FMQ : grantorIdx must be less than 3
02-08 16:08:26.925 11314 11857 E FMQ : grantorIdx must be less than 3
02-08 16:08:26.938 11314 11871 W Codec2Client: query -- param skipped: index = 1107298332.
02-08 16:08:26.939 11314 11871 W Codec2Client: query -- param skipped: index = 1342179345.
02-08 16:08:26.939 11314 11871 W Codec2Client: query -- param skipped: index = 2415921170.
02-08 16:08:26.940 11314 11871 E FMQ : grantorIdx must be less than 3
02-08 16:08:26.940 11314 11871 E FMQ : grantorIdx must be less than 3
02-08 16:08:26.945 11314 11871 E FMQ : grantorIdx must be less than 3
02-08 16:08:26.954 11314 11857 E FMQ : grantorIdx must be less than 3
02-08 16:08:26.994 11314 11875 W Codec2Client: query -- param skipped: index = 1107298332.
02-08 16:08:26.995 11314 11875 W Codec2Client: query -- param skipped: index = 1342179345.
02-08 16:08:26.995 11314 11875 W Codec2Client: query -- param skipped: index = 2415921170.
02-08 16:08:26.995 11314 11875 E FMQ : grantorIdx must be less than 3
02-08 16:08:26.995 11314 11875 E FMQ : grantorIdx must be less than 3
02-08 16:08:27.000 11314 11875 E FMQ : grantorIdx must be less than 3
02-08 16:08:27.011 11314 11651 W LOTTIE : Unknown shape type rd
02-08 16:08:27.011 11314 11857 E FMQ : grantorIdx must be less than 3
02-08 16:08:27.080 11314 11882 W Codec2Client: query -- param skipped: index = 1107298332.
02-08 16:08:27.081 11314 11882 W Codec2Client: query -- param skipped: index = 1342179345.
02-08 16:08:27.081 11314 11882 W Codec2Client: query -- param skipped: index = 2415921170.
02-08 16:08:27.095 11314 11882 E FMQ : grantorIdx must be less than 3
02-08 16:08:27.095 11314 11882 E FMQ : grantorIdx must be less than 3
02-08 16:08:27.098 11314 11882 E FMQ : grantorIdx must be less than 3
02-08 16:08:27.105 11314 11857 E FMQ : grantorIdx must be less than 3
02-08 16:08:27.138 11314 11314 E ArmVmp : Match on catch block at 0xc3 in for 0x91
02-08 16:08:27.141 11314 11314 E ArmVmp : Match on catch block at 0xc3 in for 0x95
02-08 16:08:27.142 11314 11314 E ArmVmp : Match on catch block at 0xc3 in for 0x95
02-08 16:08:27.171 11314 11314 E ArmVmp : Match on catch block at 0xc3 in for 0x91
02-08 16:08:27.173 11314 11314 E ArmVmp : Match on catch block at 0xc3 in for 0x95
02-08 16:08:27.176 11314 11314 E ArmVmp : Match on catch block at 0xc3 in for 0x95
02-08 16:08:27.185 11314 11314 E ArmVmp : Match on catch block at 0xc3 in for 0x99
02-08 16:08:27.187 11314 11314 E ArmVmp : Match on catch block at 0xc3 in for 0x91
02-08 16:08:27.190 11314 11314 E ArmVmp : Match on catch block at 0xc3 in for 0x91
02-08 16:08:27.201 11314 11314 E ArmVmp : Match on catch block at 0xc3 in for 0x95
02-08 16:08:27.204 11314 11314 E ArmVmp : Match on catch block at 0xc3 in for 0x99
02-08 16:08:27.205 11314 11314 E ArmVmp : Match on catch block at 0xc3 in for 0x99
02-08 16:08:27.218 11314 11314 E ArmVmp : Match on catch block at 0xc3 in for 0x91
02-08 16:08:27.221 11314 11314 E ArmVmp : Match on catch block at 0xc3 in for 0x95
02-08 16:08:27.223 11314 11314 E ArmVmp : Match on catch block at 0xc3 in for 0x95
02-08 16:08:27.235 11314 11314 E ArmVmp : Match on catch block at 0xc3 in for 0x99
02-08 16:08:27.237 11314 11314 E ArmVmp : Match on catch block at 0xc3 in for 0x91
02-08 16:08:27.239 11314 11314 E ArmVmp : Match on catch block at 0xc3 in for 0x91
02-08 16:08:27.252 11314 11314 E ArmVmp : Match on catch block at 0xc3 in for 0x95
02-08 16:08:27.255 11314 11314 E ArmVmp : Match on catch block at 0xc3 in for 0x99
02-08 16:08:27.257 11314 11314 E ArmVmp : Match on catch block at 0xc3 in for 0x99
02-08 16:08:27.268 11314 11314 E ArmVmp : Match on catch block at 0xc3 in for 0x91
02-08 16:08:27.271 11314 11314 E ArmVmp : Match on catch block at 0xc3 in for 0x95
02-08 16:08:27.274 11314 11314 E ArmVmp : Match on catch block at 0xc3 in for 0x95
02-08 16:08:27.285 11314 11314 E ArmVmp : Match on catch block at 0xc3 in for 0x99
02-08 16:08:27.288 11314 11314 E ArmVmp : Match on catch block at 0xc3 in for 0x91
02-08 16:08:27.292 11314 11314 E ArmVmp : Match on catch block at 0xc3 in for 0x91
02-08 16:08:27.302 11314 11314 E ArmVmp : Match on catch block at 0xc3 in for 0x95
02-08 16:08:27.305 11314 11314 E ArmVmp : Match on catch block at 0xc3 in for 0x99
02-08 16:08:27.308 11314 11314 E ArmVmp : Match on catch block at 0xc3 in for 0x99
02-08 16:08:27.319 11314 11314 E ArmVmp : Match on catch block at 0xc3 in for 0x91
02-08 16:08:27.323 11314 11314 E ArmVmp : Match on catch block at 0xc3 in for 0x95
02-08 16:08:27.327 11314 11314 E ArmVmp : Match on catch block at 0xc3 in for 0x95
02-08 16:08:27.336 11314 11314 E ArmVmp : Match on catch block at 0xc3 in for 0x99
02-08 16:08:27.340 11314 11314 E ArmVmp : Match on catch block at 0xc3 in for 0x91
02-08 16:08:27.342 11314 11314 E ArmVmp : Match on catch block at 0xc3 in for 0x91
02-08 16:08:27.353 11314 11314 E ArmVmp : Match on catch block at 0xc3 in for 0x95
02-08 16:08:27.357 11314 11314 E ArmVmp : Match on catch block at 0xc3 in for 0x99
02-08 16:08:27.360 11314 11314 E ArmVmp : Match on catch block at 0xc3 in for 0x99
02-08 16:08:27.369 11314 11314 E ArmVmp : Match on catch block at 0xc3 in for 0x91
02-08 16:08:27.372 11314 11314 E ArmVmp : Match on catch block at 0xc3 in for 0x95
02-08 16:08:27.375 11314 11314 E ArmVmp : Match on catch block at 0xc3 in for 0x95
02-08 16:08:27.386 11314 11314 E ArmVmp : Match on catch block at 0xc3 in for 0x99
02-08 16:08:27.389 11314 11314 E ArmVmp : Match on catch block at 0xc3 in for 0x91
02-08 16:08:27.391 11314 11314 E ArmVmp : Match on catch block at 0xc3 in for 0x91
02-08 16:08:27.403 11314 11314 E ArmVmp : Match on catch block at 0xc3 in for 0x95
02-08 16:08:27.406 11314 11314 E ArmVmp : Match on catch block at 0xc3 in for 0x99
02-08 16:08:27.409 11314 11314 E ArmVmp : Match on catch block at 0xc3 in for 0x99
02-08 16:08:27.419 11314 11314 E ArmVmp : Match on catch block at 0xc3 in for 0x91
02-08 16:08:27.423 11314 11314 E ArmVmp : Match on catch block at 0xc3 in for 0x95
02-08 16:08:27.425 11314 11314 E ArmVmp : Match on catch block at 0xc3 in for 0x95
02-08 16:08:27.436 11314 11314 E ArmVmp : Match on catch block at 0xc3 in for 0x99
02-08 16:08:27.439 11314 11314 E ArmVmp : Match on catch block at 0xc3 in for 0x91
02-08 16:08:27.442 11314 11314 E ArmVmp : Match on catch block at 0xc3 in for 0x91
02-08 16:08:27.453 11314 11314 E ArmVmp : Match on catch block at 0xc3 in for 0x95
02-08 16:08:27.456 11314 11314 E ArmVmp : Match on catch block at 0xc3 in for 0x99
02-08 16:08:27.460 11314 11314 E ArmVmp : Match on catch block at 0xc3 in for 0x99
02-08 16:08:27.470 11314 11314 E ArmVmp : Match on catch block at 0xc3 in for 0x91
02-08 16:08:27.473 11314 11314 E ArmVmp : Match on catch block at 0xc3 in for 0x95
02-08 16:08:27.476 11314 11314 E ArmVmp : Match on catch block at 0xc3 in for 0x95
02-08 16:08:27.486 11314 11314 E ArmVmp : Match on catch block at 0xc3 in for 0x99
02-08 16:08:27.489 11314 11314 E ArmVmp : Match on catch block at 0xc3 in for 0x91
02-08 16:08:27.492 11314 11314 E ArmVmp : Match on catch block at 0xc3 in for 0x91
02-08 16:08:27.522 11314 11314 E ArmVmp : Match on catch block at 0xc3 in for 0x95
02-08 16:08:27.526 11314 11314 E ArmVmp : Match on catch block at 0xc3 in for 0x99
02-08 16:08:27.529 11314 11314 E ArmVmp : Match on catch block at 0xc3 in for 0x99
02-08 16:08:27.535 11314 11314 E ArmVmp : Match on catch block at 0xc3 in for 0x91
02-08 16:08:27.538 11314 11314 E ArmVmp : Match on catch block at 0xc3 in for 0x95
02-08 16:08:27.540 11314 11314 E ArmVmp : Match on catch block at 0xc3 in for 0x95
02-08 16:08:27.552 11314 11314 E ArmVmp : Match on catch block at 0xc3 in for 0x99
02-08 16:08:27.555 11314 11314 E ArmVmp : Match on catch block at 0xc3 in for 0x91
02-08 16:08:27.558 11314 11314 E ArmVmp : Match on catch block at 0xc3 in for 0x91
02-08 16:08:27.568 11314 11314 E ArmVmp : Match on catch block at 0xc3 in for 0x95
02-08 16:08:27.572 11314 11314 E ArmVmp : Match on catch block at 0xc3 in for 0x99
02-08 16:08:27.575 11314 11314 E ArmVmp : Match on catch block at 0xc3 in for 0x99
02-08 16:08:27.585 11314 11314 E ArmVmp : Match on catch block at 0xc3 in for 0x91
02-08 16:08:27.590 11314 11314 E ArmVmp : Match on catch block at 0xc3 in for 0x95
02-08 16:08:27.592 11314 11314 E ArmVmp : Match on catch block at 0xc3 in for 0x95
02-08 16:08:27.601 11314 11314 E ArmVmp : Match on catch block at 0xc3 in for 0x99
02-08 16:08:27.605 11314 11314 E ArmVmp : Match on catch block at 0xc3 in for 0x91
02-08 16:08:27.608 11314 11314 E ArmVmp : Match on catch block at 0xc3 in for 0x91
02-08 16:08:27.619 11314 11314 E ArmVmp : Match on catch block at 0xc3 in for 0x95
02-08 16:08:27.622 11314 11314 E ArmVmp : Match on catch block at 0xc3 in for 0x99
02-08 16:08:27.625 11314 11314 E ArmVmp : Match on catch block at 0xc3 in for 0x99
02-08 16:08:28.046 11314 11314 E ArmVmp : Match on catch block at 0xc3 in for 0x95
02-08 16:08:28.048 11314 11314 E ArmVmp : Match on catch block at 0xc3 in for 0x99
02-08 16:08:28.050 11314 11314 E ArmVmp : Match on catch block at 0xc3 in for 0x99
02-08 16:08:28.055 11314 11314 E ArmVmp : Match on catch block at 0xc3 in for 0x91
02-08 16:08:28.056 11314 11314 E ArmVmp : Match on catch block at 0xc3 in for 0x95
02-08 16:08:28.058 11314 11314 E ArmVmp : Match on catch block at 0xc3 in for 0x95
02-08 16:08:28.259 11314 11314 E ArmVmp : Match on catch block at 0xc3 in for 0x95
02-08 16:08:28.263 11314 11314 E ArmVmp : Match on catch block at 0xc3 in for 0x99
02-08 16:08:28.266 11314 11314 E ArmVmp : Match on catch block at 0xc3 in for 0x99
02-08 16:08:28.291 11314 11314 E ArmVmp : Match on catch block at 0xc3 in for 0x95
02-08 16:08:28.296 11314 11314 E ArmVmp : Match on catch block at 0xc3 in for 0x99
02-08 16:08:28.298 11314 11314 E ArmVmp : Match on catch block at 0xc3 in for 0x99
02-08 16:08:28.323 11314 11314 E ArmVmp : Match on catch block at 0xc3 in for 0x95
02-08 16:08:28.325 11314 11314 E ArmVmp : Match on catch block at 0xc3 in for 0x99
02-08 16:08:28.328 11314 11314 E ArmVmp : Match on catch block at 0xc3 in for 0x99
02-08 16:08:28.334 11314 11314 E ArmVmp : Match on catch block at 0xc3 in for 0x91
02-08 16:08:28.339 11314 11314 E ArmVmp : Match on catch block at 0xc3 in for 0x95
02-08 16:08:28.341 11314 11314 E ArmVmp : Match on catch block at 0xc3 in for 0x95
02-08 16:08:28.526 11314 11314 E ArmVmp : Match on catch block at 0xc3 in for 0x99
02-08 16:08:28.528 11314 11314 E ArmVmp : Match on catch block at 0xc3 in for 0x91
02-08 16:08:28.532 11314 11314 E ArmVmp : Match on catch block at 0xc3 in for 0x91
02-08 16:08:28.539 11314 11314 E ArmVmp : Match on catch block at 0xc3 in for 0x95
02-08 16:08:28.545 11314 11314 E ArmVmp : Match on catch block at 0xc3 in for 0x99
02-08 16:08:28.547 11314 11314 E ArmVmp : Match on catch block at 0xc3 in for 0x99
02-08 16:08:28.568 11314 11314 E ArmVmp : Match on catch block at 0xc3 in for 0x91
02-08 16:08:28.574 11314 11314 E ArmVmp : Match on catch block at 0xc3 in for 0x95
02-08 16:08:28.577 11314 11314 E ArmVmp : Match on catch block at 0xc3 in for 0x95
02-08 16:08:29.067 11314 11314 E ArmVmp : Match on catch block at 0xc3 in for 0x99
02-08 16:08:29.071 11314 11314 E ArmVmp : Match on catch block at 0xc3 in for 0x91
02-08 16:08:29.073 11314 11314 E ArmVmp : Match on catch block at 0xc3 in for 0x91
02-08 16:08:29.569 11314 11314 E ArmVmp : Match on catch block at 0xc3 in for 0x95
02-08 16:08:29.573 11314 11314 E ArmVmp : Match on catch block at 0xc3 in for 0x99
02-08 16:08:29.577 11314 11314 E ArmVmp : Match on catch block at 0xc3 in for 0x99
02-08 16:08:30.069 11314 11314 E ArmVmp : Match on catch block at 0xc3 in for 0x91
02-08 16:08:30.073 11314 11314 E ArmVmp : Match on catch block at 0xc3 in for 0x95
02-08 16:08:30.076 11314 11314 E ArmVmp : Match on catch block at 0xc3 in for 0x95
02-08 16:08:30.135 11314 11314 E ArmVmp : Match on catch block at 0xc3 in for 0x99
02-08 16:08:30.140 11314 11314 E ArmVmp : Match on catch block at 0xc3 in for 0x91
02-08 16:08:30.143 11314 11314 E ArmVmp : Match on catch block at 0xc3 in for 0x91
02-08 16:08:30.152 11314 11314 E ArmVmp : Match on catch block at 0xc3 in for 0x95
02-08 16:08:30.156 11314 11314 E ArmVmp : Match on catch block at 0xc3 in for 0x99
02-08 16:08:30.160 11314 11314 E ArmVmp : Match on catch block at 0xc3 in for 0x99
02-08 16:08:30.168 11314 11314 E ArmVmp : Match on catch block at 0xc3 in for 0x91
02-08 16:08:30.173 11314 11314 E ArmVmp : Match on catch block at 0xc3 in for 0x95
02-08 16:08:30.176 11314 11314 E ArmVmp : Match on catch block at 0xc3 in for 0x95
02-08 16:08:30.184 11314 11314 E ArmVmp : Match on catch block at 0xc3 in for 0x99
02-08 16:08:30.188 11314 11314 E ArmVmp : Match on catch block at 0xc3 in for 0x91
02-08 16:08:30.190 11314 11314 E ArmVmp : Match on catch block at 0xc3 in for 0x91
02-08 16:08:30.201 11314 11314 E ArmVmp : Match on catch block at 0xc3 in for 0x95
02-08 16:08:30.204 11314 11314 E ArmVmp : Match on catch block at 0xc3 in for 0x99
02-08 16:08:30.206 11314 11314 E ArmVmp : Match on catch block at 0xc3 in for 0x99
02-08 16:08:30.217 11314 11314 E ArmVmp : Match on catch block at 0xc3 in for 0x91
02-08 16:08:30.221 11314 11314 E ArmVmp : Match on catch block at 0xc3 in for 0x95
02-08 16:08:30.223 11314 11314 E ArmVmp : Match on catch block at 0xc3 in for 0x95
02-08 16:08:30.234 11314 11314 E ArmVmp : Match on catch block at 0xc3 in for 0x99
02-08 16:08:30.238 11314 11314 E ArmVmp : Match on catch block at 0xc3 in for 0x91
02-08 16:08:30.240 11314 11314 E ArmVmp : Match on catch block at 0xc3 in for 0x91
02-08 16:08:30.251 11314 11314 E ArmVmp : Match on catch block at 0xc3 in for 0x95
02-08 16:08:30.255 11314 11314 E ArmVmp : Match on catch block at 0xc3 in for 0x99
02-08 16:08:30.257 11314 11314 E ArmVmp : Match on catch block at 0xc3 in for 0x99
02-08 16:08:30.268 11314 11314 E ArmVmp : Match on catch block at 0xc3 in for 0x91
02-08 16:08:30.271 11314 11314 E ArmVmp : Match on catch block at 0xc3 in for 0x95
02-08 16:08:30.273 11314 11314 E ArmVmp : Match on catch block at 0xc3 in for 0x95
02-08 16:08:30.285 11314 11314 E ArmVmp : Match on catch block at 0xc3 in for 0x99
02-08 16:08:30.290 11314 11314 E ArmVmp : Match on catch block at 0xc3 in for 0x91
02-08 16:08:30.293 11314 11314 E ArmVmp : Match on catch block at 0xc3 in for 0x91
02-08 16:08:30.301 11314 11314 E ArmVmp : Match on catch block at 0xc3 in for 0x95
02-08 16:08:30.306 11314 11314 E ArmVmp : Match on catch block at 0xc3 in for 0x99
02-08 16:08:30.308 11314 11314 E ArmVmp : Match on catch block at 0xc3 in for 0x99
02-08 16:08:30.316 11314 11314 E ArmVmp : Match on catch block at 0xc3 in for 0x91
02-08 16:08:30.319 11314 11314 E ArmVmp : Match on catch block at 0xc3 in for 0x95
02-08 16:08:30.321 11314 11314 E ArmVmp : Match on catch block at 0xc3 in for 0x95
02-08 16:08:30.334 11314 11314 E ArmVmp : Match on catch block at 0xc3 in for 0x99
02-08 16:08:30.338 11314 11314 E ArmVmp : Match on catch block at 0xc3 in for 0x91
02-08 16:08:30.340 11314 11314 E ArmVmp : Match on catch block at 0xc3 in for 0x91
02-08 16:08:30.350 11314 11314 E ArmVmp : Match on catch block at 0xc3 in for 0x95
02-08 16:08:30.353 11314 11314 E ArmVmp : Match on catch block at 0xc3 in for 0x99
02-08 16:08:30.356 11314 11314 E ArmVmp : Match on catch block at 0xc3 in for 0x99
02-08 16:08:30.367 11314 11314 E ArmVmp : Match on catch block at 0xc3 in for 0x91
02-08 16:08:30.369 11314 11314 E ArmVmp : Match on catch block at 0xc3 in for 0x95
02-08 16:08:30.371 11314 11314 E ArmVmp : Match on catch block at 0xc3 in for 0x95
02-08 16:08:30.383 11314 11314 E ArmVmp : Match on catch block at 0xc3 in for 0x99
02-08 16:08:30.385 11314 11314 E ArmVmp : Match on catch block at 0xc3 in for 0x91
02-08 16:08:30.387 11314 11314 E ArmVmp : Match on catch block at 0xc3 in for 0x91
02-08 16:08:30.464 11314 11314 E ArmVmp : Match on catch block at 0xc3 in for 0x91
02-08 16:08:30.467 11314 11314 E ArmVmp : Match on catch block at 0xc3 in for 0x95
02-08 16:08:30.469 11314 11314 E ArmVmp : Match on catch block at 0xc3 in for 0x95
02-08 16:08:30.492 11314 11314 E ArmVmp : Match on catch block at 0xc3 in for 0x95
02-08 16:08:30.495 11314 11314 E ArmVmp : Match on catch block at 0xc3 in for 0x99
02-08 16:08:30.497 11314 11314 E ArmVmp : Match on catch block at 0xc3 in for 0x99
02-08 16:08:30.502 11314 11314 E ArmVmp : Match on catch block at 0xc3 in for 0x91
02-08 16:08:30.505 11314 11314 E ArmVmp : Match on catch block at 0xc3 in for 0x95
02-08 16:08:30.506 11314 11314 E ArmVmp : Match on catch block at 0xc3 in for 0x95
02-08 16:08:30.518 11314 11314 E ArmVmp : Match on catch block at 0xc3 in for 0x99
02-08 16:08:30.520 11314 11314 E ArmVmp : Match on catch block at 0xc3 in for 0x91
02-08 16:08:30.522 11314 11314 E ArmVmp : Match on catch block at 0xc3 in for 0x91
02-08 16:08:30.540 11314 11314 E ArmVmp : Match on catch block at 0xc3 in for 0x95
02-08 16:08:30.542 11314 11314 E ArmVmp : Match on catch block at 0xc3 in for 0x99
02-08 16:08:30.545 11314 11314 E ArmVmp : Match on catch block at 0xc3 in for 0x99
02-08 16:08:30.551 11314 11314 E ArmVmp : Match on catch block at 0xc3 in for 0x91
02-08 16:08:30.556 11314 11314 E ArmVmp : Match on catch block at 0xc3 in for 0x95
02-08 16:08:30.558 11314 11314 E ArmVmp : Match on catch block at 0xc3 in for 0x95
02-08 16:08:30.566 11314 11314 E ArmVmp : Match on catch block at 0xc3 in for 0x99
02-08 16:08:30.568 11314 11314 E ArmVmp : Match on catch block at 0xc3 in for 0x91
02-08 16:08:30.571 11314 11314 E ArmVmp : Match on catch block at 0xc3 in for 0x91
02-08 16:08:30.586 11314 11314 E ArmVmp : Match on catch block at 0xc3 in for 0x95
02-08 16:08:30.590 11314 11314 E ArmVmp : Match on catch block at 0xc3 in for 0x99
02-08 16:08:30.592 11314 11314 E ArmVmp : Match on catch block at 0xc3 in for 0x99
02-08 16:08:30.601 11314 11314 E ArmVmp : Match on catch block at 0xc3 in for 0x91
02-08 16:08:30.604 11314 11314 E ArmVmp : Match on catch block at 0xc3 in for 0x95
02-08 16:08:30.609 11314 11314 E ArmVmp : Match on catch block at 0xc3 in for 0x95
02-08 16:08:30.617 11314 11314 E ArmVmp : Match on catch block at 0xc3 in for 0x99
02-08 16:08:30.621 11314 11314 E ArmVmp : Match on catch block at 0xc3 in for 0x91
02-08 16:08:30.623 11314 11314 E ArmVmp : Match on catch block at 0xc3 in for 0x91
02-08 16:08:30.633 11314 11314 E ArmVmp : Match on catch block at 0xc3 in for 0x95
02-08 16:08:30.636 11314 11314 E ArmVmp : Match on catch block at 0xc3 in for 0x99
02-08 16:08:30.638 11314 11314 E ArmVmp : Match on catch block at 0xc3 in for 0x99
02-08 16:08:30.650 11314 11314 E ArmVmp : Match on catch block at 0xc3 in for 0x91
02-08 16:08:30.658 11314 11314 E ArmVmp : Match on catch block at 0xc3 in for 0x95
02-08 16:08:30.660 11314 11314 E ArmVmp : Match on catch block at 0xc3 in for 0x95
02-08 16:08:30.700 11314 11314 E ArmVmp : Match on catch block at 0xc3 in for 0x99
02-08 16:08:30.704 11314 11314 E ArmVmp : Match on catch block at 0xc3 in for 0x91
02-08 16:08:30.706 11314 11314 E ArmVmp : Match on catch block at 0xc3 in for 0x91
02-08 16:08:30.784 11314 11314 E ArmVmp : Match on catch block at 0xc3 in for 0x95
02-08 16:08:30.788 11314 11314 E ArmVmp : Match on catch block at 0xc3 in for 0x99
02-08 16:08:30.791 11314 11314 E ArmVmp : Match on catch block at 0xc3 in for 0x99
02-08 16:08:30.884 11314 11314 E ArmVmp : Match on catch block at 0xc3 in for 0x91
02-08 16:08:30.888 11314 11314 E ArmVmp : Match on catch block at 0xc3 in for 0x95
02-08 16:08:30.891 11314 11314 E ArmVmp : Match on catch block at 0xc3 in for 0x95
02-08 16:08:31.017 11314 11314 E ArmVmp : Match on catch block at 0xc3 in for 0x99
02-08 16:08:31.020 11314 11314 E ArmVmp : Match on catch block at 0xc3 in for 0x91
02-08 16:08:31.022 11314 11314 E ArmVmp : Match on catch block at 0xc3 in for 0x91
02-08 16:08:31.283 11314 11314 E ArmVmp : Match on catch block at 0xc3 in for 0x95
02-08 16:08:31.285 11314 11314 E ArmVmp : Match on catch block at 0xc3 in for 0x99
02-08 16:08:31.287 11314 11314 E ArmVmp : Match on catch block at 0xc3 in for 0x99
02-08 16:08:31.434 11314 11314 E ArmVmp : Match on catch block at 0xc3 in for 0x91
02-08 16:08:31.438 11314 11314 E ArmVmp : Match on catch block at 0xc3 in for 0x95
02-08 16:08:31.441 11314 11314 E ArmVmp : Match on catch block at 0xc3 in for 0x95
02-08 16:08:31.617 11314 11314 E ArmVmp : Match on catch block at 0xc3 in for 0x99
02-08 16:08:31.622 11314 11314 E ArmVmp : Match on catch block at 0xc3 in for 0x91
02-08 16:08:31.625 11314 11314 E ArmVmp : Match on catch block at 0xc3 in for 0x91
02-08 16:08:31.916 11314 11314 E ArmVmp : Match on catch block at 0xc3 in for 0x95
02-08 16:08:31.918 11314 11314 E ArmVmp : Match on catch block at 0xc3 in for 0x99
02-08 16:08:31.920 11314 11314 E ArmVmp : Match on catch block at 0xc3 in for 0x99
02-08 16:08:31.978 11314 11314 E ArmVmp : Match on catch block at 0xc3 in for 0x95
02-08 16:08:31.980 11314 11314 E ArmVmp : Match on catch block at 0xc3 in for 0x99
02-08 16:08:31.982 11314 11314 E ArmVmp : Match on catch block at 0xc3 in for 0x99
02-08 16:08:32.007 11314 11314 E ArmVmp : Match on catch block at 0xc3 in for 0x91
02-08 16:08:32.012 11314 11314 E ArmVmp : Match on catch block at 0xc3 in for 0x95
02-08 16:08:32.017 11314 11314 E ArmVmp : Match on catch block at 0xc3 in for 0x91
02-08 16:08:32.021 11314 11314 E ArmVmp : Match on catch block at 0xc3 in for 0x95
02-08 16:08:32.034 11314 11314 E ArmVmp : Match on catch block at 0xc3 in for 0x91
02-08 16:08:32.038 11314 11314 E ArmVmp : Match on catch block at 0xc3 in for 0x95
02-08 16:08:32.051 11314 11314 E ArmVmp : Match on catch block at 0xc3 in for 0x91
02-08 16:08:32.057 11314 11314 E ArmVmp : Match on catch block at 0xc3 in for 0x95
02-08 16:08:32.067 11314 11314 E ArmVmp : Match on catch block at 0xc3 in for 0x91
02-08 16:08:32.074 11314 11314 E ArmVmp : Match on catch block at 0xc3 in for 0x95
02-08 16:08:32.082 11314 11314 E ArmVmp : Match on catch block at 0xc3 in for 0x91
02-08 16:08:32.085 11314 11314 E ArmVmp : Match on catch block at 0xc3 in for 0x95
02-08 16:08:32.099 11314 11314 E ArmVmp : Match on catch block at 0xc3 in for 0x91
02-08 16:08:32.101 11314 11314 E ArmVmp : Match on catch block at 0xc3 in for 0x95
02-08 16:08:32.117 11314 11314 E ArmVmp : Match on catch block at 0xc3 in for 0x91
02-08 16:08:32.121 11314 11314 E ArmVmp : Match on catch block at 0xc3 in for 0x95
02-08 16:08:32.132 11314 11314 E ArmVmp : Match on catch block at 0xc3 in for 0x91
02-08 16:08:32.138 11314 11314 E ArmVmp : Match on catch block at 0xc3 in for 0x95
02-08 16:08:32.292 11314 11314 E ArmVmp : Match on catch block at 0xc3 in for 0x95
02-08 16:08:32.295 11314 11314 E ArmVmp : Match on catch block at 0xc3 in for 0x99
02-08 16:08:32.328 11314 11314 E ArmVmp : Match on catch block at 0xc3 in for 0x99
02-08 16:08:32.330 11314 11314 E ArmVmp : Match on catch block at 0xc3 in for 0x91
02-08 16:08:32.359 11314 11314 E ArmVmp : Match on catch block at 0xc3 in for 0x95
02-08 16:08:32.361 11314 11314 E ArmVmp : Match on catch block at 0xc3 in for 0x99
02-08 16:08:32.466 11314 11314 E ArmVmp : Match on catch block at 0xc3 in for 0x95
02-08 16:08:32.468 11314 11314 E ArmVmp : Match on catch block at 0xc3 in for 0x99
02-08 16:08:32.967 11314 11314 E ArmVmp : Match on catch block at 0xc3 in for 0x99
02-08 16:08:32.972 11314 11314 E ArmVmp : Match on catch block at 0xc3 in for 0x91
02-08 16:08:32.990 11314 11314 E ArmVmp : Match on catch block at 0xc3 in for 0x91
02-08 16:08:32.993 11314 11314 E ArmVmp : Match on catch block at 0xc3 in for 0x95
02-08 16:08:33.015 11314 11314 E ArmVmp : Match on catch block at 0xc3 in for 0x99
02-08 16:08:33.018 11314 11314 E ArmVmp : Match on catch block at 0xc3 in for 0x91
02-08 16:08:33.033 11314 11314 E ArmVmp : Match on catch block at 0xc3 in for 0x99
02-08 16:08:33.036 11314 11314 E ArmVmp : Match on catch block at 0xc3 in for 0x91
02-08 16:08:33.048 11314 11314 E ArmVmp : Match on catch block at 0xc3 in for 0x99
02-08 16:08:33.051 11314 11314 E ArmVmp : Match on catch block at 0xc3 in for 0x91
02-08 16:08:33.065 11314 11314 E ArmVmp : Match on catch block at 0xc3 in for 0x99
02-08 16:08:33.068 11314 11314 E ArmVmp : Match on catch block at 0xc3 in for 0x91
02-08 16:08:33.082 11314 11314 E ArmVmp : Match on catch block at 0xc3 in for 0x99
02-08 16:08:33.088 11314 11314 E ArmVmp : Match on catch block at 0xc3 in for 0x91
02-08 16:08:33.101 11314 11314 E ArmVmp : Match on catch block at 0xc3 in for 0x99
02-08 16:08:33.103 11314 11314 E ArmVmp : Match on catch block at 0xc3 in for 0x91
02-08 16:08:33.116 11314 11314 E ArmVmp : Match on catch block at 0xc3 in for 0x99
02-08 16:08:33.119 11314 11314 E ArmVmp : Match on catch block at 0xc3 in for 0x91
02-08 16:08:33.143 11314 11314 E ArmVmp : Match on catch block at 0xc3 in for 0x91
02-08 16:08:33.146 11314 11314 E ArmVmp : Match on catch block at 0xc3 in for 0x95
02-08 16:08:33.153 11314 11314 E ArmVmp : Match on catch block at 0xc3 in for 0x91
02-08 16:08:33.157 11314 11314 E ArmVmp : Match on catch block at 0xc3 in for 0x95
02-08 16:08:33.167 11314 11314 E ArmVmp : Match on catch block at 0xc3 in for 0x99
02-08 16:08:33.168 11314 11602 W MediaPlayer: Use of stream types is deprecated for operations other than volume control
02-08 16:08:33.168 11314 11602 W MediaPlayer: See the documentation of setAudioStreamType() for what to use instead with android.media.AudioAttributes to qualify your playback use case
02-08 16:08:33.170 11314 11314 E ArmVmp : Match on catch block at 0xc3 in for 0x91
02-08 16:08:33.182 11314 11314 E ArmVmp : Match on catch block at 0xc3 in for 0x99
02-08 16:08:33.184 11314 11314 E ArmVmp : Match on catch block at 0xc3 in for 0x91
02-08 16:08:33.249 11314 11314 E ArmVmp : Match on catch block at 0xc3 in for 0x99
02-08 16:08:33.251 11314 11314 E ArmVmp : Match on catch block at 0xc3 in for 0x91
02-08 16:08:33.483 11314 11314 E ArmVmp : Match on catch block at 0xc3 in for 0x91
02-08 16:08:33.487 11314 11314 E ArmVmp : Match on catch block at 0xc3 in for 0x95
02-08 16:08:33.733 11314 11314 E ArmVmp : Match on catch block at 0xc3 in for 0x91
02-08 16:08:33.741 11314 11314 E ArmVmp : Match on catch block at 0xc3 in for 0x95
02-08 16:08:33.966 11314 11314 E ArmVmp : Match on catch block at 0xc3 in for 0x91
02-08 16:08:33.970 11314 11314 E ArmVmp : Match on catch block at 0xc3 in for 0x95
02-08 16:08:34.183 11314 11314 E ArmVmp : Match on catch block at 0xc3 in for 0x91
02-08 16:08:34.189 11314 11314 E ArmVmp : Match on catch block at 0xc3 in for 0x95
02-08 16:08:34.583 11314 11314 E ArmVmp : Match on catch block at 0xc3 in for 0x91
02-08 16:08:34.587 11314 11314 E ArmVmp : Match on catch block at 0xc3 in for 0x95
02-08 16:08:34.608 11314 11314 E ArmVmp : Match on catch block at 0xc3 in for 0x95
02-08 16:08:34.610 11314 11314 E ArmVmp : Match on catch block at 0xc3 in for 0x99
02-08 16:08:34.630 11314 11314 E ArmVmp : Match on catch block at 0xc3 in for 0x99
02-08 16:08:34.632 11314 11314 E ArmVmp : Match on catch block at 0xc3 in for 0x91
02-08 16:08:34.637 11314 11314 E ArmVmp : Match on catch block at 0xc3 in for 0x99
02-08 16:08:34.640 11314 11314 E ArmVmp : Match on catch block at 0xc3 in for 0x91
02-08 16:08:34.648 11314 11314 E ArmVmp : Match on catch block at 0xc3 in for 0x99
02-08 16:08:34.657 11314 11314 E ArmVmp : Match on catch block at 0xc3 in for 0x91
02-08 16:08:34.665 11314 11314 E ArmVmp : Match on catch block at 0xc3 in for 0x99
02-08 16:08:34.667 11314 11314 E ArmVmp : Match on catch block at 0xc3 in for 0x91
02-08 16:08:34.740 11314 11314 E ArmVmp : Match on catch block at 0xc3 in for 0x91
02-08 16:08:34.745 11314 11314 E ArmVmp : Match on catch block at 0xc3 in for 0x95
02-08 16:08:34.784 11314 11314 E ArmVmp : Match on catch block at 0xc3 in for 0x99
02-08 16:08:34.789 11314 11314 E ArmVmp : Match on catch block at 0xc3 in for 0x91
02-08 16:08:34.803 11314 11314 E ArmVmp : Match on catch block at 0xc3 in for 0x95
