02-17 09:33:51.694 3468 3468 W System.err: at java.lang.Runtime.nativeLoad(Native Method)
02-17 09:33:51.694 3468 3468 W System.err: at java.lang.Runtime.nativeLoad(Runtime.java:1131)
02-17 09:33:51.694 3468 3468 W System.err: at java.lang.Runtime.loadLibrary0(Runtime.java:1085)
02-17 09:33:51.694 3468 3468 W System.err: at java.lang.Runtime.loadLibrary0(Runtime.java:1008)
02-17 09:33:51.694 3468 3468 W System.err: at java.lang.System.loadLibrary(System.java:1664)
02-17 09:33:51.694 3468 3468 W System.err: at arm.EpicVm.<clinit>(Unknown Source:2)
02-17 09:33:51.694 3468 3468 W System.err: at java.lang.Class.newInstance(Native Method)
02-17 09:33:51.694 3468 3468 W System.err: at android.app.AppComponentFactory.instantiateApplication(AppComponentFactory.java:76)
02-17 09:33:51.694 3468 3468 W System.err: at androidx.core.app.CoreComponentFactory.instantiateApplication(Unknown Source:0)
02-17 09:33:51.694 3468 3468 W System.err: at android.app.Instrumentation.newApplication(Instrumentation.java:1158)
02-17 09:33:51.694 3468 3468 W System.err: at android.app.LoadedApk.makeApplication(LoadedApk.java:1268)
02-17 09:33:51.694 3468 3468 W System.err: at android.app.ActivityThread.handleBindApplication(ActivityThread.java:6908)
02-17 09:33:51.694 3468 3468 W System.err: at android.app.ActivityThread.access$1300(ActivityThread.java:260)
02-17 09:33:51.694 3468 3468 W System.err: at android.app.ActivityThread$H.handleMessage(ActivityThread.java:1955)
02-17 09:33:51.694 3468 3468 W System.err: at android.os.Handler.dispatchMessage(Handler.java:106)
02-17 09:33:51.694 3468 3468 W System.err: at android.os.Looper.loop(Looper.java:223)
02-17 09:33:51.694 3468 3468 W System.err: at android.app.ActivityThread.main(ActivityThread.java:7974)
02-17 09:33:51.694 3468 3468 W System.err: at java.lang.reflect.Method.invoke(Native Method)
02-17 09:33:51.694 3468 3468 W System.err: at com.android.internal.os.RuntimeInit$MethodAndArgsCaller.run(RuntimeInit.java:603)
02-17 09:33:51.694 3468 3468 W System.err: at com.android.internal.os.ZygoteInit.main(ZygoteInit.java:948)
02-17 09:33:51.858 3468 3468 W CheckTime: App running slow: Executing handleBindApplication : makeApplication took 344ms
02-17 09:33:51.870 3468 3468 E CustomActivityOnCrash: IMPORTANT WARNING! You already have an UncaughtExceptionHandler, are you sure this is correct? If you use a custom UncaughtExceptionHandler, you must initialize it AFTER CustomActivityOnCrash! Installing anyway, but your original handler will not be called.
02-17 09:33:52.543 3468 3468 W com.mbwhatsapp: Accessing hidden method Lcom/android/org/conscrypt/OpenSSLSocketImpl;->setUseSessionTickets(Z)V (greylist- max-q,core-platform-api, reflection, denied)
02-17 09:33:52.543 3468 3468 W com.mbwhatsapp: Accessing hidden method Lcom/android/org/conscrypt/AbstractConscryptSocket;->setUseSessionTickets(Z)V (greylist-max-q, reflection, denied)
02-17 09:33:52.647 3468 3468 W com.mbwhatsapp: type=1400 audit(0.0:2344): avc: granted { execute } for path="/data/data/com.mbwhatsapp/files/decompressed/libs.spk.zst/libc++_shared.so" dev="dm-11" ino=1413551 scontext=u:r:untrusted_app:s0:c209,c256,c512,c768 tcontext=u:object_r:app_data_file:s0:c209,c256,c512,c768 tclass=file app=com.mbwhatsapp
02-17 09:33:52.655 3468 3468 W com.mbwhatsapp: type=1400 audit(0.0:2345): avc: granted { execute } for path="/data/data/com.mbwhatsapp/files/decompressed/libs.spk.zst/libvlc.so" dev="dm- 11" ino=1413550 scontext=u:r:untrusted_app:s0:c209,c256,c512,c768 tcontext=u:object_r:app_data_file:s0:c209,c256,c512,c768 tclass=file app=com.mbwhatsapp
02-17 09:33:52.675 3468 3468 W com.mbwhatsapp: type=1400 audit(0.0:2346): avc: granted { execute } for path="/data/data/com.mbwhatsapp/files/decompressed/libs.spk.zst/libwhatsapp.so" dev="dm-11" ino=1413553 scontext=u:r:untrusted_app:s0:c209,c256,c512,c768 tcontext=u:object_r:app_data_file:s0:c209,c256,c512,c768 tclass=file app=com.mbwhatsapp
02-17 09:33:52.783 3468 3468 W com.mbwhatsapp: type=1400 audit(0.0:2347): avc: granted { execute } for path="/data/data/com.mbwhatsapp/files/decompressed/libs.spk.zst/libcurve25519.so" dev="dm-11" ino=1410884 scontext=u:r:untrusted_app:s0:c209,c256,c512,c768 tcontext=u:object_r:app_data_file:s0:c209,c256,c512,c768 tclass=file app=com.mbwhatsapp
02-17 09:33:52.795 3468 3468 W com.mbwhatsapp: type=1400 audit(0.0:2348): avc: granted { execute } for path="/data/data/com.mbwhatsapp/files/decompressed/libs.spk.zst/libwhatsapp.so" dev="dm-11" ino=1413553 scontext=u:r:untrusted_app:s0:c209,c256,c512,c768 tcontext=u:object_r:app_data_file:s0:c209,c256,c512,c768 tclass=file app=com.mbwhatsapp
02-17 09:33:53.035 3468 3468 W CheckTime: App running slow: Executing handleBindApplication : callApplicationOnCreate took 1032ms
02-17 09:33:53.067 3468 3468 W com.mbwhatsapp: Class X.0eU failed lock verification and will run slower.
02-17 09:33:53.067 3468 3468 W com.mbwhatsapp: Common causes for lock verification issues are non-optimized dex code
02-17 09:33:53.067 3468 3468 W com.mbwhatsapp: and incorrect proguard optimizations.
02-17 09:33:53.069 3468 3746 W com.mbwhatsapp: Class X.2rL failed lock verification and will run slower.
02-17 09:33:53.564 3468 3468 W com.mbwhatsapp: Class com.mbwhatsapp.HomeActivity failed lock verification and will run slower.
02-17 09:33:53.661 3468 3468 E ArmVmp : Match on catch block at 0xb0 in for 0xd9
02-17 09:33:53.774 3468 3468 E ArmVmp : Match on catch block at 0xb0 in for 0xd1
02-17 09:33:54.069 3468 3468 E ArmVmp : Match on catch block at 0x0a in for 0xb1
02-17 09:33:54.110 3468 3468 E ArmVmp : Match on catch block at 0x0a in for 0x129
02-17 09:33:54.299 3468 3892 W com.mbwhatsapp: Accessing hidden method Lcom/android/org/conscrypt/ConscryptEngineSocket;->setUseSessionTickets(Z)V (greylist-max-q,core-platform-api, reflection, denied)
02-17 09:33:54.299 3468 3892 W com.mbwhatsapp: Accessing hidden method Lcom/android/org/conscrypt/OpenSSLSocketImpl;->setUseSessionTickets(Z)V (greylist- max-q,core-platform-api, reflection, denied)
02-17 09:33:54.299 3468 3892 W com.mbwhatsapp: Accessing hidden method Lcom/android/org/conscrypt/AbstractConscryptSocket;->setUseSessionTickets(Z)V (greylist-max-q, reflection, denied)
02-17 09:33:54.299 3468 3892 W com.mbwhatsapp: Accessing hidden method Lcom/android/org/conscrypt/ConscryptEngineSocket;->setHostname(Ljava/lang/String;)V (greylist-max-q,core-platform-api, reflection, denied)
02-17 09:33:54.299 3468 3892 W com.mbwhatsapp: Accessing hidden method Lcom/android/org/conscrypt/OpenSSLSocketImpl;->setHostname(Ljava/lang/String;)V (greylist-max-q,core-platform-api, reflection, denied)
02-17 09:33:54.299 3468 3892 W com.mbwhatsapp: Accessing hidden method Lcom/android/org/conscrypt/AbstractConscryptSocket;->setHostname(Ljava/lang/ String;)V (greylist-max-q, reflection, denied)
02-17 09:33:54.300 3468 3892 W com.mbwhatsapp: Accessing hidden method Lcom/android/org/conscrypt/OpenSSLSocketImpl;->setAlpnProtocols([B)V (greylist-max- q,core-platform-api, reflection, denied)
02-17 09:33:54.300 3468 3892 W com.mbwhatsapp: Accessing hidden method Lcom/android/org/conscrypt/AbstractConscryptSocket;->setAlpnProtocols([B)V (greylist-max-q, reflection, denied) --------- beginning of system
02-17 09:33:55.342 3468 3829 E libc : Access denied finding property "vendor.mali.config"
02-17 09:33:55.422 3468 3468 E ArmVmp : Match on catch block at 0xb0 in for 0xe1
02-17 09:33:55.665 3468 3468 E ArmVmp : Match on catch block at 0xb0 in for 0xe9
02-17 09:33:55.758 3468 3468 E ArmVmp : Match on catch block at 0xb0 in for 0xe1
02-17 09:33:55.833 3468 3468 E ArmVmp : Match on catch block at 0xb0 in for 0xe9
02-17 09:33:55.894 3468 3468 E ArmVmp : Match on catch block at 0xb0 in for 0xe1
02-17 09:33:55.955 3468 3468 E ArmVmp : Match on catch block at 0xb0 in for 0xe1
02-17 09:33:56.027 3468 3468 E ArmVmp : Match on catch block at 0xb0 in for 0xe1
02-17 09:33:56.104 3468 3468 E ArmVmp : Match on catch block at 0xb0 in for 0xe5
02-17 09:33:56.220 3468 3468 E ArmVmp : Match on catch block at 0xb0 in for 0xe5
02-17 09:33:56.281 3468 3468 E ArmVmp : Match on catch block at 0xb0 in for 0xe5
02-17 09:33:56.326 3468 3468 E ArmVmp : Match on catch block at 0xb0 in for 0xe5
02-17 09:33:56.376 3468 3468 E ArmVmp : Match on catch block at 0xb0 in for 0xe5
02-17 09:33:56.430 3468 3468 E ArmVmp : Match on catch block at 0xb0 in for 0xe5
02-17 09:33:56.482 3468 3468 E ArmVmp : Match on catch block at 0xb0 in for 0xe5
02-17 09:33:56.541 3468 3468 E ArmVmp : Match on catch block at 0xb0 in for 0xe5
02-17 09:33:56.596 3468 3468 E ArmVmp : Match on catch block at 0xb0 in for 0xe5
02-17 09:33:56.642 3468 3468 E RecyclerView: No adapter attached; skipping layout
02-17 09:33:56.685 3468 3829 E libc : Access denied finding property "persist.vendor.sf.fbc"
02-17 09:33:56.685 3468 3829 E libc : Access denied finding property "persist.vendor.gpu.fbc"
02-17 09:33:56.685 3468 3829 E libc : Access denied finding property "persist.vendor.vsp.fbc"
02-17 09:33:56.815 3468 3468 E RecyclerView: No adapter attached; skipping layout
02-17 09:33:56.856 3468 3468 E ArmVmp : Match on catch block at 0x0a in for 0xc1
02-17 09:33:57.361 3468 4220 W LOTTIE : Animation contains merge paths. Merge paths are only supported on KitKat+ and must be manually enabled by calling enableMergePathsForKitKatAndAbove().
02-17 09:33:57.440 3468 3468 E ArmVmp : Match on catch block at 0xb0 in for 0x111
02-17 09:33:57.457 3468 3468 E ArmVmp : Match on catch block at 0xb0 in for 0x111
02-17 09:33:57.631 3468 3468 E ArmVmp : Match on catch block at 0xb0 in for 0x115
02-17 09:33:57.654 3468 3468 E ArmVmp : Match on catch block at 0xb0 in for 0x115
02-17 09:33:57.660 3468 3468 E ArmVmp : Match on catch block at 0xb0 in for 0x115
02-17 09:33:58.122 3468 3468 E ArmVmp : Match on catch block at 0xb0 in for 0xe5
02-17 09:33:58.202 3468 3468 W LOTTIE : Animation contains merge paths but they are disabled.
02-17 09:33:58.339 3468 4267 E ActivityThread: Failed to find provider info for androidx.car.app.connection
02-17 09:33:59.313 3468 3468 E ArmVmp : Match on catch block at 0xb0 in for 0xd1
02-17 09:33:59.329 3468 3468 E ArmVmp : Match on catch block at 0xb0 in for 0xd5
02-17 09:33:59.473 3468 3468 W CarApp.Conn: Null response from content provider when checking connection to the car, treating as disconnected
02-17 09:33:59.900 3468 3570 W LibraryVersion: Failed to get app version for libraryName: firebase-iid
02-17 09:34:00.863 3468 3468 W pool-8-thread-1: type=1400 audit(0.0:2351): avc: granted { execute } for path="/data/data/com.mbwhatsapp/files/decompressed/libs.spk.zst/libgifimage.so" dev="dm-11" ino=1372323 scontext=u:r:untrusted_app:s0:c209,c256,c512,c768 tcontext=u:object_r:app_data_file:s0:c209,c256,c512,c768 tclass=file app=com.mbwhatsapp
02-17 09:34:03.407 3468 4236 W CursorWindow: Window is full: requested allocation 804 bytes, free space 442 bytes, window size 2097152 bytes
02-17 09:34:03.520 3468 3468 E ArmVmp : Match on catch block at 0xb0 in for 0x101 --------- beginning of main
02-17 18:22:17.701 3565 3565 E com.mbwhatsapp: Not starting debugger since process cannot load the jdwp agent.
02-17 18:22:17.802 3565 3565 W com.mbwhatsapp: Insufficient pre-allocated space to mmap vdex.
02-17 18:22:18.113 3565 3565 W System.err: java.lang.ClassNotFoundException: mbmodsd.mbmodsw.ui.views.btn.BtnBK
02-17 18:22:18.114 3565 3565 W System.err: at java.lang.Runtime.nativeLoad(Native Method)
02-17 18:22:18.114 3565 3565 W System.err: at java.lang.Runtime.nativeLoad(Runtime.java:1131)
02-17 18:22:18.114 3565 3565 W System.err: at java.lang.Runtime.loadLibrary0(Runtime.java:1085)
02-17 18:22:18.114 3565 3565 W System.err: at java.lang.Runtime.loadLibrary0(Runtime.java:1008)
02-17 18:22:18.114 3565 3565 W System.err: at java.lang.System.loadLibrary(System.java:1664)
02-17 18:22:18.114 3565 3565 W System.err: at arm.EpicVm.<clinit>(Unknown Source:2)
02-17 18:22:18.114 3565 3565 W System.err: at java.lang.Class.newInstance(Native Method)
02-17 18:22:18.114 3565 3565 W System.err: at android.app.AppComponentFactory.instantiateApplication(AppComponentFactory.java:76)
02-17 18:22:18.114 3565 3565 W System.err: at androidx.core.app.CoreComponentFactory.instantiateApplication(Unknown Source:0)
02-17 18:22:18.114 3565 3565 W System.err: at android.app.Instrumentation.newApplication(Instrumentation.java:1158)
02-17 18:22:18.114 3565 3565 W System.err: at android.app.LoadedApk.makeApplication(LoadedApk.java:1268)
02-17 18:22:18.114 3565 3565 W System.err: at android.app.ActivityThread.handleBindApplication(ActivityThread.java:6908)
02-17 18:22:18.114 3565 3565 W System.err: at android.app.ActivityThread.access$1300(ActivityThread.java:260)
02-17 18:22:18.114 3565 3565 W System.err: at android.app.ActivityThread$H.handleMessage(ActivityThread.java:1955)
02-17 18:22:18.114 3565 3565 W System.err: at android.os.Handler.dispatchMessage(Handler.java:106)
02-17 18:22:18.114 3565 3565 W System.err: at android.os.Looper.loop(Looper.java:223)
02-17 18:22:18.114 3565 3565 W System.err: at android.app.ActivityThread.main(ActivityThread.java:7974)
02-17 18:22:18.114 3565 3565 W System.err: at java.lang.reflect.Method.invoke(Native Method)
02-17 18:22:18.114 3565 3565 W System.err: at com.android.internal.os.RuntimeInit$MethodAndArgsCaller.run(RuntimeInit.java:603)
02-17 18:22:18.114 3565 3565 W System.err: at com.android.internal.os.ZygoteInit.main(ZygoteInit.java:948)
02-17 18:22:18.222 3565 3565 W CheckTime: App running slow: Executing handleBindApplication : makeApplication took 305ms
02-17 18:22:18.227 3565 3565 E CustomActivityOnCrash: IMPORTANT WARNING! You already have an UncaughtExceptionHandler, are you sure this is correct? If you use a custom UncaughtExceptionHandler, you must initialize it AFTER CustomActivityOnCrash! Installing anyway, but your original handler will not be called.
02-17 18:22:18.737 3565 3565 W com.mbwhatsapp: Accessing hidden method Lcom/android/org/conscrypt/OpenSSLSocketImpl;->setUseSessionTickets(Z)V (greylist- max-q,core-platform-api, reflection, denied)
02-17 18:22:18.737 3565 3565 W com.mbwhatsapp: Accessing hidden method Lcom/android/org/conscrypt/AbstractConscryptSocket;->setUseSessionTickets(Z)V (greylist-max-q, reflection, denied)
02-17 18:22:18.855 3565 3565 W com.mbwhatsapp: type=1400 audit(0.0:1142): avc: granted { execute } for path="/data/data/com.mbwhatsapp/files/decompressed/libs.spk.zst/libc++_shared.so" dev="dm-11" ino=1413551 scontext=u:r:untrusted_app:s0:c209,c256,c512,c768 tcontext=u:object_r:app_data_file:s0:c209,c256,c512,c768 tclass=file app=com.mbwhatsapp
02-17 18:22:18.863 3565 3565 W com.mbwhatsapp: type=1400 audit(0.0:1143): avc: granted { execute } for path="/data/data/com.mbwhatsapp/files/decompressed/libs.spk.zst/libvlc.so" dev="dm- 11" ino=1413550 scontext=u:r:untrusted_app:s0:c209,c256,c512,c768 tcontext=u:object_r:app_data_file:s0:c209,c256,c512,c768 tclass=file app=com.mbwhatsapp
02-17 18:22:18.883 3565 3565 W com.mbwhatsapp: type=1400 audit(0.0:1144): avc: granted { execute } for path="/data/data/com.mbwhatsapp/files/decompressed/libs.spk.zst/libwhatsapp.so" dev="dm-11" ino=1413553 scontext=u:r:untrusted_app:s0:c209,c256,c512,c768 tcontext=u:object_r:app_data_file:s0:c209,c256,c512,c768 tclass=file app=com.mbwhatsapp
02-17 18:22:18.975 3565 3565 W com.mbwhatsapp: type=1400 audit(0.0:1145): avc: granted { execute } for path="/data/data/com.mbwhatsapp/files/decompressed/libs.spk.zst/libcurve25519.so" dev="dm-11" ino=1410884 scontext=u:r:untrusted_app:s0:c209,c256,c512,c768 tcontext=u:object_r:app_data_file:s0:c209,c256,c512,c768 tclass=file app=com.mbwhatsapp
02-17 18:22:18.991 3565 3565 W com.mbwhatsapp: type=1400 audit(0.0:1146): avc: granted { execute } for path="/data/data/com.mbwhatsapp/files/decompressed/libs.spk.zst/libwhatsapp.so" dev="dm-11" ino=1413553 scontext=u:r:untrusted_app:s0:c209,c256,c512,c768 tcontext=u:object_r:app_data_file:s0:c209,c256,c512,c768 tclass=file app=com.mbwhatsapp
02-17 18:22:18.991 3565 3565 W com.mbwhatsapp: type=1400 audit(0.0:1147): avc: granted { execute } for path="/data/data/com.mbwhatsapp/files/decompressed/libs.spk.zst/libwhatsapp.so" dev="dm-11" ino=1413553 scontext=u:r:untrusted_app:s0:c209,c256,c512,c768 tcontext=u:object_r:app_data_file:s0:c209,c256,c512,c768 tclass=file app=com.mbwhatsapp
02-17 18:22:19.187 3565 3565 W CheckTime: App running slow: Executing handleBindApplication : callApplicationOnCreate took 867ms
02-17 18:22:19.216 3565 3742 W com.mbwhatsapp: Class X.2rL failed lock verification and will run slower.
02-17 18:22:19.216 3565 3742 W com.mbwhatsapp: Common causes for lock verification issues are non-optimized dex code
02-17 18:22:19.216 3565 3742 W com.mbwhatsapp: and incorrect proguard optimizations.
02-17 18:22:19.219 3565 3565 W com.mbwhatsapp: Class X.0eU failed lock verification and will run slower.
02-17 18:22:19.543 3565 3565 W com.mbwhatsapp: Class com.mbwhatsapp.HomeActivity failed lock verification and will run slower.
02-17 18:22:19.611 3565 3565 E ArmVmp : Match on catch block at 0xb0 in for 0xd9
02-17 18:22:19.714 3565 3565 E ArmVmp : Match on catch block at 0xb0 in for 0xd1
02-17 18:22:20.087 3565 3565 E ArmVmp : Match on catch block at 0x0a in for 0xb5
02-17 18:22:20.114 3565 3565 E ArmVmp : Match on catch block at 0x0a in for 0x129 --------- beginning of system
02-17 18:22:20.379 3565 3774 W com.mbwhatsapp: Accessing hidden method Lcom/android/org/conscrypt/ConscryptEngineSocket;->setUseSessionTickets(Z)V (greylist-max-q,core-platform-api, reflection, denied)
02-17 18:22:20.380 3565 3774 W com.mbwhatsapp: Accessing hidden method Lcom/android/org/conscrypt/OpenSSLSocketImpl;->setUseSessionTickets(Z)V (greylist- max-q,core-platform-api, reflection, denied)
02-17 18:22:20.380 3565 3774 W com.mbwhatsapp: Accessing hidden method Lcom/android/org/conscrypt/AbstractConscryptSocket;->setUseSessionTickets(Z)V (greylist-max-q, reflection, denied)
02-17 18:22:20.380 3565 3774 W com.mbwhatsapp: Accessing hidden method Lcom/android/org/conscrypt/ConscryptEngineSocket;->setHostname(Ljava/lang/String;)V (greylist-max-q,core-platform-api, reflection, denied)
02-17 18:22:20.380 3565 3774 W com.mbwhatsapp: Accessing hidden method Lcom/android/org/conscrypt/OpenSSLSocketImpl;->setHostname(Ljava/lang/String;)V (greylist-max-q,core-platform-api, reflection, denied)
02-17 18:22:20.380 3565 3774 W com.mbwhatsapp: Accessing hidden method Lcom/android/org/conscrypt/AbstractConscryptSocket;->setHostname(Ljava/lang/ String;)V (greylist-max-q, reflection, denied)
02-17 18:22:20.380 3565 3774 W com.mbwhatsapp: Accessing hidden method Lcom/android/org/conscrypt/OpenSSLSocketImpl;->setAlpnProtocols([B)V (greylist-max- q,core-platform-api, reflection, denied)
02-17 18:22:20.380 3565 3774 W com.mbwhatsapp: Accessing hidden method Lcom/android/org/conscrypt/AbstractConscryptSocket;->setAlpnProtocols([B)V (greylist-max-q, reflection, denied)
02-17 18:22:20.974 3565 3759 E libc : Access denied finding property "vendor.mali.config"
02-17 18:22:21.069 3565 3565 E ArmVmp : Match on catch block at 0xb0 in for 0xe5
02-17 18:22:21.356 3565 3565 E ArmVmp : Match on catch block at 0xb0 in for 0xe1
02-17 18:22:21.492 3565 3565 E ArmVmp : Match on catch block at 0xb0 in for 0xe5
02-17 18:22:21.578 3565 3565 E ArmVmp : Match on catch block at 0xb0 in for 0xe9
02-17 18:22:21.704 3565 3565 E ArmVmp : Match on catch block at 0xb0 in for 0xe9
02-17 18:22:21.733 3565 3565 W SQLiteLog: (28) double-quoted string literal: ""
02-17 18:22:21.838 3565 3565 E ArmVmp : Match on catch block at 0xb0 in for 0xe1
02-17 18:22:21.894 3565 3565 E ArmVmp : Match on catch block at 0xb0 in for 0xe5
02-17 18:22:22.006 3565 3565 E ArmVmp : Match on catch block at 0xb0 in for 0xe5
02-17 18:22:22.160 3565 3565 E ArmVmp : Match on catch block at 0xb0 in for 0xe5
02-17 18:22:22.312 3565 3565 E ArmVmp : Match on catch block at 0xb0 in for 0xe5
02-17 18:22:22.380 3565 3565 E ArmVmp : Match on catch block at 0xb0 in for 0xe5
02-17 18:22:22.454 3565 3565 E ArmVmp : Match on catch block at 0xb0 in for 0xe5
02-17 18:22:22.531 3565 3565 E ArmVmp : Match on catch block at 0xb0 in for 0xe5
02-17 18:22:22.607 3565 3565 E ArmVmp : Match on catch block at 0xb0 in for 0xe5
02-17 18:22:22.706 3565 3565 E ArmVmp : Match on catch block at 0xb0 in for 0xe5
02-17 18:22:22.792 3565 3565 E ArmVmp : Match on catch block at 0xb0 in for 0xe5
02-17 18:22:22.894 3565 3565 E RecyclerView: No adapter attached; skipping layout
02-17 18:22:22.964 3565 3759 E libc : Access denied finding property "persist.vendor.sf.fbc"
02-17 18:22:22.964 3565 3759 E libc : Access denied finding property "persist.vendor.gpu.fbc"
02-17 18:22:22.964 3565 3759 E libc : Access denied finding property "persist.vendor.vsp.fbc"
02-17 18:22:23.099 3565 3565 E RecyclerView: No adapter attached; skipping layout
02-17 18:22:23.159 3565 3565 E ArmVmp : Match on catch block at 0x0a in for 0xc1
02-17 18:22:23.196 3565 3565 W CheckTime: App running slow: Executing com.mbwhatsapp.ExternalMediaManager$ExternalMediaStateReceiver scheduleReceive took 1674ms
02-17 18:22:23.196 3565 3565 W ActivityThread: Main thread can not be idle for a long time.
02-17 18:22:23.752 3565 3958 W LOTTIE : Animation contains merge paths. Merge paths are only supported on KitKat+ and must be manually enabled by calling enableMergePathsForKitKatAndAbove().
02-17 18:22:23.872 3565 3565 E ArmVmp : Match on catch block at 0xb0 in for 0x115
02-17 18:22:23.896 3565 3565 E ArmVmp : Match on catch block at 0xb0 in for 0x115
02-17 18:22:24.140 3565 3565 E ArmVmp : Match on catch block at 0xb0 in for 0x119
02-17 18:22:24.152 3565 3565 E ArmVmp : Match on catch block at 0xb0 in for 0x119
02-17 18:22:24.167 3565 3565 E ArmVmp : Match on catch block at 0xb0 in for 0x119
02-17 18:22:24.175 3565 3565 E ArmVmp : Match on catch block at 0xb0 in for 0x119
02-17 18:22:24.431 3565 3565 W LOTTIE : Animation contains merge paths but they are disabled.
02-17 18:22:24.584 3565 3565 E ArmVmp : Match on catch block at 0xb0 in for 0xe1
02-17 18:22:25.238 3565 3565 E ArmVmp : Match on catch block at 0xb0 in for 0xd9
02-17 18:22:25.264 3565 3565 E ArmVmp : Match on catch block at 0xb0 in for 0xd1
02-17 18:22:26.516 3565 3786 E SQLiteDatabase: Error inserting dirty_version=-1 version=0 lt_hash=null collection_name=critical_unblock_low
02-17 18:22:26.516 3565 3786 E SQLiteDatabase: android.database.sqlite.SQLiteConstraintException: UNIQUE constraint failed: collection_versions.collection_name (code 1555 SQLITE_CONSTRAINT_PRIMARYKEY)
02-17 18:22:26.516 3565 3786 E SQLiteDatabase: at android.database.sqlite.SQLiteConnection.nativeExecuteForLastInsertedRowId(Native Method)
02-17 18:22:26.516 3565 3786 E SQLiteDatabase: at android.database.sqlite.SQLiteConnection.executeForLastInsertedRowId(SQLiteConnecti on.java:938)
02-17 18:22:26.516 3565 3786 E SQLiteDatabase: at android.database.sqlite.SQLiteSession.executeForLastInsertedRowId(SQLiteSession.jav a:790)
02-17 18:22:26.516 3565 3786 E SQLiteDatabase: at android.database.sqlite.SQLiteStatement.executeInsert(SQLiteStatement.java:88)
02-17 18:22:26.516 3565 3786 E SQLiteDatabase: at android.database.sqlite.SQLiteDatabase.insertWithOnConflict(SQLiteDatabase.java:170 1)
02-17 18:22:26.516 3565 3786 E SQLiteDatabase: at android.database.sqlite.SQLiteDatabase.insert(SQLiteDatabase.java:1570)
02-17 18:22:26.516 3565 3786 E SQLiteDatabase: at X.2tm.A08(Unknown Source:6)
02-17 18:22:26.516 3565 3786 E SQLiteDatabase: at X.2sR.A03(Unknown Source:39)
02-17 18:22:26.516 3565 3786 E SQLiteDatabase: at X.2sR.A05(Unknown Source:14)
02-17 18:22:26.516 3565 3786 E SQLiteDatabase: at X.3eA.run(Unknown Source:2101)
02-17 18:22:26.516 3565 3786 E SQLiteDatabase: at java.util.concurrent.ThreadPoolExecutor.runWorker(ThreadPoolExecutor.java:1167)
02-17 18:22:26.516 3565 3786 E SQLiteDatabase: at java.util.concurrent.ThreadPoolExecutor$Worker.run(ThreadPoolExecutor.java:641)
02-17 18:22:26.516 3565 3786 E SQLiteDatabase: at X.3gH.run(Unknown Source:1548)
02-17 18:22:26.516 3565 3786 E SQLiteDatabase: at java.lang.Thread.run(Thread.java:923)
02-17 18:22:26.526 3565 4326 E ActivityThread: Failed to find provider info for androidx.car.app.connection
02-17 18:22:26.902 3565 3666 W LibraryVersion: Failed to get app version for libraryName: firebase-iid
02-17 18:22:27.489 3565 3565 W CarApp.Conn: Null response from content provider when checking connection to the car, treating as disconnected
02-17 18:22:28.152 3565 3565 E ArmVmp : Match on catch block at 0xb0 in for 0x109
02-17 18:22:28.379 3565 3565 W pool-8-thread-1: type=1400 audit(0.0:1149): avc: granted { execute } for path="/data/data/com.mbwhatsapp/files/decompressed/libs.spk.zst/libgifimage.so" dev="dm-11" ino=1372323 scontext=u:r:untrusted_app:s0:c209,c256,c512,c768 tcontext=u:object_r:app_data_file:s0:c209,c256,c512,c768 tclass=file app=com.mbwhatsapp
02-17 18:22:31.446 3565 3738 E SQLiteDatabase: Error inserting transferred=1 media_job_uuid=dde35114-1f1f-4b79-849f-2888eddad114 transcoded=0 gif_attribution=0 first_scan_length=6810 direct_path=/o1/v/t62.7118-24/f1/m233/up-oil-image-2a3ea926- 993e-41c9-a65b-a87f1f080509?ccb=9- 4&oh=01_AdSYFpKE_qjBpyw_uvV3bEJi75bBb1HeTyPo3hAPW0kOIA&oe=65F8197A&_nc_sid=000000 thumbnail_height_width_ratio=0.75 is_animated_sticker=0 file_hash=6tLKo1Yz0e7tB4k/XTca6ccKXmAT1PE5BqkVZuMuCGg= file_path=Media/.Statuses/95f50d9b256743a1b953eafa933d710a.jpg file_size=54636 partial_media_hash=FvB0UmyKCnCnJnvQUdre4kFXuANzy/3TRcZjuApstNg= face_x=0 face_y=0 height=809 trim_to=0 media_key_timestamp=1708168238000 message_url=https://mmg.whatsapp.net/o1/v/t62.7118-24/f1/m233/up-oil-image- 2a3ea926-993e-41c9-a65b-a87f1f080509?ccb=9- 4&oh=01_AdSYFpKE_qjBpyw_uvV3bEJi75bBb1HeTyPo3hAPW0kOIA&oe=65F8197A&_nc_sid=000000&m ms3=true media_caption=null trim_from=0 mime_type=image/jpeg partial_media_enc_hash=null width=1080 original_file_hash=null has_streaming_sidecar=1 autotransfer_retry_enabled=1 media_upload_handle=null message_row_id=45009 multicast_id=null enc_file_hash=XAcYwlJXIu/LvSGICTCvdXBO+xfyVhsKb4uSvL/v3fI= mute_video=0 page_count=0 first_scan_sidecar=[B@52227f5 suspicious_content=0 file_length=54636 media_name=null media_duration=0 chat_row_id=30 media_key=[B@435d98a
02-17 18:22:31.446 3565 3738 E SQLiteDatabase: android.database.sqlite.SQLiteConstraintException: UNIQUE constraint failed: message_media.message_row_id (code 1555 SQLITE_CONSTRAINT_PRIMARYKEY)
02-17 18:22:31.446 3565 3738 E SQLiteDatabase: at android.database.sqlite.SQLiteConnection.nativeExecuteForLastInsertedRowId(Native Method)
02-17 18:22:31.446 3565 3738 E SQLiteDatabase: at android.database.sqlite.SQLiteConnection.executeForLastInsertedRowId(SQLiteConnecti on.java:938)
02-17 18:22:31.446 3565 3738 E SQLiteDatabase: at android.database.sqlite.SQLiteSession.executeForLastInsertedRowId(SQLiteSession.jav a:790)
02-17 18:22:31.446 3565 3738 E SQLiteDatabase: at android.database.sqlite.SQLiteStatement.executeInsert(SQLiteStatement.java:88)
02-17 18:22:31.446 3565 3738 E SQLiteDatabase: at android.database.sqlite.SQLiteDatabase.insertWithOnConflict(SQLiteDatabase.java:170 1)
02-17 18:22:31.446 3565 3738 E SQLiteDatabase: at android.database.sqlite.SQLiteDatabase.insert(SQLiteDatabase.java:1570)
02-17 18:22:31.446 3565 3738 E SQLiteDatabase: at X.2tm.A08(Unknown Source:6)
02-17 18:22:31.446 3565 3738 E SQLiteDatabase: at X.35Y.A07(Unknown Source:212)
02-17 18:22:31.446 3565 3738 E SQLiteDatabase: at X.3QF.A14(Unknown Source:470)
02-17 18:22:31.446 3565 3738 E SQLiteDatabase: at X.3gU.run(Unknown Source:982)
02-17 18:22:31.446 3565 3738 E SQLiteDatabase: at android.os.Handler.handleCallback(Handler.java:938)
02-17 18:22:31.446 3565 3738 E SQLiteDatabase: at android.os.Handler.dispatchMessage(Handler.java:99)
02-17 18:22:31.446 3565 3738 E SQLiteDatabase: at X.0zq.dispatchMessage(Unknown Source:4)
02-17 18:22:31.446 3565 3738 E SQLiteDatabase: at android.os.Looper.loop(Looper.java:223)
02-17 18:22:31.446 3565 3738 E SQLiteDatabase: at android.os.HandlerThread.run(HandlerThread.java:67)
02-17 18:22:31.673 3565 3969 W CursorWindow: Window is full: requested allocation 804 bytes, free space 378 bytes, window size 2097152 bytes
02-17 18:22:33.620 3565 3565 W com.mbwhatsapp: Verification of void X.5pH.A1Z(android.os.Bundle) took 135.592ms (74731.46 bytecodes/s) (163536B approximate peak alloc)
02-17 18:22:33.774 3565 4799 E RenderScript: Failed loading RS driver: dlopen failed: library "libRSDriverArm.so" not found
02-17 18:22:33.774 3565 4799 E RenderScript: Failed to load runtime libRSDriverArm.so, loading default
02-17 18:22:34.035 3565 3565 E ArmVmp : Match on catch block at 0xb0 in for 0xd9
02-17 18:22:34.043 3565 3565 E ArmVmp : Match on catch block at 0xb0 in for 0xd1
02-17 18:22:34.132 3565 3565 E ArmVmp : Match on catch block at 0x0a in for 0xb5
02-17 18:22:34.142 3565 3565 E ArmVmp : Match on catch block at 0x0a in for 0xb5
02-17 18:22:34.701 3565 3565 E ArmVmp : Match on catch block at 0xc3 in for 0xa9
02-17 18:22:34.705 3565 3565 E ArmVmp : Match on catch block at 0xc3 in for 0xa5
02-17 18:22:34.711 3565 3565 E ArmVmp : Match on catch block at 0xc3 in for 0xa5
02-17 18:22:34.859 3565 3565 E ArmVmp : Match on catch block at 0xc3 in for 0x99
02-17 18:22:34.864 3565 3565 E ArmVmp : Match on catch block at 0xc3 in for 0x95
02-17 18:22:34.867 3565 3565 E ArmVmp : Match on catch block at 0xc3 in for 0x95
02-17 18:22:35.011 3565 3565 E ArmVmp : Match on catch block at 0xc3 in for 0x91
02-17 18:22:35.013 3565 3565 E ArmVmp : Match on catch block at 0xc3 in for 0x95
02-17 18:22:35.020 3565 3565 E ArmVmp : Match on catch block at 0xc3 in for 0x95
02-17 18:22:35.136 3565 3565 E ArmVmp : Match on catch block at 0xc3 in for 0x91
02-17 18:22:35.140 3565 3565 E ArmVmp : Match on catch block at 0xc3 in for 0x95
02-17 18:22:35.145 3565 3565 E ArmVmp : Match on catch block at 0xc3 in for 0x95
02-17 18:22:35.195 3565 3565 E ArmVmp : Match on catch block at 0xc3 in for 0x95
02-17 18:22:35.204 3565 3565 E ArmVmp : Match on catch block at 0xc3 in for 0x99
02-17 18:22:35.206 3565 3565 E ArmVmp : Match on catch block at 0xc3 in for 0x99
02-17 18:22:35.246 3565 3565 E ArmVmp : Match on catch block at 0xc3 in for 0x91
02-17 18:22:35.254 3565 3565 E ArmVmp : Match on catch block at 0xc3 in for 0x95
02-17 18:22:35.257 3565 3565 E ArmVmp : Match on catch block at 0xc3 in for 0x95
02-17 18:22:35.310 3565 3565 E ArmVmp : Match on catch block at 0xc3 in for 0x91
02-17 18:22:35.314 3565 3565 E ArmVmp : Match on catch block at 0xc3 in for 0x95
02-17 18:22:35.329 3565 3565 E ArmVmp : Match on catch block at 0xc3 in for 0x95
02-17 18:22:35.353 3565 3565 E ArmVmp : Match on catch block at 0xc3 in for 0x91
02-17 18:22:35.357 3565 3565 E ArmVmp : Match on catch block at 0xc3 in for 0x95
02-17 18:22:35.362 3565 3565 E ArmVmp : Match on catch block at 0xc3 in for 0x95
02-17 18:22:35.375 3565 3565 E ArmVmp : Match on catch block at 0xc3 in for 0x99
02-17 18:22:35.379 3565 3565 E ArmVmp : Match on catch block at 0xc3 in for 0x91
02-17 18:22:35.382 3565 3565 E ArmVmp : Match on catch block at 0xc3 in for 0x91
02-17 18:22:35.402 3565 3565 E ArmVmp : Match on catch block at 0xc3 in for 0x95
02-17 18:22:35.404 3565 3565 E ArmVmp : Match on catch block at 0xc3 in for 0x99
02-17 18:22:35.408 3565 3565 E ArmVmp : Match on catch block at 0xc3 in for 0x99
02-17 18:22:35.419 3565 3565 E ArmVmp : Match on catch block at 0xc3 in for 0x91
02-17 18:22:35.423 3565 3565 E ArmVmp : Match on catch block at 0xc3 in for 0x95
02-17 18:22:35.426 3565 3565 E ArmVmp : Match on catch block at 0xc3 in for 0x95
02-17 18:22:35.435 3565 3565 E ArmVmp : Match on catch block at 0xc3 in for 0x99
02-17 18:22:35.437 3565 3565 E ArmVmp : Match on catch block at 0xc3 in for 0x91
02-17 18:22:35.442 3565 3565 E ArmVmp : Match on catch block at 0xc3 in for 0x91
02-17 18:22:35.453 3565 3565 E ArmVmp : Match on catch block at 0xc3 in for 0x95
02-17 18:22:35.456 3565 3565 E ArmVmp : Match on catch block at 0xc3 in for 0x99
02-17 18:22:35.460 3565 3565 E ArmVmp : Match on catch block at 0xc3 in for 0x99
02-17 18:22:35.469 3565 3565 E ArmVmp : Match on catch block at 0xc3 in for 0x91
02-17 18:22:35.476 3565 3565 E ArmVmp : Match on catch block at 0xc3 in for 0x95
02-17 18:22:35.479 3565 3565 E ArmVmp : Match on catch block at 0xc3 in for 0x95
02-17 18:22:35.488 3565 3565 E ArmVmp : Match on catch block at 0xc3 in for 0x99
02-17 18:22:35.494 3565 3565 E ArmVmp : Match on catch block at 0xc3 in for 0x91
02-17 18:22:35.497 3565 3565 E ArmVmp : Match on catch block at 0xc3 in for 0x91
02-17 18:22:35.863 3565 3565 E ArmVmp : Match on catch block at 0xc3 in for 0x91
02-17 18:22:35.865 3565 3565 E ArmVmp : Match on catch block at 0xc3 in for 0x95
02-17 18:22:35.868 3565 3565 E ArmVmp : Match on catch block at 0xc3 in for 0x95
02-17 18:22:35.874 3565 3565 E ArmVmp : Match on catch block at 0xc3 in for 0x99
02-17 18:22:35.878 3565 3565 E ArmVmp : Match on catch block at 0xc3 in for 0x91
02-17 18:22:35.881 3565 3565 E ArmVmp : Match on catch block at 0xc3 in for 0x91
02-17 18:22:35.951 3565 3565 E ArmVmp : Match on catch block at 0xc3 in for 0x95
02-17 18:22:35.956 3565 3565 E ArmVmp : Match on catch block at 0xc3 in for 0x99
02-17 18:22:35.957 3565 3565 E ArmVmp : Match on catch block at 0xc3 in for 0x99
02-17 18:22:36.452 3565 3565 E ArmVmp : Match on catch block at 0xc3 in for 0x91
02-17 18:22:36.457 3565 3565 E ArmVmp : Match on catch block at 0xc3 in for 0x95
02-17 18:22:36.460 3565 3565 E ArmVmp : Match on catch block at 0xc3 in for 0x95
02-17 18:22:36.992 3565 3565 E ArmVmp : Match on catch block at 0xc3 in for 0x95
02-17 18:22:37.006 3565 3565 E ArmVmp : Match on catch block at 0xc3 in for 0x99
02-17 18:22:37.009 3565 3565 E ArmVmp : Match on catch block at 0xc3 in for 0x99
02-17 18:22:37.046 3565 3565 E ArmVmp : Match on catch block at 0xc3 in for 0x91
02-17 18:22:37.052 3565 3565 E ArmVmp : Match on catch block at 0xc3 in for 0x95
02-17 18:22:37.056 3565 3565 E ArmVmp : Match on catch block at 0xc3 in for 0x95
02-17 18:22:37.145 3565 3565 E ArmVmp : Match on catch block at 0xc3 in for 0x95
02-17 18:22:37.150 3565 3565 E ArmVmp : Match on catch block at 0xc3 in for 0x99
02-17 18:22:37.154 3565 3565 E ArmVmp : Match on catch block at 0xc3 in for 0x99
02-17 18:22:37.174 3565 3565 E ArmVmp : Match on catch block at 0xc3 in for 0x99
02-17 18:22:37.183 3565 3565 E ArmVmp : Match on catch block at 0xc3 in for 0x91
02-17 18:22:37.188 3565 3565 E ArmVmp : Match on catch block at 0xc3 in for 0x91
02-17 18:22:37.204 3565 3565 E ArmVmp : Match on catch block at 0xc3 in for 0x95
02-17 18:22:37.208 3565 3565 E ArmVmp : Match on catch block at 0xc3 in for 0x99
02-17 18:22:37.212 3565 3565 E ArmVmp : Match on catch block at 0xc3 in for 0x99
02-17 18:22:37.222 3565 3565 E ArmVmp : Match on catch block at 0xc3 in for 0x99
02-17 18:22:37.230 3565 3565 E ArmVmp : Match on catch block at 0xc3 in for 0x91
02-17 18:22:37.234 3565 3565 E ArmVmp : Match on catch block at 0xc3 in for 0x91
02-17 18:22:37.252 3565 3565 E ArmVmp : Match on catch block at 0xc3 in for 0x95
02-17 18:22:37.257 3565 3565 E ArmVmp : Match on catch block at 0xc3 in for 0x99
02-17 18:22:37.268 3565 3565 E ArmVmp : Match on catch block at 0xc3 in for 0x99
02-17 18:22:37.289 3565 3565 E ArmVmp : Match on catch block at 0xc3 in for 0x91
02-17 18:22:37.293 3565 3565 E ArmVmp : Match on catch block at 0xc3 in for 0x95
02-17 18:22:37.296 3565 3565 E ArmVmp : Match on catch block at 0xc3 in for 0x95
02-17 18:22:37.318 3565 3565 E ArmVmp : Match on catch block at 0xc3 in for 0x99
02-17 18:22:37.325 3565 3565 E ArmVmp : Match on catch block at 0xc3 in for 0x91
02-17 18:22:37.328 3565 3565 E ArmVmp : Match on catch block at 0xc3 in for 0x91
02-17 18:22:37.352 3565 3565 E ArmVmp : Match on catch block at 0xc3 in for 0x95
02-17 18:22:37.357 3565 3565 E ArmVmp : Match on catch block at 0xc3 in for 0x99
02-17 18:22:37.364 3565 3565 E ArmVmp : Match on catch block at 0xc3 in for 0x99
02-17 18:22:37.384 3565 3565 E ArmVmp : Match on catch block at 0xc3 in for 0x91
02-17 18:22:37.387 3565 3565 E ArmVmp : Match on catch block at 0xc3 in for 0x95
02-17 18:22:37.389 3565 3565 E ArmVmp : Match on catch block at 0xc3 in for 0x95
02-17 18:22:37.650 3565 3565 E ArmVmp : Match on catch block at 0xc3 in for 0x99
02-17 18:22:37.657 3565 3565 E ArmVmp : Match on catch block at 0xc3 in for 0x91
02-17 18:22:37.660 3565 3565 E ArmVmp : Match on catch block at 0xc3 in for 0x91
02-17 18:22:38.150 3565 3565 E ArmVmp : Match on catch block at 0xc3 in for 0x95
02-17 18:22:38.153 3565 3565 E ArmVmp : Match on catch block at 0xc3 in for 0x99
02-17 18:22:38.155 3565 3565 E ArmVmp : Match on catch block at 0xc3 in for 0x99
02-17 18:22:38.205 3565 3565 E ArmVmp : Match on catch block at 0xc3 in for 0x95
02-17 18:22:38.211 3565 3565 E ArmVmp : Match on catch block at 0xc3 in for 0x99
02-17 18:22:38.213 3565 3565 E ArmVmp : Match on catch block at 0xc3 in for 0x99
02-17 18:22:38.225 3565 3565 E ArmVmp : Match on catch block at 0xc3 in for 0x91
02-17 18:22:38.231 3565 3565 E ArmVmp : Match on catch block at 0xc3 in for 0x95
02-17 18:22:38.242 3565 3565 E ArmVmp : Match on catch block at 0xc3 in for 0x95
02-17 18:22:38.268 3565 3565 E ArmVmp : Match on catch block at 0xc3 in for 0x99
02-17 18:22:38.282 3565 3565 E ArmVmp : Match on catch block at 0xc3 in for 0x91
02-17 18:22:38.285 3565 3565 E ArmVmp : Match on catch block at 0xc3 in for 0x91
02-17 18:22:38.300 3565 3565 E ArmVmp : Match on catch block at 0xc3 in for 0x95
02-17 18:22:38.307 3565 3565 E ArmVmp : Match on catch block at 0xc3 in for 0x99
02-17 18:22:38.311 3565 3565 E ArmVmp : Match on catch block at 0xc3 in for 0x99
02-17 18:22:38.317 3565 3565 E ArmVmp : Match on catch block at 0xc3 in for 0x91
02-17 18:22:38.320 3565 3565 E ArmVmp : Match on catch block at 0xc3 in for 0x95
02-17 18:22:38.326 3565 3565 E ArmVmp : Match on catch block at 0xc3 in for 0x95
02-17 18:22:38.334 3565 3565 E ArmVmp : Match on catch block at 0xc3 in for 0x99
02-17 18:22:38.341 3565 3565 E ArmVmp : Match on catch block at 0xc3 in for 0x91
02-17 18:22:38.343 3565 3565 E ArmVmp : Match on catch block at 0xc3 in for 0x91
02-17 18:22:38.350 3565 3565 E ArmVmp : Match on catch block at 0xc3 in for 0x95
02-17 18:22:38.354 3565 3565 E ArmVmp : Match on catch block at 0xc3 in for 0x99
02-17 18:22:38.356 3565 3565 E ArmVmp : Match on catch block at 0xc3 in for 0x99
02-17 18:22:38.367 3565 3565 E ArmVmp : Match on catch block at 0xc3 in for 0x91
02-17 18:22:38.370 3565 3565 E ArmVmp : Match on catch block at 0xc3 in for 0x95
02-17 18:22:38.373 3565 3565 E ArmVmp : Match on catch block at 0xc3 in for 0x95
02-17 18:22:38.387 3565 3565 E ArmVmp : Match on catch block at 0xc3 in for 0x99
02-17 18:22:38.393 3565 3565 E ArmVmp : Match on catch block at 0xc3 in for 0x91
02-17 18:22:38.395 3565 3565 E ArmVmp : Match on catch block at 0xc3 in for 0x91
02-17 18:22:38.429 3565 3565 E ArmVmp : Match on catch block at 0xc3 in for 0x95
02-17 18:22:38.432 3565 3565 E ArmVmp : Match on catch block at 0xc3 in for 0x99
02-17 18:22:38.434 3565 3565 E ArmVmp : Match on catch block at 0xc3 in for 0x99
02-17 18:22:38.440 3565 3565 E ArmVmp : Match on catch block at 0xc3 in for 0x91
02-17 18:22:38.453 3565 3565 E ArmVmp : Match on catch block at 0xc3 in for 0x95
02-17 18:22:38.455 3565 3565 E ArmVmp : Match on catch block at 0xc3 in for 0x95
02-17 18:22:38.734 3565 3565 E ArmVmp : Match on catch block at 0xc3 in for 0x99
02-17 18:22:38.737 3565 3565 E ArmVmp : Match on catch block at 0xc3 in for 0x91
02-17 18:22:38.739 3565 3565 E ArmVmp : Match on catch block at 0xc3 in for 0x91
02-17 18:22:39.240 3565 3565 E ArmVmp : Match on catch block at 0xc3 in for 0x99
02-17 18:22:39.243 3565 3565 E ArmVmp : Match on catch block at 0xc3 in for 0x91
02-17 18:22:39.248 3565 3565 E ArmVmp : Match on catch block at 0xc3 in for 0x91
02-17 18:22:39.275 3565 3565 E ArmVmp : Match on catch block at 0xc3 in for 0x91
02-17 18:22:39.282 3565 3565 E ArmVmp : Match on catch block at 0xc3 in for 0x95
02-17 18:22:39.286 3565 3565 E ArmVmp : Match on catch block at 0xc3 in for 0x95
02-17 18:22:39.301 3565 3565 E ArmVmp : Match on catch block at 0xc3 in for 0x99
02-17 18:22:39.312 3565 3565 E ArmVmp : Match on catch block at 0xc3 in for 0x91
02-17 18:22:39.315 3565 3565 E ArmVmp : Match on catch block at 0xc3 in for 0x91
02-17 18:22:39.335 3565 3565 E ArmVmp : Match on catch block at 0xc3 in for 0x95
02-17 18:22:39.348 3565 3565 E ArmVmp : Match on catch block at 0xc3 in for 0x99
02-17 18:22:39.350 3565 3565 E ArmVmp : Match on catch block at 0xc3 in for 0x99
02-17 18:22:39.368 3565 3565 E ArmVmp : Match on catch block at 0xc3 in for 0x91
02-17 18:22:39.373 3565 3565 E ArmVmp : Match on catch block at 0xc3 in for 0x95
02-17 18:22:39.375 3565 3565 E ArmVmp : Match on catch block at 0xc3 in for 0x95
02-17 18:22:39.386 3565 3565 E ArmVmp : Match on catch block at 0xc3 in for 0x99
02-17 18:22:39.390 3565 3565 E ArmVmp : Match on catch block at 0xc3 in for 0x91
02-17 18:22:39.394 3565 3565 E ArmVmp : Match on catch block at 0xc3 in for 0x91
02-17 18:22:39.401 3565 3565 E ArmVmp : Match on catch block at 0xc3 in for 0x95
02-17 18:22:39.410 3565 3565 E ArmVmp : Match on catch block at 0xc3 in for 0x99
02-17 18:22:39.412 3565 3565 E ArmVmp : Match on catch block at 0xc3 in for 0x99
02-17 18:22:39.417 3565 3565 E ArmVmp : Match on catch block at 0xc3 in for 0x91
02-17 18:22:39.420 3565 3565 E ArmVmp : Match on catch block at 0xc3 in for 0x95
02-17 18:22:39.422 3565 3565 E ArmVmp : Match on catch block at 0xc3 in for 0x95
02-17 18:22:39.433 3565 3565 E ArmVmp : Match on catch block at 0xc3 in for 0x99
02-17 18:22:39.440 3565 3565 E ArmVmp : Match on catch block at 0xc3 in for 0x91
02-17 18:22:39.442 3565 3565 E ArmVmp : Match on catch block at 0xc3 in for 0x91
02-17 18:22:39.718 3565 3565 E ArmVmp : Match on catch block at 0xc3 in for 0x95
02-17 18:22:39.722 3565 3565 E ArmVmp : Match on catch block at 0xc3 in for 0x99
02-17 18:22:39.724 3565 3565 E ArmVmp : Match on catch block at 0xc3 in for 0x99
02-17 18:22:39.901 3565 3565 E ArmVmp : Match on catch block at 0xc3 in for 0x91
02-17 18:22:39.904 3565 3565 E ArmVmp : Match on catch block at 0xc3 in for 0x95
02-17 18:22:39.907 3565 3565 E ArmVmp : Match on catch block at 0xc3 in for 0x95
02-17 18:22:40.033 3565 3565 E ArmVmp : Match on catch block at 0xc3 in for 0x99
02-17 18:22:40.036 3565 3565 E ArmVmp : Match on catch block at 0xc3 in for 0x91
02-17 18:22:40.038 3565 3565 E ArmVmp : Match on catch block at 0xc3 in for 0x91
02-17 18:22:40.050 3565 3565 E ArmVmp : Match on catch block at 0xc3 in for 0x95
02-17 18:22:40.053 3565 3565 E ArmVmp : Match on catch block at 0xc3 in for 0x99
02-17 18:22:40.057 3565 3565 E ArmVmp : Match on catch block at 0xc3 in for 0x99
02-17 18:22:40.067 3565 3565 E ArmVmp : Match on catch block at 0xc3 in for 0x91
02-17 18:22:40.071 3565 3565 E ArmVmp : Match on catch block at 0xc3 in for 0x95
02-17 18:22:40.073 3565 3565 E ArmVmp : Match on catch block at 0xc3 in for 0x95
02-17 18:22:40.083 3565 3565 E ArmVmp : Match on catch block at 0xc3 in for 0x99
02-17 18:22:40.086 3565 3565 E ArmVmp : Match on catch block at 0xc3 in for 0x91
02-17 18:22:40.093 3565 3565 E ArmVmp : Match on catch block at 0xc3 in for 0x91
02-17 18:22:40.101 3565 3565 E ArmVmp : Match on catch block at 0xc3 in for 0x95
02-17 18:22:40.106 3565 3565 E ArmVmp : Match on catch block at 0xc3 in for 0x99
02-17 18:22:40.108 3565 3565 E ArmVmp : Match on catch block at 0xc3 in for 0x99
02-17 18:22:40.123 3565 3565 E ArmVmp : Match on catch block at 0xc3 in for 0x99
02-17 18:22:40.128 3565 3565 E ArmVmp : Match on catch block at 0xc3 in for 0x91
02-17 18:22:40.132 3565 3565 E ArmVmp : Match on catch block at 0xc3 in for 0x91
02-17 18:22:40.141 3565 3565 E ArmVmp : Match on catch block at 0xc3 in for 0x95
02-17 18:22:40.147 3565 3565 E ArmVmp : Match on catch block at 0xc3 in for 0x99
02-17 18:22:40.152 3565 3565 E ArmVmp : Match on catch block at 0xc3 in for 0x99
02-17 18:22:40.162 3565 3565 E ArmVmp : Match on catch block at 0xc3 in for 0x91
02-17 18:22:40.167 3565 3565 E ArmVmp : Match on catch block at 0xc3 in for 0x95
02-17 18:22:40.171 3565 3565 E ArmVmp : Match on catch block at 0xc3 in for 0x95
02-17 18:22:40.183 3565 3565 E ArmVmp : Match on catch block at 0xc3 in for 0x99
02-17 18:22:40.186 3565 3565 E ArmVmp : Match on catch block at 0xc3 in for 0x91
02-17 18:22:40.188 3565 3565 E ArmVmp : Match on catch block at 0xc3 in for 0x91
02-17 18:22:40.199 3565 3565 E ArmVmp : Match on catch block at 0xc3 in for 0x95
02-17 18:22:40.202 3565 3565 E ArmVmp : Match on catch block at 0xc3 in for 0x99
02-17 18:22:40.206 3565 3565 E ArmVmp : Match on catch block at 0xc3 in for 0x99
02-17 18:22:40.217 3565 3565 E ArmVmp : Match on catch block at 0xc3 in for 0x91
02-17 18:22:40.220 3565 3565 E ArmVmp : Match on catch block at 0xc3 in for 0x95
02-17 18:22:40.223 3565 3565 E ArmVmp : Match on catch block at 0xc3 in for 0x95
02-17 18:22:40.235 3565 3565 E ArmVmp : Match on catch block at 0xc3 in for 0x99
02-17 18:22:40.237 3565 3565 E ArmVmp : Match on catch block at 0xc3 in for 0x91
02-17 18:22:40.239 3565 3565 E ArmVmp : Match on catch block at 0xc3 in for 0x91
02-17 18:22:40.249 3565 3565 E ArmVmp : Match on catch block at 0xc3 in for 0x95
02-17 18:22:40.252 3565 3565 E ArmVmp : Match on catch block at 0xc3 in for 0x99
02-17 18:22:40.253 3565 3565 E ArmVmp : Match on catch block at 0xc3 in for 0x99
02-17 18:22:40.266 3565 3565 E ArmVmp : Match on catch block at 0xc3 in for 0x91
02-17 18:22:40.268 3565 3565 E ArmVmp : Match on catch block at 0xc3 in for 0x95
02-17 18:22:40.270 3565 3565 E ArmVmp : Match on catch block at 0xc3 in for 0x95
02-17 18:22:40.283 3565 3565 E ArmVmp : Match on catch block at 0xc3 in for 0x99
02-17 18:22:40.285 3565 3565 E ArmVmp : Match on catch block at 0xc3 in for 0x91
02-17 18:22:40.288 3565 3565 E ArmVmp : Match on catch block at 0xc3 in for 0x91
02-17 18:22:40.299 3565 3565 E ArmVmp : Match on catch block at 0xc3 in for 0x95
02-17 18:22:40.302 3565 3565 E ArmVmp : Match on catch block at 0xc3 in for 0x99
02-17 18:22:40.303 3565 3565 E ArmVmp : Match on catch block at 0xc3 in for 0x99
02-17 18:22:40.316 3565 3565 E ArmVmp : Match on catch block at 0xc3 in for 0x91
02-17 18:22:40.318 3565 3565 E ArmVmp : Match on catch block at 0xc3 in for 0x95
02-17 18:22:40.320 3565 3565 E ArmVmp : Match on catch block at 0xc3 in for 0x95
02-17 18:22:40.333 3565 3565 E ArmVmp : Match on catch block at 0xc3 in for 0x99
02-17 18:22:40.336 3565 3565 E ArmVmp : Match on catch block at 0xc3 in for 0x91
02-17 18:22:40.337 3565 3565 E ArmVmp : Match on catch block at 0xc3 in for 0x91
02-17 18:22:40.349 3565 3565 E ArmVmp : Match on catch block at 0xc3 in for 0x95
02-17 18:22:40.355 3565 3565 E ArmVmp : Match on catch block at 0xc3 in for 0x99
02-17 18:22:40.364 3565 3565 E ArmVmp : Match on catch block at 0xc3 in for 0x99
02-17 18:22:40.369 3565 3565 E ArmVmp : Match on catch block at 0xc3 in for 0x91
02-17 18:22:40.372 3565 3565 E ArmVmp : Match on catch block at 0xc3 in for 0x95
02-17 18:22:40.376 3565 3565 E ArmVmp : Match on catch block at 0xc3 in for 0x95
02-17 18:22:40.383 3565 3565 E ArmVmp : Match on catch block at 0xc3 in for 0x99
02-17 18:22:40.386 3565 3565 E ArmVmp : Match on catch block at 0xc3 in for 0x91
02-17 18:22:40.389 3565 3565 E ArmVmp : Match on catch block at 0xc3 in for 0x91
02-17 18:22:40.399 3565 3565 E ArmVmp : Match on catch block at 0xc3 in for 0x95
02-17 18:22:40.402 3565 3565 E ArmVmp : Match on catch block at 0xc3 in for 0x99
02-17 18:22:40.403 3565 3565 E ArmVmp : Match on catch block at 0xc3 in for 0x99
02-17 18:22:40.416 3565 3565 E ArmVmp : Match on catch block at 0xc3 in for 0x91
02-17 18:22:40.418 3565 3565 E ArmVmp : Match on catch block at 0xc3 in for 0x95
02-17 18:22:40.421 3565 3565 E ArmVmp : Match on catch block at 0xc3 in for 0x95
02-17 18:22:40.434 3565 3565 E ArmVmp : Match on catch block at 0xc3 in for 0x99
02-17 18:22:40.436 3565 3565 E ArmVmp : Match on catch block at 0xc3 in for 0x91
02-17 18:22:40.439 3565 3565 E ArmVmp : Match on catch block at 0xc3 in for 0x91
02-17 18:22:40.451 3565 3565 E ArmVmp : Match on catch block at 0xc3 in for 0x95
02-17 18:22:40.456 3565 3565 E ArmVmp : Match on catch block at 0xc3 in for 0x99
02-17 18:22:40.458 3565 3565 E ArmVmp : Match on catch block at 0xc3 in for 0x99
02-17 18:22:40.467 3565 3565 E ArmVmp : Match on catch block at 0xc3 in for 0x91
02-17 18:22:40.472 3565 3565 E ArmVmp : Match on catch block at 0xc3 in for 0x95
02-17 18:22:40.476 3565 3565 E ArmVmp : Match on catch block at 0xc3 in for 0x95
02-17 18:22:40.484 3565 3565 E ArmVmp : Match on catch block at 0xc3 in for 0x99
02-17 18:22:40.489 3565 3565 E ArmVmp : Match on catch block at 0xc3 in for 0x91
02-17 18:22:40.491 3565 3565 E ArmVmp : Match on catch block at 0xc3 in for 0x91
02-17 18:22:40.501 3565 3565 E ArmVmp : Match on catch block at 0xc3 in for 0x95
02-17 18:22:40.506 3565 3565 E ArmVmp : Match on catch block at 0xc3 in for 0x99
02-17 18:22:40.510 3565 3565 E ArmVmp : Match on catch block at 0xc3 in for 0x99
02-17 18:22:40.519 3565 3565 E ArmVmp : Match on catch block at 0xc3 in for 0x91
02-17 18:22:40.524 3565 3565 E ArmVmp : Match on catch block at 0xc3 in for 0x95
02-17 18:22:40.527 3565 3565 E ArmVmp : Match on catch block at 0xc3 in for 0x95
02-17 18:22:40.534 3565 3565 E ArmVmp : Match on catch block at 0xc3 in for 0x99
02-17 18:22:40.538 3565 3565 E ArmVmp : Match on catch block at 0xc3 in for 0x91
02-17 18:22:40.541 3565 3565 E ArmVmp : Match on catch block at 0xc3 in for 0x91
02-17 18:22:40.601 3565 3565 E ArmVmp : Match on catch block at 0xc3 in for 0x95
02-17 18:22:40.606 3565 3565 E ArmVmp : Match on catch block at 0xc3 in for 0x99
02-17 18:22:40.609 3565 3565 E ArmVmp : Match on catch block at 0xc3 in for 0x99
02-17 18:22:40.717 3565 3565 E ArmVmp : Match on catch block at 0xc3 in for 0x91
02-17 18:22:40.722 3565 3565 E ArmVmp : Match on catch block at 0xc3 in for 0x95
