02-22 20:49:39.835 14826 14826 W com.mbwhatsapp: type=1400 audit(0.0:187307): avc: granted { execute } for path="/data/data/com.mbwhatsapp/files/decompressed/libs.spk.zst/libwhatsapp.so" dev="dm-11" ino=1413553 scontext=u:r:untrusted_app:s0:c209,c256,c512,c768 tcontext=u:object_r:app_data_file:s0:c209,c256,c512,c768 tclass=file app=com.mbwhatsapp
02-22 20:49:39.977 14826 14826 W CheckTime: App running slow: Executing handleBindApplication : callApplicationOnCreate took 470ms
02-22 20:49:39.986 14826 14826 W CheckTime: App running slow: Executing com.google.firebase.iid.FirebaseInstanceIdReceiver scheduleReceive took 664ms
02-22 20:49:39.986 14826 14826 W ActivityThread: Main thread can not be idle for a long time.
02-22 20:49:40.033 14826 14884 W com.mbwhatsapp: Class X.2rL failed lock verification and will run slower.
02-22 20:49:40.033 14826 14884 W com.mbwhatsapp: Common causes for lock verification issues are non-optimized dex code
02-22 20:49:40.033 14826 14884 W com.mbwhatsapp: and incorrect proguard optimizations. --------- beginning of system --------- beginning of main
02-22 21:38:40.562 3806 3806 E com.mbwhatsapp: Not starting debugger since process cannot load the jdwp agent.
02-22 21:38:40.601 3806 3806 W com.mbwhatsapp: Insufficient pre-allocated space to mmap vdex.
02-22 21:38:40.709 3806 3806 W System.err: java.lang.ClassNotFoundException: mbmodsd.mbmodsw.ui.views.btn.BtnBK
02-22 21:38:40.710 3806 3806 W System.err: at java.lang.Runtime.nativeLoad(Native Method)
02-22 21:38:40.710 3806 3806 W System.err: at java.lang.Runtime.nativeLoad(Runtime.java:1131)
02-22 21:38:40.710 3806 3806 W System.err: at java.lang.Runtime.loadLibrary0(Runtime.java:1085)
02-22 21:38:40.710 3806 3806 W System.err: at java.lang.Runtime.loadLibrary0(Runtime.java:1008)
02-22 21:38:40.710 3806 3806 W System.err: at java.lang.System.loadLibrary(System.java:1664)
02-22 21:38:40.710 3806 3806 W System.err: at arm.EpicVm.<clinit>(Unknown Source:2)
02-22 21:38:40.710 3806 3806 W System.err: at java.lang.Class.newInstance(Native Method)
02-22 21:38:40.710 3806 3806 W System.err: at android.app.AppComponentFactory.instantiateApplication(AppComponentFactory.java:76)
02-22 21:38:40.710 3806 3806 W System.err: at androidx.core.app.CoreComponentFactory.instantiateApplication(Unknown Source:0)
02-22 21:38:40.710 3806 3806 W System.err: at android.app.Instrumentation.newApplication(Instrumentation.java:1158)
02-22 21:38:40.710 3806 3806 W System.err: at android.app.LoadedApk.makeApplication(LoadedApk.java:1268)
02-22 21:38:40.710 3806 3806 W System.err: at android.app.ActivityThread.handleBindApplication(ActivityThread.java:6908)
02-22 21:38:40.710 3806 3806 W System.err: at android.app.ActivityThread.access$1300(ActivityThread.java:260)
02-22 21:38:40.710 3806 3806 W System.err: at android.app.ActivityThread$H.handleMessage(ActivityThread.java:1955)
02-22 21:38:40.710 3806 3806 W System.err: at android.os.Handler.dispatchMessage(Handler.java:106)
02-22 21:38:40.710 3806 3806 W System.err: at android.os.Looper.loop(Looper.java:223)
02-22 21:38:40.710 3806 3806 W System.err: at android.app.ActivityThread.main(ActivityThread.java:7974)
02-22 21:38:40.710 3806 3806 W System.err: at java.lang.reflect.Method.invoke(Native Method)
02-22 21:38:40.710 3806 3806 W System.err: at com.android.internal.os.RuntimeInit$MethodAndArgsCaller.run(RuntimeInit.java:603)
02-22 21:38:40.710 3806 3806 W System.err: at com.android.internal.os.ZygoteInit.main(ZygoteInit.java:948)
02-22 21:38:40.798 3806 3806 E CustomActivityOnCrash: IMPORTANT WARNING! You already have an UncaughtExceptionHandler, are you sure this is correct? If you use a custom UncaughtExceptionHandler, you must initialize it AFTER CustomActivityOnCrash! Installing anyway, but your original handler will not be called.
02-22 21:38:41.296 3806 3806 W com.mbwhatsapp: Accessing hidden method Lcom/android/org/conscrypt/OpenSSLSocketImpl;->setUseSessionTickets(Z)V (greylist- max-q,core-platform-api, reflection, denied)
02-22 21:38:41.297 3806 3806 W com.mbwhatsapp: Accessing hidden method Lcom/android/org/conscrypt/AbstractConscryptSocket;->setUseSessionTickets(Z)V (greylist-max-q, reflection, denied)
02-22 21:38:41.760 3806 3806 W CheckTime: App running slow: Executing handleBindApplication : callApplicationOnCreate took 908ms
02-22 21:38:41.796 3806 3997 W com.mbwhatsapp: Class X.2rL failed lock verification and will run slower.
02-22 21:38:41.796 3806 3997 W com.mbwhatsapp: Common causes for lock verification issues are non-optimized dex code
02-22 21:38:41.796 3806 3997 W com.mbwhatsapp: and incorrect proguard optimizations.
02-22 21:38:42.339 3806 3806 W com.mbwhatsapp: Class X.0eU failed lock verification and will run slower.
02-22 21:38:42.498 3806 3806 W com.mbwhatsapp: Class com.mbwhatsapp.HomeActivity failed lock verification and will run slower.
02-22 21:38:42.570 3806 3806 E ArmVmp : Match on catch block at 0xb0 in for 0xd9
02-22 21:38:42.652 3806 3806 E ArmVmp : Match on catch block at 0xb0 in for 0xd1
02-22 21:38:42.876 3806 3806 E ArmVmp : Match on catch block at 0x0a in for 0xb9
02-22 21:38:42.902 3806 3806 E ArmVmp : Match on catch block at 0x0a in for 0x129
02-22 21:38:43.061 3806 4104 W com.mbwhatsapp: Accessing hidden method Lcom/android/org/conscrypt/ConscryptEngineSocket;->setUseSessionTickets(Z)V (greylist-max-q,core-platform-api, reflection, denied)
02-22 21:38:43.061 3806 4104 W com.mbwhatsapp: Accessing hidden method Lcom/android/org/conscrypt/OpenSSLSocketImpl;->setUseSessionTickets(Z)V (greylist- max-q,core-platform-api, reflection, denied)
02-22 21:38:43.061 3806 4104 W com.mbwhatsapp: Accessing hidden method Lcom/android/org/conscrypt/AbstractConscryptSocket;->setUseSessionTickets(Z)V (greylist-max-q, reflection, denied)
02-22 21:38:43.061 3806 4104 W com.mbwhatsapp: Accessing hidden method Lcom/android/org/conscrypt/ConscryptEngineSocket;->setHostname(Ljava/lang/String;)V (greylist-max-q,core-platform-api, reflection, denied)
02-22 21:38:43.061 3806 4104 W com.mbwhatsapp: Accessing hidden method Lcom/android/org/conscrypt/OpenSSLSocketImpl;->setHostname(Ljava/lang/String;)V (greylist-max-q,core-platform-api, reflection, denied)
02-22 21:38:43.061 3806 4104 W com.mbwhatsapp: Accessing hidden method Lcom/android/org/conscrypt/AbstractConscryptSocket;->setHostname(Ljava/lang/ String;)V (greylist-max-q, reflection, denied)
02-22 21:38:43.062 3806 4104 W com.mbwhatsapp: Accessing hidden method Lcom/android/org/conscrypt/OpenSSLSocketImpl;->setAlpnProtocols([B)V (greylist-max- q,core-platform-api, reflection, denied)
02-22 21:38:43.062 3806 4104 W com.mbwhatsapp: Accessing hidden method Lcom/android/org/conscrypt/AbstractConscryptSocket;->setAlpnProtocols([B)V (greylist-max-q, reflection, denied)
02-22 21:38:43.235 3806 4104 W com.mbwhatsapp: Accessing hidden method Lcom/android/org/conscrypt/OpenSSLSocketImpl;->getAlpnSelectedProtocol()[B (greylist-max-q,core-platform-api, reflection, denied)
02-22 21:38:43.236 3806 4104 W com.mbwhatsapp: Accessing hidden method Lcom/android/org/conscrypt/AbstractConscryptSocket;->getAlpnSelectedProtocol()[B (greylist-max-q, reflection, denied)
02-22 21:38:43.772 3806 4068 E libc : Access denied finding property "vendor.mali.config"
02-22 21:38:43.860 3806 3806 E ArmVmp : Match on catch block at 0xb0 in for 0xe1
02-22 21:38:44.084 3806 3806 E ArmVmp : Match on catch block at 0xb0 in for 0xe9
02-22 21:38:44.201 3806 3806 E ArmVmp : Match on catch block at 0xb0 in for 0xe5
02-22 21:38:44.268 3806 3806 E ArmVmp : Match on catch block at 0xb0 in for 0xe5
02-22 21:38:44.343 3806 3806 E ArmVmp : Match on catch block at 0xb0 in for 0xe1
02-22 21:38:44.401 3806 3806 E ArmVmp : Match on catch block at 0xb0 in for 0xe1
02-22 21:38:44.463 3806 3806 E ArmVmp : Match on catch block at 0xb0 in for 0xe1
02-22 21:38:44.528 3806 3806 E ArmVmp : Match on catch block at 0xb0 in for 0xe5
02-22 21:38:44.592 3806 3806 E ArmVmp : Match on catch block at 0xb0 in for 0xe9
02-22 21:38:44.657 3806 3806 E ArmVmp : Match on catch block at 0xb0 in for 0xe9
02-22 21:38:44.709 3806 3806 E ArmVmp : Match on catch block at 0xb0 in for 0xe9
02-22 21:38:44.771 3806 3806 E ArmVmp : Match on catch block at 0xb0 in for 0xe9
02-22 21:38:44.833 3806 3806 E ArmVmp : Match on catch block at 0xb0 in for 0xe9
02-22 21:38:44.983 3806 3806 E ArmVmp : Match on catch block at 0xb0 in for 0xe9
02-22 21:38:45.033 3806 3806 E RecyclerView: No adapter attached; skipping layout
02-22 21:38:45.076 3806 4068 E libc : Access denied finding property "persist.vendor.sf.fbc"
02-22 21:38:45.076 3806 4068 E libc : Access denied finding property "persist.vendor.gpu.fbc"
02-22 21:38:45.076 3806 4068 E libc : Access denied finding property "persist.vendor.vsp.fbc"
02-22 21:38:45.361 3806 3806 E RecyclerView: No adapter attached; skipping layout
02-22 21:38:45.418 3806 3806 E ArmVmp : Match on catch block at 0x0a in for 0xc9
02-22 21:38:45.552 3806 3852 W LibraryVersion: Failed to get app version for libraryName: firebase-iid
02-22 21:38:45.654 3806 4241 W LOTTIE : Animation contains merge paths. Merge paths are only supported on KitKat+ and must be manually enabled by calling enableMergePathsForKitKatAndAbove().
02-22 21:38:45.755 3806 3806 E ArmVmp : Match on catch block at 0xb0 in for 0x119
02-22 21:38:45.764 3806 3806 E ArmVmp : Match on catch block at 0xb0 in for 0x119
02-22 21:38:45.774 3806 3806 E ArmVmp : Match on catch block at 0xb0 in for 0x119
02-22 21:38:45.781 3806 3806 E ArmVmp : Match on catch block at 0xb0 in for 0x119
02-22 21:38:45.873 3806 3806 E ArmVmp : Match on catch block at 0xb0 in for 0x111
02-22 21:38:45.890 3806 3806 E ArmVmp : Match on catch block at 0xb0 in for 0x111
02-22 21:38:45.897 3806 3806 E ArmVmp : Match on catch block at 0xb0 in for 0x111
02-22 21:38:46.025 3806 3806 W LOTTIE : Animation contains merge paths but they are disabled.
02-22 21:38:46.069 3806 3806 E ArmVmp : Match on catch block at 0xb0 in for 0xe5
02-22 21:38:46.824 3806 3806 E ArmVmp : Match on catch block at 0xb0 in for 0xd1
02-22 21:38:46.842 3806 3806 E ArmVmp : Match on catch block at 0xb0 in for 0xd5
02-22 21:38:47.223 3806 3806 W pool-6-thread-1: type=1400 audit(0.0:191418): avc: granted { execute } for path="/data/data/com.mbwhatsapp/files/decompressed/libs.spk.zst/libgifimage.so" dev="dm-11" ino=1372323 scontext=u:r:untrusted_app:s0:c209,c256,c512,c768 tcontext=u:object_r:app_data_file:s0:c209,c256,c512,c768 tclass=file app=com.mbwhatsapp
02-22 21:38:47.545 3806 4258 E RenderScript: Failed loading RS driver: dlopen failed: library "libRSDriverArm.so" not found
02-22 21:38:47.545 3806 4258 E RenderScript: Failed to load runtime libRSDriverArm.so, loading default
02-22 21:38:47.698 3806 3806 E ArmVmp : Match on catch block at 0xb0 in for 0xd5
02-22 21:38:47.703 3806 3806 E ArmVmp : Match on catch block at 0xb0 in for 0xd9
02-22 21:38:47.774 3806 3806 E ArmVmp : Match on catch block at 0x0a in for 0xb1
02-22 21:38:47.777 3806 3806 E ArmVmp : Match on catch block at 0x0a in for 0xb1
02-22 21:38:48.233 3806 3806 E ArmVmp : Match on catch block at 0xc3 in for 0xa5
02-22 21:38:48.252 3806 3806 E ArmVmp : Match on catch block at 0xc3 in for 0xa1
02-22 21:38:48.352 3806 3806 E ArmVmp : Match on catch block at 0xc3 in for 0x95
02-22 21:38:48.357 3806 3806 E ArmVmp : Match on catch block at 0xc3 in for 0x91
02-22 21:38:48.415 3806 3806 E ArmVmp : Match on catch block at 0xc3 in for 0x95
02-22 21:38:48.421 3806 3806 E ArmVmp : Match on catch block at 0xc3 in for 0x99
02-22 21:38:48.450 3806 3806 E ArmVmp : Match on catch block at 0xc3 in for 0x95
02-22 21:38:48.453 3806 3806 E ArmVmp : Match on catch block at 0xc3 in for 0x99
02-22 21:38:48.676 3806 3806 E ArmVmp : Match on catch block at 0xc3 in for 0x99
02-22 21:38:48.682 3806 3806 E ArmVmp : Match on catch block at 0xc3 in for 0x91
02-22 21:38:48.702 3806 3806 E ArmVmp : Match on catch block at 0xc3 in for 0x91
02-22 21:38:48.711 3806 3806 E ArmVmp : Match on catch block at 0xc3 in for 0x95
02-22 21:38:48.722 3806 3806 E ArmVmp : Match on catch block at 0xc3 in for 0x95
02-22 21:38:48.727 3806 3806 E ArmVmp : Match on catch block at 0xc3 in for 0x99
02-22 21:38:48.740 3806 3806 E ArmVmp : Match on catch block at 0xc3 in for 0x99
02-22 21:38:48.744 3806 3806 E ArmVmp : Match on catch block at 0xc3 in for 0x91
02-22 21:38:48.777 3806 3806 E ArmVmp : Match on catch block at 0xc3 in for 0x91
02-22 21:38:48.780 3806 3806 E ArmVmp : Match on catch block at 0xc3 in for 0x95
02-22 21:38:48.791 3806 3806 E ArmVmp : Match on catch block at 0xc3 in for 0x95
02-22 21:38:48.795 3806 3806 E ArmVmp : Match on catch block at 0xc3 in for 0x99
02-22 21:38:48.804 3806 3806 E ArmVmp : Match on catch block at 0xc3 in for 0x99
02-22 21:38:48.809 3806 3806 E ArmVmp : Match on catch block at 0xc3 in for 0x91
02-22 21:38:48.832 3806 3806 W SoundPool: Use of stream types is deprecated for operations other than volume control
02-22 21:38:48.832 3806 3806 W SoundPool: See the documentation of SoundPool() for what to use instead with android.media.AudioAttributes to qualify your playback use case
02-22 21:38:48.855 3806 3806 W AudioManager: Use of stream types is deprecated for operations other than volume control
02-22 21:38:48.855 3806 3806 W AudioManager: See the documentation of requestAudioFocus() for what to use instead with android.media.AudioAttributes to qualify your playback use case
02-22 21:38:48.864 3806 4148 W SoundPool: play soundID 1 not READY
02-22 21:38:48.896 3806 3806 W libOpenSLES: Conversion from OpenSL ES positional channel mask 0x4 to Android mask 0 loses channels
02-22 21:38:48.939 3806 4281 W Codec2Client: query -- param skipped: index = 1107298332.
02-22 21:38:48.941 3806 4281 W Codec2Client: query -- param skipped: index = 1342179345.
02-22 21:38:48.941 3806 4281 W Codec2Client: query -- param skipped: index = 2415921170.
02-22 21:38:48.942 3806 4282 W Codec2Client: query -- param skipped: index = 1107298332.
02-22 21:38:48.942 3806 4282 W Codec2Client: query -- param skipped: index = 1342179345.
02-22 21:38:48.942 3806 4282 W Codec2Client: query -- param skipped: index = 2415921170.
02-22 21:38:48.947 3806 4281 E FMQ : grantorIdx must be less than 3
02-22 21:38:48.948 3806 4281 E FMQ : grantorIdx must be less than 3
02-22 21:38:48.948 3806 4282 E FMQ : grantorIdx must be less than 3
02-22 21:38:48.948 3806 4282 E FMQ : grantorIdx must be less than 3
02-22 21:38:48.950 3806 4282 E ion : ioctl c0044901 failed with code -1: Inappropriate ioctl for device
02-22 21:38:48.950 3806 4281 E ion : ioctl c0044901 failed with code -1: Inappropriate ioctl for device
02-22 21:38:48.956 3806 3806 E ArmVmp : Match on catch block at 0xc3 in for 0x91
02-22 21:38:48.959 3806 3806 E ArmVmp : Match on catch block at 0xc3 in for 0x95
02-22 21:38:48.972 3806 3806 E ArmVmp : Match on catch block at 0xc3 in for 0x95
02-22 21:38:48.975 3806 3806 E ArmVmp : Match on catch block at 0xc3 in for 0x99
02-22 21:38:48.976 3806 4281 E FMQ : grantorIdx must be less than 3
02-22 21:38:48.977 3806 4282 E FMQ : grantorIdx must be less than 3
02-22 21:38:48.984 3806 4288 E FMQ : grantorIdx must be less than 3
02-22 21:38:48.987 3806 4288 E FMQ : grantorIdx must be less than 3
02-22 21:38:48.989 3806 3806 E ArmVmp : Match on catch block at 0xc3 in for 0x99
02-22 21:38:48.992 3806 3806 E ArmVmp : Match on catch block at 0xc3 in for 0x91
02-22 21:38:49.005 3806 3806 E ArmVmp : Match on catch block at 0xc3 in for 0x91
02-22 21:38:49.009 3806 3806 E ArmVmp : Match on catch block at 0xc3 in for 0x95
02-22 21:38:49.024 3806 3806 E ArmVmp : Match on catch block at 0xc3 in for 0x95
02-22 21:38:49.028 3806 3806 E ArmVmp : Match on catch block at 0xc3 in for 0x99
02-22 21:38:49.036 3806 4302 W Codec2Client: query -- param skipped: index = 1107298332.
02-22 21:38:49.037 3806 4302 W Codec2Client: query -- param skipped: index = 1342179345.
02-22 21:38:49.037 3806 4302 W Codec2Client: query -- param skipped: index = 2415921170.
02-22 21:38:49.037 3806 4302 E FMQ : grantorIdx must be less than 3
02-22 21:38:49.037 3806 4302 E FMQ : grantorIdx must be less than 3
02-22 21:38:49.039 3806 3806 E ArmVmp : Match on catch block at 0xc3 in for 0x99
02-22 21:38:49.040 3806 4302 E FMQ : grantorIdx must be less than 3
02-22 21:38:49.042 3806 3806 E ArmVmp : Match on catch block at 0xc3 in for 0x91
02-22 21:38:49.053 3806 4288 E FMQ : grantorIdx must be less than 3
02-22 21:38:49.054 3806 3806 E ArmVmp : Match on catch block at 0xc3 in for 0x91
02-22 21:38:49.058 3806 4305 W Codec2Client: query -- param skipped: index = 1107298332.
02-22 21:38:49.058 3806 4305 W Codec2Client: query -- param skipped: index = 1342179345.
02-22 21:38:49.058 3806 4305 W Codec2Client: query -- param skipped: index = 2415921170.
02-22 21:38:49.059 3806 3806 E ArmVmp : Match on catch block at 0xc3 in for 0x95
02-22 21:38:49.059 3806 4305 E FMQ : grantorIdx must be less than 3
02-22 21:38:49.059 3806 4305 E FMQ : grantorIdx must be less than 3
02-22 21:38:49.062 3806 4305 E FMQ : grantorIdx must be less than 3
02-22 21:38:49.070 3806 4288 E FMQ : grantorIdx must be less than 3
02-22 21:38:49.071 3806 3806 E ArmVmp : Match on catch block at 0xc3 in for 0x95
02-22 21:38:49.075 3806 3806 E ArmVmp : Match on catch block at 0xc3 in for 0x99
02-22 21:38:49.087 3806 3806 E ArmVmp : Match on catch block at 0xc3 in for 0x99
02-22 21:38:49.090 3806 3806 E ArmVmp : Match on catch block at 0xc3 in for 0x91
02-22 21:38:49.104 3806 3806 E ArmVmp : Match on catch block at 0xc3 in for 0x91
02-22 21:38:49.111 3806 3806 E ArmVmp : Match on catch block at 0xc3 in for 0x95
02-22 21:38:49.126 3806 4308 W Codec2Client: query -- param skipped: index = 1107298332.
02-22 21:38:49.127 3806 4308 W Codec2Client: query -- param skipped: index = 1342179345.
02-22 21:38:49.127 3806 4308 W Codec2Client: query -- param skipped: index = 2415921170.
02-22 21:38:49.127 3806 4308 E FMQ : grantorIdx must be less than 3
02-22 21:38:49.127 3806 4308 E FMQ : grantorIdx must be less than 3
02-22 21:38:49.130 3806 4308 E FMQ : grantorIdx must be less than 3
02-22 21:38:49.139 3806 4288 E FMQ : grantorIdx must be less than 3
02-22 21:38:49.179 3806 4313 W Codec2Client: query -- param skipped: index = 1107298332.
02-22 21:38:49.180 3806 4313 W Codec2Client: query -- param skipped: index = 1342179345.
02-22 21:38:49.180 3806 4313 W Codec2Client: query -- param skipped: index = 2415921170.
02-22 21:38:49.181 3806 4313 E FMQ : grantorIdx must be less than 3
02-22 21:38:49.181 3806 4313 E FMQ : grantorIdx must be less than 3
02-22 21:38:49.184 3806 3806 W AudioRecord: restoreRecord_l(3562): dead IAudioRecord, creating a new one from start()
02-22 21:38:49.184 3806 4313 E FMQ : grantorIdx must be less than 3
02-22 21:38:49.192 3806 4288 E FMQ : grantorIdx must be less than 3
02-22 21:38:49.367 3806 3806 E ArmVmp : Match on catch block at 0xc3 in for 0x99
02-22 21:38:49.370 3806 3806 E ArmVmp : Match on catch block at 0xc3 in for 0x91
02-22 21:38:49.380 3806 3806 E ArmVmp : Match on catch block at 0xc3 in for 0x99
02-22 21:38:49.384 3806 3806 E ArmVmp : Match on catch block at 0xc3 in for 0x91
02-22 21:38:49.402 3806 3806 E ArmVmp : Match on catch block at 0xc3 in for 0x99
02-22 21:38:49.408 3806 3806 E ArmVmp : Match on catch block at 0xc3 in for 0x91
02-22 21:38:49.413 3806 3806 E ArmVmp : Match on catch block at 0xc3 in for 0x91
02-22 21:38:49.418 3806 3806 E ArmVmp : Match on catch block at 0xc3 in for 0x95
02-22 21:38:49.425 3806 3806 E ArmVmp : Match on catch block at 0xc3 in for 0x95
02-22 21:38:49.430 3806 3806 E ArmVmp : Match on catch block at 0xc3 in for 0x99
02-22 21:38:49.439 3806 3806 E ArmVmp : Match on catch block at 0xc3 in for 0x99
02-22 21:38:49.442 3806 3806 E ArmVmp : Match on catch block at 0xc3 in for 0x91
02-22 21:38:49.455 3806 3806 E ArmVmp : Match on catch block at 0xc3 in for 0x91
02-22 21:38:49.458 3806 3806 E ArmVmp : Match on catch block at 0xc3 in for 0x95
02-22 21:38:49.471 3806 3806 E ArmVmp : Match on catch block at 0xc3 in for 0x95
02-22 21:38:49.474 3806 3806 E ArmVmp : Match on catch block at 0xc3 in for 0x99
02-22 21:38:49.487 3806 3806 E ArmVmp : Match on catch block at 0xc3 in for 0x99
02-22 21:38:49.490 3806 3806 E ArmVmp : Match on catch block at 0xc3 in for 0x91
02-22 21:38:49.504 3806 3806 E ArmVmp : Match on catch block at 0xc3 in for 0x91
02-22 21:38:49.507 3806 3806 E ArmVmp : Match on catch block at 0xc3 in for 0x95
02-22 21:38:49.521 3806 3806 E ArmVmp : Match on catch block at 0xc3 in for 0x95
02-22 21:38:49.524 3806 3806 E ArmVmp : Match on catch block at 0xc3 in for 0x99
02-22 21:38:49.537 3806 3806 E ArmVmp : Match on catch block at 0xc3 in for 0x99
02-22 21:38:49.540 3806 3806 E ArmVmp : Match on catch block at 0xc3 in for 0x91
02-22 21:38:49.554 3806 3806 E ArmVmp : Match on catch block at 0xc3 in for 0x91
02-22 21:38:49.558 3806 3806 E ArmVmp : Match on catch block at 0xc3 in for 0x95
02-22 21:38:49.570 3806 3806 E ArmVmp : Match on catch block at 0xc3 in for 0x95
02-22 21:38:49.578 3806 3806 E ArmVmp : Match on catch block at 0xc3 in for 0x99
02-22 21:38:49.587 3806 3806 E ArmVmp : Match on catch block at 0xc3 in for 0x99
02-22 21:38:49.594 3806 3806 E ArmVmp : Match on catch block at 0xc3 in for 0x91
02-22 21:38:49.605 3806 3806 E ArmVmp : Match on catch block at 0xc3 in for 0x91
02-22 21:38:49.613 3806 3806 E ArmVmp : Match on catch block at 0xc3 in for 0x95
02-22 21:38:49.621 3806 3806 E ArmVmp : Match on catch block at 0xc3 in for 0x95
02-22 21:38:49.627 3806 3806 E ArmVmp : Match on catch block at 0xc3 in for 0x99
02-22 21:38:49.638 3806 3806 E ArmVmp : Match on catch block at 0xc3 in for 0x99
02-22 21:38:49.643 3806 3806 E ArmVmp : Match on catch block at 0xc3 in for 0x91
02-22 21:38:49.655 3806 3806 E ArmVmp : Match on catch block at 0xc3 in for 0x91
02-22 21:38:49.660 3806 3806 E ArmVmp : Match on catch block at 0xc3 in for 0x95
02-22 21:38:49.671 3806 3806 E ArmVmp : Match on catch block at 0xc3 in for 0x95
02-22 21:38:49.676 3806 3806 E ArmVmp : Match on catch block at 0xc3 in for 0x99
02-22 21:38:49.688 3806 3806 E ArmVmp : Match on catch block at 0xc3 in for 0x99
02-22 21:38:49.692 3806 3806 E ArmVmp : Match on catch block at 0xc3 in for 0x91
02-22 21:38:49.704 3806 3806 E ArmVmp : Match on catch block at 0xc3 in for 0x91
02-22 21:38:49.711 3806 3806 E ArmVmp : Match on catch block at 0xc3 in for 0x95
02-22 21:38:49.721 3806 3806 E ArmVmp : Match on catch block at 0xc3 in for 0x95
02-22 21:38:49.724 3806 3806 E ArmVmp : Match on catch block at 0xc3 in for 0x99
02-22 21:38:49.737 3806 3806 E ArmVmp : Match on catch block at 0xc3 in for 0x99
02-22 21:38:49.740 3806 3806 E ArmVmp : Match on catch block at 0xc3 in for 0x91
02-22 21:38:49.753 3806 3806 E ArmVmp : Match on catch block at 0xc3 in for 0x91
02-22 21:38:49.757 3806 3806 E ArmVmp : Match on catch block at 0xc3 in for 0x95
02-22 21:38:49.770 3806 3806 E ArmVmp : Match on catch block at 0xc3 in for 0x95
02-22 21:38:49.774 3806 3806 E ArmVmp : Match on catch block at 0xc3 in for 0x99
02-22 21:38:49.787 3806 3806 E ArmVmp : Match on catch block at 0xc3 in for 0x99
02-22 21:38:49.790 3806 3806 E ArmVmp : Match on catch block at 0xc3 in for 0x91
02-22 21:38:49.804 3806 3806 E ArmVmp : Match on catch block at 0xc3 in for 0x91
02-22 21:38:49.807 3806 3806 E ArmVmp : Match on catch block at 0xc3 in for 0x95
02-22 21:38:49.820 3806 3806 E ArmVmp : Match on catch block at 0xc3 in for 0x95
02-22 21:38:49.824 3806 3806 E ArmVmp : Match on catch block at 0xc3 in for 0x99
02-22 21:38:49.837 3806 3806 E ArmVmp : Match on catch block at 0xc3 in for 0x99
02-22 21:38:49.843 3806 3806 E ArmVmp : Match on catch block at 0xc3 in for 0x91
02-22 21:38:49.854 3806 3806 E ArmVmp : Match on catch block at 0xc3 in for 0x91
02-22 21:38:49.860 3806 3806 E ArmVmp : Match on catch block at 0xc3 in for 0x95
02-22 21:38:49.871 3806 3806 E ArmVmp : Match on catch block at 0xc3 in for 0x95
02-22 21:38:49.875 3806 3806 E ArmVmp : Match on catch block at 0xc3 in for 0x99
02-22 21:38:49.887 3806 3806 E ArmVmp : Match on catch block at 0xc3 in for 0x99
02-22 21:38:49.892 3806 3806 E ArmVmp : Match on catch block at 0xc3 in for 0x91
02-22 21:38:49.904 3806 3806 E ArmVmp : Match on catch block at 0xc3 in for 0x91
02-22 21:38:49.908 3806 3806 E ArmVmp : Match on catch block at 0xc3 in for 0x95
02-22 21:38:49.921 3806 3806 E ArmVmp : Match on catch block at 0xc3 in for 0x95
02-22 21:38:49.924 3806 3806 E ArmVmp : Match on catch block at 0xc3 in for 0x99
02-22 21:38:49.937 3806 3806 E ArmVmp : Match on catch block at 0xc3 in for 0x99
02-22 21:38:49.941 3806 3806 E ArmVmp : Match on catch block at 0xc3 in for 0x91
02-22 21:38:49.954 3806 3806 E ArmVmp : Match on catch block at 0xc3 in for 0x91
02-22 21:38:49.958 3806 3806 E ArmVmp : Match on catch block at 0xc3 in for 0x95
02-22 21:38:49.971 3806 3806 E ArmVmp : Match on catch block at 0xc3 in for 0x95
02-22 21:38:49.976 3806 3806 E ArmVmp : Match on catch block at 0xc3 in for 0x99
02-22 21:38:49.988 3806 3806 E ArmVmp : Match on catch block at 0xc3 in for 0x99
02-22 21:38:49.995 3806 3806 E ArmVmp : Match on catch block at 0xc3 in for 0x91
02-22 21:38:50.006 3806 3806 E ArmVmp : Match on catch block at 0xc3 in for 0x91
02-22 21:38:50.011 3806 3806 E ArmVmp : Match on catch block at 0xc3 in for 0x95
02-22 21:38:50.020 3806 3806 E ArmVmp : Match on catch block at 0xc3 in for 0x95
02-22 21:38:50.024 3806 3806 E ArmVmp : Match on catch block at 0xc3 in for 0x99
02-22 21:38:50.037 3806 3806 E ArmVmp : Match on catch block at 0xc3 in for 0x99
02-22 21:38:50.041 3806 3806 E ArmVmp : Match on catch block at 0xc3 in for 0x91
02-22 21:38:50.054 3806 3806 E ArmVmp : Match on catch block at 0xc3 in for 0x91
02-22 21:38:50.058 3806 3806 E ArmVmp : Match on catch block at 0xc3 in for 0x95
02-22 21:38:50.071 3806 3806 E ArmVmp : Match on catch block at 0xc3 in for 0x95
02-22 21:38:50.075 3806 3806 E ArmVmp : Match on catch block at 0xc3 in for 0x99
02-22 21:38:50.087 3806 3806 E ArmVmp : Match on catch block at 0xc3 in for 0x99
02-22 21:38:50.091 3806 3806 E ArmVmp : Match on catch block at 0xc3 in for 0x91
02-22 21:38:50.104 3806 3806 E ArmVmp : Match on catch block at 0xc3 in for 0x91
02-22 21:38:50.108 3806 3806 E ArmVmp : Match on catch block at 0xc3 in for 0x95
02-22 21:38:50.122 3806 3806 E ArmVmp : Match on catch block at 0xc3 in for 0x95
02-22 21:38:50.127 3806 3806 E ArmVmp : Match on catch block at 0xc3 in for 0x99
02-22 21:38:50.138 3806 3806 E ArmVmp : Match on catch block at 0xc3 in for 0x99
02-22 21:38:50.143 3806 3806 E ArmVmp : Match on catch block at 0xc3 in for 0x91
02-22 21:38:50.154 3806 3806 E ArmVmp : Match on catch block at 0xc3 in for 0x91
02-22 21:38:50.158 3806 3806 E ArmVmp : Match on catch block at 0xc3 in for 0x95
02-22 21:38:50.171 3806 3806 E ArmVmp : Match on catch block at 0xc3 in for 0x95
02-22 21:38:50.174 3806 3806 E ArmVmp : Match on catch block at 0xc3 in for 0x99
02-22 21:38:50.187 3806 3806 E ArmVmp : Match on catch block at 0xc3 in for 0x99
02-22 21:38:50.191 3806 3806 E ArmVmp : Match on catch block at 0xc3 in for 0x91
02-22 21:38:50.204 3806 3806 E ArmVmp : Match on catch block at 0xc3 in for 0x91
02-22 21:38:50.207 3806 3806 E ArmVmp : Match on catch block at 0xc3 in for 0x95
02-22 21:38:50.220 3806 3806 E ArmVmp : Match on catch block at 0xc3 in for 0x95
02-22 21:38:50.224 3806 3806 E ArmVmp : Match on catch block at 0xc3 in for 0x99
02-22 21:38:50.237 3806 3806 E ArmVmp : Match on catch block at 0xc3 in for 0x99
02-22 21:38:50.240 3806 3806 E ArmVmp : Match on catch block at 0xc3 in for 0x91
02-22 21:38:50.254 3806 3806 E ArmVmp : Match on catch block at 0xc3 in for 0x91
02-22 21:38:50.257 3806 3806 E ArmVmp : Match on catch block at 0xc3 in for 0x95
02-22 21:38:50.270 3806 3806 E ArmVmp : Match on catch block at 0xc3 in for 0x95
02-22 21:38:50.276 3806 3806 E ArmVmp : Match on catch block at 0xc3 in for 0x99
02-22 21:38:50.287 3806 3806 E ArmVmp : Match on catch block at 0xc3 in for 0x99
02-22 21:38:50.291 3806 3806 E ArmVmp : Match on catch block at 0xc3 in for 0x91
02-22 21:38:50.303 3806 3806 E ArmVmp : Match on catch block at 0xc3 in for 0x91
02-22 21:38:50.306 3806 3806 E ArmVmp : Match on catch block at 0xc3 in for 0x95
02-22 21:38:50.320 3806 3806 E ArmVmp : Match on catch block at 0xc3 in for 0x95
02-22 21:38:50.323 3806 3806 E ArmVmp : Match on catch block at 0xc3 in for 0x99
02-22 21:38:50.337 3806 3806 E ArmVmp : Match on catch block at 0xc3 in for 0x99
02-22 21:38:50.339 3806 3806 E ArmVmp : Match on catch block at 0xc3 in for 0x91
02-22 21:38:50.353 3806 3806 E ArmVmp : Match on catch block at 0xc3 in for 0x91
02-22 21:38:50.356 3806 3806 E ArmVmp : Match on catch block at 0xc3 in for 0x95
02-22 21:38:50.370 3806 3806 E ArmVmp : Match on catch block at 0xc3 in for 0x95
02-22 21:38:50.373 3806 3806 E ArmVmp : Match on catch block at 0xc3 in for 0x99
02-22 21:38:50.388 3806 3806 E ArmVmp : Match on catch block at 0xc3 in for 0x99
02-22 21:38:50.393 3806 3806 E ArmVmp : Match on catch block at 0xc3 in for 0x91
02-22 21:38:50.404 3806 3806 E ArmVmp : Match on catch block at 0xc3 in for 0x95
02-22 21:38:50.408 3806 3806 E ArmVmp : Match on catch block at 0xc3 in for 0x99
02-22 21:38:50.420 3806 3806 E ArmVmp : Match on catch block at 0xc3 in for 0x99
02-22 21:38:50.424 3806 3806 E ArmVmp : Match on catch block at 0xc3 in for 0x91
02-22 21:38:50.437 3806 3806 E ArmVmp : Match on catch block at 0xc3 in for 0x91
02-22 21:38:50.441 3806 3806 E ArmVmp : Match on catch block at 0xc3 in for 0x95
02-22 21:38:50.454 3806 3806 E ArmVmp : Match on catch block at 0xc3 in for 0x95
02-22 21:38:50.458 3806 3806 E ArmVmp : Match on catch block at 0xc3 in for 0x99
02-22 21:38:50.470 3806 3806 E ArmVmp : Match on catch block at 0xc3 in for 0x91
02-22 21:38:50.476 3806 3806 E ArmVmp : Match on catch block at 0xc3 in for 0x95
02-22 21:38:50.487 3806 3806 E ArmVmp : Match on catch block at 0xc3 in for 0x95
02-22 21:38:50.491 3806 3806 E ArmVmp : Match on catch block at 0xc3 in for 0x99
02-22 21:38:50.504 3806 3806 E ArmVmp : Match on catch block at 0xc3 in for 0x99
02-22 21:38:50.511 3806 3806 E ArmVmp : Match on catch block at 0xc3 in for 0x91
02-22 21:38:50.521 3806 3806 E ArmVmp : Match on catch block at 0xc3 in for 0x95
02-22 21:38:50.525 3806 3806 E ArmVmp : Match on catch block at 0xc3 in for 0x99
02-22 21:38:50.537 3806 3806 E ArmVmp : Match on catch block at 0xc3 in for 0x99
02-22 21:38:50.540 3806 3806 E ArmVmp : Match on catch block at 0xc3 in for 0x91
02-22 21:38:50.553 3806 3806 E ArmVmp : Match on catch block at 0xc3 in for 0x91
02-22 21:38:50.557 3806 3806 E ArmVmp : Match on catch block at 0xc3 in for 0x95
02-22 21:38:50.570 3806 3806 E ArmVmp : Match on catch block at 0xc3 in for 0x95
02-22 21:38:50.574 3806 3806 E ArmVmp : Match on catch block at 0xc3 in for 0x99
02-22 21:38:50.587 3806 3806 E ArmVmp : Match on catch block at 0xc3 in for 0x91
02-22 21:38:50.593 3806 3806 E ArmVmp : Match on catch block at 0xc3 in for 0x95
02-22 21:38:50.604 3806 3806 E ArmVmp : Match on catch block at 0xc3 in for 0x95
02-22 21:38:50.608 3806 3806 E ArmVmp : Match on catch block at 0xc3 in for 0x99
02-22 21:38:50.620 3806 3806 E ArmVmp : Match on catch block at 0xc3 in for 0x99
02-22 21:38:50.624 3806 3806 E ArmVmp : Match on catch block at 0xc3 in for 0x91
02-22 21:38:50.638 3806 3806 E ArmVmp : Match on catch block at 0xc3 in for 0x99
02-22 21:38:50.643 3806 3806 E ArmVmp : Match on catch block at 0xc3 in for 0x91
02-22 21:38:50.654 3806 3806 E ArmVmp : Match on catch block at 0xc3 in for 0x91
02-22 21:38:50.658 3806 3806 E ArmVmp : Match on catch block at 0xc3 in for 0x95
02-22 21:38:50.671 3806 3806 E ArmVmp : Match on catch block at 0xc3 in for 0x95
02-22 21:38:50.675 3806 3806 E ArmVmp : Match on catch block at 0xc3 in for 0x99
02-22 21:38:50.687 3806 3806 E ArmVmp : Match on catch block at 0xc3 in for 0x91
02-22 21:38:50.691 3806 3806 E ArmVmp : Match on catch block at 0xc3 in for 0x95
02-22 21:38:50.704 3806 3806 E ArmVmp : Match on catch block at 0xc3 in for 0x95
02-22 21:38:50.708 3806 3806 E ArmVmp : Match on catch block at 0xc3 in for 0x99
02-22 21:38:50.720 3806 3806 E ArmVmp : Match on catch block at 0xc3 in for 0x99
02-22 21:38:50.724 3806 3806 E ArmVmp : Match on catch block at 0xc3 in for 0x91
02-22 21:38:50.737 3806 3806 E ArmVmp : Match on catch block at 0xc3 in for 0x91
02-22 21:38:50.741 3806 3806 E ArmVmp : Match on catch block at 0xc3 in for 0x95
02-22 21:38:50.754 3806 3806 E ArmVmp : Match on catch block at 0xc3 in for 0x99
02-22 21:38:50.759 3806 3806 E ArmVmp : Match on catch block at 0xc3 in for 0x91
02-22 21:38:50.771 3806 3806 E ArmVmp : Match on catch block at 0xc3 in for 0x91
02-22 21:38:50.775 3806 3806 E ArmVmp : Match on catch block at 0xc3 in for 0x95
02-22 21:38:50.788 3806 3806 E ArmVmp : Match on catch block at 0xc3 in for 0x95
02-22 21:38:50.793 3806 3806 E ArmVmp : Match on catch block at 0xc3 in for 0x99
02-22 21:38:50.804 3806 3806 E ArmVmp : Match on catch block at 0xc3 in for 0x91
02-22 21:38:50.809 3806 3806 E ArmVmp : Match on catch block at 0xc3 in for 0x95
02-22 21:38:50.821 3806 3806 E ArmVmp : Match on catch block at 0xc3 in for 0x95
02-22 21:38:50.826 3806 3806 E ArmVmp : Match on catch block at 0xc3 in for 0x99
02-22 21:38:50.841 3806 3806 E ArmVmp : Match on catch block at 0xc3 in for 0x95
02-22 21:38:50.847 3806 3806 E ArmVmp : Match on catch block at 0xc3 in for 0x99
02-22 21:38:50.862 3806 3806 E ArmVmp : Match on catch block at 0xc3 in for 0x91
02-22 21:38:50.866 3806 3806 E ArmVmp : Match on catch block at 0xc3 in for 0x95
02-22 21:38:50.871 3806 3806 E ArmVmp : Match on catch block at 0xc3 in for 0x95
02-22 21:38:50.874 3806 3806 E ArmVmp : Match on catch block at 0xc3 in for 0x99
02-22 21:38:50.887 3806 3806 E ArmVmp : Match on catch block at 0xc3 in for 0x99
02-22 21:38:50.890 3806 3806 E ArmVmp : Match on catch block at 0xc3 in for 0x91
02-22 21:38:50.903 3806 3806 E ArmVmp : Match on catch block at 0xc3 in for 0x91
02-22 21:38:50.907 3806 3806 E ArmVmp : Match on catch block at 0xc3 in for 0x95
02-22 21:38:50.920 3806 3806 E ArmVmp : Match on catch block at 0xc3 in for 0x99
02-22 21:38:50.924 3806 3806 E ArmVmp : Match on catch block at 0xc3 in for 0x91
02-22 21:38:50.936 3806 3806 E ArmVmp : Match on catch block at 0xc3 in for 0x91
02-22 21:38:50.940 3806 3806 E ArmVmp : Match on catch block at 0xc3 in for 0x95
02-22 21:38:50.953 3806 3806 E ArmVmp : Match on catch block at 0xc3 in for 0x95
02-22 21:38:50.957 3806 3806 E ArmVmp : Match on catch block at 0xc3 in for 0x99
02-22 21:38:50.969 3806 3806 E ArmVmp : Match on catch block at 0xc3 in for 0x91
02-22 21:38:50.979 3806 3806 E ArmVmp : Match on catch block at 0xc3 in for 0x95
02-22 21:38:50.987 3806 3806 E ArmVmp : Match on catch block at 0xc3 in for 0x95
02-22 21:38:50.992 3806 3806 E ArmVmp : Match on catch block at 0xc3 in for 0x99
02-22 21:38:51.003 3806 3806 E ArmVmp : Match on catch block at 0xc3 in for 0x99
02-22 21:38:51.006 3806 3806 E ArmVmp : Match on catch block at 0xc3 in for 0x91
02-22 21:38:51.020 3806 3806 E ArmVmp : Match on catch block at 0xc3 in for 0x91
02-22 21:38:51.023 3806 3806 E ArmVmp : Match on catch block at 0xc3 in for 0x95
02-22 21:38:51.036 3806 3806 E ArmVmp : Match on catch block at 0xc3 in for 0x99
02-22 21:38:51.039 3806 3806 E ArmVmp : Match on catch block at 0xc3 in for 0x91
02-22 21:38:51.053 3806 3806 E ArmVmp : Match on catch block at 0xc3 in for 0x91
02-22 21:38:51.056 3806 3806 E ArmVmp : Match on catch block at 0xc3 in for 0x95
02-22 21:38:51.070 3806 3806 E ArmVmp : Match on catch block at 0xc3 in for 0x95
02-22 21:38:51.074 3806 3806 E ArmVmp : Match on catch block at 0xc3 in for 0x99
02-22 21:38:51.086 3806 3806 E ArmVmp : Match on catch block at 0xc3 in for 0x99
02-22 21:38:51.090 3806 3806 E ArmVmp : Match on catch block at 0xc3 in for 0x91
02-22 21:38:51.103 3806 3806 E ArmVmp : Match on catch block at 0xc3 in for 0x95
02-22 21:38:51.107 3806 3806 E ArmVmp : Match on catch block at 0xc3 in for 0x99
02-22 21:38:51.120 3806 3806 E ArmVmp : Match on catch block at 0xc3 in for 0x99
02-22 21:38:51.123 3806 3806 E ArmVmp : Match on catch block at 0xc3 in for 0x91
02-22 21:38:51.137 3806 3806 E ArmVmp : Match on catch block at 0xc3 in for 0x91
02-22 21:38:51.142 3806 3806 E ArmVmp : Match on catch block at 0xc3 in for 0x95
02-22 21:38:51.153 3806 3806 E ArmVmp : Match on catch block at 0xc3 in for 0x95
02-22 21:38:51.156 3806 3806 E ArmVmp : Match on catch block at 0xc3 in for 0x99
02-22 21:38:51.172 3806 3806 E ArmVmp : Match on catch block at 0xc3 in for 0x95
02-22 21:38:51.175 3806 3806 E ArmVmp : Match on catch block at 0xc3 in for 0x99
02-22 21:38:51.300 3806 3806 E ArmVmp : Match on catch block at 0xc3 in for 0x95
02-22 21:38:51.304 3806 3806 E ArmVmp : Match on catch block at 0xc3 in for 0x99
02-22 21:38:51.352 3806 3806 E ArmVmp : Match on catch block at 0xc3 in for 0x91
02-22 21:38:51.355 3806 3806 E ArmVmp : Match on catch block at 0xc3 in for 0x95
02-22 21:38:51.441 3806 3806 E ArmVmp : Match on catch block at 0xc3 in for 0x99
02-22 21:38:51.446 3806 3806 E ArmVmp : Match on catch block at 0xc3 in for 0x91
02-22 21:38:51.474 3806 3806 E ArmVmp : Match on catch block at 0xc3 in for 0x91
02-22 21:38:51.478 3806 3806 E ArmVmp : Match on catch block at 0xc3 in for 0x95
02-22 21:38:51.497 3806 3806 E ArmVmp : Match on catch block at 0xc3 in for 0x95
02-22 21:38:51.501 3806 3806 E ArmVmp : Match on catch block at 0xc3 in for 0x99
02-22 21:38:51.513 3806 3806 E ArmVmp : Match on catch block at 0xc3 in for 0x99
02-22 21:38:51.516 3806 3806 E ArmVmp : Match on catch block at 0xc3 in for 0x91
02-22 21:38:51.527 3806 3806 E ArmVmp : Match on catch block at 0xc3 in for 0x91
02-22 21:38:51.530 3806 3806 E ArmVmp : Match on catch block at 0xc3 in for 0x95
02-22 21:38:51.543 3806 3806 E ArmVmp : Match on catch block at 0xc3 in for 0x95
02-22 21:38:51.546 3806 3806 E ArmVmp : Match on catch block at 0xc3 in for 0x99
02-22 21:38:51.557 3806 3806 E ArmVmp : Match on catch block at 0xc3 in for 0x99
02-22 21:38:51.561 3806 3806 E ArmVmp : Match on catch block at 0xc3 in for 0x91
02-22 21:38:51.572 3806 3806 E ArmVmp : Match on catch block at 0xc3 in for 0x91
02-22 21:38:51.575 3806 3806 E ArmVmp : Match on catch block at 0xc3 in for 0x95
02-22 21:38:51.591 3806 3806 E ArmVmp : Match on catch block at 0xc3 in for 0x95
02-22 21:38:51.594 3806 3806 E ArmVmp : Match on catch block at 0xc3 in for 0x99
02-22 21:38:51.606 3806 3806 E ArmVmp : Match on catch block at 0xc3 in for 0x99
02-22 21:38:51.609 3806 3806 E ArmVmp : Match on catch block at 0xc3 in for 0x91
02-22 21:38:51.621 3806 3806 E ArmVmp : Match on catch block at 0xc3 in for 0x91
02-22 21:38:51.625 3806 3806 E ArmVmp : Match on catch block at 0xc3 in for 0x95
02-22 21:38:51.636 3806 3806 E ArmVmp : Match on catch block at 0xc3 in for 0x95
02-22 21:38:51.639 3806 3806 E ArmVmp : Match on catch block at 0xc3 in for 0x99
02-22 21:38:51.655 3806 3806 E ArmVmp : Match on catch block at 0xc3 in for 0x99
02-22 21:38:51.660 3806 3806 E ArmVmp : Match on catch block at 0xc3 in for 0x91
02-22 21:38:51.672 3806 3806 E ArmVmp : Match on catch block at 0xc3 in for 0x91
02-22 21:38:51.677 3806 3806 E ArmVmp : Match on catch block at 0xc3 in for 0x95
02-22 21:38:51.689 3806 3806 E ArmVmp : Match on catch block at 0xc3 in for 0x95
02-22 21:38:51.693 3806 3806 E ArmVmp : Match on catch block at 0xc3 in for 0x99
02-22 21:38:51.706 3806 3806 E ArmVmp : Match on catch block at 0xc3 in for 0x99
02-22 21:38:51.712 3806 3806 E ArmVmp : Match on catch block at 0xc3 in for 0x91
02-22 21:38:51.725 3806 3806 E ArmVmp : Match on catch block at 0xc3 in for 0x91
02-22 21:38:51.730 3806 3806 E ArmVmp : Match on catch block at 0xc3 in for 0x95
02-22 21:38:51.741 3806 3806 E ArmVmp : Match on catch block at 0xc3 in for 0x95
02-22 21:38:51.747 3806 3806 E ArmVmp : Match on catch block at 0xc3 in for 0x99
02-22 21:38:51.759 3806 3806 E ArmVmp : Match on catch block at 0xc3 in for 0x99
02-22 21:38:51.764 3806 3806 E ArmVmp : Match on catch block at 0xc3 in for 0x91
02-22 21:38:51.781 3806 3806 E ArmVmp : Match on catch block at 0xc3 in for 0x91
02-22 21:38:51.786 3806 3806 E ArmVmp : Match on catch block at 0xc3 in for 0x95
02-22 21:38:51.800 3806 3806 E ArmVmp : Match on catch block at 0xc3 in for 0x95
02-22 21:38:51.805 3806 3806 E ArmVmp : Match on catch block at 0xc3 in for 0x99
02-22 21:38:51.818 3806 3806 E ArmVmp : Match on catch block at 0xc3 in for 0x99
02-22 21:38:51.822 3806 3806 E ArmVmp : Match on catch block at 0xc3 in for 0x91
02-22 21:38:51.832 3806 3806 E ArmVmp : Match on catch block at 0xc3 in for 0x91
02-22 21:38:51.835 3806 3806 E ArmVmp : Match on catch block at 0xc3 in for 0x95
02-22 21:38:51.846 3806 3806 E ArmVmp : Match on catch block at 0xc3 in for 0x95
02-22 21:38:51.849 3806 3806 E ArmVmp : Match on catch block at 0xc3 in for 0x99
02-22 21:38:51.860 3806 3806 E ArmVmp : Match on catch block at 0xc3 in for 0x99
02-22 21:38:51.867 3806 3806 E ArmVmp : Match on catch block at 0xc3 in for 0x91
02-22 21:38:51.892 3806 3806 E ArmVmp : Match on catch block at 0xc3 in for 0x91
02-22 21:38:51.897 3806 3806 E ArmVmp : Match on catch block at 0xc3 in for 0x95
02-22 21:38:51.914 3806 3806 E ArmVmp : Match on catch block at 0xc3 in for 0x99
02-22 21:38:51.919 3806 3806 E ArmVmp : Match on catch block at 0xc3 in for 0x91
02-22 21:38:51.929 3806 3806 E ArmVmp : Match on catch block at 0xc3 in for 0x91
02-22 21:38:51.932 3806 3806 E ArmVmp : Match on catch block at 0xc3 in for 0x95
02-22 21:38:51.941 3806 3806 E ArmVmp : Match on catch block at 0xc3 in for 0x95
02-22 21:38:51.944 3806 3806 E ArmVmp : Match on catch block at 0xc3 in for 0x99
02-22 21:38:51.953 3806 3806 E ArmVmp : Match on catch block at 0xc3 in for 0x99
02-22 21:38:51.956 3806 3806 E ArmVmp : Match on catch block at 0xc3 in for 0x91
02-22 21:38:51.969 3806 3806 E ArmVmp : Match on catch block at 0xc3 in for 0x91
02-22 21:38:51.973 3806 3806 E ArmVmp : Match on catch block at 0xc3 in for 0x95
02-22 21:38:51.986 3806 3806 E ArmVmp : Match on catch block at 0xc3 in for 0x95
02-22 21:38:51.989 3806 3806 E ArmVmp : Match on catch block at 0xc3 in for 0x99
02-22 21:38:52.003 3806 3806 E ArmVmp : Match on catch block at 0xc3 in for 0x99
02-22 21:38:52.007 3806 3806 E ArmVmp : Match on catch block at 0xc3 in for 0x91
02-22 21:38:52.019 3806 3806 E ArmVmp : Match on catch block at 0xc3 in for 0x91
02-22 21:38:52.023 3806 3806 E ArmVmp : Match on catch block at 0xc3 in for 0x95
02-22 21:38:52.037 3806 3806 E ArmVmp : Match on catch block at 0xc3 in for 0x95
02-22 21:38:52.042 3806 3806 E ArmVmp : Match on catch block at 0xc3 in for 0x99
02-22 21:38:52.054 3806 3806 E ArmVmp : Match on catch block at 0xc3 in for 0x99
02-22 21:38:52.060 3806 3806 E ArmVmp : Match on catch block at 0xc3 in for 0x91
02-22 21:38:52.101 3806 3806 E ArmVmp : Match on catch block at 0xc3 in for 0x91
02-22 21:38:52.107 3806 3806 E ArmVmp : Match on catch block at 0xc3 in for 0x95
02-22 21:38:52.141 3806 3806 E ArmVmp : Match on catch block at 0xc3 in for 0x95
02-22 21:38:52.145 3806 3806 E ArmVmp : Match on catch block at 0xc3 in for 0x99
02-22 21:38:52.169 3806 3806 E ArmVmp : Match on catch block at 0xc3 in for 0x99
02-22 21:38:52.172 3806 3806 E ArmVmp : Match on catch block at 0xc3 in for 0x91
02-22 21:38:52.196 3806 3806 E ArmVmp : Match on catch block at 0xc3 in for 0x91
02-22 21:38:52.199 3806 3806 E ArmVmp : Match on catch block at 0xc3 in for 0x95
02-22 21:38:52.226 3806 3806 E ArmVmp : Match on catch block at 0xc3 in for 0x95
02-22 21:38:52.231 3806 3806 E ArmVmp : Match on catch block at 0xc3 in for 0x99
02-22 21:38:52.254 3806 3806 E ArmVmp : Match on catch block at 0xc3 in for 0x99
02-22 21:38:52.258 3806 3806 E ArmVmp : Match on catch block at 0xc3 in for 0x91
02-22 21:38:52.279 3806 3806 E ArmVmp : Match on catch block at 0xc3 in for 0x91
02-22 21:38:52.283 3806 3806 E ArmVmp : Match on catch block at 0xc3 in for 0x95
02-22 21:38:52.304 3806 3806 E ArmVmp : Match on catch block at 0xc3 in for 0x95
02-22 21:38:52.308 3806 3806 E ArmVmp : Match on catch block at 0xc3 in for 0x99
02-22 21:38:52.331 3806 3806 E ArmVmp : Match on catch block at 0xc3 in for 0x99
02-22 21:38:52.334 3806 3806 E ArmVmp : Match on catch block at 0xc3 in for 0x91
02-22 21:38:52.354 3806 3806 E ArmVmp : Match on catch block at 0xc3 in for 0x91
02-22 21:38:52.358 3806 3806 E ArmVmp : Match on catch block at 0xc3 in for 0x95
02-22 21:38:52.378 3806 3806 E ArmVmp : Match on catch block at 0xc3 in for 0x95
02-22 21:38:52.383 3806 3806 E ArmVmp : Match on catch block at 0xc3 in for 0x99
02-22 21:38:52.395 3806 3806 E ArmVmp : Match on catch block at 0xc3 in for 0x99
02-22 21:38:52.399 3806 3806 E ArmVmp : Match on catch block at 0xc3 in for 0x91
02-22 21:38:52.410 3806 3806 E ArmVmp : Match on catch block at 0xc3 in for 0x91
02-22 21:38:52.413 3806 3806 E ArmVmp : Match on catch block at 0xc3 in for 0x95
02-22 21:38:52.420 3806 3806 E ArmVmp : Match on catch block at 0xc3 in for 0x95
02-22 21:38:52.426 3806 3806 E ArmVmp : Match on catch block at 0xc3 in for 0x99
02-22 21:38:52.437 3806 3806 E ArmVmp : Match on catch block at 0xc3 in for 0x99
02-22 21:38:52.443 3806 3806 E ArmVmp : Match on catch block at 0xc3 in for 0x91
02-22 21:38:52.496 3806 3806 E ArmVmp : Match on catch block at 0xc3 in for 0x91
02-22 21:38:52.500 3806 3806 E ArmVmp : Match on catch block at 0xc3 in for 0x95
02-22 21:38:52.523 3806 3806 E ArmVmp : Match on catch block at 0xc3 in for 0x99
02-22 21:38:52.526 3806 3806 E ArmVmp : Match on catch block at 0xc3 in for 0x91
02-22 21:38:52.562 3806 3806 E ArmVmp : Match on catch block at 0xc3 in for 0x99
02-22 21:38:52.565 3806 3806 E ArmVmp : Match on catch block at 0xc3 in for 0x91
02-22 21:38:52.571 3806 3806 E ArmVmp : Match on catch block at 0xc3 in for 0x91
02-22 21:38:52.573 3806 3806 E ArmVmp : Match on catch block at 0xc3 in for 0x95
02-22 21:38:52.586 3806 3806 E ArmVmp : Match on catch block at 0xc3 in for 0x95
02-22 21:38:52.589 3806 3806 E ArmVmp : Match on catch block at 0xc3 in for 0x99
02-22 21:38:52.602 3806 3806 E ArmVmp : Match on catch block at 0xc3 in for 0x99
02-22 21:38:52.605 3806 3806 E ArmVmp : Match on catch block at 0xc3 in for 0x91
02-22 21:38:52.619 3806 3806 E ArmVmp : Match on catch block at 0xc3 in for 0x91
02-22 21:38:52.622 3806 3806 E ArmVmp : Match on catch block at 0xc3 in for 0x95
02-22 21:38:52.636 3806 3806 E ArmVmp : Match on catch block at 0xc3 in for 0x95
02-22 21:38:52.638 3806 3806 E ArmVmp : Match on catch block at 0xc3 in for 0x99
02-22 21:38:52.652 3806 3806 E ArmVmp : Match on catch block at 0xc3 in for 0x99
02-22 21:38:52.655 3806 3806 E ArmVmp : Match on catch block at 0xc3 in for 0x91
02-22 21:38:52.669 3806 3806 E ArmVmp : Match on catch block at 0xc3 in for 0x91
02-22 21:38:52.674 3806 3806 E ArmVmp : Match on catch block at 0xc3 in for 0x95
02-22 21:38:52.686 3806 3806 E ArmVmp : Match on catch block at 0xc3 in for 0x95
02-22 21:38:52.688 3806 3806 E ArmVmp : Match on catch block at 0xc3 in for 0x99
02-22 21:38:52.703 3806 3806 E ArmVmp : Match on catch block at 0xc3 in for 0x99
02-22 21:38:52.707 3806 3806 E ArmVmp : Match on catch block at 0xc3 in for 0x91
02-22 21:38:52.719 3806 3806 E ArmVmp : Match on catch block at 0xc3 in for 0x91
02-22 21:38:52.723 3806 3806 E ArmVmp : Match on catch block at 0xc3 in for 0x95
02-22 21:38:52.736 3806 3806 E ArmVmp : Match on catch block at 0xc3 in for 0x95
02-22 21:38:52.739 3806 3806 E ArmVmp : Match on catch block at 0xc3 in for 0x99
02-22 21:38:52.753 3806 3806 E ArmVmp : Match on catch block at 0xc3 in for 0x99
02-22 21:38:52.758 3806 3806 E ArmVmp : Match on catch block at 0xc3 in for 0x91
02-22 21:38:52.770 3806 3806 E ArmVmp : Match on catch block at 0xc3 in for 0x91
02-22 21:38:52.777 3806 3806 E ArmVmp : Match on catch block at 0xc3 in for 0x95
02-22 21:38:52.786 3806 3806 E ArmVmp : Match on catch block at 0xc3 in for 0x95
02-22 21:38:52.791 3806 3806 E ArmVmp : Match on catch block at 0xc3 in for 0x99
02-22 21:38:52.803 3806 3806 E ArmVmp : Match on catch block at 0xc3 in for 0x99
02-22 21:38:52.806 3806 3806 E ArmVmp : Match on catch block at 0xc3 in for 0x91
02-22 21:38:52.819 3806 3806 E ArmVmp : Match on catch block at 0xc3 in for 0x91
02-22 21:38:52.823 3806 3806 E ArmVmp : Match on catch block at 0xc3 in for 0x95
02-22 21:38:52.835 3806 3806 E ArmVmp : Match on catch block at 0xc3 in for 0x95
02-22 21:38:52.838 3806 3806 E ArmVmp : Match on catch block at 0xc3 in for 0x99
02-22 21:38:52.852 3806 3806 E ArmVmp : Match on catch block at 0xc3 in for 0x99
02-22 21:38:52.856 3806 3806 E ArmVmp : Match on catch block at 0xc3 in for 0x91
02-22 21:38:52.869 3806 3806 E ArmVmp : Match on catch block at 0xc3 in for 0x91
02-22 21:38:52.873 3806 3806 E ArmVmp : Match on catch block at 0xc3 in for 0x95
02-22 21:38:52.886 3806 3806 E ArmVmp : Match on catch block at 0xc3 in for 0x95
02-22 21:38:52.889 3806 3806 E ArmVmp : Match on catch block at 0xc3 in for 0x99
02-22 21:38:52.903 3806 3806 E ArmVmp : Match on catch block at 0xc3 in for 0x99
02-22 21:38:52.908 3806 3806 E ArmVmp : Match on catch block at 0xc3 in for 0x91
02-22 21:38:52.920 3806 3806 E ArmVmp : Match on catch block at 0xc3 in for 0x91
02-22 21:38:52.924 3806 3806 E ArmVmp : Match on catch block at 0xc3 in for 0x95
02-22 21:38:52.937 3806 3806 E ArmVmp : Match on catch block at 0xc3 in for 0x95
02-22 21:38:52.941 3806 3806 E ArmVmp : Match on catch block at 0xc3 in for 0x99
02-22 21:38:52.953 3806 3806 E ArmVmp : Match on catch block at 0xc3 in for 0x99
02-22 21:38:52.957 3806 3806 E ArmVmp : Match on catch block at 0xc3 in for 0x91
02-22 21:38:52.970 3806 3806 E ArmVmp : Match on catch block at 0xc3 in for 0x91
02-22 21:38:52.974 3806 3806 E ArmVmp : Match on catch block at 0xc3 in for 0x95
02-22 21:38:52.987 3806 3806 E ArmVmp : Match on catch block at 0xc3 in for 0x95
02-22 21:38:52.992 3806 3806 E ArmVmp : Match on catch block at 0xc3 in for 0x99
02-22 21:38:53.003 3806 3806 E ArmVmp : Match on catch block at 0xc3 in for 0x99
