01-30 07:16:31.790 4098 4098 W System.err: at android.os.Handler.dispatchMessage(Handler.java:106)
01-30 07:16:31.790 4098 4098 W System.err: at android.os.Looper.loop(Looper.java:223)
01-30 07:16:31.790 4098 4098 W System.err: at android.app.ActivityThread.main(ActivityThread.java:7974)
01-30 07:16:31.790 4098 4098 W System.err: at java.lang.reflect.Method.invoke(Native Method)
01-30 07:16:31.790 4098 4098 W System.err: at com.android.internal.os.RuntimeInit$MethodAndArgsCaller.run(RuntimeInit.java:603)
01-30 07:16:31.790 4098 4098 W System.err: at com.android.internal.os.ZygoteInit.main(ZygoteInit.java:948)
01-30 07:16:31.826 4098 4098 E CustomActivityOnCrash: IMPORTANT WARNING! You already have an UncaughtExceptionHandler, are you sure this is correct? If you use a custom UncaughtExceptionHandler, you must initialize it AFTER CustomActivityOnCrash! Installing anyway, but your original handler will not be called.
01-30 07:16:32.269 4098 4098 W com.mbwhatsapp: Accessing hidden method Lcom/android/org/conscrypt/OpenSSLSocketImpl;->setUseSessionTickets(Z)V (greylist- max-q,core-platform-api, reflection, denied)
01-30 07:16:32.269 4098 4098 W com.mbwhatsapp: Accessing hidden method Lcom/android/org/conscrypt/AbstractConscryptSocket;->setUseSessionTickets(Z)V (greylist-max-q, reflection, denied)
01-30 07:16:32.331 4098 4098 W com.mbwhatsapp: type=1400 audit(0.0:925): avc: granted { execute } for path="/data/data/com.mbwhatsapp/files/decompressed/libs.spk.zst/libc++_shared.so" dev="dm-11" ino=1413551 scontext=u:r:untrusted_app:s0:c209,c256,c512,c768 tcontext=u:object_r:app_data_file:s0:c209,c256,c512,c768 tclass=file app=com.mbwhatsapp
01-30 07:16:32.339 4098 4098 W com.mbwhatsapp: type=1400 audit(0.0:926): avc: granted { execute } for path="/data/data/com.mbwhatsapp/files/decompressed/libs.spk.zst/libvlc.so" dev="dm- 11" ino=1413550 scontext=u:r:untrusted_app:s0:c209,c256,c512,c768 tcontext=u:object_r:app_data_file:s0:c209,c256,c512,c768 tclass=file app=com.mbwhatsapp
01-30 07:16:32.351 4098 4098 W com.mbwhatsapp: type=1400 audit(0.0:927): avc: granted { execute } for path="/data/data/com.mbwhatsapp/files/decompressed/libs.spk.zst/libwhatsapp.so" dev="dm-11" ino=1413553 scontext=u:r:untrusted_app:s0:c209,c256,c512,c768 tcontext=u:object_r:app_data_file:s0:c209,c256,c512,c768 tclass=file app=com.mbwhatsapp
01-30 07:16:32.419 4098 4098 W com.mbwhatsapp: type=1400 audit(0.0:928): avc: granted { execute } for path="/data/data/com.mbwhatsapp/files/decompressed/libs.spk.zst/libcurve25519.so" dev="dm-11" ino=1410884 scontext=u:r:untrusted_app:s0:c209,c256,c512,c768 tcontext=u:object_r:app_data_file:s0:c209,c256,c512,c768 tclass=file app=com.mbwhatsapp
01-30 07:16:32.435 4098 4098 W com.mbwhatsapp: type=1400 audit(0.0:929): avc: granted { execute } for path="/data/data/com.mbwhatsapp/files/decompressed/libs.spk.zst/libwhatsapp.so" dev="dm-11" ino=1413553 scontext=u:r:untrusted_app:s0:c209,c256,c512,c768 tcontext=u:object_r:app_data_file:s0:c209,c256,c512,c768 tclass=file app=com.mbwhatsapp
01-30 07:16:32.550 4098 4098 W CheckTime: App running slow: Executing handleBindApplication : callApplicationOnCreate took 654ms
01-30 07:16:32.563 4098 4098 W CheckTime: App running slow: Executing com.google.firebase.iid.FirebaseInstanceIdReceiver scheduleReceive took 1077ms --------- beginning of system
01-30 07:16:32.563 4098 4098 W ActivityThread: Main thread can not be idle for a long time.
01-30 07:16:32.579 4098 4150 W com.mbwhatsapp: Class X.2rL failed lock verification and will run slower.
01-30 07:16:32.579 4098 4150 W com.mbwhatsapp: Common causes for lock verification issues are non-optimized dex code
01-30 07:16:32.579 4098 4150 W com.mbwhatsapp: and incorrect proguard optimizations. --------- beginning of main
01-30 08:49:12.202 3803 3803 E com.mbwhatsapp: Not starting debugger since process cannot load the jdwp agent.
01-30 08:49:12.460 3803 3803 W System.err: java.lang.ClassNotFoundException: mbmodsd.mbmodsw.ui.views.btn.BtnBK
01-30 08:49:12.460 3803 3803 W System.err: at java.lang.Runtime.nativeLoad(Native Method)
01-30 08:49:12.460 3803 3803 W System.err: at java.lang.Runtime.nativeLoad(Runtime.java:1131)
01-30 08:49:12.460 3803 3803 W System.err: at java.lang.Runtime.loadLibrary0(Runtime.java:1085)
01-30 08:49:12.460 3803 3803 W System.err: at java.lang.Runtime.loadLibrary0(Runtime.java:1008)
01-30 08:49:12.460 3803 3803 W System.err: at java.lang.System.loadLibrary(System.java:1664)
01-30 08:49:12.460 3803 3803 W System.err: at arm.EpicVm.<clinit>(Unknown Source:2)
01-30 08:49:12.460 3803 3803 W System.err: at java.lang.Class.newInstance(Native Method)
01-30 08:49:12.460 3803 3803 W System.err: at android.app.AppComponentFactory.instantiateApplication(AppComponentFactory.java:76)
01-30 08:49:12.460 3803 3803 W System.err: at androidx.core.app.CoreComponentFactory.instantiateApplication(Unknown Source:0)
01-30 08:49:12.460 3803 3803 W System.err: at android.app.Instrumentation.newApplication(Instrumentation.java:1158)
01-30 08:49:12.460 3803 3803 W System.err: at android.app.LoadedApk.makeApplication(LoadedApk.java:1268)
01-30 08:49:12.460 3803 3803 W System.err: at android.app.ActivityThread.handleBindApplication(ActivityThread.java:6908)
01-30 08:49:12.460 3803 3803 W System.err: at android.app.ActivityThread.access$1300(ActivityThread.java:260)
01-30 08:49:12.460 3803 3803 W System.err: at android.app.ActivityThread$H.handleMessage(ActivityThread.java:1955)
01-30 08:49:12.460 3803 3803 W System.err: at android.os.Handler.dispatchMessage(Handler.java:106)
01-30 08:49:12.460 3803 3803 W System.err: at android.os.Looper.loop(Looper.java:223)
01-30 08:49:12.460 3803 3803 W System.err: at android.app.ActivityThread.main(ActivityThread.java:7974)
01-30 08:49:12.460 3803 3803 W System.err: at java.lang.reflect.Method.invoke(Native Method)
01-30 08:49:12.461 3803 3803 W System.err: at com.android.internal.os.RuntimeInit$MethodAndArgsCaller.run(RuntimeInit.java:603)
01-30 08:49:12.461 3803 3803 W System.err: at com.android.internal.os.ZygoteInit.main(ZygoteInit.java:948)
01-30 08:49:12.496 3803 3803 E CustomActivityOnCrash: IMPORTANT WARNING! You already have an UncaughtExceptionHandler, are you sure this is correct? If you use a custom UncaughtExceptionHandler, you must initialize it AFTER CustomActivityOnCrash! Installing anyway, but your original handler will not be called.
01-30 08:49:12.930 3803 3803 W com.mbwhatsapp: Accessing hidden method Lcom/android/org/conscrypt/OpenSSLSocketImpl;->setUseSessionTickets(Z)V (greylist- max-q,core-platform-api, reflection, denied)
01-30 08:49:12.931 3803 3803 W com.mbwhatsapp: Accessing hidden method Lcom/android/org/conscrypt/AbstractConscryptSocket;->setUseSessionTickets(Z)V (greylist-max-q, reflection, denied)
01-30 08:49:13.000 3803 3803 W com.mbwhatsapp: type=1400 audit(0.0:2583): avc: granted { execute } for path="/data/data/com.mbwhatsapp/files/decompressed/libs.spk.zst/libc++_shared.so" dev="dm-11" ino=1413551 scontext=u:r:untrusted_app:s0:c209,c256,c512,c768 tcontext=u:object_r:app_data_file:s0:c209,c256,c512,c768 tclass=file app=com.mbwhatsapp
01-30 08:49:13.008 3803 3803 W com.mbwhatsapp: type=1400 audit(0.0:2584): avc: granted { execute } for path="/data/data/com.mbwhatsapp/files/decompressed/libs.spk.zst/libvlc.so" dev="dm- 11" ino=1413550 scontext=u:r:untrusted_app:s0:c209,c256,c512,c768 tcontext=u:object_r:app_data_file:s0:c209,c256,c512,c768 tclass=file app=com.mbwhatsapp
01-30 08:49:13.020 3803 3803 W com.mbwhatsapp: type=1400 audit(0.0:2585): avc: granted { execute } for path="/data/data/com.mbwhatsapp/files/decompressed/libs.spk.zst/libwhatsapp.so" dev="dm-11" ino=1413553 scontext=u:r:untrusted_app:s0:c209,c256,c512,c768 tcontext=u:object_r:app_data_file:s0:c209,c256,c512,c768 tclass=file app=com.mbwhatsapp
01-30 08:49:13.108 3803 3803 W com.mbwhatsapp: type=1400 audit(0.0:2586): avc: granted { execute } for path="/data/data/com.mbwhatsapp/files/decompressed/libs.spk.zst/libcurve25519.so" dev="dm-11" ino=1410884 scontext=u:r:untrusted_app:s0:c209,c256,c512,c768 tcontext=u:object_r:app_data_file:s0:c209,c256,c512,c768 tclass=file app=com.mbwhatsapp
01-30 08:49:13.120 3803 3803 W com.mbwhatsapp: type=1400 audit(0.0:2587): avc: granted { execute } for path="/data/data/com.mbwhatsapp/files/decompressed/libs.spk.zst/libwhatsapp.so" dev="dm-11" ino=1413553 scontext=u:r:untrusted_app:s0:c209,c256,c512,c768 tcontext=u:object_r:app_data_file:s0:c209,c256,c512,c768 tclass=file app=com.mbwhatsapp
01-30 08:49:13.245 3803 3803 W CheckTime: App running slow: Executing handleBindApplication : callApplicationOnCreate took 677ms
01-30 08:49:13.253 3803 3867 W com.mbwhatsapp: Class X.2rL failed lock verification and will run slower.
01-30 08:49:13.253 3803 3867 W com.mbwhatsapp: Common causes for lock verification issues are non-optimized dex code
01-30 08:49:13.253 3803 3867 W com.mbwhatsapp: and incorrect proguard optimizations.
01-30 08:49:13.258 3803 3803 W CheckTime: App running slow: Executing com.mbwhatsapp.ExternalMediaManager$ExternalMediaStateReceiver scheduleReceive took 1035ms --------- beginning of system
01-30 08:49:13.258 3803 3803 W ActivityThread: Main thread can not be idle for a long time. --------- beginning of system
01-30 14:59:35.542 3803 32209 E ActivityThread: Failed to find provider info for androidx.car.app.connection
01-30 15:08:19.691 3803 32209 E ActivityThread: Failed to find provider info for androidx.car.app.connection --------- beginning of main
01-30 15:13:46.473 3803 8502 W Codec2Client: query -- param skipped: index = 2415921170.
01-30 15:13:46.473 3803 8502 W Codec2Client: query -- param skipped: index = 1610614798.
01-30 15:13:46.474 3803 8502 E FMQ : grantorIdx must be less than 3
01-30 15:13:46.474 3803 8502 E FMQ : grantorIdx must be less than 3
01-30 15:13:46.477 3803 8502 E FMQ : grantorIdx must be less than 3
01-30 15:13:46.483 3803 20007 E FMQ : grantorIdx must be less than 3
01-30 15:13:46.519 3803 3803 W RenderThread: type=1400 audit(0.0:60576): avc: denied { getattr } for name="dmabuf:" dev="dmabuf" ino=1 scontext=u:r:untrusted_app:s0:c209,c256,c512,c768 tcontext=u:object_r:unlabeled:s0 tclass=filesystem permissive=0 app=com.mbwhatsapp
01-30 15:13:46.839 3803 3803 W RenderThread: type=1400 audit(0.0:60577): avc: denied { getattr } for name="dmabuf:" dev="dmabuf" ino=1 scontext=u:r:untrusted_app:s0:c209,c256,c512,c768 tcontext=u:object_r:unlabeled:s0 tclass=filesystem permissive=0 app=com.mbwhatsapp
01-30 15:13:46.887 3803 3803 W RenderThread: type=1400 audit(0.0:60578): avc: denied { getattr } for name="dmabuf:" dev="dmabuf" ino=1 scontext=u:r:untrusted_app:s0:c209,c256,c512,c768 tcontext=u:object_r:unlabeled:s0 tclass=filesystem permissive=0 app=com.mbwhatsapp
01-30 15:13:46.919 3803 3803 W RenderThread: type=1400 audit(0.0:60579): avc: denied { getattr } for name="dmabuf:" dev="dmabuf" ino=1 scontext=u:r:untrusted_app:s0:c209,c256,c512,c768 tcontext=u:object_r:unlabeled:s0 tclass=filesystem permissive=0 app=com.mbwhatsapp
01-30 15:13:46.971 3803 3803 W RenderThread: type=1400 audit(0.0:60580): avc: denied { getattr } for name="dmabuf:" dev="dmabuf" ino=1 scontext=u:r:untrusted_app:s0:c209,c256,c512,c768 tcontext=u:object_r:unlabeled:s0 tclass=filesystem permissive=0 app=com.mbwhatsapp
01-30 15:13:51.441 3803 8502 W Codec2Client: query -- param skipped: index = 1342179345.
01-30 15:13:51.441 3803 8502 W Codec2Client: query -- param skipped: index = 2415921170.
01-30 15:13:51.441 3803 8502 W Codec2Client: query -- param skipped: index = 1610614798.
01-30 15:13:55.301 3803 3803 E ArmVmp : Match on catch block at 0x38 in for 0xa9
01-30 15:13:55.301 3803 3803 W System.err: java.lang.NumberFormatException: For input string: ""
01-30 15:13:55.301 3803 3803 W System.err:
01-30 15:13:55.302 3803 3803 W System.err: at java.lang.Integer.parseInt(Integer.java:627)
01-30 15:13:55.302 3803 3803 W System.err:
01-30 15:13:55.302 3803 3803 W System.err: at java.lang.Integer.parseInt(Integer.java:650)
01-30 15:13:55.302 3803 3803 W System.err:
01-30 15:13:55.302 3803 3803 W System.err: at mbmodsd.mbmodsw.home.HomeActivity.mbcRe(Native Method)
01-30 15:13:55.302 3803 3803 W System.err:
01-30 15:13:55.302 3803 3803 W System.err: at com.mbwhatsapp.HomeActivity.onPause(Unknown Source:9)
01-30 15:13:55.302 3803 3803 W System.err:
01-30 15:13:55.302 3803 3803 W System.err: at android.app.Activity.performPause(Activity.java:8313)
01-30 15:13:55.302 3803 3803 W System.err:
01-30 15:13:55.303 3803 3803 W System.err: at android.app.Instrumentation.callActivityOnPause(Instrumentation.java:1510)
01-30 15:13:55.303 3803 3803 W System.err:
01-30 15:13:55.303 3803 3803 W System.err: at android.app.ActivityThread.performPauseActivityIfNeeded(ActivityThread.java:4851)
01-30 15:13:55.303 3803 3803 W System.err:
01-30 15:13:55.303 3803 3803 W System.err: at android.app.ActivityThread.performPauseActivity(ActivityThread.java:4812)
01-30 15:13:55.303 3803 3803 W System.err:
01-30 15:13:55.303 3803 3803 W System.err: at android.app.ActivityThread.handlePauseActivity(ActivityThread.java:4763)
01-30 15:13:55.303 3803 3803 W System.err:
01-30 15:13:55.303 3803 3803 W System.err: at android.app.servertransaction.PauseActivityItem.execute(PauseActivityItem.java:46)
01-30 15:13:55.303 3803 3803 W System.err:
01-30 15:13:55.303 3803 3803 W System.err: at android.app.servertransaction.TransactionExecutor.executeLifecycleState(Transaction Executor.java:176)
01-30 15:13:55.303 3803 3803 W System.err:
01-30 15:13:55.303 3803 3803 W System.err: at android.app.servertransaction.TransactionExecutor.execute(TransactionExecutor.java: 97)
01-30 15:13:55.303 3803 3803 W System.err:
01-30 15:13:55.304 3803 3803 W System.err: at android.app.ActivityThread$H.handleMessage(ActivityThread.java:2108)
01-30 15:13:55.304 3803 3803 W System.err:
01-30 15:13:55.304 3803 3803 W System.err: at android.os.Handler.dispatchMessage(Handler.java:106)
01-30 15:13:55.304 3803 3803 W System.err:
01-30 15:13:55.304 3803 3803 W System.err: at android.os.Looper.loop(Looper.java:223)
01-30 15:13:55.304 3803 3803 W System.err:
01-30 15:13:55.304 3803 3803 W System.err: at android.app.ActivityThread.main(ActivityThread.java:7974)
01-30 15:13:55.304 3803 3803 W System.err:
01-30 15:13:55.304 3803 3803 W System.err: at java.lang.reflect.Method.invoke(Native Method)
01-30 15:13:55.304 3803 3803 W System.err:
01-30 15:13:55.304 3803 3803 W System.err: at com.android.internal.os.RuntimeInit$MethodAndArgsCaller.run(RuntimeInit.java:603)
01-30 15:13:55.304 3803 3803 W System.err:
01-30 15:13:55.304 3803 3803 W System.err: at com.android.internal.os.ZygoteInit.main(ZygoteInit.java:948)
01-30 15:13:55.304 3803 3803 W System.err:
01-30 15:13:55.377 3803 3803 E ArmVmp : Match on catch block at 0xb0 in for 0xf9
01-30 15:13:55.388 3803 3803 E ArmVmp : Match on catch block at 0xb0 in for 0xf5
01-30 15:13:55.434 3803 3803 E ArmVmp : Match on catch block at 0xb0 in for 0xf9
01-30 15:13:55.440 3803 3803 E ArmVmp : Match on catch block at 0xb0 in for 0xf1
01-30 15:13:57.463 8517 8517 E com.mbwhatsapp: Not starting debugger since process cannot load the jdwp agent.
01-30 15:13:57.649 8517 8517 W System.err: java.lang.ClassNotFoundException: mbmodsd.mbmodsw.ui.views.btn.BtnBK
01-30 15:13:57.650 8517 8517 W System.err: at java.lang.Runtime.nativeLoad(Native Method)
01-30 15:13:57.650 8517 8517 W System.err: at java.lang.Runtime.nativeLoad(Runtime.java:1131)
01-30 15:13:57.650 8517 8517 W System.err: at java.lang.Runtime.loadLibrary0(Runtime.java:1085)
01-30 15:13:57.650 8517 8517 W System.err: at java.lang.Runtime.loadLibrary0(Runtime.java:1008)
01-30 15:13:57.650 8517 8517 W System.err: at java.lang.System.loadLibrary(System.java:1664)
01-30 15:13:57.650 8517 8517 W System.err: at arm.EpicVm.<clinit>(Unknown Source:2)
01-30 15:13:57.650 8517 8517 W System.err: at java.lang.Class.newInstance(Native Method)
01-30 15:13:57.650 8517 8517 W System.err: at android.app.AppComponentFactory.instantiateApplication(AppComponentFactory.java:76)
01-30 15:13:57.650 8517 8517 W System.err: at androidx.core.app.CoreComponentFactory.instantiateApplication(Unknown Source:0)
01-30 15:13:57.650 8517 8517 W System.err: at android.app.Instrumentation.newApplication(Instrumentation.java:1158)
01-30 15:13:57.650 8517 8517 W System.err: at android.app.LoadedApk.makeApplication(LoadedApk.java:1268)
01-30 15:13:57.650 8517 8517 W System.err: at android.app.ActivityThread.handleBindApplication(ActivityThread.java:6908)
01-30 15:13:57.650 8517 8517 W System.err: at android.app.ActivityThread.access$1300(ActivityThread.java:260)
01-30 15:13:57.650 8517 8517 W System.err: at android.app.ActivityThread$H.handleMessage(ActivityThread.java:1955)
01-30 15:13:57.650 8517 8517 W System.err: at android.os.Handler.dispatchMessage(Handler.java:106)
01-30 15:13:57.650 8517 8517 W System.err: at android.os.Looper.loop(Looper.java:223)
01-30 15:13:57.650 8517 8517 W System.err: at android.app.ActivityThread.main(ActivityThread.java:7974)
01-30 15:13:57.650 8517 8517 W System.err: at java.lang.reflect.Method.invoke(Native Method)
01-30 15:13:57.650 8517 8517 W System.err: at com.android.internal.os.RuntimeInit$MethodAndArgsCaller.run(RuntimeInit.java:603)
01-30 15:13:57.650 8517 8517 W System.err: at com.android.internal.os.ZygoteInit.main(ZygoteInit.java:948)
01-30 15:13:57.662 8517 8517 E CustomActivityOnCrash: IMPORTANT WARNING! You already have an UncaughtExceptionHandler, are you sure this is correct? If you use a custom UncaughtExceptionHandler, you must initialize it AFTER CustomActivityOnCrash! Installing anyway, but your original handler will not be called.
01-30 15:13:57.911 8517 8517 W com.mbwhatsapp: Accessing hidden method Lcom/android/org/conscrypt/OpenSSLSocketImpl;->setUseSessionTickets(Z)V (greylist- max-q,core-platform-api, reflection, denied)
01-30 15:13:57.911 8517 8517 W com.mbwhatsapp: Accessing hidden method Lcom/android/org/conscrypt/AbstractConscryptSocket;->setUseSessionTickets(Z)V (greylist-max-q, reflection, denied)
01-30 15:13:57.943 8517 8517 W com.mbwhatsapp: type=1400 audit(0.0:60589): avc: granted { execute } for path="/data/data/com.mbwhatsapp/files/decompressed/libs.spk.zst/libc++_shared.so" dev="dm-11" ino=1413551 scontext=u:r:untrusted_app:s0:c209,c256,c512,c768 tcontext=u:object_r:app_data_file:s0:c209,c256,c512,c768 tclass=file app=com.mbwhatsapp
01-30 15:13:57.951 8517 8517 W com.mbwhatsapp: type=1400 audit(0.0:60590): avc: granted { execute } for path="/data/data/com.mbwhatsapp/files/decompressed/libs.spk.zst/libvlc.so" dev="dm- 11" ino=1413550 scontext=u:r:untrusted_app:s0:c209,c256,c512,c768 tcontext=u:object_r:app_data_file:s0:c209,c256,c512,c768 tclass=file app=com.mbwhatsapp
01-30 15:13:57.955 8517 8517 W com.mbwhatsapp: type=1400 audit(0.0:60591): avc: granted { execute } for path="/data/data/com.mbwhatsapp/files/decompressed/libs.spk.zst/libwhatsapp.so" dev="dm-11" ino=1413553 scontext=u:r:untrusted_app:s0:c209,c256,c512,c768 tcontext=u:object_r:app_data_file:s0:c209,c256,c512,c768 tclass=file app=com.mbwhatsapp
01-30 15:13:58.015 8517 8517 W com.mbwhatsapp: type=1400 audit(0.0:60592): avc: granted { execute } for path="/data/data/com.mbwhatsapp/files/decompressed/libs.spk.zst/libcurve25519.so" dev="dm-11" ino=1410884 scontext=u:r:untrusted_app:s0:c209,c256,c512,c768 tcontext=u:object_r:app_data_file:s0:c209,c256,c512,c768 tclass=file app=com.mbwhatsapp
01-30 15:13:58.023 8517 8517 W com.mbwhatsapp: type=1400 audit(0.0:60593): avc: granted { execute } for path="/data/data/com.mbwhatsapp/files/decompressed/libs.spk.zst/libwhatsapp.so" dev="dm-11" ino=1413553 scontext=u:r:untrusted_app:s0:c209,c256,c512,c768 tcontext=u:object_r:app_data_file:s0:c209,c256,c512,c768 tclass=file app=com.mbwhatsapp
01-30 15:13:58.128 8517 8517 W CheckTime: App running slow: Executing handleBindApplication : callApplicationOnCreate took 435ms
01-30 15:13:58.170 8517 8576 W com.mbwhatsapp: Class X.2rL failed lock verification and will run slower.
01-30 15:13:58.170 8517 8576 W com.mbwhatsapp: Common causes for lock verification issues are non-optimized dex code
01-30 15:13:58.170 8517 8576 W com.mbwhatsapp: and incorrect proguard optimizations.
01-30 15:13:58.176 8517 8517 W com.mbwhatsapp: Class X.0eU failed lock verification and will run slower.
01-30 15:13:58.348 8517 8517 W com.mbwhatsapp: Class com.mbwhatsapp.HomeActivity failed lock verification and will run slower.
01-30 15:13:58.396 8517 8517 E ArmVmp : Match on catch block at 0xb0 in for 0xd9
01-30 15:13:58.464 8517 8517 E ArmVmp : Match on catch block at 0xb0 in for 0xd1
01-30 15:13:58.657 8517 8517 E ArmVmp : Match on catch block at 0x0a in for 0xb1
01-30 15:13:58.682 8517 8517 E ArmVmp : Match on catch block at 0x0a in for 0x129
01-30 15:13:58.790 8517 8587 W com.mbwhatsapp: Accessing hidden method Lcom/android/org/conscrypt/ConscryptEngineSocket;->setUseSessionTickets(Z)V (greylist-max-q,core-platform-api, reflection, denied)
01-30 15:13:58.790 8517 8587 W com.mbwhatsapp: Accessing hidden method Lcom/android/org/conscrypt/OpenSSLSocketImpl;->setUseSessionTickets(Z)V (greylist- max-q,core-platform-api, reflection, denied)
01-30 15:13:58.790 8517 8587 W com.mbwhatsapp: Accessing hidden method Lcom/android/org/conscrypt/AbstractConscryptSocket;->setUseSessionTickets(Z)V (greylist-max-q, reflection, denied)
01-30 15:13:58.791 8517 8587 W com.mbwhatsapp: Accessing hidden method Lcom/android/org/conscrypt/ConscryptEngineSocket;->setHostname(Ljava/lang/String;)V (greylist-max-q,core-platform-api, reflection, denied)
01-30 15:13:58.791 8517 8587 W com.mbwhatsapp: Accessing hidden method Lcom/android/org/conscrypt/OpenSSLSocketImpl;->setHostname(Ljava/lang/String;)V (greylist-max-q,core-platform-api, reflection, denied)
01-30 15:13:58.791 8517 8587 W com.mbwhatsapp: Accessing hidden method Lcom/android/org/conscrypt/AbstractConscryptSocket;->setHostname(Ljava/lang/ String;)V (greylist-max-q, reflection, denied)
01-30 15:13:58.791 8517 8587 W com.mbwhatsapp: Accessing hidden method Lcom/android/org/conscrypt/OpenSSLSocketImpl;->setAlpnProtocols([B)V (greylist-max- q,core-platform-api, reflection, denied)
01-30 15:13:58.791 8517 8587 W com.mbwhatsapp: Accessing hidden method Lcom/android/org/conscrypt/AbstractConscryptSocket;->setAlpnProtocols([B)V (greylist-max-q, reflection, denied)
01-30 15:13:58.983 8517 8587 W com.mbwhatsapp: Accessing hidden method Lcom/android/org/conscrypt/OpenSSLSocketImpl;->getAlpnSelectedProtocol()[B (greylist-max-q,core-platform-api, reflection, denied)
01-30 15:13:58.983 8517 8587 W com.mbwhatsapp: Accessing hidden method Lcom/android/org/conscrypt/AbstractConscryptSocket;->getAlpnSelectedProtocol()[B (greylist-max-q, reflection, denied)
01-30 15:13:59.226 8517 8584 E libc : Access denied finding property "vendor.mali.config"
01-30 15:13:59.269 8517 8517 E ArmVmp : Match on catch block at 0xb0 in for 0xe5
01-30 15:13:59.381 8517 8517 E ArmVmp : Match on catch block at 0xb0 in for 0xe5
01-30 15:13:59.444 8517 8517 E ArmVmp : Match on catch block at 0xb0 in for 0xe5
01-30 15:13:59.503 8517 8517 E ArmVmp : Match on catch block at 0xb0 in for 0xe5
01-30 15:13:59.542 8517 8517 E ArmVmp : Match on catch block at 0xb0 in for 0xe5
01-30 15:13:59.599 8517 8517 E ArmVmp : Match on catch block at 0xb0 in for 0xe5
01-30 15:13:59.639 8517 8517 E ArmVmp : Match on catch block at 0xb0 in for 0xe5
01-30 15:13:59.719 8517 8517 E ArmVmp : Match on catch block at 0xb0 in for 0xe5
01-30 15:13:59.765 8517 8517 E ArmVmp : Match on catch block at 0xb0 in for 0xe5
01-30 15:13:59.970 8517 8517 E ArmVmp : Match on catch block at 0xb0 in for 0xe5
01-30 15:14:00.011 8517 8517 E ArmVmp : Match on catch block at 0xb0 in for 0xe9
01-30 15:14:00.071 8517 8517 E ArmVmp : Match on catch block at 0xb0 in for 0xe9
01-30 15:14:00.099 8517 8517 E RecyclerView: No adapter attached; skipping layout
01-30 15:14:00.138 8517 8584 E libc : Access denied finding property "persist.vendor.sf.fbc"
01-30 15:14:00.138 8517 8584 E libc : Access denied finding property "persist.vendor.gpu.fbc"
01-30 15:14:00.138 8517 8584 E libc : Access denied finding property "persist.vendor.vsp.fbc"
01-30 15:14:00.407 8517 8517 E RecyclerView: No adapter attached; skipping layout
01-30 15:14:00.450 8517 8517 E ArmVmp : Match on catch block at 0x0a in for 0xc9
01-30 15:14:00.637 8517 8542 W LibraryVersion: Failed to get app version for libraryName: firebase-iid
01-30 15:14:00.734 8517 8666 W LOTTIE : Animation contains merge paths. Merge paths are only supported on KitKat+ and must be manually enabled by calling enableMergePathsForKitKatAndAbove().
01-30 15:14:00.807 8517 8517 E ArmVmp : Match on catch block at 0xb0 in for 0x115
01-30 15:14:00.821 8517 8517 E ArmVmp : Match on catch block at 0xb0 in for 0x115
01-30 15:14:00.903 8517 8517 E ArmVmp : Match on catch block at 0xb0 in for 0x119
01-30 15:14:00.918 8517 8517 E ArmVmp : Match on catch block at 0xb0 in for 0x119
01-30 15:14:00.993 8517 8517 W LOTTIE : Animation contains merge paths but they are disabled.
01-30 15:14:01.068 8517 8517 E ArmVmp : Match on catch block at 0xb0 in for 0xe5
01-30 15:14:01.562 8517 8517 E ArmVmp : Match on catch block at 0xb0 in for 0xd9
01-30 15:14:01.572 8517 8517 E ArmVmp : Match on catch block at 0xb0 in for 0xd1
01-30 15:14:01.811 8517 8517 W pool-5-thread-1: type=1400 audit(0.0:60596): avc: granted { execute } for path="/data/data/com.mbwhatsapp/files/decompressed/libs.spk.zst/libgifimage.so" dev="dm-11" ino=1372323 scontext=u:r:untrusted_app:s0:c209,c256,c512,c768 tcontext=u:object_r:app_data_file:s0:c209,c256,c512,c768 tclass=file app=com.mbwhatsapp --------- beginning of main
01-31 08:17:18.018 3451 3451 E com.mbwhatsapp: Not starting debugger since process cannot load the jdwp agent.
01-31 08:17:18.288 3451 3451 W System.err: java.lang.ClassNotFoundException: mbmodsd.mbmodsw.ui.views.btn.BtnBK
01-31 08:17:18.289 3451 3451 W System.err: at java.lang.Runtime.nativeLoad(Native Method)
01-31 08:17:18.289 3451 3451 W System.err: at java.lang.Runtime.nativeLoad(Runtime.java:1131)
01-31 08:17:18.289 3451 3451 W System.err: at java.lang.Runtime.loadLibrary0(Runtime.java:1085)
01-31 08:17:18.289 3451 3451 W System.err: at java.lang.Runtime.loadLibrary0(Runtime.java:1008)
01-31 08:17:18.289 3451 3451 W System.err: at java.lang.System.loadLibrary(System.java:1664)
01-31 08:17:18.289 3451 3451 W System.err: at arm.EpicVm.<clinit>(Unknown Source:2)
01-31 08:17:18.289 3451 3451 W System.err: at java.lang.Class.newInstance(Native Method)
01-31 08:17:18.289 3451 3451 W System.err: at android.app.AppComponentFactory.instantiateApplication(AppComponentFactory.java:76)
01-31 08:17:18.289 3451 3451 W System.err: at androidx.core.app.CoreComponentFactory.instantiateApplication(Unknown Source:0)
01-31 08:17:18.289 3451 3451 W System.err: at android.app.Instrumentation.newApplication(Instrumentation.java:1158)
01-31 08:17:18.289 3451 3451 W System.err: at android.app.LoadedApk.makeApplication(LoadedApk.java:1268)
01-31 08:17:18.289 3451 3451 W System.err: at android.app.ActivityThread.handleBindApplication(ActivityThread.java:6908)
01-31 08:17:18.289 3451 3451 W System.err: at android.app.ActivityThread.access$1300(ActivityThread.java:260)
01-31 08:17:18.289 3451 3451 W System.err: at android.app.ActivityThread$H.handleMessage(ActivityThread.java:1955)
01-31 08:17:18.289 3451 3451 W System.err: at android.os.Handler.dispatchMessage(Handler.java:106)
01-31 08:17:18.289 3451 3451 W System.err: at android.os.Looper.loop(Looper.java:223)
01-31 08:17:18.289 3451 3451 W System.err: at android.app.ActivityThread.main(ActivityThread.java:7974)
01-31 08:17:18.289 3451 3451 W System.err: at java.lang.reflect.Method.invoke(Native Method)
01-31 08:17:18.289 3451 3451 W System.err: at com.android.internal.os.RuntimeInit$MethodAndArgsCaller.run(RuntimeInit.java:603)
01-31 08:17:18.289 3451 3451 W System.err: at com.android.internal.os.ZygoteInit.main(ZygoteInit.java:948)
01-31 08:17:18.328 3451 3451 E CustomActivityOnCrash: IMPORTANT WARNING! You already have an UncaughtExceptionHandler, are you sure this is correct? If you use a custom UncaughtExceptionHandler, you must initialize it AFTER CustomActivityOnCrash! Installing anyway, but your original handler will not be called.
01-31 08:17:18.433 3451 3476 W LibraryVersion: Failed to get app version for libraryName: firebase-iid
01-31 08:17:18.718 3451 3451 W com.mbwhatsapp: Accessing hidden method Lcom/android/org/conscrypt/OpenSSLSocketImpl;->setUseSessionTickets(Z)V (greylist- max-q,core-platform-api, reflection, denied)
01-31 08:17:18.718 3451 3451 W com.mbwhatsapp: Accessing hidden method Lcom/android/org/conscrypt/AbstractConscryptSocket;->setUseSessionTickets(Z)V (greylist-max-q, reflection, denied)
01-31 08:17:18.795 3451 3451 W com.mbwhatsapp: type=1400 audit(0.0:823): avc: granted { execute } for path="/data/data/com.mbwhatsapp/files/decompressed/libs.spk.zst/libc++_shared.so" dev="dm-11" ino=1413551 scontext=u:r:untrusted_app:s0:c209,c256,c512,c768 tcontext=u:object_r:app_data_file:s0:c209,c256,c512,c768 tclass=file app=com.mbwhatsapp
01-31 08:17:18.803 3451 3451 W com.mbwhatsapp: type=1400 audit(0.0:824): avc: granted { execute } for path="/data/data/com.mbwhatsapp/files/decompressed/libs.spk.zst/libvlc.so" dev="dm- 11" ino=1413550 scontext=u:r:untrusted_app:s0:c209,c256,c512,c768 tcontext=u:object_r:app_data_file:s0:c209,c256,c512,c768 tclass=file app=com.mbwhatsapp
01-31 08:17:18.823 3451 3451 W com.mbwhatsapp: type=1400 audit(0.0:825): avc: granted { execute } for path="/data/data/com.mbwhatsapp/files/decompressed/libs.spk.zst/libwhatsapp.so" dev="dm-11" ino=1413553 scontext=u:r:untrusted_app:s0:c209,c256,c512,c768 tcontext=u:object_r:app_data_file:s0:c209,c256,c512,c768 tclass=file app=com.mbwhatsapp
01-31 08:17:18.903 3451 3451 W com.mbwhatsapp: type=1400 audit(0.0:826): avc: granted { execute } for path="/data/data/com.mbwhatsapp/files/decompressed/libs.spk.zst/libcurve25519.so" dev="dm-11" ino=1410884 scontext=u:r:untrusted_app:s0:c209,c256,c512,c768 tcontext=u:object_r:app_data_file:s0:c209,c256,c512,c768 tclass=file app=com.mbwhatsapp
01-31 08:17:18.919 3451 3451 W com.mbwhatsapp: type=1400 audit(0.0:827): avc: granted { execute } for path="/data/data/com.mbwhatsapp/files/decompressed/libs.spk.zst/libwhatsapp.so" dev="dm-11" ino=1413553 scontext=u:r:untrusted_app:s0:c209,c256,c512,c768 tcontext=u:object_r:app_data_file:s0:c209,c256,c512,c768 tclass=file app=com.mbwhatsapp
01-31 08:17:18.919 3451 3451 W com.mbwhatsapp: type=1400 audit(0.0:829): avc: granted { execute } for path="/data/data/com.mbwhatsapp/files/decompressed/libs.spk.zst/libwhatsapp.so" dev="dm-11" ino=1413553 scontext=u:r:untrusted_app:s0:c209,c256,c512,c768 tcontext=u:object_r:app_data_file:s0:c209,c256,c512,c768 tclass=file app=com.mbwhatsapp
01-31 08:17:19.054 3451 3451 W CheckTime: App running slow: Executing handleBindApplication : callApplicationOnCreate took 648ms
01-31 08:17:19.065 3451 3451 W CheckTime: App running slow: Executing com.mbwhatsapp.ExternalMediaManager$ExternalMediaStateReceiver scheduleReceive took 1022ms --------- beginning of system
01-31 08:17:19.066 3451 3451 W ActivityThread: Main thread can not be idle for a long time.
01-31 08:17:19.076 3451 3512 W com.mbwhatsapp: Class X.2rL failed lock verification and will run slower.
01-31 08:17:19.076 3451 3512 W com.mbwhatsapp: Common causes for lock verification issues are non-optimized dex code
01-31 08:17:19.076 3451 3512 W com.mbwhatsapp: and incorrect proguard optimizations. --------- beginning of system
01-31 10:46:41.369 3451 24430 E ActivityThread: Failed to find provider info for androidx.car.app.connection
01-31 10:48:11.904 3451 24430 E ActivityThread: Failed to find provider info for androidx.car.app.connection --------- beginning of main
01-31 11:00:10.721 3451 3451 E ArmVmp : Match on catch block at 0xc3 in for 0x91
01-31 11:00:10.735 3451 3451 E ArmVmp : Match on catch block at 0xc3 in for 0x91
01-31 11:00:10.741 3451 3451 E ArmVmp : Match on catch block at 0xc3 in for 0x95
01-31 11:00:10.751 3451 3451 E ArmVmp : Match on catch block at 0xc3 in for 0x95
01-31 11:00:10.754 3451 3451 E ArmVmp : Match on catch block at 0xc3 in for 0x99
01-31 11:00:10.770 3451 3451 E ArmVmp : Match on catch block at 0xc3 in for 0x99
01-31 11:00:10.774 3451 3451 E ArmVmp : Match on catch block at 0xc3 in for 0x91
01-31 11:00:11.087 3451 3451 E ArmVmp : Match on catch block at 0xc3 in for 0x91
01-31 11:00:11.093 3451 3451 E ArmVmp : Match on catch block at 0xc3 in for 0x95
01-31 11:00:11.590 3451 3451 E ArmVmp : Match on catch block at 0xc3 in for 0x95
01-31 11:00:11.600 3451 3451 E ArmVmp : Match on catch block at 0xc3 in for 0x99
01-31 11:00:12.089 3451 3451 E ArmVmp : Match on catch block at 0xc3 in for 0x99
01-31 11:00:12.098 3451 3451 E ArmVmp : Match on catch block at 0xc3 in for 0x91
01-31 11:00:12.273 3451 3451 E ArmVmp : Match on catch block at 0xc3 in for 0x91
01-31 11:00:12.281 3451 3451 E ArmVmp : Match on catch block at 0xc3 in for 0x95
01-31 11:00:12.291 3451 3451 E ArmVmp : Match on catch block at 0xc3 in for 0x95
01-31 11:00:12.299 3451 3451 E ArmVmp : Match on catch block at 0xc3 in for 0x99
01-31 11:00:12.308 3451 3451 E ArmVmp : Match on catch block at 0xc3 in for 0x99
01-31 11:00:12.316 3451 3451 E ArmVmp : Match on catch block at 0xc3 in for 0x91
01-31 11:00:12.326 3451 3451 E ArmVmp : Match on catch block at 0xc3 in for 0x91
01-31 11:00:12.333 3451 3451 E ArmVmp : Match on catch block at 0xc3 in for 0x95
01-31 11:00:12.341 3451 3451 E ArmVmp : Match on catch block at 0xc3 in for 0x95
01-31 11:00:12.348 3451 3451 E ArmVmp : Match on catch block at 0xc3 in for 0x99
01-31 11:00:12.357 3451 3451 E ArmVmp : Match on catch block at 0xc3 in for 0x99
01-31 11:00:12.365 3451 3451 E ArmVmp : Match on catch block at 0xc3 in for 0x91
01-31 11:00:12.374 3451 3451 E ArmVmp : Match on catch block at 0xc3 in for 0x91
01-31 11:00:12.381 3451 3451 E ArmVmp : Match on catch block at 0xc3 in for 0x95
01-31 11:00:12.390 3451 3451 E ArmVmp : Match on catch block at 0xc3 in for 0x95
01-31 11:00:12.397 3451 3451 E ArmVmp : Match on catch block at 0xc3 in for 0x99
01-31 11:00:12.405 3451 3451 E ArmVmp : Match on catch block at 0xc3 in for 0x99
01-31 11:00:12.412 3451 3451 E ArmVmp : Match on catch block at 0xc3 in for 0x91
01-31 11:00:12.420 3451 3451 E ArmVmp : Match on catch block at 0xc3 in for 0x91
01-31 11:00:12.428 3451 3451 E ArmVmp : Match on catch block at 0xc3 in for 0x95
01-31 11:00:12.437 3451 3451 E ArmVmp : Match on catch block at 0xc3 in for 0x95
01-31 11:00:12.444 3451 3451 E ArmVmp : Match on catch block at 0xc3 in for 0x99
01-31 11:00:12.453 3451 3451 E ArmVmp : Match on catch block at 0xc3 in for 0x99
01-31 11:00:12.460 3451 3451 E ArmVmp : Match on catch block at 0xc3 in for 0x91
01-31 11:00:12.470 3451 3451 E ArmVmp : Match on catch block at 0xc3 in for 0x91
01-31 11:00:12.477 3451 3451 E ArmVmp : Match on catch block at 0xc3 in for 0x95
01-31 11:00:12.486 3451 3451 E ArmVmp : Match on catch block at 0xc3 in for 0x95
01-31 11:00:12.492 3451 3451 E ArmVmp : Match on catch block at 0xc3 in for 0x99
01-31 11:00:12.503 3451 3451 E ArmVmp : Match on catch block at 0xc3 in for 0x99
01-31 11:00:12.510 3451 3451 E ArmVmp : Match on catch block at 0xc3 in for 0x91
01-31 11:00:12.520 3451 3451 E ArmVmp : Match on catch block at 0xc3 in for 0x91
01-31 11:00:12.526 3451 3451 E ArmVmp : Match on catch block at 0xc3 in for 0x95
01-31 11:00:12.587 3451 3451 E ArmVmp : Match on catch block at 0xc3 in for 0x95
01-31 11:00:12.595 3451 3451 E ArmVmp : Match on catch block at 0xc3 in for 0x99
01-31 11:00:12.969 3451 3451 E ArmVmp : Match on catch block at 0xc3 in for 0x95
01-31 11:00:12.971 3451 3451 E ArmVmp : Match on catch block at 0xc3 in for 0x99
01-31 11:00:13.003 3451 3451 E ArmVmp : Match on catch block at 0xc3 in for 0x99
01-31 11:00:13.005 3451 3451 E ArmVmp : Match on catch block at 0xc3 in for 0x91
01-31 11:00:13.018 3451 3451 E ArmVmp : Match on catch block at 0xc3 in for 0x91
01-31 11:00:13.020 3451 3451 E ArmVmp : Match on catch block at 0xc3 in for 0x95
01-31 11:00:13.035 3451 3451 E ArmVmp : Match on catch block at 0xc3 in for 0x95
01-31 11:00:13.037 3451 3451 E ArmVmp : Match on catch block at 0xc3 in for 0x99
01-31 11:00:13.051 3451 3451 E ArmVmp : Match on catch block at 0xc3 in for 0x99
01-31 11:00:13.054 3451 3451 E ArmVmp : Match on catch block at 0xc3 in for 0x91
01-31 11:00:13.068 3451 3451 E ArmVmp : Match on catch block at 0xc3 in for 0x91
01-31 11:00:13.071 3451 3451 E ArmVmp : Match on catch block at 0xc3 in for 0x95
01-31 11:00:13.085 3451 3451 E ArmVmp : Match on catch block at 0xc3 in for 0x95
01-31 11:00:13.087 3451 3451 E ArmVmp : Match on catch block at 0xc3 in for 0x99
01-31 11:00:13.101 3451 3451 E ArmVmp : Match on catch block at 0xc3 in for 0x99
01-31 11:00:13.104 3451 3451 E ArmVmp : Match on catch block at 0xc3 in for 0x91
01-31 11:00:13.118 3451 3451 E ArmVmp : Match on catch block at 0xc3 in for 0x91
01-31 11:00:13.121 3451 3451 E ArmVmp : Match on catch block at 0xc3 in for 0x95
01-31 11:00:13.135 3451 3451 E ArmVmp : Match on catch block at 0xc3 in for 0x95
01-31 11:00:13.138 3451 3451 E ArmVmp : Match on catch block at 0xc3 in for 0x99
01-31 11:00:13.151 3451 3451 E ArmVmp : Match on catch block at 0xc3 in for 0x99
01-31 11:00:13.154 3451 3451 E ArmVmp : Match on catch block at 0xc3 in for 0x91
01-31 11:00:13.169 3451 3451 E ArmVmp : Match on catch block at 0xc3 in for 0x91
01-31 11:00:13.171 3451 3451 E ArmVmp : Match on catch block at 0xc3 in for 0x95
01-31 11:00:13.185 3451 3451 E ArmVmp : Match on catch block at 0xc3 in for 0x95
01-31 11:00:13.187 3451 3451 E ArmVmp : Match on catch block at 0xc3 in for 0x99
01-31 11:00:13.218 3451 3451 E ArmVmp : Match on catch block at 0xc3 in for 0x99
01-31 11:00:13.221 3451 3451 E ArmVmp : Match on catch block at 0xc3 in for 0x91
01-31 11:00:13.334 3451 3451 E ArmVmp : Match on catch block at 0xc3 in for 0x95
01-31 11:00:13.336 3451 3451 E ArmVmp : Match on catch block at 0xc3 in for 0x99
01-31 11:00:13.584 3451 3451 E ArmVmp : Match on catch block at 0xc3 in for 0x99
01-31 11:00:13.586 3451 3451 E ArmVmp : Match on catch block at 0xc3 in for 0x91
01-31 11:00:13.635 3451 3451 E ArmVmp : Match on catch block at 0xc3 in for 0x91
01-31 11:00:13.639 3451 3451 E ArmVmp : Match on catch block at 0xc3 in for 0x95
01-31 11:00:13.650 3451 3451 E ArmVmp : Match on catch block at 0xc3 in for 0x95
01-31 11:00:13.654 3451 3451 E ArmVmp : Match on catch block at 0xc3 in for 0x99
01-31 11:00:13.669 3451 3451 E ArmVmp : Match on catch block at 0xc3 in for 0x99
01-31 11:00:13.674 3451 3451 E ArmVmp : Match on catch block at 0xc3 in for 0x91
01-31 11:00:13.685 3451 3451 E ArmVmp : Match on catch block at 0xc3 in for 0x91
01-31 11:00:13.689 3451 3451 E ArmVmp : Match on catch block at 0xc3 in for 0x95
01-31 11:00:13.701 3451 3451 E ArmVmp : Match on catch block at 0xc3 in for 0x95
01-31 11:00:13.704 3451 3451 E ArmVmp : Match on catch block at 0xc3 in for 0x99
01-31 11:00:13.717 3451 3451 E ArmVmp : Match on catch block at 0xc3 in for 0x99
01-31 11:00:13.720 3451 3451 E ArmVmp : Match on catch block at 0xc3 in for 0x91
01-31 11:00:13.734 3451 3451 E ArmVmp : Match on catch block at 0xc3 in for 0x91
01-31 11:00:13.736 3451 3451 E ArmVmp : Match on catch block at 0xc3 in for 0x95
01-31 11:00:13.750 3451 3451 E ArmVmp : Match on catch block at 0xc3 in for 0x95
01-31 11:00:13.755 3451 3451 E ArmVmp : Match on catch block at 0xc3 in for 0x99
01-31 11:00:13.767 3451 3451 E ArmVmp : Match on catch block at 0xc3 in for 0x99
01-31 11:00:13.770 3451 3451 E ArmVmp : Match on catch block at 0xc3 in for 0x91
01-31 11:00:13.784 3451 3451 E ArmVmp : Match on catch block at 0xc3 in for 0x91
01-31 11:00:13.786 3451 3451 E ArmVmp : Match on catch block at 0xc3 in for 0x95
01-31 11:00:13.800 3451 3451 E ArmVmp : Match on catch block at 0xc3 in for 0x95
01-31 11:00:13.803 3451 3451 E ArmVmp : Match on catch block at 0xc3 in for 0x99
01-31 11:00:13.817 3451 3451 E ArmVmp : Match on catch block at 0xc3 in for 0x99
01-31 11:00:13.820 3451 3451 E ArmVmp : Match on catch block at 0xc3 in for 0x91
01-31 11:00:13.836 3451 3451 E ArmVmp : Match on catch block at 0xc3 in for 0x91
01-31 11:00:13.840 3451 3451 E ArmVmp : Match on catch block at 0xc3 in for 0x95
01-31 11:00:13.851 3451 3451 E ArmVmp : Match on catch block at 0xc3 in for 0x95
01-31 11:00:13.856 3451 3451 E ArmVmp : Match on catch block at 0xc3 in for 0x99
01-31 11:00:13.868 3451 3451 E ArmVmp : Match on catch block at 0xc3 in for 0x99
01-31 11:00:13.872 3451 3451 E ArmVmp : Match on catch block at 0xc3 in for 0x91
01-31 11:00:13.885 3451 3451 E ArmVmp : Match on catch block at 0xc3 in for 0x91
01-31 11:00:13.889 3451 3451 E ArmVmp : Match on catch block at 0xc3 in for 0x95
01-31 11:00:14.085 3451 3451 E ArmVmp : Match on catch block at 0xc3 in for 0x95
01-31 11:00:14.089 3451 3451 E ArmVmp : Match on catch block at 0xc3 in for 0x99
01-31 11:00:14.507 3451 3451 E ArmVmp : Match on catch block at 0xc3 in for 0x91
01-31 11:00:14.514 3451 3451 E ArmVmp : Match on catch block at 0xc3 in for 0x95
01-31 11:00:14.523 3451 3451 E ArmVmp : Match on catch block at 0xc3 in for 0x95
01-31 11:00:14.532 3451 3451 E ArmVmp : Match on catch block at 0xc3 in for 0x99
01-31 11:00:14.552 3451 3451 E ArmVmp : Match on catch block at 0xc3 in for 0x99
01-31 11:00:14.555 3451 3451 E ArmVmp : Match on catch block at 0xc3 in for 0x91
01-31 11:00:14.718 3451 3451 E ArmVmp : Match on catch block at 0xc3 in for 0x91
01-31 11:00:14.720 3451 3451 E ArmVmp : Match on catch block at 0xc3 in for 0x95
01-31 11:00:16.936 32750 32750 E com.mbwhatsapp: Not starting debugger since process cannot load the jdwp agent.
01-31 11:00:17.111 32750 32750 W System.err: java.lang.ClassNotFoundException: mbmodsd.mbmodsw.ui.views.btn.BtnBK
01-31 11:00:17.112 32750 32750 W System.err: at java.lang.Runtime.nativeLoad(Native Method)
01-31 11:00:17.112 32750 32750 W System.err: at java.lang.Runtime.nativeLoad(Runtime.java:1131)
01-31 11:00:17.112 32750 32750 W System.err: at java.lang.Runtime.loadLibrary0(Runtime.java:1085)
01-31 11:00:17.112 32750 32750 W System.err: at java.lang.Runtime.loadLibrary0(Runtime.java:1008)
01-31 11:00:17.112 32750 32750 W System.err: at java.lang.System.loadLibrary(System.java:1664)
01-31 11:00:17.112 32750 32750 W System.err: at arm.EpicVm.<clinit>(Unknown Source:2)
01-31 11:00:17.112 32750 32750 W System.err: at java.lang.Class.newInstance(Native Method)
01-31 11:00:17.112 32750 32750 W System.err: at android.app.AppComponentFactory.instantiateApplication(AppComponentFactory.java:76)
01-31 11:00:17.112 32750 32750 W System.err: at androidx.core.app.CoreComponentFactory.instantiateApplication(Unknown Source:0)
01-31 11:00:17.112 32750 32750 W System.err: at android.app.Instrumentation.newApplication(Instrumentation.java:1158)
01-31 11:00:17.113 32750 32750 W System.err: at android.app.LoadedApk.makeApplication(LoadedApk.java:1268)
01-31 11:00:17.113 32750 32750 W System.err: at android.app.ActivityThread.handleBindApplication(ActivityThread.java:6908)
01-31 11:00:17.113 32750 32750 W System.err: at android.app.ActivityThread.access$1300(ActivityThread.java:260)
01-31 11:00:17.113 32750 32750 W System.err: at android.app.ActivityThread$H.handleMessage(ActivityThread.java:1955)
01-31 11:00:17.113 32750 32750 W System.err: at android.os.Handler.dispatchMessage(Handler.java:106)
01-31 11:00:17.113 32750 32750 W System.err: at android.os.Looper.loop(Looper.java:223)
01-31 11:00:17.113 32750 32750 W System.err: at android.app.ActivityThread.main(ActivityThread.java:7974)
01-31 11:00:17.113 32750 32750 W System.err: at java.lang.reflect.Method.invoke(Native Method)
01-31 11:00:17.113 32750 32750 W System.err: at com.android.internal.os.RuntimeInit$MethodAndArgsCaller.run(RuntimeInit.java:603)
01-31 11:00:17.113 32750 32750 W System.err: at com.android.internal.os.ZygoteInit.main(ZygoteInit.java:948)
01-31 11:00:17.128 32750 32750 E CustomActivityOnCrash: IMPORTANT WARNING! You already have an UncaughtExceptionHandler, are you sure this is correct? If you use a custom UncaughtExceptionHandler, you must initialize it AFTER CustomActivityOnCrash! Installing anyway, but your original handler will not be called.
01-31 11:00:17.439 32750 32750 W com.mbwhatsapp: Accessing hidden method Lcom/android/org/conscrypt/OpenSSLSocketImpl;->setUseSessionTickets(Z)V (greylist- max-q,core-platform-api, reflection, denied)
01-31 11:00:17.439 32750 32750 W com.mbwhatsapp: Accessing hidden method Lcom/android/org/conscrypt/AbstractConscryptSocket;->setUseSessionTickets(Z)V (greylist-max-q, reflection, denied)
01-31 11:00:17.483 32750 32750 W com.mbwhatsapp: type=1400 audit(0.0:29160): avc: granted { execute } for path="/data/data/com.mbwhatsapp/files/decompressed/libs.spk.zst/libc++_shared.so" dev="dm-11" ino=1413551 scontext=u:r:untrusted_app:s0:c209,c256,c512,c768 tcontext=u:object_r:app_data_file:s0:c209,c256,c512,c768 tclass=file app=com.mbwhatsapp
01-31 11:00:17.487 32750 32750 W com.mbwhatsapp: type=1400 audit(0.0:29161): avc: granted { execute } for path="/data/data/com.mbwhatsapp/files/decompressed/libs.spk.zst/libvlc.so" dev="dm- 11" ino=1413550 scontext=u:r:untrusted_app:s0:c209,c256,c512,c768 tcontext=u:object_r:app_data_file:s0:c209,c256,c512,c768 tclass=file app=com.mbwhatsapp
01-31 11:00:17.499 32750 32750 W com.mbwhatsapp: type=1400 audit(0.0:29162): avc: granted { execute } for path="/data/data/com.mbwhatsapp/files/decompressed/libs.spk.zst/libwhatsapp.so" dev="dm-11" ino=1413553 scontext=u:r:untrusted_app:s0:c209,c256,c512,c768 tcontext=u:object_r:app_data_file:s0:c209,c256,c512,c768 tclass=file app=com.mbwhatsapp
01-31 11:00:17.563 32750 32750 W com.mbwhatsapp: type=1400 audit(0.0:29163): avc: granted { execute } for path="/data/data/com.mbwhatsapp/files/decompressed/libs.spk.zst/libcurve25519.so" dev="dm-11" ino=1410884 scontext=u:r:untrusted_app:s0:c209,c256,c512,c768 tcontext=u:object_r:app_data_file:s0:c209,c256,c512,c768 tclass=file app=com.mbwhatsapp
01-31 11:00:17.571 32750 32750 W com.mbwhatsapp: type=1400 audit(0.0:29164): avc: granted { execute } for path="/data/data/com.mbwhatsapp/files/decompressed/libs.spk.zst/libwhatsapp.so" dev="dm-11" ino=1413553 scontext=u:r:untrusted_app:s0:c209,c256,c512,c768 tcontext=u:object_r:app_data_file:s0:c209,c256,c512,c768 tclass=file app=com.mbwhatsapp
01-31 11:00:17.633 32750 32750 W CheckTime: App running slow: Executing handleBindApplication : callApplicationOnCreate took 465ms
01-31 11:00:17.646 32750 381 W com.mbwhatsapp: Class X.2rL failed lock verification and will run slower.
01-31 11:00:17.646 32750 381 W com.mbwhatsapp: Common causes for lock verification issues are non-optimized dex code
01-31 11:00:17.646 32750 381 W com.mbwhatsapp: and incorrect proguard optimizations.
01-31 11:00:17.667 32750 32750 W com.mbwhatsapp: Class X.0eU failed lock verification and will run slower.
01-31 11:00:17.789 32750 32750 W com.mbwhatsapp: Class com.mbwhatsapp.HomeActivity failed lock verification and will run slower.
01-31 11:00:17.833 32750 32750 E ArmVmp : Match on catch block at 0xb0 in for 0xd9
01-31 11:00:17.880 32750 32750 E ArmVmp : Match on catch block at 0xb0 in for 0xd1
01-31 11:00:18.037 32750 32750 E ArmVmp : Match on catch block at 0x0a in for 0xb1
01-31 11:00:18.068 32750 32750 E ArmVmp : Match on catch block at 0x0a in for 0x125
01-31 11:00:18.411 32750 389 E libc : Access denied finding property "vendor.mali.config"
01-31 11:00:18.454 32750 32750 E ArmVmp : Match on catch block at 0xb0 in for 0xe5
01-31 11:00:18.561 32750 32750 E ArmVmp : Match on catch block at 0xb0 in for 0xe5
01-31 11:00:18.602 32750 32750 E ArmVmp : Match on catch block at 0xb0 in for 0xe5
01-31 11:00:18.645 32750 32750 E ArmVmp : Match on catch block at 0xb0 in for 0xe1
01-31 11:00:18.688 32750 32750 E ArmVmp : Match on catch block at 0xb0 in for 0xe9
01-31 11:00:18.749 32750 32750 E ArmVmp : Match on catch block at 0xb0 in for 0xe5
01-31 11:00:18.802 32750 32750 E ArmVmp : Match on catch block at 0xb0 in for 0xe9
01-31 11:00:18.863 32750 32750 E ArmVmp : Match on catch block at 0xb0 in for 0xe9
01-31 11:00:18.917 32750 32750 E ArmVmp : Match on catch block at 0xb0 in for 0xe9
01-31 11:00:18.972 32750 32750 E ArmVmp : Match on catch block at 0xb0 in for 0xe9
01-31 11:00:19.020 32750 32750 E ArmVmp : Match on catch block at 0xb0 in for 0xe9
01-31 11:00:19.054 32750 32750 E ArmVmp : Match on catch block at 0xb0 in for 0xe9
01-31 11:00:19.109 32750 32750 E ArmVmp : Match on catch block at 0xb0 in for 0xe9
01-31 11:00:19.165 32750 32750 E ArmVmp : Match on catch block at 0xb0 in for 0xe9
01-31 11:00:19.214 32750 32750 E ArmVmp : Match on catch block at 0xb0 in for 0xe1
01-31 11:00:19.264 32750 32750 E ArmVmp : Match on catch block at 0xb0 in for 0xe1
01-31 11:00:19.307 32750 32750 E RecyclerView: No adapter attached; skipping layout
01-31 11:00:19.338 32750 389 E libc : Access denied finding property "persist.vendor.sf.fbc"
01-31 11:00:19.338 32750 389 E libc : Access denied finding property "persist.vendor.gpu.fbc"
01-31 11:00:19.338 32750 389 E libc : Access denied finding property "persist.vendor.vsp.fbc"
01-31 11:00:19.538 32750 32750 E RecyclerView: No adapter attached; skipping layout
01-31 11:00:19.578 32750 32750 E ArmVmp : Match on catch block at 0x0a in for 0xc5
01-31 11:00:19.767 32750 694 W LOTTIE : Animation contains merge paths. Merge paths are only supported on KitKat+ and must be manually enabled by calling enableMergePathsForKitKatAndAbove().
01-31 11:00:19.821 32750 32750 E ArmVmp : Match on catch block at 0xb0 in for 0x111
01-31 11:00:19.828 32750 32750 E ArmVmp : Match on catch block at 0xb0 in for 0x111
01-31 11:00:19.833 32750 32750 E ArmVmp : Match on catch block at 0xb0 in for 0x111
01-31 11:00:19.910 32750 32750 E ArmVmp : Match on catch block at 0xb0 in for 0x115
01-31 11:00:19.920 32750 32750 E ArmVmp : Match on catch block at 0xb0 in for 0x115
