02-23 19:11:49.590 3850 3850 W View : requestLayout() improperly called by com.mbwhatsapp.WaImageView{165d4e6 VFED..C.. ......ID 16,1136-112,1232 #7f0b0b0d app:id/gallery_btn} during layout: running second layout pass
02-23 19:11:49.590 3850 3850 W View : requestLayout() improperly called by com.mbwhatsapp.WaImageView{f1dea27 VF.D..C.. ......ID 608,16-704,112 #7f0b0a9c app:id/flash_btn} during layout: running second layout pass
02-23 19:11:49.590 3850 3850 W View : requestLayout() improperly called by com.mbwhatsapp.WaImageView{e3ec4d4 VFED..C.. ......I. 16,16-112,112 #7f0b057f app:id/close_camera_btn} during layout: running second layout pass
02-23 19:11:49.597 3850 3850 E ArmVmp : Match on catch block at 0xc3 in for 0x91
02-23 19:11:49.606 3850 3850 E ArmVmp : Match on catch block at 0xc3 in for 0x95
02-23 19:11:49.610 3850 3850 E ArmVmp : Match on catch block at 0xc3 in for 0x95
02-23 19:11:50.134 3850 3850 E ArmVmp : Match on catch block at 0xc3 in for 0x99
02-23 19:11:50.143 3850 3850 E ArmVmp : Match on catch block at 0xc3 in for 0x91
02-23 19:11:50.146 3850 3850 E ArmVmp : Match on catch block at 0xc3 in for 0x91
02-23 19:11:50.272 3850 3850 W Optic-Task-Hand: type=1400 audit(0.0:2126): avc: denied { getattr } for name="dmabuf:" dev="dmabuf" ino=1 scontext=u:r:untrusted_app:s0:c209,c256,c512,c768 tcontext=u:object_r:unlabeled:s0 tclass=filesystem permissive=0 app=com.mbwhatsapp
02-23 19:11:50.288 3850 3850 W Optic-Task-Hand: type=1400 audit(0.0:2127): avc: denied { getattr } for name="dmabuf:" dev="dmabuf" ino=1 scontext=u:r:untrusted_app:s0:c209,c256,c512,c768 tcontext=u:object_r:unlabeled:s0 tclass=filesystem permissive=0 app=com.mbwhatsapp
02-23 19:11:50.328 3850 3850 W Optic-Task-Hand: type=1400 audit(0.0:2128): avc: denied { getattr } for name="dmabuf:" dev="dmabuf" ino=1 scontext=u:r:untrusted_app:s0:c209,c256,c512,c768 tcontext=u:object_r:unlabeled:s0 tclass=filesystem permissive=0 app=com.mbwhatsapp
02-23 19:11:50.380 3850 3850 W Optic-Task-Hand: type=1400 audit(0.0:2129): avc: denied { getattr } for name="dmabuf:" dev="dmabuf" ino=1 scontext=u:r:untrusted_app:s0:c209,c256,c512,c768 tcontext=u:object_r:unlabeled:s0 tclass=filesystem permissive=0 app=com.mbwhatsapp
02-23 19:11:50.428 3850 3850 W Optic-Task-Hand: type=1400 audit(0.0:2130): avc: denied { getattr } for name="dmabuf:" dev="dmabuf" ino=1 scontext=u:r:untrusted_app:s0:c209,c256,c512,c768 tcontext=u:object_r:unlabeled:s0 tclass=filesystem permissive=0 app=com.mbwhatsapp
02-23 19:11:51.800 3850 3850 W Optic-Task-Hand: type=1400 audit(0.0:2132): avc: denied { getattr } for name="dmabuf:" dev="dmabuf" ino=1 scontext=u:r:untrusted_app:s0:c209,c256,c512,c768 tcontext=u:object_r:unlabeled:s0 tclass=filesystem permissive=0 app=com.mbwhatsapp
02-23 19:11:52.028 3850 3850 W Optic-Task-Hand: type=1400 audit(0.0:2133): avc: denied { getattr } for name="dmabuf:" dev="dmabuf" ino=1 scontext=u:r:untrusted_app:s0:c209,c256,c512,c768 tcontext=u:object_r:unlabeled:s0 tclass=filesystem permissive=0 app=com.mbwhatsapp
02-23 19:11:52.060 3850 3850 W Optic-Task-Hand: type=1400 audit(0.0:2134): avc: denied { getattr } for name="dmabuf:" dev="dmabuf" ino=1 scontext=u:r:untrusted_app:s0:c209,c256,c512,c768 tcontext=u:object_r:unlabeled:s0 tclass=filesystem permissive=0 app=com.mbwhatsapp
02-23 19:11:52.092 3850 3850 W Optic-Task-Hand: type=1400 audit(0.0:2135): avc: denied { getattr } for name="dmabuf:" dev="dmabuf" ino=1 scontext=u:r:untrusted_app:s0:c209,c256,c512,c768 tcontext=u:object_r:unlabeled:s0 tclass=filesystem permissive=0 app=com.mbwhatsapp
02-23 19:11:52.128 3850 3850 W Optic-Task-Hand: type=1400 audit(0.0:2136): avc: denied { getattr } for name="dmabuf:" dev="dmabuf" ino=1 scontext=u:r:untrusted_app:s0:c209,c256,c512,c768 tcontext=u:object_r:unlabeled:s0 tclass=filesystem permissive=0 app=com.mbwhatsapp --------- beginning of system
02-23 21:15:58.238 3850 3850 W ViewRootImpl[MediaComposerActivity]: Dropping event due to no window focus: MotionEvent { action=ACTION_DOWN, actionButton=0, id[0]=0, x[0]=657.0, y[0]=1520.0, toolType[0]=TOOL_TYPE_FINGER, buttonState=0, classification=NONE, metaState=0, flags=0x0, edgeFlags=0x0, pointerCount=1, historySize=0, eventTime=6527537, downTime=6527537, deviceId=2, source=0x1002, displayId=0 }
02-23 21:15:58.244 3850 3850 W ViewRootImpl[MediaComposerActivity]: Cancelling event due to no window focus: MotionEvent { action=ACTION_CANCEL, actionButton=0, id[0]=0, x[0]=657.0, y[0]=1520.0, toolType[0]=TOOL_TYPE_FINGER, buttonState=0, classification=NONE, metaState=0, flags=0x0, edgeFlags=0x0, pointerCount=1, historySize=0, eventTime=6527555, downTime=6527537, deviceId=2, source=0x1002, displayId=0 }
02-23 21:15:58.245 3850 3850 W ViewRootImpl[MediaComposerActivity]: Cancelling event due to no window focus: MotionEvent { action=ACTION_CANCEL, actionButton=0, id[0]=0, x[0]=657.0, y[0]=1520.0, toolType[0]=TOOL_TYPE_FINGER, buttonState=0, classification=NONE, metaState=0, flags=0x0, edgeFlags=0x0, pointerCount=1, historySize=0, eventTime=6527555, downTime=6527537, deviceId=2, source=0x1002, displayId=0 } --------- beginning of main
02-23 21:27:58.505 4718 4718 W System.err: at android.os.Handler.dispatchMessage(Handler.java:106)
02-23 21:27:58.505 4718 4718 W System.err: at android.os.Looper.loop(Looper.java:223)
02-23 21:27:58.505 4718 4718 W System.err: at android.app.ActivityThread.main(ActivityThread.java:7974)
02-23 21:27:58.505 4718 4718 W System.err: at java.lang.reflect.Method.invoke(Native Method)
02-23 21:27:58.505 4718 4718 W System.err: at com.android.internal.os.RuntimeInit$MethodAndArgsCaller.run(RuntimeInit.java:603)
02-23 21:27:58.505 4718 4718 W System.err: at com.android.internal.os.ZygoteInit.main(ZygoteInit.java:948)
02-23 21:27:58.622 4718 4718 E CustomActivityOnCrash: IMPORTANT WARNING! You already have an UncaughtExceptionHandler, are you sure this is correct? If you use a custom UncaughtExceptionHandler, you must initialize it AFTER CustomActivityOnCrash! Installing anyway, but your original handler will not be called.
02-23 21:27:59.045 4718 4718 W com.mbwhatsapp: Accessing hidden method Lcom/android/org/conscrypt/OpenSSLSocketImpl;->setUseSessionTickets(Z)V (greylist- max-q,core-platform-api, reflection, denied)
02-23 21:27:59.046 4718 4718 W com.mbwhatsapp: Accessing hidden method Lcom/android/org/conscrypt/AbstractConscryptSocket;->setUseSessionTickets(Z)V (greylist-max-q, reflection, denied)
02-23 21:27:59.207 4718 4718 W com.mbwhatsapp: type=1400 audit(0.0:22572): avc: granted { execute } for path="/data/data/com.mbwhatsapp/files/decompressed/libs.spk.zst/libc++_shared.so" dev="dm-11" ino=1413551 scontext=u:r:untrusted_app:s0:c209,c256,c512,c768 tcontext=u:object_r:app_data_file:s0:c209,c256,c512,c768 tclass=file app=com.mbwhatsapp
02-23 21:27:59.215 4718 4718 W com.mbwhatsapp: type=1400 audit(0.0:22573): avc: granted { execute } for path="/data/data/com.mbwhatsapp/files/decompressed/libs.spk.zst/libvlc.so" dev="dm- 11" ino=1413550 scontext=u:r:untrusted_app:s0:c209,c256,c512,c768 tcontext=u:object_r:app_data_file:s0:c209,c256,c512,c768 tclass=file app=com.mbwhatsapp
02-23 21:27:59.231 4718 4718 W com.mbwhatsapp: type=1400 audit(0.0:22574): avc: granted { execute } for path="/data/data/com.mbwhatsapp/files/decompressed/libs.spk.zst/libwhatsapp.so" dev="dm-11" ino=1413553 scontext=u:r:untrusted_app:s0:c209,c256,c512,c768 tcontext=u:object_r:app_data_file:s0:c209,c256,c512,c768 tclass=file app=com.mbwhatsapp
02-23 21:27:59.331 4718 4718 W com.mbwhatsapp: type=1400 audit(0.0:22575): avc: granted { execute } for path="/data/data/com.mbwhatsapp/files/decompressed/libs.spk.zst/libcurve25519.so" dev="dm-11" ino=1410884 scontext=u:r:untrusted_app:s0:c209,c256,c512,c768 tcontext=u:object_r:app_data_file:s0:c209,c256,c512,c768 tclass=file app=com.mbwhatsapp
02-23 21:27:59.343 4718 4718 W com.mbwhatsapp: type=1400 audit(0.0:22576): avc: granted { execute } for path="/data/data/com.mbwhatsapp/files/decompressed/libs.spk.zst/libwhatsapp.so" dev="dm-11" ino=1413553 scontext=u:r:untrusted_app:s0:c209,c256,c512,c768 tcontext=u:object_r:app_data_file:s0:c209,c256,c512,c768 tclass=file app=com.mbwhatsapp
02-23 21:27:59.528 4718 4718 W CheckTime: App running slow: Executing handleBindApplication : callApplicationOnCreate took 833ms
02-23 21:27:59.584 4718 4826 W com.mbwhatsapp: Class X.2rL failed lock verification and will run slower.
02-23 21:27:59.584 4718 4826 W com.mbwhatsapp: Common causes for lock verification issues are non-optimized dex code
02-23 21:27:59.584 4718 4826 W com.mbwhatsapp: and incorrect proguard optimizations. --------- beginning of system
02-24 06:56:40.865 4718 4718 W ViewRootImpl[MediaViewActivity]: Dropping event due to no window focus: MotionEvent { action=ACTION_DOWN, actionButton=0, id[0]=0, x[0]=719.0, y[0]=1146.0, toolType[0]=TOOL_TYPE_FINGER, buttonState=0, classification=NONE, metaState=0, flags=0x0, edgeFlags=0x0, pointerCount=1, historySize=0, eventTime=25315601, downTime=25315601, deviceId=2, source=0x1002, displayId=0 }
02-24 06:56:45.830 4718 7692 E ActivityThread: Failed to find provider info for androidx.car.app.connection --------- beginning of main
02-24 07:15:32.876 4718 4718 E ArmVmp : Match on catch block at 0xc3 in for 0x99
02-24 07:15:32.961 4718 4718 E ArmVmp : Match on catch block at 0xc3 in for 0x95
02-24 07:15:32.963 4718 4718 E ArmVmp : Match on catch block at 0xc3 in for 0x99
02-24 07:15:32.981 4718 4718 E ArmVmp : Match on catch block at 0xc3 in for 0x95
02-24 07:15:32.984 4718 4718 E ArmVmp : Match on catch block at 0xc3 in for 0x99
02-24 07:15:32.994 4718 4718 E ArmVmp : Match on catch block at 0xc3 in for 0x99
02-24 07:15:32.999 4718 4718 E ArmVmp : Match on catch block at 0xc3 in for 0x91
02-24 07:15:39.216 10614 10614 E com.mbwhatsapp: Not starting debugger since process cannot load the jdwp agent.
02-24 07:15:39.268 10614 10614 W com.mbwhatsapp: Insufficient pre-allocated space to mmap vdex.
02-24 07:15:39.349 10614 10614 W System.err: java.lang.ClassNotFoundException: mbmodsd.mbmodsw.ui.views.btn.BtnBK
02-24 07:15:39.350 10614 10614 W System.err: at java.lang.Runtime.nativeLoad(Native Method)
02-24 07:15:39.350 10614 10614 W System.err: at java.lang.Runtime.nativeLoad(Runtime.java:1131)
02-24 07:15:39.350 10614 10614 W System.err: at java.lang.Runtime.loadLibrary0(Runtime.java:1085)
02-24 07:15:39.350 10614 10614 W System.err: at java.lang.Runtime.loadLibrary0(Runtime.java:1008)
02-24 07:15:39.350 10614 10614 W System.err: at java.lang.System.loadLibrary(System.java:1664)
02-24 07:15:39.350 10614 10614 W System.err: at arm.EpicVm.<clinit>(Unknown Source:2)
02-24 07:15:39.350 10614 10614 W System.err: at java.lang.Class.newInstance(Native Method)
02-24 07:15:39.350 10614 10614 W System.err: at android.app.AppComponentFactory.instantiateApplication(AppComponentFactory.java:76)
02-24 07:15:39.350 10614 10614 W System.err: at androidx.core.app.CoreComponentFactory.instantiateApplication(Unknown Source:0)
02-24 07:15:39.350 10614 10614 W System.err: at android.app.Instrumentation.newApplication(Instrumentation.java:1158)
02-24 07:15:39.350 10614 10614 W System.err: at android.app.LoadedApk.makeApplication(LoadedApk.java:1268)
02-24 07:15:39.350 10614 10614 W System.err: at android.app.ActivityThread.handleBindApplication(ActivityThread.java:6908)
02-24 07:15:39.350 10614 10614 W System.err: at android.app.ActivityThread.access$1300(ActivityThread.java:260)
02-24 07:15:39.350 10614 10614 W System.err: at android.app.ActivityThread$H.handleMessage(ActivityThread.java:1955)
02-24 07:15:39.350 10614 10614 W System.err: at android.os.Handler.dispatchMessage(Handler.java:106)
02-24 07:15:39.350 10614 10614 W System.err: at android.os.Looper.loop(Looper.java:223)
02-24 07:15:39.351 10614 10614 W System.err: at android.app.ActivityThread.main(ActivityThread.java:7974)
02-24 07:15:39.351 10614 10614 W System.err: at java.lang.reflect.Method.invoke(Native Method)
02-24 07:15:39.351 10614 10614 W System.err: at com.android.internal.os.RuntimeInit$MethodAndArgsCaller.run(RuntimeInit.java:603)
02-24 07:15:39.351 10614 10614 W System.err: at com.android.internal.os.ZygoteInit.main(ZygoteInit.java:948)
02-24 07:15:39.468 10614 10614 E CustomActivityOnCrash: IMPORTANT WARNING! You already have an UncaughtExceptionHandler, are you sure this is correct? If you use a custom UncaughtExceptionHandler, you must initialize it AFTER CustomActivityOnCrash! Installing anyway, but your original handler will not be called.
02-24 07:15:40.030 10614 10614 W com.mbwhatsapp: Accessing hidden method Lcom/android/org/conscrypt/OpenSSLSocketImpl;->setUseSessionTickets(Z)V (greylist- max-q,core-platform-api, reflection, denied)
02-24 07:15:40.031 10614 10614 W com.mbwhatsapp: Accessing hidden method Lcom/android/org/conscrypt/AbstractConscryptSocket;->setUseSessionTickets(Z)V (greylist-max-q, reflection, denied)
02-24 07:15:40.132 10614 10614 W com.mbwhatsapp: type=1400 audit(0.0:61642): avc: granted { execute } for path="/data/data/com.mbwhatsapp/files/decompressed/libs.spk.zst/libc++_shared.so" dev="dm-11" ino=1413551 scontext=u:r:untrusted_app:s0:c209,c256,c512,c768 tcontext=u:object_r:app_data_file:s0:c209,c256,c512,c768 tclass=file app=com.mbwhatsapp
02-24 07:15:40.140 10614 10614 W com.mbwhatsapp: type=1400 audit(0.0:61643): avc: granted { execute } for path="/data/data/com.mbwhatsapp/files/decompressed/libs.spk.zst/libvlc.so" dev="dm- 11" ino=1413550 scontext=u:r:untrusted_app:s0:c209,c256,c512,c768 tcontext=u:object_r:app_data_file:s0:c209,c256,c512,c768 tclass=file app=com.mbwhatsapp
02-24 07:15:40.152 10614 10614 W com.mbwhatsapp: type=1400 audit(0.0:61644): avc: granted { execute } for path="/data/data/com.mbwhatsapp/files/decompressed/libs.spk.zst/libwhatsapp.so" dev="dm-11" ino=1413553 scontext=u:r:untrusted_app:s0:c209,c256,c512,c768 tcontext=u:object_r:app_data_file:s0:c209,c256,c512,c768 tclass=file app=com.mbwhatsapp
02-24 07:15:40.288 10614 10614 W com.mbwhatsapp: type=1400 audit(0.0:61645): avc: granted { execute } for path="/data/data/com.mbwhatsapp/files/decompressed/libs.spk.zst/libcurve25519.so" dev="dm-11" ino=1410884 scontext=u:r:untrusted_app:s0:c209,c256,c512,c768 tcontext=u:object_r:app_data_file:s0:c209,c256,c512,c768 tclass=file app=com.mbwhatsapp
02-24 07:15:40.300 10614 10614 W com.mbwhatsapp: type=1400 audit(0.0:61646): avc: granted { execute } for path="/data/data/com.mbwhatsapp/files/decompressed/libs.spk.zst/libwhatsapp.so" dev="dm-11" ino=1413553 scontext=u:r:untrusted_app:s0:c209,c256,c512,c768 tcontext=u:object_r:app_data_file:s0:c209,c256,c512,c768 tclass=file app=com.mbwhatsapp
02-24 07:15:40.535 10614 10614 W CheckTime: App running slow: Executing handleBindApplication : callApplicationOnCreate took 1018ms
02-24 07:15:40.542 10614 10664 W com.mbwhatsapp: Class X.2rL failed lock verification and will run slower.
02-24 07:15:40.542 10614 10664 W com.mbwhatsapp: Common causes for lock verification issues are non-optimized dex code
02-24 07:15:40.542 10614 10664 W com.mbwhatsapp: and incorrect proguard optimizations.
02-24 07:15:42.295 10614 10614 W com.mbwhatsapp: Class X.0eU failed lock verification and will run slower.
02-24 07:15:42.429 10614 10614 W com.mbwhatsapp: Class com.mbwhatsapp.HomeActivity failed lock verification and will run slower.
02-24 07:15:42.495 10614 10614 E ArmVmp : Match on catch block at 0xb0 in for 0xd1
02-24 07:15:42.561 10614 10614 E ArmVmp : Match on catch block at 0xb0 in for 0xd5
02-24 07:15:42.807 10614 10614 E ArmVmp : Match on catch block at 0x0a in for 0xb1
02-24 07:15:42.847 10614 10614 E ArmVmp : Match on catch block at 0x0a in for 0x125
02-24 07:15:42.985 10614 10676 E ArmVmp : No matching catch block at 0x07
02-24 07:15:42.985 10614 10676 E ArmVmp : Match on catch block at 0x02 in for 0x25
02-24 07:15:42.986 10614 10676 W System.err: java.net.UnknownHostException: Unable to resolve host "pastebin.com": No address associated with hostname
02-24 07:15:42.986 10614 10676 W System.err:
02-24 07:15:42.986 10614 10676 W System.err: at java.net.Inet6AddressImpl.lookupHostByName(Inet6AddressImpl.java:156)
02-24 07:15:42.986 10614 10676 W System.err:
02-24 07:15:42.986 10614 10676 W System.err: at java.net.Inet6AddressImpl.lookupAllHostAddr(Inet6AddressImpl.java:103)
02-24 07:15:42.986 10614 10676 W System.err:
02-24 07:15:42.986 10614 10676 W System.err: at java.net.InetAddress.getAllByName(InetAddress.java:1152)
02-24 07:15:42.986 10614 10676 W System.err:
02-24 07:15:42.986 10614 10676 W System.err: at com.android.okhttp.Dns$1.lookup(Dns.java:41)
02-24 07:15:42.986 10614 10676 W System.err:
02-24 07:15:42.986 10614 10676 W System.err: at com.android.okhttp.internal.http.RouteSelector.resetNextInetSocketAddress(RouteSele ctor.java:178)
02-24 07:15:42.986 10614 10676 W System.err:
02-24 07:15:42.987 10614 10676 W System.err: at com.android.okhttp.internal.http.RouteSelector.nextProxy(RouteSelector.java:144)
02-24 07:15:42.987 10614 10676 W System.err:
02-24 07:15:42.987 10614 10676 W System.err: at com.android.okhttp.internal.http.RouteSelector.next(RouteSelector.java:86)
02-24 07:15:42.987 10614 10676 W System.err:
02-24 07:15:42.987 10614 10676 W System.err: at com.android.okhttp.internal.http.StreamAllocation.findConnection(StreamAllocation.j ava:176)
02-24 07:15:42.987 10614 10676 W System.err:
02-24 07:15:42.987 10614 10676 W System.err: at com.android.okhttp.internal.http.StreamAllocation.findHealthyConnection(StreamAlloc ation.java:128)
02-24 07:15:42.987 10614 10676 W System.err:
02-24 07:15:42.987 10614 10676 W System.err: at com.android.okhttp.internal.http.StreamAllocation.newStream(StreamAllocation.java:9 7)
02-24 07:15:42.987 10614 10676 W System.err:
02-24 07:15:42.987 10614 10676 W System.err: at com.android.okhttp.internal.http.HttpEngine.connect(HttpEngine.java:289)
02-24 07:15:42.987 10614 10676 W System.err:
02-24 07:15:42.987 10614 10676 W System.err: at com.android.okhttp.internal.http.HttpEngine.sendRequest(HttpEngine.java:232)
02-24 07:15:42.987 10614 10676 W System.err:
02-24 07:15:42.988 10614 10676 W System.err: at com.android.okhttp.internal.huc.HttpURLConnectionImpl.execute(HttpURLConnectionImpl .java:465)
02-24 07:15:42.988 10614 10676 W System.err:
02-24 07:15:42.988 10614 10676 W System.err: at com.android.okhttp.internal.huc.HttpURLConnectionImpl.getResponse(HttpURLConnection Impl.java:411)
02-24 07:15:42.988 10614 10676 W System.err:
02-24 07:15:42.988 10614 10676 W System.err: at com.android.okhttp.internal.huc.HttpURLConnectionImpl.getInputStream(HttpURLConnect ionImpl.java:248)
02-24 07:15:42.988 10614 10676 W System.err:
02-24 07:15:42.988 10614 10676 W System.err: at com.android.okhttp.internal.huc.DelegatingHttpsURLConnection.getInputStream(Delegat ingHttpsURLConnection.java:211)
02-24 07:15:42.988 10614 10676 W System.err:
02-24 07:15:42.988 10614 10676 W System.err: at com.android.okhttp.internal.huc.HttpsURLConnectionImpl.getInputStream(HttpsURLConne ctionImpl.java:30)
02-24 07:15:42.988 10614 10676 W System.err:
02-24 07:15:42.988 10614 10676 W System.err: at java.net.URL.openStream(URL.java:1072)
02-24 07:15:42.988 10614 10676 W System.err:
02-24 07:15:42.988 10614 10676 W System.err: at mbmodsd.mbmodsw.mbdialog.MBDialogMan.loadJsonFromUrl(Native Method)
02-24 07:15:42.989 10614 10676 W System.err:
02-24 07:15:42.989 10614 10676 W System.err: at mbmodsd.mbmodsw.mbdialog.MBDialogMan.access$000(Native Method)
02-24 07:15:42.989 10614 10676 W System.err:
02-24 07:15:42.989 10614 10676 W System.err: at mbmodsd.mbmodsw.mbdialog.MBDialogMan$FetchJsonTask.doInBackground(Native Method)
02-24 07:15:42.989 10614 10676 W System.err:
02-24 07:15:42.989 10614 10676 W System.err: at mbmodsd.mbmodsw.mbdialog.MBDialogMan$FetchJsonTask.doInBackground(Native Method)
02-24 07:15:42.989 10614 10676 W System.err:
02-24 07:15:42.989 10614 10676 W System.err: at android.os.AsyncTask$3.call(AsyncTask.java:394)
02-24 07:15:42.989 10614 10676 W System.err:
02-24 07:15:42.989 10614 10676 W System.err: at java.util.concurrent.FutureTask.run(FutureTask.java:266)
02-24 07:15:42.989 10614 10676 W System.err:
02-24 07:15:42.990 10614 10676 W System.err: at android.os.AsyncTask$SerialExecutor$1.run(AsyncTask.java:305)
02-24 07:15:42.990 10614 10676 W System.err:
02-24 07:15:42.990 10614 10676 W System.err: at java.util.concurrent.ThreadPoolExecutor.runWorker(ThreadPoolExecutor.java:1167)
02-24 07:15:42.990 10614 10676 W System.err:
02-24 07:15:42.990 10614 10676 W System.err: at java.util.concurrent.ThreadPoolExecutor$Worker.run(ThreadPoolExecutor.java:641)
02-24 07:15:42.990 10614 10676 W System.err:
02-24 07:15:42.990 10614 10676 W System.err: at java.lang.Thread.run(Thread.java:923)
02-24 07:15:42.990 10614 10676 W System.err:
02-24 07:15:42.990 10614 10676 W System.err: Caused by: android.system.GaiException: android_getaddrinfo failed: EAI_NODATA (No address associated with hostname)
02-24 07:15:42.990 10614 10676 W System.err:
02-24 07:15:42.991 10614 10676 W System.err: at libcore.io.Linux.android_getaddrinfo(Native Method)
02-24 07:15:42.991 10614 10676 W System.err:
02-24 07:15:42.991 10614 10676 W System.err: at libcore.io.ForwardingOs.android_getaddrinfo(ForwardingOs.java:73)
02-24 07:15:42.991 10614 10676 W System.err:
02-24 07:15:42.991 10614 10676 W System.err: at libcore.io.BlockGuardOs.android_getaddrinfo(BlockGuardOs.java:202)
02-24 07:15:42.991 10614 10676 W System.err:
02-24 07:15:42.991 10614 10676 W System.err: at libcore.io.ForwardingOs.android_getaddrinfo(ForwardingOs.java:73)
02-24 07:15:42.991 10614 10676 W System.err:
02-24 07:15:42.991 10614 10676 W System.err: at java.net.Inet6AddressImpl.lookupHostByName(Inet6AddressImpl.java:135)
02-24 07:15:42.991 10614 10676 W System.err:
02-24 07:15:42.991 10614 10676 W System.err: ... 27 more
02-24 07:15:42.991 10614 10676 W System.err:
02-24 07:15:43.549 10614 10706 E libc : Access denied finding property "vendor.mali.config"
02-24 07:15:43.629 10614 10614 E ArmVmp : Match on catch block at 0xb0 in for 0xe1
02-24 07:15:43.817 10614 10614 E ArmVmp : Match on catch block at 0xb0 in for 0xe9
02-24 07:15:43.911 10614 10614 E ArmVmp : Match on catch block at 0xb0 in for 0xe9
02-24 07:15:43.979 10614 10614 E ArmVmp : Match on catch block at 0xb0 in for 0xe9
02-24 07:15:44.044 10614 10614 E ArmVmp : Match on catch block at 0xb0 in for 0xe5
02-24 07:15:44.108 10614 10614 E ArmVmp : Match on catch block at 0xb0 in for 0xe9
02-24 07:15:44.173 10614 10614 E ArmVmp : Match on catch block at 0xb0 in for 0xe9
02-24 07:15:44.234 10614 10614 E ArmVmp : Match on catch block at 0xb0 in for 0xe9
02-24 07:15:44.309 10614 10614 E ArmVmp : Match on catch block at 0xb0 in for 0xe1
02-24 07:15:44.383 10614 10614 E ArmVmp : Match on catch block at 0xb0 in for 0xe5
02-24 07:15:44.609 10614 10614 E ArmVmp : Match on catch block at 0xb0 in for 0xe5
02-24 07:15:44.674 10614 10614 E ArmVmp : Match on catch block at 0xb0 in for 0xe5
02-24 07:15:44.802 10614 10614 E ArmVmp : Match on catch block at 0xb0 in for 0xe5
02-24 07:15:44.854 10614 10614 E RecyclerView: No adapter attached; skipping layout
02-24 07:15:44.894 10614 10706 E libc : Access denied finding property "persist.vendor.sf.fbc"
02-24 07:15:44.894 10614 10706 E libc : Access denied finding property "persist.vendor.gpu.fbc"
02-24 07:15:44.894 10614 10706 E libc : Access denied finding property "persist.vendor.vsp.fbc"
02-24 07:15:45.009 10614 10614 E RecyclerView: No adapter attached; skipping layout
02-24 07:15:45.055 10614 10614 E ArmVmp : Match on catch block at 0x0a in for 0xc1
02-24 07:15:45.264 10614 10766 W LOTTIE : Animation contains merge paths. Merge paths are only supported on KitKat+ and must be manually enabled by calling enableMergePathsForKitKatAndAbove().
02-24 07:15:45.322 10614 10614 E ArmVmp : Match on catch block at 0xb0 in for 0x115
02-24 07:15:45.329 10614 10614 E ArmVmp : Match on catch block at 0xb0 in for 0x115
02-24 07:15:45.338 10614 10614 E ArmVmp : Match on catch block at 0xb0 in for 0x115
02-24 07:15:45.347 10614 10614 E ArmVmp : Match on catch block at 0xb0 in for 0x115
02-24 07:15:45.418 10614 10614 E ArmVmp : Match on catch block at 0xb0 in for 0x119
02-24 07:15:45.435 10614 10614 E ArmVmp : Match on catch block at 0xb0 in for 0x119
02-24 07:15:45.584 10614 10614 W LOTTIE : Animation contains merge paths but they are disabled.
02-24 07:15:45.660 10614 10614 E ArmVmp : Match on catch block at 0xb0 in for 0xe5
02-24 07:15:45.920 10614 10614 E ArmVmp : Match on catch block at 0xb0 in for 0xd9
02-24 07:15:45.948 10614 10614 E ArmVmp : Match on catch block at 0xb0 in for 0xd1
02-24 07:15:49.268 10614 10785 E RenderScript: Failed loading RS driver: dlopen failed: library "libRSDriverArm.so" not found
02-24 07:15:49.268 10614 10785 E RenderScript: Failed to load runtime libRSDriverArm.so, loading default
02-24 07:15:49.466 10614 10614 E ArmVmp : Match on catch block at 0xb0 in for 0xd1
02-24 07:15:49.471 10614 10614 E ArmVmp : Match on catch block at 0xb0 in for 0xd5
02-24 07:15:49.512 10614 10614 E ArmVmp : Match on catch block at 0x0a in for 0xb5
02-24 07:15:49.516 10614 10614 E ArmVmp : Match on catch block at 0x0a in for 0xb5
02-24 07:15:49.517 10614 10676 E ArmVmp : Match on catch block at 0x48 in for 0x85
02-24 07:15:49.517 10614 10676 W System.err: java.net.UnknownHostException: Unable to resolve host "translate.googleapis.com": No address associated with hostname
02-24 07:15:49.517 10614 10676 W System.err:
02-24 07:15:49.518 10614 10676 W System.err: at java.net.Inet6AddressImpl.lookupHostByName(Inet6AddressImpl.java:156)
02-24 07:15:49.518 10614 10676 W System.err:
02-24 07:15:49.518 10614 10676 W System.err: at java.net.Inet6AddressImpl.lookupAllHostAddr(Inet6AddressImpl.java:103)
02-24 07:15:49.518 10614 10676 W System.err:
02-24 07:15:49.518 10614 10676 W System.err: at java.net.InetAddress.getAllByName(InetAddress.java:1152)
02-24 07:15:49.518 10614 10676 W System.err:
02-24 07:15:49.518 10614 10676 W System.err: at com.android.okhttp.Dns$1.lookup(Dns.java:41)
02-24 07:15:49.518 10614 10676 W System.err:
02-24 07:15:49.518 10614 10676 W System.err: at com.android.okhttp.internal.http.RouteSelector.resetNextInetSocketAddress(RouteSele ctor.java:178)
02-24 07:15:49.518 10614 10676 W System.err:
02-24 07:15:49.518 10614 10676 W System.err: at com.android.okhttp.internal.http.RouteSelector.nextProxy(RouteSelector.java:144)
02-24 07:15:49.518 10614 10676 W System.err:
02-24 07:15:49.518 10614 10676 W System.err: at com.android.okhttp.internal.http.RouteSelector.next(RouteSelector.java:86)
02-24 07:15:49.518 10614 10676 W System.err:
02-24 07:15:49.519 10614 10676 W System.err: at com.android.okhttp.internal.http.StreamAllocation.findConnection(StreamAllocation.j ava:176)
02-24 07:15:49.519 10614 10676 W System.err:
02-24 07:15:49.519 10614 10676 W System.err: at com.android.okhttp.internal.http.StreamAllocation.findHealthyConnection(StreamAlloc ation.java:128)
02-24 07:15:49.519 10614 10676 W System.err:
02-24 07:15:49.519 10614 10676 W System.err: at com.android.okhttp.internal.http.StreamAllocation.newStream(StreamAllocation.java:9 7)
02-24 07:15:49.519 10614 10676 W System.err:
02-24 07:15:49.519 10614 10676 W System.err: at com.android.okhttp.internal.http.HttpEngine.connect(HttpEngine.java:289)
02-24 07:15:49.519 10614 10676 W System.err:
02-24 07:15:49.519 10614 10676 W System.err: at com.android.okhttp.internal.http.HttpEngine.sendRequest(HttpEngine.java:232)
02-24 07:15:49.519 10614 10676 W System.err:
02-24 07:15:49.519 10614 10676 W System.err: at com.android.okhttp.internal.huc.HttpURLConnectionImpl.execute(HttpURLConnectionImpl .java:465)
02-24 07:15:49.519 10614 10676 W System.err:
02-24 07:15:49.519 10614 10676 W System.err: at com.android.okhttp.internal.huc.HttpURLConnectionImpl.connect(HttpURLConnectionImpl .java:131)
02-24 07:15:49.519 10614 10676 W System.err:
02-24 07:15:49.519 10614 10676 W System.err: at com.android.okhttp.internal.huc.DelegatingHttpsURLConnection.connect(DelegatingHttp sURLConnection.java:90)
02-24 07:15:49.519 10614 10676 W System.err:
02-24 07:15:49.520 10614 10676 W System.err: at com.android.okhttp.internal.huc.HttpsURLConnectionImpl.connect(HttpsURLConnectionIm pl.java:30)
02-24 07:15:49.520 10614 10676 W System.err:
02-24 07:15:49.520 10614 10676 W System.err: at mbmodsd.mbmodsw.home.MBTranslator.translate(Native Method)
02-24 07:15:49.520 10614 10676 W System.err:
02-24 07:15:49.520 10614 10676 W System.err: at mbmodsd.mbmodsw.home.MBTranslator$Async.doInBackground(Native Method)
02-24 07:15:49.520 10614 10676 W System.err:
02-24 07:15:49.520 10614 10676 W System.err: at mbmodsd.mbmodsw.home.MBTranslator$Async.doInBackground(Native Method)
02-24 07:15:49.520 10614 10676 W System.err:
02-24 07:15:49.520 10614 10676 W System.err: at android.os.AsyncTask$3.call(AsyncTask.java:394)
02-24 07:15:49.520 10614 10676 W System.err:
02-24 07:15:49.520 10614 10676 W System.err: at java.util.concurrent.FutureTask.run(FutureTask.java:266)
02-24 07:15:49.520 10614 10676 W System.err:
02-24 07:15:49.520 10614 10676 W System.err: at android.os.AsyncTask$SerialExecutor$1.run(AsyncTask.java:305)
02-24 07:15:49.520 10614 10676 W System.err:
02-24 07:15:49.520 10614 10676 W System.err: at java.util.concurrent.ThreadPoolExecutor.runWorker(ThreadPoolExecutor.java:1167)
02-24 07:15:49.521 10614 10676 W System.err:
02-24 07:15:49.521 10614 10676 W System.err: at java.util.concurrent.ThreadPoolExecutor$Worker.run(ThreadPoolExecutor.java:641)
02-24 07:15:49.521 10614 10676 W System.err:
02-24 07:15:49.521 10614 10676 W System.err: at java.lang.Thread.run(Thread.java:923)
02-24 07:15:49.521 10614 10676 W System.err:
02-24 07:15:49.521 10614 10676 W System.err: Caused by: android.system.GaiException: android_getaddrinfo failed: EAI_NODATA (No address associated with hostname)
02-24 07:15:49.521 10614 10676 W System.err:
02-24 07:15:49.521 10614 10676 W System.err: at libcore.io.Linux.android_getaddrinfo(Native Method)
02-24 07:15:49.521 10614 10676 W System.err:
02-24 07:15:49.521 10614 10676 W System.err: at libcore.io.ForwardingOs.android_getaddrinfo(ForwardingOs.java:73)
02-24 07:15:49.521 10614 10676 W System.err:
02-24 07:15:49.521 10614 10676 W System.err: at libcore.io.BlockGuardOs.android_getaddrinfo(BlockGuardOs.java:202)
02-24 07:15:49.521 10614 10676 W System.err:
02-24 07:15:49.522 10614 10676 W System.err: at libcore.io.ForwardingOs.android_getaddrinfo(ForwardingOs.java:73)
02-24 07:15:49.522 10614 10676 W System.err:
02-24 07:15:49.522 10614 10676 W System.err: at java.net.Inet6AddressImpl.lookupHostByName(Inet6AddressImpl.java:135)
02-24 07:15:49.522 10614 10676 W System.err:
02-24 07:15:49.522 10614 10676 W System.err: ... 24 more
02-24 07:15:49.522 10614 10676 W System.err:
02-24 07:15:49.523 10614 10676 E ArmVmp : Match on catch block at 0x48 in for 0x91
02-24 07:15:49.523 10614 10676 W System.err: java.net.UnknownHostException: Unable to resolve host "translate.googleapis.com": No address associated with hostname
02-24 07:15:49.523 10614 10676 W System.err:
02-24 07:15:49.523 10614 10676 W System.err: at java.net.Inet6AddressImpl.lookupHostByName(Inet6AddressImpl.java:124)
02-24 07:15:49.523 10614 10676 W System.err:
02-24 07:15:49.523 10614 10676 W System.err: at java.net.Inet6AddressImpl.lookupAllHostAddr(Inet6AddressImpl.java:103)
02-24 07:15:49.523 10614 10676 W System.err:
02-24 07:15:49.523 10614 10676 W System.err: at java.net.InetAddress.getAllByName(InetAddress.java:1152)
02-24 07:15:49.523 10614 10676 W System.err:
02-24 07:15:49.524 10614 10676 W System.err: at com.android.okhttp.Dns$1.lookup(Dns.java:41)
02-24 07:15:49.524 10614 10676 W System.err:
02-24 07:15:49.524 10614 10676 W System.err: at com.android.okhttp.internal.http.RouteSelector.resetNextInetSocketAddress(RouteSele ctor.java:178)
02-24 07:15:49.524 10614 10676 W System.err:
02-24 07:15:49.524 10614 10676 W System.err: at com.android.okhttp.internal.http.RouteSelector.nextProxy(RouteSelector.java:144)
02-24 07:15:49.524 10614 10676 W System.err:
02-24 07:15:49.524 10614 10676 W System.err: at com.android.okhttp.internal.http.RouteSelector.next(RouteSelector.java:86)
02-24 07:15:49.524 10614 10676 W System.err:
02-24 07:15:49.524 10614 10676 W System.err: at com.android.okhttp.internal.http.StreamAllocation.findConnection(StreamAllocation.j ava:176)
02-24 07:15:49.524 10614 10676 W System.err:
02-24 07:15:49.524 10614 10676 W System.err: at com.android.okhttp.internal.http.StreamAllocation.findHealthyConnection(StreamAlloc ation.java:128)
02-24 07:15:49.524 10614 10676 W System.err:
02-24 07:15:49.524 10614 10676 W System.err: at com.android.okhttp.internal.http.StreamAllocation.newStream(StreamAllocation.java:9 7)
02-24 07:15:49.524 10614 10676 W System.err:
02-24 07:15:49.524 10614 10676 W System.err: at com.android.okhttp.internal.http.HttpEngine.connect(HttpEngine.java:289)
02-24 07:15:49.524 10614 10676 W System.err:
02-24 07:15:49.525 10614 10676 W System.err: at com.android.okhttp.internal.http.HttpEngine.sendRequest(HttpEngine.java:232)
02-24 07:15:49.525 10614 10676 W System.err:
02-24 07:15:49.525 10614 10676 W System.err: at com.android.okhttp.internal.huc.HttpURLConnectionImpl.execute(HttpURLConnectionImpl .java:465)
02-24 07:15:49.525 10614 10676 W System.err:
02-24 07:15:49.525 10614 10676 W System.err: at com.android.okhttp.internal.huc.HttpURLConnectionImpl.connect(HttpURLConnectionImpl .java:131)
02-24 07:15:49.525 10614 10676 W System.err:
02-24 07:15:49.525 10614 10676 W System.err: at com.android.okhttp.internal.huc.DelegatingHttpsURLConnection.connect(DelegatingHttp sURLConnection.java:90)
02-24 07:15:49.525 10614 10676 W System.err:
02-24 07:15:49.525 10614 10676 W System.err: at com.android.okhttp.internal.huc.HttpsURLConnectionImpl.connect(HttpsURLConnectionIm pl.java:30)
02-24 07:15:49.525 10614 10676 W System.err:
02-24 07:15:49.525 10614 10676 W System.err: at mbmodsd.mbmodsw.home.MBTranslator.translate(Native Method)
02-24 07:15:49.525 10614 10676 W System.err:
02-24 07:15:49.525 10614 10676 W System.err: at mbmodsd.mbmodsw.home.MBTranslator$Async.doInBackground(Native Method)
02-24 07:15:49.525 10614 10676 W System.err:
02-24 07:15:49.525 10614 10676 W System.err: at mbmodsd.mbmodsw.home.MBTranslator$Async.doInBackground(Native Method)
02-24 07:15:49.526 10614 10676 W System.err:
02-24 07:15:49.526 10614 10676 W System.err: at android.os.AsyncTask$3.call(AsyncTask.java:394)
02-24 07:15:49.526 10614 10676 W System.err:
02-24 07:15:49.526 10614 10676 W System.err: at java.util.concurrent.FutureTask.run(FutureTask.java:266)
02-24 07:15:49.526 10614 10676 W System.err:
02-24 07:15:49.526 10614 10676 W System.err: at android.os.AsyncTask$SerialExecutor$1.run(AsyncTask.java:305)
02-24 07:15:49.526 10614 10676 W System.err:
02-24 07:15:49.526 10614 10676 W System.err: at java.util.concurrent.ThreadPoolExecutor.runWorker(ThreadPoolExecutor.java:1167)
02-24 07:15:49.526 10614 10676 W System.err:
02-24 07:15:49.526 10614 10676 W System.err: at java.util.concurrent.ThreadPoolExecutor$Worker.run(ThreadPoolExecutor.java:641)
02-24 07:15:49.526 10614 10676 W System.err:
02-24 07:15:49.526 10614 10676 W System.err: at java.lang.Thread.run(Thread.java:923)
02-24 07:15:49.526 10614 10676 W System.err:
02-24 07:15:49.791 10614 10614 W View : requestLayout() improperly called by X.4rg{59d92a3 V.E....L. ......ID 0,0-720,711} during layout: running second layout pass
02-24 07:15:49.791 10614 10614 W View : requestLayout() improperly called by android.widget.LinearLayout{3d749a0 V.E...... ......ID 90,10-558,701 #7f0b0e50 app:id/main_layout} during layout: running second layout pass
02-24 07:15:49.791 10614 10614 W View : requestLayout() improperly called by com.mbwhatsapp.conversation.conversationrow.ConversationRowImage$RowImageView{cd949 59 VFED..CL. ......ID 8,8-460,641 #7f0b0c84 app:id/image} during layout: running second layout pass
02-24 07:15:49.791 10614 10614 W View : requestLayout() improperly called by X.4rg{b3891e V.E....L. ......ID 0,711-720,1186} during layout: running second layout pass
02-24 07:15:49.791 10614 10614 W View : requestLayout() improperly called by android.widget.LinearLayout{b6cb5ff V.E...... ......ID 90,78-608,465 #7f0b0e50 app:id/main_layout} during layout: running second layout pass
02-24 07:15:49.791 10614 10614 W View : requestLayout() improperly called by com.mbwhatsapp.conversation.conversationrow.ConversationRowImage$RowImageView{ef75f cc VFED..CL. ......ID 8,8-510,290 #7f0b0c84 app:id/image} during layout: running second layout pass
02-24 07:15:49.798 10614 10614 E ArmVmp : Match on catch block at 0xc3 in for 0xa1
02-24 07:15:49.819 10614 10614 E ArmVmp : Match on catch block at 0xc3 in for 0xa9
02-24 07:15:49.934 10614 10614 E ArmVmp : Match on catch block at 0xc3 in for 0x91
02-24 07:15:49.939 10614 10614 E ArmVmp : Match on catch block at 0xc3 in for 0x99
02-24 07:15:49.956 10614 10614 W View : requestLayout() improperly called by X.4rg{59d92a3 V.E....L. ......ID 0,-469-720,242} during second layout pass: posting in next frame
02-24 07:15:49.956 10614 10614 W View : requestLayout() improperly called by android.widget.LinearLayout{3d749a0 V.E...... .......D 90,10-558,701 #7f0b0e50 app:id/main_layout} during second layout pass: posting in next frame
02-24 07:15:49.956 10614 10614 W View : requestLayout() improperly called by X.4rg{b3891e V.E....L. ......ID 0,242-720,717} during second layout pass: posting in next frame
02-24 07:15:49.956 10614 10614 W View : requestLayout() improperly called by android.widget.LinearLayout{b6cb5ff V.E...... .......D 90,78-608,465 #7f0b0e50 app:id/main_layout} during second layout pass: posting in next frame
02-24 07:15:49.982 10614 10614 E ArmVmp : Match on catch block at 0xc3 in for 0x95
02-24 07:15:49.987 10614 10614 E ArmVmp : Match on catch block at 0xc3 in for 0x99
02-24 07:15:50.013 10614 10614 E ArmVmp : Match on catch block at 0xc3 in for 0x99
02-24 07:15:50.016 10614 10614 E ArmVmp : Match on catch block at 0xc3 in for 0x91
02-24 07:15:50.027 10614 10614 E ArmVmp : Match on catch block at 0xc3 in for 0x91
02-24 07:15:50.031 10614 10614 E ArmVmp : Match on catch block at 0xc3 in for 0x95
02-24 07:15:50.378 10614 10614 E ArmVmp : Match on catch block at 0xc3 in for 0x95
02-24 07:15:50.382 10614 10614 E ArmVmp : Match on catch block at 0xc3 in for 0x99
02-24 07:15:50.394 10614 10614 E ArmVmp : Match on catch block at 0xc3 in for 0x99
02-24 07:15:50.397 10614 10614 E ArmVmp : Match on catch block at 0xc3 in for 0x91
02-24 07:15:50.411 10614 10614 E ArmVmp : Match on catch block at 0xc3 in for 0x91
02-24 07:15:50.413 10614 10614 E ArmVmp : Match on catch block at 0xc3 in for 0x95
02-24 07:15:50.427 10614 10614 E ArmVmp : Match on catch block at 0xc3 in for 0x95
02-24 07:15:50.432 10614 10614 E ArmVmp : Match on catch block at 0xc3 in for 0x99
02-24 07:15:50.444 10614 10614 E ArmVmp : Match on catch block at 0xc3 in for 0x99
02-24 07:15:50.448 10614 10614 E ArmVmp : Match on catch block at 0xc3 in for 0x91
02-24 07:15:50.462 10614 10614 E ArmVmp : Match on catch block at 0xc3 in for 0x91
02-24 07:15:50.466 10614 10614 E ArmVmp : Match on catch block at 0xc3 in for 0x95
02-24 07:15:50.478 10614 10614 E ArmVmp : Match on catch block at 0xc3 in for 0x95
02-24 07:15:50.482 10614 10614 E ArmVmp : Match on catch block at 0xc3 in for 0x99
02-24 07:15:50.495 10614 10614 E ArmVmp : Match on catch block at 0xc3 in for 0x99
02-24 07:15:50.499 10614 10614 E ArmVmp : Match on catch block at 0xc3 in for 0x91
02-24 07:15:50.511 10614 10614 E ArmVmp : Match on catch block at 0xc3 in for 0x91
02-24 07:15:50.516 10614 10614 E ArmVmp : Match on catch block at 0xc3 in for 0x95
02-24 07:15:50.528 10614 10614 E ArmVmp : Match on catch block at 0xc3 in for 0x95
02-24 07:15:50.533 10614 10614 E ArmVmp : Match on catch block at 0xc3 in for 0x99
02-24 07:15:50.546 10614 10614 E ArmVmp : Match on catch block at 0xc3 in for 0x99
02-24 07:15:50.550 10614 10614 E ArmVmp : Match on catch block at 0xc3 in for 0x91
02-24 07:15:50.561 10614 10614 E ArmVmp : Match on catch block at 0xc3 in for 0x91
02-24 07:15:50.567 10614 10614 E ArmVmp : Match on catch block at 0xc3 in for 0x95
02-24 07:15:50.580 10614 10614 E ArmVmp : Match on catch block at 0xc3 in for 0x95
02-24 07:15:50.585 10614 10614 E ArmVmp : Match on catch block at 0xc3 in for 0x99
02-24 07:15:50.594 10614 10614 E ArmVmp : Match on catch block at 0xc3 in for 0x99
02-24 07:15:50.597 10614 10614 E ArmVmp : Match on catch block at 0xc3 in for 0x91
02-24 07:15:50.611 10614 10614 E ArmVmp : Match on catch block at 0xc3 in for 0x91
02-24 07:15:50.614 10614 10614 E ArmVmp : Match on catch block at 0xc3 in for 0x95
02-24 07:15:50.628 10614 10614 E ArmVmp : Match on catch block at 0xc3 in for 0x95
02-24 07:15:50.631 10614 10614 E ArmVmp : Match on catch block at 0xc3 in for 0x99
02-24 07:15:50.644 10614 10614 E ArmVmp : Match on catch block at 0xc3 in for 0x99
02-24 07:15:50.647 10614 10614 E ArmVmp : Match on catch block at 0xc3 in for 0x91
02-24 07:15:50.661 10614 10614 E ArmVmp : Match on catch block at 0xc3 in for 0x91
02-24 07:15:50.665 10614 10614 E ArmVmp : Match on catch block at 0xc3 in for 0x95
02-24 07:15:50.678 10614 10614 E ArmVmp : Match on catch block at 0xc3 in for 0x95
02-24 07:15:50.681 10614 10614 E ArmVmp : Match on catch block at 0xc3 in for 0x99
02-24 07:15:50.979 10614 10614 E ArmVmp : Match on catch block at 0xc3 in for 0x95
02-24 07:15:50.985 10614 10614 E ArmVmp : Match on catch block at 0xc3 in for 0x99
02-24 07:15:51.012 10614 10614 E ArmVmp : Match on catch block at 0xc3 in for 0x91
02-24 07:15:51.018 10614 10614 E ArmVmp : Match on catch block at 0xc3 in for 0x95
02-24 07:15:51.054 10614 10614 E ArmVmp : Match on catch block at 0xc3 in for 0x91
02-24 07:15:51.058 10614 10614 E ArmVmp : Match on catch block at 0xc3 in for 0x95
02-24 07:15:51.258 10614 10614 W ResourceType: Bad XML block: header size 18254 or total size 169478669 is larger than data size 380
02-24 07:15:51.262 10614 10614 W ResourceType: Bad XML block: header size 18254 or total size 169478669 is larger than data size 431
02-24 07:15:51.274 10614 10614 W ResourceType: Bad XML block: header size 18254 or total size 169478669 is larger than data size 677
02-24 07:15:51.277 10614 10614 W ResourceType: Bad XML block: header size 18254 or total size 169478669 is larger than data size 248
02-24 07:15:51.284 10614 10614 W ResourceType: Bad XML block: header size 18254 or total size 169478669 is larger than data size 571
02-24 07:15:51.290 10614 10614 W ResourceType: Bad XML block: header size 18254 or total size 169478669 is larger than data size 333
02-24 07:15:51.294 10614 10614 W ResourceType: Bad XML block: header size 18254 or total size 169478669 is larger than data size 650
02-24 07:15:51.299 10614 10614 W ResourceType: Bad XML block: header size 18254 or total size 169478669 is larger than data size 1150
02-24 07:15:51.302 10614 10614 W ResourceType: Bad XML block: header size 18254 or total size 169478669 is larger than data size 491
02-24 07:15:51.305 10614 10614 W ResourceType: Bad XML block: header size 18254 or total size 169478669 is larger than data size 1150
02-24 07:15:51.327 10614 10614 W ResourceType: Bad XML block: header size 18254 or total size 169478669 is larger than data size 659
02-24 07:15:51.331 10614 10614 W ResourceType: Bad XML block: header size 18254 or total size 169478669 is larger than data size 593
02-24 07:15:51.395 10614 10614 W ResourceType: Bad XML block: header size 18254 or total size 169478669 is larger than data size 473
02-24 07:15:51.400 10614 10614 W ResourceType: Bad XML block: header size 18254 or total size 169478669 is larger than data size 510
02-24 07:15:51.407 10614 10614 W SQLiteLog: (28) double-quoted string literal: "838"
02-24 07:15:51.407 10614 10614 W SQLiteLog: (28) double-quoted string literal: "838"
02-24 07:15:51.667 10614 10614 W ResourceType: Bad XML block: header size 18254 or total size 169478669 is larger than data size 473
02-24 07:15:51.701 10614 10614 E ArmVmp : Match on catch block at 0xc3 in for 0x99
02-24 07:15:51.704 10614 10614 E ArmVmp : Match on catch block at 0xc3 in for 0x91
02-24 07:15:51.740 10614 10614 W View : requestLayout() improperly called by android.widget.Space{98506ab I.ED..... ......I. 24,72-32,80 #7f0b00ba app:id/action_tile_spacing} during layout: running second layout pass
02-24 07:15:51.740 10614 10614 W View : requestLayout() improperly called by android.widget.Space{8ee2108 I.ED..... ......I. 24,72-32,80 #7f0b00ba app:id/action_tile_spacing} during layout: running second layout pass
02-24 07:15:51.740 10614 10614 W View : requestLayout() improperly called by android.widget.Space{fa4b0a1 I.ED..... ......I. 24,72-32,80 #7f0b00ba app:id/action_tile_spacing} during layout: running second layout pass
02-24 07:15:51.740 10614 10614 W View : requestLayout() improperly called by android.widget.Space{47672c6 I.ED..... ......I. 24,72-32,80 #7f0b00ba app:id/action_tile_spacing} during layout: running second layout pass
02-24 07:15:51.744 10614 10614 W ResourceType: Bad XML block: header size 18254 or total size 169478669 is larger than data size 853
02-24 07:15:51.780 10614 10614 E ArmVmp : Match on catch block at 0xc3 in for 0x95
02-24 07:15:51.782 10614 10614 E ArmVmp : Match on catch block at 0xc3 in for 0x99
02-24 07:15:51.794 10614 10614 E ArmVmp : Match on catch block at 0xc3 in for 0x99
02-24 07:15:51.798 10614 10614 E ArmVmp : Match on catch block at 0xc3 in for 0x91
02-24 07:15:51.853 10614 10614 E ArmVmp : Match on catch block at 0xc3 in for 0x95
02-24 07:15:51.856 10614 10614 E ArmVmp : Match on catch block at 0xc3 in for 0x99
02-24 07:15:51.862 10614 10614 E ArmVmp : Match on catch block at 0xc3 in for 0x99
02-24 07:15:51.866 10614 10614 E ArmVmp : Match on catch block at 0xc3 in for 0x91
02-24 07:15:51.897 10614 10614 E ArmVmp : Match on catch block at 0xc3 in for 0x91
02-24 07:15:51.904 10614 10614 E ArmVmp : Match on catch block at 0xc3 in for 0x95
02-24 07:15:51.958 10614 10614 E ArmVmp : Match on catch block at 0xc3 in for 0x99
02-24 07:15:51.963 10614 10614 E ArmVmp : Match on catch block at 0xc3 in for 0x91
02-24 07:15:51.981 10614 10614 E ArmVmp : Match on catch block at 0xc3 in for 0x91
02-24 07:15:51.984 10614 10614 E ArmVmp : Match on catch block at 0xc3 in for 0x95
02-24 07:15:51.996 10614 10614 E ArmVmp : Match on catch block at 0xc3 in for 0x95
02-24 07:15:51.999 10614 10614 E ArmVmp : Match on catch block at 0xc3 in for 0x99
02-24 07:15:52.021 10614 10614 E ArmVmp : Match on catch block at 0xc3 in for 0x99
02-24 07:15:52.025 10614 10614 E ArmVmp : Match on catch block at 0xc3 in for 0x91
02-24 07:15:52.150 10614 10614 E ArmVmp : Match on catch block at 0xc3 in for 0x91
02-24 07:15:52.154 10614 10614 E ArmVmp : Match on catch block at 0xc3 in for 0x95
02-24 07:15:53.845 10614 10614 E ArmVmp : Match on catch block at 0xb0 in for 0xd1
02-24 07:15:53.849 10614 10614 E ArmVmp : Match on catch block at 0xb0 in for 0xd5
02-24 07:15:53.897 10614 10614 E ArmVmp : Match on catch block at 0x0a in for 0xb9
02-24 07:15:53.900 10614 10614 E ArmVmp : Match on catch block at 0x0a in for 0xb5
02-24 07:15:53.900 10614 10798 E ArmVmp : Match on catch block at 0x48 in for 0x81
02-24 07:15:53.901 10614 10798 W System.err: java.net.UnknownHostException: Unable to resolve host "translate.googleapis.com": No address associated with hostname
02-24 07:15:53.901 10614 10798 W System.err:
02-24 07:15:53.901 10614 10798 W System.err: at java.net.Inet6AddressImpl.lookupHostByName(Inet6AddressImpl.java:156)
02-24 07:15:53.901 10614 10798 W System.err:
02-24 07:15:53.901 10614 10798 W System.err: at java.net.Inet6AddressImpl.lookupAllHostAddr(Inet6AddressImpl.java:103)
02-24 07:15:53.901 10614 10798 W System.err:
02-24 07:15:53.901 10614 10798 W System.err: at java.net.InetAddress.getAllByName(InetAddress.java:1152)
02-24 07:15:53.901 10614 10798 W System.err:
02-24 07:15:53.901 10614 10798 W System.err: at com.android.okhttp.Dns$1.lookup(Dns.java:41)
02-24 07:15:53.901 10614 10798 W System.err:
02-24 07:15:53.902 10614 10798 W System.err: at com.android.okhttp.internal.http.RouteSelector.resetNextInetSocketAddress(RouteSele ctor.java:178)
02-24 07:15:53.902 10614 10798 W System.err:
02-24 07:15:53.902 10614 10798 W System.err: at com.android.okhttp.internal.http.RouteSelector.nextProxy(RouteSelector.java:144)
02-24 07:15:53.902 10614 10798 W System.err:
02-24 07:15:53.902 10614 10798 W System.err: at com.android.okhttp.internal.http.RouteSelector.next(RouteSelector.java:86)
02-24 07:15:53.902 10614 10798 W System.err:
02-24 07:15:53.902 10614 10798 W System.err: at com.android.okhttp.internal.http.StreamAllocation.findConnection(StreamAllocation.j ava:176)
02-24 07:15:53.902 10614 10798 W System.err:
02-24 07:15:53.902 10614 10798 W System.err: at com.android.okhttp.internal.http.StreamAllocation.findHealthyConnection(StreamAlloc ation.java:128)
02-24 07:15:53.902 10614 10798 W System.err:
02-24 07:15:53.902 10614 10798 W System.err: at com.android.okhttp.internal.http.StreamAllocation.newStream(StreamAllocation.java:9 7)
02-24 07:15:53.902 10614 10798 W System.err:
02-24 07:15:53.902 10614 10798 W System.err: at com.android.okhttp.internal.http.HttpEngine.connect(HttpEngine.java:289)
02-24 07:15:53.902 10614 10798 W System.err:
02-24 07:15:53.902 10614 10798 W System.err: at com.android.okhttp.internal.http.HttpEngine.sendRequest(HttpEngine.java:232)
02-24 07:15:53.902 10614 10798 W System.err:
02-24 07:15:53.902 10614 10798 W System.err: at com.android.okhttp.internal.huc.HttpURLConnectionImpl.execute(HttpURLConnectionImpl .java:465)
02-24 07:15:53.903 10614 10798 W System.err:
02-24 07:15:53.903 10614 10798 W System.err: at com.android.okhttp.internal.huc.HttpURLConnectionImpl.connect(HttpURLConnectionImpl .java:131)
02-24 07:15:53.903 10614 10798 W System.err:
