02-20 16:02:48.792 21488 21488 W System.err: at
androidx.core.app.CoreComponentFactory.instantiateApplication(Unknown Source:0)
02-20 16:02:48.792 21488 21488 W System.err: at
android.app.Instrumentation.newApplication(Instrumentation.java:1177)
02-20 16:02:48.792 21488 21488 W System.err: at
android.app.LoadedApk.makeApplication(LoadedApk.java:1369)
02-20 16:02:48.792 21488 21488 W System.err: at
android.app.ActivityThread.handleBindApplication(ActivityThread.java:7022)
02-20 16:02:48.792 21488 21488 W System.err: at
android.app.ActivityThread.access$1600(ActivityThread.java:271)
02-20 16:02:48.792 21488 21488 W System.err: at
android.app.ActivityThread$H.handleMessage(ActivityThread.java:2125)
02-20 16:02:48.792 21488 21488 W System.err: at
android.os.Handler.dispatchMessage(Handler.java:106)
02-20 16:02:48.792 21488 21488 W System.err: at
android.os.Looper.loopOnce(Looper.java:210)
02-20 16:02:48.792 21488 21488 W System.err: at
android.os.Looper.loop(Looper.java:299)
02-20 16:02:48.792 21488 21488 W System.err: at
android.app.ActivityThread.main(ActivityThread.java:8250)
02-20 16:02:48.792 21488 21488 W System.err: at
java.lang.reflect.Method.invoke(Native Method)
02-20 16:02:48.793 21488 21488 W System.err: at
com.android.internal.os.RuntimeInit$MethodAndArgsCaller.run(RuntimeInit.java:556)
02-20 16:02:48.793 21488 21488 W System.err: at
com.android.internal.os.ZygoteInit.main(ZygoteInit.java:1045)
02-20 16:02:48.811 21488 21488 E CustomActivityOnCrash: IMPORTANT WARNING! You
already have an UncaughtExceptionHandler, are you sure this is correct? If you use
a custom UncaughtExceptionHandler, you must initialize it AFTER
CustomActivityOnCrash! Installing anyway, but your original handler will not be
called.
02-20 16:02:48.893 21488 21488 W com.whatsapp: Accessing hidden method
Lcom/android/org/conscrypt/OpenSSLSocketImpl;->setUseSessionTickets(Z)V (max-
target-q,core-platform-api, reflection, denied)
02-20 16:02:48.900 21488 21488 W com.whatsapp: type=1400 audit(0.0:306937): avc:
granted { execute } for
path="/data/data/com.whatsapp/files/decompressed/libs.spk.zst/libc++_shared.so"
dev="dm-10" ino=39984 scontext=u:r:untrusted_app:s0:c3,c257,c512,c768
tcontext=u:object_r:app_data_file:s0:c3,c257,c512,c768 tclass=file app=com.whatsapp
02-20 16:02:48.900 21488 21488 W com.whatsapp: type=1400 audit(0.0:306939): avc:
granted { execute } for
path="/data/data/com.whatsapp/files/decompressed/libs.spk.zst/libwhatsapp.so"
dev="dm-10" ino=50656 scontext=u:r:untrusted_app:s0:c3,c257,c512,c768
tcontext=u:object_r:app_data_file:s0:c3,c257,c512,c768 tclass=file app=com.whatsapp
02-20 16:02:48.910 21488 21488 W com.whatsapp: type=1400 audit(0.0:306940): avc:
granted { execute } for
path="/data/data/com.whatsapp/files/decompressed/libs.spk.zst/libcurve25519.so"
dev="dm-10" ino=50904 scontext=u:r:untrusted_app:s0:c3,c257,c512,c768
tcontext=u:object_r:app_data_file:s0:c3,c257,c512,c768 tclass=file app=com.whatsapp
02-20 16:02:48.910 21488 21488 W com.whatsapp: type=1400 audit(0.0:306941): avc:
granted { execute } for
path="/data/data/com.whatsapp/files/decompressed/libs.spk.zst/libwhatsapp.so"
dev="dm-10" ino=50656 scontext=u:r:untrusted_app:s0:c3,c257,c512,c768
tcontext=u:object_r:app_data_file:s0:c3,c257,c512,c768 tclass=file app=com.whatsapp
02-20 16:02:48.910 21488 21488 W com.whatsapp: type=1400 audit(0.0:306942): avc:
granted { execute } for
path="/data/data/com.whatsapp/files/decompressed/libs.spk.zst/libwhatsapp.so"
dev="dm-10" ino=50656 scontext=u:r:untrusted_app:s0:c3,c257,c512,c768
tcontext=u:object_r:app_data_file:s0:c3,c257,c512,c768 tclass=file app=com.whatsapp
02-20 16:02:48.946 21488 21535 W com.whatsapp: Class X.2rL failed lock verification
and will run slower.
02-20 16:02:48.946 21488 21535 W com.whatsapp: Common causes for lock verification
issues are non-optimized dex code
02-20 16:02:48.946 21488 21535 W com.whatsapp: and incorrect proguard
optimizations.
02-20 16:02:48.951 21488 21488 W com.whatsapp: Class X.0eU failed lock verification
and will run slower.
02-20 16:02:49.232 21488 21488 W MirrorManager: this model don't Support
--------- beginning of system
02-20 16:02:49.814 21488 21551 W BpBinder: Slow Binder: BpBinder transact took 294
ms, interface=com.google.android.auth.IAuthManagerService, code=5 oneway=false
02-20 16:02:50.118 21488 21590 W com.whatsapp: Long monitor contention with owner
WhatsApp Worker #3 (21550) at void X.0ia.A0X()(:-1) waiters=1 in void X.0ia.A0X()
for 543ms
02-20 16:02:50.168 21488 21541 W com.whatsapp: Long monitor contention with owner
WhatsApp Worker #3 (21550) at void X.0ia.A0X()(:-1) waiters=2 in void X.0ia.A0X()
for 591ms
02-20 16:03:00.739 21488 22920 W com.whatsapp: Accessing hidden method
Landroid/app/MiuiNotification;-><init>()V (blocked, reflection, denied)
02-20 16:03:00.743 21488 22920 W com.whatsapp: Accessing hidden method
Landroid/app/MiuiNotification;-><init>()V (blocked, reflection, denied)
02-20 16:03:01.011 21488 22920 W com.whatsapp: Accessing hidden method
Landroid/app/MiuiNotification;-><init>()V (blocked, reflection, denied)
02-20 16:03:01.025 21488 22920 W com.whatsapp: Accessing hidden method
Landroid/app/MiuiNotification;-><init>()V (blocked, reflection, denied)
02-20 16:03:01.057 21488 21500 W System : A resource failed to call end.
02-20 16:03:01.200 21488 21621 W BpBinder: Slow Binder: BpBinder transact took 410
ms, interface=android.content.IContentProvider, code=20 oneway=false
02-20 16:03:01.480 22936 22936 W ps : type=1400 audit(0.0:306973): avc: denied
{ read } for name="pid_max" dev="proc" ino=2607250
scontext=u:r:untrusted_app:s0:c3,c257,c512,c768 tcontext=u:object_r:proc_pid_max:s0
tclass=file permissive=0 app=com.whatsapp
02-20 16:03:01.480 21488 21488 W com.whatsapp: type=1400 audit(0.0:306974): avc:
denied { read } for comm=576861747341707020576F726B6572 name="osrelease" dev="proc"
ino=2608307 scontext=u:r:untrusted_app:s0:c3,c257,c512,c768
tcontext=u:object_r:proc:s0 tclass=file permissive=0 app=com.whatsapp
02-20 16:03:01.480 21488 21488 W com.whatsapp: type=1400 audit(0.0:306975): avc:
denied { read } for comm=576861747341707020576F726B6572 name="version" dev="proc"
ino=2608308 scontext=u:r:untrusted_app:s0:c3,c257,c512,c768
tcontext=u:object_r:proc:s0 tclass=file permissive=0 app=com.whatsapp
02-20 16:03:01.535 21488 21488 W com.whatsapp: Class com.whatsapp.HomeActivity
failed lock verification and will run slower.
02-20 16:03:01.588 21488 21591 W MediaCodec-JNI: try to release MediaCodec from
JMediaCodec::~JMediaCodec()...
02-20 16:03:01.588 21488 21591 W MediaCodec-JNI: done releasing MediaCodec from
JMediaCodec::~JMediaCodec().
02-20 16:03:01.615 21488 22952 W ColorUtils: expected specified color aspects
(0:0:0:0)
02-20 16:03:01.638 21488 21591 W VideoCapabilities: Unrecognized profile/level 0/3
for video/mpeg2
02-20 16:03:01.638 21488 21591 W VideoCapabilities: Unrecognized profile/level 0/3
for video/mpeg2
02-20 16:03:01.708 21488 21488 E ArmVmp : Match on catch block at 0x0a in for 0xc9
02-20 16:03:01.723 21488 21488 E ArmVmp : Match on catch block at 0x0a in for
0x139
02-20 16:03:01.817 21488 21488 W Looper : PerfMonitor looperActivity :
package=com.whatsapp/.HomeActivity time=0ms latency=303ms running=0ms procState=-1
historyMsgCount=3 (msgIndex=3 wall=301ms seq=684 late=2ms
h=android.app.ActivityThread$H w=159)
02-20 16:03:01.911 21488 22968 W com.whatsapp: Accessing hidden method
Lcom/android/org/conscrypt/ConscryptEngineSocket;->setUseSessionTickets(Z)V (max-
target-q,core-platform-api, reflection, denied)
02-20 16:03:01.912 21488 22968 W com.whatsapp: Accessing hidden method
Lcom/android/org/conscrypt/OpenSSLSocketImpl;->setUseSessionTickets(Z)V (max-
target-q,core-platform-api, reflection, denied)
02-20 16:03:01.912 21488 22968 W com.whatsapp: Accessing hidden method
Lcom/android/org/conscrypt/AbstractConscryptSocket;->setUseSessionTickets(Z)V (max-
target-q, reflection, denied)
02-20 16:03:01.912 21488 22968 W com.whatsapp: Accessing hidden method
Lcom/android/org/conscrypt/ConscryptEngineSocket;->setHostname(Ljava/lang/String;)V
(max-target-q,core-platform-api, reflection, denied)
02-20 16:03:01.912 21488 22968 W com.whatsapp: Accessing hidden method
Lcom/android/org/conscrypt/OpenSSLSocketImpl;->setHostname(Ljava/lang/String;)V
(max-target-q,core-platform-api, reflection, denied)
02-20 16:03:01.912 21488 22968 W com.whatsapp: Accessing hidden method
Lcom/android/org/conscrypt/AbstractConscryptSocket;->setHostname(Ljava/lang/
String;)V (max-target-q, reflection, denied)
02-20 16:03:01.912 21488 22968 W com.whatsapp: Accessing hidden method
Lcom/android/org/conscrypt/OpenSSLSocketImpl;->setAlpnProtocols([B)V (max-target-
q,core-platform-api, reflection, denied)
02-20 16:03:01.912 21488 22968 W com.whatsapp: Accessing hidden method
Lcom/android/org/conscrypt/AbstractConscryptSocket;->setAlpnProtocols([B)V (max-
target-q, reflection, denied)
02-20 16:03:02.075 21488 21488 E RecyclerView: No adapter attached; skipping layout
02-20 16:03:02.087 21488 22968 W com.whatsapp: Accessing hidden method
Lcom/android/org/conscrypt/OpenSSLSocketImpl;->getAlpnSelectedProtocol()[B (max-
target-q,core-platform-api, reflection, denied)
02-20 16:03:02.087 21488 22968 W com.whatsapp: Accessing hidden method
Lcom/android/org/conscrypt/AbstractConscryptSocket;->getAlpnSelectedProtocol()[B
(max-target-q, reflection, denied)
02-20 16:03:02.132 21488 21488 E ArmVmp : Match on catch block at 0x0a in for 0xd9
02-20 16:03:02.173 21488 21488 W Looper : PerfMonitor looperActivity :
package=com.whatsapp/.HomeActivity time=5ms latency=328ms running=0ms procState=-1
historyMsgCount=7 (msgIndex=1 wall=283ms seq=704 late=15ms
h=android.view.Choreographer$FrameHandler
c=android.view.Choreographer$FrameDisplayEventReceiver)
02-20 16:03:02.207 21488 21488 W Looper : PerfMonitor doFrame : time=34ms
vsyncFrame=0 latency=332ms procState=-1 historyMsgCount=8 (msgIndex=1 wall=283ms
seq=704 late=15ms h=android.view.Choreographer$FrameHandler
c=android.view.Choreographer$FrameDisplayEventReceiver)
02-20 16:03:02.342 21488 23005 W LOTTIE : Animation contains merge paths. Merge
paths are only supported on KitKat+ and must be manually enabled by calling
enableMergePathsForKitKatAndAbove().
02-20 16:03:02.453 21488 21488 W LOTTIE : Animation contains merge paths but they
are disabled.
02-20 16:03:02.712 21488 22920 W com.whatsapp: Accessing hidden method
Landroid/app/MiuiNotification;-><init>()V (blocked, reflection, denied)
02-20 16:03:02.719 21488 22920 W com.whatsapp: Accessing hidden method
Landroid/app/MiuiNotification;-><init>()V (blocked, reflection, denied)
02-20 16:03:02.720 21488 22920 W com.whatsapp: Accessing hidden method
Landroid/app/MiuiNotification;-><init>()V (blocked, reflection, denied)
02-20 16:03:02.721 21488 22920 W com.whatsapp: Accessing hidden method
Landroid/app/MiuiNotification;-><init>()V (blocked, reflection, denied)
02-20 16:03:02.773 21488 21488 E ArmVmp : Match on catch block at 0x5b in for 0x89
02-20 16:03:02.786 21488 21488 E ArmVmp : Match on catch block at 0x5b in for 0x89
02-20 16:03:02.791 21488 21488 E ArmVmp : Match on catch block at 0x5b in for 0x85
02-20 16:03:02.796 21488 21488 E ArmVmp : Match on catch block at 0x5b in for 0x81
02-20 16:03:15.394 21488 21488 E ArmVmp : Match on catch block at 0x0a in for
0x129
02-20 16:03:16.215 21488 21488 W InputEventReceiver: Attempted to finish an input
event but the input event receiver has already been disposed.
02-20 16:03:17.534 21488 21488 E ArmVmp : Match on catch block at 0x5b in for 0x81
02-20 16:03:24.614 21488 21488 E SpannableStringBuilder: SPAN_EXCLUSIVE_EXCLUSIVE
spans cannot have a zero length
02-20 16:03:26.391 21488 21488 E ArmVmp : Match on catch block at 0x0a in for 0xe1
02-20 16:03:26.401 21488 21488 E ArmVmp : Match on catch block at 0x0a in for 0xd9
02-20 16:03:27.504 21488 21488 W InputEventReceiver: Attempted to finish an input
event but the input event receiver has already been disposed.
02-20 16:03:32.074 21488 21488 E ArmVmp : Match on catch block at 0x0a in for 0xe1
02-20 16:03:32.095 21488 21488 E ArmVmp : Match on catch block at 0x0a in for 0xd5
02-20 16:03:34.850 21488 21488 W InputEventReceiver: Attempted to finish an input
event but the input event receiver has already been disposed.
02-20 16:03:35.645 21488 23370 E RenderScript: Failed to find hal setup entry
points: undefined symbol: rsdHalAbort
02-20 16:03:35.646 21488 23370 E RenderScript: Failed to load runtime , loading
default
02-20 16:03:35.669 21488 21488 E ArmVmp : Match on catch block at 0x0a in for
0x175
02-20 16:03:38.678 21488 21488 W Activity: PerfMonitor: Slow Operation: Activity
com.whatsapp/.contact.picker.ContactPicker onStart took 113ms
02-20 16:03:42.362 21488 23005 W LOTTIE : Unknown shape type rd
02-20 16:03:42.415 21488 21488 E ArmVmp : Match on catch block at 0x0a in for 0xc9
02-20 16:03:42.418 21488 21488 E ArmVmp : Match on catch block at 0x0a in for 0xc9
02-20 16:03:42.434 21488 21488 E ArmVmp : Match on catch block at 0x0a in for
0x1c9
02-20 16:03:42.558 21488 21488 E ArmVmp : Match on catch block at 0xc3 in for 0xb9
02-20 16:03:42.559 21488 21488 E ArmVmp : Match on catch block at 0xc3 in for 0xb9
02-20 16:03:42.620 21488 21488 E ArmVmp : Match on catch block at 0xc3 in for 0xa9
02-20 16:03:42.622 21488 21488 E ArmVmp : Match on catch block at 0xc3 in for 0xa1
02-20 16:03:42.652 21488 21488 E ArmVmp : Match on catch block at 0xc3 in for 0xa5
02-20 16:03:42.654 21488 21488 E ArmVmp : Match on catch block at 0xc3 in for 0xa9
02-20 16:03:42.677 21488 21488 E ArmVmp : Match on catch block at 0xc3 in for 0xa5
02-20 16:03:42.678 21488 21488 E ArmVmp : Match on catch block at 0xc3 in for 0xa9
02-20 16:03:42.694 21488 21488 E ArmVmp : Match on catch block at 0xc3 in for 0xa1
02-20 16:03:42.697 21488 21488 E ArmVmp : Match on catch block at 0xc3 in for 0xa5
02-20 16:03:42.716 21488 21488 E ArmVmp : Match on catch block at 0xc3 in for 0xa9
02-20 16:03:42.717 21488 21488 E ArmVmp : Match on catch block at 0xc3 in for 0xa1
02-20 16:03:42.734 21488 21488 E ArmVmp : Match on catch block at 0xc3 in for 0xa5
02-20 16:03:42.735 21488 21488 E ArmVmp : Match on catch block at 0xc3 in for 0xa9
02-20 16:03:42.750 21488 21488 E ArmVmp : Match on catch block at 0xc3 in for 0xa1
02-20 16:03:42.752 21488 21488 E ArmVmp : Match on catch block at 0xc3 in for 0xa5
02-20 16:03:42.768 21488 21488 E ArmVmp : Match on catch block at 0xc3 in for 0xa9
02-20 16:03:42.770 21488 21488 E ArmVmp : Match on catch block at 0xc3 in for 0xa1
02-20 16:03:42.785 21488 21488 E ArmVmp : Match on catch block at 0xc3 in for 0xa5
02-20 16:03:42.787 21488 21488 E ArmVmp : Match on catch block at 0xc3 in for 0xa9
02-20 16:03:42.802 21488 21488 E ArmVmp : Match on catch block at 0xc3 in for 0xa1
02-20 16:03:42.804 21488 21488 E ArmVmp : Match on catch block at 0xc3 in for 0xa5
02-20 16:03:42.820 21488 21488 E ArmVmp : Match on catch block at 0xc3 in for 0xa9
02-20 16:03:42.821 21488 21488 E ArmVmp : Match on catch block at 0xc3 in for 0xa1
02-20 16:03:42.836 21488 21488 E ArmVmp : Match on catch block at 0xc3 in for 0xa5
02-20 16:03:42.838 21488 21488 E ArmVmp : Match on catch block at 0xc3 in for 0xa9
02-20 16:03:42.854 21488 21488 E ArmVmp : Match on catch block at 0xc3 in for 0xa1
02-20 16:03:42.855 21488 21488 E ArmVmp : Match on catch block at 0xc3 in for 0xa5
02-20 16:03:42.870 21488 21488 E ArmVmp : Match on catch block at 0xc3 in for 0xa9
02-20 16:03:42.871 21488 21488 E ArmVmp : Match on catch block at 0xc3 in for 0xa1
02-20 16:03:42.888 21488 21488 E ArmVmp : Match on catch block at 0xc3 in for 0xa9
02-20 16:03:42.889 21488 21488 E ArmVmp : Match on catch block at 0xc3 in for 0xa1
02-20 16:03:42.905 21488 21488 E ArmVmp : Match on catch block at 0xc3 in for 0xa5
02-20 16:03:42.907 21488 21488 E ArmVmp : Match on catch block at 0xc3 in for 0xa9
02-20 16:03:42.922 21488 21488 E ArmVmp : Match on catch block at 0xc3 in for 0xa1
02-20 16:03:42.923 21488 21488 E ArmVmp : Match on catch block at 0xc3 in for 0xa5
02-20 16:03:42.939 21488 21488 E ArmVmp : Match on catch block at 0xc3 in for 0xa9
02-20 16:03:42.940 21488 21488 E ArmVmp : Match on catch block at 0xc3 in for 0xa1
02-20 16:03:42.956 21488 21488 E ArmVmp : Match on catch block at 0xc3 in for 0xa5
02-20 16:03:42.958 21488 21488 E ArmVmp : Match on catch block at 0xc3 in for 0xa9
02-20 16:03:42.973 21488 21488 E ArmVmp : Match on catch block at 0xc3 in for 0xa1
02-20 16:03:42.974 21488 21488 E ArmVmp : Match on catch block at 0xc3 in for 0xa5
02-20 16:03:42.992 21488 21488 E ArmVmp : Match on catch block at 0xc3 in for 0xa9
02-20 16:03:42.993 21488 21488 E ArmVmp : Match on catch block at 0xc3 in for 0xa1
02-20 16:03:43.009 21488 21488 E ArmVmp : Match on catch block at 0xc3 in for 0xa5
02-20 16:03:43.010 21488 21488 E ArmVmp : Match on catch block at 0xc3 in for 0xa9
02-20 16:03:43.026 21488 21488 E ArmVmp : Match on catch block at 0xc3 in for 0xa1
02-20 16:03:43.027 21488 21488 E ArmVmp : Match on catch block at 0xc3 in for 0xa5
02-20 16:03:43.042 21488 21488 E ArmVmp : Match on catch block at 0xc3 in for 0xa9
02-20 16:03:43.044 21488 21488 E ArmVmp : Match on catch block at 0xc3 in for 0xa1
02-20 16:03:43.059 21488 21488 E ArmVmp : Match on catch block at 0xc3 in for 0xa5
02-20 16:03:43.060 21488 21488 E ArmVmp : Match on catch block at 0xc3 in for 0xa9
02-20 16:03:43.078 21488 21488 E ArmVmp : Match on catch block at 0xc3 in for 0xa1
02-20 16:03:43.079 21488 21488 E ArmVmp : Match on catch block at 0xc3 in for 0xa5
02-20 16:03:43.095 21488 21488 E ArmVmp : Match on catch block at 0xc3 in for 0xa9
02-20 16:03:43.098 21488 21488 E ArmVmp : Match on catch block at 0xc3 in for 0xa1
02-20 16:03:43.115 21488 21488 E ArmVmp : Match on catch block at 0xc3 in for 0xa5
02-20 16:03:43.117 21488 21488 E ArmVmp : Match on catch block at 0xc3 in for 0xa9
02-20 16:03:43.143 21488 21488 E ArmVmp : Match on catch block at 0xc3 in for 0xa1
02-20 16:03:43.144 21488 21488 E ArmVmp : Match on catch block at 0xc3 in for 0xa5
02-20 16:03:43.159 21488 21488 E ArmVmp : Match on catch block at 0xc3 in for 0xa9
02-20 16:03:43.160 21488 21488 E ArmVmp : Match on catch block at 0xc3 in for 0xa1
02-20 16:03:43.175 21488 21488 E ArmVmp : Match on catch block at 0xc3 in for 0xa5
02-20 16:03:43.176 21488 21488 E ArmVmp : Match on catch block at 0xc3 in for 0xa9
02-20 16:03:43.190 21488 21488 E ArmVmp : Match on catch block at 0xc3 in for 0xa1
02-20 16:03:43.192 21488 21488 E ArmVmp : Match on catch block at 0xc3 in for 0xa5
02-20 16:03:43.207 21488 21488 E ArmVmp : Match on catch block at 0xc3 in for 0xa9
02-20 16:03:43.208 21488 21488 E ArmVmp : Match on catch block at 0xc3 in for 0xa1
02-20 16:03:43.223 21488 21488 E ArmVmp : Match on catch block at 0xc3 in for 0xa5
02-20 16:03:43.224 21488 21488 E ArmVmp : Match on catch block at 0xc3 in for 0xa9
02-20 16:03:43.239 21488 21488 E ArmVmp : Match on catch block at 0xc3 in for 0xa1
02-20 16:03:43.240 21488 21488 E ArmVmp : Match on catch block at 0xc3 in for 0xa5
02-20 16:03:43.254 21488 21488 E ArmVmp : Match on catch block at 0xc3 in for 0xa9
02-20 16:03:43.256 21488 21488 E ArmVmp : Match on catch block at 0xc3 in for 0xa1
02-20 16:03:43.270 21488 21488 E ArmVmp : Match on catch block at 0xc3 in for 0xa5
02-20 16:03:43.272 21488 21488 E ArmVmp : Match on catch block at 0xc3 in for 0xa9
02-20 16:03:43.289 21488 21488 E ArmVmp : Match on catch block at 0xc3 in for 0xa1
02-20 16:03:43.290 21488 21488 E ArmVmp : Match on catch block at 0xc3 in for 0xa5
02-20 16:03:43.305 21488 21488 E ArmVmp : Match on catch block at 0xc3 in for 0xa9
02-20 16:03:43.306 21488 21488 E ArmVmp : Match on catch block at 0xc3 in for 0xa1
02-20 16:03:43.321 21488 21488 E ArmVmp : Match on catch block at 0xc3 in for 0xa1
02-20 16:03:43.322 21488 21488 E ArmVmp : Match on catch block at 0xc3 in for 0xa5
02-20 16:03:43.337 21488 21488 E ArmVmp : Match on catch block at 0xc3 in for 0xa5
02-20 16:03:43.338 21488 21488 E ArmVmp : Match on catch block at 0xc3 in for 0xa9
02-20 16:03:43.353 21488 21488 E ArmVmp : Match on catch block at 0xc3 in for 0xa5
02-20 16:03:43.355 21488 21488 E ArmVmp : Match on catch block at 0xc3 in for 0xa9
02-20 16:03:43.372 21488 21488 E ArmVmp : Match on catch block at 0xc3 in for 0xa5
02-20 16:03:43.373 21488 21488 E ArmVmp : Match on catch block at 0xc3 in for 0xa9
02-20 16:03:43.388 21488 21488 E ArmVmp : Match on catch block at 0xc3 in for 0xa1
02-20 16:03:43.390 21488 21488 E ArmVmp : Match on catch block at 0xc3 in for 0xa5
02-20 16:03:43.404 21488 21488 E ArmVmp : Match on catch block at 0xc3 in for 0xa9
02-20 16:03:43.406 21488 21488 E ArmVmp : Match on catch block at 0xc3 in for 0xa1
02-20 16:03:43.420 21488 21488 E ArmVmp : Match on catch block at 0xc3 in for 0xa5
02-20 16:03:43.422 21488 21488 E ArmVmp : Match on catch block at 0xc3 in for 0xa9
02-20 16:03:43.439 21488 21488 E ArmVmp : Match on catch block at 0xc3 in for 0xa1
02-20 16:03:43.440 21488 21488 E ArmVmp : Match on catch block at 0xc3 in for 0xa5
02-20 16:03:43.455 21488 21488 E ArmVmp : Match on catch block at 0xc3 in for 0xa9
02-20 16:03:43.456 21488 21488 E ArmVmp : Match on catch block at 0xc3 in for 0xa1
02-20 16:03:43.471 21488 21488 E ArmVmp : Match on catch block at 0xc3 in for 0xa5
02-20 16:03:43.473 21488 21488 E ArmVmp : Match on catch block at 0xc3 in for 0xa9
02-20 16:03:43.487 21488 21488 E ArmVmp : Match on catch block at 0xc3 in for 0xa1
02-20 16:03:43.489 21488 21488 E ArmVmp : Match on catch block at 0xc3 in for 0xa5
02-20 16:03:43.504 21488 21488 E ArmVmp : Match on catch block at 0xc3 in for 0xa9
02-20 16:03:43.505 21488 21488 E ArmVmp : Match on catch block at 0xc3 in for 0xa1
02-20 16:03:43.523 21488 21488 E ArmVmp : Match on catch block at 0xc3 in for 0xa5
02-20 16:03:43.524 21488 21488 E ArmVmp : Match on catch block at 0xc3 in for 0xa9
02-20 16:03:43.539 21488 21488 E ArmVmp : Match on catch block at 0xc3 in for 0xa1
02-20 16:03:43.540 21488 21488 E ArmVmp : Match on catch block at 0xc3 in for 0xa5
02-20 16:03:43.555 21488 21488 E ArmVmp : Match on catch block at 0xc3 in for 0xa9
02-20 16:03:43.557 21488 21488 E ArmVmp : Match on catch block at 0xc3 in for 0xa1
02-20 16:03:43.572 21488 21488 E ArmVmp : Match on catch block at 0xc3 in for 0xa5
02-20 16:03:43.574 21488 21488 E ArmVmp : Match on catch block at 0xc3 in for 0xa9
02-20 16:03:43.608 21488 21488 E ArmVmp : Match on catch block at 0xc3 in for 0xa5
02-20 16:03:43.610 21488 21488 E ArmVmp : Match on catch block at 0xc3 in for 0xa9
02-20 16:03:43.644 21488 21488 E ArmVmp : Match on catch block at 0xc3 in for 0xa1
02-20 16:03:43.645 21488 21488 E ArmVmp : Match on catch block at 0xc3 in for 0xa5
02-20 16:03:43.678 21488 21488 E ArmVmp : Match on catch block at 0xc3 in for 0xa9
02-20 16:03:43.679 21488 21488 E ArmVmp : Match on catch block at 0xc3 in for 0xa1
02-20 16:03:43.713 21488 21488 E ArmVmp : Match on catch block at 0xc3 in for 0xa9
02-20 16:03:43.715 21488 21488 E ArmVmp : Match on catch block at 0xc3 in for 0xa1
02-20 16:03:43.725 21488 21488 E ArmVmp : Match on catch block at 0xc3 in for 0xa5
02-20 16:03:43.726 21488 21488 E ArmVmp : Match on catch block at 0xc3 in for 0xa9
02-20 16:03:43.734 21488 21488 E ArmVmp : Match on catch block at 0xc3 in for 0xa5
02-20 16:03:43.736 21488 21488 E ArmVmp : Match on catch block at 0xc3 in for 0xa9
02-20 16:03:43.751 21488 21488 E ArmVmp : Match on catch block at 0xc3 in for 0xa5
02-20 16:03:43.752 21488 21488 E ArmVmp : Match on catch block at 0xc3 in for 0xa9
02-20 16:03:43.791 21488 21488 E ArmVmp : Match on catch block at 0xc3 in for 0xa9
02-20 16:03:43.793 21488 21488 E ArmVmp : Match on catch block at 0xc3 in for 0xa1
02-20 16:03:43.801 21488 21488 E ArmVmp : Match on catch block at 0xc3 in for 0xa9
02-20 16:03:43.803 21488 21488 E ArmVmp : Match on catch block at 0xc3 in for 0xa1
02-20 16:03:43.818 21488 21488 E ArmVmp : Match on catch block at 0xc3 in for 0xa9
02-20 16:03:43.819 21488 21488 E ArmVmp : Match on catch block at 0xc3 in for 0xa1
02-20 16:03:43.835 21488 21488 E ArmVmp : Match on catch block at 0xc3 in for 0xa9
02-20 16:03:43.836 21488 21488 E ArmVmp : Match on catch block at 0xc3 in for 0xa1
02-20 16:03:43.851 21488 21488 E ArmVmp : Match on catch block at 0xc3 in for 0xa9
02-20 16:03:43.853 21488 21488 E ArmVmp : Match on catch block at 0xc3 in for 0xa1
02-20 16:03:43.868 21488 21488 E ArmVmp : Match on catch block at 0xc3 in for 0xa9
02-20 16:03:43.870 21488 21488 E ArmVmp : Match on catch block at 0xc3 in for 0xa1
02-20 16:03:43.885 21488 21488 E ArmVmp : Match on catch block at 0xc3 in for 0xa9
02-20 16:03:43.886 21488 21488 E ArmVmp : Match on catch block at 0xc3 in for 0xa1
02-20 16:03:43.901 21488 21488 E ArmVmp : Match on catch block at 0xc3 in for 0xa9
02-20 16:03:43.903 21488 21488 E ArmVmp : Match on catch block at 0xc3 in for 0xa1
02-20 16:03:43.918 21488 21488 E ArmVmp : Match on catch block at 0xc3 in for 0xa9
02-20 16:03:43.920 21488 21488 E ArmVmp : Match on catch block at 0xc3 in for 0xa1
02-20 16:03:43.935 21488 21488 E ArmVmp : Match on catch block at 0xc3 in for 0xa9
02-20 16:03:43.936 21488 21488 E ArmVmp : Match on catch block at 0xc3 in for 0xa1
02-20 16:03:43.951 21488 21488 E ArmVmp : Match on catch block at 0xc3 in for 0xa9
02-20 16:03:43.953 21488 21488 E ArmVmp : Match on catch block at 0xc3 in for 0xa1
02-20 16:03:43.968 21488 21488 E ArmVmp : Match on catch block at 0xc3 in for 0xa9
02-20 16:03:43.970 21488 21488 E ArmVmp : Match on catch block at 0xc3 in for 0xa1
02-20 16:03:43.985 21488 21488 E ArmVmp : Match on catch block at 0xc3 in for 0xa9
02-20 16:03:43.986 21488 21488 E ArmVmp : Match on catch block at 0xc3 in for 0xa1
02-20 16:03:44.002 21488 21488 E ArmVmp : Match on catch block at 0xc3 in for 0xa9
02-20 16:03:44.003 21488 21488 E ArmVmp : Match on catch block at 0xc3 in for 0xa1
02-20 16:03:44.018 21488 21488 E ArmVmp : Match on catch block at 0xc3 in for 0xa9
02-20 16:03:44.020 21488 21488 E ArmVmp : Match on catch block at 0xc3 in for 0xa1
02-20 16:03:44.035 21488 21488 E ArmVmp : Match on catch block at 0xc3 in for 0xa5
02-20 16:03:44.036 21488 21488 E ArmVmp : Match on catch block at 0xc3 in for 0xa9
02-20 16:03:44.052 21488 21488 E ArmVmp : Match on catch block at 0xc3 in for 0xa1
02-20 16:03:44.053 21488 21488 E ArmVmp : Match on catch block at 0xc3 in for 0xa5
02-20 16:03:44.068 21488 21488 E ArmVmp : Match on catch block at 0xc3 in for 0xa5
02-20 16:03:44.070 21488 21488 E ArmVmp : Match on catch block at 0xc3 in for 0xa9
02-20 16:03:44.085 21488 21488 E ArmVmp : Match on catch block at 0xc3 in for 0xa9
02-20 16:03:44.086 21488 21488 E ArmVmp : Match on catch block at 0xc3 in for 0xa1
02-20 16:03:44.102 21488 21488 E ArmVmp : Match on catch block at 0xc3 in for 0xa9
02-20 16:03:44.103 21488 21488 E ArmVmp : Match on catch block at 0xc3 in for 0xa1
02-20 16:03:44.240 21488 21488 E ArmVmp : Match on catch block at 0xc3 in for 0xa9
02-20 16:03:44.248 21488 21488 E ArmVmp : Match on catch block at 0xc3 in for 0xa1
02-20 16:03:44.259 21488 21488 E ArmVmp : Match on catch block at 0xc3 in for 0xa1
02-20 16:03:44.264 21488 21488 E ArmVmp : Match on catch block at 0xc3 in for 0xa5
02-20 16:03:44.271 21488 21488 E ArmVmp : Match on catch block at 0xc3 in for 0xa5
02-20 16:03:44.273 21488 21488 E ArmVmp : Match on catch block at 0xc3 in for 0xa9
02-20 16:03:44.286 21488 21488 E ArmVmp : Match on catch block at 0xc3 in for 0xa9
02-20 16:03:44.289 21488 21488 E ArmVmp : Match on catch block at 0xc3 in for 0xa1
02-20 16:03:44.299 21488 21488 E ArmVmp : Match on catch block at 0xc3 in for 0xa1
02-20 16:03:44.301 21488 21488 E ArmVmp : Match on catch block at 0xc3 in for 0xa5
02-20 16:03:44.316 21488 21488 E ArmVmp : Match on catch block at 0xc3 in for 0xa5
02-20 16:03:44.318 21488 21488 E ArmVmp : Match on catch block at 0xc3 in for 0xa9
02-20 16:03:44.333 21488 21488 E ArmVmp : Match on catch block at 0xc3 in for 0xa9
02-20 16:03:44.335 21488 21488 E ArmVmp : Match on catch block at 0xc3 in for 0xa1
02-20 16:03:44.351 21488 21488 E ArmVmp : Match on catch block at 0x0a in for
0x1f9
02-20 16:03:44.358 21488 21488 E ArmVmp : Match on catch block at 0xc3 in for 0xa1
02-20 16:03:44.359 21488 21488 E ArmVmp : Match on catch block at 0xc3 in for 0xa5
02-20 16:03:44.388 21488 21488 E ArmVmp : Match on catch block at 0xc3 in for 0xa5
02-20 16:03:44.391 21488 21488 E ArmVmp : Match on catch block at 0xc3 in for 0xa9
02-20 16:03:44.405 21488 21488 E ArmVmp : Match on catch block at 0xc3 in for 0xa5
02-20 16:03:44.407 21488 21488 E ArmVmp : Match on catch block at 0xc3 in for 0xa9
02-20 16:03:44.421 21488 21488 E ArmVmp : Match on catch block at 0xc3 in for 0xa5
02-20 16:03:44.424 21488 21488 E ArmVmp : Match on catch block at 0xc3 in for 0xa9
02-20 16:03:44.439 21488 21488 E ArmVmp : Match on catch block at 0xc3 in for 0xa1
02-20 16:03:44.440 21488 21488 E ArmVmp : Match on catch block at 0xc3 in for 0xa5
02-20 16:03:44.453 21488 21488 E ArmVmp : Match on catch block at 0xc3 in for 0xa1
02-20 16:03:44.454 21488 21488 E ArmVmp : Match on catch block at 0xc3 in for 0xa5
02-20 16:03:44.466 21488 21488 E ArmVmp : Match on catch block at 0xc3 in for 0xa1
02-20 16:03:44.468 21488 21488 E ArmVmp : Match on catch block at 0xc3 in for 0xa5
02-20 16:03:44.483 21488 21488 E ArmVmp : Match on catch block at 0xc3 in for 0xa1
02-20 16:03:44.485 21488 21488 E ArmVmp : Match on catch block at 0xc3 in for 0xa5
02-20 16:03:44.500 21488 21488 E ArmVmp : Match on catch block at 0xc3 in for 0xa1
02-20 16:03:44.501 21488 21488 E ArmVmp : Match on catch block at 0xc3 in for 0xa5
02-20 16:03:44.516 21488 21488 E ArmVmp : Match on catch block at 0xc3 in for 0xa1
02-20 16:03:44.518 21488 21488 E ArmVmp : Match on catch block at 0xc3 in for 0xa5
02-20 16:03:45.333 21488 21488 E ArmVmp : Match on catch block at 0xc3 in for 0xa9
02-20 16:03:45.336 21488 21488 E ArmVmp : Match on catch block at 0xc3 in for 0xa1
02-20 16:03:45.340 21488 21488 E ArmVmp : Match on catch block at 0xc3 in for 0xa1
02-20 16:03:45.341 21488 21488 E ArmVmp : Match on catch block at 0xc3 in for 0xa5
02-20 16:03:45.348 21488 21488 E ArmVmp : Match on catch block at 0xc3 in for 0xa5
02-20 16:03:45.350 21488 21488 E ArmVmp : Match on catch block at 0xc3 in for 0xa9
02-20 16:03:45.365 21488 21488 E ArmVmp : Match on catch block at 0xc3 in for 0xa5
02-20 16:03:45.367 21488 21488 E ArmVmp : Match on catch block at 0xc3 in for 0xa9
02-20 16:03:45.381 21488 21488 E ArmVmp : Match on catch block at 0xc3 in for 0xa9
02-20 16:03:45.384 21488 21488 E ArmVmp : Match on catch block at 0xc3 in for 0xa1
02-20 16:03:45.398 21488 21488 E ArmVmp : Match on catch block at 0xc3 in for 0xa1
02-20 16:03:45.401 21488 21488 E ArmVmp : Match on catch block at 0xc3 in for 0xa5
02-20 16:03:45.415 21488 21488 E ArmVmp : Match on catch block at 0xc3 in for 0xa5
02-20 16:03:45.418 21488 21488 E ArmVmp : Match on catch block at 0xc3 in for 0xa9
02-20 16:03:45.785 21488 21488 E ArmVmp : Match on catch block at 0xc3 in for 0xa5
02-20 16:03:45.790 21488 21488 E ArmVmp : Match on catch block at 0xc3 in for 0xa9
02-20 16:03:46.285 21488 21488 E ArmVmp : Match on catch block at 0xc3 in for 0xa1
02-20 16:03:46.292 21488 21488 E ArmVmp : Match on catch block at 0xc3 in for 0xa5
02-20 16:03:46.554 21488 21488 E ArmVmp : Match on catch block at 0xc3 in for 0xa5
02-20 16:03:46.561 21488 21488 E ArmVmp : Match on catch block at 0xc3 in for 0xa9
02-20 16:03:46.568 21488 21488 E ArmVmp : Match on catch block at 0xc3 in for 0xa9
02-20 16:03:46.572 21488 21488 E ArmVmp : Match on catch block at 0xc3 in for 0xa1
02-20 16:03:46.596 21488 21488 W Choreographer: Frame time is 0.205342 ms in the
future! Check that graphics HAL is generating vsync timestamps using the correct
timebase.
02-20 16:03:46.796 21488 21488 E ArmVmp : Match on catch block at 0xc3 in for 0xa1
02-20 16:03:46.801 21488 21488 E ArmVmp : Match on catch block at 0xc3 in for 0xa5
02-20 16:03:47.290 21488 21488 E ArmVmp : Match on catch block at 0xc3 in for 0xa5
02-20 16:03:47.296 21488 21488 E ArmVmp : Match on catch block at 0xc3 in for 0xa9
02-20 16:03:47.783 21488 21488 E ArmVmp : Match on catch block at 0xc3 in for 0xa1
02-20 16:03:47.789 21488 21488 E ArmVmp : Match on catch block at 0xc3 in for 0xa5
02-20 16:03:48.291 21488 21488 E ArmVmp : Match on catch block at 0xc3 in for 0xa1
02-20 16:03:48.297 21488 21488 E ArmVmp : Match on catch block at 0xc3 in for 0xa5
02-20 16:03:48.786 21488 21488 E ArmVmp : Match on catch block at 0xc3 in for 0xa1
02-20 16:03:48.792 21488 21488 E ArmVmp : Match on catch block at 0xc3 in for 0xa5
02-20 16:03:48.919 21488 21488 E ArmVmp : Match on catch block at 0xc3 in for 0xa5
02-20 16:03:48.923 21488 21488 E ArmVmp : Match on catch block at 0xc3 in for 0xa9
02-20 16:03:48.931 21488 21488 E ArmVmp : Match on catch block at 0xc3 in for 0xa9
02-20 16:03:48.934 21488 21488 E ArmVmp : Match on catch block at 0xc3 in for 0xa1
02-20 16:03:49.296 21488 21488 E ArmVmp : Match on catch block at 0xc3 in for 0xa9
02-20 16:03:49.303 21488 21488 E ArmVmp : Match on catch block at 0xc3 in for 0xa1
02-20 16:03:49.607 21488 21488 E ArmVmp : Match on catch block at 0xc3 in for 0xa5
02-20 16:03:49.613 21488 21488 E ArmVmp : Match on catch block at 0xc3 in for 0xa9
02-20 16:03:49.801 21488 21488 E ArmVmp : Match on catch block at 0xc3 in for 0xa1
02-20 16:03:49.804 21488 21488 E ArmVmp : Match on catch block at 0xc3 in for 0xa5
02-20 16:03:49.811 21488 21488 E ArmVmp : Match on catch block at 0xc3 in for 0xa5
02-20 16:03:49.815 21488 21488 E ArmVmp : Match on catch block at 0xc3 in for 0xa9
02-20 16:03:49.863 21488 21488 E ArmVmp : Match on catch block at 0xc3 in for 0xa1
02-20 16:03:49.865 21488 21488 E ArmVmp : Match on catch block at 0xc3 in for 0xa5
02-20 16:03:49.876 21488 21488 E ArmVmp : Match on catch block at 0xc3 in for 0xa5
02-20 16:03:49.878 21488 21488 E ArmVmp : Match on catch block at 0xc3 in for 0xa9
02-20 16:03:50.299 21488 21488 E ArmVmp : Match on catch block at 0xc3 in for 0xa9
02-20 16:03:50.304 21488 21488 E ArmVmp : Match on catch block at 0xc3 in for 0xa1
02-20 16:03:50.451 21488 21488 E ArmVmp : Match on catch block at 0xc3 in for 0xa9
02-20 16:03:50.453 21488 21488 E ArmVmp : Match on catch block at 0xc3 in for 0xa1
02-20 16:03:50.461 21488 21488 E ArmVmp : Match on catch block at 0xc3 in for 0xa9
02-20 16:03:50.462 21488 21488 E ArmVmp : Match on catch block at 0xc3 in for 0xa1
02-20 16:03:50.471 21488 21488 E ArmVmp : Match on catch block at 0xc3 in for 0xa1
02-20 16:03:50.473 21488 21488 E ArmVmp : Match on catch block at 0xc3 in for 0xa5
02-20 16:03:50.488 21488 21488 E ArmVmp : Match on catch block at 0xc3 in for 0xa5
02-20 16:03:50.489 21488 21488 E ArmVmp : Match on catch block at 0xc3 in for 0xa9
02-20 16:03:50.506 21488 21488 E ArmVmp : Match on catch block at 0xc3 in for 0xa9
02-20 16:03:50.509 21488 21488 E ArmVmp : Match on catch block at 0xc3 in for 0xa1
02-20 16:03:50.522 21488 21488 E ArmVmp : Match on catch block at 0xc3 in for 0xa1
02-20 16:03:50.524 21488 21488 E ArmVmp : Match on catch block at 0xc3 in for 0xa5
02-20 16:03:50.538 21488 21488 E ArmVmp : Match on catch block at 0xc3 in for 0xa5
02-20 16:03:50.539 21488 21488 E ArmVmp : Match on catch block at 0xc3 in for 0xa9
02-20 16:03:50.557 21488 21488 E ArmVmp : Match on catch block at 0xc3 in for 0xa9
02-20 16:03:50.560 21488 21488 E ArmVmp : Match on catch block at 0xc3 in for 0xa1
02-20 16:03:50.571 21488 21488 E ArmVmp : Match on catch block at 0xc3 in for 0xa1
02-20 16:03:50.573 21488 21488 E ArmVmp : Match on catch block at 0xc3 in for 0xa5
02-20 16:03:50.588 21488 21488 E ArmVmp : Match on catch block at 0xc3 in for 0xa5
02-20 16:03:50.591 21488 21488 E ArmVmp : Match on catch block at 0xc3 in for 0xa9
02-20 16:03:50.608 21488 21488 E ArmVmp : Match on catch block at 0xc3 in for 0xa9
02-20 16:03:50.613 21488 21488 E ArmVmp : Match on catch block at 0xc3 in for 0xa1
02-20 16:03:50.623 21488 21488 E ArmVmp : Match on catch block at 0xc3 in for 0xa1
02-20 16:03:50.625 21488 21488 E ArmVmp : Match on catch block at 0xc3 in for 0xa5
02-20 16:03:50.639 21488 21488 E ArmVmp : Match on catch block at 0xc3 in for 0xa5
02-20 16:03:50.645 21488 21488 E ArmVmp : Match on catch block at 0xc3 in for 0xa9
02-20 16:03:50.690 21488 21488 E ArmVmp : Match on catch block at 0xc3 in for 0xa9
02-20 16:03:50.695 21488 21488 E ArmVmp : Match on catch block at 0xc3 in for 0xa1
02-20 16:03:51.059 21488 21488 E ArmVmp : Match on catch block at 0xc3 in for 0xa1
02-20 16:03:51.064 21488 21488 E ArmVmp : Match on catch block at 0xc3 in for 0xa5
02-20 16:03:51.092 21488 21488 E ArmVmp : Match on catch block at 0xc3 in for 0xa9
02-20 16:03:51.096 21488 21488 E ArmVmp : Match on catch block at 0xc3 in for 0xa1
02-20 16:03:51.105 21488 21488 E ArmVmp : Match on catch block at 0xc3 in for 0xa9
02-20 16:03:51.107 21488 21488 E ArmVmp : Match on catch block at 0xc3 in for 0xa1
02-20 16:03:51.110 21488 21488 E ArmVmp : Match on catch block at 0xc3 in for 0xa1
02-20 16:03:51.112 21488 21488 E ArmVmp : Match on catch block at 0xc3 in for 0xa5
02-20 16:03:51.121 21488 21488 E ArmVmp : Match on catch block at 0xc3 in for 0xa5
02-20 16:03:51.123 21488 21488 E ArmVmp : Match on catch block at 0xc3 in for 0xa9
02-20 16:03:51.137 21488 21488 E ArmVmp : Match on catch block at 0xc3 in for 0xa9
02-20 16:03:51.139 21488 21488 E ArmVmp : Match on catch block at 0xc3 in for 0xa1
02-20 16:03:51.175 21488 21488 E ArmVmp : Match on catch block at 0xc3 in for 0xa5
02-20 16:03:51.177 21488 21488 E ArmVmp : Match on catch block at 0xc3 in for 0xa9
02-20 16:03:51.186 21488 21488 E ArmVmp : Match on catch block at 0xc3 in for 0xa5
02-20 16:03:51.188 21488 21488 E ArmVmp : Match on catch block at 0xc3 in for 0xa9
02-20 16:03:51.204 21488 21488 E ArmVmp : Match on catch block at 0xc3 in for 0xa9
02-20 16:03:51.206 21488 21488 E ArmVmp : Match on catch block at 0xc3 in for 0xa1
02-20 16:03:51.219 21488 21488 E ArmVmp : Match on catch block at 0xc3 in for 0xa1
02-20 16:03:51.221 21488 21488 E ArmVmp : Match on catch block at 0xc3 in for 0xa5
02-20 16:03:51.236 21488 21488 E ArmVmp : Match on catch block at 0xc3 in for 0xa5
02-20 16:03:51.238 21488 21488 E ArmVmp : Match on catch block at 0xc3 in for 0xa9
02-20 16:03:51.253 21488 21488 E ArmVmp : Match on catch block at 0xc3 in for 0xa9
02-20 16:03:51.255 21488 21488 E ArmVmp : Match on catch block at 0xc3 in for 0xa1
02-20 16:03:51.269 21488 21488 E ArmVmp : Match on catch block at 0xc3 in for 0xa1
02-20 16:03:51.273 21488 21488 E ArmVmp : Match on catch block at 0xc3 in for 0xa5
02-20 16:03:51.398 21488 21488 E ArmVmp : Match on catch block at 0xc3 in for 0xa9
02-20 16:03:51.402 21488 21488 E ArmVmp : Match on catch block at 0xc3 in for 0xa1
02-20 16:03:51.413 21488 21488 E ArmVmp : Match on catch block at 0xc3 in for 0xa9
02-20 16:03:51.415 21488 21488 E ArmVmp : Match on catch block at 0xc3 in for 0xa1
02-20 16:03:51.419 21488 21488 E ArmVmp : Match on catch block at 0xc3 in for 0xa1
02-20 16:03:51.421 21488 21488 E ArmVmp : Match on catch block at 0xc3 in for 0xa5
02-20 16:03:51.436 21488 21488 E ArmVmp : Match on catch block at 0xc3 in for 0xa1
02-20 16:03:51.437 21488 21488 E ArmVmp : Match on catch block at 0xc3 in for 0xa5
02-20 16:03:51.452 21488 21488 E ArmVmp : Match on catch block at 0xc3 in for 0xa5
02-20 16:03:51.454 21488 21488 E ArmVmp : Match on catch block at 0xc3 in for 0xa9
02-20 16:03:51.459 21488 21488 E ArmVmp : Match on catch block at 0xc3 in for 0xa9
02-20 16:03:51.461 21488 21488 E ArmVmp : Match on catch block at 0xc3 in for 0xa1
02-20 16:03:51.474 21488 21488 E ArmVmp : Match on catch block at 0xc3 in for 0xa1
02-20 16:03:51.477 21488 21488 E ArmVmp : Match on catch block at 0xc3 in for 0xa5
02-20 16:03:51.490 21488 21488 E ArmVmp : Match on catch block at 0xc3 in for 0xa5
02-20 16:03:51.492 21488 21488 E ArmVmp : Match on catch block at 0xc3 in for 0xa9
02-20 16:03:51.508 21488 21488 E ArmVmp : Match on catch block at 0xc3 in for 0xa9
02-20 16:03:51.512 21488 21488 E ArmVmp : Match on catch block at 0xc3 in for 0xa1
02-20 16:03:51.523 21488 21488 E ArmVmp : Match on catch block at 0xc3 in for 0xa1
02-20 16:03:51.526 21488 21488 E ArmVmp : Match on catch block at 0xc3 in for 0xa5
02-20 16:03:51.540 21488 21488 E ArmVmp : Match on catch block at 0xc3 in for 0xa5
02-20 16:03:51.542 21488 21488 E ArmVmp : Match on catch block at 0xc3 in for 0xa9
02-20 16:03:51.557 21488 21488 E ArmVmp : Match on catch block at 0xc3 in for 0xa9
02-20 16:03:51.561 21488 21488 E ArmVmp : Match on catch block at 0xc3 in for 0xa1
02-20 16:03:51.576 21488 21488 E ArmVmp : Match on catch block at 0xc3 in for 0xa1
02-20 16:03:51.577 21488 21488 E ArmVmp : Match on catch block at 0xc3 in for 0xa5
02-20 16:03:51.585 21488 22977 W MediaPlayer: Use of stream types is deprecated for
operations other than volume control
02-20 16:03:51.585 21488 22977 W MediaPlayer: See the documentation of
setAudioStreamType() for what to use instead with android.media.AudioAttributes to
qualify your playback use case
02-20 16:03:51.590 21488 21488 E ArmVmp : Match on catch block at 0xc3 in for 0xa5
02-20 16:03:51.592 21488 21488 E ArmVmp : Match on catch block at 0xc3 in for 0xa9
02-20 16:03:51.610 21488 21488 E ArmVmp : Match on catch block at 0xc3 in for 0xa1
02-20 16:03:51.613 21488 21488 E ArmVmp : Match on catch block at 0xc3 in for 0xa5
02-20 16:03:52.127 21488 21488 E ArmVmp : Match on catch block at 0xc3 in for 0xa1
02-20 16:03:52.135 21488 21488 E ArmVmp : Match on catch block at 0xc3 in for 0xa5
02-20 16:03:52.144 21488 21488 E ArmVmp : Match on catch block at 0xc3 in for 0xa5
02-20 16:03:52.147 21488 21488 E ArmVmp : Match on catch block at 0xc3 in for 0xa9
02-20 16:03:52.310 21488 21488 E ArmVmp : Match on catch block at 0xc3 in for 0xa9
02-20 16:03:52.317 21488 21488 E ArmVmp : Match on catch block at 0xc3 in for 0xa1
02-20 16:03:52.477 21488 21488 E ArmVmp : Match on catch block at 0xc3 in for 0xa9
02-20 16:03:52.481 21488 21488 E ArmVmp : Match on catch block at 0xc3 in for 0xa1
02-20 16:03:52.687 21488 21488 E ArmVmp : Match on catch block at 0xc3 in for 0xa9
02-20 16:03:52.688 21488 21488 E ArmVmp : Match on catch block at 0xc3 in for 0xa1
02-20 16:03:52.695 21488 21488 E ArmVmp : Match on catch block at 0xc3 in for 0xa1
02-20 16:03:52.699 21488 21488 E ArmVmp : Match on catch block at 0xc3 in for 0xa5
02-20 16:03:52.879 21488 21488 E ArmVmp : Match on catch block at 0xc3 in for 0xa5
02-20 16:03:52.884 21488 21488 E ArmVmp : Match on catch block at 0xc3 in for 0xa9
02-20 16:03:52.952 21488 21488 E ArmVmp : Match on catch block at 0xc3 in for 0xa5
02-20 16:03:52.954 21488 21488 E ArmVmp : Match on catch block at 0xc3 in for 0xa9
02-20 16:03:52.961 21488 21488 E ArmVmp : Match on catch block at 0xc3 in for 0xa9
02-20 16:03:52.962 21488 21488 E ArmVmp : Match on catch block at 0xc3 in for 0xa1
02-20 16:03:52.977 21488 21488 E ArmVmp : Match on catch block at 0xc3 in for 0xa1
02-20 16:03:52.979 21488 21488 E ArmVmp : Match on catch block at 0xc3 in for 0xa5
02-20 16:03:53.094 21488 21488 E ArmVmp : Match on catch block at 0xc3 in for 0xa5
02-20 16:03:53.097 21488 21488 E ArmVmp : Match on catch block at 0xc3 in for 0xa9
02-20 16:03:53.111 21488 21488 E ArmVmp : Match on catch block at 0xc3 in for 0xa9
02-20 16:03:53.114 21488 21488 E ArmVmp : Match on catch block at 0xc3 in for 0xa1
02-20 16:03:53.128 21488 21488 E ArmVmp : Match on catch block at 0xc3 in for 0xa1
02-20 16:03:53.129 21488 21488 E ArmVmp : Match on catch block at 0xc3 in for 0xa5
02-20 16:03:53.146 21488 21488 E ArmVmp : Match on catch block at 0xc3 in for 0xa5
02-20 16:03:53.150 21488 21488 E ArmVmp : Match on catch block at 0xc3 in for 0xa9
02-20 16:03:53.162 21488 21488 E ArmVmp : Match on catch block at 0xc3 in for 0xa9
02-20 16:03:53.164 21488 21488 E ArmVmp : Match on catch block at 0xc3 in for 0xa1
02-20 16:03:53.178 21488 21488 E ArmVmp : Match on catch block at 0xc3 in for 0xa1
02-20 16:03:53.180 21488 21488 E ArmVmp : Match on catch block at 0xc3 in for 0xa5
02-20 16:03:53.195 21488 21488 E ArmVmp : Match on catch block at 0xc3 in for 0xa5
02-20 16:03:53.198 21488 21488 E ArmVmp : Match on catch block at 0xc3 in for 0xa9
02-20 16:03:53.212 21488 21488 E ArmVmp : Match on catch block at 0xc3 in for 0xa9
02-20 16:03:53.214 21488 21488 E ArmVmp : Match on catch block at 0xc3 in for 0xa1
02-20 16:03:53.229 21488 21488 E ArmVmp : Match on catch block at 0xc3 in for 0xa1
02-20 16:03:53.232 21488 21488 E ArmVmp : Match on catch block at 0xc3 in for 0xa5
02-20 16:03:53.245 21488 21488 E ArmVmp : Match on catch block at 0xc3 in for 0xa5
02-20 16:03:53.249 21488 21488 E ArmVmp : Match on catch block at 0xc3 in for 0xa9
02-20 16:03:53.262 21488 21488 E ArmVmp : Match on catch block at 0xc3 in for 0xa9
02-20 16:03:53.264 21488 21488 E ArmVmp : Match on catch block at 0xc3 in for 0xa1
02-20 16:03:53.278 21488 21488 E ArmVmp : Match on catch block at 0xc3 in for 0xa1
02-20 16:03:53.280 21488 21488 E ArmVmp : Match on catch block at 0xc3 in for 0xa5
02-20 16:03:53.295 21488 21488 E ArmVmp : Match on catch block at 0xc3 in for 0xa5
02-20 16:03:53.298 21488 21488 E ArmVmp : Match on catch block at 0xc3 in for 0xa9
02-20 16:03:53.312 21488 21488 E ArmVmp : Match on catch block at 0xc3 in for 0xa9
02-20 16:03:53.318 21488 21488 E ArmVmp : Match on catch block at 0xc3 in for 0xa1
02-20 16:03:53.328 21488 21488 E ArmVmp : Match on catch block at 0xc3 in for 0xa1
02-20 16:03:53.330 21488 21488 E ArmVmp : Match on catch block at 0xc3 in for 0xa5
02-20 16:03:53.345 21488 21488 E ArmVmp : Match on catch block at 0xc3 in for 0xa5
02-20 16:03:53.347 21488 21488 E ArmVmp : Match on catch block at 0xc3 in for 0xa9
02-20 16:03:53.365 21488 21488 E ArmVmp : Match on catch block at 0xc3 in for 0xa5
02-20 16:03:53.367 21488 21488 E ArmVmp : Match on catch block at 0xc3 in for 0xa9
02-20 16:03:53.380 21488 21488 E ArmVmp : Match on catch block at 0xc3 in for 0xa5
02-20 16:03:53.381 21488 21488 E ArmVmp : Match on catch block at 0xc3 in for 0xa9
02-20 16:03:53.395 21488 21488 E ArmVmp : Match on catch block at 0xc3 in for 0xa5
02-20 16:03:53.397 21488 21488 E ArmVmp : Match on catch block at 0xc3 in for 0xa9
02-20 16:03:53.412 21488 21488 E ArmVmp : Match on catch block at 0xc3 in for 0xa9
02-20 16:03:53.414 21488 21488 E ArmVmp : Match on catch block at 0xc3 in for 0xa1
02-20 16:03:53.429 21488 21488 E ArmVmp : Match on catch block at 0xc3 in for 0xa1
02-20 16:03:53.430 21488 21488 E ArmVmp : Match on catch block at 0xc3 in for 0xa5
02-20 16:03:53.446 21488 21488 E ArmVmp : Match on catch block at 0xc3 in for 0xa5
02-20 16:03:53.449 21488 21488 E ArmVmp : Match on catch block at 0xc3 in for 0xa9
02-20 16:03:53.463 21488 21488 E ArmVmp : Match on catch block at 0xc3 in for 0xa9
02-20 16:03:53.466 21488 21488 E ArmVmp : Match on catch block at 0xc3 in for 0xa1
02-20 16:03:53.480 21488 21488 E ArmVmp : Match on catch block at 0xc3 in for 0xa1
02-20 16:03:53.485 21488 21488 E ArmVmp : Match on catch block at 0xc3 in for 0xa5
02-20 16:03:53.495 21488 21488 E ArmVmp : Match on catch block at 0xc3 in for 0xa5
02-20 16:03:53.498 21488 21488 E ArmVmp : Match on catch block at 0xc3 in for 0xa9
02-20 16:03:53.581 21488 21488 E ArmVmp : Match on catch block at 0xc3 in for 0xa9
02-20 16:03:53.584 21488 21488 E ArmVmp : Match on catch block at 0xc3 in for 0xa1
02-20 16:03:54.083 21488 21488 E ArmVmp : Match on catch block at 0xc3 in for 0xa9
02-20 16:03:54.088 21488 21488 E ArmVmp : Match on catch block at 0xc3 in for 0xa1
02-20 16:03:54.382 21488 21488 E ArmVmp : Match on catch block at 0xc3 in for 0xa1
02-20 16:03:54.385 21488 21488 E ArmVmp : Match on catch block at 0xc3 in for 0xa5
02-20 16:03:54.884 21488 21488 E ArmVmp : Match on catch block at 0xc3 in for 0xa5
02-20 16:03:54.891 21488 21488 E ArmVmp : Match on catch block at 0xc3 in for 0xa9
02-20 16:03:54.984 21488 21488 E ArmVmp : Match on catch block at 0xc3 in for 0xa9
02-20 16:03:54.989 21488 21488 E ArmVmp : Match on catch block at 0xc3 in for 0xa1
02-20 16:03:55.000 21488 21488 E ArmVmp : Match on catch block at 0xc3 in for 0xa1
02-20 16:03:55.005 21488 21488 E ArmVmp : Match on catch block at 0xc3 in for 0xa5
02-20 16:03:55.016 21488 21488 E ArmVmp : Match on catch block at 0xc3 in for 0xa5
02-20 16:03:55.019 21488 21488 E ArmVmp : Match on catch block at 0xc3 in for 0xa9
02-20 16:03:55.033 21488 21488 E ArmVmp : Match on catch block at 0xc3 in for 0xa9
02-20 16:03:55.034 21488 21488 E ArmVmp : Match on catch block at 0xc3 in for 0xa1
02-20 16:03:55.050 21488 21488 E ArmVmp : Match on catch block at 0xc3 in for 0xa1
02-20 16:03:55.052 21488 21488 E ArmVmp : Match on catch block at 0xc3 in for 0xa5
02-20 16:03:55.066 21488 21488 E ArmVmp : Match on catch block at 0xc3 in for 0xa5
02-20 16:03:55.069 21488 21488 E ArmVmp : Match on catch block at 0xc3 in for 0xa9
02-20 16:03:55.083 21488 21488 E ArmVmp : Match on catch block at 0xc3 in for 0xa9
02-20 16:03:55.086 21488 21488 E ArmVmp : Match on catch block at 0xc3 in for 0xa1
02-20 16:03:55.100 21488 21488 E ArmVmp : Match on catch block at 0xc3 in for 0xa1
02-20 16:03:55.102 21488 21488 E ArmVmp : Match on catch block at 0xc3 in for 0xa5
02-20 16:03:55.116 21488 21488 E ArmVmp : Match on catch block at 0xc3 in for 0xa5
02-20 16:03:55.119 21488 21488 E ArmVmp : Match on catch block at 0xc3 in for 0xa9
02-20 16:03:55.133 21488 21488 E ArmVmp : Match on catch block at 0xc3 in for 0xa9
02-20 16:03:55.136 21488 21488 E ArmVmp : Match on catch block at 0xc3 in for 0xa1
02-20 16:03:55.149 21488 21488 E ArmVmp : Match on catch block at 0xc3 in for 0xa1
02-20 16:03:55.152 21488 21488 E ArmVmp : Match on catch block at 0xc3 in for 0xa5
02-20 16:03:55.166 21488 21488 E ArmVmp : Match on catch block at 0xc3 in for 0xa5
02-20 16:03:55.168 21488 21488 E ArmVmp : Match on catch block at 0xc3 in for 0xa9
02-20 16:03:55.183 21488 21488 E ArmVmp : Match on catch block at 0xc3 in for 0xa9
02-20 16:03:55.186 21488 21488 E ArmVmp : Match on catch block at 0xc3 in for 0xa1
