11-17 06:12:50.318 D/IptablesRestoreController( 707): :bw_INPUT -
11-17 06:12:50.318 D/IptablesRestoreController( 707): :bw_OUTPUT -
11-17 06:12:50.318 D/IptablesRestoreController( 707): :bw_FORWARD -
11-17 06:12:50.318 D/IptablesRestoreController( 707): :bw_happy_box -
11-17 06:12:50.318 D/IptablesRestoreController( 707): :bw_penalty_box -
11-17 06:12:50.318 D/IptablesRestoreController( 707): :bw_data_saver -
11-17 06:12:50.318 D/IptablesRestoreController( 707): :bw_costly_shared -
11-17 06:12:50.318 D/IptablesRestoreController( 707): :bw_global_alert -
11-17 06:12:50.318 D/IptablesRestoreController( 707): COMMIT
11-17 06:12:50.318 D/IptablesRestoreController( 707): *raw
11-17 06:12:50.318 D/IptablesRestoreController( 707): :bw_raw_PREROUTING -
11-17 06:12:50.318 D/IptablesRestoreController( 707): COMMIT
11-17 06:12:50.318 D/IptablesRestoreController( 707): *mangle
11-17 06:12:50.318 D/IptablesRestoreController( 707): :bw_mangle_POSTROUTING -
11-17 06:12:50.318 D/IptablesRestoreController( 707): COMMIT
11-17 06:12:50.320 D/IptablesRestoreController( 707): [iptables debug]iptables-
restore execute done, res : 0
11-17 06:12:50.320 I/netd ( 707): Setting up BandwidthController hooks: 2952us
11-17 06:12:50.321 I/netd ( 707): Setting up IdletimerController hooks: 52us
11-17 06:12:50.321 D/IptablesRestoreController( 707): [iptables debug]iptables-
restore execute *filter
11-17 06:12:50.321 D/IptablesRestoreController( 707): :st_OUTPUT -
11-17 06:12:50.321 D/IptablesRestoreController( 707): :st_penalty_log -
11-17 06:12:50.321 D/IptablesRestoreController( 707): :st_penalty_reject -
11-17 06:12:50.321 D/IptablesRestoreController( 707): :st_clear_caught -
11-17 06:12:50.321 D/IptablesRestoreController( 707): :st_clear_detect -
11-17 06:12:50.321 D/IptablesRestoreController( 707): COMMIT
11-17 06:12:50.321 D/IptablesRestoreController( 707): [iptables debug]iptables-
restore execute done, res : 0
11-17 06:12:50.322 D/IptablesRestoreController( 707): [iptables debug]iptables-
restore execute *filter
11-17 06:12:50.322 D/IptablesRestoreController( 707): -A st_penalty_log -j
CONNMARK --or-mark 0x1000000
11-17 06:12:50.322 D/IptablesRestoreController( 707): -A st_penalty_log -j NFLOG
--nflog-group 0
11-17 06:12:50.322 D/IptablesRestoreController( 707): -A st_penalty_reject -j
CONNMARK --or-mark 0x2000000
11-17 06:12:50.322 D/IptablesRestoreController( 707): -A st_penalty_reject -j
NFLOG --nflog-group 0
11-17 06:12:50.322 D/IptablesRestoreController( 707): -A st_penalty_reject -j
REJECT
11-17 06:12:50.322 D/IptablesRestoreController( 707): -A st_clear_detect -m
connmark --mark 0x2000000/0x2000000 -j REJECT
11-17 06:12:50.322 D/IptablesRestoreController( 707): -A st_clear_detect -m
connmark --mark 0x1000000/0x1000000 -j RETURN
11-17 06:12:50.322 D/IptablesRestoreController( 707): -A st_clear_detect -p tcp -m
u32 --u32 "0>>22&0x3C@ 12>>26&0x3C@ 0&0xFFFF0000=0x16030000 &&0>>22&0x3C@
12>>26&0x3C@ 4&0x00FF0000=0x00010000" -j CONNMARK --or-mark 0x1000000
11-17 06:12:50.322 D/IptablesRestoreController( 707): -A st_clear_detect -p udp -m
u32 --u32 "0>>22&0x3C@ 8&0xFFFF0000=0x16FE0000 &&0>>22&0x3C@
20&0x00FF0000=0x00010000" -j CONNMARK --or-mark 0x1000000
11-17 06:12:50.322 D/IptablesRestoreController( 707): -A st_clear_detect -m
connmark --mark 0x1000000/0x1000000 -j RETURN
11-17 06:12:50.322 D/IptablesRestoreController( 707): -A st_clear_detect -p tcp -m
state --state ESTABLISHED -m u32 --u32 "0>>22&0x3C@ 12>>26&0x3C@ 0&0x0=0x0" -j
st_clear_caught
11-17 06:12:50.322 D/IptablesRestoreController( 707): -A st_clear_detect -p udp -j
st_clear_caught
11-17 06:12:50.322 D/IptablesRestoreController( 707): COMMIT
11-17 06:12:50.322 D/IptablesRestoreController( 707): [iptables debug]iptables-
restore execute done, res : 0
11-17 06:12:50.322 D/IptablesRestoreController( 707): [iptables debug]iptables-
restore execute *filter
11-17 06:12:50.322 D/IptablesRestoreController( 707): -A st_penalty_log -j
CONNMARK --or-mark 0x1000000
11-17 06:12:50.322 D/IptablesRestoreController( 707): -A st_penalty_log -j NFLOG
--nflog-group 0
11-17 06:12:50.322 D/IptablesRestoreController( 707): -A st_penalty_reject -j
CONNMARK --or-mark 0x2000000
11-17 06:12:50.322 D/IptablesRestoreController( 707): -A st_penalty_reject -j
NFLOG --nflog-group 0
11-17 06:12:50.322 D/IptablesRestoreController( 707): -A st_penalty_reject -j
REJECT
11-17 06:12:50.322 D/IptablesRestoreController( 707): -A st_clear_detect -m
connmark --mark 0x2000000/0x2000000 -j REJECT
11-17 06:12:50.322 D/IptablesRestoreController( 707): -A st_clear_detect -m
connmark --mark 0x1000000/0x1000000 -j RETURN
11-17 06:12:50.322 D/IptablesRestoreController( 707): -A st_clear_detect -p tcp -m
u32 --u32 "52>>26&0x3C@ 40&0xFFFF0000=0x16030000 &&52>>26&0x3C@
44&0x00FF0000=0x00010000" -j CONNMARK --or-mark 0x1000000
11-17 06:12:50.322 D/IptablesRestoreController( 707): -A st_clear_detect -p udp -m
u32 --u32 "48&0xFFFF0000=0x16FE0000 &&60&0x00FF0000=0x00010000" -j CONNMARK --or-
mark 0x1000000
11-17 06:12:50.322 D/IptablesRestoreController( 707): -A st_clear_detect -m
connmark --mark 0x1000000/0x1000000 -j RETURN
11-17 06:12:50.322 D/IptablesRestoreController( 707): -A st_clear_detect -p tcp -m
state --state ESTABLISHED -m u32 --u32 "52>>26&0x3C@ 40&0x0=0x0" -j st_clear_caught
11-17 06:12:50.322 D/IptablesRestoreController( 707): -A st_clear_detect -p udp -j
st_clear_caught
11-17 06:12:50.322 D/IptablesRestoreController( 707): COMMIT
11-17 06:12:50.324 D/IptablesRestoreController( 707): [iptables debug]iptables-
restore execute done, res : 0
11-17 06:12:50.325 I/netd ( 707): Setting up StrictController hooks: 3986us
11-17 06:12:50.325 D/IptablesRestoreController( 707): [iptables debug]iptables-
restore execute *filter
11-17 06:12:50.325 D/IptablesRestoreController( 707): :limit -
11-17 06:12:50.325 D/IptablesRestoreController( 707): -A limit -p tcp ! --tcp-
flags FIN,SYN,RST NONE -j RETURN
11-17 06:12:50.325 D/IptablesRestoreController( 707): -A limit -p tcp --tcp-flags
ACK ACK -m length --length 0:53 -j RETURN
11-17 06:12:50.325 D/IptablesRestoreController( 707): -A limit -p tcp --dport 53 -
j RETURN
11-17 06:12:50.325 D/IptablesRestoreController( 707): -A limit -p udp --dport 53 -
j RETURN
11-17 06:12:50.325 D/IptablesRestoreController( 707): -A INPUT -p all -j limit
11-17 06:12:50.325 D/IptablesRestoreController( 707): COMMIT
11-17 06:12:50.326 D/IptablesRestoreController( 707): [iptables debug]iptables-
restore execute done, res : 0
11-17 06:12:50.326 I/netd ( 707): Setting up NetlimitControl hooks: 1398us
11-17 06:12:50.326 E/exynos-clat( 707): set clat hal ready 1
11-17 06:12:50.326 I/netd ( 707): Initializing ClatdController: 199us
11-17 06:12:50.327 I/netd ( 707): Initializing traffic control: 958us
11-17 06:12:50.327 D/IptablesRestoreController( 707): [iptables debug]iptables-
restore execute *filter
11-17 06:12:50.327 D/IptablesRestoreController( 707): -S
11-17 06:12:50.327 D/IptablesRestoreController( 707): COMMIT
11-17 06:12:50.328 D/IptablesRestoreController( 707): [iptables debug]iptables-
restore execute done, res : 0
11-17 06:12:50.328 D/IptablesRestoreController( 707): [iptables debug]iptables-
restore execute *filter
11-17 06:12:50.328 D/IptablesRestoreController( 707): :bw_INPUT -
11-17 06:12:50.328 D/IptablesRestoreController( 707): :bw_OUTPUT -
11-17 06:12:50.328 D/IptablesRestoreController( 707): :bw_FORWARD -
11-17 06:12:50.328 D/IptablesRestoreController( 707): :bw_happy_box -
11-17 06:12:50.328 D/IptablesRestoreController( 707): :bw_penalty_box -
11-17 06:12:50.328 D/IptablesRestoreController( 707): :bw_data_saver -
11-17 06:12:50.328 D/IptablesRestoreController( 707): :bw_costly_shared -
11-17 06:12:50.328 D/IptablesRestoreController( 707): :bw_global_alert -
11-17 06:12:50.328 D/IptablesRestoreController( 707): COMMIT
11-17 06:12:50.328 D/IptablesRestoreController( 707): *raw
11-17 06:12:50.328 D/IptablesRestoreController( 707): :bw_raw_PREROUTING -
11-17 06:12:50.328 D/IptablesRestoreController( 707): COMMIT
11-17 06:12:50.328 D/IptablesRestoreController( 707): *mangle
11-17 06:12:50.328 D/IptablesRestoreController( 707): :bw_mangle_POSTROUTING -
11-17 06:12:50.328 D/IptablesRestoreController( 707): COMMIT
11-17 06:12:50.329 D/IptablesRestoreController( 707): [iptables debug]iptables-
restore execute done, res : 0
11-17 06:12:50.330 D/IptablesRestoreController( 707): [iptables debug]iptables-
restore execute *filter
11-17 06:12:50.330 D/IptablesRestoreController( 707): -A bw_INPUT -j
bw_global_alert
11-17 06:12:50.330 D/IptablesRestoreController( 707): -A bw_INPUT -p esp -j RETURN
11-17 06:12:50.330 D/IptablesRestoreController( 707): -A bw_INPUT -m mark --mark
0x100000/0x100000 -j RETURN
11-17 06:12:50.330 D/IptablesRestoreController( 707): -A bw_INPUT -j MARK --or-
mark 0x100000
11-17 06:12:50.330 D/IptablesRestoreController( 707): -A bw_OUTPUT -j
bw_global_alert
11-17 06:12:50.330 D/IptablesRestoreController( 707): -A bw_costly_shared -j
bw_penalty_box
11-17 06:12:50.330 D/IptablesRestoreController( 707): -I bw_penalty_box -m bpf --
object-pinned /sys/fs/bpf/prog_netd_skfilter_denylist_xtbpf -j REJECT
11-17 06:12:50.330 D/IptablesRestoreController( 707): -A bw_penalty_box -j
bw_happy_box
11-17 06:12:50.330 D/IptablesRestoreController( 707): -A bw_happy_box -j
bw_data_saver
11-17 06:12:50.330 D/IptablesRestoreController( 707): -A bw_data_saver -j RETURN
11-17 06:12:50.330 D/IptablesRestoreController( 707): -I bw_happy_box -m bpf --
object-pinned /sys/fs/bpf/prog_netd_skfilter_allowlist_xtbpf -j RETURN
11-17 06:12:50.330 D/IptablesRestoreController( 707): COMMIT
11-17 06:12:50.330 D/IptablesRestoreController( 707): *raw
11-17 06:12:50.330 D/IptablesRestoreController( 707): -A bw_raw_PREROUTING -i
ipsec+ -j RETURN
11-17 06:12:50.330 D/IptablesRestoreController( 707): -A bw_raw_PREROUTING -m
policy --pol ipsec --dir in -j RETURN
11-17 06:12:50.330 D/IptablesRestoreController( 707): -A bw_raw_PREROUTING -m bpf
--object-pinned /sys/fs/bpf/prog_netd_skfilter_ingress_xtbpf
11-17 06:12:50.330 D/IptablesRestoreController( 707): COMMIT
11-17 06:12:50.330 D/IptablesRestoreController( 707): *mangle
11-17 06:12:50.330 D/IptablesRestoreController( 707): -A bw_mangle_POSTROUTING -o
ipsec+ -j RETURN
11-17 06:12:50.330 D/IptablesRestoreController( 707): -A bw_mangle_POSTROUTING -m
policy --pol ipsec --dir out -j RETURN
11-17 06:12:50.330 D/IptablesRestoreController( 707): -A bw_mangle_POSTROUTING -j
MARK --set-mark 0x0/0x100000
11-17 06:12:50.330 D/IptablesRestoreController( 707): -A bw_mangle_POSTROUTING -m
owner --uid-owner clat -j RETURN
11-17 06:12:50.330 D/IptablesRestoreController( 707): -A bw_mangle_P
11-17 06:12:50.332 I/HidlServiceManagement( 716): Registered
[email protected]::IAllocator/ashmem
11-17 06:12:50.333 I/HidlServiceManagement( 716): Removing namespace from process
name [email protected] to [email protected].
11-17 06:12:50.334 D/IptablesRestoreController( 707): [iptables debug]iptables-
restore execute done, res : 0
11-17 06:12:50.334 I/netd ( 707): Enabling bandwidth control: 6720us
11-17 06:12:50.335 I/netd ( 707): Initializing RouteController: 965us
11-17 06:12:50.335 D/XfrmController( 707): XfrmController::ipSecAddXfrmInterface,
line=1479
11-17 06:12:50.335 D/XfrmController( 707):
XfrmController::ipSecRemoveTunnelInterface, line=1692
11-17 06:12:50.335 D/XfrmController( 707): deviceName=ipsec_test
11-17 06:12:50.338 D/io_stats( 514): !@ 8,0 r 56755 1649493 w 7522 1218664 d
2187 8644584 f 0 100 iot 19544 0 th 0 0 0 pt 0 inp 0 1 23.242
11-17 06:12:50.339 D/io_stats( 514): !@ Read_top(KB): Binder:489_2(489) 134136
loop9(578) 10644 loop14(595) 4604
11-17 06:12:50.339 D/io_stats( 514): !@ Write_top(KB): Binder:489_2(489) 129928
kworker/u16:5(361) 70784 init(1) 108
11-17 06:12:50.346 I/[email protected]( 718): registering
IBluetoothHCI services
11-17 06:12:50.354 D/gatekeeper( 721): GATEKEEPER gk_device_open
11-17 06:12:50.354 D/gatekeeper( 721): Gatekeeper checked vendor.tzts_daemon :
Ready property
11-17 06:12:50.361 D/gatekeeper( 721): GATEKEEPER OpenSession is success
11-17 06:12:50.362 D/gatekeeper( 721): GATEKEEPER open success
11-17 06:12:50.364 D/XfrmController( 707): Sending Netlink XFRM Message:
XFRM_MSG_FLUSHSA
11-17 06:12:50.364 D/XfrmController( 707): Sending Netlink XFRM Message:
XFRM_MSG_FLUSHPOLICY
11-17 06:12:50.364 I/netd ( 707): Initializing XfrmController: 29296us
11-17 06:12:50.366 I/HidlServiceManagement( 718): Registered
[email protected]::IBluetoothHci/default
11-17 06:12:50.366 I/HidlServiceManagement( 718): Removing namespace from process
name [email protected] to [email protected].
11-17 06:12:50.366 I/LegacySupport( 718): Registration complete for
[email protected]::IBluetoothHci/default.
11-17 06:12:50.367 I/[email protected]( 718): First OS
version = 31
11-17 06:12:50.367 I/[email protected]( 718): registering
Bluetooth Vendor HIDL services
11-17 06:12:50.368 I/HidlServiceManagement( 721): Registered
[email protected]::IGatekeeper/default
11-17 06:12:50.368 I/HidlServiceManagement( 721): Removing namespace from process
name [email protected] to [email protected].
11-17 06:12:50.368 I/LegacySupport( 721): Registration complete for
[email protected]::IGatekeeper/default.
11-17 06:12:50.370 I/HidlServiceManagement( 718): Registered
[email protected]::ISehBluetooth/default
11-17 06:12:50.393 I/resolv ( 707): resolv_init: Initializing resolver
11-17 06:12:50.394 I/HidlServiceManagement( 719): Registered
[email protected]::IDrmFactory/clearkey
11-17 06:12:50.394 I/HidlServiceManagement( 719): Removing namespace from process
name [email protected] to [email protected].
11-17 06:12:50.395 I/audiohalservice( 717): Start audio hal service
11-17 06:12:50.397 I/HidlServiceManagement( 719): Registered
[email protected]::ICryptoFactory/clearkey
11-17 06:12:50.397 I/HidlServiceManagement( 719): Removing namespace from process
name [email protected] to [email protected].
11-17 06:12:50.399 I/hwservicemanager( 477): getTransport: Cannot find entry
[email protected]::IDevicesFactory/default in either framework or device
VINTF manifest.
11-17 06:12:50.402 E/LegacySupport( 717): Could not get passthrough implementation
for [email protected]::IDevicesFactory/default.
11-17 06:12:50.405 I/servicemanager( 476): Adding 'u:r:netd:s0' service
(dnsresolver:707)
11-17 06:12:50.408 I/servicemanager( 476): Adding 'u:r:netd:s0' service (netd:707)
11-17 06:12:50.419 W/[email protected]( 725): main
11-17 06:12:50.438 W/[email protected]( 725):
HIDL_FETCH_IHealth: default
11-17 06:12:50.442 I/SensorsHub( 727): SensorList size 1012 num 22 unitsize 46
11-17 06:12:50.443 I/SensorsHub( 727): handle 1
11-17 06:12:50.443 I/SensorsHub( 727): name LSM6DSOTR
11-17 06:12:50.443 I/SensorsHub( 727): vendor STM
11-17 06:12:50.443 I/SensorsHub( 727): version 81469
11-17 06:12:50.443 I/SensorsHub( 727): maxRage 78.453201
11-17 06:12:50.443 I/SensorsHub( 727): resolution 0.002394
11-17 06:12:50.443 I/SensorsHub( 727): Delay min 2000 Max 160000
11-17 06:12:50.443 I/SensorsHub( 727): fifo 0 0
11-17 06:12:50.443 I/SensorsHub( 727): wakeup 0 flags 0
11-17 06:12:50.453 I/SensorsHub( 727): AccSensor
11-17 06:12:50.454 I/SensorsHub( 727): sensor_name LSM6DSOTR Accelerometer
mSensorInfo.name LSM6DSOTR Accelerometer
11-17 06:12:50.454 I/SensorsHub( 727): injection path /dev/shub_data_injection
11-17 06:12:50.454 I/SensorsHub( 727): index 0, LSM6DSOTR
11-17 06:12:50.454 I/SensorsHub( 727): handle 2
11-17 06:12:50.454 I/SensorsHub( 727): name AK09918C
11-17 06:12:50.454 I/SensorsHub( 727): vendor Asahi Kasei Microdevices
11-17 06:12:50.454 I/SensorsHub( 727): version 2
11-17 06:12:50.454 I/SensorsHub( 727): maxRage 4900.000000
11-17 06:12:50.454 I/SensorsHub( 727): resolution 0.060000
11-17 06:12:50.454 I/SensorsHub( 727): Delay min 8000 Max 80000
11-17 06:12:50.454 I/SensorsHub( 727): fifo 0 0
11-17 06:12:50.454 I/SensorsHub( 727): wakeup 0 flags 0
11-17 06:12:50.456 D/HYPER-HAL( 741): sec-hyper-aidl start!
11-17 06:12:50.462 I/SensorsHub( 727): MagneticSensor
11-17 06:12:50.463 I/SensorsHub( 727): sensor_name AK09918C Magnetometer
mSensorInfo.name AK09918C Magnetometer
11-17 06:12:50.463 I/SensorsHub( 727): injection path /dev/shub_data_injection
11-17 06:12:50.463 I/SensorsHub( 727): index 1, AK09918C
11-17 06:12:50.463 I/SensorsHub( 727): handle 4
11-17 06:12:50.463 I/SensorsHub( 727): name LSM6DSOTR
11-17 06:12:50.463 I/SensorsHub( 727): vendor STM
11-17 06:12:50.463 I/SensorsHub( 727): version 1
11-17 06:12:50.463 I/SensorsHub( 727): maxRage 17.453293
11-17 06:12:50.463 I/SensorsHub( 727): resolution 0.000611
11-17 06:12:50.463 I/SensorsHub( 727): Delay min 2000 Max 160000
11-17 06:12:50.463 I/SensorsHub( 727): fifo 0 0
11-17 06:12:50.463 I/SensorsHub( 727): wakeup 0 flags 0
11-17 06:12:50.464 I/SensorsHub( 727): GyroSensor
11-17 06:12:50.465 I/SensorsHub( 727): sensor_name LSM6DSOTR Gyroscope
mSensorInfo.name LSM6DSOTR Gyroscope
11-17 06:12:50.465 I/SensorsHub( 727): injection path /dev/shub_data_injection
11-17 06:12:50.465 I/SensorsHub( 727): index 2, LSM6DSOTR
11-17 06:12:50.465 I/SensorsHub( 727): handle 5
11-17 06:12:50.465 I/SensorsHub( 727): name TCS3701
11-17 06:12:50.465 I/SensorsHub( 727): vendor AMS, Inc.
11-17 06:12:50.465 I/SensorsHub( 727): version 1000
11-17 06:12:50.465 I/SensorsHub( 727): maxRage 60000.000000
11-17 06:12:50.465 I/SensorsHub( 727): resolution 1.000000
11-17 06:12:50.465 I/SensorsHub( 727): Delay min 200000 Max 200000
11-17 06:12:50.465 I/SensorsHub( 727): fifo 0 0
11-17 06:12:50.465 I/SensorsHub( 727): wakeup 0 flags 0
11-17 06:12:50.467 I/SensorsHub( 727): LightSensor
11-17 06:12:50.467 I/SensorsHub( 727): sensor_name TCS3701 Light mSensorInfo.name
TCS3701 Light
11-17 06:12:50.467 I/SensorsHub( 727): injection path /dev/shub_data_injection
11-17 06:12:50.467 I/SensorsHub( 727): Support camera light
11-17 06:12:50.471 E/HYPER-HAL( 741): [JsonParser.cpp]ParseHints(): targetResource
of CoreNumBigMin is null
11-17 06:12:50.471 E/HYPER-HAL( 741): [JsonParser.cpp]ParseHints(): targetResource
of CoreNumBigMin is null
11-17 06:12:50.471 E/HYPER-HAL( 741): [JsonParser.cpp]ParseHints(): targetResource
of CoreNumBigMin is null
11-17 06:12:50.471 E/HYPER-HAL( 741): [JsonParser.cpp]ParseHints(): targetResource
of LPMBias is null
11-17 06:12:50.471 E/HYPER-HAL( 741): [JsonParser.cpp]ParseHints(): targetResource
of LPMBias is null
11-17 06:12:50.471 E/HYPER-HAL( 741): [JsonParser.cpp]ParseHints(): targetResource
of DDRMinFreq is null
11-17 06:12:50.471 E/HYPER-HAL( 741): [JsonParser.cpp]ParseHints(): targetResource
of CoreNumBigMin is null
11-17 06:12:50.471 E/HYPER-HAL( 741): [JsonParser.cpp]ParseHints(): targetResource
of CPULittleMinFreq is null
11-17 06:12:50.472 E/HYPER-HAL( 741): [JsonParser.cpp]ParseHints(): targetResource
of CoreNumBigMin is null
11-17 06:12:50.472 E/HYPER-HAL( 741): [JsonParser.cpp]ParseHints(): targetResource
of CPULittleMinFreq is null
11-17 06:12:50.472 E/HYPER-HAL( 741): [JsonParser.cpp]ParseHints(): targetResource
of CoreNumBigMin is null
11-17 06:12:50.472 E/HYPER-HAL( 741): [JsonParser.cpp]ParseHints(): targetResource
of CPULittleMinFreq is null
11-17 06:12:50.472 E/HYPER-HAL( 741): [JsonParser.cpp]ParseHints(): targetResource
of CoreNumBigMin is null
11-17 06:12:50.472 E/HYPER-HAL( 741): [JsonParser.cpp]ParseHints(): targetResource
of CoreNumBigMin is null
11-17 06:12:50.472 E/HYPER-HAL( 741): [JsonParser.cpp]ParseHints(): targetResource
of CPULittleMinFreq is null
11-17 06:12:50.472 E/HYPER-HAL( 741): [JsonParser.cpp]ParseHints(): targetResource
of CoreNumBigMin is null
11-17 06:12:50.472 E/HYPER-HAL( 741): [JsonParser.cpp]ParseHints(): targetResource
of CoreNumBigMin is null
11-17 06:12:50.472 E/HYPER-HAL( 741): [JsonParser.cpp]ParseHints(): targetResource
of CoreNumBigMin is null
11-17 06:12:50.474 I/SensorsHub( 727): index 3, TCS3701
11-17 06:12:50.474 I/SensorsHub( 727): handle 14
11-17 06:12:50.474 I/SensorsHub( 727): name AK09918C
11-17 06:12:50.474 I/SensorsHub( 727): vendor Asahi Kasei Microdevices
11-17 06:12:50.474 I/SensorsHub( 727): version 2
11-17 06:12:50.474 I/SensorsHub( 727): maxRage 4900.000000
11-17 06:12:50.474 I/SensorsHub( 727): resolution 0.060000
11-17 06:12:50.474 I/SensorsHub( 727): Delay min 8000 Max 80000
11-17 06:12:50.474 I/SensorsHub( 727): fifo 0 0
11-17 06:12:50.474 I/SensorsHub( 727): wakeup 0 flags 0
11-17 06:12:50.474 I/SensorsHub( 727): UncalMagneticSensor
11-17 06:12:50.475 I/SensorsHub( 727): sensor_name AK09918C Magnetometer
Uncalibrated mSensorInfo.name AK09918C Magnetometer Uncalibrated
11-17 06:12:50.475 I/SensorsHub( 727): injection path /dev/shub_data_injection
11-17 06:12:50.475 I/SensorsHub( 727): index 4, AK09918C
11-17 06:12:50.475 I/SensorsHub( 727): handle 16
11-17 06:12:50.475 I/SensorsHub( 727): name LSM6DSOTR
11-17 06:12:50.475 I/SensorsHub( 727): vendor STM
11-17 06:12:50.475 I/SensorsHub( 727): version 1
11-17 06:12:50.475 I/SensorsHub( 727): maxRage 17.453293
11-17 06:12:50.475 I/SensorsHub( 727): resolution 0.000611
11-17 06:12:50.475 I/SensorsHub( 727): Delay min 2000 Max 160000
11-17 06:12:50.475 I/SensorsHub( 727): fifo 0 0
11-17 06:12:50.475 I/SensorsHub( 727): wakeup 0 flags 0
11-17 06:12:50.476 I/vendor.samsung.hardware.light-service( 744): Start Lights
AIDL!
11-17 06:12:50.476 I/SensorsHub( 727): UncalGyroSensor
11-17 06:12:50.477 E/SehLight( 744): Open error :
/sys/class/leds/lcd-backlight/brightness No such file or directory
11-17 06:12:50.478 I/SehLight( 744): Found sysfs :
/sys/class/backlight/panel/brightness
11-17 06:12:50.478 E/SehLight( 744): Open error :
/sys/class/sec/sec_touchkey/brightness No such file or directory
11-17 06:12:50.478 E/SehLight( 744): Open error : /sys/class/leds/button-
backlight/brightness No such file or directory
11-17 06:12:50.478 E/SehLight( 744): Open error : /sys/class/backlight/touchkey-
led/brightness No such file or directory
11-17 06:12:50.478 E/SehLight( 744): Open error :
/sys/class/sec/sec_keypad/brightness No such file or directory
11-17 06:12:50.478 E/SehLight( 744): Open error : /sys/class/leds/keyboard-
backlight/brightness No such file or directory
11-17 06:12:50.478 E/SehLight( 744): Open error : /sys/class/sec/led/led_pattern
No such file or directory
11-17 06:12:50.478 E/SehLight( 744): Open error : /sys/class/sec/led/led_blink No
such file or directory
11-17 06:12:50.478 E/SehLight( 744): Open error : /sys/class/backlight/panel1-
backlight/brightness No such file or directory
11-17 06:12:50.478 E/SehLight( 744): Open error : /sys/class/lcd/panel/vrr_lfd
Permission denied
11-17 06:12:50.478 E/SehLight( 744): Open error : /sys/class/lcd/panel/hmt_on No
such file or directory
11-17 06:12:50.478 E/SehLight( 744): Open error : /sys/class/lcd/panel/hmt_bright
No such file or directory
11-17 06:12:50.479 I/SehLight( 744): updateSupportedLights : 0
11-17 06:12:50.482 E/HYPER-HAL( 741): [JsonParser.cpp]ParseHints(): targetResource
of DDRMinFreq is null
11-17 06:12:50.482 E/HYPER-HAL( 741): [JsonParser.cpp]ParseHints(): targetResource
of CoreNumBigMin is null
11-17 06:12:50.482 E/HYPER-HAL( 741): [JsonParser.cpp]ParseHints(): targetResource
of CoreNumPrimeMin is null
11-17 06:12:50.482 E/HYPER-HAL( 741): [JsonParser.cpp]ParseHints(): targetResource
of DDRMinFreq is null
11-17 06:12:50.482 E/HYPER-HAL( 741): [JsonParser.cpp]ParseHints(): targetResource
of DDRMinFreq is null
11-17 06:12:50.483 E/HYPER-HAL( 741): [JsonParser.cpp]ParseHints(): targetResource
of CoreNumBigMin is null
11-17 06:12:50.483 I/HidlServiceManagement( 735): Registered
[email protected]::IUsb/default
11-17 06:12:50.483 I/HidlServiceManagement( 735): Removing namespace from process
name [email protected] to [email protected].
11-17 06:12:50.484 E/HYPER-HAL( 741): [JsonParser.cpp]parseConfigFile(): Json File
NO Exist : /vendor/etc/hyper/config_model.json
11-17 06:12:50.484 I/[email protected]( 735): USB HAL Ready.
11-17 06:12:50.484 E/HYPER-HAL( 741): [JsonParser.cpp]JsonInit(): Skip Model
Config Parsing
11-17 06:12:50.486 I/SensorsHub( 727): sensor_name LSM6DSOTR Gyroscope
Uncalibrated mSensorInfo.name LSM6DSOTR Gyroscope Uncalibrated
11-17 06:12:50.487 I/SensorsHub( 727): injection path /dev/shub_data_injection
11-17 06:12:50.487 I/SensorsHub( 727): index 5, LSM6DSOTR
11-17 06:12:50.487 I/SensorsHub( 727): handle 17
11-17 06:12:50.487 I/SensorsHub( 727): name
11-17 06:12:50.487 I/SensorsHub( 727): vendor Samsung Inc.
11-17 06:12:50.487 I/SensorsHub( 727): version 2
11-17 06:12:50.487 I/SensorsHub( 727): maxRage 1.000000
11-17 06:12:50.487 I/SensorsHub( 727): resolution 1.000000
11-17 06:12:50.487 I/SensorsHub( 727): Delay min -1 Max 0
11-17 06:12:50.487 I/SensorsHub( 727): fifo 0 0
11-17 06:12:50.487 I/SensorsHub( 727): wakeup 1 flags 1
11-17 06:12:50.487 I/SensorsHub( 727): SigMotionSensor
11-17 06:12:50.487 I/SensorsHub( 727): sensor_name Significant Motion
mSensorInfo.name Significant Motion
11-17 06:12:50.487 I/SensorsHub( 727): injection path /dev/shub_data_injection
11-17 06:12:50.487 I/SensorsHub( 727): index 6,
11-17 06:12:50.487 I/SensorsHub( 727): handle 18
11-17 06:12:50.487 I/servicemanager( 476): Found
android.hardware.light.ILights/default in device VINTF manifest.
11-17 06:12:50.487 I/SensorsHub( 727): name
11-17 06:12:50.487 I/SensorsHub( 727): vendor Samsung Inc.
11-17 06:12:50.487 I/SensorsHub( 727): version 1
11-17 06:12:50.487 I/SensorsHub( 727): maxRage 1.000000
11-17 06:12:50.487 I/SensorsHub( 727): resolution 1.000000
11-17 06:12:50.487 I/SensorsHub( 727): Delay min 0 Max 0
11-17 06:12:50.487 I/SensorsHub( 727): fifo 0 0
11-17 06:12:50.487 I/servicemanager( 476): Adding 'u:r:hal_light_default:s0'
service (android.hardware.light.ILights/default:744)
11-17 06:12:50.487 I/SensorsHub( 727): wakeup 0 flags 0
11-17 06:12:50.488 E/HYPER-HAL( 741): [HandlerQC.cpp]HandlerQC(): unable to open
vendor/lib64/libqti-perfd-client.so: dlopen failed: library "libqti-perfd-
client.so" not found
11-17 06:12:50.489 E/HYPER-HAL( 741): [HandlerMtk.cpp]HandlerMtk(): dlopen error:
dlopen failed: library "libmtkperf_client_vendor.so" not found
11-17 06:12:50.489 I/SensorsHub( 727): StepDetectorSensor
11-17 06:12:50.489 I/SensorsHub( 727): sensor_name Step Detector mSensorInfo.name
Step Detector
11-17 06:12:50.489 I/SensorsHub( 727): injection path /dev/shub_data_injection
11-17 06:12:50.489 I/SensorsHub( 727): index 7,
11-17 06:12:50.490 I/SensorsHub( 727): handle 19
11-17 06:12:50.490 I/SensorsHub( 727): name
11-17 06:12:50.490 I/SensorsHub( 727): vendor Samsung Inc.
11-17 06:12:50.490 I/SensorsHub( 727): version 1
11-17 06:12:50.490 I/SensorsHub( 727): maxRage 4294967296.000000
11-17 06:12:50.490 I/SensorsHub( 727): resolution 1.000000
11-17 06:12:50.490 I/SensorsHub( 727): Delay min 0 Max 0
11-17 06:12:50.490 I/SensorsHub( 727): fifo 0 0
11-17 06:12:50.490 I/SensorsHub( 727): wakeup 0 flags 0
11-17 06:12:50.493 I/[email protected]( 760):
SysInputDev V1_2 started
11-17 06:12:50.494 I/[email protected]( 760):
SysInputDev:SysInputDev: start
11-17 06:12:50.494 I/[email protected]( 760): !
@InputDevice:InputDevice: tsp1
11-17 06:12:50.494 E/[email protected]( 760):
InputDevice:getDevice: failed open fd(/sys/class/sec/tsp1/cmd), -1
11-17 06:12:50.494 I/[email protected]( 760):
InputDevice:getDevice: path is :/sys/class/sec/tsp1/cmd
11-17 06:12:50.494 E/[email protected]( 760):
InputDevice:getDevice: failed open fd(/sys/class/sec/tsp1/enabled), -1
11-17 06:12:50.494 I/[email protected]( 760): !
@InputDevice:InputDevice: tsp1, /sys/class/sec/tsp1/,
11-17 06:12:50.494 I/[email protected]( 760): !
@InputDevice:InputDevice: tsp2
11-17 06:12:50.495 E/[email protected]( 760):
InputDevice:getDevice: failed open fd(/sys/class/sec/tsp2/cmd), -1
11-17 06:12:50.495 I/[email protected]( 760):
InputDevice:getDevice: path is :/sys/class/sec/tsp2/cmd
11-17 06:12:50.495 E/[email protected]( 760):
InputDevice:getDevice: failed open fd(/sys/class/sec/tsp2/enabled), -1
11-17 06:12:50.495 I/[email protected]( 760): !
@InputDevice:InputDevice: tsp2, /sys/class/sec/tsp2/,
11-17 06:12:50.495 I/[email protected]( 760): !
@InputDevice:InputDevice: tsp
11-17 06:12:50.495 I/[email protected]( 760):
InputDevice:getDevice: path is :/sys/class/sec/tsp/cmd
11-17 06:12:50.495 I/SensorsHub( 727): StepCounterSensor
11-17 06:12:50.495 I/[email protected]( 760):
InputDevice:getDevice: path is :/sys/class/sec/tsp/enabled
11-17 06:12:50.495 I/[email protected]( 760): !
@InputDevice:InputDevice: tsp, /sys/class/sec/tsp/, /sys/class/sec/tsp/enabled
11-17 06:12:50.495 I/[email protected]( 760):
TspCommon:~TspCommon: tsp1
11-17 06:12:50.495 I/[email protected]( 760):
InputDevice:~InputDevice: tsp1 false
11-17 06:12:50.495 I/[email protected]( 760):
TspCommon:~TspCommon: tsp2
11-17 06:12:50.495 I/[email protected]( 760):
InputDevice:~InputDevice: tsp2 false
11-17 06:12:50.495 I/[email protected]( 760): !
@InputDevice:InputDevice: sec_epen
11-17 06:12:50.495 E/[email protected]( 760):
InputDevice:getDevice: failed open fd(/sys/class/sec/sec_epen/cmd), -1
11-17 06:12:50.495 I/[email protected]( 760):
InputDevice:getDevice: path is :/sys/class/sec/sec_epen/cmd
11-17 06:12:50.495 E/[email protected]( 760):
InputDevice:getDevice: failed open fd(/sys/class/sec/sec_epen/enabled), -1
11-17 06:12:50.495 I/[email protected]( 760): !
@InputDevice:InputDevice: sec_epen, /sys/class/sec/sec_epen/,
11-17 06:12:50.495 I/[email protected]( 760): !
@InputDevice:printDeviceInfo: name:tsp, support:true, cmd_path:/sys/class/sec/tsp/,
/sys/class/sec/tsp/enabled
11-17 06:12:50.495 I/[email protected]( 760): !
@InputDevice:printDeviceInfo: name:dummy, support:false, cmd_path:,
11-17 06:12:50.495 I/[email protected]( 760): !
@InputDevice:printDeviceInfo: name:sec_epen, support:false,
cmd_path:/sys/class/sec/sec_epen/,
11-17 06:12:50.495 I/[email protected]( 760): !
@InputDevice:printDeviceInfo: name:key, support:false, cmd_path:,
11-17 06:12:50.495 I/SensorsHub( 727): sensor_name Step Counter mSensorInfo.name
Step Counter
11-17 06:12:50.495 I/[email protected]( 760):
SysInputDev:getDeviceList: 1 found, 1,
11-17 06:12:50.495 I/[email protected]( 760):
HALL:updateDigitalHallCalData: number: 0, path:
/sys/class/sec/digital_hall/digital_hall_thd
11-17 06:12:50.495 I/SensorsHub( 727): injection path /dev/shub_data_injection
11-17 06:12:50.495 I/SensorsHub( 727): index 8,
11-17 06:12:50.495 I/SensorsHub( 727): handle 22
11-17 06:12:50.495 I/SensorsHub( 727): name
11-17 06:12:50.495 I/SensorsHub( 727): vendor Samsung Inc.
11-17 06:12:50.495 I/SensorsHub( 727): version 1
11-17 06:12:50.495 E/[email protected]( 760):
HALL:updateDigitalHallCalData: do not support digital hall(foldable), -1
11-17 06:12:50.495 I/[email protected]( 760): initTaas:
start
11-17 06:12:50.495 I/SensorsHub( 727): maxRage 1.000000
11-17 06:12:50.495 I/SensorsHub( 727): resolution 1.000000
11-17 06:12:50.495 I/SensorsHub( 727): Delay min 0 Max 0
11-17 06:12:50.495 I/SensorsHub( 727): fifo 0 0
11-17 06:12:50.495 I/SensorsHub( 727): wakeup 1 flags 1
11-17 06:12:50.495 E/[email protected]( 760): TAAS
initTaas: exist file /mnt/vendor/efs/taas/taas
11-17 06:12:50.495 E/[email protected]( 760): TAAS
initTaas: exist file /mnt/vendor/efs/taas/taaslog
11-17 06:12:50.495 E/[email protected]( 760): TAAS
initTaas: exist file /efs/taas/taaslog
11-17 06:12:50.496 I/HidlServiceManagement( 720): Registered
[email protected]::IDrmFactory/widevine
11-17 06:12:50.496 I/SensorsHub( 727): TiltDetector
11-17 06:12:50.496 I/BatteryDump( 725): !@ sbd_init()
11-17 06:12:50.496 I/SensorsHub( 727): sensor_name Tilt Detector mSensorInfo.name
Tilt Detector
11-17 06:12:50.496 I/SensorsHub( 727): injection path /dev/shub_data_injection
11-17 06:12:50.496 W/BatteryDump( 725): !@setsockopt: SO_RCVBUFFORCE
11-17 06:12:50.496 I/SensorsHub( 727): index 9,
11-17 06:12:50.496 I/SensorsHub( 727): handle 25
11-17 06:12:50.496 I/SensorsHub( 727): name
11-17 06:12:50.496 I/SensorsHub( 727): vendor Samsung Inc.
11-17 06:12:50.496 I/SensorsHub( 727): version 1
11-17 06:12:50.496 I/SensorsHub( 727): maxRage 1.000000
11-17 06:12:50.496 I/HidlServiceManagement( 720): Removing namespace from process
name [email protected] to [email protected].
11-17 06:12:50.497 I/SensorsHub( 727): resolution 1.000000
11-17 06:12:50.497 I/SensorsHub( 727): Delay min -1 Max 0
11-17 06:12:50.497 I/SensorsHub( 727): fifo 0 0
11-17 06:12:50.497 I/SensorsHub( 727): wakeup 1 flags 1
11-17 06:12:50.498 I/SensorsHub( 727): PickupGesture
11-17 06:12:50.498 I/SensorsHub( 727): sensor_name Pick Up Gesture
mSensorInfo.name Pick Up Gesture
11-17 06:12:50.498 I/SensorsHub( 727): injection path /dev/shub_data_injection
11-17 06:12:50.498 I/SensorsHub( 727): index 10,
11-17 06:12:50.499 I/SensorsHub( 727): handle 27
11-17 06:12:50.499 I/SensorsHub( 727): name
11-17 06:12:50.499 I/SensorsHub( 727): vendor Samsung Inc.
11-17 06:12:50.499 I/SensorsHub( 727): version 16
11-17 06:12:50.499 I/SensorsHub( 727): maxRage 3.000000
11-17 06:12:50.499 I/SensorsHub( 727): resolution 1.000000
11-17 06:12:50.499 I/SensorsHub( 727): Delay min 0 Max 0
11-17 06:12:50.499 I/SensorsHub( 727): fifo 0 0
11-17 06:12:50.499 I/SensorsHub( 727): wakeup 0 flags 0
11-17 06:12:50.499 I/SensorsHub( 727): DeviceOrientation
11-17 06:12:50.499 I/SensorsHub( 727): sensor_name Device Orientataion
mSensorInfo.name Device Orientataion
11-17 06:12:50.499 I/SensorsHub( 727): injection path /dev/shub_data_injection
11-17 06:12:50.500 I/SensorsHub( 727): index 11,
11-17 06:12:50.500 I/SensorsHub( 727): handle 31
11-17 06:12:50.500 I/SensorsHub( 727): name
11-17 06:12:50.500 I/SensorsHub( 727): vendor Samsung Inc.
11-17 06:12:50.503 I/SensorsHub( 727): version 1
11-17 06:12:50.503 I/SensorsHub( 727): maxRage 17.453293
11-17 06:12:50.503 I/SensorsHub( 727): resolution 0.000611
11-17 06:12:50.503 I/SensorsHub( 727): Delay min 20000 Max 20000
11-17 06:12:50.503 I/SensorsHub( 727): fifo 0 0
11-17 06:12:50.503 I/SensorsHub( 727): wakeup 0 flags 0
11-17 06:12:50.504 D/[email protected]( 758): sec-
miscpower-2-0 starts
11-17 06:12:50.507 I/SensorsHub( 727): IntGyroSensor
11-17 06:12:50.507 I/SensorsHub( 727): sensor_name Interrupt Gyroscope
mSensorInfo.name Interrupt Gyroscope
11-17 06:12:50.507 I/SensorsHub( 727): injection path /dev/shub_data_injection
11-17 06:12:50.507 I/SensorsHub( 727): index 12,
11-17 06:12:50.507 I/SensorsHub( 727): handle 34
11-17 06:12:50.507 I/SensorsHub( 727): name TCS3701
11-17 06:12:50.507 I/SensorsHub( 727): vendor AMS, Inc.
11-17 06:12:50.507 I/SensorsHub( 727): version 1000
11-17 06:12:50.507 I/SensorsHub( 727): maxRage 60000.000000
11-17 06:12:50.507 I/SensorsHub( 727): resolution 1.000000
11-17 06:12:50.507 I/SensorsHub( 727): Delay min 200000 Max 200000
11-17 06:12:50.507 I/SensorsHub( 727): fifo 0 0
11-17 06:12:50.507 I/SensorsHub( 727): wakeup 0 flags 0
11-17 06:12:50.508 I/SensorsHub( 727): LightCCT_Sensor
11-17 06:12:50.508 I/SensorsHub( 727): sensor_name TCS3701 Light CCT
mSensorInfo.name TCS3701 Light CCT
11-17 06:12:50.509 I/SensorsHub( 727): injection path /dev/shub_data_injection
11-17 06:12:50.509 I/SensorsHub( 727): index 13, TCS3701
11-17 06:12:50.509 I/SensorsHub( 727): handle 35
11-17 06:12:50.509 I/SensorsHub( 727): name
11-17 06:12:50.509 I/SensorsHub( 727): vendor Samsung Inc.
11-17 06:12:50.509 I/SensorsHub( 727): version 1
11-17 06:12:50.509 I/SensorsHub( 727): maxRage 1.000000
11-17 06:12:50.509 I/SensorsHub( 727): resolution 1.000000
11-17 06:12:50.509 I/SensorsHub( 727): Delay min 0 Max 0
11-17 06:12:50.509 I/SensorsHub( 727): fifo 0 0
11-17 06:12:50.509 I/SensorsHub( 727): wakeup 1 flags 1
11-17 06:12:50.511 I/servicemanager( 476): Found
android.hardware.memtrack.IMemtrack/default in device VINTF manifest.
11-17 06:12:50.511 I/servicemanager( 476): Adding 'u:r:hal_memtrack_default:s0'
service (android.hardware.memtrack.IMemtrack/default:751)
11-17 06:12:50.511 I/servicemanager( 476): Found
android.hardware.power.IPower/default in device VINTF manifest.
11-17 06:12:50.511 I/SensorsHub( 727): CallGesture
11-17 06:12:50.511 I/servicemanager( 476): Adding 'u:r:hal_power_default:s0'
service (android.hardware.power.IPower/default:754)
11-17 06:12:50.511 I/SensorsHub( 727): sensor_name Call Gesture mSensorInfo.name
Call Gesture
11-17 06:12:50.511 I/SensorsHub( 727): injection path /dev/shub_data_injection
11-17 06:12:50.512 I/SensorsHub( 727): index 14,
11-17 06:12:50.512 I/SensorsHub( 727): handle 36
11-17 06:12:50.512 I/SensorsHub( 727): name
11-17 06:12:50.512 I/SensorsHub( 727): vendor Samsung Inc.
11-17 06:12:50.512 I/SensorsHub( 727): version 2
11-17 06:12:50.512 I/SensorsHub( 727): maxRage 1.000000
11-17 06:12:50.512 I/SensorsHub( 727): resolution 1.000000
11-17 06:12:50.512 I/SensorsHub( 727): Delay min 0 Max 0
11-17 06:12:50.512 I/SensorsHub( 727): fifo 0 0
11-17 06:12:50.512 I/SensorsHub( 727): wakeup 1 flags 1
11-17 06:12:50.512 I/SensorsHub( 727): WakeUpMotion
11-17 06:12:50.513 I/SensorsHub( 727): sensor_name Wake Up Motion mSensorInfo.name
Wake Up Motion
11-17 06:12:50.513 I/SensorsHub( 727): injection path /dev/shub_data_injection
11-17 06:12:50.513 I/SensorsHub( 727): index 15,
11-17 06:12:50.513 I/SensorsHub( 727): handle 37
11-17 06:12:50.513 I/SensorsHub( 727): name TCS3701
11-17 06:12:50.513 I/SensorsHub( 727): vendor AMS, Inc.
11-17 06:12:50.513 I/SensorsHub( 727): version 1
11-17 06:12:50.513 I/SensorsHub( 727): maxRage 60000.000000
11-17 06:12:50.513 I/SensorsHub( 727): resolution 1.000000
11-17 06:12:50.513 I/SensorsHub( 727): Delay min 200000 Max 200000
11-17 06:12:50.513 I/SensorsHub( 727): fifo 0 0
11-17 06:12:50.513 I/SensorsHub( 727): wakeup 0 flags 0
11-17 06:12:50.514 I/SensorsHub( 727): AutoBrightnessSensor
11-17 06:12:50.514 I/SensorsHub( 727): sensor_name TCS3701 Auto Brightness Sensor
mSensorInfo.name TCS3701 Auto Brightness Sensor
11-17 06:12:50.514 I/SensorsHub( 727): injection path /dev/shub_data_injection
11-17 06:12:50.514 I/SensorsHub( 727): index 16, TCS3701
11-17 06:12:50.514 I/SensorsHub( 727): handle 38
11-17 06:12:50.514 I/SensorsHub( 727): name
11-17 06:12:50.514 I/SensorsHub( 727): vendor Samsung Inc.
11-17 06:12:50.514 I/SensorsHub( 727): version 1
11-17 06:12:50.514 I/SensorsHub( 727): maxRage 17.453293
11-17 06:12:50.514 I/SensorsHub( 727): resolution 0.000611
11-17 06:12:50.514 I/SensorsHub( 727): Delay min 10000 Max 10000
11-17 06:12:50.514 I/SensorsHub( 727): fifo 0 0
11-17 06:12:50.514 I/SensorsHub( 727): wakeup 0 flags 0
11-17 06:12:50.515 I/[email protected]( 725): default
instance initializing with healthd_config...
11-17 06:12:50.516 E/HYPER-HAL( 741): [ResourceManager.cpp]isValidResourceData():
resourceData basic data null or empty
11-17 06:12:50.516 E/HYPER-HAL( 741): [ResourceManager.cpp]ResourceManager():
resourceData null
11-17 06:12:50.516 E/HYPER-HAL( 741): [ResourceManager.cpp]isValidResourceData():
resourceData basic data null or empty
11-17 06:12:50.516 E/HYPER-HAL( 741): [ResourceManager.cpp]ResourceManager():
resourceData null
11-17 06:12:50.516 E/HYPER-HAL( 741): [HandlerSysfs.cpp]doResourceHandling():
Couldn't Open Sysfs - /sys/devices/platform/113b0000.pcie/pcie_sysfs
11-17 06:12:50.516 E/HYPER-HAL( 741): [HandlerSysfs.cpp]doResourceHandling():
Couldn't Open Sysfs - /proc/sys/vm/kswapd_perftune_cpumask
11-17 06:12:50.517 I/SensorsHub( 727): VdisGyroSensor
11-17 06:12:50.518 I/SensorsHub( 727): sensor_name VDIS Gyroscope mSensorInfo.name
VDIS Gyroscope
11-17 06:12:50.518 I/SensorsHub( 727): injection path /dev/shub_data_injection
11-17 06:12:50.518 I/SensorsHub( 727): index 17,
11-17 06:12:50.518 I/SensorsHub( 727): handle 42
11-17 06:12:50.518 I/SensorsHub( 727): name
11-17 06:12:50.518 I/SensorsHub( 727): vendor Samsung Inc.
11-17 06:12:50.518 I/SensorsHub( 727): version 1
11-17 06:12:50.518 I/SensorsHub( 727): maxRage 1.000000
11-17 06:12:50.518 I/SensorsHub( 727): resolution 1.000000
11-17 06:12:50.518 I/SensorsHub( 727): Delay min 240000 Max 240000
11-17 06:12:50.518 I/SensorsHub( 727): fifo 0 0
11-17 06:12:50.518 I/SensorsHub( 727): wakeup 1 flags 1
11-17 06:12:50.518 I/SensorsHub( 727): FlipCoverDetector
11-17 06:12:50.519 I/SensorsHub( 727): sensor_name Flip Cover Detector
mSensorInfo.name Flip Cover Detector
11-17 06:12:50.519 I/SensorsHub( 727): injection path /dev/shub_data_injection
11-17 06:12:50.519 I/SensorsHub( 727): index 18,
11-17 06:12:50.519 I/SensorsHub( 727): handle 43
11-17 06:12:50.519 I/SensorsHub( 727): name LSM6DSOTR
11-17 06:12:50.519 I/SensorsHub( 727): vendor STM
11-17 06:12:50.519 I/SensorsHub( 727): version 81469
11-17 06:12:50.519 I/SensorsHub( 727): maxRage 78.453201
11-17 06:12:50.519 I/SensorsHub( 727): resolution 0.002394
11-17 06:12:50.519 I/SensorsHub( 727): Delay min 2000 Max 160000
11-17 06:12:50.519 I/SensorsHub( 727): fifo 0 0
11-17 06:12:50.519 I/SensorsHub( 727): wakeup 0 flags 0
11-17 06:12:50.525 I/SensorsHub( 727): UncalAccSensor
11-17 06:12:50.525 I/SensorsHub( 727): sensor_name LSM6DSOTR Accelerometer
Uncalibrated mSensorInfo.name LSM6DSOTR Accelerometer Uncalibrated
11-17 06:12:50.525 I/SensorsHub( 727): injection path /dev/shub_data_injection
11-17 06:12:50.525 I/SensorsHub( 727): index 19, LSM6DSOTR
11-17 06:12:50.525 I/SensorsHub( 727): handle 52
11-17 06:12:50.525 I/SensorsHub( 727): name
11-17 06:12:50.525 I/SensorsHub( 727): vendor Samsung Inc.
11-17 06:12:50.525 I/SensorsHub( 727): version 16
11-17 06:12:50.526 I/SensorsHub( 727): maxRage 3.000000
11-17 06:12:50.526 I/SensorsHub( 727): resolution 1.000000
11-17 06:12:50.526 I/SensorsHub( 727): Delay min 0 Max 0
11-17 06:12:50.526 I/SensorsHub( 727): fifo 0 0
11-17 06:12:50.526 I/SensorsHub( 727): wakeup 1 flags 1
11-17 06:12:50.531 I/SensorsHub( 727): DeviceOrientation
11-17 06:12:50.532 I/SensorsHub( 727): sensor_name Device Orientataion Wake Up
mSensorInfo.name Device Orientataion Wake Up
11-17 06:12:50.532 I/SensorsHub( 727): injection path /dev/shub_data_injection
11-17 06:12:50.532 I/SensorsHub( 727): index 20,
11-17 06:12:50.532 I/SensorsHub( 727): handle 54
11-17 06:12:50.532 I/SensorsHub( 727): name
11-17 06:12:50.532 I/SensorsHub( 727): vendor Samsung Inc.
11-17 06:12:50.532 I/SensorsHub( 727): version 1
11-17 06:12:50.532 I/SensorsHub( 727): maxRage 1.000000
11-17 06:12:50.532 I/SensorsHub( 727): resolution 1.000000
11-17 06:12:50.532 I/SensorsHub( 727): Delay min -1 Max 0
11-17 06:12:50.532 I/SensorsHub( 727): fifo 0 0
11-17 06:12:50.532 I/SensorsHub( 727): wakeup 1 flags 1
11-17 06:12:50.534 I/SensorsHub( 727): SarBackoffMotion
11-17 06:12:50.534 I/SensorsHub( 727): sensor_name SBM mSensorInfo.name SBM
11-17 06:12:50.534 I/SensorsHub( 727): injection path /dev/shub_data_injection
11-17 06:12:50.534 I/SensorsHub( 727): index 21,
11-17 06:12:50.535 I/SensorsHub( 727): SContextSensor
11-17 06:12:50.535 I/SensorsHub( 727): sensor_name Scontext mSensorInfo.name
Scontext
11-17 06:12:50.536 I/SensorsHub( 727): injection path /dev/shub_data_injection
11-17 06:12:50.536 I/SensorsHub( 727): SensorHubDataWriter::SensorHubDataWriter()
11-17 06:12:50.536 E/SensorsHub( 727): SensorHubDataWriter: open sensorhub device
failed(-1) No such file or directory
11-17 06:12:50.536 E/SensorsHub( 727): SensorHubDataWriter: open sensorhub device
success(30)
11-17 06:12:50.536 I/SensorsHub( 727): index 22, Scontext
11-17 06:12:50.538 I/HidlServiceManagement( 760): Registered
[email protected]::ISehSysInputDev/default
11-17 06:12:50.539 I/HidlServiceManagement( 760): Removing namespace from process
name [email protected] to [email protected].
11-17 06:12:50.549 I/SensorsHub( 727): SensorHubSensor
11-17 06:12:50.550 I/SensorsHub( 727): sensor_name SensorHub mSensorInfo.name
SensorHub
11-17 06:12:50.550 I/SensorsHub( 727): injection path /dev/shub_data_injection
11-17 06:12:50.550 I/SensorsHub( 727): index 23, SensorHub
11-17 06:12:50.550 I/SensorsHub( 727): (AccSensor)SensorBase::isShownSensorList()
11-17 06:12:50.550 I/SensorsHub( 727): index 0, ishown 1
11-17 06:12:50.550 I/SensorsHub( 727): (AccSensor)SensorBase::isShownSensorList()
11-17 06:12:50.550 I/SensorsHub( 727):
(MagneticSensor)SensorBase::isShownSensorList()
11-17 06:12:50.550 I/SensorsHub( 727): index 1, ishown 1
11-17 06:12:50.550 I/SensorsHub( 727):
(MagneticSensor)SensorBase::isShownSensorList()
11-17 06:12:50.550 I/SensorsHub( 727): (GyroSensor)SensorBase::isShownSensorList()
11-17 06:12:50.550 I/SensorsHub( 727): index 2, ishown 1
11-17 06:12:50.550 I/SensorsHub( 727): (GyroSensor)SensorBase::isShownSensorList()
11-17 06:12:50.550 I/SensorsHub( 727):
(LightSensor)SensorBase::isShownSensorList()
11-17 06:12:50.550 I/SensorsHub( 727): index 3, ishown 1
11-17 06:12:50.550 I/SensorsHub( 727):
(LightSensor)SensorBase::isShownSensorList()
11-17 06:12:50.550 I/SensorsHub( 727):
(UncalMagneticSensor)SensorBase::isShownSensorList()
11-17 06:12:50.550 I/SensorsHub( 727): index 4, ishown 1
11-17 06:12:50.550 I/SensorsHub( 727):
(UncalMagneticSensor)SensorBase::isShownSensorList()
11-17 06:12:50.550 I/SensorsHub( 727):
(UncalGyroSensor)SensorBase::isShownSensorList()
11-17 06:12:50.550 I/SensorsHub( 727): index 5, ishown 1
11-17 06:12:50.550 I/SensorsHub( 727):
(UncalGyroSensor)SensorBase::isShownSensorList()
11-17 06:12:50.550 I/SensorsHub( 727):
(SigMotionSensor)SensorBase::isShownSensorList()
11-17 06:12:50.550 I/SensorsHub( 727): index 6, ishown 1
11-17 06:12:50.550 I/SensorsHub( 727):
(SigMotionSensor)SensorBase::isShownSensorList()
11-17 06:12:50.550 I/SensorsHub( 727):
(StepDetectorSensor)SensorBase::isShownSensorList()
11-17 06:12:50.550 I/SensorsHub( 727): index 7, ishown 1
11-17 06:12:50.550 I/SensorsHub( 727):
(StepDetectorSensor)SensorBase::isShownSensorList()
11-17 06:12:50.550 I/SensorsHub( 727):
(StepCounterSensor)SensorBase::isShownSensorList()
11-17 06:12:50.550 I/SensorsHub( 727): index 8, ishown 1
11-17 06:12:50.550 I/SensorsHub( 727):
(StepCounterSensor)SensorBase::isShownSensorList()
11-17 06:12:50.550 I/SensorsHub( 727):
(TiltDetector)SensorBase::isShownSensorList()
11-17 06:12:50.550 I/SensorsHub( 727): index 9, ishown 1
11-17 06:12:50.550 I/SensorsHub( 727):
(TiltDetector)SensorBase::isShownSensorList()
11-17 06:12:50.550 I/SensorsHub( 727):
(PickupGesture)SensorBase::isShownSensorList()
11-17 06:12:50.550 I/SensorsHub( 727): index 10, ishown 1
11-17 06:12:50.550 I/SensorsHub( 727):
(PickupGesture)SensorBase::isShownSensorList()
11-17 06:12:50.550 I/SensorsHub( 727):
(DeviceOrientation)SensorBase::isShownSensorList()
11-17 06:12:50.550 I/SensorsHub( 727): index 11, ishown 1
11-17 06:12:50.550 I/SensorsHub( 727):
(DeviceOrientation)SensorBase::isShownSensorList()
11-17 06:12:50.550 I/SensorsHub( 727):
(IntGyroSensor)SensorBase::isShownSensorList()
11-17 06:12:50.550 I/SensorsHub( 727): index 12, ishown 1
11-17 06:12:50.550 I/SensorsHub( 727):
(IntGyroSensor)SensorBase::isShownSensorList()
11-17 06:12:50.551 I/SensorsHub( 727):
(LightCCT_Sensor)SensorBase::isShownSensorList()
11-17 06:12:50.551 I/SensorsHub( 727): index 13, ishown 1
11-17 06:12:50.551 I/SensorsHub( 727):
(LightCCT_Sensor)SensorBase::isShownSensorList()
11-17 06:12:50.551 I/SensorsHub( 727):
(CallGesture)SensorBase::isShownSensorList()
11-17 06:12:50.551 I/SensorsHub( 727): index 14, ishown 1
11-17 06:12:50.551 I/SensorsHub( 727):
(CallGesture)SensorBase::isShownSensorList()
11-17 06:12:50.551 I/SensorsHub( 727):
(WakeUpMotion)SensorBase::isShownSensorList()
11-17 06:12:50.551 I/SensorsHub( 727): index 15, ishown 1
11-17 06:12:50.551 I/SensorsHub( 727):
(WakeUpMotion)SensorBase::isShownSensorList()
11-17 06:12:50.551 I/SensorsHub( 727):
(AutoBrightnessSensor)SensorBase::isShownSensorList()
11-17 06:12:50.551 I/SensorsHub( 727): index 16, ishown 1
11-17 06:12:50.551 I/SensorsHub( 727):
(AutoBrightnessSensor)SensorBase::isShownSensorList()
11-17 06:12:50.551 I/SensorsHub( 727):
(VdisGyroSensor)SensorBase::isShownSensorList()
11-17 06:12:50.551 I/SensorsHub( 727): index 17, ishown 1
11-17 06:12:50.551 I/SensorsHub( 727):
(VdisGyroSensor)SensorBase::isShownSensorList()
11-17 06:12:50.551 I/SensorsHub( 727): index 18, ishown 1
11-17 06:12:50.551 I/SensorsHub( 727):
(UncalAccSensor)SensorBase::isShownSensorList()
11-17 06:12:50.551 I/SensorsHub( 727): index 19, ishown 1
11-17 06:12:50.551 I/SensorsHub( 727):
(UncalAccSensor)SensorBase::isShownSensorList()
11-17 06:12:50.551 I/SensorsHub( 727):
(DeviceOrientation)SensorBase::isShownSensorList()
11-17 06:12:50.551 I/SensorsHub( 727): index 20, ishown 1
11-17 06:12:50.551 I/SensorsHub( 727):
(DeviceOrientation)SensorBase::isShownSensorList()
11-17 06:12:50.551 I/SensorsHub( 727):
(SarBackoffMotion)SensorBase::isShownSensorList()
11-17 06:12:50.551 I/SensorsHub( 727): index 21, ishown 1
11-17 06:12:50.551 I/SensorsHub( 727):
(SarBackoffMotion)SensorBase::isShownSensorList()
11-17 06:12:50.551 I/SensorsHub( 727):
(SContextSensor)SensorBase::isShownSensorList()
11-17 06:12:50.551 I/SensorsHub( 727): index 22, ishown 1
11-17 06:12:50.551 I/SensorsHub( 727):
(SContextSensor)SensorBase::isShownSensorList()
11-17 06:12:50.551 I/SensorsHub( 727): index 23, ishown 0
11-17 06:12:50.551 I/HidlServiceManagement( 720): Registered
[email protected]::ICryptoFactory/widevine
11-17 06:12:50.552 I/HidlServiceManagement( 720): Removing namespace from process
name [email protected] to [email protected].
11-17 06:12:50.556 I/HidlServiceManagement( 758): Registered
[email protected]::ISehMiscPower/default
11-17 06:12:50.556 I/servicemanager( 476): Found
android.hardware.power.IPower/default in device VINTF manifest.
11-17 06:12:50.556 I/servicemanager( 476): Adding 'u:r:hal_power_default:s0'
service (android.hardware.power.IPower/default:753)
11-17 06:12:50.556 I/BpBinder( 476): onLastStrongRef automatically unlinking death
recipients: <uncached descriptor>
11-17 06:12:50.556 I/HidlServiceManagement( 758): Removing namespace from process
name [email protected] to [email protected].
11-17 06:12:50.561 I/[email protected]( 772): Epic
Service started!
11-17 06:12:50.564 I/SensorsInputVirtual( 727): create HoverProximity
11-17 06:12:50.571 E/[email protected]( 759):
vendor drk main
11-17 06:12:50.575 I/SensorsInputVirtual( 727):
HoverProximity::HoverProximitySensor enable path 1
11-17 06:12:50.575 I/SensorsInputVirtual( 727): create TouchPocket
