Download as TXT, PDF, TXT or read online from Scribd
Download as txt, pdf, or txt
You are on page 1of 148
--------- beginning of main
02-15 19:02:18.444 10961 10961 E com.mbwhatsapp: Not starting debugger since
process cannot load the jdwp agent.
02-15 19:02:18.466 10961 10961 W libc : Access denied finding property "sys.perf.boostopt"
02-15 19:02:18.472 10961 10973 W libc : Access denied finding property "sys.perf.boostopt"
02-15 19:02:18.728 10961 10961 W System.err: java.lang.ClassNotFoundException: mbmodsd.mbmodsw.ui.views.btn.BtnBK
02-15 19:02:18.731 10961 10961 W System.err: at java.lang.Runtime.nativeLoad(Native Method)
02-15 19:02:18.731 10961 10961 W System.err: at java.lang.Runtime.nativeLoad(Runtime.java:1126)
02-15 19:02:18.731 10961 10961 W System.err: at java.lang.Runtime.loadLibrary0(Runtime.java:1080)
02-15 19:02:18.731 10961 10961 W System.err: at java.lang.Runtime.loadLibrary0(Runtime.java:1003)
02-15 19:02:18.731 10961 10961 W System.err: at java.lang.System.loadLibrary(System.java:1661)
02-15 19:02:18.731 10961 10961 W System.err: at arm.EpicVm.<clinit>(Unknown Source:2)
02-15 19:02:18.731 10961 10961 W System.err: at java.lang.Class.newInstance(Native Method)
02-15 19:02:18.731 10961 10961 W System.err: at android.app.AppComponentFactory.instantiateApplication(AppComponentFactory.java:76)
02-15 19:02:18.731 10961 10961 W System.err: at androidx.core.app.CoreComponentFactory.instantiateApplication(Unknown Source:0)
02-15 19:02:18.731 10961 10961 W System.err: at android.app.Instrumentation.newApplication(Instrumentation.java:1232)
02-15 19:02:18.731 10961 10961 W System.err: at android.app.LoadedApk.makeApplicationInner(LoadedApk.java:1565)
02-15 19:02:18.731 10961 10961 W System.err: at android.app.LoadedApk.makeApplicationInner(LoadedApk.java:1502)
02-15 19:02:18.731 10961 10961 W System.err: at android.app.ActivityThread.handleBindApplication(ActivityThread.java:7553)
02-15 19:02:18.731 10961 10961 W System.err: at android.app.ActivityThread.-$ $Nest$mhandleBindApplication(Unknown Source:0)
02-15 19:02:18.731 10961 10961 W System.err: at android.app.ActivityThread$H.handleMessage(ActivityThread.java:2400)
02-15 19:02:18.731 10961 10961 W System.err: at android.os.Handler.dispatchMessage(Handler.java:106)
02-15 19:02:18.731 10961 10961 W System.err: at android.os.Looper.loopOnce(Looper.java:226)
02-15 19:02:18.731 10961 10961 W System.err: at android.os.Looper.loop(Looper.java:313)
02-15 19:02:18.731 10961 10961 W System.err: at android.app.ActivityThread.main(ActivityThread.java:8757)
02-15 19:02:18.731 10961 10961 W System.err: at java.lang.reflect.Method.invoke(Native Method)
02-15 19:02:18.731 10961 10961 W System.err: at com.android.internal.os.RuntimeInit$MethodAndArgsCaller.run(RuntimeInit.java:571)
02-15 19:02:18.731 10961 10961 W System.err: at com.android.internal.os.ZygoteInit.main(ZygoteInit.java:1067)
02-15 19:02:18.780 10961 10961 E CustomActivityOnCrash: IMPORTANT WARNING! You already have an UncaughtExceptionHandler, are you sure this is correct? If you use a custom UncaughtExceptionHandler, you must initialize it AFTER CustomActivityOnCrash! Installing anyway, but your original handler will not be called.
02-15 19:02:19.436 10961 10990 W LibraryVersion: Failed to get app version for libraryName: firebase-iid
02-15 19:02:19.624 11053 11053 E com.mbwhatsapp: Not starting debugger since process cannot load the jdwp agent.
02-15 19:02:19.628 11053 11053 W libc : Access denied finding property "sys.perf.boostopt"
02-15 19:02:19.629 11053 11068 W libc : Access denied finding property "sys.perf.boostopt"
02-15 19:02:19.640 11053 11069 W libc : Access denied finding property "sys.perf.boostopt"
02-15 19:02:19.735 11053 11053 W System.err: java.lang.ClassNotFoundException: mbmodsd.mbmodsw.ui.views.btn.BtnBK
02-15 19:02:19.735 11053 11053 W System.err: at java.lang.Runtime.nativeLoad(Native Method)
02-15 19:02:19.735 11053 11053 W System.err: at java.lang.Runtime.nativeLoad(Runtime.java:1126)
02-15 19:02:19.735 11053 11053 W System.err: at java.lang.Runtime.loadLibrary0(Runtime.java:1080)
02-15 19:02:19.736 11053 11053 W System.err: at java.lang.Runtime.loadLibrary0(Runtime.java:1003)
02-15 19:02:19.736 11053 11053 W System.err: at java.lang.System.loadLibrary(System.java:1661)
02-15 19:02:19.736 11053 11053 W System.err: at arm.EpicVm.<clinit>(Unknown Source:2)
02-15 19:02:19.736 11053 11053 W System.err: at java.lang.Class.newInstance(Native Method)
02-15 19:02:19.736 11053 11053 W System.err: at android.app.AppComponentFactory.instantiateApplication(AppComponentFactory.java:76)
02-15 19:02:19.736 11053 11053 W System.err: at androidx.core.app.CoreComponentFactory.instantiateApplication(Unknown Source:0)
02-15 19:02:19.736 11053 11053 W System.err: at android.app.Instrumentation.newApplication(Instrumentation.java:1232)
02-15 19:02:19.736 11053 11053 W System.err: at android.app.LoadedApk.makeApplicationInner(LoadedApk.java:1565)
02-15 19:02:19.736 11053 11053 W System.err: at android.app.LoadedApk.makeApplicationInner(LoadedApk.java:1502)
02-15 19:02:19.736 11053 11053 W System.err: at android.app.ActivityThread.handleBindApplication(ActivityThread.java:7553)
02-15 19:02:19.736 11053 11053 W System.err: at android.app.ActivityThread.-$ $Nest$mhandleBindApplication(Unknown Source:0)
02-15 19:02:19.736 11053 11053 W System.err: at android.app.ActivityThread$H.handleMessage(ActivityThread.java:2400)
02-15 19:02:19.736 11053 11053 W System.err: at android.os.Handler.dispatchMessage(Handler.java:106)
02-15 19:02:19.736 11053 11053 W System.err: at android.os.Looper.loopOnce(Looper.java:226)
02-15 19:02:19.736 11053 11053 W System.err: at android.os.Looper.loop(Looper.java:313)
02-15 19:02:19.736 11053 11053 W System.err: at android.app.ActivityThread.main(ActivityThread.java:8757)
02-15 19:02:19.736 11053 11053 W System.err: at java.lang.reflect.Method.invoke(Native Method)
02-15 19:02:19.736 11053 11053 W System.err: at com.android.internal.os.RuntimeInit$MethodAndArgsCaller.run(RuntimeInit.java:571)
02-15 19:02:19.736 11053 11053 W System.err: at com.android.internal.os.ZygoteInit.main(ZygoteInit.java:1067)
02-15 19:02:19.777 11053 11053 E CustomActivityOnCrash: IMPORTANT WARNING! You already have an UncaughtExceptionHandler, are you sure this is correct? If you use a custom UncaughtExceptionHandler, you must initialize it AFTER CustomActivityOnCrash! Installing anyway, but your original handler will not be called.
02-15 19:02:19.820 11053 11075 W LibraryVersion: Failed to get app version for libraryName: firebase-iid
02-15 19:02:19.981 11053 11053 W com.mbwhatsapp: Accessing hidden method Lcom/android/org/conscrypt/OpenSSLSocketImpl;->setUseSessionTickets(Z)V (max- target-q,core-platform-api, reflection, denied)
02-15 19:02:19.981 11053 11053 W com.mbwhatsapp: Accessing hidden method Lcom/android/org/conscrypt/AbstractConscryptSocket;->setUseSessionTickets(Z)V (max- target-q, reflection, denied)
02-15 19:02:20.005 11092 11092 W libprocessgroup: SetAttribute: unknown attribute: GpisSfCpuset
02-15 19:02:20.005 11092 11092 W libprocessgroup: SetAttribute: unknown attribute: GpisSfCpuset
02-15 19:02:20.845 11053 11111 W com.mbwhatsapp: Method void X.2rL.A03(java.lang.Integer) failed lock verification and will run slower.
02-15 19:02:20.845 11053 11111 W com.mbwhatsapp: Common causes for lock verification issues are non-optimized dex code
02-15 19:02:20.845 11053 11111 W com.mbwhatsapp: and incorrect proguard optimizations.
02-15 19:02:20.878 11053 11053 W com.mbwhatsapp: Method void X.0eU.A0h(X.0tK, boolean) failed lock verification and will run slower.
02-15 19:02:21.058 11053 11126 E QT : [QT]file does not exist
02-15 19:02:21.072 11053 11126 E OpenGLRenderer: Device claims wide gamut support, cannot find matching config, error = EGL_SUCCESS
02-15 19:02:21.072 11053 11126 W OpenGLRenderer: Failed to initialize 101010-2 format, error = EGL_SUCCESS
02-15 19:02:21.226 11053 11053 E com.mbwhatsapp: Invalid ID 0x00000000.
02-15 19:02:21.226 11053 11053 W System.err: android.content.res.Resources$NotFoundException: String resource ID #0x0
02-15 19:02:21.227 11053 11053 W System.err: at android.content.res.Resources.getText(Resources.java:512)
02-15 19:02:21.227 11053 11053 W System.err: at android.content.res.Resources.getString(Resources.java:605)
02-15 19:02:21.227 11053 11053 W System.err: at X.35t.A0E(Unknown Source:46)
02-15 19:02:21.227 11053 11053 W System.err: at com.mbwhatsapp.yo.yo.getString(Native Method)
02-15 19:02:21.227 11053 11053 W System.err: at com.mbwhatsapp.yo.yo.getString(Native Method)
02-15 19:02:21.227 11053 11053 W System.err: at com.mbwhatsapp.youbasha.task.utils.requestAllFilesAccess14(Native Method)
02-15 19:02:21.227 11053 11053 W System.err: at com.mbwhatsapp.yo.dep.showStoragePermissionRequest(Native Method)
02-15 19:02:21.227 11053 11053 W System.err: at com.mbwhatsapp.registration.EULA.onCreate(Unknown Source:248)
02-15 19:02:21.227 11053 11053 W System.err: at android.app.Activity.performCreate(Activity.java:8591)
02-15 19:02:21.227 11053 11053 W System.err: at android.app.Activity.performCreate(Activity.java:8570)
02-15 19:02:21.227 11053 11053 W System.err: at android.app.Instrumentation.callActivityOnCreate(Instrumentation.java:1384)
02-15 19:02:21.227 11053 11053 W System.err: at android.app.ActivityThread.performLaunchActivity(ActivityThread.java:4150)
02-15 19:02:21.227 11053 11053 W System.err: at android.app.ActivityThread.handleLaunchActivity(ActivityThread.java:4325)
02-15 19:02:21.227 11053 11053 W System.err: at android.app.servertransaction.LaunchActivityItem.execute(LaunchActivityItem.java:10 1)
02-15 19:02:21.227 11053 11053 W System.err: at android.app.servertransaction.TransactionExecutor.executeCallbacks(TransactionExecu tor.java:135)
02-15 19:02:21.228 11053 11053 W System.err: at android.app.servertransaction.TransactionExecutor.execute(TransactionExecutor.java: 95)
02-15 19:02:21.228 11053 11053 W System.err: at android.app.ActivityThread$H.handleMessage(ActivityThread.java:2574)
02-15 19:02:21.228 11053 11053 W System.err: at android.os.Handler.dispatchMessage(Handler.java:106)
02-15 19:02:21.228 11053 11053 W System.err: at android.os.Looper.loopOnce(Looper.java:226)
02-15 19:02:21.228 11053 11053 W System.err: at android.os.Looper.loop(Looper.java:313)
02-15 19:02:21.228 11053 11053 W System.err: at android.app.ActivityThread.main(ActivityThread.java:8757)
02-15 19:02:21.228 11053 11053 W System.err: at java.lang.reflect.Method.invoke(Native Method)
02-15 19:02:21.228 11053 11053 W System.err: at com.android.internal.os.RuntimeInit$MethodAndArgsCaller.run(RuntimeInit.java:571)
02-15 19:02:21.228 11053 11053 W System.err: at com.android.internal.os.ZygoteInit.main(ZygoteInit.java:1067)
02-15 19:02:21.298 11053 11053 W Activity: Can request only one set of permissions at a time
02-15 19:02:21.354 11053 11149 E RenderScript: Failed loading RS driver: dlopen failed: library "libRSDriver_mtk.so" not found
02-15 19:02:21.354 11053 11149 E RenderScript: Failed to load runtime libRSDriver_mtk.so, loading default
02-15 19:02:21.409 11053 11053 E ArmVmp : Match on catch block at 0x0a in for 0x7a7918004d
02-15 19:02:21.532 11053 11053 E FBI : Can't load library: dlopen failed: library "libmagtsync.so" not found
02-15 19:02:21.552 11053 11166 E ion : ioctl c0044901 failed with code -1: Invalid argument
02-15 19:02:21.808 11053 11126 W Parcel : Expecting binder but got null!
02-15 19:02:22.277 11053 11126 W Parcel : Expecting binder but got null!
02-15 19:02:22.446 11053 11064 W com.mbwhatsapp: Cleared Reference was only reachable from finalizer (only reported once)
02-15 19:02:22.608 11053 11053 E com.mbwhatsapp: Invalid ID 0x00000000.
02-15 19:02:22.608 11053 11053 E com.mbwhatsapp: Invalid ID 0x00000000.
02-15 19:02:22.609 11053 11053 E com.mbwhatsapp: Invalid ID 0x00000000.
02-15 19:02:22.614 11053 11053 E com.mbwhatsapp: Invalid ID 0x00000000.
02-15 19:02:22.615 11053 11053 E com.mbwhatsapp: Invalid ID 0x00000000.
02-15 19:02:22.615 11053 11053 E com.mbwhatsapp: Invalid ID 0x00000000.
02-15 19:02:22.616 11053 11053 E com.mbwhatsapp: Invalid ID 0x00000000.
02-15 19:02:22.617 11053 11053 E com.mbwhatsapp: Invalid ID 0x00000000.
02-15 19:02:25.538 11053 11069 W libc : Access denied finding property "sys.perf.boostopt"
02-15 19:02:25.540 11053 11070 W libc : Access denied finding property "sys.perf.boostopt"
02-15 19:02:27.441 11053 11053 W Activity: Can request only one set of permissions at a time
02-15 19:02:27.441 11053 11053 W Activity: Can request only one set of permissions at a time
02-15 19:02:30.368 11053 11395 E ShortcutInfoCompatSaver: Failed to load saved values from file /data/user/0/com.mbwhatsapp/files/ShortcutInfoCompatSaver_share_targets/ targets.xml. Old state removed, new added
02-15 19:02:30.368 11053 11395 E ShortcutInfoCompatSaver: java.io.FileNotFoundException: /data/user/0/com.mbwhatsapp/files/ShortcutInfoCompatSaver_share_targets/ targets.xml: open failed: ENOENT (No such file or directory)
02-15 19:02:30.368 11053 11395 E ShortcutInfoCompatSaver: at libcore.io.IoBridge.open(IoBridge.java:574)
02-15 19:02:30.368 11053 11395 E ShortcutInfoCompatSaver: at java.io.FileInputStream.<init>(FileInputStream.java:160)
02-15 19:02:30.368 11053 11395 E ShortcutInfoCompatSaver: at X.0nz.run(Unknown Source:82)
02-15 19:02:30.368 11053 11395 E ShortcutInfoCompatSaver: at java.util.concurrent.Executors$RunnableAdapter.call(Executors.java:487)
02-15 19:02:30.368 11053 11395 E ShortcutInfoCompatSaver: at java.util.concurrent.FutureTask.run(FutureTask.java:264)
02-15 19:02:30.368 11053 11395 E ShortcutInfoCompatSaver: at java.util.concurrent.ThreadPoolExecutor.runWorker(ThreadPoolExecutor.java:1145)
02-15 19:02:30.368 11053 11395 E ShortcutInfoCompatSaver: at java.util.concurrent.ThreadPoolExecutor$Worker.run(ThreadPoolExecutor.java:644)
02-15 19:02:30.368 11053 11395 E ShortcutInfoCompatSaver: at java.lang.Thread.run(Thread.java:1012)
02-15 19:02:30.368 11053 11395 E ShortcutInfoCompatSaver: Caused by: android.system.ErrnoException: open failed: ENOENT (No such file or directory)
02-15 19:02:30.368 11053 11395 E ShortcutInfoCompatSaver: at libcore.io.Linux.open(Native Method)
02-15 19:02:30.368 11053 11395 E ShortcutInfoCompatSaver: at libcore.io.ForwardingOs.open(ForwardingOs.java:563)
02-15 19:02:30.368 11053 11395 E ShortcutInfoCompatSaver: at libcore.io.BlockGuardOs.open(BlockGuardOs.java:274)
02-15 19:02:30.368 11053 11395 E ShortcutInfoCompatSaver: at libcore.io.ForwardingOs.open(ForwardingOs.java:563)
02-15 19:02:30.368 11053 11395 E ShortcutInfoCompatSaver: at android.app.ActivityThread$AndroidOs.open(ActivityThread.java:8619)
02-15 19:02:30.368 11053 11395 E ShortcutInfoCompatSaver: at libcore.io.IoBridge.open(IoBridge.java:560)
02-15 19:02:30.368 11053 11395 E ShortcutInfoCompatSaver: ... 7 more
02-15 19:02:30.440 11053 11126 E FrameEvents: updateAcquireFence: Did not find frame.
02-15 19:02:30.455 11053 11126 E FrameEvents: updateAcquireFence: Did not find frame.
02-15 19:02:30.471 11053 11126 E FrameEvents: updateAcquireFence: Did not find frame.
02-15 19:02:34.801 11053 11126 W Parcel : Expecting binder but got null!
02-15 19:02:36.709 11053 11053 W OnBackInvokedCallback: OnBackInvokedCallback is not enabled for the application.
02-15 19:02:36.709 11053 11053 W OnBackInvokedCallback: Set 'android:enableOnBackInvokedCallback="true"' in the application manifest.
02-15 19:02:44.399 11053 11053 W Settings: Setting show_button_background has moved from android.provider.Settings.System to android.provider.Settings.Global, returning read-only value.
02-15 19:02:44.459 11053 11126 W Parcel : Expecting binder but got null!
02-15 19:02:44.934 11053 11470 E PlayCore: UID: [10309] PID: [11053] StandardIntegrity : Phonesky is not installed.
02-15 19:02:45.884 11053 11126 W Parcel : Expecting binder but got null!
02-15 19:02:49.818 11053 11053 W OnBackInvokedCallback: OnBackInvokedCallback is not enabled for the application.
02-15 19:02:49.818 11053 11053 W OnBackInvokedCallback: Set 'android:enableOnBackInvokedCallback="true"' in the application manifest.
02-15 19:02:50.146 11053 11053 W Settings: Setting show_button_background has moved from android.provider.Settings.System to android.provider.Settings.Global, returning read-only value.
02-15 19:02:50.181 11053 11126 W Parcel : Expecting binder but got null!
02-15 19:02:50.237 11053 11126 W Parcel : Expecting binder but got null!
02-15 19:02:53.295 11053 11053 W RemoteInputConnectionImpl: requestCursorAnchorInfo on inactive InputConnection
02-15 19:02:53.313 11053 11053 E ImeBackDispatcher: Ime callback not found. Ignoring unregisterReceivedCallback. callbackId: 63262533
02-15 19:02:53.394 11053 11053 W OnBackInvokedCallback: OnBackInvokedCallback is not enabled for the application.
02-15 19:02:53.394 11053 11053 W OnBackInvokedCallback: Set 'android:enableOnBackInvokedCallback="true"' in the application manifest.
02-15 19:02:59.228 11053 11053 W OnBackInvokedCallback: OnBackInvokedCallback is not enabled for the application.
02-15 19:02:59.228 11053 11053 W OnBackInvokedCallback: Set 'android:enableOnBackInvokedCallback="true"' in the application manifest.
02-15 19:03:13.097 11053 11053 W OnBackInvokedCallback: OnBackInvokedCallback is not enabled for the application.
02-15 19:03:13.097 11053 11053 W OnBackInvokedCallback: Set 'android:enableOnBackInvokedCallback="true"' in the application manifest.
02-15 19:03:18.374 11053 11053 W Settings: Setting show_button_background has moved from android.provider.Settings.System to android.provider.Settings.Global, returning read-only value.
02-15 19:03:18.428 11053 11126 W Parcel : Expecting binder but got null!
02-15 19:03:19.434 11053 11126 W Parcel : Expecting binder but got null!
02-15 19:03:19.438 11053 11053 W OnBackInvokedCallback: OnBackInvokedCallback is not enabled for the application.
02-15 19:03:19.438 11053 11053 W OnBackInvokedCallback: Set 'android:enableOnBackInvokedCallback="true"' in the application manifest.
02-15 19:03:20.686 11053 11126 W Parcel : Expecting binder but got null!
02-15 19:03:20.778 11053 11126 W Parcel : Expecting binder but got null!
02-15 19:03:20.812 11053 11053 W OnBackInvokedCallback: OnBackInvokedCallback is not enabled for the application.
02-15 19:03:20.812 11053 11053 W OnBackInvokedCallback: Set 'android:enableOnBackInvokedCallback="true"' in the application manifest.
02-15 19:03:20.825 11053 11053 W RemoteInputConnectionImpl: requestCursorAnchorInfo on inactive InputConnection
02-15 19:03:27.348 11053 11053 W Settings: Setting show_button_background has moved from android.provider.Settings.System to android.provider.Settings.Global, returning read-only value.
02-15 19:03:27.393 11053 11126 W Parcel : Expecting binder but got null!
02-15 19:03:27.491 11053 11053 W OnBackInvokedCallback: OnBackInvokedCallback is not enabled for the application.
02-15 19:03:27.491 11053 11053 W OnBackInvokedCallback: Set 'android:enableOnBackInvokedCallback="true"' in the application manifest.
02-15 19:03:27.908 11053 11126 W Parcel : Expecting binder but got null!
02-15 19:03:27.931 11053 11053 W OnBackInvokedCallback: OnBackInvokedCallback is not enabled for the application.
02-15 19:03:27.931 11053 11053 W OnBackInvokedCallback: Set 'android:enableOnBackInvokedCallback="true"' in the application manifest.
02-15 19:03:27.948 11053 11053 W RemoteInputConnectionImpl: requestCursorAnchorInfo on inactive InputConnection
02-15 19:03:28.282 11053 11126 W Parcel : Expecting binder but got null!
02-15 19:03:30.686 11053 11126 W Parcel : Expecting binder but got null!
02-15 19:03:33.418 11053 11126 W Parcel : Expecting binder but got null!
02-15 19:04:08.683 11053 11126 W Parcel : Expecting binder but got null!
02-15 19:05:06.496 11053 11126 W Parcel : Expecting binder but got null!
02-15 19:05:07.154 11053 11053 W Settings: Setting show_button_background has moved from android.provider.Settings.System to android.provider.Settings.Global, returning read-only value.
02-15 19:05:07.228 11053 11126 W Parcel : Expecting binder but got null!
02-15 19:05:07.345 11053 11053 W Settings: Setting show_button_background has moved from android.provider.Settings.System to android.provider.Settings.Global, returning read-only value.
02-15 19:05:07.392 11053 11332 W Settings: Setting wifi_sleep_policy has moved from android.provider.Settings.System to android.provider.Settings.Global, returning read-only value.
02-15 19:05:07.413 11053 11126 W Parcel : Expecting binder but got null!
02-15 19:05:07.654 11053 11126 W Parcel : Expecting binder but got null!
02-15 19:05:21.287 11053 11053 W Settings: Setting show_button_background has moved from android.provider.Settings.System to android.provider.Settings.Global, returning read-only value.
02-15 19:05:21.326 11053 11126 W Parcel : Expecting binder but got null!
02-15 19:05:21.371 11053 11126 W Parcel : Expecting binder but got null!
02-15 19:05:21.539 11053 11126 W Parcel : Expecting binder but got null!
02-15 19:05:21.802 11053 11126 W Parcel : Expecting binder but got null!
02-15 19:05:33.330 11053 11352 W libc : Access denied finding property "sys.perf.boostopt"
02-15 19:05:35.544 11053 11126 W Parcel : Expecting binder but got null!
02-15 19:05:36.661 11053 11053 W InputEventReceiver: Attempted to finish an input event but the input event receiver has already been disposed.
02-15 19:05:36.865 11053 11126 W Parcel : Expecting binder but got null!
02-15 19:05:44.916 11053 11053 W Settings: Setting show_button_background has moved from android.provider.Settings.System to android.provider.Settings.Global, returning read-only value.
02-15 19:05:44.958 11053 11126 W Parcel : Expecting binder but got null!
02-15 19:05:45.008 11053 11126 W Parcel : Expecting binder but got null!
02-15 19:05:45.177 11053 11126 W Parcel : Expecting binder but got null!
02-15 19:05:45.377 11053 11126 W Parcel : Expecting binder but got null!
02-15 19:05:46.770 11053 11126 W Parcel : Expecting binder but got null!
02-15 19:05:48.302 11053 11053 W InputEventReceiver: Attempted to finish an input event but the input event receiver has already been disposed.
02-15 19:05:48.461 11053 11126 W Parcel : Expecting binder but got null!
02-15 19:05:56.363 11053 11053 W Settings: Setting show_button_background has moved from android.provider.Settings.System to android.provider.Settings.Global, returning read-only value.
02-15 19:05:56.419 11053 11126 W Parcel : Expecting binder but got null!
02-15 19:05:56.486 11053 11126 W Parcel : Expecting binder but got null!
02-15 19:05:56.747 11053 11126 W Parcel : Expecting binder but got null!
02-15 19:05:57.151 11053 11126 W Parcel : Expecting binder but got null!
02-15 19:05:58.590 11053 11053 W OnBackInvokedCallback: OnBackInvokedCallback is not enabled for the application.
02-15 19:05:58.590 11053 11053 W OnBackInvokedCallback: Set 'android:enableOnBackInvokedCallback="true"' in the application manifest.
02-15 19:05:59.865 11053 11066 W System : A resource failed to call end.
02-15 19:06:04.275 11053 11351 W libc : Access denied finding property "sys.perf.boostopt"
02-15 19:06:06.728 11053 11126 W Parcel : Expecting binder but got null!
02-15 19:06:06.779 11053 11053 W OnBackInvokedCallback: OnBackInvokedCallback is not enabled for the application.
02-15 19:06:06.779 11053 11053 W OnBackInvokedCallback: Set 'android:enableOnBackInvokedCallback="true"' in the application manifest.
02-15 19:06:06.820 11053 11053 W RemoteInputConnectionImpl: requestCursorAnchorInfo on inactive InputConnection
02-15 19:06:09.877 11053 11053 W com.mbwhatsapp: Method void com.mbwhatsapp.HomeActivity.A6e() failed lock verification and will run slower.
02-15 19:06:10.682 11053 11053 E ArmVmp : Match on catch block at 0x0a in for 0x7a79180031
02-15 19:06:10.711 11053 13595 W com.mbwhatsapp: Accessing hidden method Lcom/android/org/conscrypt/ConscryptEngineSocket;->setUseSessionTickets(Z)V (max- target-q,core-platform-api, reflection, denied)
02-15 19:06:10.711 11053 13595 W com.mbwhatsapp: Accessing hidden method Lcom/android/org/conscrypt/OpenSSLSocketImpl;->setUseSessionTickets(Z)V (max- target-q,core-platform-api, reflection, denied)
02-15 19:06:10.711 11053 13595 W com.mbwhatsapp: Accessing hidden method Lcom/android/org/conscrypt/AbstractConscryptSocket;->setUseSessionTickets(Z)V (max- target-q, reflection, denied)
02-15 19:06:10.711 11053 13595 W com.mbwhatsapp: Accessing hidden method Lcom/android/org/conscrypt/ConscryptEngineSocket;->setHostname(Ljava/lang/String;)V (max-target-q,core-platform-api, reflection, denied)
02-15 19:06:10.711 11053 13595 W com.mbwhatsapp: Accessing hidden method Lcom/android/org/conscrypt/OpenSSLSocketImpl;->setHostname(Ljava/lang/String;)V (max-target-q,core-platform-api, reflection, denied)
02-15 19:06:10.711 11053 13595 W com.mbwhatsapp: Accessing hidden method Lcom/android/org/conscrypt/AbstractConscryptSocket;->setHostname(Ljava/lang/ String;)V (max-target-q, reflection, denied)
02-15 19:06:10.711 11053 13595 W com.mbwhatsapp: Accessing hidden method Lcom/android/org/conscrypt/OpenSSLSocketImpl;->setAlpnProtocols([B)V (max-target- q,core-platform-api, reflection, denied)
02-15 19:06:10.711 11053 13595 W com.mbwhatsapp: Accessing hidden method Lcom/android/org/conscrypt/AbstractConscryptSocket;->setAlpnProtocols([B)V (max- target-q, reflection, denied)
02-15 19:06:10.720 11053 11053 E ArmVmp : Match on catch block at 0x0a in for 0x7a7918004d
02-15 19:06:10.729 11053 13595 W com.mbwhatsapp: Accessing hidden method Lcom/android/org/conscrypt/OpenSSLSocketImpl;->getAlpnSelectedProtocol()[B (max- target-q,core-platform-api, reflection, denied)
02-15 19:06:10.729 11053 13595 W com.mbwhatsapp: Accessing hidden method Lcom/android/org/conscrypt/AbstractConscryptSocket;->getAlpnSelectedProtocol()[B (max-target-q, reflection, denied)
02-15 19:06:10.790 11053 11053 W Activity: Can request only one set of permissions at a time
02-15 19:06:11.026 11053 12263 W MediaCodec-JNI: try to release MediaCodec from JMediaCodec::~JMediaCodec()...
02-15 19:06:11.030 11053 12263 W MediaCodec-JNI: done releasing MediaCodec from JMediaCodec::~JMediaCodec().
02-15 19:06:11.123 11053 13670 W ColorUtils: expected specified color aspects (0:0:0:0)
02-15 19:06:11.287 11053 13708 W ColorUtils: expected specified color aspects (2:0:0:0)
02-15 19:06:11.330 11053 13720 W ColorUtils: expected specified color aspects (2:0:0:0)
02-15 19:06:11.381 11053 12263 W AudioCapabilities: Unsupported mime audio/x-ima
02-15 19:06:11.382 11053 12263 W AudioCapabilities: Unsupported mime audio/mpeg-L1
02-15 19:06:11.382 11053 12263 W AudioCapabilities: Unsupported mime audio/mpeg-L2
02-15 19:06:11.382 11053 12263 W VideoCapabilities: Unsupported mime video/wvc1
02-15 19:06:11.383 11053 12263 W VideoCapabilities: Unsupported mime video/x-ms-wmv
02-15 19:06:11.383 11053 12263 W AudioCapabilities: Unsupported mime audio/x-adpcm- dvi-ima
02-15 19:06:11.383 11053 12263 W AudioCapabilities: Unsupported mime audio/x-adpcm- dvi-ima
02-15 19:06:11.383 11053 12263 W AudioCapabilities: Unsupported mime audio/x-adpcm- ms
02-15 19:06:11.384 11053 12263 W AudioCapabilities: Unsupported mime audio/x-adpcm- ms
02-15 19:06:11.396 11053 12263 W VideoCapabilities: Unrecognized profile/level 32768/256 for video/mp4v-es
02-15 19:06:11.399 11053 12263 W VideoCapabilities: Unsupported mime video/avc-wfd
02-15 19:06:11.707 11053 11053 E RecyclerView: No adapter attached; skipping layout
02-15 19:06:11.991 11053 11126 W Parcel : Expecting binder but got null!
02-15 19:06:12.044 11053 11053 E ArmVmp : Match on catch block at 0x0a in for 0x7a79180035
02-15 19:06:12.055 11053 13776 W LOTTIE : Animation contains merge paths. Merge paths are only supported on KitKat+ and must be manually enabled by calling enableMergePathsForKitKatAndAbove().
02-15 19:06:12.178 11053 11053 W LOTTIE : Animation contains merge paths but they are disabled.
02-15 19:06:12.582 11053 11053 E ArmVmp : Match on catch block at 0x5b in for 0x7a7918001d
02-15 19:06:14.575 11053 11126 W Parcel : Expecting binder but got null!
02-15 19:06:15.939 11053 11126 W Parcel : Expecting binder but got null!
02-15 19:06:19.868 11053 11126 W Parcel : Expecting binder but got null!
02-15 19:06:21.124 11053 11126 W Parcel : Expecting binder but got null!
02-15 19:06:31.071 11053 11053 E ArmVmp : Match on catch block at 0x0a in for 0x7a79180039
02-15 19:06:31.230 11053 11053 E ArmVmp : Match on catch block at 0x0a in for 0x7a79180031
02-15 19:06:31.292 11053 11126 W Parcel : Expecting binder but got null!
02-15 19:06:34.117 11053 11126 W Parcel : Expecting binder but got null!
02-15 19:06:37.055 11053 11126 W Parcel : Expecting binder but got null!
02-15 19:06:37.286 11053 13776 W LOTTIE : Unknown shape type rd
02-15 19:06:38.870 11053 11126 W Parcel : Expecting binder but got null!
02-15 19:06:40.197 11053 11126 W Parcel : Expecting binder but got null!
02-15 19:06:43.267 11053 11126 W Parcel : Expecting binder but got null!
02-15 19:06:46.205 11053 11126 W Parcel : Expecting binder but got null!
02-15 19:06:57.311 11053 11053 E com.mbwhatsapp: Resource 7f150337 is a complex map type.
02-15 19:06:57.311 11053 11053 E com.mbwhatsapp: Resource 7f150337 is a complex map type.
02-15 19:06:57.311 11053 11053 E com.mbwhatsapp: Resource 7f150337 is a complex map type.
02-15 19:06:57.370 11053 11126 W Parcel : Expecting binder but got null!
02-15 19:06:59.239 11053 11126 W Parcel : Expecting binder but got null!
02-15 19:07:23.754 11053 11053 E ArmVmp : Match on catch block at 0x0a in for 0x7a79180049
02-15 19:07:23.810 11053 11126 W Parcel : Expecting binder but got null!
02-15 19:07:24.764 11053 11053 W InputEventReceiver: Attempted to finish an input event but the input event receiver has already been disposed.
02-15 19:07:28.843 11053 11126 W Parcel : Expecting binder but got null!
02-15 19:07:30.085 11053 11053 E ArmVmp : Match on catch block at 0x0a in for 0x7a79180039
02-15 19:07:30.183 11053 11053 E ArmVmp : Match on catch block at 0x0a in for 0x7a79180031
02-15 19:07:30.226 11053 11126 W Parcel : Expecting binder but got null!
02-15 19:07:32.958 11053 11126 W Parcel : Expecting binder but got null!
02-15 19:07:33.860 11053 11126 W Parcel : Expecting binder but got null!
02-15 19:07:37.761 11053 11126 W Parcel : Expecting binder but got null!
02-15 19:07:43.259 11053 11126 W Parcel : Expecting binder but got null!
02-15 19:07:45.735 11053 11126 W Parcel : Expecting binder but got null!
02-15 19:08:02.778 11053 11053 E ArmVmp : Match on catch block at 0x0a in for 0x7a79180039
02-15 19:08:02.794 11053 11053 E ArmVmp : Match on catch block at 0x0a in for 0x7a79180039
02-15 19:08:02.884 11053 11053 E ArmVmp : Match on catch block at 0x0a in for 0x7a7918002d
02-15 19:08:02.898 11053 11053 E ArmVmp : Match on catch block at 0x0a in for 0x7a79180031
02-15 19:08:02.934 11053 11126 W Parcel : Expecting binder but got null!
02-15 19:08:11.200 11053 11053 E ArmVmp : Match on catch block at 0x0a in for 0x7a79180035
02-15 19:08:11.206 11053 11053 E ArmVmp : Match on catch block at 0x0a in for 0x7a79180035
02-15 19:08:11.230 11053 11053 E ArmVmp : Match on catch block at 0x0a in for 0x7a79180071
02-15 19:08:11.300 11053 11126 W Parcel : Expecting binder but got null!
02-15 19:08:11.405 11053 11053 E ArmVmp : Match on catch block at 0xc3 in for 0x7a79180021
02-15 19:08:11.407 11053 11053 E ArmVmp : Match on catch block at 0xc3 in for 0x7a79180021
02-15 19:08:11.437 11053 11126 W Parcel : Expecting binder but got null!
02-15 19:08:11.464 11053 11053 E ArmVmp : Match on catch block at 0xc3 in for 0x7a79180025
02-15 19:08:11.465 11053 11053 E ArmVmp : Match on catch block at 0xc3 in for 0x7a79180025
02-15 19:08:11.614 11053 11053 E ArmVmp : Match on catch block at 0x0a in for 0x7a7918007d
02-15 19:08:11.647 11053 11053 E ArmVmp : Match on catch block at 0xc3 in for 0x7a79180025
02-15 19:08:11.649 11053 11053 E ArmVmp : Match on catch block at 0xc3 in for 0x7a79180025
02-15 19:08:11.696 11053 11126 W Parcel : Expecting binder but got null!
02-15 19:08:11.720 11053 11053 E ArmVmp : Match on catch block at 0xc3 in for 0x7a79180025
02-15 19:08:11.723 11053 11053 E ArmVmp : Match on catch block at 0xc3 in for 0x7a79180025
02-15 19:08:11.757 11053 11053 E ArmVmp : Match on catch block at 0xc3 in for 0x7a79180025
02-15 19:08:11.759 11053 11053 E ArmVmp : Match on catch block at 0xc3 in for 0x7a79180025
02-15 19:08:11.784 11053 11053 E ArmVmp : Match on catch block at 0xc3 in for 0x7a79180025
02-15 19:08:11.786 11053 11053 E ArmVmp : Match on catch block at 0xc3 in for 0x7a79180025
02-15 19:08:11.816 11053 11053 E ArmVmp : Match on catch block at 0xc3 in for 0x7a79180025
02-15 19:08:11.817 11053 11053 E ArmVmp : Match on catch block at 0xc3 in for 0x7a79180025
02-15 19:08:11.844 11053 11053 E ArmVmp : Match on catch block at 0xc3 in for 0x7a79180025
02-15 19:08:11.845 11053 11053 E ArmVmp : Match on catch block at 0xc3 in for 0x7a79180025
02-15 19:08:11.872 11053 11053 E ArmVmp : Match on catch block at 0xc3 in for 0x7a79180025
02-15 19:08:11.873 11053 11053 E ArmVmp : Match on catch block at 0xc3 in for 0x7a79180025
02-15 19:08:11.898 11053 11053 E ArmVmp : Match on catch block at 0xc3 in for 0x7a79180025
02-15 19:08:11.900 11053 11053 E ArmVmp : Match on catch block at 0xc3 in for 0x7a79180025
02-15 19:08:11.926 11053 11053 E ArmVmp : Match on catch block at 0xc3 in for 0x7a79180025
02-15 19:08:11.928 11053 11053 E ArmVmp : Match on catch block at 0xc3 in for 0x7a79180025
02-15 19:08:11.972 11053 11053 E ArmVmp : Match on catch block at 0xc3 in for 0x7a79180025
02-15 19:08:11.976 11053 11053 E ArmVmp : Match on catch block at 0xc3 in for 0x7a79180025
02-15 19:08:12.011 11053 11053 E ArmVmp : Match on catch block at 0xc3 in for 0x7a79180025
02-15 19:08:12.013 11053 11053 E ArmVmp : Match on catch block at 0xc3 in for 0x7a79180025
02-15 19:08:12.041 11053 11053 E ArmVmp : Match on catch block at 0xc3 in for 0x7a79180025
02-15 19:08:12.042 11053 11053 E ArmVmp : Match on catch block at 0xc3 in for 0x7a79180025
02-15 19:08:12.070 11053 11053 E ArmVmp : Match on catch block at 0xc3 in for 0x7a79180025
02-15 19:08:12.073 11053 11053 E ArmVmp : Match on catch block at 0xc3 in for 0x7a79180025
02-15 19:08:12.101 11053 11053 E ArmVmp : Match on catch block at 0xc3 in for 0x7a79180025
02-15 19:08:12.103 11053 11053 E ArmVmp : Match on catch block at 0xc3 in for 0x7a79180025
02-15 19:08:12.129 11053 11053 E ArmVmp : Match on catch block at 0xc3 in for 0x7a79180025
02-15 19:08:12.131 11053 11053 E ArmVmp : Match on catch block at 0xc3 in for 0x7a79180025
02-15 19:08:12.159 11053 11053 E ArmVmp : Match on catch block at 0xc3 in for 0x7a79180025
02-15 19:08:12.161 11053 11053 E ArmVmp : Match on catch block at 0xc3 in for 0x7a79180025
02-15 19:08:12.188 11053 11053 E ArmVmp : Match on catch block at 0xc3 in for 0x7a79180025
02-15 19:08:12.190 11053 11053 E ArmVmp : Match on catch block at 0xc3 in for 0x7a79180025
02-15 19:08:12.216 11053 11053 E ArmVmp : Match on catch block at 0xc3 in for 0x7a79180025
02-15 19:08:12.218 11053 11053 E ArmVmp : Match on catch block at 0xc3 in for 0x7a79180025
02-15 19:08:12.246 11053 11053 E ArmVmp : Match on catch block at 0xc3 in for 0x7a79180025
02-15 19:08:12.251 11053 11053 E ArmVmp : Match on catch block at 0xc3 in for 0x7a79180025
02-15 19:08:12.289 11053 11053 E ArmVmp : Match on catch block at 0xc3 in for 0x7a79180025
02-15 19:08:12.292 11053 11053 E ArmVmp : Match on catch block at 0xc3 in for 0x7a79180025
02-15 19:08:12.327 11053 11053 E ArmVmp : Match on catch block at 0xc3 in for 0x7a79180025
02-15 19:08:12.330 11053 11053 E ArmVmp : Match on catch block at 0xc3 in for 0x7a79180025
02-15 19:08:12.368 11053 11053 E ArmVmp : Match on catch block at 0xc3 in for 0x7a79180025
02-15 19:08:12.371 11053 11053 E ArmVmp : Match on catch block at 0xc3 in for 0x7a79180025
02-15 19:08:12.413 11053 11053 E ArmVmp : Match on catch block at 0xc3 in for 0x7a79180025
02-15 19:08:12.416 11053 11053 E ArmVmp : Match on catch block at 0xc3 in for 0x7a79180025
02-15 19:08:12.457 11053 11053 E ArmVmp : Match on catch block at 0xc3 in for 0x7a79180025
02-15 19:08:12.460 11053 11053 E ArmVmp : Match on catch block at 0xc3 in for 0x7a79180025
02-15 19:08:12.502 11053 11053 E ArmVmp : Match on catch block at 0xc3 in for 0x7a79180025
02-15 19:08:12.504 11053 11053 E ArmVmp : Match on catch block at 0xc3 in for 0x7a79180025
02-15 19:08:12.551 11053 11053 E ArmVmp : Match on catch block at 0xc3 in for 0x7a79180025
02-15 19:08:12.554 11053 11053 E ArmVmp : Match on catch block at 0xc3 in for 0x7a79180025
02-15 19:08:12.585 11053 11053 E ArmVmp : Match on catch block at 0xc3 in for 0x7a79180025
02-15 19:08:12.587 11053 11053 E ArmVmp : Match on catch block at 0xc3 in for 0x7a79180025
02-15 19:08:12.616 11053 11053 E ArmVmp : Match on catch block at 0xc3 in for 0x7a79180025
02-15 19:08:12.618 11053 11053 E ArmVmp : Match on catch block at 0xc3 in for 0x7a79180025
02-15 19:08:12.645 11053 11053 E ArmVmp : Match on catch block at 0xc3 in for 0x7a79180025
02-15 19:08:12.647 11053 11053 E ArmVmp : Match on catch block at 0xc3 in for 0x7a79180025
02-15 19:08:12.672 11053 11053 E ArmVmp : Match on catch block at 0xc3 in for 0x7a79180025
02-15 19:08:12.675 11053 11053 E ArmVmp : Match on catch block at 0xc3 in for 0x7a79180025
02-15 19:08:12.701 11053 11053 E ArmVmp : Match on catch block at 0xc3 in for 0x7a79180025
02-15 19:08:12.703 11053 11053 E ArmVmp : Match on catch block at 0xc3 in for 0x7a79180025
02-15 19:08:12.730 11053 11053 E ArmVmp : Match on catch block at 0xc3 in for 0x7a79180025
02-15 19:08:12.732 11053 11053 E ArmVmp : Match on catch block at 0xc3 in for 0x7a79180025
02-15 19:08:12.766 11053 11053 E ArmVmp : Match on catch block at 0xc3 in for 0x7a79180025
02-15 19:08:12.768 11053 11053 E ArmVmp : Match on catch block at 0xc3 in for 0x7a79180025
02-15 19:08:12.787 11053 11053 E ArmVmp : Match on catch block at 0xc3 in for 0x7a79180025
02-15 19:08:12.789 11053 11053 E ArmVmp : Match on catch block at 0xc3 in for 0x7a79180025
02-15 19:08:12.808 11053 11053 E ArmVmp : Match on catch block at 0xc3 in for 0x7a79180025
02-15 19:08:12.809 11053 11053 E ArmVmp : Match on catch block at 0xc3 in for 0x7a79180025
02-15 19:08:12.831 11053 11053 E ArmVmp : Match on catch block at 0xc3 in for 0x7a79180025
02-15 19:08:12.833 11053 11053 E ArmVmp : Match on catch block at 0xc3 in for 0x7a79180025
02-15 19:08:12.849 11053 11053 E ArmVmp : Match on catch block at 0xc3 in for 0x7a79180025
02-15 19:08:12.852 11053 11053 E ArmVmp : Match on catch block at 0xc3 in for 0x7a79180025
02-15 19:08:12.870 11053 11053 E ArmVmp : Match on catch block at 0xc3 in for 0x7a79180025
02-15 19:08:12.872 11053 11053 E ArmVmp : Match on catch block at 0xc3 in for 0x7a79180025
02-15 19:08:12.890 11053 11053 E ArmVmp : Match on catch block at 0xc3 in for 0x7a79180025
02-15 19:08:12.892 11053 11053 E ArmVmp : Match on catch block at 0xc3 in for 0x7a79180025
02-15 19:08:12.911 11053 11053 E ArmVmp : Match on catch block at 0xc3 in for 0x7a79180025
02-15 19:08:12.912 11053 11053 E ArmVmp : Match on catch block at 0xc3 in for 0x7a79180025
02-15 19:08:12.930 11053 11053 E ArmVmp : Match on catch block at 0xc3 in for 0x7a79180025
02-15 19:08:12.932 11053 11053 E ArmVmp : Match on catch block at 0xc3 in for 0x7a79180025
02-15 19:08:12.952 11053 11053 E ArmVmp : Match on catch block at 0xc3 in for 0x7a79180025
02-15 19:08:12.954 11053 11053 E ArmVmp : Match on catch block at 0xc3 in for 0x7a79180025
02-15 19:08:12.971 11053 11053 E ArmVmp : Match on catch block at 0xc3 in for 0x7a79180025
02-15 19:08:12.972 11053 11053 E ArmVmp : Match on catch block at 0xc3 in for 0x7a79180025
02-15 19:08:12.989 11053 11053 E ArmVmp : Match on catch block at 0xc3 in for 0x7a79180025
02-15 19:08:12.991 11053 11053 E ArmVmp : Match on catch block at 0xc3 in for 0x7a79180025
02-15 19:08:13.008 11053 11053 E ArmVmp : Match on catch block at 0xc3 in for 0x7a79180025
02-15 19:08:13.009 11053 11053 E ArmVmp : Match on catch block at 0xc3 in for 0x7a79180025
02-15 19:08:13.027 11053 11053 E ArmVmp : Match on catch block at 0xc3 in for 0x7a79180025
02-15 19:08:13.028 11053 11053 E ArmVmp : Match on catch block at 0xc3 in for 0x7a79180025
02-15 19:08:13.046 11053 11053 E ArmVmp : Match on catch block at 0xc3 in for 0x7a79180025
02-15 19:08:13.047 11053 11053 E ArmVmp : Match on catch block at 0xc3 in for 0x7a79180025
02-15 19:08:13.064 11053 11053 E ArmVmp : Match on catch block at 0xc3 in for 0x7a79180025
02-15 19:08:13.067 11053 11053 E ArmVmp : Match on catch block at 0xc3 in for 0x7a79180025
02-15 19:08:13.085 11053 11053 E ArmVmp : Match on catch block at 0xc3 in for 0x7a79180025
02-15 19:08:13.086 11053 11053 E ArmVmp : Match on catch block at 0xc3 in for 0x7a79180025
02-15 19:08:13.103 11053 11053 E ArmVmp : Match on catch block at 0xc3 in for 0x7a79180025
02-15 19:08:13.105 11053 11053 E ArmVmp : Match on catch block at 0xc3 in for 0x7a79180025
02-15 19:08:13.122 11053 11053 E ArmVmp : Match on catch block at 0xc3 in for 0x7a79180025
02-15 19:08:13.125 11053 11053 E ArmVmp : Match on catch block at 0xc3 in for 0x7a79180025
02-15 19:08:13.143 11053 11053 E ArmVmp : Match on catch block at 0xc3 in for 0x7a79180025
02-15 19:08:13.144 11053 11053 E ArmVmp : Match on catch block at 0xc3 in for 0x7a79180025
02-15 19:08:13.162 11053 11053 E ArmVmp : Match on catch block at 0xc3 in for 0x7a79180025
02-15 19:08:13.164 11053 11053 E ArmVmp : Match on catch block at 0xc3 in for 0x7a79180025
02-15 19:08:13.181 11053 11053 E ArmVmp : Match on catch block at 0xc3 in for 0x7a79180025
02-15 19:08:13.183 11053 11053 E ArmVmp : Match on catch block at 0xc3 in for 0x7a79180025
02-15 19:08:13.200 11053 11053 E ArmVmp : Match on catch block at 0xc3 in for 0x7a79180025
02-15 19:08:13.202 11053 11053 E ArmVmp : Match on catch block at 0xc3 in for 0x7a79180025
02-15 19:08:13.221 11053 11053 E ArmVmp : Match on catch block at 0xc3 in for 0x7a79180025
02-15 19:08:13.225 11053 11053 E ArmVmp : Match on catch block at 0xc3 in for 0x7a79180025
02-15 19:08:13.248 11053 11053 E ArmVmp : Match on catch block at 0xc3 in for 0x7a79180025
02-15 19:08:13.250 11053 11053 E ArmVmp : Match on catch block at 0xc3 in for 0x7a79180025
02-15 19:08:13.273 11053 11053 E ArmVmp : Match on catch block at 0xc3 in for 0x7a79180025
02-15 19:08:13.276 11053 11053 E ArmVmp : Match on catch block at 0xc3 in for 0x7a79180025
02-15 19:08:13.466 11053 11053 E ArmVmp : Match on catch block at 0xc3 in for 0x7a79180025
02-15 19:08:13.468 11053 11053 E ArmVmp : Match on catch block at 0xc3 in for 0x7a79180025
02-15 19:08:13.865 11053 11053 E ArmVmp : Match on catch block at 0xc3 in for 0x7a79180025
02-15 19:08:13.867 11053 11053 E ArmVmp : Match on catch block at 0xc3 in for 0x7a79180025
02-15 19:08:13.885 11053 11053 E ArmVmp : Match on catch block at 0xc3 in for 0x7a79180025
02-15 19:08:13.887 11053 11053 E ArmVmp : Match on catch block at 0xc3 in for 0x7a79180025
02-15 19:08:14.356 11053 11053 E ArmVmp : Match on catch block at 0xc3 in for 0x7a79180025
02-15 19:08:14.359 11053 11053 E ArmVmp : Match on catch block at 0xc3 in for 0x7a79180025
02-15 19:08:14.855 11053 11053 E ArmVmp : Match on catch block at 0xc3 in for 0x7a79180025
02-15 19:08:14.858 11053 11053 E ArmVmp : Match on catch block at 0xc3 in for 0x7a79180025
02-15 19:08:15.356 11053 11053 E ArmVmp : Match on catch block at 0xc3 in for 0x7a79180025
02-15 19:08:15.362 11053 11053 E ArmVmp : Match on catch block at 0xc3 in for 0x7a79180025
02-15 19:08:15.842 11053 11053 E ArmVmp : Match on catch block at 0xc3 in for 0x7a79180025
02-15 19:08:15.844 11053 11053 E ArmVmp : Match on catch block at 0xc3 in for 0x7a79180025
02-15 19:08:15.853 11053 11053 E ArmVmp : Match on catch block at 0xc3 in for 0x7a79180025
02-15 19:08:15.856 11053 11053 E ArmVmp : Match on catch block at 0xc3 in for 0x7a79180025
02-15 19:08:16.274 11053 11053 E ArmVmp : Match on catch block at 0xc3 in for 0x7a79180025
02-15 19:08:16.276 11053 11053 E ArmVmp : Match on catch block at 0xc3 in for 0x7a79180025
02-15 19:08:16.282 11053 11053 E ArmVmp : Match on catch block at 0xc3 in for 0x7a79180025
02-15 19:08:16.285 11053 11053 E ArmVmp : Match on catch block at 0xc3 in for 0x7a79180025
02-15 19:08:16.337 11053 11053 E ArmVmp : Match on catch block at 0xc3 in for 0x7a79180025
02-15 19:08:16.339 11053 11053 E ArmVmp : Match on catch block at 0xc3 in for 0x7a79180025
02-15 19:08:16.349 11053 11053 E ArmVmp : Match on catch block at 0xc3 in for 0x7a79180025
02-15 19:08:16.352 11053 11053 E ArmVmp : Match on catch block at 0xc3 in for 0x7a79180025
02-15 19:08:16.360 11053 11053 E ArmVmp : Match on catch block at 0xc3 in for 0x7a79180025
02-15 19:08:16.362 11053 11053 E ArmVmp : Match on catch block at 0xc3 in for 0x7a79180025
02-15 19:08:16.868 11053 11053 E ArmVmp : Match on catch block at 0xc3 in for 0x7a79180025
02-15 19:08:16.870 11053 11053 E ArmVmp : Match on catch block at 0xc3 in for 0x7a79180025
02-15 19:08:17.305 11053 11053 E ArmVmp : Match on catch block at 0xc3 in for 0x7a79180025
02-15 19:08:17.306 11053 11053 E ArmVmp : Match on catch block at 0xc3 in for 0x7a79180025
02-15 19:08:17.365 11053 11053 E ArmVmp : Match on catch block at 0xc3 in for 0x7a79180025
02-15 19:08:17.367 11053 11053 E ArmVmp : Match on catch block at 0xc3 in for 0x7a79180025
02-15 19:08:17.467 11053 11053 W OnBackInvokedCallback: OnBackInvokedCallback is not enabled for the application.
02-15 19:08:17.467 11053 11053 W OnBackInvokedCallback: Set 'android:enableOnBackInvokedCallback="true"' in the application manifest.
02-15 19:08:17.570 11053 11053 E ArmVmp : Match on catch block at 0xc3 in for 0x7a79180025
02-15 19:08:17.571 11053 11053 E ArmVmp : Match on catch block at 0xc3 in for 0x7a79180025
02-15 19:08:17.578 11053 11053 E ArmVmp : Match on catch block at 0xc3 in for 0x7a79180025
02-15 19:08:17.580 11053 11053 E ArmVmp : Match on catch block at 0xc3 in for 0x7a79180025
02-15 19:08:17.786 11053 11053 E ArmVmp : Match on catch block at 0xc3 in for 0x7a79180025
02-15 19:08:17.788 11053 11053 E ArmVmp : Match on catch block at 0xc3 in for 0x7a79180025
02-15 19:08:17.864 11053 11053 E ArmVmp : Match on catch block at 0xc3 in for 0x7a79180025
02-15 19:08:17.866 11053 11053 E ArmVmp : Match on catch block at 0xc3 in for 0x7a79180025
02-15 19:08:18.352 11053 11053 E ArmVmp : Match on catch block at 0xc3 in for 0x7a79180025
02-15 19:08:18.354 11053 11053 E ArmVmp : Match on catch block at 0xc3 in for 0x7a79180025
02-15 19:08:18.373 11053 11053 E ArmVmp : Match on catch block at 0xc3 in for 0x7a79180025
02-15 19:08:18.376 11053 11053 E ArmVmp : Match on catch block at 0xc3 in for 0x7a79180025
02-15 19:08:18.872 11053 11053 E ArmVmp : Match on catch block at 0xc3 in for 0x7a79180025
02-15 19:08:18.877 11053 11053 E ArmVmp : Match on catch block at 0xc3 in for 0x7a79180025
02-15 19:08:19.370 11053 11053 E ArmVmp : Match on catch block at 0xc3 in for 0x7a79180025
02-15 19:08:19.376 11053 11053 E ArmVmp : Match on catch block at 0xc3 in for 0x7a79180025
02-15 19:08:19.881 11053 11053 E ArmVmp : Match on catch block at 0xc3 in for 0x7a79180025
02-15 19:08:19.889 11053 11053 E ArmVmp : Match on catch block at 0xc3 in for 0x7a79180025
02-15 19:08:20.378 11053 11053 E ArmVmp : Match on catch block at 0xc3 in for 0x7a79180025
02-15 19:08:20.384 11053 11053 E ArmVmp : Match on catch block at 0xc3 in for 0x7a79180025
02-15 19:08:20.876 11053 11053 E ArmVmp : Match on catch block at 0xc3 in for 0x7a79180025
02-15 19:08:20.884 11053 11053 E ArmVmp : Match on catch block at 0xc3 in for 0x7a79180025
02-15 19:08:21.372 11053 11053 E ArmVmp : Match on catch block at 0xc3 in for 0x7a79180025
02-15 19:08:21.375 11053 11053 E ArmVmp : Match on catch block at 0xc3 in for 0x7a79180025
02-15 19:08:21.437 11053 11053 E ArmVmp : Match on catch block at 0xc3 in for 0x7a79180025
02-15 19:08:21.441 11053 11053 E ArmVmp : Match on catch block at 0xc3 in for 0x7a79180025
02-15 19:08:25.284 11053 11053 W OnBackInvokedCallback: OnBackInvokedCallback is not enabled for the application.
02-15 19:08:25.284 11053 11053 W OnBackInvokedCallback: Set 'android:enableOnBackInvokedCallback="true"' in the application manifest.
02-15 19:08:25.310 11053 11053 E ArmVmp : Match on catch block at 0xc3 in for 0x7a79180025
02-15 19:08:25.316 11053 11053 E ArmVmp : Match on catch block at 0xc3 in for 0x7a79180025
02-15 19:08:25.811 11053 11053 E ArmVmp : Match on catch block at 0xc3 in for 0x7a79180025
02-15 19:08:25.816 11053 11053 E ArmVmp : Match on catch block at 0xc3 in for 0x7a79180025
02-15 19:08:26.308 11053 11053 E ArmVmp : Match on catch block at 0xc3 in for 0x7a79180025
02-15 19:08:26.315 11053 11053 E ArmVmp : Match on catch block at 0xc3 in for 0x7a79180025
02-15 19:08:26.806 11053 11053 E ArmVmp : Match on catch block at 0xc3 in for 0x7a79180025
02-15 19:08:26.812 11053 11053 E ArmVmp : Match on catch block at 0xc3 in for 0x7a79180025
02-15 19:08:27.304 11053 11053 E ArmVmp : Match on catch block at 0xc3 in for 0x7a79180025
02-15 19:08:27.309 11053 11053 E ArmVmp : Match on catch block at 0xc3 in for 0x7a79180025
02-15 19:08:27.811 11053 11053 E ArmVmp : Match on catch block at 0xc3 in for 0x7a79180025
02-15 19:08:27.817 11053 11053 E ArmVmp : Match on catch block at 0xc3 in for 0x7a79180025
02-15 19:08:28.316 11053 11053 E ArmVmp : Match on catch block at 0xc3 in for 0x7a79180025
02-15 19:08:28.323 11053 11053 E ArmVmp : Match on catch block at 0xc3 in for 0x7a79180025
02-15 19:08:28.438 11053 11053 E ArmVmp : Match on catch block at 0xc3 in for 0x7a79180025
02-15 19:08:28.440 11053 11053 E ArmVmp : Match on catch block at 0xc3 in for 0x7a79180025
02-15 19:08:28.529 11053 11126 W Parcel : Expecting binder but got null!
02-15 19:08:28.540 11053 11053 E ArmVmp : Match on catch block at 0xc3 in for 0x7a79180025
02-15 19:08:28.545 11053 11053 E ArmVmp : Match on catch block at 0xc3 in for 0x7a79180025
