02-15 19:08:47.496 11053 11053 E ArmVmp : Match on catch block at 0xc3 in for 0x7a79180025
02-15 19:08:47.506 11053 11053 E ArmVmp : Match on catch block at 0xc3 in for 0x7a79180025
02-15 19:08:47.509 11053 11053 E ArmVmp : Match on catch block at 0xc3 in for 0x7a79180025
02-15 19:08:47.519 11053 11053 E ArmVmp : Match on catch block at 0xc3 in for 0x7a79180025
02-15 19:08:47.521 11053 11053 E ArmVmp : Match on catch block at 0xc3 in for 0x7a79180025
02-15 19:08:47.531 11053 11053 E ArmVmp : Match on catch block at 0xc3 in for 0x7a79180025
02-15 19:08:47.533 11053 11053 E ArmVmp : Match on catch block at 0xc3 in for 0x7a79180025
02-15 19:08:47.543 11053 11053 E ArmVmp : Match on catch block at 0xc3 in for 0x7a79180025
02-15 19:08:47.546 11053 11053 E ArmVmp : Match on catch block at 0xc3 in for 0x7a79180025
02-15 19:08:47.562 11053 11053 E ArmVmp : Match on catch block at 0xc3 in for 0x7a79180025
02-15 19:08:47.564 11053 11053 E ArmVmp : Match on catch block at 0xc3 in for 0x7a79180025
02-15 19:08:47.570 11053 11053 E ArmVmp : Match on catch block at 0xc3 in for 0x7a79180025
02-15 19:08:47.572 11053 11053 E ArmVmp : Match on catch block at 0xc3 in for 0x7a79180025
02-15 19:08:47.578 11053 11053 E ArmVmp : Match on catch block at 0xc3 in for 0x7a79180025
02-15 19:08:47.580 11053 11053 E ArmVmp : Match on catch block at 0xc3 in for 0x7a79180025
02-15 19:08:47.588 11053 11053 E ArmVmp : Match on catch block at 0xc3 in for 0x7a79180025
02-15 19:08:47.590 11053 11053 E ArmVmp : Match on catch block at 0xc3 in for 0x7a79180025
02-15 19:08:47.600 11053 11053 E ArmVmp : Match on catch block at 0xc3 in for 0x7a79180025
02-15 19:08:47.602 11053 11053 E ArmVmp : Match on catch block at 0xc3 in for 0x7a79180025
02-15 19:08:47.612 11053 11053 E ArmVmp : Match on catch block at 0xc3 in for 0x7a79180025
02-15 19:08:47.614 11053 11053 E ArmVmp : Match on catch block at 0xc3 in for 0x7a79180025
02-15 19:08:47.623 11053 11053 E ArmVmp : Match on catch block at 0xc3 in for 0x7a79180025
02-15 19:08:47.625 11053 11053 E ArmVmp : Match on catch block at 0xc3 in for 0x7a79180025
02-15 19:08:47.633 11053 11053 E ArmVmp : Match on catch block at 0xc3 in for 0x7a79180025
02-15 19:08:47.635 11053 11053 E ArmVmp : Match on catch block at 0xc3 in for 0x7a79180025
02-15 19:08:47.646 11053 11053 E ArmVmp : Match on catch block at 0xc3 in for 0x7a79180025
02-15 19:08:47.647 11053 11053 E ArmVmp : Match on catch block at 0xc3 in for 0x7a79180025
02-15 19:08:47.656 11053 11053 E ArmVmp : Match on catch block at 0xc3 in for 0x7a79180025
02-15 19:08:47.658 11053 11053 E ArmVmp : Match on catch block at 0xc3 in for 0x7a79180025
02-15 19:08:47.669 11053 11053 E ArmVmp : Match on catch block at 0xc3 in for 0x7a79180025
02-15 19:08:47.671 11053 11053 E ArmVmp : Match on catch block at 0xc3 in for 0x7a79180025
02-15 19:08:47.679 11053 11053 E ArmVmp : Match on catch block at 0xc3 in for 0x7a79180025
02-15 19:08:47.682 11053 11053 E ArmVmp : Match on catch block at 0xc3 in for 0x7a79180025
02-15 19:08:47.692 11053 11053 E ArmVmp : Match on catch block at 0xc3 in for 0x7a79180025
02-15 19:08:47.695 11053 11053 E ArmVmp : Match on catch block at 0xc3 in for 0x7a79180025
02-15 19:08:47.708 11053 11053 E ArmVmp : Match on catch block at 0xc3 in for 0x7a79180025
02-15 19:08:47.711 11053 11053 E ArmVmp : Match on catch block at 0xc3 in for 0x7a79180025
02-15 19:08:47.721 11053 11053 E ArmVmp : Match on catch block at 0xc3 in for 0x7a79180025
02-15 19:08:47.724 11053 11053 E ArmVmp : Match on catch block at 0xc3 in for 0x7a79180025
02-15 19:08:47.733 11053 11053 E ArmVmp : Match on catch block at 0xc3 in for 0x7a79180025
02-15 19:08:47.736 11053 11053 E ArmVmp : Match on catch block at 0xc3 in for 0x7a79180025
02-15 19:08:47.746 11053 11053 E ArmVmp : Match on catch block at 0xc3 in for 0x7a79180025
02-15 19:08:47.747 11053 11053 E ArmVmp : Match on catch block at 0xc3 in for 0x7a79180025
02-15 19:08:47.756 11053 11053 E ArmVmp : Match on catch block at 0xc3 in for 0x7a79180025
02-15 19:08:47.758 11053 11053 E ArmVmp : Match on catch block at 0xc3 in for 0x7a79180025
02-15 19:08:47.766 11053 11053 E ArmVmp : Match on catch block at 0xc3 in for 0x7a79180025
02-15 19:08:47.768 11053 11053 E ArmVmp : Match on catch block at 0xc3 in for 0x7a79180025
02-15 19:08:47.776 11053 11053 E ArmVmp : Match on catch block at 0xc3 in for 0x7a79180025
02-15 19:08:47.778 11053 11053 E ArmVmp : Match on catch block at 0xc3 in for 0x7a79180025
02-15 19:08:47.786 11053 11053 E ArmVmp : Match on catch block at 0xc3 in for 0x7a79180025
02-15 19:08:47.788 11053 11053 E ArmVmp : Match on catch block at 0xc3 in for 0x7a79180025
02-15 19:08:47.797 11053 11053 E ArmVmp : Match on catch block at 0xc3 in for 0x7a79180025
02-15 19:08:47.800 11053 11053 E ArmVmp : Match on catch block at 0xc3 in for 0x7a79180025
02-15 19:08:47.808 11053 11053 E ArmVmp : Match on catch block at 0xc3 in for 0x7a79180025
02-15 19:08:47.810 11053 11053 E ArmVmp : Match on catch block at 0xc3 in for 0x7a79180025
02-15 19:08:47.819 11053 11053 E ArmVmp : Match on catch block at 0xc3 in for 0x7a79180025
02-15 19:08:47.821 11053 11053 E ArmVmp : Match on catch block at 0xc3 in for 0x7a79180025
02-15 19:08:47.830 11053 11053 E ArmVmp : Match on catch block at 0xc3 in for 0x7a79180025
02-15 19:08:47.833 11053 11053 E ArmVmp : Match on catch block at 0xc3 in for 0x7a79180025
02-15 19:08:47.841 11053 11053 E ArmVmp : Match on catch block at 0xc3 in for 0x7a79180025
02-15 19:08:47.843 11053 11053 E ArmVmp : Match on catch block at 0xc3 in for 0x7a79180025
02-15 19:08:47.852 11053 11053 E ArmVmp : Match on catch block at 0xc3 in for 0x7a79180025
02-15 19:08:47.854 11053 11053 E ArmVmp : Match on catch block at 0xc3 in for 0x7a79180025
02-15 19:08:47.864 11053 11053 E ArmVmp : Match on catch block at 0xc3 in for 0x7a79180025
02-15 19:08:47.866 11053 11053 E ArmVmp : Match on catch block at 0xc3 in for 0x7a79180025
02-15 19:08:47.875 11053 11053 E ArmVmp : Match on catch block at 0xc3 in for 0x7a79180025
02-15 19:08:47.876 11053 11053 E ArmVmp : Match on catch block at 0xc3 in for 0x7a79180025
02-15 19:08:47.885 11053 11053 E ArmVmp : Match on catch block at 0xc3 in for 0x7a79180025
02-15 19:08:47.888 11053 11053 E ArmVmp : Match on catch block at 0xc3 in for 0x7a79180025
02-15 19:08:47.897 11053 11053 E ArmVmp : Match on catch block at 0xc3 in for 0x7a79180025
02-15 19:08:47.899 11053 11053 E ArmVmp : Match on catch block at 0xc3 in for 0x7a79180025
02-15 19:08:47.908 11053 11053 E ArmVmp : Match on catch block at 0xc3 in for 0x7a79180025
02-15 19:08:47.910 11053 11053 E ArmVmp : Match on catch block at 0xc3 in for 0x7a79180025
02-15 19:08:47.918 11053 11053 E ArmVmp : Match on catch block at 0xc3 in for 0x7a79180025
02-15 19:08:47.921 11053 11053 E ArmVmp : Match on catch block at 0xc3 in for 0x7a79180025
02-15 19:08:47.930 11053 11053 E ArmVmp : Match on catch block at 0xc3 in for 0x7a79180025
02-15 19:08:47.932 11053 11053 E ArmVmp : Match on catch block at 0xc3 in for 0x7a79180025
02-15 19:08:47.941 11053 11053 E ArmVmp : Match on catch block at 0xc3 in for 0x7a79180025
02-15 19:08:47.943 11053 11053 E ArmVmp : Match on catch block at 0xc3 in for 0x7a79180025
02-15 19:08:47.952 11053 11053 E ArmVmp : Match on catch block at 0xc3 in for 0x7a79180025
02-15 19:08:47.954 11053 11053 E ArmVmp : Match on catch block at 0xc3 in for 0x7a79180025
02-15 19:08:47.963 11053 11053 E ArmVmp : Match on catch block at 0xc3 in for 0x7a79180025
02-15 19:08:47.965 11053 11053 E ArmVmp : Match on catch block at 0xc3 in for 0x7a79180025
02-15 19:08:47.974 11053 11053 E ArmVmp : Match on catch block at 0xc3 in for 0x7a79180025
02-15 19:08:47.977 11053 11053 E ArmVmp : Match on catch block at 0xc3 in for 0x7a79180025
02-15 19:08:47.985 11053 11053 E ArmVmp : Match on catch block at 0xc3 in for 0x7a79180025
02-15 19:08:47.987 11053 11053 E ArmVmp : Match on catch block at 0xc3 in for 0x7a79180025
02-15 19:08:47.997 11053 11053 E ArmVmp : Match on catch block at 0xc3 in for 0x7a79180025
02-15 19:08:47.999 11053 11053 E ArmVmp : Match on catch block at 0xc3 in for 0x7a79180025
02-15 19:08:48.008 11053 11053 E ArmVmp : Match on catch block at 0xc3 in for 0x7a79180025
02-15 19:08:48.010 11053 11053 E ArmVmp : Match on catch block at 0xc3 in for 0x7a79180025
02-15 19:08:48.018 11053 11053 E ArmVmp : Match on catch block at 0xc3 in for 0x7a79180025
02-15 19:08:48.021 11053 11053 E ArmVmp : Match on catch block at 0xc3 in for 0x7a79180025
02-15 19:08:48.029 11053 11053 E ArmVmp : Match on catch block at 0xc3 in for 0x7a79180025
02-15 19:08:48.032 11053 11053 E ArmVmp : Match on catch block at 0xc3 in for 0x7a79180025
02-15 19:08:48.040 11053 11053 E ArmVmp : Match on catch block at 0xc3 in for 0x7a79180025
02-15 19:08:48.043 11053 11053 E ArmVmp : Match on catch block at 0xc3 in for 0x7a79180025
02-15 19:08:48.052 11053 11053 E ArmVmp : Match on catch block at 0xc3 in for 0x7a79180025
02-15 19:08:48.055 11053 11053 E ArmVmp : Match on catch block at 0xc3 in for 0x7a79180025
02-15 19:08:48.069 11053 11053 E ArmVmp : Match on catch block at 0xc3 in for 0x7a79180025
02-15 19:08:48.071 11053 11053 E ArmVmp : Match on catch block at 0xc3 in for 0x7a79180025
02-15 19:08:48.077 11053 11053 E ArmVmp : Match on catch block at 0xc3 in for 0x7a79180025
02-15 19:08:48.080 11053 11053 E ArmVmp : Match on catch block at 0xc3 in for 0x7a79180025
02-15 19:08:48.086 11053 11053 E ArmVmp : Match on catch block at 0xc3 in for 0x7a79180025
02-15 19:08:48.088 11053 11053 E ArmVmp : Match on catch block at 0xc3 in for 0x7a79180025
02-15 19:08:48.099 11053 11053 E ArmVmp : Match on catch block at 0xc3 in for 0x7a79180025
02-15 19:08:48.101 11053 11053 E ArmVmp : Match on catch block at 0xc3 in for 0x7a79180025
02-15 19:08:48.111 11053 11053 E ArmVmp : Match on catch block at 0xc3 in for 0x7a79180025
02-15 19:08:48.112 11053 11053 E ArmVmp : Match on catch block at 0xc3 in for 0x7a79180025
02-15 19:08:48.121 11053 11053 E ArmVmp : Match on catch block at 0xc3 in for 0x7a79180025
02-15 19:08:48.123 11053 11053 E ArmVmp : Match on catch block at 0xc3 in for 0x7a79180025
02-15 19:08:48.132 11053 11053 E ArmVmp : Match on catch block at 0xc3 in for 0x7a79180025
02-15 19:08:48.134 11053 11053 E ArmVmp : Match on catch block at 0xc3 in for 0x7a79180025
02-15 19:08:48.142 11053 11053 E ArmVmp : Match on catch block at 0xc3 in for 0x7a79180025
02-15 19:08:48.144 11053 11053 E ArmVmp : Match on catch block at 0xc3 in for 0x7a79180025
02-15 19:08:48.152 11053 11053 E ArmVmp : Match on catch block at 0xc3 in for 0x7a79180025
02-15 19:08:48.154 11053 11053 E ArmVmp : Match on catch block at 0xc3 in for 0x7a79180025
02-15 19:08:48.163 11053 11053 E ArmVmp : Match on catch block at 0xc3 in for 0x7a79180025
02-15 19:08:48.165 11053 11053 E ArmVmp : Match on catch block at 0xc3 in for 0x7a79180025
02-15 19:08:48.174 11053 11053 E ArmVmp : Match on catch block at 0xc3 in for 0x7a79180025
02-15 19:08:48.178 11053 11053 E ArmVmp : Match on catch block at 0xc3 in for 0x7a79180025
02-15 19:08:48.186 11053 11053 E ArmVmp : Match on catch block at 0xc3 in for 0x7a79180025
02-15 19:08:48.188 11053 11053 E ArmVmp : Match on catch block at 0xc3 in for 0x7a79180025
02-15 19:08:48.198 11053 11053 E ArmVmp : Match on catch block at 0xc3 in for 0x7a79180025
02-15 19:08:48.200 11053 11053 E ArmVmp : Match on catch block at 0xc3 in for 0x7a79180025
02-15 19:08:48.209 11053 11053 E ArmVmp : Match on catch block at 0xc3 in for 0x7a79180025
02-15 19:08:48.211 11053 11053 E ArmVmp : Match on catch block at 0xc3 in for 0x7a79180025
02-15 19:08:48.222 11053 11053 E ArmVmp : Match on catch block at 0xc3 in for 0x7a79180025
02-15 19:08:48.223 11053 11053 E ArmVmp : Match on catch block at 0xc3 in for 0x7a79180025
02-15 19:08:48.231 11053 11053 E ArmVmp : Match on catch block at 0xc3 in for 0x7a79180025
02-15 19:08:48.233 11053 11053 E ArmVmp : Match on catch block at 0xc3 in for 0x7a79180025
02-15 19:08:48.262 11053 11053 E ArmVmp : Match on catch block at 0xc3 in for 0x7a79180025
02-15 19:08:48.265 11053 11053 E ArmVmp : Match on catch block at 0xc3 in for 0x7a79180025
02-15 19:08:48.271 11053 11053 E ArmVmp : Match on catch block at 0xc3 in for 0x7a79180025
02-15 19:08:48.274 11053 11053 E ArmVmp : Match on catch block at 0xc3 in for 0x7a79180025
02-15 19:08:48.278 11053 11053 E ArmVmp : Match on catch block at 0xc3 in for 0x7a79180025
02-15 19:08:48.280 11053 11053 E ArmVmp : Match on catch block at 0xc3 in for 0x7a79180025
02-15 19:08:48.284 11053 11053 E ArmVmp : Match on catch block at 0xc3 in for 0x7a79180025
02-15 19:08:48.287 11053 11053 E ArmVmp : Match on catch block at 0xc3 in for 0x7a79180025
02-15 19:08:48.295 11053 11053 E ArmVmp : Match on catch block at 0xc3 in for 0x7a79180025
02-15 19:08:48.297 11053 11053 E ArmVmp : Match on catch block at 0xc3 in for 0x7a79180025
02-15 19:08:48.306 11053 11053 E ArmVmp : Match on catch block at 0xc3 in for 0x7a79180025
02-15 19:08:48.308 11053 11053 E ArmVmp : Match on catch block at 0xc3 in for 0x7a79180025
02-15 19:08:48.317 11053 11053 E ArmVmp : Match on catch block at 0xc3 in for 0x7a79180025
02-15 19:08:48.319 11053 11053 E ArmVmp : Match on catch block at 0xc3 in for 0x7a79180025
02-15 19:08:48.328 11053 11053 E ArmVmp : Match on catch block at 0xc3 in for 0x7a79180025
02-15 19:08:48.330 11053 11053 E ArmVmp : Match on catch block at 0xc3 in for 0x7a79180025
02-15 19:08:48.339 11053 11053 E ArmVmp : Match on catch block at 0xc3 in for 0x7a79180025
02-15 19:08:48.342 11053 11053 E ArmVmp : Match on catch block at 0xc3 in for 0x7a79180025
02-15 19:08:48.350 11053 11053 E ArmVmp : Match on catch block at 0xc3 in for 0x7a79180025
02-15 19:08:48.352 11053 11053 E ArmVmp : Match on catch block at 0xc3 in for 0x7a79180025
02-15 19:08:48.361 11053 11053 E ArmVmp : Match on catch block at 0xc3 in for 0x7a79180025
02-15 19:08:48.363 11053 11053 E ArmVmp : Match on catch block at 0xc3 in for 0x7a79180025
02-15 19:08:48.372 11053 11053 E ArmVmp : Match on catch block at 0xc3 in for 0x7a79180025
02-15 19:08:48.374 11053 11053 E ArmVmp : Match on catch block at 0xc3 in for 0x7a79180025
02-15 19:08:48.383 11053 11053 E ArmVmp : Match on catch block at 0xc3 in for 0x7a79180025
02-15 19:08:48.385 11053 11053 E ArmVmp : Match on catch block at 0xc3 in for 0x7a79180025
02-15 19:08:48.394 11053 11053 E ArmVmp : Match on catch block at 0xc3 in for 0x7a79180025
02-15 19:08:48.396 11053 11053 E ArmVmp : Match on catch block at 0xc3 in for 0x7a79180025
02-15 19:08:48.405 11053 11053 E ArmVmp : Match on catch block at 0xc3 in for 0x7a79180025
02-15 19:08:48.408 11053 11053 E ArmVmp : Match on catch block at 0xc3 in for 0x7a79180025
02-15 19:08:48.416 11053 11053 E ArmVmp : Match on catch block at 0xc3 in for 0x7a79180025
02-15 19:08:48.419 11053 11053 E ArmVmp : Match on catch block at 0xc3 in for 0x7a79180025
02-15 19:08:48.427 11053 11053 E ArmVmp : Match on catch block at 0xc3 in for 0x7a79180025
02-15 19:08:48.430 11053 11053 E ArmVmp : Match on catch block at 0xc3 in for 0x7a79180025
02-15 19:08:48.439 11053 11053 E ArmVmp : Match on catch block at 0xc3 in for 0x7a79180025
02-15 19:08:48.441 11053 11053 E ArmVmp : Match on catch block at 0xc3 in for 0x7a79180025
02-15 19:08:48.450 11053 11053 E ArmVmp : Match on catch block at 0xc3 in for 0x7a79180025
02-15 19:08:48.452 11053 11053 E ArmVmp : Match on catch block at 0xc3 in for 0x7a79180025
02-15 19:08:48.461 11053 11053 E ArmVmp : Match on catch block at 0xc3 in for 0x7a79180025
02-15 19:08:48.463 11053 11053 E ArmVmp : Match on catch block at 0xc3 in for 0x7a79180025
02-15 19:08:48.472 11053 11053 E ArmVmp : Match on catch block at 0xc3 in for 0x7a79180025
02-15 19:08:48.474 11053 11053 E ArmVmp : Match on catch block at 0xc3 in for 0x7a79180025
02-15 19:08:48.483 11053 11053 E ArmVmp : Match on catch block at 0xc3 in for 0x7a79180025
02-15 19:08:48.485 11053 11053 E ArmVmp : Match on catch block at 0xc3 in for 0x7a79180025
02-15 19:08:48.494 11053 11053 E ArmVmp : Match on catch block at 0xc3 in for 0x7a79180025
02-15 19:08:48.496 11053 11053 E ArmVmp : Match on catch block at 0xc3 in for 0x7a79180025
02-15 19:08:48.505 11053 11053 E ArmVmp : Match on catch block at 0xc3 in for 0x7a79180025
02-15 19:08:48.507 11053 11053 E ArmVmp : Match on catch block at 0xc3 in for 0x7a79180025
02-15 19:08:48.516 11053 11053 E ArmVmp : Match on catch block at 0xc3 in for 0x7a79180025
02-15 19:08:48.518 11053 11053 E ArmVmp : Match on catch block at 0xc3 in for 0x7a79180025
02-15 19:08:48.527 11053 11053 E ArmVmp : Match on catch block at 0xc3 in for 0x7a79180025
02-15 19:08:48.529 11053 11053 E ArmVmp : Match on catch block at 0xc3 in for 0x7a79180025
02-15 19:08:48.538 11053 11053 E ArmVmp : Match on catch block at 0xc3 in for 0x7a79180025
02-15 19:08:48.540 11053 11053 E ArmVmp : Match on catch block at 0xc3 in for 0x7a79180025
02-15 19:08:48.549 11053 11053 E ArmVmp : Match on catch block at 0xc3 in for 0x7a79180025
02-15 19:08:48.551 11053 11053 E ArmVmp : Match on catch block at 0xc3 in for 0x7a79180025
02-15 19:08:48.560 11053 11053 E ArmVmp : Match on catch block at 0xc3 in for 0x7a79180025
02-15 19:08:48.562 11053 11053 E ArmVmp : Match on catch block at 0xc3 in for 0x7a79180025
02-15 19:08:48.571 11053 11053 E ArmVmp : Match on catch block at 0xc3 in for 0x7a79180025
02-15 19:08:48.573 11053 11053 E ArmVmp : Match on catch block at 0xc3 in for 0x7a79180025
02-15 19:08:48.582 11053 11053 E ArmVmp : Match on catch block at 0xc3 in for 0x7a79180025
02-15 19:08:48.584 11053 11053 E ArmVmp : Match on catch block at 0xc3 in for 0x7a79180025
02-15 19:08:48.594 11053 11053 E ArmVmp : Match on catch block at 0xc3 in for 0x7a79180025
02-15 19:08:48.596 11053 11053 E ArmVmp : Match on catch block at 0xc3 in for 0x7a79180025
02-15 19:08:48.604 11053 11053 E ArmVmp : Match on catch block at 0xc3 in for 0x7a79180025
02-15 19:08:48.607 11053 11053 E ArmVmp : Match on catch block at 0xc3 in for 0x7a79180025
02-15 19:08:48.616 11053 11053 E ArmVmp : Match on catch block at 0xc3 in for 0x7a79180025
02-15 19:08:48.618 11053 11053 E ArmVmp : Match on catch block at 0xc3 in for 0x7a79180025
02-15 19:08:48.627 11053 11053 E ArmVmp : Match on catch block at 0xc3 in for 0x7a79180025
02-15 19:08:48.629 11053 11053 E ArmVmp : Match on catch block at 0xc3 in for 0x7a79180025
02-15 19:08:48.639 11053 11053 E ArmVmp : Match on catch block at 0xc3 in for 0x7a79180025
02-15 19:08:48.641 11053 11053 E ArmVmp : Match on catch block at 0xc3 in for 0x7a79180025
02-15 19:08:48.648 11053 11053 E ArmVmp : Match on catch block at 0xc3 in for 0x7a79180025
02-15 19:08:48.651 11053 11053 E ArmVmp : Match on catch block at 0xc3 in for 0x7a79180025
02-15 19:08:48.660 11053 11053 E ArmVmp : Match on catch block at 0xc3 in for 0x7a79180025
02-15 19:08:48.662 11053 11053 E ArmVmp : Match on catch block at 0xc3 in for 0x7a79180025
02-15 19:08:48.671 11053 11053 E ArmVmp : Match on catch block at 0xc3 in for 0x7a79180025
02-15 19:08:48.673 11053 11053 E ArmVmp : Match on catch block at 0xc3 in for 0x7a79180025
02-15 19:08:48.682 11053 11053 E ArmVmp : Match on catch block at 0xc3 in for 0x7a79180025
02-15 19:08:48.684 11053 11053 E ArmVmp : Match on catch block at 0xc3 in for 0x7a79180025
02-15 19:08:48.694 11053 11053 E ArmVmp : Match on catch block at 0xc3 in for 0x7a79180025
02-15 19:08:48.696 11053 11053 E ArmVmp : Match on catch block at 0xc3 in for 0x7a79180025
02-15 19:08:48.705 11053 11053 E ArmVmp : Match on catch block at 0xc3 in for 0x7a79180025
02-15 19:08:48.707 11053 11053 E ArmVmp : Match on catch block at 0xc3 in for 0x7a79180025
02-15 19:08:48.716 11053 11053 E ArmVmp : Match on catch block at 0xc3 in for 0x7a79180025
02-15 19:08:48.718 11053 11053 E ArmVmp : Match on catch block at 0xc3 in for 0x7a79180025
02-15 19:08:48.726 11053 11053 E ArmVmp : Match on catch block at 0xc3 in for 0x7a79180025
02-15 19:08:48.728 11053 11053 E ArmVmp : Match on catch block at 0xc3 in for 0x7a79180025
02-15 19:08:48.737 11053 11053 E ArmVmp : Match on catch block at 0xc3 in for 0x7a79180025
02-15 19:08:48.741 11053 11053 E ArmVmp : Match on catch block at 0xc3 in for 0x7a79180025
02-15 19:08:48.748 11053 11053 E ArmVmp : Match on catch block at 0xc3 in for 0x7a79180025
02-15 19:08:48.751 11053 11053 E ArmVmp : Match on catch block at 0xc3 in for 0x7a79180025
02-15 19:08:48.760 11053 11053 E ArmVmp : Match on catch block at 0xc3 in for 0x7a79180025
02-15 19:08:48.762 11053 11053 E ArmVmp : Match on catch block at 0xc3 in for 0x7a79180025
02-15 19:08:48.770 11053 11053 E ArmVmp : Match on catch block at 0xc3 in for 0x7a79180025
02-15 19:08:48.773 11053 11053 E ArmVmp : Match on catch block at 0xc3 in for 0x7a79180025
02-15 19:08:48.781 11053 11053 E ArmVmp : Match on catch block at 0xc3 in for 0x7a79180025
02-15 19:08:48.784 11053 11053 E ArmVmp : Match on catch block at 0xc3 in for 0x7a79180025
02-15 19:08:48.792 11053 11053 E ArmVmp : Match on catch block at 0xc3 in for 0x7a79180025
02-15 19:08:48.795 11053 11053 E ArmVmp : Match on catch block at 0xc3 in for 0x7a79180025
02-15 19:08:48.803 11053 11053 E ArmVmp : Match on catch block at 0xc3 in for 0x7a79180025
02-15 19:08:48.806 11053 11053 E ArmVmp : Match on catch block at 0xc3 in for 0x7a79180025
02-15 19:08:48.815 11053 11053 E ArmVmp : Match on catch block at 0xc3 in for 0x7a79180025
02-15 19:08:48.817 11053 11053 E ArmVmp : Match on catch block at 0xc3 in for 0x7a79180025
02-15 19:08:48.826 11053 11053 E ArmVmp : Match on catch block at 0xc3 in for 0x7a79180025
02-15 19:08:48.828 11053 11053 E ArmVmp : Match on catch block at 0xc3 in for 0x7a79180025
02-15 19:08:48.837 11053 11053 E ArmVmp : Match on catch block at 0xc3 in for 0x7a79180025
02-15 19:08:48.841 11053 11053 E ArmVmp : Match on catch block at 0xc3 in for 0x7a79180025
02-15 19:08:48.848 11053 11053 E ArmVmp : Match on catch block at 0xc3 in for 0x7a79180025
02-15 19:08:48.851 11053 11053 E ArmVmp : Match on catch block at 0xc3 in for 0x7a79180025
02-15 19:08:48.863 11053 11053 E ArmVmp : Match on catch block at 0xc3 in for 0x7a79180025
02-15 19:08:48.865 11053 11053 E ArmVmp : Match on catch block at 0xc3 in for 0x7a79180025
02-15 19:08:48.885 11053 11053 E ArmVmp : Match on catch block at 0xc3 in for 0x7a79180025
02-15 19:08:48.888 11053 11053 E ArmVmp : Match on catch block at 0xc3 in for 0x7a79180025
02-15 19:08:48.991 11053 11053 E ArmVmp : Match on catch block at 0xc3 in for 0x7a79180025
02-15 19:08:48.993 11053 11053 E ArmVmp : Match on catch block at 0xc3 in for 0x7a79180025
02-15 19:08:49.016 11053 11053 E ArmVmp : Match on catch block at 0xc3 in for 0x7a79180025
02-15 19:08:49.020 11053 11053 E ArmVmp : Match on catch block at 0xc3 in for 0x7a79180025
02-15 19:08:49.060 11053 11053 E ArmVmp : Match on catch block at 0xc3 in for 0x7a79180025
02-15 19:08:49.062 11053 11053 E ArmVmp : Match on catch block at 0xc3 in for 0x7a79180025
02-15 19:08:49.077 11053 11053 E ArmVmp : Match on catch block at 0xc3 in for 0x7a79180025
02-15 19:08:49.079 11053 11053 E ArmVmp : Match on catch block at 0xc3 in for 0x7a79180025
02-15 19:08:49.089 11053 11053 E ArmVmp : Match on catch block at 0xc3 in for 0x7a79180025
02-15 19:08:49.092 11053 11053 E ArmVmp : Match on catch block at 0xc3 in for 0x7a79180025
02-15 19:08:49.110 11053 11053 E ArmVmp : Match on catch block at 0xc3 in for 0x7a79180025
02-15 19:08:49.112 11053 11053 E ArmVmp : Match on catch block at 0xc3 in for 0x7a79180025
02-15 19:08:49.122 11053 11053 E ArmVmp : Match on catch block at 0xc3 in for 0x7a79180025
02-15 19:08:49.127 11053 11053 E ArmVmp : Match on catch block at 0xc3 in for 0x7a79180025
02-15 19:08:49.134 11053 11053 E ArmVmp : Match on catch block at 0xc3 in for 0x7a79180025
02-15 19:08:49.136 11053 11053 E ArmVmp : Match on catch block at 0xc3 in for 0x7a79180025
02-15 19:08:49.142 11053 11053 E ArmVmp : Match on catch block at 0xc3 in for 0x7a79180025
02-15 19:08:49.145 11053 11053 E ArmVmp : Match on catch block at 0xc3 in for 0x7a79180025
02-15 19:08:49.158 11053 11053 E ArmVmp : Match on catch block at 0xc3 in for 0x7a79180025
02-15 19:08:49.160 11053 11053 E ArmVmp : Match on catch block at 0xc3 in for 0x7a79180025
02-15 19:08:49.167 11053 11053 E ArmVmp : Match on catch block at 0xc3 in for 0x7a79180025
02-15 19:08:49.169 11053 11053 E ArmVmp : Match on catch block at 0xc3 in for 0x7a79180025
02-15 19:08:49.183 11053 11053 E ArmVmp : Match on catch block at 0xc3 in for 0x7a79180025
02-15 19:08:49.185 11053 11053 E ArmVmp : Match on catch block at 0xc3 in for 0x7a79180025
02-15 19:08:49.194 11053 11053 E ArmVmp : Match on catch block at 0xc3 in for 0x7a79180025
02-15 19:08:49.195 11053 11053 E ArmVmp : Match on catch block at 0xc3 in for 0x7a79180025
02-15 19:08:49.206 11053 11053 E ArmVmp : Ma--------- beginning of main
02-15 19:08:49.208 11053 11053 E ArmVmp : Match on catch block at 0xc3 in for 0x7a79180025
02-15 19:08:49.215 11053 11053 E ArmVmp : Match on catch block at 0xc3 in for 0x7a79180025
02-15 19:08:49.217 11053 11053 E ArmVmp : Match on catch block at 0xc3 in for 0x7a79180025
02-15 19:08:49.226 11053 11053 E ArmVmp : Match on catch block at 0xc3 in for 0x7a79180025
02-15 19:08:49.228 11053 11053 E ArmVmp : Match on catch block at 0xc3 in for 0x7a79180025
02-15 19:08:49.237 11053 11053 E ArmVmp : Match on catch block at 0xc3 in for 0x7a79180025
02-15 19:08:49.239 11053 11053 E ArmVmp : Match on catch block at 0xc3 in for 0x7a79180025
02-15 19:08:49.249 11053 11053 E ArmVmp : Match on catch block at 0xc3 in for 0x7a79180025
02-15 19:08:49.251 11053 11053 E ArmVmp : Match on catch block at 0xc3 in for 0x7a79180025
02-15 19:08:49.260 11053 11053 E ArmVmp : Match on catch block at 0xc3 in for 0x7a79180025
02-15 19:08:49.262 11053 11053 E ArmVmp : Match on catch block at 0xc3 in for 0x7a79180025
02-15 19:08:49.269 11053 11053 E ArmVmp : Match on catch block at 0xc3 in for 0x7a79180025
02-15 19:08:49.271 11053 11053 E ArmVmp : Match on catch block at 0xc3 in for 0x7a79180025
02-15 19:08:49.281 11053 11053 E ArmVmp : Match on catch block at 0xc3 in for 0x7a79180025
02-15 19:08:49.285 11053 11053 E ArmVmp : Match on catch block at 0xc3 in for 0x7a79180025
02-15 19:08:49.292 11053 11053 E ArmVmp : Match on catch block at 0xc3 in for 0x7a79180025
02-15 19:08:49.295 11053 11053 E ArmVmp : Match on catch block at 0xc3 in for 0x7a79180025
02-15 19:08:49.302 11053 11053 E ArmVmp : Match on catch block at 0xc3 in for 0x7a79180025
02-15 19:08:49.304 11053 11053 E ArmVmp : Match on catch block at 0xc3 in for 0x7a79180025
02-15 19:08:49.315 11053 11053 E ArmVmp : Match on catch block at 0xc3 in for 0x7a79180025
02-15 19:08:49.318 11053 11053 E ArmVmp : Match on catch block at 0xc3 in for 0x7a79180025
02-15 19:08:49.325 11053 11053 E ArmVmp : Match on catch block at 0xc3 in for 0x7a79180025
02-15 19:08:49.326 11053 11053 E ArmVmp : Match on catch block at 0xc3 in for 0x7a79180025
02-15 19:08:49.335 11053 11053 E ArmVmp : Match on catch block at 0xc3 in for 0x7a79180025
02-15 19:08:49.337 11053 11053 E ArmVmp : Match on catch block at 0xc3 in for 0x7a79180025
02-15 19:08:49.347 11053 11053 E ArmVmp : Match on catch block at 0xc3 in for 0x7a79180025
02-15 19:08:49.350 11053 11053 E ArmVmp : Match on catch block at 0xc3 in for 0x7a79180025
02-15 19:08:49.358 11053 11053 E ArmVmp : Match on catch block at 0xc3 in for 0x7a79180025
02-15 19:08:49.361 11053 11053 E ArmVmp : Match on catch block at 0xc3 in for 0x7a79180025
02-15 19:08:53.749 15470 15470 E com.mbwhatsapp: Not starting debugger since process cannot load the jdwp agent.
02-15 19:08:53.753 15470 15470 W libc : Access denied finding property "sys.perf.boostopt"
02-15 19:08:53.754 15470 15482 W libc : Access denied finding property "sys.perf.boostopt"
02-15 19:08:53.869 15470 15470 W System.err: java.lang.ClassNotFoundException: mbmodsd.mbmodsw.ui.views.btn.BtnBK
02-15 19:08:53.870 15470 15470 W System.err: at java.lang.Runtime.nativeLoad(Native Method)
02-15 19:08:53.870 15470 15470 W System.err: at java.lang.Runtime.nativeLoad(Runtime.java:1126)
02-15 19:08:53.870 15470 15470 W System.err: at java.lang.Runtime.loadLibrary0(Runtime.java:1080)
02-15 19:08:53.870 15470 15470 W System.err: at java.lang.Runtime.loadLibrary0(Runtime.java:1003)
02-15 19:08:53.870 15470 15470 W System.err: at java.lang.System.loadLibrary(System.java:1661)
02-15 19:08:53.870 15470 15470 W System.err: at arm.EpicVm.<clinit>(Unknown Source:2)
02-15 19:08:53.870 15470 15470 W System.err: at java.lang.Class.newInstance(Native Method)
02-15 19:08:53.870 15470 15470 W System.err: at android.app.AppComponentFactory.instantiateApplication(AppComponentFactory.java:76)
02-15 19:08:53.870 15470 15470 W System.err: at androidx.core.app.CoreComponentFactory.instantiateApplication(Unknown Source:0)
02-15 19:08:53.870 15470 15470 W System.err: at android.app.Instrumentation.newApplication(Instrumentation.java:1232)
02-15 19:08:53.870 15470 15470 W System.err: at android.app.LoadedApk.makeApplicationInner(LoadedApk.java:1565)
02-15 19:08:53.870 15470 15470 W System.err: at android.app.LoadedApk.makeApplicationInner(LoadedApk.java:1502)
02-15 19:08:53.870 15470 15470 W System.err: at android.app.ActivityThread.handleBindApplication(ActivityThread.java:7553)
02-15 19:08:53.870 15470 15470 W System.err: at android.app.ActivityThread.-$ $Nest$mhandleBindApplication(Unknown Source:0)
02-15 19:08:53.870 15470 15470 W System.err: at android.app.ActivityThread$H.handleMessage(ActivityThread.java:2400)
02-15 19:08:53.870 15470 15470 W System.err: at android.os.Handler.dispatchMessage(Handler.java:106)
02-15 19:08:53.870 15470 15470 W System.err: at android.os.Looper.loopOnce(Looper.java:226)
02-15 19:08:53.870 15470 15470 W System.err: at android.os.Looper.loop(Looper.java:313)
02-15 19:08:53.870 15470 15470 W System.err: at android.app.ActivityThread.main(ActivityThread.java:8757)
02-15 19:08:53.870 15470 15470 W System.err: at java.lang.reflect.Method.invoke(Native Method)
02-15 19:08:53.870 15470 15470 W System.err: at com.android.internal.os.RuntimeInit$MethodAndArgsCaller.run(RuntimeInit.java:571)
02-15 19:08:53.870 15470 15470 W System.err: at com.android.internal.os.ZygoteInit.main(ZygoteInit.java:1067)
02-15 19:08:53.911 15470 15470 E CustomActivityOnCrash: IMPORTANT WARNING! You already have an UncaughtExceptionHandler, are you sure this is correct? If you use a custom UncaughtExceptionHandler, you must initialize it AFTER CustomActivityOnCrash! Installing anyway, but your original handler will not be called.
02-15 19:08:53.959 15470 15490 W LibraryVersion: Failed to get app version for libraryName: firebase-iid
02-15 19:08:54.117 15470 15470 W com.mbwhatsapp: Accessing hidden method Lcom/android/org/conscrypt/OpenSSLSocketImpl;->setUseSessionTickets(Z)V (max- target-q,core-platform-api, reflection, denied)
02-15 19:08:54.117 15470 15470 W com.mbwhatsapp: Accessing hidden method Lcom/android/org/conscrypt/AbstractConscryptSocket;->setUseSessionTickets(Z)V (max- target-q, reflection, denied)
02-15 19:08:54.180 15507 15507 W libprocessgroup: SetAttribute: unknown attribute: GpisSfCpuset
02-15 19:08:54.180 15507 15507 W libprocessgroup: SetAttribute: unknown attribute: GpisSfCpuset
02-15 19:08:54.263 15470 15521 W com.mbwhatsapp: Method void X.2rL.A03(java.lang.Integer) failed lock verification and will run slower.
02-15 19:08:54.263 15470 15521 W com.mbwhatsapp: Common causes for lock verification issues are non-optimized dex code
02-15 19:08:54.263 15470 15521 W com.mbwhatsapp: and incorrect proguard optimizations.
02-15 19:08:54.265 15470 15470 W com.mbwhatsapp: Method void X.0eU.A0h(X.0tK, boolean) failed lock verification and will run slower.
02-15 19:08:54.415 15470 15537 E QT : [QT]file does not exist
02-15 19:08:54.420 15470 15470 W com.mbwhatsapp: Method void com.mbwhatsapp.HomeActivity.A6e() failed lock verification and will run slower.
02-15 19:08:54.422 15470 15537 E OpenGLRenderer: Device claims wide gamut support, cannot find matching config, error = EGL_SUCCESS
02-15 19:08:54.422 15470 15537 W OpenGLRenderer: Failed to initialize 101010-2 format, error = EGL_SUCCESS
02-15 19:08:54.728 15470 15470 E ArmVmp : Match on catch block at 0x0a in for 0x7a79180031
02-15 19:08:54.740 15470 15563 W com.mbwhatsapp: Accessing hidden method Lcom/android/org/conscrypt/ConscryptEngineSocket;->setUseSessionTickets(Z)V (max- target-q,core-platform-api, reflection, denied)
02-15 19:08:54.740 15470 15563 W com.mbwhatsapp: Accessing hidden method Lcom/android/org/conscrypt/OpenSSLSocketImpl;->setUseSessionTickets(Z)V (max- target-q,core-platform-api, reflection, denied)
02-15 19:08:54.740 15470 15563 W com.mbwhatsapp: Accessing hidden method Lcom/android/org/conscrypt/AbstractConscryptSocket;->setUseSessionTickets(Z)V (max- target-q, reflection, denied)
02-15 19:08:54.741 15470 15563 W com.mbwhatsapp: Accessing hidden method Lcom/android/org/conscrypt/ConscryptEngineSocket;->setHostname(Ljava/lang/String;)V (max-target-q,core-platform-api, reflection, denied)
02-15 19:08:54.741 15470 15563 W com.mbwhatsapp: Accessing hidden method Lcom/android/org/conscrypt/OpenSSLSocketImpl;->setHostname(Ljava/lang/String;)V (max-target-q,core-platform-api, reflection, denied)
02-15 19:08:54.741 15470 15563 W com.mbwhatsapp: Accessing hidden method Lcom/android/org/conscrypt/AbstractConscryptSocket;->setHostname(Ljava/lang/ String;)V (max-target-q, reflection, denied)
02-15 19:08:54.741 15470 15563 W com.mbwhatsapp: Accessing hidden method Lcom/android/org/conscrypt/OpenSSLSocketImpl;->setAlpnProtocols([B)V (max-target- q,core-platform-api, reflection, denied)
02-15 19:08:54.741 15470 15563 W com.mbwhatsapp: Accessing hidden method Lcom/android/org/conscrypt/AbstractConscryptSocket;->setAlpnProtocols([B)V (max- target-q, reflection, denied)
02-15 19:08:54.751 15470 15470 E ArmVmp : Match on catch block at 0x0a in for 0x7a7918004d
02-15 19:08:54.761 15470 15563 W com.mbwhatsapp: Accessing hidden method Lcom/android/org/conscrypt/OpenSSLSocketImpl;->getAlpnSelectedProtocol()[B (max- target-q,core-platform-api, reflection, denied)
02-15 19:08:54.761 15470 15563 W com.mbwhatsapp: Accessing hidden method Lcom/android/org/conscrypt/AbstractConscryptSocket;->getAlpnSelectedProtocol()[B (max-target-q, reflection, denied)
02-15 19:08:54.779 15470 15470 W Activity: Can request only one set of permissions at a time
02-15 19:08:55.158 15470 15470 E FBI : Can't load library: dlopen failed: library "libmagtsync.so" not found
02-15 19:08:55.162 15470 15483 W libc : Access denied finding property "sys.perf.boostopt"
02-15 19:08:55.175 15470 15588 E ion : ioctl c0044901 failed with code -1: Invalid argument
02-15 19:08:55.321 15470 15470 E RecyclerView: No adapter attached; skipping layout
02-15 19:08:55.405 15470 15537 W Parcel : Expecting binder but got null!
02-15 19:08:55.449 15470 15470 E RecyclerView: No adapter attached; skipping layout
02-15 19:08:55.464 15470 15470 E ArmVmp : Match on catch block at 0x0a in for 0x7a79180035
02-15 19:08:55.639 15470 15605 W LOTTIE : Animation contains merge paths. Merge paths are only supported on KitKat+ and must be manually enabled by calling enableMergePathsForKitKatAndAbove().
02-15 19:08:55.758 15470 15470 W LOTTIE : Animation contains merge paths but they are disabled.
02-15 19:08:55.822 15470 15470 E ArmVmp : Match on catch block at 0x5b in for 0x7a7918001d
02-15 19:08:59.834 15470 15589 W libc : Access denied finding property "sys.perf.boostopt"
02-15 19:08:59.895 15470 15537 W Parcel : Expecting binder but got null!
02-15 19:09:01.270 15470 15537 W Parcel : Expecting binder but got null!
02-15 19:09:04.487 15470 15478 W com.mbwhatsapp: Cleared Reference was only reachable from finalizer (only reported once)
02-15 19:09:05.180 15470 15537 W Parcel : Expecting binder but got null!
02-15 19:09:14.055 15470 15537 W Parcel : Expecting binder but got null!
02-15 19:09:14.206 15470 15470 W OnBackInvokedCallback: OnBackInvokedCallback is not enabled for the application.
02-15 19:09:14.206 15470 15470 W OnBackInvokedCallback: Set 'android:enableOnBackInvokedCallback="true"' in the application manifest.
02-15 19:09:33.813 15470 15537 W Parcel : Expecting binder but got null!
02-15 19:09:34.129 15470 15537 W Parcel : Expecting binder but got null!
02-15 19:09:34.171 15470 15537 W Parcel : Expecting binder but got null!
02-15 19:09:34.285 15470 15470 W OnBackInvokedCallback: OnBackInvokedCallback is not enabled for the application.
02-15 19:09:34.285 15470 15470 W OnBackInvokedCallback: Set 'android:enableOnBackInvokedCallback="true"' in the application manifest.
02-15 19:09:34.312 15470 15470 W RemoteInputConnectionImpl: requestCursorAnchorInfo on inactive InputConnection
02-15 19:09:34.410 15470 15470 W OnBackInvokedCallback: OnBackInvokedCallback is not enabled for the application.
02-15 19:09:34.410 15470 15470 W OnBackInvokedCallback: Set 'android:enableOnBackInvokedCallback="true"' in the application manifest.
02-15 19:09:39.264 15470 15470 W OnBackInvokedCallback: OnBackInvokedCallback is not enabled for the application.
02-15 19:09:39.264 15470 15470 W OnBackInvokedCallback: Set 'android:enableOnBackInvokedCallback="true"' in the application manifest.
02-15 19:09:42.828 15470 15589 W libc : Access denied finding property "sys.perf.boostopt"
02-15 19:10:03.536 15470 15470 W OnBackInvokedCallback: OnBackInvokedCallback is not enabled for the application.
02-15 19:10:03.536 15470 15470 W OnBackInvokedCallback: Set 'android:enableOnBackInvokedCallback="true"' in the application manifest.
02-15 19:10:11.185 15470 15470 W OnBackInvokedCallback: OnBackInvokedCallback is not enabled for the application.
02-15 19:10:11.185 15470 15470 W OnBackInvokedCallback: Set 'android:enableOnBackInvokedCallback="true"' in the application manifest.
02-15 19:10:14.175 15470 15537 W Parcel : Expecting binder but got null!
02-15 19:10:14.494 15470 15537 W Parcel : Expecting binder but got null!
02-15 19:10:15.624 15470 15537 W Parcel : Expecting binder but got null!
02-15 19:10:15.660 15470 15470 W OnBackInvokedCallback: OnBackInvokedCallback is not enabled for the application.
02-15 19:10:15.660 15470 15470 W OnBackInvokedCallback: Set 'android:enableOnBackInvokedCallback="true"' in the application manifest.
02-15 19:10:15.674 15470 15470 W RemoteInputConnectionImpl: requestCursorAnchorInfo on inactive InputConnection
02-15 19:10:16.089 15470 15470 E WindowManager: android.view.WindowLeaked: Activity com.mbwhatsapp.email.VerifyEmailActivity has leaked window DecorView@5290875[VerifyEmailActivity] that was originally added here
02-15 19:10:16.089 15470 15470 E WindowManager: at android.view.ViewRootImpl.<init>(ViewRootImpl.java:1322)
02-15 19:10:16.089 15470 15470 E WindowManager: at android.view.ViewRootImpl.<init>(ViewRootImpl.java:1297)
02-15 19:10:16.089 15470 15470 E WindowManager: at android.view.WindowManagerGlobal.addView(WindowManagerGlobal.java:530)
02-15 19:10:16.089 15470 15470 E WindowManager: at android.view.WindowManagerImpl.addView(WindowManagerImpl.java:148)
02-15 19:10:16.089 15470 15470 E WindowManager: at android.app.Dialog.show(Dialog.java:521)
02-15 19:10:16.089 15470 15470 E WindowManager: at X.3g1.run(Unknown Source:303)
02-15 19:10:16.089 15470 15470 E WindowManager: at android.os.Handler.handleCallback(Handler.java:942)
02-15 19:10:16.089 15470 15470 E WindowManager: at android.os.Handler.dispatchMessage(Handler.java:99)
02-15 19:10:16.089 15470 15470 E WindowManager: at android.os.Looper.loopOnce(Looper.java:226)
02-15 19:10:16.089 15470 15470 E WindowManager: at android.os.Looper.loop(Looper.java:313)
02-15 19:10:16.089 15470 15470 E WindowManager: at android.app.ActivityThread.main(ActivityThread.java:8757)
02-15 19:10:16.089 15470 15470 E WindowManager: at java.lang.reflect.Method.invoke(Native Method)
02-15 19:10:16.089 15470 15470 E WindowManager: at com.android.internal.os.RuntimeInit$MethodAndArgsCaller.run(RuntimeInit.java:571)
02-15 19:10:16.089 15470 15470 E WindowManager: at com.android.internal.os.ZygoteInit.main(ZygoteInit.java:1067)
02-15 19:10:17.343 15470 15537 W Parcel : Expecting binder but got null!
02-15 19:10:21.111 15470 15470 E com.mbwhatsapp: Invalid ID 0x00000000.
02-15 19:10:21.113 15470 15470 E com.mbwhatsapp: Invalid ID 0x00000000.
02-15 19:10:21.164 15470 15537 W Parcel : Expecting binder but got null!
02-15 19:10:21.349 15470 15470 E com.mbwhatsapp: Invalid ID 0x00000000.
02-15 19:10:21.494 15470 15470 E com.mbwhatsapp: Invalid ID 0x00000000.
02-15 19:10:24.426 15470 15470 W Settings: Setting show_button_background has moved from android.provider.Settings.System to android.provider.Settings.Global, returning read-only value.
02-15 19:10:24.461 15470 15537 W Parcel : Expecting binder but got null!
02-15 19:10:32.772 15470 15537 W Parcel : Expecting binder but got null!
02-15 19:10:48.497 15470 15537 W Parcel : Expecting binder but got null!
02-15 19:10:53.574 15470 15537 W Parcel : Expecting binder but got null!
02-15 19:10:57.052 15470 15537 W Parcel : Expecting binder but got null!
02-15 19:10:57.114 15470 15526 W com.mbwhatsapp: Long monitor contention with owner MBWhatsApp Worker #5 (15579) at boolean X.2qm.A03(X.2t8, X.2pP, X.35z, X.35t, X.2ql, X.3JP, X.49C, java.lang.String)(:-1) waiters=0 in boolean X.2qm.A03(X.2t8, X.2pP, X.35z, X.35t, X.2ql, X.3JP, X.49C, java.lang.String) for 104ms
02-15 19:10:57.363 15470 16624 W LOTTIE : Unknown shape type rd
02-15 19:10:59.568 15470 15470 W Settings: Setting show_button_background has moved from android.provider.Settings.System to android.provider.Settings.Global, returning read-only value.
02-15 19:10:59.610 15470 15537 W Parcel : Expecting binder but got null!
02-15 19:11:07.182 15470 15470 E MediaPlayerNative: Unable to create media player
02-15 19:11:07.190 15470 15470 E MediaPlayerNative: Unable to create media player
02-15 19:11:07.304 15470 15483 W MediaPlayerNative: info/warning (10973, 0)
02-15 19:11:07.385 15470 15537 W Parcel : Expecting binder but got null!
02-15 19:11:13.779 15470 15470 E com.mbwhatsapp: Resource 7f150337 is a complex map type.
02-15 19:11:13.780 15470 15470 E com.mbwhatsapp: Resource 7f150337 is a complex map type.
02-15 19:11:13.780 15470 15470 E com.mbwhatsapp: Resource 7f150337 is a complex map type.
02-15 19:11:13.833 15470 15537 W Parcel : Expecting binder but got null!
02-15 19:11:15.486 15470 15470 E com.mbwhatsapp: Resource 7f15033a is a complex map type.
02-15 19:11:15.486 15470 15470 E com.mbwhatsapp: Resource 7f150337 is a complex map type.
02-15 19:11:15.486 15470 15470 E com.mbwhatsapp: Resource 7f150337 is a complex map type.
02-15 19:11:15.486 15470 15470 E com.mbwhatsapp: Resource 7f150337 is a complex map type.
02-15 19:11:15.531 15470 15537 W Parcel : Expecting binder but got null!
02-15 19:11:19.258 15470 15480 W System : A resource failed to call end.
02-15 19:11:19.258 15470 15480 W System : A resource failed to call end.
02-15 19:11:19.258 15470 15480 W System : A resource failed to call end.
02-15 19:11:19.258 15470 15480 W System : A resource failed to call end.
02-15 19:11:19.259 15470 15480 W System : A resource failed to call end.
02-15 19:11:22.856 15470 15537 W Parcel : Expecting binder but got null!
02-15 19:11:28.034 15470 15537 W Parcel : Expecting binder but got null!
02-15 19:11:29.862 15470 15537 W Parcel : Expecting binder but got null!
02-15 19:11:31.556 15470 15537 W Parcel : Expecting binder but got null!
02-15 19:11:32.489 15470 15537 W Parcel : Expecting binder but got null!
02-15 19:11:33.633 15470 15537 W Parcel : Expecting binder but got null!
02-15 19:11:38.246 15470 15537 W Parcel : Expecting binder but got null!
02-15 19:11:47.932 15470 15537 W Parcel : Expecting binder but got null!
02-15 19:11:57.280 15470 15537 W Parcel : Expecting binder but got null!
02-15 19:11:58.855 15470 15537 W Parcel : Expecting binder but got null!
02-15 19:12:00.439 15470 15470 W InputEventReceiver: Attempted to finish an input event but the input event receiver has already been disposed.
02-15 19:12:00.777 15470 15537 W Parcel : Expecting binder but got null!
02-15 19:12:02.384 15470 15537 W Parcel : Expecting binder but got null!
02-15 19:12:06.086 15470 15537 W Parcel : Expecting binder but got null!
02-15 19:12:09.011 15470 15537 W Parcel : Expecting binder but got null!
02-15 19:12:15.367 15470 15537 W Parcel : Expecting binder but got null!
02-15 19:12:17.765 15470 15537 W Parcel : Expecting binder but got null!
02-15 19:12:24.757 15470 15537 W Parcel : Expecting binder but got null!
02-15 19:12:28.362 15470 15537 W Parcel : Expecting binder but got null!
02-15 19:12:30.390 15470 15537 W Parcel : Expecting binder but got null!
02-15 19:12:33.039 15470 15470 E com.mbwhatsapp: Resource 7f150337 is a complex map type.
02-15 19:12:33.039 15470 15470 E com.mbwhatsapp: Resource 7f150337 is a complex map type.
02-15 19:12:33.039 15470 15470 E com.mbwhatsapp: Resource 7f150337 is a complex map type.
02-15 19:12:33.092 15470 15537 W Parcel : Expecting binder but got null!
02-15 19:12:40.710 15470 15470 W Settings: Setting show_button_background has moved from android.provider.Settings.System --------- beginning of main
02-15 19:12:40.745 15470 15537 W Parcel : Expecting binder but got null!
02-15 19:12:43.078 15470 15537 W Parcel : Expecting binder but got null!
02-15 19:12:47.843 15470 15470 W Settings: Setting show_button_background has moved from android.provider.Settings.System to android.provider.Settings.Global, returning read-only value.
02-15 19:12:47.880 15470 15537 W Parcel : Expecting binder but got null!
02-15 19:12:49.967 15470 15537 W Parcel : Expecting binder but got null!
02-15 19:12:52.207 15470 15470 W Settings: Setting show_button_background has moved from android.provider.Settings.System to android.provider.Settings.Global, returning read-only value.
02-15 19:12:52.244 15470 15537 W Parcel : Expecting binder but got null!
02-15 19:12:56.376 15470 15470 W Settings: Setting show_button_background has moved from android.provider.Settings.System to android.provider.Settings.Global, returning read-only value.
02-15 19:12:56.412 15470 15537 W Parcel : Expecting binder but got null!
02-15 19:12:57.858 15470 15537 W Parcel : Expecting binder but got null!
02-15 19:13:04.459 16925 16925 E com.mbwhatsapp: Not starting debugger since process cannot load the jdwp agent.
02-15 19:13:04.464 16925 16925 W libc : Access denied finding property "sys.perf.boostopt"
02-15 19:13:04.465 16925 16951 W libc : Access denied finding property "sys.perf.boostopt"
02-15 19:13:04.477 16925 16952 W libc : Access denied finding property "sys.perf.boostopt"
02-15 19:13:04.572 16925 16925 W System.err: java.lang.ClassNotFoundException: mbmodsd.mbmodsw.ui.views.btn.BtnBK
02-15 19:13:04.572 16925 16925 W System.err: at java.lang.Runtime.nativeLoad(Native Method)
02-15 19:13:04.572 16925 16925 W System.err: at java.lang.Runtime.nativeLoad(Runtime.java:1126)
02-15 19:13:04.572 16925 16925 W System.err: at java.lang.Runtime.loadLibrary0(Runtime.java:1080)
02-15 19:13:04.572 16925 16925 W System.err: at java.lang.Runtime.loadLibrary0(Runtime.java:1003)
02-15 19:13:04.573 16925 16925 W System.err: at java.lang.System.loadLibrary(System.java:1661)
02-15 19:13:04.573 16925 16925 W System.err: at arm.EpicVm.<clinit>(Unknown Source:2)
02-15 19:13:04.573 16925 16925 W System.err: at java.lang.Class.newInstance(Native Method)
02-15 19:13:04.573 16925 16925 W System.err: at android.app.AppComponentFactory.instantiateApplication(AppComponentFactory.java:76)
02-15 19:13:04.573 16925 16925 W System.err: at androidx.core.app.CoreComponentFactory.instantiateApplication(Unknown Source:0)
02-15 19:13:04.573 16925 16925 W System.err: at android.app.Instrumentation.newApplication(Instrumentation.java:1232)
02-15 19:13:04.573 16925 16925 W System.err: at android.app.LoadedApk.makeApplicationInner(LoadedApk.java:1565)
02-15 19:13:04.573 16925 16925 W System.err: at android.app.LoadedApk.makeApplicationInner(LoadedApk.java:1502)
02-15 19:13:04.573 16925 16925 W System.err: at android.app.ActivityThread.handleBindApplication(ActivityThread.java:7553)
02-15 19:13:04.573 16925 16925 W System.err: at android.app.ActivityThread.-$ $Nest$mhandleBindApplication(Unknown Source:0)
02-15 19:13:04.573 16925 16925 W System.err: at android.app.ActivityThread$H.handleMessage(ActivityThread.java:2400)
02-15 19:13:04.573 16925 16925 W System.err: at android.os.Handler.dispatchMessage(Handler.java:106)
02-15 19:13:04.573 16925 16925 W System.err: at android.os.Looper.loopOnce(Looper.java:226)
02-15 19:13:04.573 16925 16925 W System.err: at android.os.Looper.loop(Looper.java:313)
02-15 19:13:04.573 16925 16925 W System.err: at android.app.ActivityThread.main(ActivityThread.java:8757)
02-15 19:13:04.573 16925 16925 W System.err: at java.lang.reflect.Method.invoke(Native Method)
02-15 19:13:04.573 16925 16925 W System.err: at com.android.internal.os.RuntimeInit$MethodAndArgsCaller.run(RuntimeInit.java:571)
02-15 19:13:04.573 16925 16925 W System.err: at com.android.internal.os.ZygoteInit.main(ZygoteInit.java:1067)
02-15 19:13:04.583 16925 16925 E CustomActivityOnCrash: IMPORTANT WARNING! You already have an UncaughtExceptionHandler, are you sure this is correct? If you use a custom UncaughtExceptionHandler, you must initialize it AFTER CustomActivityOnCrash! Installing anyway, but your original handler will not be called.
02-15 19:13:04.772 16925 16925 W com.mbwhatsapp: Accessing hidden method Lcom/android/org/conscrypt/OpenSSLSocketImpl;->setUseSessionTickets(Z)V (max- target-q,core-platform-api, reflection, denied)
02-15 19:13:04.772 16925 16925 W com.mbwhatsapp: Accessing hidden method Lcom/android/org/conscrypt/AbstractConscryptSocket;->setUseSessionTickets(Z)V (max- target-q, reflection, denied)
02-15 19:13:04.840 16979 16979 W libprocessgroup: SetAttribute: unknown attribute: GpisSfCpuset
02-15 19:13:04.840 16979 16979 W libprocessgroup: SetAttribute: unknown attribute: GpisSfCpuset
02-15 19:13:04.979 16925 17011 E QT : [QT]file does not exist
