02-15 19:14:54.856 17484 17484 E ArmVmp : Match on catch block at 0xc3 in for 0x7a79180025
02-15 19:14:54.865 17484 17547 E FrameEvents: updateAcquireFence: Did not find frame.
02-15 19:14:54.956 17484 17484 W ResourceType: Bad XML block: header size 18254 or total size 169478669 is larger than data size 380
02-15 19:14:54.958 17484 17484 W ResourceType: Bad XML block: header size 18254 or total size 169478669 is larger than data size 431
02-15 19:14:54.966 17484 17484 W ResourceType: Bad XML block: header size 18254 or total size 169478669 is larger than data size 677
02-15 19:14:54.969 17484 17484 W ResourceType: Bad XML block: header size 18254 or total size 169478669 is larger than data size 248
02-15 19:14:54.974 17484 17484 W ResourceType: Bad XML block: header size 18254 or total size 169478669 is larger than data size 571
02-15 19:14:54.979 17484 17484 W ResourceType: Bad XML block: header size 18254 or total size 169478669 is larger than data size 333
02-15 19:14:54.981 17484 17484 W ResourceType: Bad XML block: header size 18254 or total size 169478669 is larger than data size 650
02-15 19:14:54.984 17484 17484 W ResourceType: Bad XML block: header size 18254 or total size 169478669 is larger than data size 1150
02-15 19:14:54.988 17484 17484 W ResourceType: Bad XML block: header size 18254 or total size 169478669 is larger than data size 491
02-15 19:14:54.990 17484 17484 W ResourceType: Bad XML block: header size 18254 or total size 169478669 is larger than data size 1150
02-15 19:14:54.992 17484 17484 W ResourceType: Bad XML block: header size 18254 or total size 169478669 is larger than data size 659
02-15 19:14:54.995 17484 17484 W ResourceType: Bad XML block: header size 18254 or total size 169478669 is larger than data size 593
02-15 19:14:55.015 17484 17484 W ResourceType: Bad XML block: header size 18254 or total size 169478669 is larger than data size 473
02-15 19:14:55.018 17484 17484 W ResourceType: Bad XML block: header size 18254 or total size 169478669 is larger than data size 510
02-15 19:14:55.036 17484 17484 W ResourceType: Bad XML block: header size 18254 or total size 169478669 is larger than data size 473
02-15 19:14:55.081 17484 17484 W View : requestLayout() improperly called by android.widget.Space{dc84ba0 I.ED..... ......I. 23,68-31,76 #7f0b00ba app:id/action_tile_spacing} during layout: running second layout pass
02-15 19:14:55.081 17484 17484 W View : requestLayout() improperly called by android.widget.Space{3132359 I.ED..... ......I. 23,68-31,76 #7f0b00ba app:id/action_tile_spacing} during layout: running second layout pass
02-15 19:14:55.081 17484 17484 W View : requestLayout() improperly called by android.widget.Space{3c15b1e I.ED..... ......I. 23,68-31,76 #7f0b00ba app:id/action_tile_spacing} during layout: running second layout pass
02-15 19:14:55.099 17484 17484 E ArmVmp : Match on catch block at 0xc3 in for 0x7a79180025
02-15 19:14:55.101 17484 17484 E ArmVmp : Match on catch block at 0xc3 in for 0x7a79180025
02-15 19:14:55.141 17484 17547 W Parcel : Expecting binder but got null!
02-15 19:14:55.161 17484 17484 E ArmVmp : Match on catch block at 0xc3 in for 0x7a79180025
02-15 19:14:55.163 17484 17484 E ArmVmp : Match on catch block at 0xc3 in for 0x7a79180025
02-15 19:14:55.460 17484 17484 E ArmVmp : Match on catch block at 0xc3 in for 0x7a79180025
02-15 19:14:55.465 17484 17484 E ArmVmp : Match on catch block at 0xc3 in for 0x7a79180025 --------- beginning of system
02-15 19:14:55.467 17484 17484 W ViewRootImpl@6485707[GroupChatInfoActivity]: Dropping event (paused for transition):MotionEvent { action=ACTION_DOWN, actionButton=0, id[0]=0, x[0]=368.96484, y[0]=100.390625, toolType[0]=TOOL_TYPE_FINGER, buttonState=0, classification=NONE, metaState=0, flags=0x0, edgeFlags=0x0, pointerCount=1, historySize=0, eventTime=158271817, downTime=158271817, deviceId=2, source=0x1002, displayId=0, eventId=226451850 }
02-15 19:14:55.468 17484 17484 E ViewRootImpl@6485707[GroupChatInfoActivity]: mStopped=false mHasWindowFocus=true mPausedForTransition=true
02-15 19:14:56.777 17484 17484 W View : requestLayout() improperly called by com.mbwhatsapp.TextEmojiLabel{fd8c1eb VFED..C.. ......ID 0,0-439,56 #7f0b06ab app:id/conversation_contact_name} during layout: running second layout pass
02-15 19:15:01.824 17484 17484 W Settings: Setting show_button_background has moved from android.provider.Settings.System to android.provider.Settings.Global, returning read-only value.
02-15 19:15:01.891 17484 17547 W Parcel : Expecting binder but got null!
02-15 19:15:06.139 17484 17547 W Parcel : Expecting binder but got null!
02-15 19:15:10.076 17484 17484 W View : requestLayout() improperly called by com.mbwhatsapp.TextEmojiLabel{fd8c1eb VFED..C.. ......ID 0,0-439,56 #7f0b06ab app:id/conversation_contact_name} during layout: running second layout pass
02-15 19:15:11.447 17484 17484 W Settings: Setting show_button_background has moved from android.provider.Settings.System to android.provider.Settings.Global, returning read-only value.
02-15 19:15:11.517 17484 17547 W Parcel : Expecting binder but got null!
02-15 19:15:13.991 17484 17484 E com.mbwhatsapp: Invalid ID 0x00000001.
02-15 19:15:14.030 17484 17484 W Settings: Setting show_button_background has moved from android.provider.Settings.System to android.provider.Settings.Global, returning read-only value.
02-15 19:15:14.067 17484 17547 W Parcel : Expecting binder but got null!
02-15 19:15:14.077 17484 17484 E RecyclerView: No adapter attached; skipping layout
02-15 19:15:14.088 17484 17547 W Parcel : Expecting binder but got null!
02-15 19:15:17.289 17484 17484 W View : requestLayout() improperly called by com.mbwhatsapp.TextEmojiLabel{fd8c1eb VFED..C.. ......ID 0,0-439,56 #7f0b06ab app:id/conversation_contact_name} during layout: running second layout pass
02-15 19:15:18.503 17484 17484 W Settings: Setting show_button_background has moved from android.provider.Settings.System to android.provider.Settings.Global, returning read-only value.
02-15 19:15:18.567 17484 17547 W Parcel : Expecting binder but got null!
02-15 19:15:19.675 17484 17484 E com.mbwhatsapp: Invalid ID 0x00000001.
02-15 19:15:19.689 17484 17484 W Settings: Setting show_button_background has moved from android.provider.Settings.System to android.provider.Settings.Global, returning read-only value.
02-15 19:15:19.724 17484 17547 W Parcel : Expecting binder but got null!
02-15 19:15:19.734 17484 17484 E RecyclerView: No adapter attached; skipping layout
02-15 19:15:19.744 17484 17547 W Parcel : Expecting binder but got null!
02-15 19:15:22.875 17484 17484 W View : requestLayout() improperly called by com.mbwhatsapp.TextEmojiLabel{fd8c1eb VFED..C.. ......ID 0,0-439,56 #7f0b06ab app:id/conversation_contact_name} during layout: running second layout pass
02-15 19:15:25.034 17484 17484 W Settings: Setting show_button_background has moved from android.provider.Settings.System to android.provider.Settings.Global, returning read-only value.
02-15 19:15:25.089 17484 17547 W Parcel : Expecting binder but got null!
02-15 19:15:25.869 17484 17484 W InputEventReceiver: Attempted to finish an input event but the input event receiver has already been disposed.
02-15 19:15:26.357 17484 17484 W Settings: Setting show_button_background has moved from android.provider.Settings.System to android.provider.Settings.Global, returning read-only value.
02-15 19:15:26.427 17484 17547 W Parcel : Expecting binder but got null!
02-15 19:15:27.514 17484 17484 E com.mbwhatsapp: Invalid ID 0x00000001.
02-15 19:15:27.528 17484 17484 W Settings: Setting show_button_background has moved from android.provider.Settings.System to android.provider.Settings.Global, returning read-only value.
02-15 19:15:27.563 17484 17547 W Parcel : Expecting binder but got null!
02-15 19:15:27.573 17484 17484 E RecyclerView: No adapter attached; skipping layout
02-15 19:15:27.580 17484 17547 W Parcel : Expecting binder but got null!
02-15 19:15:28.715 17484 17484 W View : requestLayout() improperly called by com.mbwhatsapp.TextEmojiLabel{fd8c1eb VFED..C.. ......ID 0,0-439,56 #7f0b06ab app:id/conversation_contact_name} during layout: running second layout pass
02-15 19:15:29.739 17484 17484 W Settings: Setting show_button_background has moved from android.provider.Settings.System to android.provider.Settings.Global, returning read-only value.
02-15 19:15:29.793 17484 17547 W Parcel : Expecting binder but got null!
02-15 19:15:30.631 17484 17484 E com.mbwhatsapp: Invalid ID 0x00000001.
02-15 19:15:30.644 17484 17484 W Settings: Setting show_button_background has moved from android.provider.Settings.System to android.provider.Settings.Global, returning read-only value.
02-15 19:15:30.678 17484 17547 W Parcel : Expecting binder but got null!
02-15 19:15:30.690 17484 17484 E RecyclerView: No adapter attached; skipping layout
02-15 19:15:30.702 17484 17547 W Parcel : Expecting binder but got null!
02-15 19:15:33.726 17484 17484 W View : requestLayout() improperly called by com.mbwhatsapp.TextEmojiLabel{fd8c1eb VFED..C.. ......ID 0,0-439,56 #7f0b06ab app:id/conversation_contact_name} during layout: running second layout pass
02-15 19:15:35.080 17484 17484 E ArmVmp : Match on catch block at 0x0a in for 0x7a79180035
02-15 19:15:35.084 17484 17484 E ArmVmp : Match on catch block at 0x0a in for 0x7a79180035
02-15 19:15:35.129 17484 17484 E ArmVmp : Match on catch block at 0xc3 in for 0x7a79180025
02-15 19:15:35.131 17484 17484 E ArmVmp : Match on catch block at 0xc3 in for 0x7a79180025
02-15 19:15:35.161 17484 17484 E ArmVmp : Match on catch block at 0xc3 in for 0x7a79180025
02-15 19:15:35.166 17484 17484 E ArmVmp : Match on catch block at 0xc3 in for 0x7a79180025
02-15 19:15:35.191 17484 17484 E ArmVmp : Match on catch block at 0xc3 in for 0x7a79180025
02-15 19:15:35.193 17484 17484 E ArmVmp : Match on catch block at 0xc3 in for 0x7a79180025
02-15 19:15:35.685 17484 17484 E ArmVmp : Match on catch block at 0xc3 in for 0x7a79180025
02-15 19:15:35.691 17484 17484 E ArmVmp : Match on catch block at 0xc3 in for 0x7a79180025
02-15 19:15:35.805 17484 17484 E ArmVmp : Match on catch block at 0xc3 in for 0x7a79180025
02-15 19:15:35.807 17484 17484 E ArmVmp : Match on catch block at 0xc3 in for 0x7a79180025
02-15 19:15:35.815 17484 17484 E ArmVmp : Match on catch block at 0xc3 in for 0x7a79180025
02-15 19:15:35.818 17484 17484 E ArmVmp : Match on catch block at 0xc3 in for 0x7a79180025
02-15 19:15:35.827 17484 17484 E ArmVmp : Match on catch block at 0xc3 in for 0x7a79180025
02-15 19:15:35.829 17484 17484 E ArmVmp : Match on catch block at 0xc3 in for 0x7a79180025
02-15 19:15:35.839 17484 17484 E ArmVmp : Match on catch block at 0xc3 in for 0x7a79180025
02-15 19:15:35.841 17484 17484 E ArmVmp : Match on catch block at 0xc3 in for 0x7a79180025
02-15 19:15:35.851 17484 17484 E ArmVmp : Match on catch block at 0xc3 in for 0x7a79180025
02-15 19:15:35.853 17484 17484 E ArmVmp : Match on catch block at 0xc3 in for 0x7a79180025
02-15 19:15:35.860 17484 17484 E ArmVmp : Match on catch block at 0xc3 in for 0x7a79180025
02-15 19:15:35.862 17484 17484 E ArmVmp : Match on catch block at 0xc3 in for 0x7a79180025
02-15 19:15:35.870 17484 17484 E ArmVmp : Match on catch block at 0xc3 in for 0x7a79180025
02-15 19:15:35.874 17484 17484 E ArmVmp : Match on catch block at 0xc3 in for 0x7a79180025
02-15 19:15:35.881 17484 17484 E ArmVmp : Match on catch block at 0xc3 in for 0x7a79180025
02-15 19:15:35.884 17484 17484 E ArmVmp : Match on catch block at 0xc3 in for 0x7a79180025
02-15 19:15:35.892 17484 17484 E ArmVmp : Match on catch block at 0xc3 in for 0x7a79180025
02-15 19:15:35.894 17484 17484 E ArmVmp : Match on catch block at 0xc3 in for 0x7a79180025
02-15 19:15:35.904 17484 17484 E ArmVmp : Match on catch block at 0xc3 in for 0x7a79180025
02-15 19:15:35.906 17484 17484 E ArmVmp : Match on catch block at 0xc3 in for 0x7a79180025
02-15 19:15:35.914 17484 17484 E ArmVmp : Match on catch block at 0xc3 in for 0x7a79180025
02-15 19:15:35.916 17484 17484 E ArmVmp : Match on catch block at 0xc3 in for 0x7a79180025
02-15 19:15:35.925 17484 17484 E ArmVmp : Match on catch block at 0xc3 in for 0x7a79180025
02-15 19:15:35.927 17484 17484 E ArmVmp : Match on catch block at 0xc3 in for 0x7a79180025
02-15 19:15:35.936 17484 17484 E ArmVmp : Match on catch block at 0xc3 in for 0x7a79180025
02-15 19:15:35.938 17484 17484 E ArmVmp : Match on catch block at 0xc3 in for 0x7a79180025
02-15 19:15:35.948 17484 17484 E ArmVmp : Match on catch block at 0xc3 in for 0x7a79180025
02-15 19:15:35.950 17484 17484 E ArmVmp : Match on catch block at 0xc3 in for 0x7a79180025
02-15 19:15:35.959 17484 17484 E ArmVmp : Match on catch block at 0xc3 in for 0x7a79180025
02-15 19:15:35.960 17484 17484 E ArmVmp : Match on catch block at 0xc3 in for 0x7a79180025
02-15 19:15:35.970 17484 17484 E ArmVmp : Match on catch block at 0xc3 in for 0x7a79180025
02-15 19:15:35.972 17484 17484 E ArmVmp : Match on catch block at 0xc3 in for 0x7a79180025
02-15 19:15:35.981 17484 17484 E ArmVmp : Match on catch block at 0xc3 in for 0x7a79180025
02-15 19:15:35.982 17484 17484 E ArmVmp : Match on catch block at 0xc3 in for 0x7a79180025
02-15 19:15:35.992 17484 17484 E ArmVmp : Match on catch block at 0xc3 in for 0x7a79180025
02-15 19:15:35.994 17484 17484 E ArmVmp : Match on catch block at 0xc3 in for 0x7a79180025
02-15 19:15:36.003 17484 17484 E ArmVmp : Match on catch block at 0xc3 in for 0x7a79180025
02-15 19:15:36.005 17484 17484 E ArmVmp : Match on catch block at 0xc3 in for 0x7a79180025
02-15 19:15:36.014 17484 17484 E ArmVmp : Match on catch block at 0xc3 in for 0x7a79180025
02-15 19:15:36.016 17484 17484 E ArmVmp : Match on catch block at 0xc3 in for 0x7a79180025
02-15 19:15:36.025 17484 17484 E ArmVmp : Match on catch block at 0xc3 in for 0x7a79180025
02-15 19:15:36.027 17484 17484 E ArmVmp : Match on catch block at 0xc3 in for 0x7a79180025
02-15 19:15:36.036 17484 17484 E ArmVmp : Match on catch block at 0xc3 in for 0x7a79180025
02-15 19:15:36.038 17484 17484 E ArmVmp : Match on catch block at 0xc3 in for 0x7a79180025
02-15 19:15:36.047 17484 17484 E ArmVmp : Match on catch block at 0xc3 in for 0x7a79180025
02-15 19:15:36.049 17484 17484 E ArmVmp : Match on catch block at 0xc3 in for 0x7a79180025
02-15 19:15:36.058 17484 17484 E ArmVmp : Match on catch block at 0xc3 in for 0x7a79180025
02-15 19:15:36.060 17484 17484 E ArmVmp : Match on catch block at 0xc3 in for 0x7a79180025
02-15 19:15:36.069 17484 17484 E ArmVmp : Match on catch block at 0xc3 in for 0x7a79180025
02-15 19:15:36.071 17484 17484 E ArmVmp : Match on catch block at 0xc3 in for 0x7a79180025
02-15 19:15:36.080 17484 17484 E ArmVmp : Match on catch block at 0xc3 in for 0x7a79180025
02-15 19:15:36.083 17484 17484 E ArmVmp : Match on catch block at 0xc3 in for 0x7a79180025
02-15 19:15:36.191 17484 17484 E ArmVmp : Match on catch block at 0xc3 in for 0x7a79180025
02-15 19:15:36.193 17484 17484 E ArmVmp : Match on catch block at 0xc3 in for 0x7a79180025
02-15 19:15:36.446 17484 17484 E ArmVmp : Match on catch block at 0xc3 in for 0x7a79180025
02-15 19:15:36.448 17484 17484 E ArmVmp : Match on catch block at 0xc3 in for 0x7a79180025
02-15 19:15:36.551 17484 17484 E ArmVmp : Match on catch block at 0xc3 in for 0x7a79180025
02-15 19:15:36.554 17484 17484 E ArmVmp : Match on catch block at 0xc3 in for 0x7a79180025
02-15 19:15:36.714 17484 17484 W OnBackInvokedCallback: OnBackInvokedCallback is not enabled for the application.
02-15 19:15:36.714 17484 17484 W OnBackInvokedCallback: Set 'android:enableOnBackInvokedCallback="true"' in the application manifest.
02-15 19:15:36.914 17484 17484 E ArmVmp : Match on catch block at 0xc3 in for 0x7a79180025
02-15 19:15:36.915 17484 17484 E ArmVmp : Match on catch block at 0xc3 in for 0x7a79180025
02-15 19:15:37.461 17484 17547 W Parcel : Expecting binder but got null!
02-15 19:15:37.542 17484 17484 W OnBackInvokedCallback: OnBackInvokedCallback is not enabled for the application.
02-15 19:15:37.542 17484 17484 W OnBackInvokedCallback: Set 'android:enableOnBackInvokedCallback="true"' in the application manifest.
02-15 19:15:37.553 17484 17484 W RemoteInputConnectionImpl: requestCursorAnchorInfo on inactive InputConnection
02-15 19:15:39.661 17484 17484 W OnBackInvokedCallback: OnBackInvokedCallback is not enabled for the application.
02-15 19:15:39.661 17484 17484 W OnBackInvokedCallback: Set 'android:enableOnBackInvokedCallback="true"' in the application manifest.
02-15 19:15:47.461 17484 17547 W Parcel : Expecting binder but got null!
02-15 19:15:47.508 17484 17484 W OnBackInvokedCallback: OnBackInvokedCallback is not enabled for the application.
02-15 19:15:47.508 17484 17484 W OnBackInvokedCallback: Set 'android:enableOnBackInvokedCallback="true"' in the application manifest.
02-15 19:15:47.533 17484 17484 W RemoteInputConnectionImpl: requestCursorAnchorInfo on inactive InputConnection
02-15 19:15:48.683 17484 17484 W OnBackInvokedCallback: OnBackInvokedCallback is not enabled for the application.
02-15 19:15:48.683 17484 17484 W OnBackInvokedCallback: Set 'android:enableOnBackInvokedCallback="true"' in the application manifest.
02-15 19:15:50.747 17484 17484 W OnBackInvokedCallback: OnBackInvokedCallback is not enabled for the application.
02-15 19:15:50.747 17484 17484 W OnBackInvokedCallback: Set 'android:enableOnBackInvokedCallback="true"' in the application manifest.
02-15 19:15:51.872 17484 17499 W libc : Access denied finding property "sys.perf.boostopt"
02-15 19:15:52.165 17484 17484 W OnBackInvokedCallback: OnBackInvokedCallback is not enabled for the application.
02-15 19:15:52.165 17484 17484 W OnBackInvokedCallback: Set 'android:enableOnBackInvokedCallback="true"' in the application manifest.
02-15 19:15:52.917 17484 17547 W Parcel : Expecting binder but got null!
02-15 19:15:52.932 17484 17547 W Parcel : Expecting binder but got null!
02-15 19:15:54.179 17484 17484 E ArmVmp : Match on catch block at 0x0a in for 0x7a79180039
02-15 19:15:54.192 17484 17484 E ArmVmp : Match on catch block at 0x0a in for 0x7a79180035
02-15 19:15:54.298 17484 17547 W Parcel : Expecting binder but got null!
02-15 19:15:54.341 17484 17484 W OnBackInvokedCallback: OnBackInvokedCallback is not enabled for the appli