11-19 17:51:49.986 D/QSEECOMAPI( 833): QSEECom_dealloc_memory
11-19 17:51:49.986 D/QSEECOMAPI( 833): QSEECom_shutdown_app, app_id = 11
11-19 17:51:49.988 I/engmode_tlc( 833): em_tlc_send_qsee : Shutdown is done
11-19 17:51:49.988 I/engmode_tlc( 833): Nwd api = 0x00000000, Swd internal =
0x00000000
11-19 17:51:49.988 I/engmode_tlc( 833): Wait kill signal
11-19 17:51:49.992 I/engmode_tlc( 833): TA reply response, pass waiting
11-19 17:51:49.992 I/engmode_tlc( 833): Done waiting thread(isTimeOut:FALSE)
11-19 17:51:49.992 I/engmode_tlc( 833): em tlc send result 0x00000000
11-19 17:51:49.992 I/engmode_tlc( 833): kill thread (519449554096)
11-19 17:51:49.995 I/engmode_tlc( 833): Got signal 10, tid: 519449554096
11-19 17:51:49.995 I/engmode_tlc( 833): tlc thr cleanup
11-19 17:51:50.000 I/engmode_steady( 833): read from steady(11264)
11-19 17:51:50.009 I/engmode_steady( 833): read from steady(69632)
11-19 17:51:50.010 I/engmode_world( 833): No server time
11-19 17:51:50.010 I/engmode_tlc( 833): EM version = 30.5.01
11-19 17:51:50.010 I/engmode_tlc( 833): EM C/C : 0000c003/00000002
11-19 17:51:50.010 I/engmode_tlc( 833): TA Thread is running(519449554096/0)
11-19 17:51:50.010 I/engmode_tlc( 833): em_tlc_send_qsee : Try load app
11-19 17:51:50.010 D/QSEECOMAPI( 833): QSEECom_get_handle sb_length = 0x425c0
11-19 17:51:50.025 I/netdClient( 845): Skipping libnetd_client init since *we* are
netd
11-19 17:51:50.032 D/QSEECOMAPI( 833): App is not loaded in QSEE
11-19 17:51:50.032 D/QSEECOMAPI( 833): app_arch = 1, total_files = 9
11-19 17:51:50.042 I/netd ( 845): netd 1.0 starting
11-19 17:51:50.045 I/netd ( 845): Pid file removed
11-19 17:51:50.045 I/netd ( 845): SIGPIPE is blocked
11-19 17:51:50.045 I/netd ( 845): setCloseOnExec(dnsproxyd)
11-19 17:51:50.045 I/netd ( 845): setCloseOnExec(fwmarkd)
11-19 17:51:50.045 I/netd ( 845): setCloseOnExec(mdns)
11-19 17:51:50.045 I/netd ( 845): BPF programs are loaded
11-19 17:51:50.045 I/netd ( 845): NetlinkManager instanced
11-19 17:51:50.045 I/netd ( 845): enter NetworkController ctor
11-19 17:51:50.045 I/netd ( 845): leave NetworkController ctor
11-19 17:51:50.045 I/netd ( 845): enter TetherController ctor
11-19 17:51:50.046 D/TetherController( 845): Setting IP forward enable = 0
11-19 17:51:50.046 I/netd ( 845): leave TetherController ctor
11-19 17:51:50.047 D/FirewallController( 845): Could not read /proc/self/uid_map,
max uid defaulting to 4294967294
11-19 17:51:50.052 D/IptablesRestoreController( 845): [iptables debug]iptables-
restore execute *filter
11-19 17:51:50.052 D/IptablesRestoreController( 845): :INPUT -
11-19 17:51:50.052 D/IptablesRestoreController( 845): -F INPUT
11-19 17:51:50.052 D/IptablesRestoreController( 845): :bw_INPUT -
11-19 17:51:50.052 D/IptablesRestoreController( 845): -A INPUT -j bw_INPUT
11-19 17:51:50.052 D/IptablesRestoreController( 845): :fw_INPUT -
11-19 17:51:50.052 D/IptablesRestoreController( 845): -A INPUT -j fw_INPUT
11-19 17:51:50.052 D/IptablesRestoreController( 845): COMMIT
11-19 17:51:50.060 I/engmode_tlc( 833): Wait for ta response(50/3000)
11-19 17:51:50.065 D/IptablesRestoreController( 845): [iptables debug]iptables-
restore execute done, res : 0
11-19 17:51:50.065 D/IptablesRestoreController( 845): [iptables debug]iptables-
restore execute *filter
11-19 17:51:50.065 D/IptablesRestoreController( 845): :FORWARD -
11-19 17:51:50.065 D/IptablesRestoreController( 845): -F FORWARD
11-19 17:51:50.065 D/IptablesRestoreController( 845): :oem_fwd -
11-19 17:51:50.065 D/IptablesRestoreController( 845): -A FORWARD -j oem_fwd
11-19 17:51:50.065 D/IptablesRestoreController( 845): :fw_FORWARD -
11-19 17:51:50.065 D/IptablesRestoreController( 845): -A FORWARD -j fw_FORWARD
11-19 17:51:50.065 D/IptablesRestoreController( 845): :bw_FORWARD -
11-19 17:51:50.065 D/IptablesRestoreController( 845): -A FORWARD -j bw_FORWARD
11-19 17:51:50.065 D/IptablesRestoreController( 845): :tetherctrl_FORWARD -
11-19 17:51:50.065 D/IptablesRestoreController( 845): -A FORWARD -j
tetherctrl_FORWARD
11-19 17:51:50.065 D/IptablesRestoreController( 845): COMMIT
11-19 17:51:50.066 D/IptablesRestoreController( 845): [iptables debug]iptables-
restore execute done, res : 0
11-19 17:51:50.066 D/IptablesRestoreController( 845): [iptables debug]iptables-
restore execute *raw
11-19 17:51:50.066 D/IptablesRestoreController( 845): :PREROUTING -
11-19 17:51:50.066 D/IptablesRestoreController( 845): -F PREROUTING
11-19 17:51:50.066 D/IptablesRestoreController( 845): :clat_raw_PREROUTING -
11-19 17:51:50.066 D/IptablesRestoreController( 845): -A PREROUTING -j
clat_raw_PREROUTING
11-19 17:51:50.066 D/IptablesRestoreController( 845): :bw_raw_PREROUTING -
11-19 17:51:50.066 D/IptablesRestoreController( 845): -A PREROUTING -j
bw_raw_PREROUTING
11-19 17:51:50.066 D/IptablesRestoreController( 845): :idletimer_raw_PREROUTING -
11-19 17:51:50.066 D/IptablesRestoreController( 845): -A PREROUTING -j
idletimer_raw_PREROUTING
11-19 17:51:50.066 D/IptablesRestoreController( 845): :tetherctrl_raw_PREROUTING -
11-19 17:51:50.066 D/IptablesRestoreController( 845): -A PREROUTING -j
tetherctrl_raw_PREROUTING
11-19 17:51:50.066 D/IptablesRestoreController( 845): COMMIT
11-19 17:51:50.068 D/IptablesRestoreController( 845): [iptables debug]iptables-
restore execute done, res : 0
11-19 17:51:50.068 D/IptablesRestoreController( 845): [iptables debug]iptables-
restore execute *mangle
11-19 17:51:50.068 D/IptablesRestoreController( 845): :FORWARD -
11-19 17:51:50.068 D/IptablesRestoreController( 845): -F FORWARD
11-19 17:51:50.068 D/IptablesRestoreController( 845): :tetherctrl_mangle_FORWARD -
11-19 17:51:50.068 D/IptablesRestoreController( 845): -A FORWARD -j
tetherctrl_mangle_FORWARD
11-19 17:51:50.068 D/IptablesRestoreController( 845): COMMIT
11-19 17:51:50.069 D/IptablesRestoreController( 845): [iptables debug]iptables-
restore execute done, res : 0
11-19 17:51:50.069 D/IptablesRestoreController( 845): [iptables debug]iptables-
restore execute *mangle
11-19 17:51:50.069 D/IptablesRestoreController( 845): :INPUT -
11-19 17:51:50.069 D/IptablesRestoreController( 845): -F INPUT
11-19 17:51:50.069 D/IptablesRestoreController( 845): :wakeupctrl_mangle_INPUT -
11-19 17:51:50.069 D/IptablesRestoreController( 845): -A INPUT -j
wakeupctrl_mangle_INPUT
11-19 17:51:50.069 D/IptablesRestoreController( 845): :routectrl_mangle_INPUT -
11-19 17:51:50.069 D/IptablesRestoreController( 845): -A INPUT -j
routectrl_mangle_INPUT
11-19 17:51:50.069 D/IptablesRestoreController( 845): COMMIT
11-19 17:51:50.070 D/IptablesRestoreController( 845): [iptables debug]iptables-
restore execute done, res : 0
11-19 17:51:50.070 D/IptablesRestoreController( 845): [iptables debug]iptables-
restore execute *nat
11-19 17:51:50.070 D/IptablesRestoreController( 845): :PREROUTING -
11-19 17:51:50.070 D/IptablesRestoreController( 845): -F PREROUTING
11-19 17:51:50.070 D/IptablesRestoreController( 845): :oem_nat_pre -
11-19 17:51:50.070 D/IptablesRestoreController( 845): -A PREROUTING -j oem_nat_pre
11-19 17:51:50.070 D/IptablesRestoreController( 845): :tetherctrl_nat_PREROUTING -
11-19 17:51:50.070 D/IptablesRestoreController( 845): -A PREROUTING -j
tetherctrl_nat_PREROUTING
11-19 17:51:50.070 D/IptablesRestoreController( 845): COMMIT
11-19 17:51:50.071 D/IptablesRestoreController( 845): [iptables debug]iptables-
restore execute done, res : 0
11-19 17:51:50.071 D/IptablesRestoreController( 845): [iptables debug]iptables-
restore execute *nat
11-19 17:51:50.071 D/IptablesRestoreController( 845): :POSTROUTING -
11-19 17:51:50.071 D/IptablesRestoreController( 845): -F POSTROUTING
11-19 17:51:50.071 D/IptablesRestoreController( 845): :tetherctrl_nat_POSTROUTING
-
11-19 17:51:50.071 D/IptablesRestoreController( 845): -A POSTROUTING -j
tetherctrl_nat_POSTROUTING
11-19 17:51:50.071 D/IptablesRestoreController( 845): COMMIT
11-19 17:51:50.071 D/IptablesRestoreController( 845): [iptables debug]iptables-
restore execute done, res : 0
11-19 17:51:50.071 D/IptablesRestoreController( 845): [iptables debug]iptables-
restore execute *filter
11-19 17:51:50.071 D/IptablesRestoreController( 845): -S OUTPUT
11-19 17:51:50.071 D/IptablesRestoreController( 845): COMMIT
11-19 17:51:50.072 D/IptablesRestoreController( 845): [iptables debug]iptables-
restore execute done, res : 0
11-19 17:51:50.072 D/IptablesRestoreController( 845): [iptables debug]iptables-
restore execute *filter
11-19 17:51:50.072 D/IptablesRestoreController( 845): :oem_out -
11-19 17:51:50.072 D/IptablesRestoreController( 845): -A OUTPUT -j oem_out
11-19 17:51:50.072 D/IptablesRestoreController( 845): :fw_OUTPUT -
11-19 17:51:50.072 D/IptablesRestoreController( 845): -A OUTPUT -j fw_OUTPUT
11-19 17:51:50.072 D/IptablesRestoreController( 845): :st_OUTPUT -
11-19 17:51:50.072 D/IptablesRestoreController( 845): -A OUTPUT -j st_OUTPUT
11-19 17:51:50.072 D/IptablesRestoreController( 845): :bw_OUTPUT -
11-19 17:51:50.072 D/IptablesRestoreController( 845): -A OUTPUT -j bw_OUTPUT
11-19 17:51:50.072 D/IptablesRestoreController( 845): COMMIT
11-19 17:51:50.072 D/IptablesRestoreController( 845): [iptables debug]iptables-
restore execute done, res : 0
11-19 17:51:50.072 D/IptablesRestoreController( 845): [iptables debug]iptables-
restore execute *filter
11-19 17:51:50.072 D/IptablesRestoreController( 845): -S OUTPUT
11-19 17:51:50.072 D/IptablesRestoreController( 845): COMMIT
11-19 17:51:50.073 D/IptablesRestoreController( 845): [iptables debug]iptables-
restore execute done, res : 0
11-19 17:51:50.073 D/IptablesRestoreController( 845): [iptables debug]iptables-
restore execute *filter
11-19 17:51:50.073 D/IptablesRestoreController( 845): :oem_out -
11-19 17:51:50.073 D/IptablesRestoreController( 845): -A OUTPUT -j oem_out
11-19 17:51:50.073 D/IptablesRestoreController( 845): :fw_OUTPUT -
11-19 17:51:50.073 D/IptablesRestoreController( 845): -A OUTPUT -j fw_OUTPUT
11-19 17:51:50.073 D/IptablesRestoreController( 845): :st_OUTPUT -
11-19 17:51:50.073 D/IptablesRestoreController( 845): -A OUTPUT -j st_OUTPUT
11-19 17:51:50.073 D/IptablesRestoreController( 845): :bw_OUTPUT -
11-19 17:51:50.073 D/IptablesRestoreController( 845): -A OUTPUT -j bw_OUTPUT
11-19 17:51:50.073 D/IptablesRestoreController( 845): COMMIT
11-19 17:51:50.073 D/IptablesRestoreController( 845): [iptables debug]iptables-
restore execute done, res : 0
11-19 17:51:50.074 D/IptablesRestoreController( 845): [iptables debug]iptables-
restore execute *mangle
11-19 17:51:50.074 D/IptablesRestoreController( 845): -S POSTROUTING
11-19 17:51:50.074 D/IptablesRestoreController( 845): COMMIT
11-19 17:51:50.074 D/IptablesRestoreController( 845): [iptables debug]iptables-
restore execute done, res : 0
11-19 17:51:50.074 D/IptablesRestoreController( 845): [iptables debug]iptables-
restore execute *mangle
11-19 17:51:50.074 D/IptablesRestoreController( 845): :oem_mangle_post -
11-19 17:51:50.074 D/IptablesRestoreController( 845): -A POSTROUTING -j
oem_mangle_post
11-19 17:51:50.074 D/IptablesRestoreController( 845): :bw_mangle_POSTROUTING -
11-19 17:51:50.074 D/IptablesRestoreController( 845): -A POSTROUTING -j
bw_mangle_POSTROUTING
11-19 17:51:50.074
D/IptablesRestoreController( 845): :idletimer_mangle_POSTROUTING -
11-19 17:51:50.074 D/IptablesRestoreController( 845): -A POSTROUTING -j
idletimer_mangle_POSTROUTING
11-19 17:51:50.074 D/IptablesRestoreController( 845): COMMIT
11-19 17:51:50.074 D/IptablesRestoreController( 845): [iptables debug]iptables-
restore execute done, res : 0
11-19 17:51:50.074 D/IptablesRestoreController( 845): [iptables debug]iptables-
restore execute *mangle
11-19 17:51:50.074 D/IptablesRestoreController( 845): -S POSTROUTING
11-19 17:51:50.074 D/IptablesRestoreController( 845): COMMIT
11-19 17:51:50.074 D/IptablesRestoreController( 845): [iptables debug]iptables-
restore execute done, res : 0
11-19 17:51:50.074 D/IptablesRestoreController( 845): [iptables debug]iptables-
restore execute *mangle
11-19 17:51:50.074 D/IptablesRestoreController( 845): :oem_mangle_post -
11-19 17:51:50.074 D/IptablesRestoreController( 845): -A POSTROUTING -j
oem_mangle_post
11-19 17:51:50.074 D/IptablesRestoreController( 845): :bw_mangle_POSTROUTING -
11-19 17:51:50.074 D/IptablesRestoreController( 845): -A POSTROUTING -j
bw_mangle_POSTROUTING
11-19 17:51:50.074
D/IptablesRestoreController( 845): :idletimer_mangle_POSTROUTING -
11-19 17:51:50.074 D/IptablesRestoreController( 845): -A POSTROUTING -j
idletimer_mangle_POSTROUTING
11-19 17:51:50.074 D/IptablesRestoreController( 845): COMMIT
11-19 17:51:50.074 D/IptablesRestoreController( 845): [iptables debug]iptables-
restore execute done, res : 0
11-19 17:51:50.074 I/netd ( 845): Creating child chains: 22630us
11-19 17:51:50.075 I/netd ( 845): Setting up OEM hooks: 69us
11-19 17:51:50.075 D/IptablesRestoreController( 845): [iptables debug]iptables-
restore execute *filter
11-19 17:51:50.075 D/IptablesRestoreController( 845): :input_dos -
11-19 17:51:50.075 D/IptablesRestoreController( 845): -A INPUT -j input_dos
11-19 17:51:50.075 D/IptablesRestoreController( 845): COMMIT
11-19 17:51:50.075 D/IptablesRestoreController( 845): [iptables debug]iptables-
restore execute done, res : 0
11-19 17:51:50.075 D/IptablesRestoreController( 845): [iptables debug]iptables-
restore execute *filter
11-19 17:51:50.075 D/IptablesRestoreController( 845): :input_dos -
11-19 17:51:50.075 D/IptablesRestoreController( 845): -A input_dos -p tcp -m
conntrack --ctstate NEW -m limit --limit 50/sec --limit-burst 50 -j ACCEPT
11-19 17:51:50.075 D/IptablesRestoreController( 845): -A input_dos -p tcp -m
conntrack --ctstate NEW -j DROP
11-19 17:51:50.075 D/IptablesRestoreController( 845): COMMIT
11-19 17:51:50.081 D/IptablesRestoreController( 845): [iptables debug]iptables-
restore execute done, res : 0
11-19 17:51:50.081 I/netd ( 845): Setting up FirewallController hooks: 6060us
11-19 17:51:50.081 D/IptablesRestoreController( 845): [iptables debug]iptables-
restore execute *filter
11-19 17:51:50.081 D/IptablesRestoreController( 845): :tetherctrl_FORWARD -
11-19 17:51:50.081 D/IptablesRestoreController( 845): -A tetherctrl_FORWARD -j
DROP
11-19 17:51:50.081 D/IptablesRestoreController( 845): COMMIT
11-19 17:51:50.081 D/IptablesRestoreController( 845): *nat
11-19 17:51:50.081 D/IptablesRestoreController( 845): :tetherctrl_nat_POSTROUTING
-
11-19 17:51:50.081 D/IptablesRestoreController( 845): :tetherctrl_nat_PREROUTING -
11-19 17:51:50.081 D/IptablesRestoreController( 845): COMMIT
11-19 17:51:50.082 D/IptablesRestoreController( 845): [iptables debug]iptables-
restore execute done, res : 0
11-19 17:51:50.082 D/IptablesRestoreController( 845): [iptables debug]iptables-
restore execute *filter
11-19 17:51:50.082 D/IptablesRestoreController( 845): :tetherctrl_FORWARD -
11-19 17:51:50.082 D/IptablesRestoreController( 845): COMMIT
11-19 17:51:50.082 D/IptablesRestoreController( 845): *raw
11-19 17:51:50.082 D/IptablesRestoreController( 845): :tetherctrl_raw_PREROUTING -
11-19 17:51:50.082 D/IptablesRestoreController( 845): COMMIT
11-19 17:51:50.083 D/IptablesRestoreController( 845): [iptables debug]iptables-
restore execute done, res : 0
11-19 17:51:50.083 D/IptablesRestoreController( 845): [iptables debug]iptables-
restore execute *mangle
11-19 17:51:50.083 D/IptablesRestoreController( 845): -A tetherctrl_mangle_FORWARD
-p tcp --tcp-flags SYN SYN -j TCPMSS --clamp-mss-to-pmtu
11-19 17:51:50.083 D/IptablesRestoreController( 845): COMMIT
11-19 17:51:50.083 D/IptablesRestoreController( 845): [iptables debug]iptables-
restore execute done, res : 0
11-19 17:51:50.083 D/IptablesRestoreController( 845): [iptables debug]iptables-
restore execute *filter
11-19 17:51:50.083 D/IptablesRestoreController( 845): :tetherctrl_counters -
11-19 17:51:50.083 D/IptablesRestoreController( 845): COMMIT
11-19 17:51:50.084 D/IptablesRestoreController( 845): [iptables debug]iptables-
restore execute done, res : 0
11-19 17:51:50.084 I/netd ( 845): Setting up TetherController hooks: 3148us
11-19 17:51:50.084 D/IptablesRestoreController( 845): [iptables debug]iptables-
restore execute *filter
11-19 17:51:50.084 D/IptablesRestoreController( 845): -S
11-19 17:51:50.084 D/IptablesRestoreController( 845): COMMIT
11-19 17:51:50.084 D/IptablesRestoreController( 845): [iptables debug]iptables-
restore execute done, res : 0
11-19 17:51:50.084 D/IptablesRestoreController( 845): [iptables debug]iptables-
restore execute *filter
11-19 17:51:50.084 D/IptablesRestoreController( 845): :bw_INPUT -
11-19 17:51:50.084 D/IptablesRestoreController( 845): :bw_OUTPUT -
11-19 17:51:50.084 D/IptablesRestoreController( 845): :bw_FORWARD -
11-19 17:51:50.084 D/IptablesRestoreController( 845): :bw_happy_box -
11-19 17:51:50.084 D/IptablesRestoreController( 845): :bw_penalty_box -
11-19 17:51:50.084 D/IptablesRestoreController( 845): :bw_data_saver -
11-19 17:51:50.084 D/IptablesRestoreController( 845): :bw_costly_shared -
11-19 17:51:50.084 D/IptablesRestoreController( 845): :bw_global_alert -
11-19 17:51:50.084 D/IptablesRestoreController( 845): COMMIT
11-19 17:51:50.084 D/IptablesRestoreController( 845): *raw
11-19 17:51:50.084 D/IptablesRestoreController( 845): :bw_raw_PREROUTING -
11-19 17:51:50.084 D/IptablesRestoreController( 845): COMMIT
11-19 17:51:50.084 D/IptablesRestoreController( 845): *mangle
11-19 17:51:50.084 D/IptablesRestoreController( 845): :bw_mangle_POSTROUTING -
11-19 17:51:50.084 D/IptablesRestoreController( 845): COMMIT
11-19 17:51:50.085 D/IptablesRestoreController( 845): [iptables debug]iptables-
restore execute done, res : 0
11-19 17:51:50.085 I/netd ( 845): Setting up BandwidthController hooks: 1349us
11-19 17:51:50.085 I/netd ( 845): Setting up IdletimerController hooks: 40us
11-19 17:51:50.085 D/IptablesRestoreController( 845): [iptables debug]iptables-
restore execute *filter
11-19 17:51:50.085 D/IptablesRestoreController( 845): :st_OUTPUT -
11-19 17:51:50.085 D/IptablesRestoreController( 845): :st_penalty_log -
11-19 17:51:50.085 D/IptablesRestoreController( 845): :st_penalty_reject -
11-19 17:51:50.085 D/IptablesRestoreController( 845): :st_clear_caught -
11-19 17:51:50.085 D/IptablesRestoreController( 845): :st_clear_detect -
11-19 17:51:50.085 D/IptablesRestoreController( 845): COMMIT
11-19 17:51:50.086 D/IptablesRestoreController( 845): [iptables debug]iptables-
restore execute done, res : 0
11-19 17:51:50.086 D/IptablesRestoreController( 845): [iptables debug]iptables-
restore execute *filter
11-19 17:51:50.086 D/IptablesRestoreController( 845): -A st_penalty_log -j
CONNMARK --or-mark 0x1000000
11-19 17:51:50.086 D/IptablesRestoreController( 845): -A st_penalty_log -j NFLOG
--nflog-group 0
11-19 17:51:50.086 D/IptablesRestoreController( 845): -A st_penalty_reject -j
CONNMARK --or-mark 0x2000000
11-19 17:51:50.086 D/IptablesRestoreController( 845): -A st_penalty_reject -j
NFLOG --nflog-group 0
11-19 17:51:50.086 D/IptablesRestoreController( 845): -A st_penalty_reject -j
REJECT
11-19 17:51:50.086 D/IptablesRestoreController( 845): -A st_clear_detect -m
connmark --mark 0x2000000/0x2000000 -j REJECT
11-19 17:51:50.086 D/IptablesRestoreController( 845): -A st_clear_detect -m
connmark --mark 0x1000000/0x1000000 -j RETURN
11-19 17:51:50.086 D/IptablesRestoreController( 845): -A st_clear_detect -p tcp -m
u32 --u32 "0>>22&0x3C@ 12>>26&0x3C@ 0&0xFFFF0000=0x16030000 &&0>>22&0x3C@
12>>26&0x3C@ 4&0x00FF0000=0x00010000" -j CONNMARK --or-mark 0x1000000
11-19 17:51:50.086 D/IptablesRestoreController( 845): -A st_clear_detect -p udp -m
u32 --u32 "0>>22&0x3C@ 8&0xFFFF0000=0x16FE0000 &&0>>22&0x3C@
20&0x00FF0000=0x00010000" -j CONNMARK --or-mark 0x1000000
11-19 17:51:50.086 D/IptablesRestoreController( 845): -A st_clear_detect -m
connmark --mark 0x1000000/0x1000000 -j RETURN
11-19 17:51:50.086 D/IptablesRestoreController( 845): -A st_clear_detect -p tcp -m
state --state ESTABLISHED -m u32 --u32 "0>>22&0x3C@ 12>>26&0x3C@ 0&0x0=0x0" -j
st_clear_caught
11-19 17:51:50.086 D/IptablesRestoreController( 845): -A st_clear_detect -p udp -j
st_clear_caught
11-19 17:51:50.086 D/IptablesRestoreController( 845): COMMIT
11-19 17:51:50.088 D/IptablesRestoreController( 845): [iptables debug]iptables-
restore execute done, res : 0
11-19 17:51:50.088 D/IptablesRestoreController( 845): [iptables debug]iptables-
restore execute *filter
11-19 17:51:50.088 D/IptablesRestoreController( 845): -A st_penalty_log -j
CONNMARK --or-mark 0x1000000
11-19 17:51:50.088 D/IptablesRestoreController( 845): -A st_penalty_log -j NFLOG
--nflog-group 0
11-19 17:51:50.088 D/IptablesRestoreController( 845): -A st_penalty_reject -j
CONNMARK --or-mark 0x2000000
11-19 17:51:50.088 D/IptablesRestoreController( 845): -A st_penalty_reject -j
NFLOG --nflog-group 0
11-19 17:51:50.088 D/IptablesRestoreController( 845): -A st_penalty_reject -j
REJECT
11-19 17:51:50.088 D/IptablesRestoreController( 845): -A st_clear_detect -m
connmark --mark 0x2000000/0x2000000 -j REJECT
11-19 17:51:50.088 D/IptablesRestoreController( 845): -A st_clear_detect -m
connmark --mark 0x1000000/0x1000000 -j RETURN
11-19 17:51:50.088 D/IptablesRestoreController( 845): -A st_clear_detect -p tcp -m
u32 --u32 "52>>26&0x3C@ 40&0xFFFF0000=0x16030000 &&52>>26&0x3C@
44&0x00FF0000=0x00010000" -j CONNMARK --or-mark 0x1000000
11-19 17:51:50.088 D/IptablesRestoreController( 845): -A st_clear_detect -p udp -m
u32 --u32 "48&0xFFFF0000=0x16FE0000 &&60&0x00FF0000=0x00010000" -j CONNMARK --or-
mark 0x1000000
11-19 17:51:50.088 D/IptablesRestoreController( 845): -A st_clear_detect -m
connmark --mark 0x1000000/0x1000000 -j RETURN
11-19 17:51:50.088 D/IptablesRestoreController( 845): -A st_clear_detect -p tcp -m
state --state ESTABLISHED -m u32 --u32 "52>>26&0x3C@ 40&0x0=0x0" -j st_clear_caught
11-19 17:51:50.088 D/IptablesRestoreController( 845): -A st_clear_detect -p udp -j
st_clear_caught
11-19 17:51:50.088 D/IptablesRestoreController( 845): COMMIT
11-19 17:51:50.089 D/IptablesRestoreController( 845): [iptables debug]iptables-
restore execute done, res : 0
11-19 17:51:50.089 I/netd ( 845): Setting up StrictController hooks: 3743us
11-19 17:51:50.089 D/IptablesRestoreController( 845): [iptables debug]iptables-
restore execute *filter
11-19 17:51:50.089 D/IptablesRestoreController( 845): :limit -
11-19 17:51:50.089 D/IptablesRestoreController( 845): -A limit -p tcp ! --tcp-
flags FIN,SYN,RST NONE -j RETURN
11-19 17:51:50.089 D/IptablesRestoreController( 845): -A limit -p tcp --tcp-flags
ACK ACK -m length --length 0:53 -j RETURN
11-19 17:51:50.089 D/IptablesRestoreController( 845): -A limit -p tcp --dport 53 -
j RETURN
11-19 17:51:50.089 D/IptablesRestoreController( 845): -A limit -p udp --dport 53 -
j RETURN
11-19 17:51:50.089 D/IptablesRestoreController( 845): -A INPUT -p all -j limit
11-19 17:51:50.089 D/IptablesRestoreController( 845): COMMIT
11-19 17:51:50.090 D/IptablesRestoreController( 845): [iptables debug]iptables-
restore execute done, res : 0
11-19 17:51:50.090 I/netd ( 845): Setting up NetlimitControl hooks: 1440us
11-19 17:51:50.091 E/exynos-clat( 845): failed to open clat dev:/dev/umts_toe0 (No
such file or directory)
11-19 17:51:50.091 E/exynos-clat( 845): failed to set clat hal ready:1 ret:-1
11-19 17:51:50.091 I/netd ( 845): Initializing ClatdController: 426us
11-19 17:51:50.092 I/netd ( 845): Initializing traffic control: 1133us
11-19 17:51:50.092 D/IptablesRestoreController( 845): [iptables debug]iptables-
restore execute *filter
11-19 17:51:50.092 D/IptablesRestoreController( 845): -S
11-19 17:51:50.092 D/IptablesRestoreController( 845): COMMIT
11-19 17:51:50.093 D/IptablesRestoreController( 845): [iptables debug]iptables-
restore execute done, res : 0
11-19 17:51:50.093 D/IptablesRestoreController( 845): [iptables debug]iptables-
restore execute *filter
11-19 17:51:50.093 D/IptablesRestoreController( 845): :bw_INPUT -
11-19 17:51:50.093 D/IptablesRestoreController( 845): :bw_OUTPUT -
11-19 17:51:50.093 D/IptablesRestoreController( 845): :bw_FORWARD -
11-19 17:51:50.093 D/IptablesRestoreController( 845): :bw_happy_box -
11-19 17:51:50.093 D/IptablesRestoreController( 845): :bw_penalty_box -
11-19 17:51:50.093 D/IptablesRestoreController( 845): :bw_data_saver -
11-19 17:51:50.093 D/IptablesRestoreController( 845): :bw_costly_shared -
11-19 17:51:50.093 D/IptablesRestoreController( 845): :bw_global_alert -
11-19 17:51:50.093 D/IptablesRestoreController( 845): COMMIT
11-19 17:51:50.093 D/IptablesRestoreController( 845): *raw
11-19 17:51:50.093 D/IptablesRestoreController( 845): :bw_raw_PREROUTING -
11-19 17:51:50.093 D/IptablesRestoreController( 845): COMMIT
11-19 17:51:50.093 D/IptablesRestoreController( 845): *mangle
11-19 17:51:50.093 D/IptablesRestoreController( 845): :bw_mangle_POSTROUTING -
11-19 17:51:50.093 D/IptablesRestoreController( 845): COMMIT
11-19 17:51:50.096 D/IptablesRestoreController( 845): [iptables debug]iptables-
restore execute done, res : 0
11-19 17:51:50.096 D/IptablesRestoreController( 845): [iptables debug]iptables-
restore execute *filter
11-19 17:51:50.096 D/IptablesRestoreController( 845): -A bw_INPUT -j
bw_global_alert
11-19 17:51:50.096 D/IptablesRestoreController( 845): -A bw_INPUT -p esp -j RETURN
11-19 17:51:50.096 D/IptablesRestoreController( 845): -A bw_INPUT -m mark --mark
0x100000/0x100000 -j RETURN
11-19 17:51:50.096 D/IptablesRestoreController( 845): -A bw_INPUT -j MARK --or-
mark 0x100000
11-19 17:51:50.096 D/IptablesRestoreController( 845): -A bw_OUTPUT -j
bw_global_alert
11-19 17:51:50.096 D/IptablesRestoreController( 845): -A bw_costly_shared -j
bw_penalty_box
11-19 17:51:50.096 D/IptablesRestoreController( 845): -I bw_penalty_box -m bpf --
object-pinned /sys/fs/bpf/prog_netd_skfilter_denylist_xtbpf -j REJECT
11-19 17:51:50.096 D/IptablesRestoreController( 845): -A bw_penalty_box -j
bw_happy_box
11-19 17:51:50.096 D/IptablesRestoreController( 845): -A bw_happy_box -j
bw_data_saver
11-19 17:51:50.096 D/IptablesRestoreController( 845): -A bw_data_saver -j RETURN
11-19 17:51:50.096 D/IptablesRestoreController( 845): -I bw_happy_box -m bpf --
object-pinned /sys/fs/bpf/prog_netd_skfilter_allowlist_xtbpf -j RETURN
11-19 17:51:50.096 D/IptablesRestoreController( 845): COMMIT
11-19 17:51:50.096 D/IptablesRestoreController( 845): *raw
11-19 17:51:50.096 D/IptablesRestoreController( 845): -A bw_raw_PREROUTING -i
ipsec+ -j RETURN
11-19 17:51:50.096 D/IptablesRestoreController( 845): -A bw_raw_PREROUTING -m
policy --pol ipsec --dir in -j RETURN
11-19 17:51:50.096 D/IptablesRestoreController( 845): -A bw_raw_PREROUTING -m bpf
--object-pinned /sys/fs/bpf/prog_netd_skfilter_ingress_xtbpf
11-19 17:51:50.096 D/IptablesRestoreController( 845): COMMIT
11-19 17:51:50.096 D/IptablesRestoreController( 845): *mangle
11-19 17:51:50.096 D/IptablesRestoreController( 845): -A bw_mangle_POSTROUTING -o
ipsec+ -j RETURN
11-19 17:51:50.096 D/IptablesRestoreController( 845): -A bw_mangle_POSTROUTING -m
policy --pol ipsec --dir out -j RETURN
11-19 17:51:50.096 D/IptablesRestoreController( 845): -A bw_mangle_POSTROUTING -j
MARK --set-mark 0x0/0x100000
11-19 17:51:50.096 D/IptablesRestoreController( 845): -A bw_mangle_POSTROUTING -m
owner --uid-owner clat -j RETURN
11-19 17:51:50.096 D/IptablesRestoreController( 845): -A bw_mangle_P
11-19 17:51:50.101 D/IptablesRestoreController( 845): [iptables debug]iptables-
restore execute done, res : 0
11-19 17:51:50.101 I/netd ( 845): Enabling bandwidth control: 9015us
11-19 17:51:50.102 I/netd ( 845): Initializing RouteController: 969us
11-19 17:51:50.102 D/XfrmController( 845): XfrmController::ipSecAddXfrmInterface,
line=1479
11-19 17:51:50.103 D/XfrmController( 845):
XfrmController::ipSecRemoveTunnelInterface, line=1692
11-19 17:51:50.103 D/XfrmController( 845): deviceName=ipsec_test
11-19 17:51:50.110 I/engmode_tlc( 833): Wait for ta response(100/3000)
11-19 17:51:50.123 D/io_stats( 617): !@ 8,0 r 10434 523824 w 196 1192 d 0 0 f 0
0 iot 2390 0 th 0 0 0 pt 0 inp 0 2 8.965
11-19 17:51:50.160 I/engmode_tlc( 833): Wait for ta response(150/3000)
11-19 17:51:50.171 I/BOOT ( 875): MSM target '', SoC 'IDP', HwID '365', SoC ver
'65536'
11-19 17:51:50.177 D/XfrmController( 845): Sending Netlink XFRM Message:
XFRM_MSG_FLUSHSA
11-19 17:51:50.178 D/XfrmController( 845): Sending Netlink XFRM Message:
XFRM_MSG_FLUSHPOLICY
11-19 17:51:50.178 I/netd ( 845): Initializing XfrmController: 75643us
11-19 17:51:50.182 I/resolv ( 845): resolv_init: Initializing resolver
11-19 17:51:50.191 I/servicemanager( 567): Adding 'u:r:netd:s0' service
(dnsresolver:845)
11-19 17:51:50.192 I/servicemanager( 567): Adding 'u:r:netd:s0' service (netd:845)
11-19 17:51:50.200 D/QSEECOMAPI( 833): Loaded image: APP id = 12
11-19 17:51:50.201 I/engmode_tlc( 833): em_tlc_send_qsee : Loading app is done
11-19 17:51:50.206 I/engmode_tlc( 833): em_tlc_send_qsee : cmd is done(0x00000000)
11-19 17:51:50.207 I/engmode_tlc( 833): em_tlc_send_qsee : Shutdown app
11-19 17:51:50.207 D/QSEECOMAPI( 833): QSEECom_dealloc_memory
11-19 17:51:50.207 D/QSEECOMAPI( 833): QSEECom_shutdown_app, app_id = 12
11-19 17:51:50.209 I/engmode_tlc( 833): em_tlc_send_qsee : Shutdown is done
11-19 17:51:50.209 I/engmode_tlc( 833): Nwd api = 0x00000000, Swd internal =
0xf02d0010
11-19 17:51:50.209 I/engmode_tlc( 833): Wait kill signal
11-19 17:51:50.210 I/engmode_tlc( 833): TA reply response, pass waiting
11-19 17:51:50.210 I/engmode_tlc( 833): Done waiting thread(isTimeOut:FALSE)
11-19 17:51:50.210 I/engmode_tlc( 833): em tlc send result 0x00000000
11-19 17:51:50.210 I/engmode_tlc( 833): kill thread (519449554096)
11-19 17:51:50.211 I/engmode_tlc( 833): Got signal 10, tid: 519449554096
11-19 17:51:50.211 I/engmode_tlc( 833): tlc thr cleanup
11-19 17:51:50.211 E/engmode_world( 833): Failed emIsTokenInstalled(0xf02d0010)
11-19 17:51:50.211 I/engmode_binder_server( 833): VERSION = 20/0xf02d0010
11-19 17:51:50.211 I/engmode_cache_list( 833): clist created(20)
11-19 17:51:50.211 I/engmode_binder_server( 833): Notify To Cp count (0)
11-19 17:51:50.211 E/engmode_ril_command( 833): Failed to Connect_RILD, ret : 4
11-19 17:51:50.211 E/engmode_ril_command( 833): Connect to fail(-803209197).
11-19 17:51:50.211 I/engmode_binder_server( 833): Notify To Cp count (1)
11-19 17:51:50.211 E/engmode_ril_command( 833): Failed to Connect_RILD, ret : 4
11-19 17:51:50.211 E/engmode_ril_command( 833): Connect to fail(-803209197).
11-19 17:51:50.211 I/engmode_binder_server( 833): Notify To Cp count (2)
11-19 17:51:50.211 E/engmode_ril_command( 833): Failed to Connect_RILD, ret : 4
11-19 17:51:50.211 E/engmode_ril_command( 833): Connect to fail(-803209197).
11-19 17:51:50.211 I/engmode_binder_server( 833): Notify To Cp count (3)
11-19 17:51:50.211 E/engmode_ril_command( 833): Failed to Connect_RILD, ret : 4
11-19 17:51:50.211 E/engmode_ril_command( 833): Connect to fail(-803209197).
11-19 17:51:50.211 I/engmode_binder_server( 833): Notify To Cp count (4)
11-19 17:51:50.211 E/engmode_ril_command( 833): Failed to Connect_RILD, ret : 4
11-19 17:51:50.211 E/engmode_ril_command( 833): Connect to fail(-803209197).
11-19 17:51:50.211 I/engmode_binder_server( 833): Notify To Cp count (5)
11-19 17:51:50.211 E/engmode_ril_command( 833): Failed to Connect_RILD, ret : 4
11-19 17:51:50.211 E/engmode_ril_command( 833): Connect to fail(-803209197).
11-19 17:51:50.211 I/engmode_binder_server( 833): Notify To Cp count (6)
11-19 17:51:50.211 E/engmode_ril_command( 833): Failed to Connect_RILD, ret : 4
11-19 17:51:50.211 E/engmode_ril_command( 833): Connect to fail(-803209197).
11-19 17:51:50.211 I/engmode_binder_server( 833): Notify To Cp count (7)
11-19 17:51:50.211 E/engmode_ril_command( 833): Failed to Connect_RILD, ret : 4
11-19 17:51:50.211 E/engmode_ril_command( 833): Connect to fail(-803209197).
11-19 17:51:50.211 I/engmode_binder_server( 833): Notify To Cp count (8)
11-19 17:51:50.211 E/engmode_ril_command( 833): Failed to Connect_RILD, ret : 4
11-19 17:51:50.211 E/engmode_ril_command( 833): Connect to fail(-803209197).
11-19 17:51:50.211 I/engmode_binder_server( 833): Notify To Cp count (9)
11-19 17:51:50.211 E/engmode_ril_command( 833): Failed to Connect_RILD, ret : 4
11-19 17:51:50.211 E/engmode_ril_command( 833): Connect to fail(-803209197).
11-19 17:51:50.212 I/vndservicemanager( 569): Adding 'u:r:emservice:s0' service
(EngineeringModeService:833)
11-19 17:51:50.212 I/engmode_binder_server( 833): EngineeringModeHandlerService =
0
11-19 17:51:50.212 I/engmode_binder_server( 833): EngineeringModeHandler is now
ready
11-19 17:51:50.368 I/appproc ( 846): !@Boot_EBS_F: start zygote from appmain
11-19 17:51:50.369 D/AndroidRuntime( 846): >>>>>> START
com.android.internal.os.ZygoteInit uid 0 <<<<<<
11-19 17:51:50.386 I/AndroidRuntime( 846): Using default boot image
11-19 17:51:50.386 I/AndroidRuntime( 846): Leaving lock profiling enabled
11-19 17:51:50.386 D/SecNativeFeatureCppIf( 846): encoded
11-19 17:51:50.386 D/SecNativeFeatureCppIf( 846): decoding and unzip finish
11-19 17:51:50.386 D/SecNativeFeatureCppIf( 846): use unCompDataBuff. encoded
11-19 17:51:50.386 D/SecNativeFeatureCppIf( 846): Free unCompDataBuff
11-19 17:51:50.386 D/AndroidRuntime( 846): addProductProperty: pBrand1 is not null
11-19 17:51:50.386 D/AndroidRuntime( 846): addProductProperty: not brand or 7
11-19 17:51:50.392 I/zygote64( 846): option[0]=-Xzygote
11-19 17:51:50.392 I/zygote64( 846): option[1]=exit
11-19 17:51:50.392 I/zygote64( 846): option[2]=vfprintf
11-19 17:51:50.392 I/zygote64( 846): option[3]=sensitiveThread
11-19 17:51:50.392 I/zygote64( 846): option[4]=-verbose:gc
11-19 17:51:50.392 I/zygote64( 846): option[5]=-XX:PerfettoHprof=true
11-19 17:51:50.392 I/zygote64( 846): option[6]=-XX:PerfettoJavaHeapStackProf=true
11-19 17:51:50.392 I/zygote64( 846): option[7]=-Xprimaryzygote
11-19 17:51:50.392 I/zygote64( 846): option[8]=-Xms8m
11-19 17:51:50.392 I/zygote64( 846): option[9]=-Xmx512m
11-19 17:51:50.392 I/zygote64( 846): option[10]=-XX:HeapGrowthLimit=256m
11-19 17:51:50.392 I/zygote64( 846): option[11]=-XX:HeapMinFree=2m
11-19 17:51:50.392 I/zygote64( 846): option[12]=-XX:HeapMaxFree=8m
11-19 17:51:50.392 I/zygote64( 846): option[13]=-XX:HeapTargetUtilization=0.75
11-19 17:51:50.392 I/zygote64( 846): option[14]=-XX:FinalizerTimeoutMs=60000
11-19 17:51:50.392 I/zygote64( 846): option[15]=-Xusejit:true
11-19 17:51:50.392 I/zygote64( 846): option[16]=-Xjitsaveprofilinginfo
11-19 17:51:50.392 I/zygote64( 846): option[17]=-
XMadviseWillNeedVdexFileSize:104857600
11-19 17:51:50.392 I/zygote64( 846): option[18]=-
XMadviseWillNeedOdexFileSize:104857600
11-19 17:51:50.392 I/zygote64( 846): option[19]=-
XMadviseWillNeedArtFileSize:4294967295
11-19 17:51:50.392 I/zygote64( 846): option[20]=-XjdwpOptions:suspend=n,server=y
11-19 17:51:50.392 I/zygote64( 846): option[21]=-XjdwpProvider:default
11-19 17:51:50.392 I/zygote64( 846): option[22]=-Xopaque-jni-ids:swapable
11-19 17:51:50.392 I/zygote64( 846): option[23]=-Xlockprofthreshold:500
11-19 17:51:50.392 I/zygote64( 846): option[24]=-Xcompiler-option
11-19 17:51:50.392 I/zygote64( 846): option[25]=--instruction-set-variant=generic
11-19 17:51:50.392 I/zygote64( 846): option[26]=-Xcompiler-option
11-19 17:51:50.392 I/zygote64( 846): option[27]=--instruction-set-features=default
11-19 17:51:50.392 I/zygote64( 846): option[28]=-Xcompiler-option
11-19 17:51:50.392 I/zygote64( 846): option[29]=--generate-mini-debug-info
11-19 17:51:50.392 I/zygote64( 846): option[30]=-Ximage-compiler-option
11-19 17:51:50.392 I/zygote64( 846): option[31]=--runtime-arg
11-19 17:51:50.392 I/zygote64( 846): option[32]=-Ximage-compiler-option
11-19 17:51:50.392 I/zygote64( 846): option[33]=-Xms64m
11-19 17:51:50.392 I/zygote64( 846): option[34]=-Ximage-compiler-option
11-19 17:51:50.392 I/zygote64( 846): option[35]=--runtime-arg
11-19 17:51:50.392 I/zygote64( 846): option[36]=-Ximage-compiler-option
11-19 17:51:50.392 I/zygote64( 846): option[37]=-Xmx64m
11-19 17:51:50.392 I/zygote64( 846): option[38]=-Ximage-compiler-option
11-19 17:51:50.392 I/zygote64( 846):
option[39]=--dirty-image-objects=/system/etc/dirty-image-objects
11-19 17:51:50.392 I/zygote64( 846): option[40]=-Ximage-compiler-option
11-19 17:51:50.392 I/zygote64( 846): option[41]=--instruction-set-variant=generic
11-19 17:51:50.392 I/zygote64( 846): option[42]=-Ximage-compiler-option
11-19 17:51:50.392 I/zygote64( 846): option[43]=--instruction-set-features=default
11-19 17:51:50.392 I/zygote64( 846): option[44]=-Ximage-compiler-option
11-19 17:51:50.392 I/zygote64( 846): option[45]=--generate-mini-debug-info
11-19 17:51:50.392 I/zygote64( 846): option[46]=-Duser.locale=en-GB
11-19 17:51:50.392 I/zygote64( 846): option[47]=--cpu-abilist=arm64-v8a
11-19 17:51:50.392 I/zygote64( 846):
option[48]=-Xfingerprint:samsung/m51nsxx/m51:12/SP1A.210812.016/M515FXXS6DXE3:user/
release-keys
11-19 17:51:50.408 I/zygote64( 846): Using CollectorTypeCC GC.
11-19 17:51:50.435 D/AndroidRuntime( 847): >>>>>> START
com.android.internal.os.ZygoteInit uid 0 <<<<<<
11-19 17:51:50.466 W/libc ( 518): Unable to set property "ro.sf.lcd_density" to
"480": error code: 0xb, try count : 1
11-19 17:51:50.466 W/libc ( 518): Unable to set property "ro.sf.lcd_density" to
"480": error code: 0xb, try count : 2
11-19 17:51:50.466 W/libc ( 518): Unable to set property "ro.sf.lcd_density" to
"480": error code: 0xb, try count : 3
11-19 17:51:50.490 I/AndroidRuntime( 847): Using default boot image
11-19 17:51:50.490 I/AndroidRuntime( 847): Leaving lock profiling enabled
11-19 17:51:50.491 D/SecNativeFeatureCppIf( 847): encoded
11-19 17:51:50.491 D/SecNativeFeatureCppIf( 847): decoding and unzip finish
11-19 17:51:50.491 D/SecNativeFeatureCppIf( 847): use unCompDataBuff. encoded
11-19 17:51:50.491 D/SecNativeFeatureCppIf( 847): Free unCompDataBuff
11-19 17:51:50.491 D/AndroidRuntime( 847): addProductProperty: pBrand1 is not null
11-19 17:51:50.491 D/AndroidRuntime( 847): addProductProperty: not brand or 7
11-19 17:51:50.495 I/zygote ( 847): option[0]=-Xzygote
11-19 17:51:50.496 I/zygote ( 847): option[1]=exit
11-19 17:51:50.496 I/zygote ( 847): option[2]=vfprintf
11-19 17:51:50.496 I/zygote ( 847): option[3]=sensitiveThread
11-19 17:51:50.496 I/zygote ( 847): option[4]=-verbose:gc
11-19 17:51:50.496 I/zygote ( 847): option[5]=-XX:PerfettoHprof=true
11-19 17:51:50.496 I/zygote ( 847): option[6]=-XX:PerfettoJavaHeapStackProf=true
11-19 17:51:50.496 I/zygote ( 847): option[7]=-Xms8m
11-19 17:51:50.496 I/zygote ( 847): option[8]=-Xmx512m
11-19 17:51:50.496 I/zygote ( 847): option[9]=-XX:HeapGrowthLimit=256m
11-19 17:51:50.496 I/zygote ( 847): option[10]=-XX:HeapMinFree=2m
11-19 17:51:50.496 I/zygote ( 847): option[11]=-XX:HeapMaxFree=8m
11-19 17:51:50.496 I/zygote ( 847): option[12]=-XX:HeapTargetUtilization=0.75
11-19 17:51:50.496 I/zygote ( 847): option[13]=-XX:FinalizerTimeoutMs=60000
11-19 17:51:50.496 I/zygote ( 847): option[14]=-Xusejit:true
11-19 17:51:50.496 I/zygote ( 847): option[15]=-Xjitsaveprofilinginfo
11-19 17:51:50.496 I/zygote ( 847): option[16]=-
XMadviseWillNeedVdexFileSize:104857600
11-19 17:51:50.496 I/zygote ( 847): option[17]=-
XMadviseWillNeedOdexFileSize:104857600
11-19 17:51:50.496 I/zygote ( 847): option[18]=-
XMadviseWillNeedArtFileSize:4294967295
11-19 17:51:50.496 I/zygote ( 847): option[19]=-XjdwpOptions:suspend=n,server=y
11-19 17:51:50.496 I/zygote ( 847): option[20]=-XjdwpProvider:default
11-19 17:51:50.496 I/zygote ( 847): option[21]=-Xopaque-jni-ids:swapable
11-19 17:51:50.496 I/zygote ( 847): option[22]=-Xlockprofthreshold:500
11-19 17:51:50.496 I/zygote ( 847): option[23]=-Xcompiler-option
11-19 17:51:50.496 I/zygote ( 847): option[24]=--instruction-set-variant=cortex-
a9
11-19 17:51:50.496 I/zygote ( 847): option[25]=-Xcompiler-option
11-19 17:51:50.496 I/zygote ( 847): option[26]=--instruction-set-features=default
11-19 17:51:50.496 I/zygote ( 847): option[27]=-Xcompiler-option
11-19 17:51:50.496 I/zygote ( 847): option[28]=--generate-mini-debug-info
11-19 17:51:50.496 I/zygote ( 847): option[29]=-Ximage-compiler-option
11-19 17:51:50.496 I/zygote ( 847): option[30]=--runtime-arg
11-19 17:51:50.496 I/zygote ( 847): option[31]=-Ximage-compiler-option
11-19 17:51:50.496 I/zygote ( 847): option[32]=-Xms64m
11-19 17:51:50.496 I/zygote ( 847): option[33]=-Ximage-compiler-option
11-19 17:51:50.496 I/zygote ( 847): option[34]=--runtime-arg
11-19 17:51:50.496 I/zygote ( 847): option[35]=-Ximage-compiler-option
11-19 17:51:50.496 I/zygote ( 847): option[36]=-Xmx64m
11-19 17:51:50.496 I/zygote ( 847): option[37]=-Ximage-compiler-option
11-19 17:51:50.496 I/zygote ( 847):
option[38]=--dirty-image-objects=/system/etc/dirty-image-objects
11-19 17:51:50.496 I/zygote ( 847): option[39]=-Ximage-compiler-option
11-19 17:51:50.496 I/zygote ( 847): option[40]=--instruction-set-variant=cortex-
a9
11-19 17:51:50.496 I/zygote ( 847): option[41]=-Ximage-compiler-option
11-19 17:51:50.496 I/zygote ( 847): option[42]=--instruction-set-features=default
11-19 17:51:50.496 I/zygote ( 847): option[43]=-Ximage-compiler-option
11-19 17:51:50.496 I/zygote ( 847): option[44]=--generate-mini-debug-info
11-19 17:51:50.496 I/zygote ( 847): option[45]=-Duser.locale=en-GB
11-19 17:51:50.496 I/zygote ( 847): option[46]=--cpu-abilist=armeabi-v7a,armeabi
11-19 17:51:50.496 I/zygote ( 847):
option[47]=-Xfingerprint:samsung/m51nsxx/m51:12/SP1A.210812.016/M515FXXS6DXE3:user/
release-keys
11-19 17:51:50.500 W/zygote ( 847): Could not reserve sentinel fault page
11-19 17:51:50.503 I/zygote ( 847): Using CollectorTypeCC GC.
11-19 17:51:50.541 D/nativeloader( 846): InitDefaultPublicLibraries for_preload=1:
libandroid.so:libaaudio.so:libamidi.so:libbinder_ndk.so:libc.so:libcamera2ndk.so:li
bdl.so:libEGL.so:libGLESv1_CM.so:libGLESv2.so:libGLESv3.so:libicu.so:libicui18n.so:
libicuuc.so:libjnigraphics.so:liblog.so:libmediandk.so:libm.so:libnativehelper.so:l
ibnativewindow.so:libOpenMAXAL.so:libOpenSLES.so:libRS.so:libstdc+
+.so:libsync.so:libvulkan.so:libwebviewchromium_plat_support.so:libz.so
11-19 17:51:50.578 D/hw-ProcessState( 912): Binder ioctl to enable oneway spam
detection failed: Invalid argument
11-19 17:51:50.579 I/HidlServiceManagement( 912): Registered
[email protected]::IAllocator/ashmem
11-19 17:51:50.580 I/HidlServiceManagement( 912): Removing namespace from process
name [email protected] to [email protected].
11-19 17:51:50.602 D/nativeloader( 846): Load libicu_jni.so using APEX ns
com_android_art for caller /apex/com.android.art/javalib/core-oj.jar: ok
11-19 17:51:50.613 D/nativeloader( 847): InitDefaultPublicLibraries for_preload=1:
libandroid.so:libaaudio.so:libamidi.so:libbinder_ndk.so:libc.so:libcamera2ndk.so:li
bdl.so:libEGL.so:libGLESv1_CM.so:libGLESv2.so:libGLESv3.so:libicu.so:libicui18n.so:
libicuuc.so:libjnigraphics.so:liblog.so:libmediandk.so:libm.so:libnativehelper.so:l
ibnativewindow.so:libOpenMAXAL.so:libOpenSLES.so:libRS.so:libstdc+
+.so:libsync.so:libvulkan.so:libwebviewchromium_plat_support.so:libz.so
11-19 17:51:50.614 D/zygote64( 846): Time zone APEX ICU file found:
/apex/com.android.tzdata/etc/icu/icu_tzdata.dat
11-19 17:51:50.615 I/[email protected]( 913):
vendorEnhancedInfo: 3
11-19 17:51:50.615 I/[email protected]( 913):
isVendorEnhancedFramework: 1
11-19 17:51:50.615 I/[email protected]( 913): Registering BT
Service
11-19 17:51:50.616 D/zygote64( 846): I18n APEX ICU file found:
/apex/com.android.i18n/etc/icu/icudt68l.dat
11-19 17:51:50.631 W/[email protected]( 915):
libminijail[915]: allowing syscall: connect
11-19 17:51:50.631 W/[email protected]( 915):
libminijail[915]: allowing syscall: fcntl
11-19 17:51:50.631 W/[email protected]( 915):
libminijail[915]: allowing syscall: sendto
11-19 17:51:50.631 W/[email protected]( 915):
libminijail[915]: allowing syscall: socket
11-19 17:51:50.631 W/[email protected]( 915):
libminijail[915]: allowing syscall: writev
11-19 17:51:50.633 W/[email protected]( 915):
libminijail[915]: logging seccomp filter failures
11-19 17:51:50.635 D/keymaster_tee( 918): [DBG] (nwd_gatekeeper.cpp:229) open
11-19 17:51:50.635 W/[email protected]( 921): main
11-19 17:51:50.636 I/HidlServiceManagement( 913): Registered
[email protected]::IBluetoothHci/default
11-19 17:51:50.636 I/HidlServiceManagement( 913): Removing namespace from process
name [email protected] to [email protected].
11-19 17:51:50.636 I/LegacySupport( 913): Registration complete for
[email protected]::IBluetoothHci/default.
11-19 17:51:50.636 I/[email protected]( 913): Registering FM
Service
11-19 17:51:50.637 I/HidlServiceManagement( 915): Registered
[email protected]::ISurfaceFlingerConfigs/default
11-19 17:51:50.638 I/HidlServiceManagement( 915): Removing namespace from process
name [email protected] to [email protected].
11-19 17:51:50.640 I/HidlServiceManagement( 918): Registered
[email protected]::IGatekeeper/default
11-19 17:51:50.640 I/HidlServiceManagement( 918): Removing namespace from process
name [email protected] to [email protected].
11-19 17:51:50.641 D/nativeloader( 846): Load libjavacore.so using APEX ns
com_android_art for caller /apex/com.android.art/javalib/core-oj.jar: ok
11-19 17:51:50.643 I/HidlServiceManagement( 913): Registered
[email protected]::IFmHci/default
11-19 17:51:50.643 I/LegacySupport( 913): Registration complete for
[email protected]::IFmHci/default.
11-19 17:51:50.643 I/[email protected]( 913): Registering ANT
Service
11-19 17:51:50.643 I/hwservicemanager( 568): getTransport: Cannot find entry
[email protected]::IAntHci/default in either framework or device VINTF
manifest.
11-19 17:51:50.645 D/audiohalservice( 911): Init hw binder with mem size = 1024
11-19 17:51:50.646 I/audiohalservice( 911): Start audio hidl service
11-19 17:51:50.646 E/LegacySupport( 913): Could not get passthrough implementation
for [email protected]::IAntHci/default.
11-19 17:51:50.646 I/[email protected]( 913): Error while
registering ANT service: 1
11-19 17:51:50.646 I/[email protected]( 913): First OS
version = 29
11-19 17:51:50.646 I/[email protected]( 913): registering
Bluetooth Vendor HIDL services
11-19 17:51:50.649 I/HidlServiceManagement( 914): Registered
[email protected]::IMediaCasService/default
11-19 17:51:50.650 I/HidlServiceManagement( 914): Removing namespace from process
name [email protected] to [email protected].
11-19 17:51:50.650 I/HidlServiceManagement( 913): Registered
[email protected]::ISehBluetooth/default
11-19 17:51:50.653 W/[email protected]( 921):
HIDL_FETCH_IHealth: default
11-19 17:51:50.653 I/HidlServiceManagement( 922): Registered
[email protected]::IMemtrack/default
11-19 17:51:50.654 I/HidlServiceManagement( 922): Removing namespace from process
name [email protected] to [email protected].
11-19 17:51:50.656 I/LegacySupport( 922): Registration complete for
[email protected]::IMemtrack/default.
11-19 17:51:50.657 I/vendor.samsung.hardware.light-service( 928): Start Lights
AIDL!
11-19 17:51:50.657 E/SehLight( 928): Open error :
/sys/class/leds/lcd-backlight/brightness No such file or directory
11-19 17:51:50.658 E/SehLight( 928): Open error :
/sys/class/backlight/panel/brightness Permission denied
11-19 17:51:50.658 E/SehLight( 928): Open error :
/sys/class/backlight/lcd-bl/brightness No such file or directory
11-19 17:51:50.658 E/SehLight( 928): Open error :
/sys/class/backlight/msmfb_bl0/brightness No such file or directory
11-19 17:51:50.658 I/SehLight( 928): Found sysfs : /sys/class/backlight/panel0-
backlight/brightness
11-19 17:51:50.658 E/SehLight( 928): Open error :
/sys/class/sec/sec_touchkey/brightness No such file or directory
11-19 17:51:50.658 E/SehLight( 928): Open error : /sys/class/leds/button-
backlight/brightness No such file or directory
11-19 17:51:50.658 E/SehLight( 928): Open error : /sys/class/backlight/touchkey-
led/brightness No such file or directory
11-19 17:51:50.658 E/SehLight( 928): Open error :
/sys/class/sec/sec_keypad/brightness No such file or directory
11-19 17:51:50.658 E/SehLight( 928): Open error : /sys/class/leds/keyboard-
backlight/brightness No such file or directory
11-19 17:51:50.658 E/SehLight( 928): Open error : /sys/class/sec/led/led_pattern
No such file or directory
11-19 17:51:50.658 E/SehLight( 928): Open error : /sys/class/sec/led/led_blink No
such file or directory
11-19 17:51:50.658 E/SehLight( 928): Open error : /sys/class/backlight/panel1-
backlight/brightness No such file or directory
11-19 17:51:50.658 E/SehLight( 928): Open error : /sys/class/lcd/panel/vrr_lfd No
such file or directory
11-19 17:51:50.658 I/SehLight( 928): Found sysfs : /sys/class/lcd/panel/hmt_on
11-19 17:51:50.658 I/SehLight( 928): Found sysfs : /sys/class/lcd/panel/hmt_bright
11-19 17:51:50.658 I/SehLight( 928): updateSupportedLights : 0
11-19 17:51:50.659 I/servicemanager( 567): Found
android.hardware.light.ILights/default in device VINTF manifest.
11-19 17:51:50.659 I/servicemanager( 567): Adding 'u:r:hal_light_default:s0'
service (android.hardware.light.ILights/default:928)
11-19 17:51:50.664 D/nativeloader( 846): Load libopenjdk.so using APEX ns
com_android_art for caller /apex/com.android.art/javalib/core-oj.jar: ok
11-19 17:51:50.683 I/HidlServiceManagement( 916): Registered
[email protected]::IDrmFactory/clearkey
11-19 17:51:50.683 I/HidlServiceManagement( 925): Registered
[email protected]::IUsb/default
11-19 17:51:50.683 I/HidlServiceManagement( 916): Removing namespace from process
name [email protected] to [email protected].
11-19 17:51:50.683 I/HidlServiceManagement( 925): Removing namespace from process
name [email protected] to [email protected].
11-19 17:51:50.684 I/CASS_DEBUG( 832): VaultKeeper is ready.
11-19 17:51:50.684 I/[email protected]( 925): USB HAL Ready.
11-19 17:51:50.684 E/CASS_DEBUG( 832): Failed to connect(4)
11-19 17:51:50.684 I/CASS_DEBUG( 832): Disconnect ril daemon
11-19 17:51:50.684 I/CASS_DEBUG( 832): Failed to connect ril daemon(2). Retry
cnt(0)
11-19 17:51:50.687 I/HidlServiceManagement( 916): Registered
[email protected]::ICryptoFactory/clearkey
11-19 17:51:50.687 I/HidlServiceManagement( 916): Removing namespace from process
name [email protected] to [email protected].
11-19 17:51:50.697 D/HYPER-HAL( 927): sec-hyper-aidl start!
11-19 17:51:50.707 I/capabilityconfigstorehal( 936):
