04-18 16:20:00.309 17800 17800 W System.err: java.lang.ClassNotFoundException: mbmodsd.mbmodsw.ui.views.btn.BtnBK
04-18 16:20:00.311 17800 17800 W System.err: at java.lang.Runtime.nativeLoad(Native Method)
04-18 16:20:00.311 17800 17800 W System.err: at java.lang.Runtime.nativeLoad(Runtime.java:1126)
04-18 16:20:00.311 17800 17800 W System.err: at java.lang.Runtime.loadLibrary0(Runtime.java:1080)
04-18 16:20:00.311 17800 17800 W System.err: at java.lang.Runtime.loadLibrary0(Runtime.java:1003)
04-18 16:20:00.311 17800 17800 W System.err: at java.lang.System.loadLibrary(System.java:1661)
04-18 16:20:00.311 17800 17800 W System.err: at arm.EpicVm.<clinit>(Unknown Source:2)
04-18 16:20:00.311 17800 17800 W System.err: at java.lang.Class.newInstance(Native Method)
04-18 16:20:00.311 17800 17800 W System.err: at android.app.AppComponentFactory.instantiateApplication(AppComponentFactory.java:76)
04-18 16:20:00.311 17800 17800 W System.err: at androidx.core.app.CoreComponentFactory.instantiateApplication(Unknown Source:0)
04-18 16:20:00.311 17800 17800 W System.err: at android.app.Instrumentation.newApplication(Instrumentation.java:1236)
04-18 16:20:00.311 17800 17800 W System.err: at android.app.LoadedApk.makeApplicationInner(LoadedApk.java:1466)
04-18 16:20:00.311 17800 17800 W System.err: at android.app.LoadedApk.makeApplicationInner(LoadedApk.java:1403)
04-18 16:20:00.311 17800 17800 W System.err: at android.app.ActivityThread.handleBindApplication(ActivityThread.java:6992)
04-18 16:20:00.311 17800 17800 W System.err: at android.app.ActivityThread.-$ $Nest$mhandleBindApplication(Unknown Source:0)
04-18 16:20:00.311 17800 17800 W System.err: at android.app.ActivityThread$H.handleMessage(ActivityThread.java:2260)
04-18 16:20:00.311 17800 17800 W System.err: at android.os.Handler.dispatchMessage(Handler.java:106)
04-18 16:20:00.311 17800 17800 W System.err: at android.os.Looper.loopOnce(Looper.java:201)
04-18 16:20:00.311 17800 17800 W System.err: at android.os.Looper.loop(Looper.java:288)
04-18 16:20:00.312 17800 17800 W System.err: at android.app.ActivityThread.main(ActivityThread.java:8194)
04-18 16:20:00.312 17800 17800 W System.err: at java.lang.reflect.Method.invoke(Native Method)
04-18 16:20:00.312 17800 17800 W System.err: at com.android.internal.os.RuntimeInit$MethodAndArgsCaller.run(RuntimeInit.java:703)
04-18 16:20:00.312 17800 17800 W System.err: at com.android.internal.os.ZygoteInit.main(ZygoteInit.java:911)
04-18 16:20:00.379 17800 17800 E CustomActivityOnCrash: IMPORTANT WARNING! You already have an UncaughtExceptionHandler, are you sure this is correct? If you use a custom UncaughtExceptionHandler, you must initialize it AFTER CustomActivityOnCrash! Installing anyway, but your original handler will not be called.
04-18 16:20:00.582 17800 17800 W CheckTime: App running slow: Executing handleBindApplication : installContentProviders took 212ms
04-18 16:20:01.703 17800 17800 W com.mbwhatsapp: Accessing hidden method Lcom/android/org/conscrypt/OpenSSLSocketImpl;->setUseSessionTickets(Z)V (max- target-q,core-platform-api, reflection, denied)
04-18 16:20:01.703 17800 17800 W com.mbwhatsapp: Accessing hidden method Lcom/android/org/conscrypt/AbstractConscryptSocket;->setUseSessionTickets(Z)V (max- target-q, reflection, denied)
04-18 16:20:02.255 17800 17800 W CheckTime: App running slow: Executing handleBindApplication : callApplicationOnCreate took 1673ms
04-18 16:20:02.266 17800 17800 W Chec--------- beginning of main
04-19 02:52:26.394 27133 27133 E com.mbwhatsapp: Not starting debugger since process cannot load the jdwp agent.
04-19 02:52:26.402 27133 27133 W ziparchive: Unable to open '/system_ext/framework/unisoc-framework.dm': No such file or directory
04-19 02:52:26.402 27133 27133 W ziparchive: Unable to open '/system_ext/framework/unisoc-framework.dm': No such file or directory
04-19 02:52:26.411 27133 27149 E com.mbwhatsapp: Could not write anonymous vdex /system_ext/framework/oat/arm64/unisoc-framework.vdex: Could not open /system_ext/framework/oat/arm64/unisoc-framework.vdex for writing
04-19 02:52:26.682 27133 27133 W System.err: java.lang.ClassNotFoundException: mbmodsd.mbmodsw.ui.views.btn.BtnBK
04-19 02:52:26.682 27133 27133 W System.err: at java.lang.Runtime.nativeLoad(Native Method)
04-19 02:52:26.682 27133 27133 W System.err: at java.lang.Runtime.nativeLoad(Runtime.java:1126)
04-19 02:52:26.682 27133 27133 W System.err: at java.lang.Runtime.loadLibrary0(Runtime.java:1080)
04-19 02:52:26.682 27133 27133 W System.err: at java.lang.Runtime.loadLibrary0(Runtime.java:1003)
04-19 02:52:26.682 27133 27133 W System.err: at java.lang.System.loadLibrary(System.java:1661)
04-19 02:52:26.682 27133 27133 W System.err: at arm.EpicVm.<clinit>(Unknown Source:2)
04-19 02:52:26.682 27133 27133 W System.err: at java.lang.Class.newInstance(Native Method)
04-19 02:52:26.682 27133 27133 W System.err: at android.app.AppComponentFactory.instantiateApplication(AppComponentFactory.java:76)
04-19 02:52:26.682 27133 27133 W System.err: at androidx.core.app.CoreComponentFactory.instantiateApplication(Unknown Source:0)
04-19 02:52:26.682 27133 27133 W System.err: at android.app.Instrumentation.newApplication(Instrumentation.java:1236)
04-19 02:52:26.682 27133 27133 W System.err: at android.app.LoadedApk.makeApplicationInner(LoadedApk.java:1466)
04-19 02:52:26.682 27133 27133 W System.err: at android.app.LoadedApk.makeApplicationInner(LoadedApk.java:1403)
04-19 02:52:26.682 27133 27133 W System.err: at android.app.ActivityThread.handleBindApplication(ActivityThread.java:6992)
04-19 02:52:26.682 27133 27133 W System.err: at android.app.ActivityThread.-$ $Nest$mhandleBindApplication(Unknown Source:0)
04-19 02:52:26.682 27133 27133 W System.err: at android.app.ActivityThread$H.handleMessage(ActivityThread.java:2260)
04-19 02:52:26.682 27133 27133 W System.err: at android.os.Handler.dispatchMessage(Handler.java:106)
04-19 02:52:26.682 27133 27133 W System.err: at android.os.Looper.loopOnce(Looper.java:201)
04-19 02:52:26.682 27133 27133 W System.err: at android.os.Looper.loop(Looper.java:288)
04-19 02:52:26.682 27133 27133 W System.err: at android.app.ActivityThread.main(ActivityThread.java:8194)
04-19 02:52:26.682 27133 27133 W System.err: at java.lang.reflect.Method.invoke(Native Method)
04-19 02:52:26.682 27133 27133 W System.err: at com.android.internal.os.RuntimeInit$MethodAndArgsCaller.run(RuntimeInit.java:703)
04-19 02:52:26.682 27133 27133 W System.err: at com.android.internal.os.ZygoteInit.main(ZygoteInit.java:911)
04-19 02:52:26.829 27133 27133 W CheckTime: App running slow: Executing handleBindApplication : makeApplication took 250ms
04-19 02:52:26.867 27133 27133 E CustomActivityOnCrash: IMPORTANT WARNING! You already have an UncaughtExceptionHandler, are you sure this is correct? If you use a custom UncaughtExceptionHandler, you must initialize it AFTER CustomActivityOnCrash! Installing anyway, but your original handler will not be called.
04-19 02:52:27.170 27133 27133 W CheckTime: App running slow: Executing handleBindApplication : installContentProviders took 341ms
04-19 02:52:28.007 27133 27133 W com.mbwhatsapp: Accessing hidden method Lcom/android/org/conscrypt/OpenSSLSocketImpl;->setUseSessionTickets(Z)V (max- target-q,core-platform-api, reflection, denied)
04-19 02:52:28.007 27133 27133 W com.mbwhatsapp: Accessing hidden method Lcom/android/org/conscrypt/AbstractConscryptSocket;->setUseSessionTickets(Z)V (max- target-q, reflection, denied)
04-19 02:52:28.137 27133 27133 W com.mbwhatsap--------- beginning of main
04-19 04:42:40.914 7361 7361 E com.mbwhatsapp: Not starting debugger since process cannot load the jdwp agent.
04-19 04:42:40.946 7361 7361 W ziparchive: Unable to open '/system_ext/framework/unisoc-framework.dm': No such file or directory
04-19 04:42:40.946 7361 7361 W ziparchive: Unable to open '/system_ext/framework/unisoc-framework.dm': No such file or directory
04-19 04:42:40.991 7361 7380 E com.mbwhatsapp: Could not write anonymous vdex /system_ext/framework/oat/arm64/unisoc-framework.vdex: Could not open /system_ext/framework/oat/arm64/unisoc-framework.vdex for writing
04-19 04:42:41.528 7361 7361 W System.err: java.lang.ClassNotFoundException: mbmodsd.mbmodsw.ui.views.btn.BtnBK
04-19 04:42:41.528 7361 7361 W System.err: at java.lang.Runtime.nativeLoad(Native Method)
04-19 04:42:41.528 7361 7361 W System.err: at java.lang.Runtime.nativeLoad(Runtime.java:1126)
04-19 04:42:41.528 7361 7361 W System.err: at java.lang.Runtime.loadLibrary0(Runtime.java:1080)
04-19 04:42:41.528 7361 7361 W System.err: at java.lang.Runtime.loadLibrary0(Runtime.java:1003)
04-19 04:42:41.528 7361 7361 W System.err: at java.lang.System.loadLibrary(System.java:1661)
04-19 04:42:41.528 7361 7361 W System.err: at arm.EpicVm.<clinit>(Unknown Source:2)
04-19 04:42:41.528 7361 7361 W System.err: at java.lang.Class.newInstance(Native Method)
04-19 04:42:41.528 7361 7361 W System.err: at android.app.AppComponentFactory.instantiateApplication(AppComponentFactory.java:76)
04-19 04:42:41.528 7361 7361 W System.err: at androidx.core.app.CoreComponentFactory.instantiateApplication(Unknown Source:0)
04-19 04:42:41.528 7361 7361 W System.err: at android.app.Instrumentation.newApplication(Instrumentation.java:1236)
04-19 04:42:41.528 7361 7361 W System.err: at android.app.LoadedApk.makeApplicationInner(LoadedApk.java:1466)
04-19 04:42:41.528 7361 7361 W System.err: at android.app.LoadedApk.makeApplicationInner(LoadedApk.java:1403)
04-19 04:42:41.528 7361 7361 W System.err: at android.app.ActivityThread.handleBindApplication(ActivityThread.java:6992)
04-19 04:42:41.528 7361 7361 W System.err: at android.app.ActivityThread.-$ $Nest$mhandleBindApplication(Unknown Source:0)
04-19 04:42:41.528 7361 7361 W System.err: at android.app.ActivityThread$H.handleMessage(ActivityThread.java:2260)
04-19 04:42:41.528 7361 7361 W System.err: at android.os.Handler.dispatchMessage(Handler.java:106)
04-19 04:42:41.528 7361 7361 W System.err: at android.os.Looper.loopOnce(Looper.java:201)
04-19 04:42:41.528 7361 7361 W System.err: at android.os.Looper.loop(Looper.java:288)
04-19 04:42:41.528 7361 7361 W System.err: at android.app.ActivityThread.main(ActivityThread.java:8194)
04-19 04:42:41.528 7361 7361 W System.err: at java.lang.reflect.Method.invoke(Native Method)
04-19 04:42:41.528 7361 7361 W System.err: at com.android.internal.os.RuntimeInit$MethodAndArgsCaller.run(RuntimeInit.java:703)
04-19 04:42:41.528 7361 7361 W System.err: at com.android.internal.os.ZygoteInit.main(ZygoteInit.java:911)
04-19 04:42:41.590 7361 7361 W CheckTime: App running slow: Executing handleBindApplication : makeApplication took 209ms
04-19 04:42:41.598 7361 7361 E CustomActivityOnCrash: IMPORTANT WARNING! You already have an UncaughtExceptionHandler, are you sure this is correct? If you use a custom UncaughtExceptionHandler, you must initialize it AFTER CustomActivityOnCrash! Installing anyway, but your original handler will not be called.
04-19 04:42:42.803 7361 7371 W com.mbwhatsapp: Suspending all threads took: 14.958ms
04-19 04:42:42.852 7361 7361 W com.mbwhatsapp: Accessing hidden method Lcom/android/org/conscrypt/OpenSSLSocketImpl;->setUseSessionTickets(Z)V (max- target-q,core-platform-api, reflection, denied)
04-19 04:42:42.852 7361 7361 W com.mbwhatsapp: Accessing hidden method Lcom/android/org/conscrypt/AbstractConscryptSocket;->setUseSessionTickets(Z)V (max- target-q, reflection, denied)
04-19 04:42:42.943 7361 7361 W com.mbwhatsapp: type=1400 audit(0.0:1261889): avc: grante--------- beginning of main
04-19 16:25:00.728 12405 12405 E com.mbwhatsapp: Not starting debugger since process cannot load the jdwp agent.
04-19 16:25:00.735 12405 12405 W ziparchive: Unable to open '/system_ext/framework/unisoc-framework.dm': No such file or directory
04-19 16:25:00.735 12405 12405 W ziparchive: Unable to open '/system_ext/framework/unisoc-framework.dm': No such file or directory
04-19 16:25:00.751 12405 12424 E com.mbwhatsapp: Could not write anonymous vdex /system_ext/framework/oat/arm64/unisoc-framework.vdex: Could not open /system_ext/framework/oat/arm64/unisoc-framework.vdex for writing
04-19 16:25:01.000 12405 12405 W System.err: java.lang.ClassNotFoundException: mbmodsd.mbmodsw.ui.views.btn.BtnBK
04-19 16:25:01.002 12405 12405 W System.err: at java.lang.Runtime.nativeLoad(Native Method)
04-19 16:25:01.002 12405 12405 W System.err: at java.lang.Runtime.nativeLoad(Runtime.java:1126)
04-19 16:25:01.002 12405 12405 W System.err: at java.lang.Runtime.loadLibrary0(Runtime.java:1080)
04-19 16:25:01.002 12405 12405 W System.err: at java.lang.Runtime.loadLibrary0(Runtime.java:1003)
04-19 16:25:01.002 12405 12405 W System.err: at java.lang.System.loadLibrary(System.java:1661)
04-19 16:25:01.002 12405 12405 W System.err: at arm.EpicVm.<clinit>(Unknown Source:2)
04-19 16:25:01.002 12405 12405 W System.err: at java.lang.Class.newInstance(Native Method)
04-19 16:25:01.002 12405 12405 W System.err: at android.app.AppComponentFactory.instantiateApplication(AppComponentFactory.java:76)
04-19 16:25:01.002 12405 12405 W System.err: at androidx.core.app.CoreComponentFactory.instantiateApplication(Unknown Source:0)
04-19 16:25:01.002 12405 12405 W System.err: at android.app.Instrumentation.newApplication(Instrumentation.java:1236)
04-19 16:25:01.002 12405 12405 W System.err: at android.app.LoadedApk.makeApplicationInner(LoadedApk.java:1466)
04-19 16:25:01.002 12405 12405 W System.err: at android.app.LoadedApk.makeApplicationInner(LoadedApk.java:1403)
04-19 16:25:01.002 12405 12405 W System.err: at android.app.ActivityThread.handleBindApplication(ActivityThread.java:6992)
04-19 16:25:01.002 12405 12405 W System.err: at android.app.ActivityThread.-$ $Nest$mhandleBindApplication(Unknown Source:0)
04-19 16:25:01.002 12405 12405 W System.err: at android.app.ActivityThread$H.handleMessage(ActivityThread.java:2260)
04-19 16:25:01.002 12405 12405 W System.err: at android.os.Handler.dispatchMessage(Handler.java:106)
04-19 16:25:01.002 12405 12405 W System.err: at android.os.Looper.loopOnce(Looper.java:201)
04-19 16:25:01.002 12405 12405 W System.err: at android.os.Looper.loop(Looper.java:288)
04-19 16:25:01.002 12405 12405 W System.err: at android.app.ActivityThread.main(ActivityThread.java:8194)
04-19 16:25:01.002 12405 12405 W System.err: at java.lang.reflect.Method.invoke(Native Method)
04-19 16:25:01.002 12405 12405 W System.err: at com.android.internal.os.RuntimeInit$MethodAndArgsCaller.run(RuntimeInit.java:703)
04-19 16:25:01.002 12405 12405 W System.err: at com.android.internal.os.ZygoteInit.main(ZygoteInit.java:911)
04-19 16:25:01.078 12405 12405 E CustomActivityOnCrash: IMPORTANT WARNING! You already have an UncaughtExceptionHandler, are you sure this is correct? If you use a custom UncaughtExceptionHandler, you must initialize it AFTER CustomActivityOnCrash! Installing anyway, but your original handler will not be called.
04-19 16:25:02.012 12405 12405 W com.mbwhatsapp: Accessing hidden method Lcom/android/org/conscrypt/OpenSSLSocketImpl;->setUseSessionTickets(Z)V (max- target-q,core-platform-api, reflection, denied)
04-19 16:25:02.012 12405 12405 W com.mbwhatsapp: Accessing hidden method Lcom/android/org/conscrypt/AbstractConscryptSocket;->setUseSessionTickets(Z)V (max- target-q, reflection, denied)
04-19 16:25:02.020 12480 12480 W logcat : type=1400 audit(0.0:1285235): avc: denied { ioctl } for path="/storage/emulated/0/Download/FMThemes/MBLogs/logcat.txt" dev="fuse" ino=131663 ioctlcmd=0xf50d scontext=u:r:untrusted_app:s0:c213,c256,c512,c768 tcontext=u:object_r:fuse:s0 tclass=file permissive--------- beginning of main
04-19 16:45:00.180 15341 15341 E com.mbwhatsapp: Not starting debugger since process cannot load the jdwp agent.
04-19 16:45:00.190 15341 15341 W ziparchive: Unable to open '/system_ext/framework/unisoc-framework.dm': No such file or directory
04-19 16:45:00.190 15341 15341 W ziparchive: Unable to open '/system_ext/framework/unisoc-framework.dm': No such file or directory
04-19 16:45:00.206 15341 15357 E com.mbwhatsapp: Could not write anonymous vdex /system_ext/framework/oat/arm64/unisoc-framework.vdex: Could not open /system_ext/framework/oat/arm64/unisoc-framework.vdex for writing
04-19 16:45:00.488 15341 15341 W System.err: java.lang.ClassNotFoundException: mbmodsd.mbmodsw.ui.views.btn.BtnBK
04-19 16:45:00.490 15341 15341 W System.err: at java.lang.Runtime.nativeLoad(Native Method)
04-19 16:45:00.490 15341 15341 W System.err: at java.lang.Runtime.nativeLoad(Runtime.java:1126)
04-19 16:45:00.490 15341 15341 W System.err: at java.lang.Runtime.loadLibrary0(Runtime.java:1080)
04-19 16:45:00.490 15341 15341 W System.err: at java.lang.Runtime.loadLibrary0(Runtime.java:1003)
04-19 16:45:00.490 15341 15341 W System.err: at java.lang.System.loadLibrary(System.java:1661)
04-19 16:45:00.490 15341 15341 W System.err: at arm.EpicVm.<clinit>(Unknown Source:2)
04-19 16:45:00.490 15341 15341 W System.err: at java.lang.Class.newInstance(Native Method)
04-19 16:45:00.490 15341 15341 W System.err: at android.app.AppComponentFactory.instantiateApplication(AppComponentFactory.java:76)
04-19 16:45:00.490 15341 15341 W System.err: at androidx.core.app.CoreComponentFactory.instantiateApplication(Unknown Source:0)
04-19 16:45:00.490 15341 15341 W System.err: at android.app.Instrumentation.newApplication(Instrumentation.java:1236)
04-19 16:45:00.490 15341 15341 W System.err: at android.app.LoadedApk.makeApplicationInner(LoadedApk.java:1466)
04-19 16:45:00.490 15341 15341 W System.err: at android.app.LoadedApk.makeApplicationInner(LoadedApk.java:1403)
04-19 16:45:00.490 15341 15341 W System.err: at android.app.ActivityThread.handleBindApplication(ActivityThread.java:6992)
04-19 16:45:00.490 15341 15341 W System.err: at android.app.ActivityThread.-$ $Nest$mhandleBindApplication(Unknown Source:0)
04-19 16:45:00.490 15341 15341 W System.err: at android.app.ActivityThread$H.handleMessage(ActivityThread.java:2260)
04-19 16:45:00.490 15341 15341 W System.err: at android.os.Handler.dispatchMessage(Handler.java:106)
04-19 16:45:00.490 15341 15341 W System.err: at android.os.Looper.loopOnce(Looper.java:201)
04-19 16:45:00.490 15341 15341 W System.err: at android.os.Looper.loop(Looper.java:288)
04-19 16:45:00.490 15341 15341 W System.err: at android.app.ActivityThread.main(ActivityThread.java:8194)
04-19 16:45:00.490 15341 15341 W System.err: at java.lang.reflect.Method.invoke(Native Method)
04-19 16:45:00.490 15341 15341 W System.err: at com.android.internal.os.RuntimeInit$MethodAndArgsCaller.run(RuntimeInit.java:703)
04-19 16:45:00.490 15341 15341 W System.err: at com.android.internal.os.ZygoteInit.main(ZygoteInit.java:911)
04-19 16:45:00.544 15341 15341 E CustomActivityOnCrash: IMPORTANT WARNING! You already have an UncaughtExceptionHandler, are you sure this is correct? If you use a custom UncaughtExceptionHandler, you must initialize it AFTER CustomActivityOnCrash! Installing anyway, but your original handler will not be called.
04-19 16:45:01.646 15341 15341 W com.mbwhatsapp: Accessing hidden method Lcom/android/org/conscrypt/OpenSSLSocketImpl;->setUseSessionTickets(Z)V (max- target-q,core-platform-api, reflection, denied)
04-19 16:45:01.646 15341 15341 W com.mbwhatsapp: Accessing hidden method Lcom/android/org/conscrypt/AbstractConscryptSocket;->setUseSessionTickets(Z)V (max- target-q, reflection, denied)
04-19 16:45:01.989 15341 15341 W CheckTime: App running slow: Executing handleBindApplication : callApplicationOnCreate took 1346ms
04-19 16:45:02.007 15341 15505 W com.mbwhatsapp: Method void X.2rL.A03(java.lang.Integer) failed lock verification and will run slower.
04-19 16:45:02.007 15341 15505 W--------- beginning of main
04-19 17:45:23.244 6934 6934 E com.mbwhatsapp: Not starting debugger since process cannot load the jdwp agent.
04-19 17:45:23.252 6934 6934 W ziparchive: Unable to open '/system_ext/framework/unisoc-framework.dm': No such file or directory
04-19 17:45:23.252 6934 6934 W ziparchive: Unable to open '/system_ext/framework/unisoc-framework.dm': No such file or directory
04-19 17:45:23.266 6934 6951 E com.mbwhatsapp: Could not write anonymous vdex /system_ext/framework/oat/arm64/unisoc-framework.vdex: Could not open /system_ext/framework/oat/arm64/unisoc-framework.vdex for writing
04-19 17:45:23.500 6934 6934 W System.err: java.lang.ClassNotFoundException: mbmodsd.mbmodsw.ui.views.btn.BtnBK
04-19 17:45:23.500 6934 6934 W System.err: at java.lang.Runtime.nativeLoad(Native Method)
04-19 17:45:23.500 6934 6934 W System.err: at java.lang.Runtime.nativeLoad(Runtime.java:1126)
04-19 17:45:23.501 6934 6934 W System.err: at java.lang.Runtime.loadLibrary0(Runtime.java:1080)
04-19 17:45:23.501 6934 6934 W System.err: at java.lang.Runtime.loadLibrary0(Runtime.java:1003)
04-19 17:45:23.501 6934 6934 W System.err: at java.lang.System.loadLibrary(System.java:1661)
04-19 17:45:23.501 6934 6934 W System.err: at arm.EpicVm.<clinit>(Unknown Source:2)
04-19 17:45:23.501 6934 6934 W System.err: at java.lang.Class.newInstance(Native Method)
04-19 17:45:23.501 6934 6934 W System.err: at android.app.AppComponentFactory.instantiateApplication(AppComponentFactory.java:76)
04-19 17:45:23.501 6934 6934 W System.err: at androidx.core.app.CoreComponentFactory.instantiateApplication(Unknown Source:0)
04-19 17:45:23.501 6934 6934 W System.err: at android.app.Instrumentation.newApplication(Instrumentation.java:1236)
04-19 17:45:23.501 6934 6934 W System.err: at android.app.LoadedApk.makeApplicationInner(LoadedApk.java:1466)
04-19 17:45:23.501 6934 6934 W System.err: at android.app.LoadedApk.makeApplicationInner(LoadedApk.java:1403)
04-19 17:45:23.501 6934 6934 W System.err: at android.app.ActivityThread.handleBindApplication(ActivityThread.java:6992)
04-19 17:45:23.501 6934 6934 W System.err: at android.app.ActivityThread.-$ $Nest$mhandleBindApplication(Unknown Source:0)
04-19 17:45:23.501 6934 6934 W System.err: at android.app.ActivityThread$H.handleMessage(ActivityThread.java:2260)
04-19 17:45:23.501 6934 6934 W System.err: at android.os.Handler.dispatchMessage(Handler.java:106)
04-19 17:45:23.501 6934 6934 W System.err: at android.os.Looper.loopOnce(Looper.java:201)
04-19 17:45:23.501 6934 6934 W System.err: at android.os.Looper.loop(Looper.java:288)
04-19 17:45:23.501 6934 6934 W System.err: at android.app.ActivityThread.main(ActivityThread.java:8194)
04-19 17:45:23.501 6934 6934 W System.err: at java.lang.reflect.Method.invoke(Native Method)
04-19 17:45:23.501 6934 6934 W System.err: at com.android.internal.os.RuntimeInit$MethodAndArgsCaller.run(RuntimeInit.java:703)
04-19 17:45:23.501 6934 6934 W System.err: at com.android.internal.os.ZygoteInit.main(ZygoteInit.java:911)
04-19 17:45:23.711 6934 6934 W CheckTime: App running slow: Executing handleBindApplication : makeApplication took 280ms
04-19 17:45:23.754 6934 6934 E CustomActivityOnCrash: IMPORTANT WARNING! You already have an UncaughtExceptionHandler, are you sure this is correct? If you use a custom UncaughtExceptionHandler, you must initialize it AFTER CustomActivityOnCrash! Installing anyway, but your original handler will not be called.
04-19 17:45:24.101 6934 6934 W CheckTime: App running slow: Executing handleBindApplication : installContentProviders took 389ms
04-19 17:45:25.213 6934 6943 W com.mbwhatsapp: Suspending all threads took: 9.155ms
04-19 17:45:25.314 7086 7086 W logcat : type=1400 audit(0.0:727): avc: denied { ioctl } for path="/storage/emulated/0/Download/FMThemes/MBLogs/logcat.txt" dev="fuse" ino=131663 ioctlcmd=0xf50d scontext=u:r:untrusted_app:s0:c213,c256,c512,c768 tcontext=u:object_r:fuse:s0 tclass=file permissive=0 app=com.mbwhatsapp
04-19 17:45:25.337 6934 6934 W com.mbwhatsapp: Accessing hidden method Lcom/android/org/conscrypt/OpenSSLSocketImpl;->setUseSessionTickets(Z)V (max- target-q,core-platform-api, reflection, denied)
04-19 17:45:25.337 6934 6934 W com.mbwhatsapp: Accessing hidden method Lcom/android/org/conscrypt/AbstractConscryptSocket;->setUseSessionTickets(Z)V (max- target-q, reflection, denied)
04-19 17:45:25.418 6934 6934 W com.mbwhatsapp: type=1400 audit(0.0:728): avc: granted { execute } for path="/data/data/com.mbwhatsapp/files/decompressed/libs.spk.zst/libc++_shared.so" dev="dm-44" ino=133939 scontext=u:r:untrusted_app:s0:c213,c256,c512,c768 tcontext=u:object_r:app_data_file:s0:c213,c256,c512,c768 tclass=file app=com.mbwhatsapp
04-19 17:45:25.646 6934 6934 W com.mbwhatsapp: type=1400 audit(0.0:731): avc: granted { execute } for path="/data/data/com.mbwhatsapp/files/decompressed/libs.spk.zst/libcurve25519.so" dev="dm-44" ino=95008 scontext=u:r:untrusted_app:s0:c213,c256,c512,c768 tcontext=u:object_r:app_data_file:s0:c213,c256,c512,c768 tclass=file app=com.mbwhatsapp
04-19 17:45:25.718 6934 6934 W com.mbwhatsapp: type=1400 audit(0.0:732): avc: granted { execute } for path="/data/data/com.mbwhatsapp/files/decompressed/libs.spk.zst/libwhatsapp.so" dev="dm-44" ino=129795 scontext=u:r:untrusted_app:s0:c213,c256,c512,c768 tcontext=u:object_r:app_data_file:s0:c213,c256,c512,c768 tclass=file app=com.mbwhatsapp
04-19 17:45:25.722 6934 6934 W com.mbwhatsapp: type=1400 audit(0.0:733): avc: granted { execute } for path="/data/data/com.mbwhatsapp/files/decompressed/libs.spk.zst/libwhatsapp.so" dev="dm-44" ino=129795 scontext=u:r:untrusted_app:s0:c213,c256,c512,c768 tcontext=u:object_r:app_data_file:s0:c213,c256,c512,c768 tclass=file app=com.mbwhatsapp
04-19 17:45:25.722 6934 6934 W com.mbwhatsapp: type=1400 audit(0.0:734): avc: granted { execute } for path="/data/data/com.mbwhatsapp/files/decompressed/libs.spk.zst/libwhatsapp.so" dev="dm-44" ino=129795 scontext=u:r:untrusted_app:s0:c213,c256,c512,c768 tcontext=u:object_r:app_data_file:s0:c213,c256,c512,c768 tclass=file app=com.mbwhatsapp
04-19 17:45:25.910 6934 6934 W CheckTime: App running slow: Executing handleBindApplication : callApplicationOnCreate took 1809ms
04-19 17:45:25.916 6934 6934 W CheckTime: App running slow: Executing com.mbwhatsapp.ExternalMediaManager$ExternalMediaStateReceiver scheduleReceive took 2646ms
04-19 17:45:25.935 6934 7179 W com.mbwhatsapp: Method void X.2rL.A03(java.lang.Integer) failed lock verification and will run slower.
04-19 17:45:25.935 6934 7179 W com.mbwhatsapp: Common causes for lock verification issues are non-optimized dex code
04-19 17:45:25.935 6934 7179 W com.mbwhatsapp: and incorrect proguard optimizations.
04-19 18:01:21.719 6934 6945 W System : A resource failed to call close.
04-19 18:01:21.720 6934 6945 W System : A resource failed to call close.
04-19 18:01:29.268 6934 6945 W System : A resource failed to call close.
04-19 18:01:29.268 6934 6945 W System : A resource failed to call close.
04-19 18:01:29.268 6934 6945 W System : A resource failed to call close.
04-19 18:01:29.268 6934 6945 W System : A resource failed to call close.
04-19 18:01:29.268 6934 6945 W System : A resource failed to call close.
04-19 18:01:29.268 6934 6945 W System : A resource failed to call close.
04-19 18:01:29.268 6934 6945 W System : A resource failed to call close.
04-19 18:01:29.268 6934 6945 W System : A resource failed to call close.
04-19 18:01:29.268 6934 6945 W System : A resource failed to call close.
04-19 18:01:29.268 6934 6945 W System : A resource failed to call close.
04-19 18:01:29.268 6934 6945 W System : A resource failed to call close.
04-19 18:01:29.268 6934 6945 W System : A resource failed to call close.
04-19 18:01:29.268 6934 6945 W System : A resource failed to call close.
04-19 18:01:29.268 6934 6945 W System : A resource failed to call close.
04-19 18:01:29.268 6934 6945 W System : A resource failed to call close.
04-19 18:01:29.269 6934 6945 W System : A resource failed to call close.
04-19 18:01:29.269 6934 6945 W System : A resource failed to call close.
04-19 18:01:29.269 6934 6945 W System : A resource failed to call close.
04-19 18:01:29.269 6934 6945 W System : A resource failed to call close.
04-19 18:01:29.269 6934 6945 W System : A resource failed to call close.
04-19 18:01:29.269 6934 6945 W System : A resource failed to call close.
04-19 18:01:29.269 6934 6945 W System : A resource failed to call close.
04-19 18:01:29.269 6934 6945 W System : A resource failed to call close.
04-19 18:01:29.269 6934 6945 W System : A resource failed to call close.
04-19 18:01:29.269 6934 6945 W System : A resource failed to call close.
04-19 18:01:29.269 6934 6945 W System : A resource failed to call close.
04-19 18:01:29.269 6934 6945 W System : A resource failed to call close.
04-19 18:01:29.269 6934 6945 W System : A resource failed to call close.
04-19 18:01:29.269 6934 6945 W System : A resource failed to call close.
04-19 18:01:29.269 6934 6945 W System : A resource failed to call close.
04-19 18:01:29.269 6934 6945 W System : A resource failed to call close.
04-19 18:01:29.269 6934 6945 W System : A resource failed to call close.
04-19 18:01:29.269 6934 6945 W System : A resource failed to call close.
04-19 18:01:29.269 6934 6945 W System : A resource failed to call close.
04-19 18:01:29.269 6934 6945 W System : A resource failed to call close.
04-19 18:01:29.269 6934 6945 W System : A resource failed to call close.
04-19 18:01:29.269 6934 6945 W System : A resource failed to call close.
04-19 18:01:29.269 6934 6945 W System : A resource failed to call close.
04-19 18:01:29.269 6934 6945 W System : A resource failed to call close.
04-19 18:01:29.269 6934 6945 W System : A resource failed to call close.
04-19 18:01:29.269 6934 6945 W System : A resource failed to call close.
04-19 18:01:29.269 6934 6945 W System : A resource failed to call close.
04-19 18:01:29.269 6934 6945 W System : A resource failed to call close.
04-19 18:01:29.269 6934 6945 W System : A resource failed to call close.
04-19 18:01:29.269 6934 6945 W System : A resource failed to call close.
04-19 18:01:29.269 6934 6945 W System : A resource failed to call close.
04-19 18:01:29.269 6934 6945 W System : A resource failed to call close.
04-19 18:01:29.269 6934 6945 W System : A resource failed to call close.
04-19 18:01:29.269 6934 6945 W System : A resource failed to call close.
04-19 18:01:29.269 6934 6945 W System : A resource failed to call close.
04-19 18:01:29.269 6934 6945 W System : A resource failed to call close.
04-19 18:01:29.269 6934 6945 W System : A resource failed to call close.
04-19 18:01:29.269 6934 6945 W System : A resource failed to call close.
04-19 18:01:29.269 6934 6945 W System : A resource failed to call close.
04-19 18:01:29.269 6934 6945 W System : A resource failed to call close.
04-19 18:01:29.269 6934 6945 W System : A resource failed to call close.
04-19 18:01:29.269 6934 6945 W System : A resource failed to call close.
04-19 18:01:29.269 6934 6945 W System : A resource failed to call close.
04-19 18:01:29.269 6934 6945 W System : A resource failed to call close.
04-19 18:01:29.269 6934 6945 W System : A resource failed to call close.
04-19 18:01:29.270 6934 6945 W System : A resource failed to call close.
04-19 18:01:29.629 6934 6945 W System : A resource failed to call close.
04-19 18:01:29.629 6934 6945 W System : A resource failed to call close.
04-19 18:01:29.629 6934 6945 W System : A resource failed to call close.
04-19 18:01:29.629 6934 6945 W System : A resource failed to call close.
04-19 18:01:29.629 6934 6945 W System : A resource failed to call close.
04-19 18:01:29.629 6934 6945 W System : A resource failed to call close.
04-19 18:01:29.629 6934 6945 W System : A resource failed to call close.
04-19 18:01:29.629 6934 6945 W System : A resource failed to call close.
04-19 18:01:29.629 6934 6945 W System : A resource failed to call close.
04-19 18:01:29.629 6934 6945 W System : A resource failed to call close.
04-19 18:01:29.629 6934 6945 W System : A resource failed to call close.
04-19 18:01:29.629 6934 6945 W System : A resource failed to call close.
04-19 18:01:29.629 6934 6945 W System : A resource failed to call close.
04-19 18:01:29.629 6934 6945 W System : A resource failed to call close.
04-19 18:01:29.629 6934 6945 W System : A resource failed to call close.
04-19 18:01:29.629 6934 6945 W System : A resource failed to call close.
04-19 18:01:29.629 6934 6945 W System : A resource failed to call close.
04-19 18:01:29.630 6934 6945 W System : A resource failed to call close.
04-19 18:01:29.630 6934 6945 W System : A resource failed to call close.
04-19 18:01:29.630 6934 6945 W System : A resource failed to call close.
04-19 18:01:29.630 6934 6945 W System : A resource failed to call close.
04-19 18:01:29.630 6934 6945 W System : A resource failed to call close.
04-19 18:01:29.630 6934 6945 W System : A resource failed to call close.
04-19 18:01:29.630 6934 6945 W System : A resource failed to call close.
04-19 18:01:29.630 6934 6945 W System : A resource failed to call close.
04-19 18:01:29.630 6934 6945 W System : A resource failed to call close.
04-19 18:01:29.630 6934 6945 W System : A resource failed to call close.
04-19 18:01:29.630 6934 6945 W System : A resource failed to call close.
04-19 18:01:29.630 6934 6945 W System : A resource failed to call close.
04-19 18:01:29.630 6934 6945 W System : A resource failed to call close.
04-19 18:01:29.630 6934 6945 W System : A resource failed to call close.
04-19 18:01:29.630 6934 6945 W System : A resource failed to call close.
04-19 18:01:29.630 6934 6945 W System : A resource failed to call close.
04-19 18:01:29.630 6934 6945 W System : A resource failed to call close.
04-19 18:01:29.630 6934 6945 W System : A resource failed to call close.
04-19 18:01:29.630 6934 6945 W System : A resource failed to call close.
04-19 18:01:29.630 6934 6945 W System : A resource failed to call close.
04-19 18:01:29.630 6934 6945 W System : A resource failed to call close.
04-19 18:01:29.630 6934 6945 W System : A resource failed to call close.
04-19 18:01:29.630 6934 6945 W System : A resource failed to call close.
04-19 18:01:29.630 6934 6945 W System : A resource failed to call close.
04-19 18:01:29.630 6934 6945 W System : A resource failed to call close.
04-19 18:01:29.630 6934 6945 W System : A resource failed to call close.
04-19 18:01:29.630 6934 6945 W System : A resource failed to call close.
04-19 18:01:29.630 6934 6945 W System : A resource failed to call close.
04-19 18:01:29.630 6934 6945 W System : A resource failed to call close.
04-19 18:01:29.630 6934 6945 W System : A resource failed to call close.
04-19 18:01:29.630 6934 6945 W System : A resource failed to call close.
04-19 18:01:29.630 6934 6945 W System : A resource failed to call close.
04-19 18:01:29.630 6934 6945 W System : A resource failed to call close.
04-19 18:01:29.630 6934 6945 W System : A resource failed to call close.
04-19 18:01:29.630 6934 6945 W System : A resource failed to call close.
04-19 18:01:29.630 6934 6945 W System : A resource failed to call close.
04-19 18:01:29.630 6934 6945 W System : A resource failed to call close.
04-19 18:01:29.630 6934 6945 W System : A resource failed to call close.
04-19 18:01:29.630 6934 6945 W System : A resource failed to call close.
04-19 18:01:29.630 6934 6945 W System : A resource failed to call close.
04-19 18:01:29.630 6934 6945 W System : A resource failed to call close.
04-19 18:01:29.630 6934 6945 W System : A resource failed to call close.
04-19 18:01:29.630 6934 6945 W System : A resource failed to call close.
04-19 18:01:29.630 6934 6945 W System : A resource failed to call close.
04-19 18:01:29.630 6934 6945 W System : A resource failed to call close.
04-19 18:01:29.630 6934 6945 W System : A resource failed to call close.
04-19 18:01:29.630 6934 6945 W System : A resource failed to call close.
04-19 18:01:29.630 6934 6945 W System : A resource failed to call close.
04-19 18:01:29.630 6934 6945 W System : A resource failed to call close.
04-19 18:01:29.630 6934 6945 W System : A resource failed to call close.
04-19 18:01:29.631 6934 6945 W System : A resource failed to call close.
04-19 18:01:29.631 6934 6945 W System : A resource failed to call close.
04-19 18:01:29.631 6934 6945 W System : A resource failed to call close.
04-19 18:01:29.631 6934 6945 W System : A resource failed to call close.
04-19 18:01:29.631 6934 6945 W System : A resource failed to call close.
04-19 18:01:29.631 6934 6945 W System : A resource failed to call close.
04-19 18:01:29.631 6934 6945 W System : A resource failed to call close.
04-19 18:01:29.631 6934 6945 W System : A resource failed to call close.
04-19 18:01:29.631 6934 6945 W System : A resource failed to call close.
04-19 18:01:29.631 6934 6945 W System : A resource failed to call close.
04-19 18:01:29.631 6934 6945 W System : A resource failed to call close.
04-19 18:01:29.631 6934 6945 W System : A resource failed to call close.
04-19 18:01:29.631 6934 6945 W System : A resource failed to call close.
04-19 18:01:29.631 6934 6945 W System : A resource failed to call close.
04-19 18:01:29.631 6934 6945 W System : A resource failed to call close.
04-19 18:01:29.631 6934 6945 W System : A resource failed to call close.
04-19 18:01:29.631 6934 6945 W System : A resource failed to call close.
04-19 18:01:29.631 6934 6945 W System : A resource failed to call close.
04-19 18:01:29.631 6934 6945 W System : A resource failed to call close.
04-19 18:01:29.631 6934 6945 W System : A resource failed to call close.
04-19 18:01:29.631 6934 6945 W System : A resource failed to call close.
04-19 18:01:29.631 6934 6945 W System : A resource failed to call close.
04-19 18:01:29.631 6934 6945 W System : A resource failed to call close.
04-19 18:01:29.631 6934 6945 W System : A resource failed to call close.
04-19 18:01:29.631 6934 6945 W System : A resource failed to call close.
04-19 18:01:43.947 6934 6945 W System : A resource failed to call close.
04-19 18:01:43.947 6934 6945 W System : A resource failed to call close.
04-19 18:01:43.947 6934 6945 W System : A resource failed to call close.
04-19 18:01:43.947 6934 6945 W System : A resource failed to call close.
04-19 18:01:43.947 6934 6945 W System : A resource failed to call close.
04-19 18:01:43.947 6934 6945 W System : A resource failed to call close.
04-19 18:01:43.947 6934 6945 W System : A resource failed to call close.
04-19 18:01:43.947 6934 6945 W System : A resource failed to call close.
04-19 18:01:43.947 6934 6945 W System : A resource failed to call close.
04-19 18:01:43.947 6934 6945 W System : A resource failed to call close.
04-19 18:01:43.947 6934 6945 W System : A resource failed to call close.
04-19 18:01:43.947 6934 6945 W System : A resource failed to call close.
04-19 18:01:43.947 6934 6945 W System : A resource failed to call close.
04-19 18:01:43.947 6934 6945 W System : A resource failed to call close.
04-19 18:01:43.947 6934 6945 W System : A resource failed to call close.
04-19 18:01:43.947 6934 6945 W System : A resource failed to call close.
04-19 18:01:43.947 6934 6945 W System : A resource failed to call close.
04-19 18:01:43.947 6934 6945 W System : A resource failed to call close.
04-19 18:01:43.947 6934 6945 W System : A resource failed to call close.
04-19 18:01:43.947 6934 6945 W System : A resource failed to call close.
04-19 18:01:43.947 6934 6945 W System : A resource failed to call close.
04-19 18:01:43.947 6934 6945 W System : A resource failed to call close.
04-19 18:01:43.947 6934 6945 W--------- beginning of main
04-19 18:05:20.749 11245 11245 E com.mbwhatsapp: Not starting debugger since process cannot load the jdwp agent.
04-19 18:05:20.761 11245 11245 W ziparchive: Unable to open '/system_ext/framework/unisoc-framework.dm': No such file or directory
04-19 18:05:20.761 11245 11245 W ziparchive: Unable to open '/system_ext/framework/unisoc-framework.dm': No such file or directory
04-19 18:05:20.772 11245 11276 E com.mbwhatsapp: Could not write anonymous vdex /system_ext/framework/oat/arm64/unisoc-framework.vdex: Could not open /system_ext/framework/oat/arm64/unisoc-framework.vdex for writing
04-19 18:05:20.953 11245 11245 W System.err: java.lang.ClassNotFoundException: mbmodsd.mbmodsw.ui.views.btn.BtnBK
04-19 18:05:20.954 11245 11245 W System.err: at java.lang.Runtime.nativeLoad(Native Method)
04-19 18:05:20.954 11245 11245 W System.err: at java.lang.Runtime.nativeLoad(Runtime.java:1126)
04-19 18:05:20.954 11245 11245 W System.err: at java.lang.Runtime.loadLibrary0(Runtime.java:1080)
04-19 18:05:20.954 11245 11245 W System.err: at java.lang.Runtime.loadLibrary0(Runtime.java:1003)
04-19 18:05:20.954 11245 11245 W System.err: at java.lang.System.loadLibrary(System.java:1661)
04-19 18:05:20.954 11245 11245 W System.err: at arm.EpicVm.<clinit>(Unknown Source:2)
04-19 18:05:20.954 11245 11245 W System.err: at java.lang.Class.newInstance(Native Method)
04-19 18:05:20.954 11245 11245 W System.err: at android.app.AppComponentFactory.instantiateApplication(AppComponentFactory.java:76)
04-19 18:05:20.954 11245 11245 W System.err: at androidx.core.app.CoreComponentFactory.instantiateApplication(Unknown Source:0)
04-19 18:05:20.954 11245 11245 W System.err: at android.app.Instrumentation.newApplication(Instrumentation.java:1236)
04-19 18:05:20.954 11245 11245 W System.err: at android.app.LoadedApk.makeApplicationInner(LoadedApk.java:1466)
04-19 18:05:20.954 11245 11245 W System.err: at android.app.LoadedApk.makeApplicationInner(LoadedApk.java:1403)
04-19 18:05:20.954 11245 11245 W System.err: at android.app.ActivityThread.handleBindApplication(ActivityThread.java:6992)
04-19 18:05:20.954 11245 11245 W System.err: at android.app.ActivityThread.-$ $Nest$mhandleBindApplication(Unknown Source:0)
04-19 18:05:20.954 11245 11245 W System.err: at android.app.ActivityThread$H.handleMessage(ActivityThread.java:2260)
04-19 18:05:20.954 11245 11245 W System.err: at android.os.Handler.dispatchMessage(Handler.java:106)
04-19 18:05:20.954 11245 11245 W System.err: at android.os.Looper.loopOnce(Looper.java:201)
04-19 18:05:20.954 11245 11245 W System.err: at android.os.Looper.loop(Looper.java:288)
04-19 18:05:20.954 11245 11245 W System.err: at android.app.ActivityThread.main(ActivityThread.java:8194)
04-19 18:05:20.954 11245 11245 W System.err: at java.lang.reflect.Method.invoke(Native Method)
04-19 18:05:20.954 11245 11245 W System.err: at com.android.internal.os.RuntimeInit$MethodAndArgsCaller.run(RuntimeInit.java:703)
04-19 18:05:20.954 11245 11245 W System.err: at com.android.internal.os.ZygoteInit.main(ZygoteInit.java:911)
04-19 18:05:20.982 11245 11245 E CustomActivityOnCrash: IMPORTANT WARNING! You already have an UncaughtExceptionHandler, are you sure this is correct? If you use a custom UncaughtExceptionHandler, you must initialize it AFTER CustomActivityOnCrash! Installing anyway, but your original handler will not be called.
04-19 18:05:21.442 11245 11245 W com.mbwhatsapp: Accessing hidden method Lcom/android/org/conscrypt/OpenSSLSocketImpl;->setUseSessionTickets(Z)V (max- target-q,core-platform-api, reflection, denied)
04-19 18:05:21.442 11245 11245 W com.mbwhatsapp: Accessing hidden method Lcom/android/org/conscrypt/AbstractConscryptSocket;->setUseSessionTickets(Z)V (max- target-q, reflection, denied)
04-19 18:05:21.743 11245 11245 W CheckTime: App running slow: Executing handleBindApplication : callApplicationOnCreate took 653ms
04-19 18:05:21.746 11245 11376 W com.mbwhatsapp: Method void X.2rL.A03(java.lang.Integer) failed lock verification and will run slower.
04-19 18:05:21.746 11245 11376 W --------- beginning of main
04-19 18:12:56.603 12664 12664 E com.mbwhatsapp: Not starting debugger since process cannot load the jdwp agent.
04-19 18:12:56.612 12664 12664 W ziparchive: Unable to open '/system_ext/framework/unisoc-framework.dm': No such file or directory
04-19 18:12:56.613 12664 12664 W ziparchive: Unable to open '/system_ext/framework/unisoc-framework.dm': No such file or directory
04-19 18:12:56.621 12664 12679 E com.mbwhatsapp: Could not write anonymous vdex /system_ext/framework/oat/arm64/unisoc-framework.vdex: Could not open /system_ext/framework/oat/arm64/unisoc-framework.vdex for writing
04-19 18:12:56.741 12664 12664 W System.err: java.lang.ClassNotFoundException: mbmodsd.mbmodsw.ui.views.btn.BtnBK
04-19 18:12:56.741 12664 12664 W System.err: at java.lang.Runtime.nativeLoad(Native Method)
04-19 18:12:56.741 12664 12664 W System.err: at java.lang.Runtime.nativeLoad(Runtime.java:1126)
04-19 18:12:56.741 12664 12664 W System.err: at java.lang.Runtime.loadLibrary0(Runtime.java:1080)
04-19 18:12:56.742 12664 12664 W System.err: at java.lang.Runtime.loadLibrary0(Runtime.java:1003)
04-19 18:12:56.742 12664 12664 W System.err: at java.lang.System.loadLibrary(System.java:1661)
04-19 18:12:56.742 12664 12664 W System.err: at arm.EpicVm.<clinit>(Unknown Source:2)
04-19 18:12:56.742 12664 12664 W System.err: at java.lang.Class.newInstance(Native Method)
04-19 18:12:56.742 12664 12664 W System.err: at android.app.AppComponentFactory.instantiateApplication(AppComponentFactory.java:76)
04-19 18:12:56.742 12664 12664 W System.err: at androidx.core.app.CoreComponentFactory.instantiateApplication(Unknown Source:0)
04-19 18:12:56.742 12664 12664 W System.err: at android.app.Instrumentation.newApplication(Instrumentation.java:1236)
04-19 18:12:56.742 12664 12664 W System.err: at android.app.LoadedApk.makeApplicationInner(LoadedApk.java:1466)
04-19 18:12:56.742 12664 12664 W System.err: at android.app.LoadedApk.makeApplicationInner(LoadedApk.java:1403)
04-19 18:12:56.742 12664 12664 W System.err: at android.app.ActivityThread.handleBindApplication(ActivityThread.java:6992)
04-19 18:12:56.742 12664 12664 W System.err: at android.app.ActivityThread.-$ $Nest$mhandleBindApplication(Unknown Source:0)
04-19 18:12:56.742 12664 12664 W System.err: at android.app.ActivityThread$H.handleMessage(ActivityThread.java:2260)
04-19 18:12:56.742 12664 12664 W System.err: at android.os.Handler.dispatchMessage(Handler.java:106)
04-19 18:12:56.742 12664 12664 W System.err: at android.os.Looper.loopOnce(Looper.java:201)
04-19 18:12:56.742 12664 12664 W System.err: at android.os.Looper.loop(Looper.java:288)
04-19 18:12:56.742 12664 12664 W System.err: at android.app.ActivityThread.main(ActivityThread.java:8194)
04-19 18:12:56.742 12664 12664 W System.err: at java.lang.reflect.Method.invoke(Native Method)
04-19 18:12:56.742 12664 12664 W System.err: at com.android.internal.os.RuntimeInit$MethodAndArgsCaller.run(RuntimeInit.java:703)
04-19 18:12:56.742 12664 12664 W System.err: at com.android.internal.os.ZygoteInit.main(ZygoteInit.java:911)
04-19 18:12:56.752 12664 12664 E CustomActivityOnCrash: IMPORTANT WARNING! You already have an UncaughtExceptionHandler, are you sure this is correct? If you use a custom UncaughtExceptionHandler, you must initialize it AFTER CustomActivityOnCrash! Installing anyway, but your original handler will not be called.
04-19 18:12:56.973 12664 12664 W com.mbwhatsapp: Accessing hidden method Lcom/android/org/conscrypt/OpenSSLSocketImpl;->setUseSessionTickets(Z)V (max- target-q,core-platform-api, reflection, denied)
04-19 18:12:56.973 12664 12664 W com.mbwhatsapp: Accessing hidden method Lcom/android/org/conscrypt/AbstractConscryptSocket;->setUseSessionTickets(Z)V (max- target-q, reflection, denied)
04-19 18:12:56.993 12664 12664 W com.mbwhatsapp: type=1400 audit(0.0:2986): avc: granted { execute } for path="/data/data/com.mbwhatsapp/files/decompressed/libs.spk.zst/libc++_shared.so" dev="dm-44" ino=133939 scontext=u:r:untrusted_app:s0:c213,c256,c512,c768 tcontext=u:object_r:app_data_file:s0:c21--------- beginning of main
04-19 18:16:37.088 13747 13747 E com.mbwhatsapp: Not starting debugger since process cannot load the jdwp agent.
04-19 18:16:37.095 13747 13747 W ziparchive: Unable to open '/system_ext/framework/unisoc-framework.dm': No such file or directory
04-19 18:16:37.095 13747 13747 W ziparchive: Unable to open '/system_ext/framework/unisoc-framework.dm': No such file or directory
04-19 18:16:37.130 13747 13762 E com.mbwhatsapp: Could not write anonymous vdex /system_ext/framework/oat/arm64/unisoc-framework.vdex: Could not open /system_ext/framework/oat/arm64/unisoc-framework.vdex for writing
04-19 18:16:37.219 13747 13747 W System.err: java.lang.ClassNotFoundException: mbmodsd.mbmodsw.ui.views.btn.BtnBK
04-19 18:16:37.219 13747 13747 W System.err: at java.lang.Runtime.nativeLoad(Native Method)
04-19 18:16:37.219 13747 13747 W System.err: at java.lang.Runtime.nativeLoad(Runtime.java:1126)
04-19 18:16:37.219 13747 13747 W System.err: at java.lang.Runtime.loadLibrary0(Runtime.java:1080)
04-19 18:16:37.219 13747 13747 W System.err: at java.lang.Runtime.loadLibrary0(Runtime.java:1003)
04-19 18:16:37.220 13747 13747 W System.err: at java.lang.System.loadLibrary(System.java:1661)
04-19 18:16:37.220 13747 13747 W System.err: at arm.EpicVm.<clinit>(Unknown Source:2)
04-19 18:16:37.220 13747 13747 W System.err: at java.lang.Class.newInstance(Native Method)
04-19 18:16:37.220 13747 13747 W System.err: at android.app.AppComponentFactory.instantiateApplication(AppComponentFactory.java:76)
04-19 18:16:37.220 13747 13747 W System.err: at androidx.core.app.CoreComponentFactory.instantiateApplication(Unknown Source:0)
04-19 18:16:37.220 13747 13747 W System.err: at android.app.Instrumentation.newApplication(Instrumentation.java:1236)
04-19 18:16:37.220 13747 13747 W System.err: at android.app.LoadedApk.makeApplicationInner(LoadedApk.java:1466)
04-19 18:16:37.220 13747 13747 W System.err: at android.app.LoadedApk.makeApplicationInner(LoadedApk.java:1403)
04-19 18:16:37.220 13747 13747 W System.err: at android.app.ActivityThread.handleBindApplication(ActivityThread.java:6992)
04-19 18:16:37.220 13747 13747 W System.err: at android.app.ActivityThread.-$ $Nest$mhandleBindApplication(Unknown Source:0)
04-19 18:16:37.220 13747 13747 W System.err: at android.app.ActivityThread$H.handleMessage(ActivityThread.java:2260)
04-19 18:16:37.220 13747 13747 W System.err: at android.os.Handler.dispatchMessage(Handler.java:106)
