03-28 12:02:53.784 18364 18364 E ArmVmp : Match on catch block at 0xc3 in for 0xa1
03-28 12:02:53.786 18364 18364 E ArmVmp : Match on catch block at 0xc3 in for 0xa1
03-28 12:02:53.796 18364 18364 E ArmVmp : Match on catch block at 0xc3 in for 0xa5
03-28 12:02:53.800 18364 18364 E ArmVmp : Match on catch block at 0xc3 in for 0xa9
03-28 12:02:53.803 18364 18364 E ArmVmp : Match on catch block at 0xc3 in for 0xa9
03-28 12:02:53.813 18364 18364 E ArmVmp : Match on catch block at 0xc3 in for 0xa1
03-28 12:02:53.817 18364 18364 E ArmVmp : Match on catch block at 0xc3 in for 0xa5
03-28 12:02:53.819 18364 18364 E ArmVmp : Match on catch block at 0xc3 in for 0xa5
03-28 12:02:53.830 18364 18364 E ArmVmp : Match on catch block at 0xc3 in for 0xa9
03-28 12:02:53.834 18364 18364 E ArmVmp : Match on catch block at 0xc3 in for 0xa1
03-28 12:02:53.837 18364 18364 E ArmVmp : Match on catch block at 0xc3 in for 0xa1
03-28 12:02:53.846 18364 18364 E ArmVmp : Match on catch block at 0xc3 in for 0xa5
03-28 12:02:53.850 18364 18364 E ArmVmp : Match on catch block at 0xc3 in for 0xa9
03-28 12:02:53.853 18364 18364 E ArmVmp : Match on catch block at 0xc3 in for 0xa9
03-28 12:02:53.863 18364 18364 E ArmVmp : Match on catch block at 0xc3 in for 0xa1
03-28 12:02:53.868 18364 18364 E ArmVmp : Match on catch block at 0xc3 in for 0xa5
03-28 12:02:53.871 18364 18364 E ArmVmp : Match on catch block at 0xc3 in for 0xa5
03-28 12:02:53.879 18364 18364 E ArmVmp : Match on catch block at 0xc3 in for 0xa9
03-28 12:02:53.883 18364 18364 E ArmVmp : Match on catch block at 0xc3 in for 0xa1
03-28 12:02:53.886 18364 18364 E ArmVmp : Match on catch block at 0xc3 in for 0xa1
03-28 12:02:53.896 18364 18364 E ArmVmp : Match on catch block at 0xc3 in for 0xa5
03-28 12:02:53.899 18364 18364 E ArmVmp : Match on catch block at 0xc3 in for 0xa9
03-28 12:02:53.902 18364 18364 E ArmVmp : Match on catch block at 0xc3 in for 0xa9
03-28 12:02:53.913 18364 18364 E ArmVmp : Match on catch block at 0xc3 in for 0xa1
03-28 12:02:53.916 18364 18364 E ArmVmp : Match on catch block at 0xc3 in for 0xa5
03-28 12:02:53.920 18364 18364 E ArmVmp : Match on catch block at 0xc3 in for 0xa5
03-28 12:02:53.929 18364 18364 E ArmVmp : Match on catch block at 0xc3 in for 0xa9
03-28 12:02:53.933 18364 18364 E ArmVmp : Match on catch block at 0xc3 in for 0xa1
03-28 12:02:53.936 18364 18364 E ArmVmp : Match on catch block at 0xc3 in for 0xa1
03-28 12:02:53.946 18364 18364 E ArmVmp : Match on catch block at 0xc3 in for 0xa5
03-28 12:02:53.950 18364 18364 E ArmVmp : Match on catch block at 0xc3 in for 0xa9
03-28 12:02:53.953 18364 18364 E ArmVmp : Match on catch block at 0xc3 in for 0xa9
03-28 12:02:53.963 18364 18364 E ArmVmp : Match on catch block at 0xc3 in for 0xa1
03-28 12:02:53.967 18364 18364 E ArmVmp : Match on catch block at 0xc3 in for 0xa5
03-28 12:02:53.969 18364 18364 E ArmVmp : Match on catch block at 0xc3 in for 0xa5
03-28 12:02:54.007 18364 18364 E ArmVmp : Match on catch block at 0xc3 in for 0xa5
03-28 12:02:54.013 18364 18364 E ArmVmp : Match on catch block at 0xc3 in for 0xa9
03-28 12:02:54.018 18364 18364 E ArmVmp : Match on catch block at 0xc3 in for 0xa9
03-28 12:02:54.026 18364 18364 E ArmVmp : Match on catch block at 0xc3 in for 0xa1
03-28 12:02:54.031 18364 18364 E ArmVmp : Match on catch block at 0xc3 in for 0xa5
03-28 12:02:54.034 18364 18364 E ArmVmp : Match on catch block at 0xc3 in for 0xa5
03-28 12:02:54.219 18364 18364 E ArmVmp : Match on catch block at 0xc3 in for 0xa9
03-28 12:02:54.232 18364 18364 E ArmVmp : Match on catch block at 0xc3 in for 0xa1
03-28 12:02:54.237 18364 18364 E ArmVmp : Match on catch block at 0xc3 in for 0xa1
03-28 12:02:54.722 18364 18364 E ArmVmp : Match on catch block at 0xc3 in for 0xa5
03-28 12:02:54.741 18364 18364 E ArmVmp : Match on catch block at 0xc3 in for 0xa9
03-28 12:02:54.748 18364 18364 E ArmVmp : Match on catch block at 0xc3 in for 0xa9
03-28 12:02:55.220 18364 18364 E ArmVmp : Match on catch block at 0xc3 in for 0xa1
03-28 12:02:55.236 18364 18364 E ArmVmp : Match on catch block at 0xc3 in for 0xa5
03-28 12:02:55.244 18364 18364 E ArmVmp : Match on catch block at 0xc3 in for 0xa5
03-28 12:02:55.428 18364 18364 W InputEventReceiver: App Input: Dispatching InputEvent took 118ms in main thread! (MotionEvent: event_seq=1, seq=2015629, action=ACTION_UP)
03-28 12:02:55.468 18364 18364 E ArmVmp : Match on catch block at 0xc3 in for 0xa1
03-28 12:02:55.473 18364 18364 E ArmVmp : Match on catch block at 0xc3 in for 0xa5
03-28 12:02:55.476 18364 18364 E ArmVmp : Match on catch block at 0xc3 in for 0xa5
03-28 12:02:55.484 18364 18364 E ArmVmp : Match on catch block at 0xc3 in for 0xa9
03-28 12:02:55.487 18364 18364 E ArmVmp : Match on catch block at 0xc3 in for 0xa1
03-28 12:02:55.490 18364 18364 E ArmVmp : Match on catch block at 0xc3 in for 0xa1
03-28 12:02:55.713 18364 18364 E ArmVmp : Match on catch block at 0xc3 in for 0xa5
03-28 12:02:55.718 18364 18364 E ArmVmp : Match on catch block at 0xc3 in for 0xa9
03-28 12:02:55.720 18364 18364 E ArmVmp : Match on catch block at 0xc3 in for 0xa9
03-28 12:02:55.898 18364 18364 E ArmVmp : Match on catch block at 0xc3 in for 0xa9
03-28 12:02:55.903 18364 18364 E ArmVmp : Match on catch block at 0xc3 in for 0xa1
03-28 12:02:55.906 18364 18364 E ArmVmp : Match on catch block at 0xc3 in for 0xa1
03-28 12:02:55.921 18364 18364 E ArmVmp : Match on catch block at 0xc3 in for 0xa5
03-28 12:02:55.925 18364 18364 E ArmVmp : Match on catch block at 0xc3 in for 0xa9
03-28 12:02:55.928 18364 18364 E ArmVmp : Match on catch block at 0xc3 in for 0xa9
03-28 12:02:56.215 18364 18364 E ArmVmp : Match on catch block at 0xc3 in for 0xa1
03-28 12:02:56.222 18364 18364 E ArmVmp : Match on catch block at 0xc3 in for 0xa5
03-28 12:02:56.226 18364 18364 E ArmVmp : Match on catch block at 0xc3 in for 0xa5
03-28 12:02:56.639 18364 18364 E ArmVmp : Match on catch block at 0xc3 in for 0xa5
03-28 12:02:56.643 18364 18364 E ArmVmp : Match on catch block at 0xc3 in for 0xa9
03-28 12:02:56.664 18364 18364 E ArmVmp : Match on catch block at 0xc3 in for 0xa9
03-28 12:02:56.669 18364 18364 E ArmVmp : Match on catch block at 0xc3 in for 0xa1
03-28 12:02:56.671 18364 18364 E ArmVmp : Match on catch block at 0xc3 in for 0xa1
03-28 12:02:56.680 18364 18364 E ArmVmp : Match on catch block at 0xc3 in for 0xa5
03-28 12:02:56.685 18364 18364 E ArmVmp : Match on catch block at 0xc3 in for 0xa9
03-28 12:02:56.688 18364 18364 E ArmVmp : Match on catch block at 0xc3 in for 0xa9
03-28 12:02:56.697 18364 18364 E ArmVmp : Match on catch block at 0xc3 in for 0xa1
03-28 12:02:56.702 18364 18364 E ArmVmp : Match on catch block at 0xc3 in for 0xa5
03-28 12:02:56.705 18364 18364 E ArmVmp : Match on catch block at 0xc3 in for 0xa5
03-28 12:02:56.713 18364 18364 E ArmVmp : Match on catch block at 0xc3 in for 0xa9
03-28 12:02:56.717 18364 18364 E ArmVmp : Match on catch block at 0xc3 in for 0xa1
03-28 12:02:56.720 18364 18364 E ArmVmp : Match on catch block at 0xc3 in for 0xa1
03-28 12:02:56.730 18364 18364 E ArmVmp : Match on catch block at 0xc3 in for 0xa5
03-28 12:02:56.734 18364 18364 E ArmVmp : Match on catch block at 0xc3 in for 0xa9
03-28 12:02:56.737 18364 18364 E ArmVmp : Match on catch block at 0xc3 in for 0xa9
03-28 12:02:56.752 18364 18364 E ArmVmp : Match on catch block at 0xc3 in for 0xa1
03-28 12:02:56.756 18364 18364 E ArmVmp : Match on catch block at 0xc3 in for 0xa5
03-28 12:02:56.759 18364 18364 E ArmVmp : Match on catch block at 0xc3 in for 0xa5
03-28 12:02:56.781 18364 18364 E ArmVmp : Match on catch block at 0xc3 in for 0xa9
03-28 12:02:56.786 18364 18364 E ArmVmp : Match on catch block at 0xc3 in for 0xa1
03-28 12:02:56.789 18364 18364 E ArmVmp : Match on catch block at 0xc3 in for 0xa1
03-28 12:02:56.798 18364 18364 E ArmVmp : Match on catch block at 0xc3 in for 0xa5
03-28 12:02:56.803 18364 18364 E ArmVmp : Match on catch block at 0xc3 in for 0xa9
03-28 12:02:56.806 18364 18364 E ArmVmp : Match on catch block at 0xc3 in for 0xa9
03-28 12:02:56.814 18364 18364 E ArmVmp : Match on catch block at 0xc3 in for 0xa1
03-28 12:02:56.819 18364 18364 E ArmVmp : Match on catch block at 0xc3 in for 0xa5
03-28 12:02:56.822 18364 18364 E ArmVmp : Match on catch block at 0xc3 in for 0xa5
03-28 12:02:56.831 18364 18364 E ArmVmp : Match on catch block at 0xc3 in for 0xa9
03-28 12:02:56.835 18364 18364 E ArmVmp : Match on catch block at 0xc3 in for 0xa1
03-28 12:02:56.839 18364 18364 E ArmVmp : Match on catch block at 0xc3 in for 0xa1
03-28 12:02:56.847 18364 18364 E ArmVmp : Match on catch block at 0xc3 in for 0xa5
03-28 12:02:56.852 18364 18364 E ArmVmp : Match on catch block at 0xc3 in for 0xa9
03-28 12:02:56.855 18364 18364 E ArmVmp : Match on catch block at 0xc3 in for 0xa9
03-28 12:02:57.236 18364 18364 E ArmVmp : Match on catch block at 0xc3 in for 0xa9
03-28 12:02:57.241 18364 18364 E ArmVmp : Match on catch block at 0xc3 in for 0xa1
03-28 12:02:57.244 18364 18364 E ArmVmp : Match on catch block at 0xc3 in for 0xa1
03-28 12:02:57.265 18364 18364 E ArmVmp : Match on catch block at 0xc3 in for 0xa5
03-28 12:02:57.270 18364 18364 E ArmVmp : Match on catch block at 0xc3 in for 0xa9
03-28 12:02:57.273 18364 18364 E ArmVmp : Match on catch block at 0xc3 in for 0xa9
03-28 12:02:57.281 18364 18364 E ArmVmp : Match on catch block at 0xc3 in for 0xa1
03-28 12:02:57.287 18364 18364 E ArmVmp : Match on catch block at 0xc3 in for 0xa5
03-28 12:02:57.290 18364 18364 E ArmVmp : Match on catch block at 0xc3 in for 0xa5
03-28 12:02:57.298 18364 18364 E ArmVmp : Match on catch block at 0xc3 in for 0xa9
03-28 12:02:57.302 18364 18364 E ArmVmp : Match on catch block at 0xc3 in for 0xa1
03-28 12:02:57.305 18364 18364 E ArmVmp : Match on catch block at 0xc3 in for 0xa1
03-28 12:02:57.314 18364 18364 E ArmVmp : Match on catch block at 0xc3 in for 0xa5
03-28 12:02:57.318 18364 18364 E ArmVmp : Match on catch block at 0xc3 in for 0xa9
03-28 12:02:57.321 18364 18364 E ArmVmp : Match on catch block at 0xc3 in for 0xa9
03-28 12:02:57.331 18364 18364 E ArmVmp : Match on catch block at 0xc3 in for 0xa1
03-28 12:02:57.336 18364 18364 E ArmVmp : Match on catch block at 0xc3 in for 0xa5
03-28 12:02:57.341 18364 18364 E ArmVmp : Match on catch block at 0xc3 in for 0xa5
03-28 12:02:57.358 18364 18364 E ArmVmp : Match on catch block at 0xc3 in for 0xa9
03-28 12:02:57.364 18364 18364 E ArmVmp : Match on catch block at 0xc3 in for 0xa1
03-28 12:02:57.369 18364 18364 E ArmVmp : Match on catch block at 0xc3 in for 0xa1
03-28 12:02:57.383 18364 18364 E ArmVmp : Match on catch block at 0xc3 in for 0xa5
03-28 12:02:57.390 18364 18364 E ArmVmp : Match on catch block at 0xc3 in for 0xa9
03-28 12:02:57.393 18364 18364 E ArmVmp : Match on catch block at 0xc3 in for 0xa9
03-28 12:02:57.416 18364 18364 E ArmVmp : Match on catch block at 0xc3 in for 0xa1
03-28 12:02:57.422 18364 18364 E ArmVmp : Match on catch block at 0xc3 in for 0xa5
03-28 12:02:57.427 18364 18364 E ArmVmp : Match on catch block at 0xc3 in for 0xa5
03-28 12:02:57.450 18364 18364 E ArmVmp : Match on catch block at 0xc3 in for 0xa9
03-28 12:02:57.456 18364 18364 E ArmVmp : Match on catch block at 0xc3 in for 0xa1
03-28 12:02:57.461 18364 18364 E ArmVmp : Match on catch block at 0xc3 in for 0xa1
03-28 12:02:57.471 18364 18364 E ArmVmp : Match on catch block at 0xc3 in for 0xa5
03-28 12:02:57.477 18364 18364 E ArmVmp : Match on catch block at 0xc3 in for 0xa9
03-28 12:02:57.481 18364 18364 E ArmVmp : Match on catch block at 0xc3 in for 0xa9
03-28 12:02:57.489 18364 18364 E ArmVmp : Match on catch block at 0xc3 in for 0xa1
03-28 12:02:57.495 18364 18364 E ArmVmp : Match on catch block at 0xc3 in for 0xa5
03-28 12:02:57.499 18364 18364 E ArmVmp : Match on catch block at 0xc3 in for 0xa5
03-28 12:02:57.516 18364 18364 E ArmVmp : Match on catch block at 0xc3 in for 0xa9
03-28 12:02:57.524 18364 18364 E ArmVmp : Match on catch block at 0xc3 in for 0xa1
03-28 12:02:57.528 18364 18364 E ArmVmp : Match on catch block at 0xc3 in for 0xa1
03-28 12:02:57.536 18364 18364 E ArmVmp : Match on catch block at 0xc3 in for 0xa5
03-28 12:02:57.543 18364 18364 E ArmVmp : Match on catch block at 0xc3 in for 0xa9
03-28 12:02:57.546 18364 18364 E ArmVmp : Match on catch block at 0xc3 in for 0xa9
03-28 12:02:57.554 18364 18364 E ArmVmp : Match on catch block at 0xc3 in for 0xa1
03-28 12:02:57.561 18364 18364 E ArmVmp : Match on catch block at 0xc3 in for 0xa5
03-28 12:02:57.564 18364 18364 E ArmVmp : Match on catch block at 0xc3 in for 0xa5
03-28 12:02:57.585 18364 18364 E ArmVmp : Match on catch block at 0xc3 in for 0xa9
03-28 12:02:57.591 18364 18364 E ArmVmp : Match on catch block at 0xc3 in for 0xa1
03-28 12:02:57.595 18364 18364 E ArmVmp : Match on catch block at 0xc3 in for 0xa1
03-28 12:02:57.604 18364 18364 E ArmVmp : Match on catch block at 0xc3 in for 0xa5
03-28 12:02:57.611 18364 18364 E ArmVmp : Match on catch block at 0xc3 in for 0xa9
03-28 12:02:57.616 18364 18364 E ArmVmp : Match on catch block at 0xc3 in for 0xa9
03-28 12:02:57.624 18364 18364 E ArmVmp : Match on catch block at 0xc3 in for 0xa1
03-28 12:02:57.632 18364 18364 E ArmVmp : Match on catch block at 0xc3 in for 0xa5
03-28 12:02:57.636 18364 18364 E ArmVmp : Match on catch block at 0xc3 in for 0xa5
03-28 12:02:57.651 18364 18364 E ArmVmp : Match on catch block at 0xc3 in for 0xa9
03-28 12:02:57.658 18364 18364 E ArmVmp : Match on catch block at 0xc3 in for 0xa1
03-28 12:02:57.663 18364 18364 E ArmVmp : Match on catch block at 0xc3 in for 0xa1
03-28 12:02:57.671 18364 18364 E ArmVmp : Match on catch block at 0xc3 in for 0xa5
03-28 12:02:57.680 18364 18364 E ArmVmp : Match on catch block at 0xc3 in for 0xa9
03-28 12:02:57.684 18364 18364 E ArmVmp : Match on catch block at 0xc3 in for 0xa9
03-28 12:02:57.700 18364 18364 E ArmVmp : Match on catch block at 0xc3 in for 0xa1
03-28 12:02:57.706 18364 18364 E ArmVmp : Match on catch block at 0xc3 in for 0xa5
03-28 12:02:57.712 18364 18364 E ArmVmp : Match on catch block at 0xc3 in for 0xa5
03-28 12:02:57.767 18364 18364 E ArmVmp : Match on catch block at 0xc3 in for 0xa9
03-28 12:02:57.773 18364 18364 E ArmVmp : Match on catch block at 0xc3 in for 0xa1
03-28 12:02:57.778 18364 18364 E ArmVmp : Match on catch block at 0xc3 in for 0xa1
03-28 12:02:58.053 18364 18364 E ArmVmp : Match on catch block at 0xc3 in for 0xa5
03-28 12:02:58.059 18364 18364 E ArmVmp : Match on catch block at 0xc3 in for 0xa9
03-28 12:02:58.068 18364 18364 E ArmVmp : Match on catch block at 0xc3 in for 0xa9
03-28 12:02:58.549 18364 18364 E ArmVmp : Match on catch block at 0xc3 in for 0xa1
03-28 12:02:58.560 18364 18364 E ArmVmp : Match on catch block at 0xc3 in for 0xa5
03-28 12:02:58.567 18364 18364 E ArmVmp : Match on catch block at 0xc3 in for 0xa5
03-28 12:02:58.589 18364 18364 E ArmVmp : Match on catch block at 0xc3 in for 0xa9
03-28 12:02:58.596 18364 18364 E ArmVmp : Match on catch block at 0xc3 in for 0xa1
03-28 12:02:58.601 18364 18364 E ArmVmp : Match on catch block at 0xc3 in for 0xa1
03-28 12:02:59.083 18364 18364 E ArmVmp : Match on catch block at 0xc3 in for 0xa5
03-28 12:02:59.090 18364 18364 E ArmVmp : Match on catch block at 0xc3 in for 0xa9
03-28 12:02:59.094 18364 18364 E ArmVmp : Match on catch block at 0xc3 in for 0xa9
03-28 12:02:59.585 18364 18364 E ArmVmp : Match on catch block at 0xc3 in for 0xa9
03-28 12:02:59.593 18364 18364 E ArmVmp : Match on catch block at 0xc3 in for 0xa1
03-28 12:02:59.598 18364 18364 E ArmVmp : Match on catch block at 0xc3 in for 0xa1
03-28 12:02:59.616 18364 18364 E ArmVmp : Match on catch block at 0xc3 in for 0xa9
03-28 12:02:59.622 18364 18364 E ArmVmp : Match on catch block at 0xc3 in for 0xa1
03-28 12:02:59.626 18364 18364 E ArmVmp : Match on catch block at 0xc3 in for 0xa1
03-28 12:02:59.660 18364 18364 E ArmVmp : Match on catch block at 0xc3 in for 0xa9
03-28 12:02:59.669 18364 18364 E ArmVmp : Match on catch block at 0xc3 in for 0xa1
03-28 12:02:59.672 18364 18364 E ArmVmp : Match on catch block at 0xc3 in for 0xa1
03-28 12:02:59.681 18364 18364 W IInputConnectionWrapper: getTextBeforeCursor on inactive InputConnection
03-28 12:02:59.704 18364 18364 E ArmVmp : Match on catch block at 0xc3 in for 0xa1
03-28 12:02:59.709 18364 18364 E ArmVmp : Match on catch block at 0xc3 in for 0xa5
03-28 12:02:59.715 18364 18364 W IInputConnectionWrapper: getTextAfterCursor on inactive InputConnection
03-28 12:02:59.718 18364 18364 E ArmVmp : Match on catch block at 0xc3 in for 0xa1
03-28 12:02:59.723 18364 18364 E ArmVmp : Match on catch block at 0xc3 in for 0xa5
03-28 12:02:59.726 18364 18364 W IInputConnectionWrapper: getSelectedText on inactive InputConnection
03-28 12:02:59.768 18364 18364 E ArmVmp : Match on catch block at 0xc3 in for 0xa9
03-28 12:02:59.775 18364 18364 E ArmVmp : Match on catch block at 0xc3 in for 0xa1
03-28 12:02:59.802 18364 18364 E ArmVmp : Match on catch block at 0xc3 in for 0xa5
03-28 12:02:59.806 18364 18364 E ArmVmp : Match on catch block at 0xc3 in for 0xa9
03-28 12:02:59.813 18364 18364 E ArmVmp : Match on catch block at 0xc3 in for 0xa5
03-28 12:02:59.817 18364 18364 E ArmVmp : Match on catch block at 0xc3 in for 0xa9
03-28 12:02:59.831 18364 18364 E ArmVmp : Match on catch block at 0xc3 in for 0xa5
03-28 12:02:59.835 18364 18364 E ArmVmp : Match on catch block at 0xc3 in for 0xa9
03-28 12:02:59.849 18364 18364 E ArmVmp : Match on catch block at 0xc3 in for 0xa5
03-28 12:02:59.855 18364 18364 E ArmVmp : Match on catch block at 0xc3 in for 0xa9
03-28 12:02:59.865 18364 18364 E ArmVmp : Match on catch block at 0xc3 in for 0xa5
03-28 12:02:59.870 18364 18364 E ArmVmp : Match on catch block at 0xc3 in for 0xa9
03-28 12:03:00.087 18364 18364 E ArmVmp : Match on catch block at 0xc3 in for 0xa5
03-28 12:03:00.091 18364 18364 E ArmVmp : Match on catch block at 0xc3 in for 0xa9
03-28 12:03:00.099 18364 18364 E ArmVmp : Match on catch block at 0xc3 in for 0xa1
03-28 12:03:00.103 18364 18364 E ArmVmp : Match on catch block at 0xc3 in for 0xa5
03-28 12:03:00.112 18364 18737 W MediaPlayer: Use of stream types is deprecated for operations other than volume control
03-28 12:03:00.112 18364 18737 W MediaPlayer: See the documentation of setAudioStreamType() for what to use instead with android.media.AudioAttributes to qualify your playback use case
03-28 12:03:00.150 18364 18364 E ArmVmp : Match on catch block at 0xc3 in for 0xa1
03-28 12:03:00.157 18364 18364 E ArmVmp : Match on catch block at 0xc3 in for 0xa5
03-28 12:03:00.425 18364 18364 E ArmVmp : Match on catch block at 0xc3 in for 0xa5
03-28 12:03:00.431 18364 18364 E ArmVmp : Match on catch block at 0xc3 in for 0xa9
03-28 12:03:00.448 18364 18364 E ArmVmp : Match on catch block at 0xc3 in for 0xa1
03-28 12:03:00.452 18364 18364 E ArmVmp : Match on catch block at 0xc3 in for 0xa5
03-28 12:03:00.465 18364 18364 E ArmVmp : Match on catch block at 0xc3 in for 0xa1
03-28 12:03:00.469 18364 18364 E ArmVmp : Match on catch block at 0xc3 in for 0xa5
03-28 12:03:00.483 18364 18364 E ArmVmp : Match on catch block at 0xc3 in for 0xa1
03-28 12:03:00.488 18364 18364 E ArmVmp : Match on catch block at 0xc3 in for 0xa5
03-28 12:03:00.500 18364 18364 E ArmVmp : Match on catch block at 0xc3 in for 0xa1
03-28 12:03:00.505 18364 18364 E ArmVmp : Match on catch block at 0xc3 in for 0xa5
03-28 12:03:00.516 18364 18364 E ArmVmp : Match on catch block at 0xc3 in for 0xa1
03-28 12:03:00.524 18364 18364 E ArmVmp : Match on catch block at 0xc3 in for 0xa5
03-28 12:03:00.533 18364 18364 E ArmVmp : Match on catch block at 0xc3 in for 0xa1
03-28 12:03:00.541 18364 18364 E ArmVmp : Match on catch block at 0xc3 in for 0xa5
03-28 12:03:00.568 18364 18364 E ArmVmp : Match on catch block at 0xc3 in for 0xa1
03-28 12:03:00.574 18364 18364 E ArmVmp : Match on catch block at 0xc3 in for 0xa5
03-28 12:03:00.589 18364 18364 E ArmVmp : Match on catch block at 0xc3 in for 0xa1
03-28 12:03:00.594 18364 18364 E ArmVmp : Match on catch block at 0xc3 in for 0xa5
03-28 12:03:00.615 18364 18364 E ArmVmp : Match on catch block at 0xc3 in for 0xa1
03-28 12:03:00.620 18364 18364 E ArmVmp : Match on catch block at 0xc3 in for 0xa5
03-28 12:03:00.631 18364 18364 E ArmVmp : Match on catch block at 0xc3 in for 0xa1
03-28 12:03:00.635 18364 18364 E ArmVmp : Match on catch block at 0xc3 in for 0xa5
03-28 12:03:00.673 18364 18364 E ArmVmp : Match on catch block at 0xc3 in for 0xa9
03-28 12:03:00.679 18364 18364 E ArmVmp : Match on catch block at 0xc3 in for 0xa1
03-28 12:03:00.698 18364 18364 E ArmVmp : Match on catch block at 0xc3 in for 0xa1
03-28 12:03:00.705 18364 18364 E ArmVmp : Match on catch block at 0xc3 in for 0xa5
03-28 12:03:00.720 18364 18364 E ArmVmp : Match on catch block at 0xc3 in for 0xa9
03-28 12:03:00.724 18364 18364 E ArmVmp : Match on catch block at 0xc3 in for 0xa1
03-28 12:03:00.784 18364 18364 E ArmVmp : Match on catch block at 0xc3 in for 0xa9
03-28 12:03:00.790 18364 18364 E ArmVmp : Match on catch block at 0xc3 in for 0xa1
03-28 12:03:01.026 18364 18364 E ArmVmp : Match on catch block at 0xc3 in for 0xa5
03-28 12:03:01.031 18364 18364 E ArmVmp : Match on catch block at 0xc3 in for 0xa9
03-28 12:03:01.048 18364 18364 E ArmVmp : Match on catch block at 0xc3 in for 0xa5
03-28 12:03:01.052 18364 18364 E ArmVmp : Match on catch block at 0xc3 in for 0xa9
03-28 12:03:01.065 18364 18364 E ArmVmp : Match on catch block at 0xc3 in for 0xa5
03-28 12:03:01.070 18364 18364 E ArmVmp : Match on catch block at 0xc3 in for 0xa9
03-28 12:03:01.082 18364 18364 E ArmVmp : Match on catch block at 0xc3 in for 0xa5
03-28 12:03:01.087 18364 18364 E ArmVmp : Match on catch block at 0xc3 in for 0xa9
03-28 12:03:01.099 18364 18364 E ArmVmp : Match on catch block at 0xc3 in for 0xa5
03-28 12:03:01.104 18364 18364 E ArmVmp : Match on catch block at 0xc3 in for 0xa9
03-28 12:03:01.115 18364 18364 E ArmVmp : Match on catch block at 0xc3 in for 0xa5
03-28 12:03:01.119 18364 18364 E ArmVmp : Match on catch block at 0xc3 in for 0xa9
03-28 12:03:01.139 18364 18364 E ArmVmp : Match on catch block at 0xc3 in for 0xa5
03-28 12:03:01.144 18364 18364 E ArmVmp : Match on catch block at 0xc3 in for 0xa9
03-28 12:03:01.167 18364 18364 E ArmVmp : Match on catch block at 0xc3 in for 0xa5
03-28 12:03:01.173 18364 18364 E ArmVmp : Match on catch block at 0xc3 in for 0xa9
03-28 12:03:01.184 18364 18364 E ArmVmp : Match on catch block at 0xc3 in for 0xa1
03-28 12:03:01.191 18364 18364 E ArmVmp : Match on catch block at 0xc3 in for 0xa5
03-28 12:03:01.200 18364 18364 E ArmVmp : Match on catch block at 0xc3 in for 0xa1
03-28 12:03:01.207 18364 18364 E ArmVmp : Match on catch block at 0xc3 in for 0xa5
03-28 12:03:01.217 18364 18364 E ArmVmp : Match on catch block at 0xc3 in for 0xa5
03-28 12:03:01.223 18364 18364 E ArmVmp : Match on catch block at 0xc3 in for 0xa9
03-28 12:03:01.542 18364 18364 E ArmVmp : Match on catch block at 0xc3 in for 0xa5
03-28 12:03:01.559 18364 18364 E ArmVmp : Match on catch block at 0xc3 in for 0xa9
03-28 12:03:02.036 18364 18364 E ArmVmp : Match on catch block at 0xc3 in for 0xa5
03-28 12:03:02.046 18364 18364 E ArmVmp : Match on catch block at 0xc3 in for 0xa9
03-28 12:03:02.084 18364 18364 E ArmVmp : Match on catch block at 0xc3 in for 0xa5
03-28 12:03:02.090 18364 18364 E ArmVmp : Match on catch block at 0xc3 in for 0xa9
03-28 12:03:02.119 18364 18364 E ArmVmp : Match on catch block at 0xc3 in for 0xa9
03-28 12:03:02.125 18364 18364 E ArmVmp : Match on catch block at 0xc3 in for 0xa1
03-28 12:03:02.158 18364 18364 E ArmVmp : Match on catch block at 0xc3 in for 0xa9
03-28 12:03:02.162 18364 18364 E ArmVmp : Match on catch block at 0xc3 in for 0xa1
03-28 12:03:02.170 18364 18364 E ArmVmp : Match on catch block at 0xc3 in for 0xa9
03-28 12:03:02.173 18364 18364 E ArmVmp : Match on catch block at 0xc3 in for 0xa1
03-28 12:03:02.214 18364 18364 E ArmVmp : Match on catch block at 0xc3 in for 0xa9
03-28 12:03:02.218 18364 18364 E ArmVmp : Match on catch block at 0xc3 in for 0xa1
03-28 12:03:02.238 18364 18364 E ArmVmp : Match on catch block at 0xc3 in for 0xa5
03-28 12:03:02.242 18364 18364 E ArmVmp : Match on catch block at 0xc3 in for 0xa9
03-28 12:03:02.249 18364 18364 E ArmVmp : Match on catch block at 0xc3 in for 0xa5
03-28 12:03:02.255 18364 18364 E ArmVmp : Match on catch block at 0xc3 in for 0xa9
03-28 12:03:02.266 18364 18364 E ArmVmp : Match on catch block at 0xc3 in for 0xa5
03-28 12:03:02.270 18364 18364 E ArmVmp : Match on catch block at 0xc3 in for 0xa9
03-28 12:03:02.282 18364 18364 E ArmVmp : Match on catch block at 0xc3 in for 0xa5
03-28 12:03:02.286 18364 18364 E ArmVmp : Match on catch block at 0xc3 in for 0xa9
03-28 12:03:02.298 18364 18364 E ArmVmp : Match on catch block at 0xc3 in for 0xa5
03-28 12:03:02.302 18364 18364 E ArmVmp : Match on catch block at 0xc3 in for 0xa9
03-28 12:03:02.527 18364 18364 E ArmVmp : Match on catch block at 0xc3 in for 0xa1
03-28 12:03:02.533 18364 18364 E ArmVmp : Match on catch block at 0xc3 in for 0xa5
03-28 12:03:02.544 18364 18364 E ArmVmp : Match on catch block at 0xc3 in for 0xa9
03-28 12:03:02.549 18364 18737 W MediaPlayer: Use of stream types is deprecated for operations other than volume control
03-28 12:03:02.549 18364 18737 W MediaPlayer: See the documentation of setAudioStreamType() for what to use instead with android.media.AudioAttributes to qualify your playback use case
03-28 12:03:02.550 18364 18364 E ArmVmp : Match on catch block at 0xc3 in for 0xa1
03-28 12:03:02.617 18364 18364 E ArmVmp : Match on catch block at 0xc3 in for 0xa9
03-28 12:03:02.623 18364 18364 E ArmVmp : Match on catch block at 0xc3 in for 0xa1
03-28 12:03:03.121 18364 18364 E ArmVmp : Match on catch block at 0xc3 in for 0xa9
03-28 12:03:03.136 18364 18364 E ArmVmp : Match on catch block at 0xc3 in for 0xa1
03-28 12:03:03.624 18364 18364 E ArmVmp : Match on catch block at 0xc3 in for 0xa9
03-28 12:03:03.637 18364 18364 E ArmVmp : Match on catch block at 0xc3 in for 0xa1
03-28 12:03:04.119 18364 18364 E ArmVmp : Match on catch block at 0xc3 in for 0xa9
03-28 12:03:04.126 18364 18364 E ArmVmp : Match on catch block at 0xc3 in for 0xa1
03-28 12:03:04.157 18364 18364 E ArmVmp : Match on catch block at 0xc3 in for 0xa5
03-28 12:03:04.161 18364 18364 E ArmVmp : Match on catch block at 0xc3 in for 0xa9
03-28 12:03:04.179 18364 18364 E ArmVmp : Match on catch block at 0xc3 in for 0xa9
03-28 12:03:04.183 18364 18364 E ArmVmp : Match on catch block at 0xc3 in for 0xa1
03-28 12:03:04.192 18364 18364 E ArmVmp : Match on catch block at 0xc3 in for 0xa5
03-28 12:03:04.197 18364 18364 E ArmVmp : Match on catch block at 0xc3 in for 0xa9
03-28 12:03:04.622 18364 18364 E ArmVmp : Match on catch block at 0xc3 in for 0xa5
03-28 12:03:04.636 18364 18364 E ArmVmp : Match on catch block at 0xc3 in for 0xa9
03-28 12:03:05.123 18364 18364 E ArmVmp : Match on catch block at 0xc3 in for 0xa5
03-28 12:03:05.138 18364 18364 E ArmVmp : Match on catch block at 0xc3 in for 0xa9
03-28 12:03:05.620 18364 18364 E ArmVmp : Match on catch block at 0xc3 in for 0xa5
03-28 12:03:05.633 18364 18364 E ArmVmp : Match on catch block at 0xc3 in for 0xa9
03-28 12:03:05.802 18364 18364 E ArmVmp : Match on catch block at 0xc3 in for 0xa5
03-28 12:03:05.816 18364 18364 E ArmVmp : Match on catch block at 0xc3 in for 0xa9
03-28 12:03:05.836 18364 18364 E ArmVmp : Match on catch block at 0xc3 in for 0xa5
03-28 12:03:05.845 18364 18364 E ArmVmp : Match on catch block at 0xc3 in for 0xa9
03-28 12:03:05.860 18364 18364 E ArmVmp : Match on catch block at 0xc3 in for 0xa5
03-28 12:03:05.866 18364 18364 E ArmVmp : Match on catch block at 0xc3 in for 0xa9
03-28 12:03:05.884 18364 18364 E ArmVmp : Match on catch block at 0xc3 in for 0xa5
03-28 12:03:05.889 18364 18364 E ArmVmp : Match on catch block at 0xc3 in for 0xa9
03-28 12:03:05.902 18364 18364 E ArmVmp : Match on catch block at 0xc3 in for 0xa5
03-28 12:03:05.909 18364 18364 E ArmVmp : Match on catch block at 0xc3 in for 0xa9
03-28 12:03:05.919 18364 18364 E ArmVmp : Match on catch block at 0xc3 in for 0xa5
03-28 12:03:05.926 18364 18364 E ArmVmp : Match on catch block at 0xc3 in for 0xa9
03-28 12:03:05.935 18364 18364 E ArmVmp : Match on catch block at 0xc3 in for 0xa5
03-28 12:03:05.943 18364 18364 E ArmVmp : Match on catch block at 0xc3 in for 0xa9
03-28 12:03:05.952 18364 18364 E ArmVmp : Match on catch block at 0xc3 in for 0xa5
03-28 12:03:05.960 18364 18364 E ArmVmp : Match on catch block at 0xc3 in for 0xa9
03-28 12:03:05.968 18364 18364 E ArmVmp : Match on catch block at 0xc3 in for 0xa5
03-28 12:03:05.974 18364 18364 E ArmVmp : Match on catch block at 0xc3 in for 0xa9
03-28 12:03:05.985 18364 18364 E ArmVmp : Match on catch block at 0xc3 in for 0xa5
03-28 12:03:05.992 18364 18364 E ArmVmp : Match on catch block at 0xc3 in for 0xa9
03-28 12:03:06.002 18364 18364 E ArmVmp : Match on catch block at 0xc3 in for 0xa5
03-28 12:03:06.008 18364 18364 E ArmVmp : Match on catch block at 0xc3 in for 0xa9
03-28 12:03:06.019 18364 18364 E ArmVmp : Match on catch block at 0xc3 in for 0xa5
03-28 12:03:06.026 18364 18364 E ArmVmp : Match on catch block at 0xc3 in for 0xa9
03-28 12:03:06.035 18364 18364 E ArmVmp : Match on catch block at 0xc3 in for 0xa5
03-28 12:03:06.041 18364 18364 E ArmVmp : Match on catch block at 0xc3 in for 0xa9
03-28 12:03:06.120 18364 18364 E ArmVmp : Match on catch block at 0xc3 in for 0xa5
03-28 12:03:06.126 18364 18364 E ArmVmp : Match on catch block at 0xc3 in for 0xa9
03-28 12:03:06.636 18364 18364 E ArmVmp : Match on catch block at 0xc3 in for 0xa5
03-28 12:03:06.642 18364 18364 E ArmVmp : Match on catch block at 0xc3 in for 0xa9
03-28 12:03:07.140 18364 18364 E ArmVmp : Match on catch block at 0xc3 in for 0xa5
03-28 12:03:07.153 18364 18364 E ArmVmp : Match on catch block at 0xc3 in for 0xa9
03-28 12:03:07.644 18364 18364 E ArmVmp : Match on catch block at 0xc3 in for 0xa5
03-28 12:03:07.660 18364 18364 E ArmVmp : Match on catch block at 0xc3 in for 0xa9
03-28 12:03:08.138 18364 18364 E ArmVmp : Match on catch block at 0xc3 in for 0xa5
03-28 12:03:08.149 18364 18364 E ArmVmp : Match on catch block at 0xc3 in for 0xa9
03-28 12:03:08.638 18364 18364 E ArmVmp : Match on catch block at 0xc3 in for 0xa5
03-28 12:03:08.653 18364 18364 E ArmVmp : Match on catch block at 0xc3 in for 0xa9
03-28 12:03:09.140 18364 18364 E ArmVmp : Match on catch block at 0xc3 in for 0xa5
03-28 12:03:09.158 18364 18364 E ArmVmp : Match on catch block at 0xc3 in for 0xa9
03-28 12:03:09.641 18364 18364 E ArmVmp : Match on catch block at 0xc3 in for 0xa5
03-28 12:03:09.657 18364 18364 E ArmVmp : Match on catch block at 0xc3 in for 0xa9
03-28 12:03:10.157 18364 18364 E ArmVmp : Match on catch block at 0xc3 in for 0xa5
03-28 12:03:10.183 18364 18364 E ArmVmp : Match on catch block at 0xc3 in for 0xa9
03-28 12:03:10.659 18364 18364 E ArmVmp : Match on catch block at 0xc3 in for 0xa5
03-28 12:03:10.673 18364 18364 E ArmVmp : Match on catch block at 0xc3 in for 0xa9
03-28 12:03:11.159 18364 18364 E ArmVmp : Match on catch block at 0xc3 in for 0xa5
03-28 12:03:11.193 18364 18364 E ArmVmp : Match on catch block at 0xc3 in for 0xa9
03-28 12:03:11.663 18364 18364 E ArmVmp : Match on catch block at 0xc3 in for 0xa5
03-28 12:03:11.675 18364 18364 E ArmVmp : Match on catch block at 0xc3 in for 0xa9
03-28 12:03:12.163 18364 18364 E ArmVmp : Match on catch block at 0xc3 in for 0xa5
03-28 12:03:12.179 18364 18364 E ArmVmp : Match on catch block at 0xc3 in for 0xa9
03-28 12:03:12.677 18364 18364 E ArmVmp : Match on catch block at 0xc3 in for 0xa5
03-28 12:03:12.683 18364 18364 E ArmVmp : Match on catch block at 0xc3 in for 0xa9
03-28 12:03:13.177 18364 18364 E ArmVmp : Match on catch block at 0xc3 in for 0xa5
03-28 12:03:13.193 18364 18364 E ArmVmp : Match on catch block at 0xc3 in for 0xa9
03-28 12:03:13.693 18364 18364 E ArmVmp : Match on catch block at 0xc3 in for 0xa5
03-28 12:03:13.713 18364 18364 E ArmVmp : Match on catch block at 0xc3 in for 0xa9
03-28 12:03:13.870 18364 18364 E ArmVmp : Match on catch block at 0xc3 in for 0xa9
03-28 12:03:13.874 18364 18364 E ArmVmp : Match on catch block at 0xc3 in for 0xa1
03-28 12:03:13.886 18364 18364 E ArmVmp : Match on catch block at 0xc3 in for 0xa5
03-28 12:03:13.890 18364 18364 E ArmVmp : Match on catch block at 0xc3 in for 0xa9
03-28 12:03:14.171 18364 18364 E ArmVmp : Match on catch block at 0xc3 in for 0xa5
03-28 12:03:14.175 18364 18364 E ArmVmp : Match on catch block at 0xc3 in for 0xa9
03-28 12:03:14.506 18364 18364 E ArmVmp : Match on catch block at 0xc3 in for 0xa5
03-28 12:03:14.511 18364 18364 E ArmVmp : Match on catch block at 0xc3 in for 0xa9 --------- beginning of system
03-28 12:05:29.757 18364 18364 W Looper : Slow Looper main: doFrame is 623ms late because of 3 msg, msg 1 took 629ms (seq=1253 running=59ms runnable=95ms io=397ms late=41ms h=android.view.Choreographer$FrameHandler c=android.view.Choreographer$FrameDisplayEventReceiver)
03-28 12:09:34.695 18364 18364 W Looper : Slow Looper main: Long Msg: seq=2255 plan=12:09:33.461 late=1ms wall=1232ms running=2ms runnable=4ms io=1165ms h=android.app.ActivityThread$H c=android.app.-$ $Lambda$LoadedApk$ReceiverDispatcher$Args$_BumDX2UKsnxLVrE6UJsJZkotuA
03-28 12:09:37.289 18364 18364 W Looper : Slow Looper main: Long Msg: seq=2256 plan=12:09:33.462 late=1234ms wall=2592ms running=20ms runnable=20ms io=2427ms h=android.app.ActivityThread$H c=android.app.-$ $Lambda$LoadedApk$ReceiverDispatcher$Args$_BumDX2UKsnxLVrE6UJsJZkotuA --------- beginning of main
03-28 12:09:41.408 18364 18476 W DpmTcmClient: read failed bytes countRead: -1
03-28 12:10:09.822 18364 18476 W DpmTcmClient: read failed bytes countRead: -1
03-28 12:10:24.461 18364 18364 W Looper : Slow Looper main: Long Msg: seq=2438 plan=12:10:23.217 late=7ms wall=1227ms running=13ms runnable=17ms io=1131ms h=android.view.Choreographer$FrameHandler c=android.view.Choreographer$FrameDisplayEventReceiver
03-28 12:10:50.256 21477 21477 E com.mbwhatsapp: Not starting debugger since process cannot load the jdwp agent.
03-28 12:10:50.523 21477 21477 W ResourceType: CREATING STRING CACHE OF 192 bytes
03-28 12:10:50.673 21477 21477 W System.err: java.lang.ClassNotFoundException: mbmodsd.mbmodsw.ui.views.btn.BtnBK
03-28 12:10:50.674 21477 21477 W System.err: at java.lang.Runtime.nativeLoad(Native Method)
03-28 12:10:50.674 21477 21477 W System.err: at java.lang.Runtime.nativeLoad(Runtime.java:1115)
03-28 12:10:50.674 21477 21477 W System.err: at java.lang.Runtime.loadLibrary0(Runtime.java:1069)
03-28 12:10:50.674 21477 21477 W System.err: at java.lang.Runtime.loadLibrary0(Runtime.java:1007)
03-28 12:10:50.674 21477 21477 W System.err: at java.lang.System.loadLibrary(System.java:1667)
03-28 12:10:50.674 21477 21477 W System.err: at arm.EpicVm.<clinit>(Unknown Source:2)
03-28 12:10:50.674 21477 21477 W System.err: at java.lang.Class.newInstance(Native Method)
03-28 12:10:50.674 21477 21477 W System.err: at android.app.AppComponentFactory.instantiateApplication(AppComponentFactory.java:76)
03-28 12:10:50.674 21477 21477 W System.err: at androidx.core.app.CoreComponentFactory.instantiateApplication(Unknown Source:0)
03-28 12:10:50.674 21477 21477 W System.err: at android.app.Instrumentation.newApplication(Instrumentation.java:1156)
03-28 12:10:50.674 21477 21477 W System.err: at android.app.LoadedApk.makeApplication(LoadedApk.java:1222)
03-28 12:10:50.674 21477 21477 W System.err: at android.app.ActivityThread.handleBindApplication(ActivityThread.java:6555)
03-28 12:10:50.674 21477 21477 W System.err: at android.app.ActivityThread.access$1400(ActivityThread.java:226)
03-28 12:10:50.674 21477 21477 W System.err: at android.app.ActivityThread$H.handleMessage(ActivityThread.java:1889)
03-28 12:10:50.674 21477 21477 W System.err: at android.os.Handler.dispatchMessage(Handler.java:107)
03-28 12:10:50.674 21477 21477 W System.err: at android.os.Looper.loop(Looper.java:225)
03-28 12:10:50.674 21477 21477 W System.err: at android.app.ActivityThread.main(ActivityThread.java:7564)
03-28 12:10:50.674 21477 21477 W System.err: at java.lang.reflect.Method.invoke(Native Method)
03-28 12:10:50.674 21477 21477 W System.err: at com.android.internal.os.RuntimeInit$MethodAndArgsCaller.run(RuntimeInit.java:539)
03-28 12:10:50.674 21477 21477 W System.err: at com.android.internal.os.ZygoteInit.main(ZygoteInit.java:950)
03-28 12:10:50.836 21477 21477 E CustomActivityOnCrash: IMPORTANT WARNING! You already have an UncaughtExceptionHandler, are you sure this is correct? If you use a custom UncaughtExceptionHandler, you must initialize it AFTER CustomActivityOnCrash! Installing anyway, but your original handler will not be called.
03-28 12:10:50.980 21477 21477 W com.mbwhatsapp: type=1400 audit(0.0:51997): avc: denied { read } for name="u:object_r:vendor_default_prop:s0" dev="tmpfs" ino=1273 scontext=u:r:untrusted_app:s0:c7,c257,c512,c768 tcontext=u:object_r:vendor_default_prop:s0 tclass=file permissive=0
03-28 12:10:50.993 21477 21477 E libc : Access denied finding property "ro.vendor.df.effect.conflict"
03-28 12:10:51.750 21477 21477 W com.mbwhatsapp: type=1400 audit(0.0:51998): avc: granted { execute } for path="/data/data/com.mbwhatsapp/files/decompressed/libs.spk.zst/libc++_shared.so" dev="mmcblk0p87" ino=552012 scontext=u:r:untrusted_app:s0:c7,c257,c512,c768 tcontext=u:object_r:app_data_file:s0:c7,c257,c512,c768 tclass=file
03-28 12:10:51.763 21477 21477 W linker : Warning: "/data/data/com.mbwhatsapp/files/decompressed/libs.spk.zst/libc++_shared.so" unused DT entry: unknown processor-specific (type 0x70000001 arg 0x0) (ignoring)
03-28 12:10:51.760 21477 21477 W com.mbwhatsapp: type=1400 audit(0.0:51999): avc: granted { execute } for path="/data/data/com.mbwhatsapp/files/decompressed/libs.spk.zst/libvlc.so" dev="mmcblk0p87" ino=556706 scontext=u:r:untrusted_app:s0:c7,c257,c512,c768 tcontext=u:object_r:app_data_file:s0:c7,c257,c512,c768 tclass=file
03-28 12:10:51.780 21477 21477 W com.mbwhatsapp: type=1400 audit(0.0:52000): avc: granted { execute } for path="/data/data/com.mbwhatsapp/files/decompressed/libs.spk.zst/libwhatsapp.so" dev="mmcblk0p87" ino=556718 scontext=u:r:untrusted_app:s0:c7,c257,c512,c768 tcontext=u:object_r:app_data_file:s0:c7,c257,c512,c768 tclass=file
03-28 12:10:51.850 21477 21477 W com.mbwhatsapp: type=1400 audit(0.0:52001): avc: granted { execute } for path="/data/data/com.mbwhatsapp/files/decompressed/libs.spk.zst/libcurve25519.so" dev="mmcblk0p87" ino=552264 scontext=u:r:untrusted_app:s0:c7,c257,c512,c768 tcontext=u:object_r:app_data_file:s0:c7,c257,c512,c768 tclass=file
03-28 12:10:51.860 21477 21477 W com.mbwhatsapp: type=1400 audit(0.0:52002): avc: granted { execute } for path="/data/data/com.mbwhatsapp/files/decompressed/libs.spk.zst/libwhatsapp.so" dev="mmcblk0p87" ino=556718 scontext=u:r:untrusted_app:s0:c7,c257,c512,c768 tcontext=u:object_r:app_data_file:s0:c7,c257,c512,c768 tclass=file
03-28 12:10:51.860 21477 21477 W com.mbwhatsapp: type=1400 audit(0.0:52004): avc: granted { execute } for path="/data/data/com.mbwhatsapp/files/decompressed/libs.spk.zst/libwhatsapp.so" dev="mmcblk0p87" ino=556718 scontext=u:r:untrusted_app:s0:c7,c257,c512,c768 tcontext=u:object_r:app_data_file:s0:c7,c257,c512,c768 tclass=file
03-28 12:10:52.214 21477 21547 W com.mbwhatsapp: Class X.2rL failed lock verification and will run slower.
03-28 12:10:52.214 21477 21547 W com.mbwhatsapp: Common causes for lock verification issues are non-optimized dex code
03-28 12:10:52.214 21477 21547 W com.mbwhatsapp: and incorrect proguard optimizations.
03-28 12:10:52.250 21477 21477 W Looper : Slow Looper main: Long Msg: seq=2 plan=12:10:50.284 late=2ms wall=1883ms running=1027ms runnable=132ms io=508ms h=android.app.ActivityThread$H w=110
03-28 12:10:52.796 21477 21562 W com.mbwhatsapp: Long monitor contention with owner MBWhatsApp Worker #3 (21558) at byte java.nio.DirectByteBuffer.get(int) (DirectByteBuffer.java:221) waiters=0 in X.2U6 X.35t.A08() for 171ms
03-28 12:10:54.400 21477 21554 W com.mbwhatsapp: Long monitor contention with owner High Pri Worker #1 (21524) at boolean libcore.io.Linux.access(java.lang.String, int)(Linux.java:-2) waiters=0 in java.lang.String X.39t.getString(java.lang.String, java.lang.String) for 974ms
03-28 12:10:55.813 21477 21547 W com.mbwhatsapp: Long monitor contention with owner High Pri Worker #3 (21614) at boolean libcore.io.Linux.access(java.lang.String, int)(Linux.java:-2) waiters=0 in int X.39t.getInt(java.lang.String, int) for 616ms
03-28 12:10:56.424 21477 21638 W com.mbwhatsapp: Verification of void com.qti.tcmclient.DpmTcmClient$TcmReceiver.run() took 230.978ms
03-28 12:10:57.623 21477 21477 W Looper : Slow Looper main: Long Msg: seq=44 plan=12:10:56.197 late=0ms wall=1425ms running=85ms runnable=27ms io=1235ms h=android.os.Handler c=mbmodsd.mbmodsw.ui.views.toast.MBON$2
03-28 12:10:57.984 21477 21477 W BpBinder: Slow Binder: BpBinder transact took 356 ms, interface=com.android.internal.telephony.ITelephonyRegistry, code=5 oneway=false
03-28 12:10:58.557 21477 21721 W Gralloc3: mapper 3.x is not supported
03-28 12:10:58.575 21477 21477 W Looper : Slow Looper main: doFrame is 433ms late because of 21 msg, msg 1 took 358ms (seq=49 running=3ms runnable=5ms late=789ms h=android.os.Handler c=X.3fx), msg 4 took 63ms (seq=52 running=13ms runnable=8ms io=33ms late=381ms h=android.widget.Toast$TN$1 w=0)
03-28 12:10:58.582 21477 21477 W Looper : Slow Looper main: doFrame is 497ms late because of 5 msg, msg 1 took 507ms (seq=70 running=13ms runnable=3ms io=119ms late=433ms h=android.view.Choreographer$FrameHandler c=android.view.Choreographer$FrameDisplayEventReceiver) --------- beginning of main
03-28 12:49:59.123 25516 25516 E com.mbwhatsapp: Not starting debugger since process cannot load the jdwp agent.
03-28 12:49:59.421 25516 25516 W ResourceType: CREATING STRING CACHE OF 192 bytes
03-28 12:49:59.591 25516 25516 W System.err: java.lang.ClassNotFoundException: mbmodsd.mbmodsw.ui.views.btn.BtnBK
03-28 12:49:59.591 25516 25516 W System.err: at java.lang.Runtime.nativeLoad(Native Method)
03-28 12:49:59.591 25516 25516 W System.err: at java.lang.Runtime.nativeLoad(Runtime.java:1115)
03-28 12:49:59.591 25516 25516 W System.err: at java.lang.Runtime.loadLibrary0(Runtime.java:1069)
03-28 12:49:59.591 25516 25516 W System.err: at java.lang.Runtime.loadLibrary0(Runtime.java:1007)
03-28 12:49:59.592 25516 25516 W System.err: at java.lang.System.loadLibrary(System.java:1667)
03-28 12:49:59.592 25516 25516 W System.err: at arm.EpicVm.<clinit>(Unknown Source:2)
03-28 12:49:59.592 25516 25516 W System.err: at java.lang.Class.newInstance(Native Method)
03-28 12:49:59.592 25516 25516 W System.err: at android.app.AppComponentFactory.instantiateApplication(AppComponentFactory.java:76)
03-28 12:49:59.592 25516 25516 W System.err: at androidx.core.app.CoreComponentFactory.instantiateApplication(Unknown Source:0)
03-28 12:49:59.592 25516 25516 W System.err: at android.app.Instrumentation.newApplication(Instrumentation.java:1156)
03-28 12:49:59.592 25516 25516 W System.err: at android.app.LoadedApk.makeApplication(LoadedApk.java:1222)
03-28 12:49:59.592 25516 25516 W System.err: at android.app.ActivityThread.handleBindApplication(ActivityThread.java:6555)
03-28 12:49:59.592 25516 25516 W System.err: at android.app.ActivityThread.access$1400(ActivityThread.java:226)
03-28 12:49:59.592 25516 25516 W System.err: at android.app.ActivityThread$H.handleMessage(ActivityThread.java:1889)
03-28 12:49:59.592 25516 25516 W System.err: at android.os.Handler.dispatchMessage(Handler.java:107)
03-28 12:49:59.592 25516 25516 W System.err: at android.os.Looper.loop(Looper.java:225)
03-28 12:49:59.592 25516 25516 W System.err: at android.app.ActivityThread.main(ActivityThread.java:7564)
03-28 12:49:59.592 25516 25516 W System.err: at java.lang.reflect.Method.invoke(Native Method)
03-28 12:49:59.592 25516 25516 W System.err: at com.android.internal.os.RuntimeInit$MethodAndArgsCaller.run(RuntimeInit.java:539)
03-28 12:49:59.592 25516 25516 W System.err: at com.android.internal.os.ZygoteInit.main(ZygoteInit.java:950)
03-28 12:49:59.750 25516 25516 E CustomActivityOnCrash: IMPORTANT WARNING! You already have an UncaughtExceptionHandler, are you sure this is correct? If you use a custom UncaughtExceptionHandler, you must initialize it AFTER CustomActivityOnCrash! Installing anyway, but your original handler will not be called.
03-28 12:49:59.869 25516 25516 W com.mbwhatsapp: type=1400 audit(0.0:52267): avc: denied { read } for name="u:object_r:vendor_default_prop:s0" dev="tmpfs" ino=1273 scontext=u:r:untrusted_app:s0:c7,c257,c512,c768 tcontext=u:object_r:vendor_default_prop:s0 tclass=file permissive=0
03-28 12:49:59.883 25516 25516 E libc : Access denied finding property "ro.vendor.df.effect.conflict"
03-28 12:50:00.509 25516 25516 W com.mbwhatsapp: type=1400 audit(0.0:52268): avc: granted { execute } for path="/data/data/com.mbwhatsapp/files/decompressed/libs.spk.zst/libc++_shared.so" dev="mmcblk0p87" ino=552012 scontext=u:r:untrusted_app:s0:c7,c257,c512,c768 tcontext=u:object_r:app_data_file:s0:c7,c257,c512,c768 tclass=file
03-28 12:50:00.525 25516 25516 W linker : Warning: "/data/data/com.mbwhatsapp/files/decompressed/libs.spk.zst/libc++_shared.so" unused DT entry: unknown processor-specific (type 0x70000001 arg 0x0) (ignoring)
03-28 12:50:00.519 25516 25516 W com.mbwhatsapp: type=1400 audit(0.0:52269): avc: granted { execute } for path="/data/data/com.mbwhatsapp/files/decompressed/libs.spk.zst/libvlc.so" dev="mmcblk0p87" ino=556706 scontext=u:r:untrusted_app:s0:c7,c257,c512,c768 tcontext=u:object_r:app_data_file:s0:c7,c257,c512,c768 tclass=file
03-28 12:50:00.539 25516 25516 W com.mbwhatsapp: type=1400 audit(0.0:52270): avc: granted { execute } for path="/data/data/com.mbwhatsapp/files/decompressed/libs.spk.zst/libwhatsapp.so" dev="mmcblk0p87" ino=556718 scontext=u:r:untrusted_app:s0:c7,c257,c512,c768 tcontext=u:object_r:app_data_file:s0:c7,c257,c512,c768 tclass=file
03-28 12:50:00.619 25516 25516 W com.mbwhatsapp: type=1400 audit(0.0:52271): avc: granted { execute } for path="/data/data/com.mbwhatsapp/files/decompressed/libs.spk.zst/libcurve25519.so" dev="mmcblk0p87" ino=552264 scontext=u:r:untrusted_app:s0:c7,c257,c512,c768 tcontext=u:object_r:app_data_file:s0:c7,c257,c512,c768 tclass=file
03-28 12:50:00.639 25516 25516 W com.mbwhatsapp: type=1400 audit(0.0:52272): avc: granted { execute } for path="/data/data/com.mbwhatsapp/files/decompressed/libs.spk.zst/libwhatsapp.so" dev="mmcblk0p87" ino=556718 scontext=u:r:untrusted_app:s0:c7,c257,c512,c768 tcontext=u:object_r:app_data_file:s0:c7,c257,c512,c768 tclass=file
03-28 12:50:00.639 25516 25516 W com.mbwhatsapp: type=1400 audit(0.0:52274): avc: granted { execute } for path="/data/data/com.mbwhatsapp/files/decompressed/libs.spk.zst/libwhatsapp.so" dev="mmcblk0p87" ino=556718 scontext=u:r:untrusted_app:s0:c7,c257,c512,c768 tcontext=u:object_r:app_data_file:s0:c7,c257,c512,c768 tclass=file
03-28 12:50:00.921 25516 25564 W com.mbwhatsapp: Class X.2rL failed lock verification and will run slower.
03-28 12:50:00.921 25516 25564 W com.mbwhatsapp: Common causes for lock verification issues are non-optimized dex code
03-28 12:50:00.921 25516 25564 W com.mbwhatsapp: and incorrect proguard optimizations. --------- beginning of system
03-28 12:50:00.941 25516 25516 W Looper : Slow Looper main: Long Msg: seq=2 plan=12:49:59.165 late=4ms wall=1706ms running=979ms runnable=76ms io=462ms h=android.app.ActivityThread$H w=110
03-28 12:50:08.115 25516 25681 W Gralloc3: mapper 3.x is not supported
03-28 12:50:08.364 25516 25681 W RenderInspector: DequeueBuffer time out on Toast, count=1, avg=24 ms, max=24 ms.
03-28 12:50:09.899 25516 25516 W pool-5-thread-1: type=1400 audit(0.0:52278): avc: granted { execute } for path="/data/data/com.mbwhatsapp/files/decompressed/libs.spk.zst/libgifimage.so" dev="mmcblk0p87" ino=552232 scontext=u:r:untrusted_app:s0:c7,c257,c512,c768 tcontext=u:object_r:app_data_file:s0:c7,c257,c512,c768 tclass=file
03-28 12:50:10.187 25516 25695 W BpBinder: Slow Binder: BpBinder transact took 251 ms, interface=android.media.IMediaMetadataRetriever, code=3 oneway=false
03-28 12:50:10.232 25516 25561 E SQLiteDatabase: Error inserting transferred=1 media_job_uuid=cee497e4-53c2-49b8-9568-a719ba5d71a2 transcoded=0 gif_attribution=0 first_scan_length=0 direct_path=/o1/v/t62.9505-24/f1/m233/up-oil-gif-ba1f65ec-018d- 485c-8528-30eeed88e7bf?ccb=9- 4&oh=01_ASBbX8vQbPFWDxlkqvJccdoaVemAScGGuzB_H0OVHL3cPQ&oe=662CC686&_nc_sid=000000&_ nc_hot=1711640101 thumbnail_height_width_ratio=1.1927711 is_animated_sticker=0 file_hash=bQ21aFndW02aCXpdjKYJmXTFXeiagBqN86jkdqjCM60= file_path=Media/.Statuses/0396f3a2ed3e412d8fcceeceaa9492d8.mp4 file_size=292653 partial_media_hash=null face_x=0 face_y=0 height=576 trim_to=0 media_key_timestamp=1711587696000 message_url=https://mmg.whatsapp.net/o1/v/t62.9505-24/f1/m233/up-oil-gif-ba1f65ec- 018d-485c-8528-30eeed88e7bf?ccb=9- 4&oh=01_ASBbX8vQbPFWDxlkqvJccdoaVemAScGGuzB_H0OVHL3cPQ&oe=662CC686&_nc_sid=000000&m ms3=true media_caption=null trim_from=0 mime_type=video/mp4 partial_media_enc_hash=null width=480 original_file_hash=null has_streaming_sidecar=0 autotransfer_retry_enabled=1 media_upload_handle=null message_row_id=13554 multicast_id=null enc_file_hash=lVM/G6jFZz9xE8A2yU//z/udJJGM8ficGdV2tOJYoOY= mute_video=0 page_count=0 first_scan_sidecar=null suspicious_content=0 file_length=292653 media_name=null media_duration=7 chat_row_id=9 media_key=[B@d9ecba7
03-28 12:50:10.232 25516 25561 E SQLiteDatabase: android.database.sqlite.SQLiteConstraintException: UNIQUE constraint failed: message_media.message_row_id (code 1555 SQLITE_CONSTRAINT_PRIMARYKEY)
03-28 12:50:10.232 25516 25561 E SQLiteDatabase: at android.database.sqlite.SQLiteConnection.nativeExecuteForLastInsertedRowId(Native Method)
03-28 12:50:10.232 25516 25561 E SQLiteDatabase: at android.database.sqlite.SQLiteConnection.executeForLastInsertedRowId(SQLiteConnecti on.java:879)
03-28 12:50:10.232 25516 25561 E SQLiteDatabase: at android.database.sqlite.SQLiteSession.executeForLastInsertedRowId(SQLiteSession.jav a:790)
