03-28 11:38:51.726 3826 3826 E ArmVmp : Match on catch block at 0xc3 in for 0xa9
03-28 11:38:51.733 3826 3826 E ArmVmp : Match on catch block at 0xc3 in for 0xa1
03-28 11:38:51.742 3826 3826 E ArmVmp : Match on catch block at 0xc3 in for 0xa1
03-28 11:38:51.749 3826 3826 E ArmVmp : Match on catch block at 0xc3 in for 0xa5
03-28 11:38:51.759 3826 3826 E ArmVmp : Match on catch block at 0xc3 in for 0xa5
03-28 11:38:51.765 3826 3826 E ArmVmp : Match on catch block at 0xc3 in for 0xa9
03-28 11:38:51.776 3826 3826 E ArmVmp : Match on catch block at 0xc3 in for 0xa9
03-28 11:38:51.782 3826 3826 E ArmVmp : Match on catch block at 0xc3 in for 0xa1
03-28 11:38:51.792 3826 3826 E ArmVmp : Match on catch block at 0xc3 in for 0xa1
03-28 11:38:51.800 3826 3826 E ArmVmp : Match on catch block at 0xc3 in for 0xa5
03-28 11:38:51.808 3826 3826 E ArmVmp : Match on catch block at 0xc3 in for 0xa5
03-28 11:38:51.817 3826 3826 E ArmVmp : Match on catch block at 0xc3 in for 0xa9
03-28 11:38:51.842 3826 3826 E ArmVmp : Match on catch block at 0xc3 in for 0xa9
03-28 11:38:51.848 3826 3826 E ArmVmp : Match on catch block at 0xc3 in for 0xa1
03-28 11:38:51.857 3826 3826 E ArmVmp : Match on catch block at 0xc3 in for 0xa1
03-28 11:38:51.862 3826 3826 E ArmVmp : Match on catch block at 0xc3 in for 0xa5
03-28 11:38:52.077 3826 3826 E ArmVmp : Match on catch block at 0xc3 in for 0xa5
03-28 11:38:52.084 3826 3826 E ArmVmp : Match on catch block at 0xc3 in for 0xa9
03-28 11:38:52.236 3826 3826 E ArmVmp : Match on catch block at 0xc3 in for 0xa5
03-28 11:38:52.241 3826 3826 E ArmVmp : Match on catch block at 0xc3 in for 0xa9
03-28 11:38:52.268 3826 3826 E RecyclerView: No adapter attached; skipping layout
03-28 11:38:52.286 3826 3826 E ArmVmp : Match on catch block at 0xc3 in for 0xa9
03-28 11:38:52.291 3826 3826 E ArmVmp : Match on catch block at 0xc3 in for 0xa1
03-28 11:38:52.299 3826 3826 E RecyclerView: No adapter attached; skipping layout
03-28 11:38:52.316 3826 3826 E ArmVmp : Match on catch block at 0xc3 in for 0xa1
03-28 11:38:52.321 3826 3826 E ArmVmp : Match on catch block at 0xc3 in for 0xa5
03-28 11:38:52.439 3826 3826 E ArmVmp : Match on catch block at 0x0a in for 0xa9
03-28 11:38:52.442 3826 3826 E ArmVmp : Match on catch block at 0x0a in for 0xa9
03-28 11:38:52.444 3826 3826 E ArmVmp : Match on catch block at 0x0a in for 0xa9
03-28 11:38:52.446 3826 3826 E ArmVmp : Match on catch block at 0x0a in for 0xa9
03-28 11:38:52.556 3826 3826 E ArmVmp : Match on catch block at 0x0a in for 0xa9
03-28 11:38:52.558 3826 3826 E ArmVmp : Match on catch block at 0x0a in for 0xa9
03-28 11:38:52.562 3826 3826 E ArmVmp : Match on catch block at 0x0a in for 0xa9
03-28 11:38:52.564 3826 3826 E ArmVmp : Match on catch block at 0x0a in for 0xa9
03-28 11:38:52.566 3826 3826 E ArmVmp : Match on catch block at 0x0a in for 0xa9
03-28 11:38:52.569 3826 3826 E ArmVmp : Match on catch block at 0x0a in for 0xa9
03-28 11:38:52.571 3826 3826 E ArmVmp : Match on catch block at 0x0a in for 0xa9
03-28 11:38:52.574 3826 3826 E ArmVmp : Match on catch block at 0x0a in for 0xa9
03-28 11:38:52.576 3826 3826 E ArmVmp : Match on catch block at 0x0a in for 0xa9
03-28 11:38:52.578 3826 3826 E ArmVmp : Match on catch block at 0x0a in for 0xa9
03-28 11:38:52.580 3826 3826 E ArmVmp : Match on catch block at 0x0a in for 0xa9
03-28 11:38:52.582 3826 3826 E ArmVmp : Match on catch block at 0x0a in for 0xa9
03-28 11:38:52.726 3826 3826 E ArmVmp : Match on catch block at 0xc3 in for 0xa1
03-28 11:38:52.733 3826 3826 E ArmVmp : Match on catch block at 0xc3 in for 0xa5
03-28 11:38:53.228 3826 3826 E ArmVmp : Match on catch block at 0xc3 in for 0xa5
03-28 11:38:53.234 3826 3826 E ArmVmp : Match on catch block at 0xc3 in for 0xa9
03-28 11:38:53.459 3826 3826 E ArmVmp : Match on catch block at 0xc3 in for 0xa5
03-28 11:38:53.464 3826 3826 E ArmVmp : Match on catch block at 0xc3 in for 0xa9
03-28 11:38:53.504 3826 3826 E ArmVmp : Match on catch block at 0xc3 in for 0xa1
03-28 11:38:53.509 3826 3826 E ArmVmp : Match on catch block at 0xc3 in for 0xa5
03-28 11:38:53.826 3826 3826 E ArmVmp : Match on catch block at 0xc3 in for 0xa9
03-28 11:38:53.832 3826 3826 E ArmVmp : Match on catch block at 0xc3 in for 0xa1
03-28 11:38:53.861 3826 3826 E ArmVmp : Match on catch block at 0xc3 in for 0xa1
03-28 11:38:53.867 3826 3826 E ArmVmp : Match on catch block at 0xc3 in for 0xa5
03-28 11:38:53.911 3826 3826 E ArmVmp : Match on catch block at 0xc3 in for 0xa1
03-28 11:38:53.918 3826 3826 E ArmVmp : Match on catch block at 0xc3 in for 0xa5
03-28 11:38:53.939 3826 3826 E ArmVmp : Match on catch block at 0xc3 in for 0xa5
03-28 11:38:53.943 3826 3826 E ArmVmp : Match on catch block at 0xc3 in for 0xa9
03-28 11:38:53.970 3826 3826 E ArmVmp : Match on catch block at 0xc3 in for 0xa5
03-28 11:38:53.974 3826 3826 E ArmVmp : Match on catch block at 0xc3 in for 0xa9
03-28 11:38:53.994 3826 3826 E ArmVmp : Match on catch block at 0xc3 in for 0xa9
03-28 11:38:53.998 3826 3826 E ArmVmp : Match on catch block at 0xc3 in for 0xa1
03-28 11:38:54.043 3826 3826 E ArmVmp : Match on catch block at 0xc3 in for 0xa9
03-28 11:38:54.050 3826 3826 E ArmVmp : Match on catch block at 0xc3 in for 0xa1
03-28 11:38:54.164 3826 3826 E ArmVmp : Match on catch block at 0xc3 in for 0xa9
03-28 11:38:54.169 3826 3826 E ArmVmp : Match on catch block at 0xc3 in for 0xa1
03-28 11:38:54.447 3826 3826 E ArmVmp : Match on catch block at 0xc3 in for 0xa5
03-28 11:38:54.452 3826 3826 E ArmVmp : Match on catch block at 0xc3 in for 0xa9
03-28 11:38:54.488 3826 3826 E ArmVmp : Match on catch block at 0xc3 in for 0xa5
03-28 11:38:54.492 3826 3826 E ArmVmp : Match on catch block at 0xc3 in for 0xa9
03-28 11:38:55.210 3826 3992 W RenderInspector: DequeueBuffer time out on PopupWindow:b24a062, count=1, avg=18 ms, max=18 ms.
03-28 11:38:55.543 3826 3992 W RenderInspector: DequeueBuffer time out on PopupWindow:b24a062, count=1, avg=19 ms, max=19 ms.
03-28 11:38:55.959 3826 3826 E ArmVmp : Match on catch block at 0xc3 in for 0xa9
03-28 11:38:55.965 3826 3826 E ArmVmp : Match on catch block at 0xc3 in for 0xa1
03-28 11:38:55.991 3826 3826 E ArmVmp : Match on catch block at 0xc3 in for 0xa1
03-28 11:38:55.997 3826 3826 E ArmVmp : Match on catch block at 0xc3 in for 0xa5
03-28 11:38:56.037 3826 3826 E ArmVmp : Match on catch block at 0xc3 in for 0xa1
03-28 11:38:56.043 3826 3826 E ArmVmp : Match on catch block at 0xc3 in for 0xa5
03-28 11:38:56.072 3826 3826 E ArmVmp : Match on catch block at 0xc3 in for 0xa5
03-28 11:38:56.077 3826 3826 E ArmVmp : Match on catch block at 0xc3 in for 0xa9
03-28 11:38:56.114 3826 3826 E ArmVmp : Match on catch block at 0xc3 in for 0xa5
03-28 11:38:56.119 3826 3826 E ArmVmp : Match on catch block at 0xc3 in for 0xa9
03-28 11:38:56.145 3826 3826 E ArmVmp : Match on catch block at 0xc3 in for 0xa5
03-28 11:38:56.150 3826 3826 E ArmVmp : Match on catch block at 0xc3 in for 0xa9
03-28 11:38:56.174 3826 3826 E ArmVmp : Match on catch block at 0xc3 in for 0xa5
03-28 11:38:56.179 3826 3826 E ArmVmp : Match on catch block at 0xc3 in for 0xa9
03-28 11:38:56.208 3826 3826 E ArmVmp : Match on catch block at 0xc3 in for 0xa5
03-28 11:38:56.212 3826 3826 E ArmVmp : Match on catch block at 0xc3 in for 0xa9
03-28 11:38:56.233 3826 3826 E ArmVmp : Match on catch block at 0xc3 in for 0xa9
03-28 11:38:56.238 3826 3826 E ArmVmp : Match on catch block at 0xc3 in for 0xa1
03-28 11:38:56.648 3826 3992 W RenderInspector: DequeueBuffer time out on PopupWindow:b24a062, count=1, avg=17 ms, max=17 ms.
03-28 11:38:57.009 3826 3992 W RenderInspector: DequeueBuffer time out on PopupWindow:b24a062, count=1, avg=18 ms, max=18 ms.
03-28 11:38:59.614 3826 3992 W RenderInspector: DequeueBuffer time out on PopupWindow:b24a062, count=1, avg=20 ms, max=20 ms.
03-28 11:38:59.864 3826 3826 E ArmVmp : Match on catch block at 0xc3 in for 0xa9
03-28 11:38:59.869 3826 3826 E ArmVmp : Match on catch block at 0xc3 in for 0xa1
03-28 11:38:59.982 3826 3826 E ArmVmp : Match on catch block at 0xc3 in for 0xa9
03-28 11:38:59.986 3826 3826 E ArmVmp : Match on catch block at 0xc3 in for 0xa1
03-28 11:38:59.999 3826 3826 W IInputConnectionWrapper: requestCursorAnchorInfo on inactive InputConnection
03-28 11:39:00.035 3826 3826 E ArmVmp : Match on catch block at 0xc3 in for 0xa5
03-28 11:39:00.039 3826 3826 E ArmVmp : Match on catch block at 0xc3 in for 0xa9
03-28 11:39:00.054 3826 3826 W IInputConnectionWrapper: getTextBeforeCursor on inactive InputConnection
03-28 11:39:00.119 3826 3826 E ArmVmp : Match on catch block at 0xc3 in for 0xa1
03-28 11:39:00.123 3826 3826 E ArmVmp : Match on catch block at 0xc3 in for 0xa5
03-28 11:39:00.142 3826 3826 W IInputConnectionWrapper: getTextAfterCursor on inactive InputConnection
03-28 11:39:00.209 3826 3826 E ArmVmp : Match on catch block at 0xc3 in for 0xa9
03-28 11:39:00.213 3826 3826 E ArmVmp : Match on catch block at 0xc3 in for 0xa1
03-28 11:39:00.235 3826 3826 W IInputConnectionWrapper: getSelectedText on inactive InputConnection
03-28 11:39:00.272 3826 3826 E ArmVmp : Match on catch block at 0xc3 in for 0xa1
03-28 11:39:00.277 3826 3826 E ArmVmp : Match on catch block at 0xc3 in for 0xa5
03-28 11:39:00.344 3826 3826 E ArmVmp : Match on catch block at 0xc3 in for 0xa5
03-28 11:39:00.347 3826 3826 E ArmVmp : Match on catch block at 0xc3 in for 0xa9
03-28 11:39:00.376 3826 3826 W IInputConnectionWrapper: requestCursorAnchorInfo on inactive InputConnection
03-28 11:39:00.397 3826 3826 E ArmVmp : Match on catch block at 0xc3 in for 0xa9
03-28 11:39:00.401 3826 3826 E ArmVmp : Match on catch block at 0xc3 in for 0xa1
03-28 11:39:00.475 3826 3826 E ArmVmp : Match on catch block at 0xc3 in for 0xa9
03-28 11:39:00.479 3826 3826 E ArmVmp : Match on catch block at 0xc3 in for 0xa1
03-28 11:39:00.493 3826 3826 W IInputConnectionWrapper: requestCursorAnchorInfo on inactive InputConnection
03-28 11:39:00.524 3826 3826 E ArmVmp : Match on catch block at 0xc3 in for 0xa5
03-28 11:39:00.528 3826 3826 E ArmVmp : Match on catch block at 0xc3 in for 0xa9
03-28 11:39:00.559 3826 7282 W MediaPlayer: Use of stream types is deprecated for operations other than volume control
03-28 11:39:00.559 3826 7282 W MediaPlayer: See the documentation of setAudioStreamType() for what to use instead with android.media.AudioAttributes to qualify your playback use case
03-28 11:39:00.565 3826 3826 E ArmVmp : Match on catch block at 0xc3 in for 0xa9
03-28 11:39:00.569 3826 3826 E ArmVmp : Match on catch block at 0xc3 in for 0xa1
03-28 11:39:00.576 3826 3826 W IInputConnectionWrapper: getTextBeforeCursor on inactive InputConnection
03-28 11:39:00.595 3826 3826 E ArmVmp : Match on catch block at 0xc3 in for 0xa1
03-28 11:39:00.599 3826 3826 E ArmVmp : Match on catch block at 0xc3 in for 0xa5
03-28 11:39:00.602 3826 3826 W IInputConnectionWrapper: getTextAfterCursor on inactive InputConnection
03-28 11:39:00.603 3826 3826 W IInputConnectionWrapper: getSelectedText on inactive InputConnection
03-28 11:39:00.625 3826 3826 W IInputConnectionWrapper: requestCursorAnchorInfo on inactive InputConnection
03-28 11:39:00.627 3826 3826 W IInputConnectionWrapper: requestCursorAnchorInfo on inactive InputConnection
03-28 11:39:00.642 3826 3826 W IInputConnectionWrapper: requestCursorAnchorInfo on inactive InputConnection
03-28 11:39:00.658 3826 3826 W IInputConnectionWrapper: getTextBeforeCursor on inactive InputConnection
03-28 11:39:00.660 3826 3826 W IInputConnectionWrapper: getTextAfterCursor on inactive InputConnection
03-28 11:39:00.661 3826 3826 W IInputConnectionWrapper: getSelectedText on inactive InputConnection
03-28 11:39:00.677 3826 3826 E ArmVmp : Match on catch block at 0xc3 in for 0xa5
03-28 11:39:00.683 3826 3826 E ArmVmp : Match on catch block at 0xc3 in for 0xa9
03-28 11:39:00.698 3826 3826 W IInputConnectionWrapper: requestCursorAnchorInfo on inactive InputConnection
03-28 11:39:00.702 3826 3826 W IInputConnectionWrapper: requestCursorAnchorInfo on inactive InputConnection
03-28 11:39:00.751 3826 3826 E ArmVmp : Match on catch block at 0xc3 in for 0xa5
03-28 11:39:00.755 3826 3826 E ArmVmp : Match on catch block at 0xc3 in for 0xa9
03-28 11:39:00.769 3826 7282 W MediaPlayer: Use of stream types is deprecated for operations other than volume control
03-28 11:39:00.769 3826 7282 W MediaPlayer: See the documentation of setAudioStreamType() for what to use instead with android.media.AudioAttributes to qualify your playback use case
03-28 11:39:00.772 3826 3826 W IInputConnectionWrapper: requestCursorAnchorInfo on inactive InputConnection
03-28 11:39:00.779 3826 3826 E ArmVmp : Match on catch block at 0xc3 in for 0xa1
03-28 11:39:00.785 3826 3826 E ArmVmp : Match on catch block at 0xc3 in for 0xa5
03-28 11:39:00.795 3826 3826 W IInputConnectionWrapper: getTextBeforeCursor on inactive InputConnection
03-28 11:39:00.799 3826 3826 W IInputConnectionWrapper: getTextAfterCursor on inactive InputConnection
03-28 11:39:00.812 3826 3826 W IInputConnectionWrapper: getSelectedText on inactive InputConnection
03-28 11:39:00.832 3826 3826 W IInputConnectionWrapper: requestCursorAnchorInfo on inactive InputConnection
03-28 11:39:00.834 3826 3826 W IInputConnectionWrapper: requestCursorAnchorInfo on inactive InputConnection
03-28 11:39:00.995 3826 3826 W IInputConnectionWrapper: requestCursorAnchorInfo on inactive InputConnection
03-28 11:39:01.011 3826 3826 W IInputConnectionWrapper: getTextBeforeCursor on inactive InputConnection
03-28 11:39:01.012 3826 3826 W IInputConnectionWrapper: getTextAfterCursor on inactive InputConnection
03-28 11:39:01.013 3826 3826 W IInputConnectionWrapper: getSelectedText on inactive InputConnection
03-28 11:39:01.037 3826 3826 E ArmVmp : Match on catch block at 0xc3 in for 0xa1
03-28 11:39:01.043 3826 3826 E ArmVmp : Match on catch block at 0xc3 in for 0xa5
03-28 11:39:01.054 3826 7282 W MediaPlayer: Use of stream types is deprecated for operations other than volume control
03-28 11:39:01.054 3826 7282 W MediaPlayer: See the documentation of setAudioStreamType() for what to use instead with android.media.AudioAttributes to qualify your playback use case
03-28 11:39:01.071 3826 3826 E ArmVmp : Match on catch block at 0xc3 in for 0xa5
03-28 11:39:01.075 3826 3826 E ArmVmp : Match on catch block at 0xc3 in for 0xa9
03-28 11:39:01.080 3826 3826 W IInputConnectionWrapper: requestCursorAnchorInfo on inactive InputConnection
03-28 11:39:01.097 3826 3826 W IInputConnectionWrapper: requestCursorAnchorInfo on inactive InputConnection
03-28 11:39:01.120 3826 3826 W IInputConnectionWrapper: requestCursorAnchorInfo on inactive InputConnection
03-28 11:39:01.148 3826 3826 W IInputConnectionWrapper: getTextBeforeCursor on inactive InputConnection
03-28 11:39:01.158 3826 3826 W IInputConnectionWrapper: getTextAfterCursor on inactive InputConnection
03-28 11:39:01.159 3826 3826 W IInputConnectionWrapper: getSelectedText on inactive InputConnection
03-28 11:39:01.176 3826 3826 E ArmVmp : Match on catch block at 0xc3 in for 0xa1
03-28 11:39:01.185 3826 3826 E ArmVmp : Match on catch block at 0xc3 in for 0xa5
03-28 11:39:01.193 3826 3826 W IInputConnectionWrapper: requestCursorAnchorInfo on inactive InputConnection
03-28 11:39:01.195 3826 3826 W IInputConnectionWrapper: requestCursorAnchorInfo on inactive InputConnection
03-28 11:39:01.225 3826 3826 W IInputConnectionWrapper: requestCursorAnchorInfo on inactive InputConnection
03-28 11:39:01.232 3826 3826 W IInputConnectionWrapper: getTextBeforeCursor on inactive InputConnection
03-28 11:39:01.232 3826 3826 W IInputConnectionWrapper: getTextAfterCursor on inactive InputConnection
03-28 11:39:01.233 3826 3826 W IInputConnectionWrapper: getSelectedText on inactive InputConnection
03-28 11:39:01.259 3826 3826 W IInputConnectionWrapper: requestCursorAnchorInfo on inactive InputConnection
03-28 11:39:01.261 3826 3826 W IInputConnectionWrapper: requestCursorAnchorInfo on inactive InputConnection
03-28 11:39:01.277 3826 3826 W IInputConnectionWrapper: requestCursorAnchorInfo on inactive InputConnection
03-28 11:39:01.292 3826 3826 W IInputConnectionWrapper: getTextBeforeCursor on inactive InputConnection
03-28 11:39:01.293 3826 3826 W IInputConnectionWrapper: getTextAfterCursor on inactive InputConnection
03-28 11:39:01.296 3826 3826 W IInputConnectionWrapper: getSelectedText on inactive InputConnection
03-28 11:39:01.336 3826 3826 E ArmVmp : Match on catch block at 0xc3 in for 0xa1
03-28 11:39:01.341 3826 3826 E ArmVmp : Match on catch block at 0xc3 in for 0xa5
03-28 11:39:01.354 3826 7282 W MediaPlayer: Use of stream types is deprecated for operations other than volume control
03-28 11:39:01.355 3826 7282 W MediaPlayer: See the documentation of setAudioStreamType() for what to use instead with android.media.AudioAttributes to qualify your playback use case
03-28 11:39:01.362 3826 3826 W IInputConnectionWrapper: requestCursorAnchorInfo on inactive InputConnection
03-28 11:39:01.367 3826 3826 E ArmVmp : Match on catch block at 0xc3 in for 0xa9
03-28 11:39:01.372 3826 3826 E ArmVmp : Match on catch block at 0xc3 in for 0xa1
03-28 11:39:01.382 3826 3826 W IInputConnectionWrapper: requestCursorAnchorInfo on inactive InputConnection
03-28 11:39:01.621 3826 3826 E ArmVmp : Match on catch block at 0xc3 in for 0xa9
03-28 11:39:01.625 3826 3826 E ArmVmp : Match on catch block at 0xc3 in for 0xa1
03-28 11:39:01.637 3826 7282 W MediaPlayer: Use of stream types is deprecated for operations other than volume control
03-28 11:39:01.637 3826 7282 W MediaPlayer: See the documentation of setAudioStreamType() for what to use instead with android.media.AudioAttributes to qualify your playback use case
03-28 11:39:01.649 3826 3826 E ArmVmp : Match on catch block at 0xc3 in for 0xa5
03-28 11:39:01.655 3826 3826 E ArmVmp : Match on catch block at 0xc3 in for 0xa9
03-28 11:39:01.676 3826 3826 E ArmVmp : Match on catch block at 0xc3 in for 0xa9
03-28 11:39:01.680 3826 3826 E ArmVmp : Match on catch block at 0xc3 in for 0xa1
03-28 11:39:01.751 3826 3826 E ArmVmp : Match on catch block at 0xc3 in for 0xa9
03-28 11:39:01.756 3826 3826 E ArmVmp : Match on catch block at 0xc3 in for 0xa1
03-28 11:39:01.775 3826 3826 E ArmVmp : Match on catch block at 0xc3 in for 0xa1
03-28 11:39:01.780 3826 3826 E ArmVmp : Match on catch block at 0xc3 in for 0xa5
03-28 11:39:01.803 3826 3826 E ArmVmp : Match on catch block at 0xc3 in for 0xa1
03-28 11:39:01.807 3826 3826 E ArmVmp : Match on catch block at 0xc3 in for 0xa5
03-28 11:39:01.837 3826 3826 E ArmVmp : Match on catch block at 0xc3 in for 0xa1
03-28 11:39:01.841 3826 3826 E ArmVmp : Match on catch block at 0xc3 in for 0xa5
03-28 11:39:01.865 3826 3826 E ArmVmp : Match on catch block at 0xc3 in for 0xa1
03-28 11:39:01.868 3826 3826 E ArmVmp : Match on catch block at 0xc3 in for 0xa5
03-28 11:39:01.890 3826 3826 E ArmVmp : Match on catch block at 0xc3 in for 0xa5
03-28 11:39:01.899 3826 3826 E ArmVmp : Match on catch block at 0xc3 in for 0xa9
03-28 11:39:01.933 3826 3826 E ArmVmp : Match on catch block at 0xc3 in for 0xa1
03-28 11:39:01.938 3826 3826 E ArmVmp : Match on catch block at 0xc3 in for 0xa5
03-28 11:39:01.970 3826 3826 E ArmVmp : Match on catch block at 0xc3 in for 0xa1
03-28 11:39:01.975 3826 3826 E ArmVmp : Match on catch block at 0xc3 in for 0xa5
03-28 11:39:02.005 3826 3826 E ArmVmp : Match on catch block at 0xc3 in for 0xa1
03-28 11:39:02.009 3826 3826 E ArmVmp : Match on catch block at 0xc3 in for 0xa5
03-28 11:39:02.035 3826 3826 E ArmVmp : Match on catch block at 0xc3 in for 0xa5
03-28 11:39:02.039 3826 3826 E ArmVmp : Match on catch block at 0xc3 in for 0xa9
03-28 11:39:02.177 3826 3826 E ArmVmp : Match on catch block at 0xc3 in for 0xa9
03-28 11:39:02.183 3826 3826 E ArmVmp : Match on catch block at 0xc3 in for 0xa1
03-28 11:39:02.677 3826 3826 E ArmVmp : Match on catch block at 0xc3 in for 0xa5
03-28 11:39:02.687 3826 3826 E ArmVmp : Match on catch block at 0xc3 in for 0xa9
03-28 11:39:03.194 3826 3826 E ArmVmp : Match on catch block at 0xc3 in for 0xa9
03-28 11:39:03.201 3826 3826 E ArmVmp : Match on catch block at 0xc3 in for 0xa1
03-28 11:39:03.412 3826 3826 E ArmVmp : Match on catch block at 0xc3 in for 0xa5
03-28 11:39:03.417 3826 3826 E ArmVmp : Match on catch block at 0xc3 in for 0xa9
03-28 11:39:03.523 3826 3826 E ArmVmp : Match on catch block at 0xc3 in for 0xa9
03-28 11:39:03.528 3826 3826 E ArmVmp : Match on catch block at 0xc3 in for 0xa1
03-28 11:39:03.682 3826 3826 E ArmVmp : Match on catch block at 0xc3 in for 0xa1
03-28 11:39:03.686 3826 3826 E ArmVmp : Match on catch block at 0xc3 in for 0xa5
03-28 11:39:03.733 3826 3826 E ArmVmp : Match on catch block at 0xc3 in for 0xa5
03-28 11:39:03.737 3826 3826 E ArmVmp : Match on catch block at 0xc3 in for 0xa9
03-28 11:39:03.762 3826 3826 W IInputConnectionWrapper: requestCursorAnchorInfo on inactive InputConnection
03-28 11:39:03.795 3826 3826 E ArmVmp : Match on catch block at 0xc3 in for 0xa1
03-28 11:39:03.800 3826 3826 E ArmVmp : Match on catch block at 0xc3 in for 0xa5
03-28 11:39:04.150 3826 3826 E ArmVmp : Match on catch block at 0xc3 in for 0xa1
03-28 11:39:04.155 3826 3826 E ArmVmp : Match on catch block at 0xc3 in for 0xa5
03-28 11:39:05.290 3826 3992 W RenderInspector: QueueBuffer time out on com.mbwhatsapp/com.mbwhatsapp.HomeActivity, count=1, avg=17 ms, max=17 ms.
03-28 11:39:08.352 3826 3992 W RenderInspector: QueueBuffer time out on PopupWindow:f89b40, count=1, avg=18 ms, max=18 ms.
03-28 11:39:09.549 3826 3992 W RenderInspector: DequeueBuffer time out on com.mbwhatsapp/com.mbwhatsapp.HomeActivity, count=3, avg=14 ms, max=19 ms.
03-28 11:39:11.136 3826 3992 W RenderInspector: DequeueBuffer time out on com.mbwhatsapp/com.mbwhatsapp.HomeActivity, count=1, avg=16 ms, max=16 ms.
03-28 11:39:11.440 3826 3992 W RenderInspector: QueueBuffer time out on com.mbwhatsapp/com.mbwhatsapp.HomeActivity, count=1, avg=23 ms, max=23 ms.
03-28 11:39:14.578 3826 3992 W RenderInspector: QueueBuffer time out on com.mbwhatsapp/com.mbwhatsapp.HomeActivity, count=1, avg=17 ms, max=17 ms.
03-28 11:39:15.801 3826 3992 W RenderInspector: DequeueBuffer time out on Toast, count=1, avg=17 ms, max=17 ms.
03-28 11:39:16.339 3826 3826 W ActivityThread: handleWindowVisibility: no activity for token android.os.BinderProxy@46fad72
03-28 11:39:16.847 3826 3992 W RenderInspector: QueueBuffer time out on com.mbwhatsapp/mbmodsd.mbmodsw.mbsettings.MBSettingsActivity, count=1, avg=23 ms, max=23 ms.
03-28 11:39:23.151 3826 3826 W ActivityThread: handleWindowVisibility: no activity for token android.os.BinderProxy@bb1145e
03-28 11:39:23.163 3826 3826 E ArmVmp : Match on catch block at 0x0a in for 0xf5
03-28 11:39:23.184 3826 3826 E ArmVmp : Match on catch block at 0x22 in for 0xb9
03-28 11:39:23.302 3826 3826 E ArmVmp : Match on catch block at 0x0a in for 0xb9
03-28 11:39:23.352 3826 3826 E ArmVmp : Match on catch block at 0x0a in for 0xd9
03-28 11:39:23.444 3826 3826 E ArmVmp : Match on catch block at 0xc3 in for 0xb1
03-28 11:39:23.465 3826 3826 E ArmVmp : Match on catch block at 0xc3 in for 0xb1
03-28 11:39:23.544 3826 3826 E ArmVmp : Match on catch block at 0xc3 in for 0xa5
03-28 11:39:23.549 3826 3826 E ArmVmp : Match on catch block at 0xc3 in for 0xa9
03-28 11:39:23.552 3826 3826 E ArmVmp : Match on catch block at 0xc3 in for 0xa1
03-28 11:39:23.553 3826 3826 E ArmVmp : Match on catch block at 0xc3 in for 0xa5
03-28 11:39:23.555 3826 3826 E ArmVmp : Match on catch block at 0xc3 in for 0xa9
03-28 11:39:23.557 3826 3826 E ArmVmp : Match on catch block at 0xc3 in for 0xa1
03-28 11:39:23.559 3826 3826 E ArmVmp : Match on catch block at 0xc3 in for 0xa5
03-28 11:39:23.575 3826 3826 E ArmVmp : Match on catch block at 0xc3 in for 0xa1
03-28 11:39:23.580 3826 3826 E ArmVmp : Match on catch block at 0xc3 in for 0xa5
03-28 11:39:23.582 3826 3826 E ArmVmp : Match on catch block at 0xc3 in for 0xa9
03-28 11:39:23.584 3826 3826 E ArmVmp : Match on catch block at 0xc3 in for 0xa1
03-28 11:39:23.586 3826 3826 E ArmVmp : Match on catch block at 0xc3 in for 0xa5
03-28 11:39:23.588 3826 3826 E ArmVmp : Match on catch block at 0xc3 in for 0xa9
03-28 11:39:23.590 3826 3826 E ArmVmp : Match on catch block at 0xc3 in for 0xa1
03-28 11:39:23.600 3826 3826 E ArmVmp : Match on catch block at 0xc3 in for 0xa9
03-28 11:39:23.604 3826 3826 E ArmVmp : Match on catch block at 0xc3 in for 0xa1
03-28 11:39:23.606 3826 3826 E ArmVmp : Match on catch block at 0xc3 in for 0xa5
03-28 11:39:23.608 3826 3826 E ArmVmp : Match on catch block at 0xc3 in for 0xa9
03-28 11:39:23.610 3826 3826 E ArmVmp : Match on catch block at 0xc3 in for 0xa1
03-28 11:39:23.612 3826 3826 E ArmVmp : Match on catch block at 0xc3 in for 0xa5
03-28 11:39:23.615 3826 3826 E ArmVmp : Match on catch block at 0xc3 in for 0xa9
03-28 11:39:23.633 3826 3826 E ArmVmp : Match on catch block at 0xc3 in for 0xa5
03-28 11:39:23.637 3826 3826 E ArmVmp : Match on catch block at 0xc3 in for 0xa9
03-28 11:39:23.640 3826 3826 E ArmVmp : Match on catch block at 0xc3 in for 0xa1
03-28 11:39:23.642 3826 3826 E ArmVmp : Match on catch block at 0xc3 in for 0xa5
03-28 11:39:23.643 3826 3826 E ArmVmp : Match on catch block at 0xc3 in for 0xa9
03-28 11:39:23.645 3826 3826 E ArmVmp : Match on catch block at 0xc3 in for 0xa1
03-28 11:39:23.648 3826 3826 E ArmVmp : Match on catch block at 0xc3 in for 0xa5
03-28 11:39:23.667 3826 3826 E ArmVmp : Match on catch block at 0xc3 in for 0xa1
03-28 11:39:23.672 3826 3826 E ArmVmp : Match on catch block at 0xc3 in for 0xa5
03-28 11:39:23.675 3826 3826 E ArmVmp : Match on catch block at 0xc3 in for 0xa9
03-28 11:39:23.678 3826 3826 E ArmVmp : Match on catch block at 0xc3 in for 0xa1
03-28 11:39:23.681 3826 3826 E ArmVmp : Match on catch block at 0xc3 in for 0xa5
03-28 11:39:23.685 3826 3826 E ArmVmp : Match on catch block at 0xc3 in for 0xa9
03-28 11:39:23.688 3826 3826 E ArmVmp : Match on catch block at 0xc3 in for 0xa1
03-28 11:39:26.314 3826 3826 E ArmVmp : Match on catch block at 0xc3 in for 0xa5
03-28 11:39:26.321 3826 3826 E ArmVmp : Match on catch block at 0xc3 in for 0xa9
03-28 11:39:26.325 3826 3826 E ArmVmp : Match on catch block at 0xc3 in for 0xa1
03-28 11:39:26.328 3826 3826 E ArmVmp : Match on catch block at 0xc3 in for 0xa5
03-28 11:39:26.332 3826 3826 E ArmVmp : Match on catch block at 0xc3 in for 0xa9
03-28 11:39:26.335 3826 3826 E ArmVmp : Match on catch block at 0xc3 in for 0xa1
03-28 11:39:26.339 3826 3826 E ArmVmp : Match on catch block at 0xc3 in for 0xa5
03-28 11:39:26.364 3826 3826 E ArmVmp : Match on catch block at 0xc3 in for 0xa9
03-28 11:39:26.371 3826 3826 E ArmVmp : Match on catch block at 0xc3 in for 0xa1
03-28 11:39:26.374 3826 3826 E ArmVmp : Match on catch block at 0xc3 in for 0xa5
03-28 11:39:26.377 3826 3826 E ArmVmp : Match on catch block at 0xc3 in for 0xa9
03-28 11:39:26.382 3826 3826 E ArmVmp : Match on catch block at 0xc3 in for 0xa1
03-28 11:39:26.385 3826 3826 E ArmVmp : Match on catch block at 0xc3 in for 0xa5
03-28 11:39:26.388 3826 3826 E ArmVmp : Match on catch block at 0xc3 in for 0xa9
03-28 11:39:26.409 3826 3826 E ArmVmp : Match on catch block at 0xc3 in for 0xa1
03-28 11:39:26.414 3826 3826 E ArmVmp : Match on catch block at 0xc3 in for 0xa5
03-28 11:39:26.418 3826 3826 E ArmVmp : Match on catch block at 0xc3 in for 0xa9
03-28 11:39:26.421 3826 3826 E ArmVmp : Match on catch block at 0xc3 in for 0xa1
03-28 11:39:26.424 3826 3826 E ArmVmp : Match on catch block at 0xc3 in for 0xa5
03-28 11:39:26.427 3826 3826 E ArmVmp : Match on catch block at 0xc3 in for 0xa9
03-28 11:39:26.430 3826 3826 E ArmVmp : Match on catch block at 0xc3 in for 0xa1
03-28 11:39:26.460 3826 3826 E ArmVmp : Match on catch block at 0xc3 in for 0xa9
03-28 11:39:26.470 3826 3826 E ArmVmp : Match on catch block at 0xc3 in for 0xa1
03-28 11:39:26.473 3826 3826 E ArmVmp : Match on catch block at 0xc3 in for 0xa5
03-28 11:39:26.476 3826 3826 E ArmVmp : Match on catch block at 0xc3 in for 0xa9
03-28 11:39:26.479 3826 3826 E ArmVmp : Match on catch block at 0xc3 in for 0xa1
03-28 11:39:26.482 3826 3826 E ArmVmp : Match on catch block at 0xc3 in for 0xa5
03-28 11:39:26.485 3826 3826 E ArmVmp : Match on catch block at 0xc3 in for 0xa9
03-28 11:39:26.509 3826 3826 E ArmVmp : Match on catch block at 0xc3 in for 0xa1
03-28 11:39:26.516 3826 3826 E ArmVmp : Match on catch block at 0xc3 in for 0xa5
03-28 11:39:26.520 3826 3826 E ArmVmp : Match on catch block at 0xc3 in for 0xa9
03-28 11:39:26.523 3826 3826 E ArmVmp : Match on catch block at 0xc3 in for 0xa1
03-28 11:39:26.526 3826 3826 E ArmVmp : Match on catch block at 0xc3 in for 0xa5
03-28 11:39:26.529 3826 3826 E ArmVmp : Match on catch block at 0xc3 in for 0xa9
03-28 11:39:26.531 3826 3826 E ArmVmp : Match on catch block at 0xc3 in for 0xa1
03-28 11:39:26.540 3826 3826 E ArmVmp : Match on catch block at 0xc3 in for 0xa5
03-28 11:39:26.546 3826 3826 E ArmVmp : Match on catch block at 0xc3 in for 0xa9
03-28 11:39:26.550 3826 3826 E ArmVmp : Match on catch block at 0xc3 in for 0xa1
03-28 11:39:26.554 3826 3826 E ArmVmp : Match on catch block at 0xc3 in for 0xa5
03-28 11:39:26.557 3826 3826 E ArmVmp : Match on catch block at 0xc3 in for 0xa9
03-28 11:39:26.559 3826 3826 E ArmVmp : Match on catch block at 0xc3 in for 0xa1
03-28 11:39:26.561 3826 3826 E ArmVmp : Match on catch block at 0xc3 in for 0xa5
03-28 11:39:26.567 3826 3826 E ArmVmp : Match on catch block at 0xc3 in for 0xa1
03-28 11:39:26.570 3826 3826 E ArmVmp : Match on catch block at 0xc3 in for 0xa5
03-28 11:39:26.573 3826 3826 E ArmVmp : Match on catch block at 0xc3 in for 0xa9
03-28 11:39:26.575 3826 3826 E ArmVmp : Match on catch block at 0xc3 in for 0xa1
03-28 11:39:26.580 3826 3826 E ArmVmp : Match on catch block at 0xc3 in for 0xa5
03-28 11:39:26.582 3826 3826 E ArmVmp : Match on catch block at 0xc3 in for 0xa9
03-28 11:39:26.585 3826 3826 E ArmVmp : Match on catch block at 0xc3 in for 0xa1
03-28 11:39:26.590 3826 3826 E ArmVmp : Match on catch block at 0xc3 in for 0xa9
03-28 11:39:26.595 3826 3826 E ArmVmp : Match on catch block at 0xc3 in for 0xa1
03-28 11:39:26.599 3826 3826 E ArmVmp : Match on catch block at 0xc3 in for 0xa5
03-28 11:39:26.601 3826 3826 E ArmVmp : Match on catch block at 0xc3 in for 0xa9
03-28 11:39:26.604 3826 3826 E ArmVmp : Match on catch block at 0xc3 in for 0xa1
03-28 11:39:26.606 3826 3826 E ArmVmp : Match on catch block at 0xc3 in for 0xa5
03-28 11:39:26.608 3826 3826 E ArmVmp : Match on catch block at 0xc3 in for 0xa9
03-28 11:39:26.615 3826 3826 E ArmVmp : Match on catch block at 0xc3 in for 0xa5
03-28 11:39:26.621 3826 3826 E ArmVmp : Match on catch block at 0xc3 in for 0xa9
03-28 11:39:26.625 3826 3826 E ArmVmp : Match on catch block at 0xc3 in for 0xa1
03-28 11:39:26.628 3826 3826 E ArmVmp : Match on catch block at 0xc3 in for 0xa5
03-28 11:39:26.630 3826 3826 E ArmVmp : Match on catch block at 0xc3 in for 0xa9
03-28 11:39:26.633 3826 3826 E ArmVmp : Match on catch block at 0xc3 in for 0xa1
03-28 11:39:26.635 3826 3826 E ArmVmp : Match on catch block at 0xc3 in for 0xa5
03-28 11:39:26.641 3826 3826 E ArmVmp : Match on catch block at 0xc3 in for 0xa1
03-28 11:39:26.646 3826 3826 E ArmVmp : Match on catch block at 0xc3 in for 0xa5
03-28 11:39:26.650 3826 3826 E ArmVmp : Match on catch block at 0xc3 in for 0xa9
03-28 11:39:26.653 3826 3826 E ArmVmp : Match on catch block at 0xc3 in for 0xa1
03-28 11:39:26.655 3826 3826 E ArmVmp : Match on catch block at 0xc3 in for 0xa5
03-28 11:39:26.657 3826 3826 E ArmVmp : Match on catch block at 0xc3 in for 0xa9
03-28 11:39:26.659 3826 3826 E ArmVmp : Match on catch block at 0xc3 in for 0xa1
03-28 11:39:26.664 3826 3826 E ArmVmp : Match on catch block at 0xc3 in for 0xa9
03-28 11:39:26.673 3826 3826 E ArmVmp : Match on catch block at 0xc3 in for 0xa1
03-28 11:39:26.675 3826 3826 E ArmVmp : Match on catch block at 0xc3 in for 0xa5
03-28 11:39:26.678 3826 3826 E ArmVmp : Match on catch block at 0xc3 in for 0xa9
03-28 11:39:26.680 3826 3826 E ArmVmp : Match on catch block at 0xc3 in for 0xa1
03-28 11:39:26.682 3826 3826 E ArmVmp : Match on catch block at 0xc3 in for 0xa5
03-28 11:39:26.684 3826 3826 E ArmVmp : Match on catch block at 0xc3 in for 0xa9
03-28 11:39:26.690 3826 3826 E ArmVmp : Match on catch block at 0xc3 in for 0xa5
03-28 11:39:26.696 3826 3826 E ArmVmp : Match on catch block at 0xc3 in for 0xa9
03-28 11:39:26.700 3826 3826 E ArmVmp : Match on catch block at 0xc3 in for 0xa1
03-28 11:39:26.703 3826 3826 E ArmVmp : Match on catch block at 0xc3 in for 0xa5
03-28 11:39:26.707 3826 3826 E ArmVmp : Match on catch block at 0xc3 in for 0xa9
03-28 11:39:26.709 3826 3826 E ArmVmp : Match on catch block at 0xc3 in for 0xa1
03-28 11:39:26.712 3826 3826 E ArmVmp : Match on catch block at 0xc3 in for 0xa5
03-28 11:39:26.719 3826 3826 E ArmVmp : Match on catch block at 0xc3 in for 0xa1
03-28 11:39:26.726 3826 3826 E ArmVmp : Match on catch block at 0xc3 in for 0xa5
03-28 11:39:26.730 3826 3826 E ArmVmp : Match on catch block at 0xc3 in for 0xa9
03-28 11:39:26.733 3826 3826 E ArmVmp : Match on catch block at 0xc3 in for 0xa1
03-28 11:39:26.736 3826 3826 E ArmVmp : Match on catch block at 0xc3 in for 0xa5
03-28 11:39:26.738 3826 3826 E ArmVmp : Match on catch block at 0xc3 in for 0xa9
03-28 11:39:26.741 3826 3826 E ArmVmp : Match on catch block at 0xc3 in for 0xa1
03-28 11:39:26.747 3826 3826 E ArmVmp : Match on catch block at 0xc3 in for 0xa9
03-28 11:39:26.754 3826 3826 E ArmVmp : Match on catch block at 0xc3 in for 0xa1
03-28 11:39:26.756 3826 3826 E ArmVmp : Match on catch block at 0xc3 in for 0xa5
03-28 11:39:26.761 3826 3826 E ArmVmp : Match on catch block at 0xc3 in for 0xa9
03-28 11:39:26.763 3826 3826 E ArmVmp : Match on catch block at 0xc3 in for 0xa1
03-28 11:39:26.766 3826 3826 E ArmVmp : Match on catch block at 0xc3 in for 0xa5
03-28 11:39:26.768 3826 3826 E ArmVmp : Match on catch block at 0xc3 in for 0xa9
03-28 11:39:26.775 3826 3826 E ArmVmp : Match on catch block at 0xc3 in for 0xa5
03-28 11:39:26.781 3826 3826 E ArmVmp : Match on catch block at 0xc3 in for 0xa9
03-28 11:39:26.784 3826 3826 E ArmVmp : Match on catch block at 0xc3 in for 0xa1
03-28 11:39:26.787 3826 3826 E ArmVmp : Match on catch block at 0xc3 in for 0xa5
03-28 11:39:26.790 3826 3826 E ArmVmp : Match on catch block at 0xc3 in for 0xa9
03-28 11:39:26.792 3826 3826 E ArmVmp : Match on catch block at 0xc3 in for 0xa1
03-28 11:39:26.794 3826 3826 E ArmVmp : Match on catch block at 0xc3 in for 0xa5
03-28 11:39:26.800 3826 3826 E ArmVmp : Match on catch block at 0xc3 in for 0xa1
03-28 11:39:26.806 3826 3826 E ArmVmp : Match on catch block at 0xc3 in for 0xa5
03-28 11:39:26.810 3826 3826 E ArmVmp : Match on catch block at 0xc3 in for 0xa9
03-28 11:39:26.813 3826 3826 E ArmVmp : Match on catch block at 0xc3 in for 0xa1
03-28 11:39:26.815 3826 3826 E ArmVmp : Match on catch block at 0xc3 in for 0xa5
03-28 11:39:26.817 3826 3826 E ArmVmp : Match on catch block at 0xc3 in for 0xa9
03-28 11:39:26.820 3826 3826 E ArmVmp : Match on catch block at 0xc3 in for 0xa1
03-28 11:39:26.826 3826 3826 E ArmVmp : Match on catch block at 0xc3 in for 0xa9
03-28 11:39:26.832 3826 3826 E ArmVmp : Match on catch block at 0xc3 in for 0xa1
03-28 11:39:26.835 3826 3826 E ArmVmp : Match on catch block at 0xc3 in for 0xa5
03-28 11:39:26.838 3826 3826 E ArmVmp : Match on catch block at 0xc3 in for 0xa9
03-28 11:39:26.840 3826 3826 E ArmVmp : Match on catch block at 0xc3 in for 0xa1
03-28 11:39:26.842 3826 3826 E ArmVmp : Match on catch block at 0xc3 in for 0xa5
03-28 11:39:26.844 3826 3826 E ArmVmp : Match on catch block at 0xc3 in for 0xa9
03-28 11:39:26.849 3826 3826 E ArmVmp : Match on catch block at 0xc3 in for 0xa5
03-28 11:39:26.856 3826 3826 E ArmVmp : Match on catch block at 0xc3 in for 0xa9
03-28 11:39:26.859 3826 3826 E ArmVmp : Match on catch block at 0xc3 in for 0xa1
03-28 11:39:26.862 3826 3826 E ArmVmp : Match on catch block at 0xc3 in for 0xa5
03-28 11:39:26.864 3826 3826 E ArmVmp : Match on catch block at 0xc3 in for 0xa9
03-28 11:39:26.866 3826 3826 E ArmVmp : Match on catch block at 0xc3 in for 0xa1
03-28 11:39:26.868 3826 3826 E ArmVmp : Match on catch block at 0xc3 in for 0xa5
03-28 11:39:26.874 3826 3826 E ArmVmp : Match on catch block at 0xc3 in for 0xa1
03-28 11:39:26.880 3826 3826 E ArmVmp : Match on catch block at 0xc3 in for 0xa5
03-28 11:39:26.882 3826 3826 E ArmVmp : Match on catch block at 0xc3 in for 0xa9
03-28 11:39:26.886 3826 3826 E ArmVmp : Match on catch block at 0xc3 in for 0xa1
03-28 11:39:26.888 3826 3826 E ArmVmp : Match on catch block at 0xc3 in for 0xa5
03-28 11:39:26.891 3826 3826 E ArmVmp : Match on catch block at 0xc3 in for 0xa9
03-28 11:39:26.893 3826 3826 E ArmVmp : Match on catch block at 0xc3 in for 0xa1
03-28 11:39:26.899 3826 3826 E ArmVmp : Match on catch block at 0xc3 in for 0xa9
03-28 11:39:26.906 3826 3826 E ArmVmp : Match on catch block at 0xc3 in for 0xa1
03-28 11:39:26.909 3826 3826 E ArmVmp : Match on catch block at 0xc3 in for 0xa5
03-28 11:39:26.912 3826 3826 E ArmVmp : Match on catch block at 0xc3 in for 0xa9
03-28 11:39:26.915 3826 3826 E ArmVmp : Match on catch block at 0xc3 in for 0xa1
03-28 11:39:26.917 3826 3826 E ArmVmp : Match on catch block at 0xc3 in for 0xa5
03-28 11:39:26.920 3826 3826 E ArmVmp : Match on catch block at 0xc3 in for 0xa9
03-28 11:39:26.926 3826 3826 E ArmVmp : Match on catch block at 0xc3 in for 0xa5
03-28 11:39:26.933 3826 3826 E ArmVmp : Match on catch block at 0xc3 in for 0xa9
03-28 11:39:26.936 3826 3826 E ArmVmp : Match on catch block at 0xc3 in for 0xa1
03-28 11:39:26.940 3826 3826 E ArmVmp : Match on catch block at 0xc3 in for 0xa5
03-28 11:39:26.943 3826 3826 E ArmVmp : Match on catch block at 0xc3 in for 0xa9
03-28 11:39:26.945 3826 3826 E ArmVmp : Match on catch block at 0xc3 in for 0xa1
03-28 11:39:26.947 3826 3826 E ArmVmp : Match on catch block at 0xc3 in for 0xa5
03-28 11:39:26.955 3826 3826 E ArmVmp : Match on catch block at 0xc3 in for 0xa1
03-28 11:39:26.961 3826 3826 E ArmVmp : Match on catch block at 0xc3 in for 0xa5
03-28 11:39:26.964 3826 3826 E ArmVmp : Match on catch block at 0xc3 in for 0xa9
03-28 11:39:26.967 3826 3826 E ArmVmp : Match on catch block at 0xc3 in for 0xa1
03-28 11:39:26.971 3826 3826 E ArmVmp : Match on catch block at 0xc3 in for 0xa5
03-28 11:39:26.973 3826 3826 E ArmVmp : Match on catch block at 0xc3 in for 0xa9
03-28 11:39:26.974 3826 3826 E ArmVmp : Match on catch block at 0xc3 in for 0xa1
03-28 11:39:26.979 3826 3826 E ArmVmp : Match on catch block at 0xc3 in for 0xa9
03-28 11:39:26.983 3826 3826 E ArmVmp : Match on catch block at 0xc3 in for 0xa1
03-28 11:39:26.986 3826 3826 E ArmVmp : Match on catch block at 0xc3 in for 0xa5
03-28 11:39:26.989 3826 3826 E ArmVmp : Match on catch block at 0xc3 in for 0xa9
03-28 11:39:26.991 3826 3826 E ArmVmp : Match on catch block at 0xc3 in for 0xa1
03-28 11:39:26.992 3826 3826 E ArmVmp : Match on catch block at 0xc3 in for 0xa5
03-28 11:39:26.994 3826 3826 E ArmVmp : Match on catch block at 0xc3 in for 0xa9
03-28 11:39:27.008 3826 3826 E ArmVmp : Match on catch block at 0xc3 in for 0xa5
03-28 11:39:27.012 3826 3826 E ArmVmp : Match on catch block at 0xc3 in for 0xa9
03-28 11:39:27.014 3826 3826 E ArmVmp : Match on catch block at 0xc3 in for 0xa1
03-28 11:39:27.017 3826 3826 E ArmVmp : Match on catch block at 0xc3 in for 0xa5
03-28 11:39:27.020 3826 3826 E ArmVmp : Match on catch block at 0xc3 in for 0xa9
03-28 11:39:27.022 3826 3826 E ArmVmp : Match on catch block at 0xc3 in for 0xa1
03-28 11:39:27.024 3826 3826 E ArmVmp : Match on catch block at 0xc3 in for 0xa5
03-28 11:39:27.037 3826 3826 E ArmVmp : Match on catch block at 0xc3 in for 0xa9
03-28 11:39:27.041 3826 3826 E ArmVmp : Match on catch block at 0xc3 in for 0xa1
03-28 11:39:27.043 3826 3826 E ArmVmp : Match on catch block at 0xc3 in for 0xa5
03-28 11:39:27.045 3826 3826 E ArmVmp : Match on catch block at 0xc3 in for 0xa9
03-28 11:39:27.046 3826 3826 E ArmVmp : Match on catch block at 0xc3 in for 0xa1
03-28 11:39:27.048 3826 3826 E ArmVmp : Match on catch block at 0xc3 in for 0xa5
03-28 11:39:27.051 3826 3826 E ArmVmp : Match on catch block at 0xc3 in for 0xa9
03-28 11:39:27.066 3826 3826 E ArmVmp : Match on catch block at 0xc3 in for 0xa1
03-28 11:39:27.071 3826 3826 E ArmVmp : Match on catch block at 0xc3 in for 0xa5
03-28 11:39:27.073 3826 3826 E ArmVmp : Match on catch block at 0xc3 in for 0xa9
03-28 11:39:27.075 3826 3826 E ArmVmp : Match on catch block at 0xc3 in for 0xa1
03-28 11:39:27.077 3826 3826 E ArmVmp : Match on catch block at 0xc3 in for 0xa5
03-28 11:39:27.079 3826 3826 E ArmVmp : Match on catch block at 0xc3 in for 0xa9
03-28 11:39:27.082 3826 3826 E ArmVmp : Match on catch block at 0xc3 in for 0xa1
03-28 11:39:27.089 3826 3826 E ArmVmp : Match on catch block at 0xc3 in for 0xa9
03-28 11:39:27.094 3826 3826 E ArmVmp : Match on catch block at 0xc3 in for 0xa1
03-28 11:39:27.097 3826 3826 E ArmVmp : Match on catch block at 0xc3 in for 0xa5
03-28 11:39:27.100 3826 3826 E ArmVmp : Match on catch block at 0xc3 in for 0xa9
03-28 11:39:27.103 3826 3826 E ArmVmp : Match on catch block at 0xc3 in for 0xa1
03-28 11:39:27.106 3826 3826 E ArmVmp : Match on catch block at 0xc3 in for 0xa5
03-28 11:39:27.108 3826 3826 E ArmVmp : Match on catch block at 0xc3 in for 0xa9
03-28 11:39:27.115 3826 3826 E ArmVmp : Match on catch block at 0xc3 in for 0xa5
03-28 11:39:27.121 3826 3826 E ArmVmp : Match on catch block at 0xc3 in for 0xa9
03-28 11:39:27.123 3826 3826 E ArmVmp : Match on catch block at 0xc3 in for 0xa1
03-28 11:39:27.126 3826 3826 E ArmVmp : Match on catch block at 0xc3 in for 0xa5
03-28 11:39:27.129 3826 3826 E ArmVmp : Match on catch block at 0xc3 in for 0xa9
03-28 11:39:27.132 3826 3826 E ArmVmp : Match on catch block at 0xc3 in for 0xa1
03-28 11:39:27.134 3826 3826 E ArmVmp : Match on catch block at 0xc3 in for 0xa5
03-28 11:39:27.142 3826 3826 E ArmVmp : Match on catch block at 0xc3 in for 0xa1
03-28 11:39:27.148 3826 3826 E ArmVmp : Match on catch block at 0xc3 in for 0xa5
03-28 11:39:27.151 3826 3826 E ArmVmp : Match on catch block at 0xc3 in for 0xa9
03-28 11:39:27.154 3826 3826 E ArmVmp : Match on catch block at 0xc3 in for 0xa1
03-28 11:39:27.156 3826 3826 E ArmVmp : Match on catch block at 0xc3 in for 0xa5
03-28 11:39:27.159 3826 3826 E ArmVmp : Match on catch block at 0xc3 in for 0xa9
03-28 11:39:27.163 3826 3826 E ArmVmp : Match on catch block at 0xc3 in for 0xa1
03-28 11:39:27.170 3826 3826 E ArmVmp : Match on catch block at 0xc3 in for 0xa9
03-28 11:39:27.176 3826 3826 E ArmVmp : Match on catch block at 0xc3 in for 0xa1
03-28 11:39:27.180 3826 3826 E ArmVmp : Match on catch block at 0xc3 in for 0xa5
03-28 11:39:27.182 3826 3826 E ArmVmp : Match on catch block at 0xc3 in for 0xa9
03-28 11:39:27.184 3826 3826 E ArmVmp : Match on catch block at 0xc3 in for 0xa1
03-28 11:39:27.186 3826 3826 E ArmVmp : Match on catch block at 0xc3 in for 0xa5
03-28 11:39:27.189 3826 3826 E ArmVmp : Match on catch block at 0xc3 in for 0xa9
03-28 11:39:27.196 3826 3826 E ArmVmp : Match on catch block at 0xc3 in for 0xa5
03-28 11:39:27.201 3826 3826 E ArmVmp : Match on catch block at 0xc3 in for 0xa9
03-28 11:39:27.205 3826 3826 E ArmVmp : Match on catch block at 0xc3 in for 0xa1
03-28 11:39:27.208 3826 3826 E ArmVmp : Match on catch block at 0xc3 in for 0xa5
03-28 11:39:27.211 3826 3826 E ArmVmp : Match on catch block at 0xc3 in for 0xa9
03-28 11:39:27.213 3826 3826 E ArmVmp : Match on catch block at 0xc3 in for 0xa1
03-28 11:39:27.215 3826 3826 E ArmVmp : Match on catch block at 0xc3 in for 0xa5
03-28 11:39:27.223 3826 3826 E ArmVmp : Match on catch block at 0xc3 in for 0xa1
03-28 11:39:27.228 3826 3826 E ArmVmp : Match on catch block at 0xc3 in for 0xa5
03-28 11:39:27.231 3826 3826 E ArmVmp : Match on catch block at 0xc3 in for 0xa9
03-28 11:39:27.233 3826 3826 E ArmVmp : Match on catch block at 0xc3 in for 0xa1
03-28 11:39:27.236 3826 3826 E ArmVmp : Match on catch block at 0xc3 in for 0xa5
03-28 11:39:27.238 3826 3826 E ArmVmp : Match on catch block at 0xc3 in for 0xa9
03-28 11:39:27.240 3826 3826 E ArmVmp : Match on catch block at 0xc3 in for 0xa1
03-28 11:39:27.246 3826 3826 E ArmVmp : Match on catch block at 0xc3 in for 0xa9
03-28 11:39:27.250 3826 3826 E ArmVmp : Match on catch block at 0xc3 in for 0xa1
03-28 11:39:27.252 3826 3826 E ArmVmp : Match on catch block at 0xc3 in for 0xa5
03-28 11:39:27.255 3826 3826 E ArmVmp : Match on catch block at 0xc3 in for 0xa9
03-28 11:39:27.257 3826 3826 E ArmVmp : Match on catch block at 0xc3 in for 0xa1
03-28 11:39:27.259 3826 3826 E ArmVmp : Match on catch block at 0xc3 in for 0xa5
03-28 11:39:27.261 3826 3826 E ArmVmp : Match on catch block at 0xc3 in for 0xa9
03-28 11:39:27.268 3826 3826 E ArmVmp : Match on catch block at 0xc3 in for 0xa5
03-28 11:39:27.272 3826 3826 E ArmVmp : Match on catch block at 0xc3 in for 0xa9
03-28 11:39:27.274 3826 3826 E ArmVmp : Match on catch block at 0xc3 in for 0xa1
03-28 11:39:27.276 3826 3826 E ArmVmp : Match on catch block at 0xc3 in for 0xa5
03-28 11:39:27.279 3826 3826 E ArmVmp : Match on catch block at 0xc3 in for 0xa9
03-28 11:39:27.281 3826 3826 E ArmVmp : Match on catch block at 0xc3 in for 0xa1
03-28 11:39:27.283 3826 3826 E ArmVmp : Match on catch block at 0xc3 in for 0xa5
03-28 11:39:27.290 3826 3826 E ArmVmp : Match on catch block at 0xc3 in for 0xa1
03-28 11:39:27.294 3826 3826 E ArmVmp : Match on catch block at 0xc3 in for 0xa5
03-28 11:39:27.297 3826 3826 E ArmVmp : Match on catch block at 0xc3 in for 0xa9
03-28 11:39:27.300 3826 3826 E ArmVmp : Match on catch block at 0xc3 in for 0xa1
03-28 11:39:27.302 3826 3826 E ArmVmp : Match on catch block at 0xc3 in for 0xa5
03-28 11:39:27.304 3826 3826 E ArmVmp : Match on catch block at 0xc3 in for 0xa9
03-28 11:39:27.307 3826 3826 E ArmVmp : Match on catch block at 0xc3 in for 0xa1
03-28 11:39:27.313 3826 3826 E ArmVmp : Match on catch block at 0xc3 in for 0xa9
03-28 11:39:27.318 3826 3826 E ArmVmp : Match on catch block at 0xc3 in for 0xa1
03-28 11:39:27.320 3826 3826 E ArmVmp : Match on catch block at 0xc3 in for 0xa5
03-28 11:39:27.323 3826 3826 E ArmVmp : Match on catch block at 0xc3 in for 0xa9
03-28 11:39:27.325 3826 3826 E ArmVmp : Match on catch block at 0xc3 in for 0xa1
03-28 11:39:27.327 3826 3826 E ArmVmp : Match on catch block at 0xc3 in for 0xa5
03-28 11:39:27.330 3826 3826 E ArmVmp : Match on catch block at 0xc3 in for 0xa9
03-28 11:39:27.337 3826 3826 E ArmVmp : Match on catch block at 0xc3 in for 0xa5
03-28 11:39:27.342 3826 3826 E ArmVmp : Match on catch block at 0xc3 in for 0xa9
03-28 11:39:27.345 3826 3826 E ArmVmp : Match on catch block at 0xc3 in for 0xa1
03-28 11:39:27.348 3826 3826 E ArmVmp : Match on catch block at 0xc3 in for 0xa5
03-28 11:39:27.351 3826 3826 E ArmVmp : Match on catch block at 0xc3 in for 0xa9
03-28 11:39:27.354 3826 3826 E ArmVmp : Match on catch block at 0xc3 in for 0xa1
03-28 11:39:27.357 3826 3826 E ArmVmp : Match on catch block at 0xc3 in for 0xa5
03-28 11:39:27.364 3826 3826 E ArmVmp : Match on catch block at 0xc3 in for 0xa1
03-28 11:39:27.371 3826 3826 E ArmVmp : Match on catch block at 0xc3 in for 0xa5
03-28 11:39:27.374 3826 3826 E ArmVmp : Match on catch block at 0xc3 in for 0xa9
03-28 11:39:27.378 3826 3826 E ArmVmp : Match on catch block at 0xc3 in for 0xa1
03-28 11:39:27.383 3826 3826 E ArmVmp : Match on catch block at 0xc3 in for 0xa5
03-28 11:39:27.385 3826 3826 E ArmVmp : Match on catch block at 0xc3 in for 0xa9
03-28 11:39:27.388 3826 3826 E ArmVmp : Match on catch block at 0xc3 in for 0xa1
03-28 11:39:27.395 3826 3826 E ArmVmp : Match on catch block at 0xc3 in for 0xa9
03-28 11:39:27.402 3826 3826 E ArmVmp : Match on catch block at 0xc3 in for 0xa1
03-28 11:39:27.404 3826 3826 E ArmVmp : Match on catch block at 0xc3 in for 0xa5
03-28 11:39:27.406 3826 3826 E ArmVmp : Match on catch block at 0xc3 in for 0xa9
03-28 11:39:27.409 3826 3826 E ArmVmp : Match on catch block at 0xc3 in for 0xa1
03-28 11:39:27.411 3826 3826 E ArmVmp : Match on catch block at 0xc3 in for 0xa5
03-28 11:39:27.413 3826 3826 E ArmVmp : Match on catch block at 0xc3 in for 0xa9
03-28 11:39:27.420 3826 3826 E ArmVmp : Match on catch block at 0xc3 in for 0xa5
03-28 11:39:27.427 3826 3826 E ArmVmp : Match on catch block at 0xc3 in for 0xa9
03-28 11:39:27.431 3826 3826 E ArmVmp : Match on catch block at 0xc3 in for 0xa1
03-28 11:39:27.435 3826 3826 E ArmVmp : Match on catch block at 0xc3 in for 0xa5
03-28 11:39:27.438 3826 3826 E ArmVmp : Match on catch block at 0xc3 in for 0xa9
03-28 11:39:27.441 3826 3826 E ArmVmp : Match on catch block at 0xc3 in for 0xa1
03-28 11:39:27.443 3826 3826 E ArmVmp : Match on catch block at 0xc3 in for 0xa5
03-28 11:39:27.449 3826 3826 E ArmVmp : Match on catch block at 0xc3 in for 0xa1
03-28 11:39:27.455 3826 3826 E ArmVmp : Match on catch block at 0xc3 in for 0xa5
03-28 11:39:27.458 3826 3826 E ArmVmp : Match on catch block at 0xc3 in for 0xa9
03-28 11:39:27.462 3826 3826 E ArmVmp : Match on catch block at 0xc3 in for 0xa1
03-28 11:39:27.465 3826 3826 E ArmVmp : Match on catch block at 0xc3 in for 0xa5
03-28 11:39:27.468 3826 3826 E ArmVmp : Match on catch block at 0xc3 in for 0xa9
03-28 11:39:27.470 3826 3826 E ArmVmp : Match on catch block at 0xc3 in for 0xa1
03-28 11:39:27.478 3826 3826 E ArmVmp : Match on catch block at 0xc3 in for 0xa9
03-28 11:39:27.484 3826 3826 E ArmVmp : Match on catch block at 0xc3 in for 0xa1
03-28 11:39:27.487 3826 3826 E ArmVmp : Match on catch block at 0xc3 in for 0xa5
03-28 11:39:27.490 3826 3826 E ArmVmp : Match on catch block at 0xc3 in for 0xa9
03-28 11:39:27.493 3826 3826 E ArmVmp : Match on catch block at 0xc3 in for 0xa1
03-28 11:39:27.496 3826 3826 E ArmVmp : Match on catch block at 0xc3 in for 0xa5
03-28 11:39:27.499 3826 3826 E ArmVmp : Match on catch block at 0xc3 in for 0xa9
03-28 11:39:27.506 3826 3826 E ArmVmp : Match on catch block at 0xc3 in for 0xa5
03-28 11:39:27.513 3826 3826 E ArmVmp : Match on catch block at 0xc3 in for 0xa9
03-28 11:39:27.516 3826 3826 E ArmVmp : Match on catch block at 0xc3 in for 0xa1
03-28 11:39:27.520 3826 3826 E ArmVmp : Match on catch block at 0xc3 in for 0xa5
