03-28 11:50:36.110 11143 11143 E ArmVmp : Match on catch block at 0xc3 in for 0xa5
03-28 11:50:36.122 11143 11143 E ArmVmp : Match on catch block at 0xc3 in for 0xa5
03-28 11:50:36.127 11143 11143 E ArmVmp : Match on catch block at 0xc3 in for 0xa9
03-28 11:50:36.137 11143 11143 E ArmVmp : Match on catch block at 0xc3 in for 0xa9
03-28 11:50:36.142 11143 11143 E ArmVmp : Match on catch block at 0xc3 in for 0xa1
03-28 11:50:36.155 11143 11143 E ArmVmp : Match on catch block at 0xc3 in for 0xa1
03-28 11:50:36.160 11143 11143 E ArmVmp : Match on catch block at 0xc3 in for 0xa5
03-28 11:50:36.171 11143 11143 E ArmVmp : Match on catch block at 0xc3 in for 0xa5
03-28 11:50:36.177 11143 11143 E ArmVmp : Match on catch block at 0xc3 in for 0xa9
03-28 11:50:36.189 11143 11143 E ArmVmp : Match on catch block at 0xc3 in for 0xa9
03-28 11:50:36.194 11143 11143 E ArmVmp : Match on catch block at 0xc3 in for 0xa1
03-28 11:50:36.206 11143 11143 E ArmVmp : Match on catch block at 0xc3 in for 0xa1
03-28 11:50:36.212 11143 11143 E ArmVmp : Match on catch block at 0xc3 in for 0xa5
03-28 11:50:36.222 11143 11143 E ArmVmp : Match on catch block at 0xc3 in for 0xa5
03-28 11:50:36.231 11143 11143 E ArmVmp : Match on catch block at 0xc3 in for 0xa9
03-28 11:50:36.242 11143 11143 E ArmVmp : Match on catch block at 0xc3 in for 0xa5
03-28 11:50:36.247 11143 11143 E ArmVmp : Match on catch block at 0xc3 in for 0xa9
03-28 11:50:36.255 11143 11143 E ArmVmp : Match on catch block at 0xc3 in for 0xa9
03-28 11:50:36.262 11143 11143 E ArmVmp : Match on catch block at 0xc3 in for 0xa1
03-28 11:50:36.274 11143 11143 E ArmVmp : Match on catch block at 0xc3 in for 0xa1
03-28 11:50:36.279 11143 11143 E ArmVmp : Match on catch block at 0xc3 in for 0xa5
03-28 11:50:36.291 11143 11143 E ArmVmp : Match on catch block at 0xc3 in for 0xa5
03-28 11:50:36.296 11143 11143 E ArmVmp : Match on catch block at 0xc3 in for 0xa9
03-28 11:50:36.327 11143 11143 E ArmVmp : Match on catch block at 0xc3 in for 0xa5
03-28 11:50:36.332 11143 11143 E ArmVmp : Match on catch block at 0xc3 in for 0xa9
03-28 11:50:36.343 11143 11143 E ArmVmp : Match on catch block at 0xc3 in for 0xa9
03-28 11:50:36.349 11143 11143 E ArmVmp : Match on catch block at 0xc3 in for 0xa1
03-28 11:50:36.397 11143 11143 E ArmVmp : Match on catch block at 0xc3 in for 0xa1
03-28 11:50:36.404 11143 11143 E ArmVmp : Match on catch block at 0xc3 in for 0xa5
03-28 11:50:36.414 11143 11143 E ArmVmp : Match on catch block at 0xc3 in for 0xa5
03-28 11:50:36.421 11143 11143 E ArmVmp : Match on catch block at 0xc3 in for 0xa9
03-28 11:50:36.727 11143 11143 W IInputConnectionWrapper: requestCursorAnchorInfo on inactive InputConnection
03-28 11:50:36.758 11143 11143 E ArmVmp : Match on catch block at 0xc3 in for 0xa5
03-28 11:50:36.763 11143 11143 E ArmVmp : Match on catch block at 0xc3 in for 0xa9
03-28 11:50:37.912 11143 11143 W InputEventReceiver: Attempted to finish an input event but the input event receiver has already been disposed.
03-28 11:50:37.939 11143 11143 E ArmVmp : Match on catch block at 0xc3 in for 0xa9
03-28 11:50:37.945 11143 11143 E ArmVmp : Match on catch block at 0xc3 in for 0xa1
03-28 11:50:37.988 11143 11143 E ArmVmp : Match on catch block at 0xc3 in for 0xa1
03-28 11:50:37.992 11143 11143 E ArmVmp : Match on catch block at 0xc3 in for 0xa5
03-28 11:50:38.004 11143 11143 E ArmVmp : Match on catch block at 0xc3 in for 0xa5
03-28 11:50:38.008 11143 11143 E ArmVmp : Match on catch block at 0xc3 in for 0xa9
03-28 11:50:38.021 11143 11143 E ArmVmp : Match on catch block at 0xc3 in for 0xa9
03-28 11:50:38.025 11143 11143 E ArmVmp : Match on catch block at 0xc3 in for 0xa1
03-28 11:50:38.038 11143 11143 E ArmVmp : Match on catch block at 0xc3 in for 0xa1
03-28 11:50:38.043 11143 11143 E ArmVmp : Match on catch block at 0xc3 in for 0xa5
03-28 11:50:38.056 11143 11143 E ArmVmp : Match on catch block at 0xc3 in for 0xa5
03-28 11:50:38.064 11143 11143 E ArmVmp : Match on catch block at 0xc3 in for 0xa9
03-28 11:50:38.076 11143 11143 E ArmVmp : Match on catch block at 0xc3 in for 0xa9
03-28 11:50:38.082 11143 11143 E ArmVmp : Match on catch block at 0xc3 in for 0xa1
03-28 11:50:38.089 11143 11143 E ArmVmp : Match on catch block at 0xc3 in for 0xa1
03-28 11:50:38.097 11143 11143 E ArmVmp : Match on catch block at 0xc3 in for 0xa5
03-28 11:50:38.104 11143 11143 E ArmVmp : Match on catch block at 0xc3 in for 0xa5
03-28 11:50:38.109 11143 11143 E ArmVmp : Match on catch block at 0xc3 in for 0xa9
03-28 11:50:38.123 11143 11143 E ArmVmp : Match on catch block at 0xc3 in for 0xa9
03-28 11:50:38.128 11143 11143 E ArmVmp : Match on catch block at 0xc3 in for 0xa1
03-28 11:50:38.139 11143 11143 E ArmVmp : Match on catch block at 0xc3 in for 0xa1
03-28 11:50:38.144 11143 11143 E ArmVmp : Match on catch block at 0xc3 in for 0xa5
03-28 11:50:38.155 11143 11143 E ArmVmp : Match on catch block at 0xc3 in for 0xa5
03-28 11:50:38.162 11143 11143 E ArmVmp : Match on catch block at 0xc3 in for 0xa9
03-28 11:50:38.172 11143 11143 E ArmVmp : Match on catch block at 0xc3 in for 0xa9
03-28 11:50:38.179 11143 11143 E ArmVmp : Match on catch block at 0xc3 in for 0xa1
03-28 11:50:38.189 11143 11143 E ArmVmp : Match on catch block at 0xc3 in for 0xa1
03-28 11:50:38.194 11143 11143 E ArmVmp : Match on catch block at 0xc3 in for 0xa5
03-28 11:50:38.206 11143 11143 E ArmVmp : Match on catch block at 0xc3 in for 0xa5
03-28 11:50:38.213 11143 11143 E ArmVmp : Match on catch block at 0xc3 in for 0xa9
03-28 11:50:38.223 11143 11143 E ArmVmp : Match on catch block at 0xc3 in for 0xa9
03-28 11:50:38.231 11143 11143 E ArmVmp : Match on catch block at 0xc3 in for 0xa1
03-28 11:50:38.240 11143 11143 E ArmVmp : Match on catch block at 0xc3 in for 0xa1
03-28 11:50:38.246 11143 11143 E ArmVmp : Match on catch block at 0xc3 in for 0xa5
03-28 11:50:38.256 11143 11143 E ArmVmp : Match on catch block at 0xc3 in for 0xa5
03-28 11:50:38.262 11143 11143 E ArmVmp : Match on catch block at 0xc3 in for 0xa9
03-28 11:50:38.369 11143 11143 E ArmVmp : Match on catch block at 0xc3 in for 0xa9
03-28 11:50:38.374 11143 11143 E ArmVmp : Match on catch block at 0xc3 in for 0xa1
03-28 11:50:38.387 11143 11143 E ArmVmp : Match on catch block at 0xc3 in for 0xa1
03-28 11:50:38.392 11143 11143 E ArmVmp : Match on catch block at 0xc3 in for 0xa5
03-28 11:50:38.445 11143 11143 E ArmVmp : Match on catch block at 0xc3 in for 0xa1
03-28 11:50:38.449 11143 11143 E ArmVmp : Match on catch block at 0xc3 in for 0xa5
03-28 11:50:38.462 11143 12055 W MediaPlayer: Use of stream types is deprecated for operations other than volume control
03-28 11:50:38.462 11143 12055 W MediaPlayer: See the documentation of setAudioStreamType() for what to use instead with android.media.AudioAttributes to qualify your playback use case
03-28 11:50:38.475 11143 11143 E ArmVmp : Match on catch block at 0xc3 in for 0xa1
03-28 11:50:38.480 11143 11143 E ArmVmp : Match on catch block at 0xc3 in for 0xa5
03-28 11:50:38.494 11143 11143 E ArmVmp : Match on catch block at 0xc3 in for 0xa5
03-28 11:50:38.499 11143 11143 E ArmVmp : Match on catch block at 0xc3 in for 0xa9
03-28 11:50:38.989 11143 11143 E ArmVmp : Match on catch block at 0xc3 in for 0xa1
03-28 11:50:38.995 11143 11143 E ArmVmp : Match on catch block at 0xc3 in for 0xa5
03-28 11:50:39.491 11143 11143 E ArmVmp : Match on catch block at 0xc3 in for 0xa9
03-28 11:50:39.501 11143 11143 E ArmVmp : Match on catch block at 0xc3 in for 0xa1
03-28 11:50:40.011 11143 11143 E ArmVmp : Match on catch block at 0xc3 in for 0xa1
03-28 11:50:40.024 11143 11143 E ArmVmp : Match on catch block at 0xc3 in for 0xa5
03-28 11:50:40.061 11143 11143 E ArmVmp : Match on catch block at 0xc3 in for 0xa5
03-28 11:50:40.073 11143 11143 E ArmVmp : Match on catch block at 0xc3 in for 0xa9
03-28 11:50:40.085 11143 11143 E ArmVmp : Match on catch block at 0xc3 in for 0xa9
03-28 11:50:40.099 11143 11143 E ArmVmp : Match on catch block at 0xc3 in for 0xa1
03-28 11:50:40.108 11143 11143 E ArmVmp : Match on catch block at 0xc3 in for 0xa1
03-28 11:50:40.114 11143 11143 E ArmVmp : Match on catch block at 0xc3 in for 0xa5
03-28 11:50:40.123 11143 11143 E ArmVmp : Match on catch block at 0xc3 in for 0xa5
03-28 11:50:40.130 11143 11143 E ArmVmp : Match on catch block at 0xc3 in for 0xa9
03-28 11:50:40.140 11143 11143 E ArmVmp : Match on catch block at 0xc3 in for 0xa9
03-28 11:50:40.146 11143 11143 E ArmVmp : Match on catch block at 0xc3 in for 0xa1
03-28 11:50:40.157 11143 11143 E ArmVmp : Match on catch block at 0xc3 in for 0xa1
03-28 11:50:40.162 11143 11143 E ArmVmp : Match on catch block at 0xc3 in for 0xa5
03-28 11:50:40.173 11143 11143 E ArmVmp : Match on catch block at 0xc3 in for 0xa5
03-28 11:50:40.179 11143 11143 E ArmVmp : Match on catch block at 0xc3 in for 0xa9
03-28 11:50:40.190 11143 11143 E ArmVmp : Match on catch block at 0xc3 in for 0xa9
03-28 11:50:40.197 11143 11143 E ArmVmp : Match on catch block at 0xc3 in for 0xa1
03-28 11:50:40.207 11143 11143 E ArmVmp : Match on catch block at 0xc3 in for 0xa1
03-28 11:50:40.213 11143 11143 E ArmVmp : Match on catch block at 0xc3 in for 0xa5
03-28 11:50:40.224 11143 11143 E ArmVmp : Match on catch block at 0xc3 in for 0xa5
03-28 11:50:40.230 11143 11143 E ArmVmp : Match on catch block at 0xc3 in for 0xa9
03-28 11:50:40.241 11143 11143 E ArmVmp : Match on catch block at 0xc3 in for 0xa9
03-28 11:50:40.247 11143 11143 E ArmVmp : Match on catch block at 0xc3 in for 0xa1
03-28 11:50:40.256 11143 11143 E ArmVmp : Match on catch block at 0xc3 in for 0xa1
03-28 11:50:40.262 11143 11143 E ArmVmp : Match on catch block at 0xc3 in for 0xa5
03-28 11:50:40.273 11143 11143 E ArmVmp : Match on catch block at 0xc3 in for 0xa5
03-28 11:50:40.279 11143 11143 E ArmVmp : Match on catch block at 0xc3 in for 0xa9
03-28 11:50:40.290 11143 11143 E ArmVmp : Match on catch block at 0xc3 in for 0xa9
03-28 11:50:40.295 11143 11143 E ArmVmp : Match on catch block at 0xc3 in for 0xa1
03-28 11:50:40.307 11143 11143 E ArmVmp : Match on catch block at 0xc3 in for 0xa1
03-28 11:50:40.314 11143 11143 E ArmVmp : Match on catch block at 0xc3 in for 0xa5
03-28 11:50:40.344 11143 11143 E ArmVmp : Match on catch block at 0xc3 in for 0xa5
03-28 11:50:40.350 11143 11143 E ArmVmp : Match on catch block at 0xc3 in for 0xa9
03-28 11:50:40.514 11143 11143 E ArmVmp : Match on catch block at 0xc3 in for 0xa9
03-28 11:50:40.527 11143 11143 E ArmVmp : Match on catch block at 0xc3 in for 0xa1
03-28 11:50:41.014 11143 11143 E ArmVmp : Match on catch block at 0xc3 in for 0xa1
03-28 11:50:41.029 11143 11143 E ArmVmp : Match on catch block at 0xc3 in for 0xa5
03-28 11:50:41.512 11143 11143 E ArmVmp : Match on catch block at 0xc3 in for 0xa5
03-28 11:50:41.539 11143 11143 E ArmVmp : Match on catch block at 0xc3 in for 0xa9
03-28 11:50:41.697 11143 11143 E ArmVmp : Match on catch block at 0xc3 in for 0xa1
03-28 11:50:41.703 11143 11143 E ArmVmp : Match on catch block at 0xc3 in for 0xa5
03-28 11:50:41.725 11143 11143 E ArmVmp : Match on catch block at 0xc3 in for 0xa1
03-28 11:50:41.729 11143 11143 E ArmVmp : Match on catch block at 0xc3 in for 0xa5
03-28 11:50:41.740 11143 11143 E ArmVmp : Match on catch block at 0xc3 in for 0xa5
03-28 11:50:41.744 11143 11143 E ArmVmp : Match on catch block at 0xc3 in for 0xa9
03-28 11:50:41.756 11143 11143 E ArmVmp : Match on catch block at 0xc3 in for 0xa9
03-28 11:50:41.760 11143 11143 E ArmVmp : Match on catch block at 0xc3 in for 0xa1
03-28 11:50:41.773 11143 11143 E ArmVmp : Match on catch block at 0xc3 in for 0xa1
03-28 11:50:41.778 11143 11143 E ArmVmp : Match on catch block at 0xc3 in for 0xa5
03-28 11:50:41.790 11143 11143 E ArmVmp : Match on catch block at 0xc3 in for 0xa5
03-28 11:50:41.796 11143 11143 E ArmVmp : Match on catch block at 0xc3 in for 0xa9
03-28 11:50:41.811 11143 11143 E ArmVmp : Match on catch block at 0xc3 in for 0xa9
03-28 11:50:41.817 11143 11143 E ArmVmp : Match on catch block at 0xc3 in for 0xa1
03-28 11:50:41.827 11143 11143 E ArmVmp : Match on catch block at 0xc3 in for 0xa1
03-28 11:50:41.833 11143 11143 E ArmVmp : Match on catch block at 0xc3 in for 0xa5
03-28 11:50:41.843 11143 11143 E ArmVmp : Match on catch block at 0xc3 in for 0xa5
03-28 11:50:41.849 11143 11143 E ArmVmp : Match on catch block at 0xc3 in for 0xa9
03-28 11:50:41.857 11143 11143 E ArmVmp : Match on catch block at 0xc3 in for 0xa9
03-28 11:50:41.862 11143 11143 E ArmVmp : Match on catch block at 0xc3 in for 0xa1
03-28 11:50:41.872 11143 11143 E ArmVmp : Match on catch block at 0xc3 in for 0xa1
03-28 11:50:41.876 11143 11143 E ArmVmp : Match on catch block at 0xc3 in for 0xa5
03-28 11:50:41.890 11143 11143 E ArmVmp : Match on catch block at 0xc3 in for 0xa5
03-28 11:50:41.895 11143 11143 E ArmVmp : Match on catch block at 0xc3 in for 0xa9
03-28 11:50:42.061 11143 12055 W MediaPlayer: Use of stream types is deprecated for operations other than volume control
03-28 11:50:42.061 11143 12055 W MediaPlayer: See the documentation of setAudioStreamType() for what to use instead with android.media.AudioAttributes to qualify your playback use case
03-28 11:50:42.097 11143 11143 E ArmVmp : Match on catch block at 0xc3 in for 0xa5
03-28 11:50:42.103 11143 11143 E ArmVmp : Match on catch block at 0xc3 in for 0xa9
03-28 11:50:42.123 11143 11143 E ArmVmp : Match on catch block at 0xc3 in for 0xa9
03-28 11:50:42.128 11143 11143 E ArmVmp : Match on catch block at 0xc3 in for 0xa1
03-28 11:50:42.141 11143 11143 E ArmVmp : Match on catch block at 0xc3 in for 0xa1
03-28 11:50:42.145 11143 11143 E ArmVmp : Match on catch block at 0xc3 in for 0xa5
03-28 11:50:42.206 11143 11143 E ArmVmp : Match on catch block at 0xc3 in for 0xa5
03-28 11:50:42.212 11143 11143 E ArmVmp : Match on catch block at 0xc3 in for 0xa9
03-28 11:50:42.714 11143 11143 E ArmVmp : Match on catch block at 0xc3 in for 0xa1
03-28 11:50:42.727 11143 11143 E ArmVmp : Match on catch block at 0xc3 in for 0xa5
03-28 11:50:43.195 11143 11143 E ArmVmp : Match on catch block at 0xc3 in for 0xa5
03-28 11:50:43.206 11143 11143 E ArmVmp : Match on catch block at 0xc3 in for 0xa9
03-28 11:50:43.240 11143 11143 E ArmVmp : Match on catch block at 0xc3 in for 0xa1
03-28 11:50:43.245 11143 11143 E ArmVmp : Match on catch block at 0xc3 in for 0xa5
03-28 11:50:43.275 11143 11143 E ArmVmp : Match on catch block at 0xc3 in for 0xa5
03-28 11:50:43.280 11143 11143 E ArmVmp : Match on catch block at 0xc3 in for 0xa9
03-28 11:50:43.288 11143 11143 E ArmVmp : Match on catch block at 0xc3 in for 0xa9
03-28 11:50:43.292 11143 11143 E ArmVmp : Match on catch block at 0xc3 in for 0xa1
03-28 11:50:43.323 11143 11143 E ArmVmp : Match on catch block at 0xc3 in for 0xa9
03-28 11:50:43.328 11143 11143 E ArmVmp : Match on catch block at 0xc3 in for 0xa1
03-28 11:50:43.346 11143 11143 E ArmVmp : Match on catch block at 0xc3 in for 0xa1
03-28 11:50:43.349 11143 11143 E ArmVmp : Match on catch block at 0xc3 in for 0xa5
03-28 11:50:43.363 11143 11143 E ArmVmp : Match on catch block at 0xc3 in for 0xa5
03-28 11:50:43.367 11143 11143 E ArmVmp : Match on catch block at 0xc3 in for 0xa9
03-28 11:50:43.374 11143 11143 E ArmVmp : Match on catch block at 0xc3 in for 0xa9
03-28 11:50:43.379 11143 11143 E ArmVmp : Match on catch block at 0xc3 in for 0xa1
03-28 11:50:43.390 11143 11143 E ArmVmp : Match on catch block at 0xc3 in for 0xa1
03-28 11:50:43.394 11143 11143 E ArmVmp : Match on catch block at 0xc3 in for 0xa5
03-28 11:50:43.407 11143 11143 E ArmVmp : Match on catch block at 0xc3 in for 0xa5
03-28 11:50:43.411 11143 11143 E ArmVmp : Match on catch block at 0xc3 in for 0xa9
03-28 11:50:43.422 11143 11143 E ArmVmp : Match on catch block at 0xc3 in for 0xa9
03-28 11:50:43.426 11143 11143 E ArmVmp : Match on catch block at 0xc3 in for 0xa1
03-28 11:50:43.632 11143 11143 E ArmVmp : Match on catch block at 0xc3 in for 0xa1
03-28 11:50:43.638 11143 11143 E ArmVmp : Match on catch block at 0xc3 in for 0xa5
03-28 11:50:43.649 11143 11143 E ArmVmp : Match on catch block at 0xc3 in for 0xa5
03-28 11:50:43.653 11143 12055 W MediaPlayer: Use of stream types is deprecated for operations other than volume control
03-28 11:50:43.654 11143 12055 W MediaPlayer: See the documentation of setAudioStreamType() for what to use instead with android.media.AudioAttributes to qualify your playback use case
03-28 11:50:43.656 11143 11143 E ArmVmp : Match on catch block at 0xc3 in for 0xa9
03-28 11:50:43.748 11143 11143 E ArmVmp : Match on catch block at 0xc3 in for 0xa5
03-28 11:50:43.755 11143 11143 E ArmVmp : Match on catch block at 0xc3 in for 0xa9
03-28 11:50:43.980 11143 11143 E ArmVmp : Match on catch block at 0xc3 in for 0xa5
03-28 11:50:43.985 11143 11143 E ArmVmp : Match on catch block at 0xc3 in for 0xa9
03-28 11:50:44.026 11143 11143 E ArmVmp : Match on catch block at 0xc3 in for 0xa5
03-28 11:50:44.034 11143 11143 E ArmVmp : Match on catch block at 0xc3 in for 0xa9
03-28 11:50:44.062 11143 11143 E ArmVmp : Match on catch block at 0xc3 in for 0xa1
03-28 11:50:44.066 11143 11143 E ArmVmp : Match on catch block at 0xc3 in for 0xa5
03-28 11:50:44.098 11143 11143 E ArmVmp : Match on catch block at 0xc3 in for 0xa9
03-28 11:50:44.108 11143 11143 E ArmVmp : Match on catch block at 0xc3 in for 0xa1
03-28 11:50:44.119 11143 11143 E ArmVmp : Match on catch block at 0xc3 in for 0xa1
03-28 11:50:44.126 11143 11143 E ArmVmp : Match on catch block at 0xc3 in for 0xa5
03-28 11:50:44.235 11143 11143 E ArmVmp : Match on catch block at 0xc3 in for 0xa1
03-28 11:50:44.242 11143 11143 E ArmVmp : Match on catch block at 0xc3 in for 0xa5
03-28 11:50:44.265 11143 11143 E ArmVmp : Match on catch block at 0xc3 in for 0xa1
03-28 11:50:44.270 11143 11143 E ArmVmp : Match on catch block at 0xc3 in for 0xa5
03-28 11:50:44.284 11143 11143 E ArmVmp : Match on catch block at 0xc3 in for 0xa9
03-28 11:50:44.289 11143 11143 E ArmVmp : Match on catch block at 0xc3 in for 0xa1
03-28 11:50:44.301 11143 11143 E ArmVmp : Match on catch block at 0xc3 in for 0xa1
03-28 11:50:44.306 11143 11143 E ArmVmp : Match on catch block at 0xc3 in for 0xa5
03-28 11:50:44.317 11143 11143 E ArmVmp : Match on catch block at 0xc3 in for 0xa5
03-28 11:50:44.323 11143 11143 E ArmVmp : Match on catch block at 0xc3 in for 0xa9
03-28 11:50:44.335 11143 11143 E ArmVmp : Match on catch block at 0xc3 in for 0xa9
03-28 11:50:44.340 11143 11143 E ArmVmp : Match on catch block at 0xc3 in for 0xa1
03-28 11:50:44.356 11143 11143 E ArmVmp : Match on catch block at 0xc3 in for 0xa1
03-28 11:50:44.360 11143 11143 E ArmVmp : Match on catch block at 0xc3 in for 0xa5
03-28 11:50:44.373 11143 11143 E ArmVmp : Match on catch block at 0xc3 in for 0xa5
03-28 11:50:44.377 11143 11143 E ArmVmp : Match on catch block at 0xc3 in for 0xa9
03-28 11:50:44.390 11143 11143 E ArmVmp : Match on catch block at 0xc3 in for 0xa9
03-28 11:50:44.394 11143 11143 E ArmVmp : Match on catch block at 0xc3 in for 0xa1
03-28 11:50:44.407 11143 11143 E ArmVmp : Match on catch block at 0xc3 in for 0xa1
03-28 11:50:44.413 11143 11143 E ArmVmp : Match on catch block at 0xc3 in for 0xa5
03-28 11:50:44.812 11143 11143 E ArmVmp : Match on catch block at 0xc3 in for 0xa5
03-28 11:50:44.818 11143 11143 E ArmVmp : Match on catch block at 0xc3 in for 0xa9
03-28 11:50:45.091 11143 11143 E ArmVmp : Match on catch block at 0xc3 in for 0xa9
03-28 11:50:45.098 11143 11143 E ArmVmp : Match on catch block at 0xc3 in for 0xa1
03-28 11:50:45.158 11143 11143 E ArmVmp : Match on catch block at 0xc3 in for 0xa5
03-28 11:50:45.164 11143 11143 E ArmVmp : Match on catch block at 0xc3 in for 0xa9
03-28 11:50:45.320 11143 11143 E ArmVmp : Match on catch block at 0xc3 in for 0xa9
03-28 11:50:45.328 11143 11143 E ArmVmp : Match on catch block at 0xc3 in for 0xa1
03-28 11:50:45.529 11143 11143 E ArmVmp : Match on catch block at 0xc3 in for 0xa9
03-28 11:50:45.534 11143 11143 E ArmVmp : Match on catch block at 0xc3 in for 0xa1
03-28 11:50:45.746 11143 11143 E ArmVmp : Match on catch block at 0xc3 in for 0xa9
03-28 11:50:45.761 11143 11143 E ArmVmp : Match on catch block at 0xc3 in for 0xa1
03-28 11:50:45.771 11143 11143 E ArmVmp : Match on catch block at 0xc3 in for 0xa1
03-28 11:50:45.777 11143 11143 E ArmVmp : Match on catch block at 0xc3 in for 0xa5
03-28 11:50:45.785 11143 11143 E ArmVmp : Match on catch block at 0xc3 in for 0xa5
03-28 11:50:45.792 11143 11143 E ArmVmp : Match on catch block at 0xc3 in for 0xa9
03-28 11:50:45.800 11143 11143 E ArmVmp : Match on catch block at 0xc3 in for 0xa9
03-28 11:50:45.806 11143 11143 E ArmVmp : Match on catch block at 0xc3 in for 0xa1
03-28 11:50:45.817 11143 11143 E ArmVmp : Match on catch block at 0xc3 in for 0xa1
03-28 11:50:45.825 11143 11143 E ArmVmp : Match on catch block at 0xc3 in for 0xa5
03-28 11:50:45.835 11143 11143 E ArmVmp : Match on catch block at 0xc3 in for 0xa5
03-28 11:50:45.842 11143 11143 E ArmVmp : Match on catch block at 0xc3 in for 0xa9
03-28 11:50:45.852 11143 11143 E ArmVmp : Match on catch block at 0xc3 in for 0xa9
03-28 11:50:45.859 11143 11143 E ArmVmp : Match on catch block at 0xc3 in for 0xa1
03-28 11:50:45.867 11143 11143 E ArmVmp : Match on catch block at 0xc3 in for 0xa1
03-28 11:50:45.873 11143 11143 E ArmVmp : Match on catch block at 0xc3 in for 0xa5
03-28 11:50:45.886 11143 11143 E ArmVmp : Match on catch block at 0xc3 in for 0xa5
03-28 11:50:45.895 11143 11143 E ArmVmp : Match on catch block at 0xc3 in for 0xa9
03-28 11:50:45.903 11143 11143 E ArmVmp : Match on catch block at 0xc3 in for 0xa9
03-28 11:50:45.910 11143 11143 E ArmVmp : Match on catch block at 0xc3 in for 0xa1
03-28 11:50:45.917 11143 11143 E ArmVmp : Match on catch block at 0xc3 in for 0xa1
03-28 11:50:45.924 11143 11143 E ArmVmp : Match on catch block at 0xc3 in for 0xa5
03-28 11:50:45.935 11143 11143 E ArmVmp : Match on catch block at 0xc3 in for 0xa5
03-28 11:50:45.942 11143 11143 E ArmVmp : Match on catch block at 0xc3 in for 0xa9
03-28 11:50:45.951 11143 11143 E ArmVmp : Match on catch block at 0xc3 in for 0xa9
03-28 11:50:45.957 11143 11143 E ArmVmp : Match on catch block at 0xc3 in for 0xa1
03-28 11:50:45.967 11143 11143 E ArmVmp : Match on catch block at 0xc3 in for 0xa1
03-28 11:50:45.973 11143 11143 E ArmVmp : Match on catch block at 0xc3 in for 0xa5
03-28 11:50:45.984 11143 11143 E ArmVmp : Match on catch block at 0xc3 in for 0xa5
03-28 11:50:45.990 11143 11143 E ArmVmp : Match on catch block at 0xc3 in for 0xa9
03-28 11:50:46.006 11143 11143 E ArmVmp : Match on catch block at 0xc3 in for 0xa9
03-28 11:50:46.014 11143 11143 E ArmVmp : Match on catch block at 0xc3 in for 0xa1
03-28 11:50:46.293 11143 11794 W RenderInspector: DequeueBuffer time out on Toast, count=1, avg=17 ms, max=17 ms.
03-28 11:50:46.441 11143 11794 W RenderInspector: DequeueBuffer time out on Toast, count=1, avg=18 ms, max=18 ms.
03-28 11:50:47.192 11143 11794 W RenderInspector: DequeueBuffer time out on PopupWindow:929c349, count=3, avg=16 ms, max=18 ms.
03-28 11:50:47.655 11143 11143 E ArmVmp : Match on catch block at 0xc3 in for 0xa9
03-28 11:50:47.660 11143 11143 E ArmVmp : Match on catch block at 0xc3 in for 0xa1
03-28 11:50:48.128 11143 11143 E ArmVmp : Match on catch block at 0xc3 in for 0xa1
03-28 11:50:48.135 11143 11143 E ArmVmp : Match on catch block at 0xc3 in for 0xa5
03-28 11:50:48.641 11143 11143 E ArmVmp : Match on catch block at 0xc3 in for 0xa1
03-28 11:50:48.645 11143 11143 E ArmVmp : Match on catch block at 0xc3 in for 0xa5
03-28 11:50:49.148 11143 11143 E ArmVmp : Match on catch block at 0xc3 in for 0xa5
03-28 11:50:49.161 11143 11143 E ArmVmp : Match on catch block at 0xc3 in for 0xa9
03-28 11:50:49.643 11143 11143 E ArmVmp : Match on catch block at 0xc3 in for 0xa9
03-28 11:50:49.651 11143 11143 E ArmVmp : Match on catch block at 0xc3 in for 0xa1
03-28 11:50:49.743 11143 11143 E ArmVmp : Match on catch block at 0xc3 in for 0xa9
03-28 11:50:49.749 11143 11143 E ArmVmp : Match on catch block at 0xc3 in for 0xa1
03-28 11:50:49.810 11143 11143 E ArmVmp : Match on catch block at 0xc3 in for 0xa5
03-28 11:50:49.816 11143 11143 E ArmVmp : Match on catch block at 0xc3 in for 0xa9
03-28 11:50:50.141 11143 11143 E ArmVmp : Match on catch block at 0xc3 in for 0xa5
03-28 11:50:50.146 11143 11143 E ArmVmp : Match on catch block at 0xc3 in for 0xa9
03-28 11:50:56.315 11143 11143 W InputEventReceiver: Attempted to finish an input event but the input event receiver has already been disposed.
03-28 11:50:56.347 11143 11143 E ArmVmp : Match on catch block at 0xc3 in for 0xa1
03-28 11:50:56.354 11143 11143 E ArmVmp : Match on catch block at 0xc3 in for 0xa5
03-28 11:50:56.853 11143 11143 E ArmVmp : Match on catch block at 0xc3 in for 0xa5
03-28 11:50:56.869 11143 11143 E ArmVmp : Match on catch block at 0xc3 in for 0xa9
03-28 11:50:57.344 11143 11143 E ArmVmp : Match on catch block at 0xc3 in for 0xa9
03-28 11:50:57.348 11143 11143 E ArmVmp : Match on catch block at 0xc3 in for 0xa1
03-28 11:50:57.850 11143 11143 E ArmVmp : Match on catch block at 0xc3 in for 0xa1
03-28 11:50:57.864 11143 11143 E ArmVmp : Match on catch block at 0xc3 in for 0xa5
03-28 11:50:58.361 11143 11143 E ArmVmp : Match on catch block at 0xc3 in for 0xa5
03-28 11:50:58.375 11143 11143 E ArmVmp : Match on catch block at 0xc3 in for 0xa9
03-28 11:50:58.669 11143 11143 E ArmVmp : Match on catch block at 0xc3 in for 0xa9
03-28 11:50:58.675 11143 11143 E ArmVmp : Match on catch block at 0xc3 in for 0xa1
03-28 11:50:58.692 11143 11143 E ArmVmp : Match on catch block at 0xc3 in for 0xa1
03-28 11:50:58.698 11143 11143 E ArmVmp : Match on catch block at 0xc3 in for 0xa5
03-28 11:50:58.867 11143 11143 E ArmVmp : Match on catch block at 0xc3 in for 0xa5
03-28 11:50:58.880 11143 11143 E ArmVmp : Match on catch block at 0xc3 in for 0xa9
03-28 11:50:59.369 11143 11143 E ArmVmp : Match on catch block at 0xc3 in for 0xa5
03-28 11:50:59.373 11143 11143 E ArmVmp : Match on catch block at 0xc3 in for 0xa9
03-28 11:50:59.420 11143 11143 E ArmVmp : Match on catch block at 0xc3 in for 0xa1
03-28 11:50:59.425 11143 11143 E ArmVmp : Match on catch block at 0xc3 in for 0xa5
03-28 11:50:59.695 11143 11143 E ArmVmp : Match on catch block at 0xc3 in for 0xa5
03-28 11:50:59.700 11143 11143 E ArmVmp : Match on catch block at 0xc3 in for 0xa9
03-28 11:51:00.226 11143 11143 E ArmVmp : Match on catch block at 0xc3 in for 0xa1
03-28 11:51:00.232 11143 11143 E ArmVmp : Match on catch block at 0xc3 in for 0xa5
03-28 11:51:08.229 11143 11143 W Activity: Slow Operation: Activity com.mbwhatsapp/.HomeActivity onPause took 76ms
03-28 11:51:08.240 11143 11143 W ActivityThread: handleWindowVisibility: no activity for token android.os.BinderProxy@eec4498
03-28 11:51:08.981 11143 11794 W RenderInspector: DequeueBuffer time out on Toast, count=3, avg=23 ms, max=26 ms.
03-28 11:51:09.088 11143 11794 W RenderInspector: QueueBuffer time out on com.mbwhatsapp/com.mbwhatsapp.HomeActivity, count=1, avg=21 ms, max=21 ms.
03-28 11:51:09.400 11143 11794 W RenderInspector: DequeueBuffer time out on com.mbwhatsapp/com.mbwhatsapp.HomeActivity, count=1, avg=17 ms, max=17 ms.
03-28 11:51:09.742 11143 11143 W ActivityThread: handleWindowVisibility: no activity for token android.os.BinderProxy@7eb5d60
03-28 11:51:11.554 11143 11794 E BufferQueueProducer: [unnamed-11143-0] setMaxDequeuedBufferCount: 2 dequeued buffers would exceed the maxBufferCount (2) (maxAcquired 1 async 0 mDequeuedBufferCannotBlock 0)
03-28 11:51:11.554 11143 11794 E Surface : IGraphicBufferProducer::setBufferCount(3) returned Invalid argument
03-28 11:51:11.561 11143 11794 W Gralloc3: allocator 3.x is not supported
03-28 11:51:13.794 11143 11794 W RenderInspector: QueueBuffer time out on com.mbwhatsapp/com.mbwhatsapp.HomeActivity, count=1, avg=20 ms, max=20 ms.
03-28 11:51:16.006 11143 11794 W RenderInspector: QueueBuffer time out on com.mbwhatsapp/com.mbwhatsapp.HomeActivity, count=1, avg=19 ms, max=19 ms.
03-28 11:51:20.585 11143 11794 W RenderInspector: QueueBuffer time out on com.mbwhatsapp/com.mbwhatsapp.HomeActivity, count=2, avg=17 ms, max=17 ms.
03-28 11:51:21.618 11143 11143 W ActivityThread: handleWindowVisibility: no activity for token android.os.BinderProxy@16e8a37
03-28 11:51:21.855 11143 11143 E ArmVmp : Match on catch block at 0x0a in for 0xc5
03-28 11:51:21.858 11143 11143 E ArmVmp : Match on catch block at 0x0a in for 0xc1
03-28 11:51:22.202 11143 11143 E ArmVmp : Match on catch block at 0xc3 in for 0xb9
03-28 11:51:22.207 11143 11143 E ArmVmp : Match on catch block at 0xc3 in for 0xb9
03-28 11:51:22.211 11143 11143 E ArmVmp : Match on catch block at 0xc3 in for 0xb9
03-28 11:51:22.289 11143 11143 E ArmVmp : Match on catch block at 0xc3 in for 0xa1
03-28 11:51:22.293 11143 11143 E ArmVmp : Match on catch block at 0xc3 in for 0xa5
03-28 11:51:22.296 11143 11143 E ArmVmp : Match on catch block at 0xc3 in for 0xa5
03-28 11:51:22.323 11143 11143 W Looper : Slow Looper main: doFrame is 376ms late because of 50 msg, msg 1 took 346ms (seq=15513 running=294ms runnable=8ms io=6ms late=264ms h=android.view.Choreographer$FrameHandler c=android.view.Choreographer$FrameDisplayEventReceiver)
03-28 11:51:22.350 11143 11143 E ArmVmp : Match on catch block at 0xc3 in for 0xa5
03-28 11:51:22.354 11143 11143 E ArmVmp : Match on catch block at 0xc3 in for 0xa9
03-28 11:51:22.357 11143 11143 E ArmVmp : Match on catch block at 0xc3 in for 0xa9
03-28 11:51:22.383 11143 11143 E ArmVmp : Match on catch block at 0xc3 in for 0xa1
03-28 11:51:22.388 11143 11143 E ArmVmp : Match on catch block at 0xc3 in for 0xa5
03-28 11:51:22.391 11143 11143 E ArmVmp : Match on catch block at 0xc3 in for 0xa5
03-28 11:51:22.423 11143 11143 E ArmVmp : Match on catch block at 0xc3 in for 0xa9
03-28 11:51:22.429 11143 11143 E ArmVmp : Match on catch block at 0xc3 in for 0xa1
03-28 11:51:22.433 11143 11143 E ArmVmp : Match on catch block at 0xc3 in for 0xa1
03-28 11:51:22.703 11143 11143 E ArmVmp : Match on catch block at 0xc3 in for 0xa9
03-28 11:51:22.709 11143 11143 E ArmVmp : Match on catch block at 0xc3 in for 0xa1
03-28 11:51:22.713 11143 11143 E ArmVmp : Match on catch block at 0xc3 in for 0xa1
03-28 11:51:22.720 11143 11143 E ArmVmp : Match on catch block at 0xc3 in for 0xa5
03-28 11:51:22.726 11143 11143 E ArmVmp : Match on catch block at 0xc3 in for 0xa9
03-28 11:51:22.730 11143 11143 E ArmVmp : Match on catch block at 0xc3 in for 0xa9
03-28 11:51:22.753 11143 11143 E ArmVmp : Match on catch block at 0xc3 in for 0xa1
03-28 11:51:22.759 11143 11143 E ArmVmp : Match on catch block at 0xc3 in for 0xa5
03-28 11:51:22.764 11143 11143 E ArmVmp : Match on catch block at 0xc3 in for 0xa5
03-28 11:51:22.793 11143 11143 E ArmVmp : Match on catch block at 0xc3 in for 0xa9
03-28 11:51:22.799 11143 11143 E ArmVmp : Match on catch block at 0xc3 in for 0xa1
03-28 11:51:22.802 11143 11143 E ArmVmp : Match on catch block at 0xc3 in for 0xa1
03-28 11:51:22.829 11143 11143 E ArmVmp : Match on catch block at 0xc3 in for 0xa5
03-28 11:51:22.834 11143 11143 E ArmVmp : Match on catch block at 0xc3 in for 0xa9
03-28 11:51:22.837 11143 11143 E ArmVmp : Match on catch block at 0xc3 in for 0xa9
03-28 11:51:22.853 11143 11143 E ArmVmp : Match on catch block at 0xc3 in for 0xa1
03-28 11:51:22.859 11143 11143 E ArmVmp : Match on catch block at 0xc3 in for 0xa5
03-28 11:51:22.863 11143 11143 E ArmVmp : Match on catch block at 0xc3 in for 0xa5
03-28 11:51:22.887 11143 11143 E ArmVmp : Match on catch block at 0xc3 in for 0xa9
03-28 11:51:22.893 11143 11143 E ArmVmp : Match on catch block at 0xc3 in for 0xa1
03-28 11:51:22.897 11143 11143 E ArmVmp : Match on catch block at 0xc3 in for 0xa1
03-28 11:51:22.921 11143 11143 E ArmVmp : Match on catch block at 0xc3 in for 0xa9
03-28 11:51:22.927 11143 11143 E ArmVmp : Match on catch block at 0xc3 in for 0xa1
03-28 11:51:22.932 11143 11143 E ArmVmp : Match on catch block at 0xc3 in for 0xa1
03-28 11:51:22.954 11143 11143 E ArmVmp : Match on catch block at 0xc3 in for 0xa5
03-28 11:51:22.960 11143 11143 E ArmVmp : Match on catch block at 0xc3 in for 0xa9
03-28 11:51:22.964 11143 11143 E ArmVmp : Match on catch block at 0xc3 in for 0xa9
03-28 11:51:22.987 11143 11143 E ArmVmp : Match on catch block at 0xc3 in for 0xa1
03-28 11:51:22.993 11143 11143 E ArmVmp : Match on catch block at 0xc3 in for 0xa5
03-28 11:51:22.998 11143 11143 E ArmVmp : Match on catch block at 0xc3 in for 0xa5
03-28 11:51:23.021 11143 11143 E ArmVmp : Match on catch block at 0xc3 in for 0xa9
03-28 11:51:23.028 11143 11143 E ArmVmp : Match on catch block at 0xc3 in for 0xa1
03-28 11:51:23.032 11143 11143 E ArmVmp : Match on catch block at 0xc3 in for 0xa1
03-28 11:51:23.358 11143 11143 E ArmVmp : Match on catch block at 0xc3 in for 0xa5
03-28 11:51:23.371 11143 11143 E ArmVmp : Match on catch block at 0xc3 in for 0xa9
03-28 11:51:23.376 11143 11143 E ArmVmp : Match on catch block at 0xc3 in for 0xa9
03-28 11:51:23.855 11143 11143 E ArmVmp : Match on catch block at 0xc3 in for 0xa1
03-28 11:51:23.869 11143 11143 E ArmVmp : Match on catch block at 0xc3 in for 0xa5
03-28 11:51:23.874 11143 11143 E ArmVmp : Match on catch block at 0xc3 in for 0xa5
03-28 11:51:23.971 11143 11143 E ArmVmp : Match on catch block at 0xc3 in for 0xa9
03-28 11:51:23.977 11143 11143 E ArmVmp : Match on catch block at 0xc3 in for 0xa1
03-28 11:51:23.981 11143 11143 E ArmVmp : Match on catch block at 0xc3 in for 0xa1
03-28 11:51:23.989 11143 11143 E ArmVmp : Match on catch block at 0xc3 in for 0xa5
03-28 11:51:23.997 11143 11143 E ArmVmp : Match on catch block at 0xc3 in for 0xa9
03-28 11:51:24.001 11143 11143 E ArmVmp : Match on catch block at 0xc3 in for 0xa9
03-28 11:51:24.008 11143 11143 E ArmVmp : Match on catch block at 0xc3 in for 0xa1
03-28 11:51:24.015 11143 11143 E ArmVmp : Match on catch block at 0xc3 in for 0xa5
03-28 11:51:24.019 11143 11143 E ArmVmp : Match on catch block at 0xc3 in for 0xa5
03-28 11:51:24.026 11143 11143 E ArmVmp : Match on catch block at 0xc3 in for 0xa9
03-28 11:51:24.033 11143 11143 E ArmVmp : Match on catch block at 0xc3 in for 0xa1
03-28 11:51:24.037 11143 11143 E ArmVmp : Match on catch block at 0xc3 in for 0xa1
03-28 11:51:24.055 11143 11143 E ArmVmp : Match on catch block at 0xc3 in for 0xa5
03-28 11:51:24.061 11143 11143 E ArmVmp : Match on catch block at 0xc3 in for 0xa9
03-28 11:51:24.064 11143 11143 E ArmVmp : Match on catch block at 0xc3 in for 0xa9
03-28 11:51:24.072 11143 11143 E ArmVmp : Match on catch block at 0xc3 in for 0xa1
03-28 11:51:24.079 11143 11143 E ArmVmp : Match on catch block at 0xc3 in for 0xa5
03-28 11:51:24.083 11143 11143 E ArmVmp : Match on catch block at 0xc3 in for 0xa5
03-28 11:51:24.089 11143 11143 E ArmVmp : Match on catch block at 0xc3 in for 0xa9
03-28 11:51:24.096 11143 11143 E ArmVmp : Match on catch block at 0xc3 in for 0xa1
03-28 11:51:24.099 11143 11143 E ArmVmp : Match on catch block at 0xc3 in for 0xa1
03-28 11:51:24.106 11143 11143 E ArmVmp : Match on catch block at 0xc3 in for 0xa5
03-28 11:51:24.112 11143 11143 E ArmVmp : Match on catch block at 0xc3 in for 0xa9
03-28 11:51:24.116 11143 11143 E ArmVmp : Match on catch block at 0xc3 in for 0xa9
03-28 11:51:24.122 11143 11143 E ArmVmp : Match on catch block at 0xc3 in for 0xa1
03-28 11:51:24.128 11143 11143 E ArmVmp : Match on catch block at 0xc3 in for 0xa5
03-28 11:51:24.132 11143 11143 E ArmVmp : Match on catch block at 0xc3 in for 0xa5
03-28 11:51:24.138 11143 11143 E ArmVmp : Match on catch block at 0xc3 in for 0xa9
03-28 11:51:24.145 11143 11143 E ArmVmp : Match on catch block at 0xc3 in for 0xa1
03-28 11:51:24.148 11143 11143 E ArmVmp : Match on catch block at 0xc3 in for 0xa1
03-28 11:51:24.154 11143 11143 E ArmVmp : Match on catch block at 0xc3 in for 0xa5
03-28 11:51:24.161 11143 11143 E ArmVmp : Match on catch block at 0xc3 in for 0xa9
03-28 11:51:24.166 11143 11143 E ArmVmp : Match on catch block at 0xc3 in for 0xa9
03-28 11:51:24.172 11143 11143 E ArmVmp : Match on catch block at 0xc3 in for 0xa1
03-28 11:51:24.179 11143 11143 E ArmVmp : Match on catch block at 0xc3 in for 0xa5
03-28 11:51:24.182 11143 11143 E ArmVmp : Match on catch block at 0xc3 in for 0xa5
03-28 11:51:24.188 11143 11143 E ArmVmp : Match on catch block at 0xc3 in for 0xa9
03-28 11:51:24.194 11143 11143 E ArmVmp : Match on catch block at 0xc3 in for 0xa1
03-28 11:51:24.197 11143 11143 E ArmVmp : Match on catch block at 0xc3 in for 0xa1
03-28 11:51:24.203 11143 11143 E ArmVmp : Match on catch block at 0xc3 in for 0xa5
03-28 11:51:24.209 11143 11143 E ArmVmp : Match on catch block at 0xc3 in for 0xa9
03-28 11:51:24.212 11143 11143 E ArmVmp : Match on catch block at 0xc3 in for 0xa9
03-28 11:51:24.219 11143 11143 E ArmVmp : Match on catch block at 0xc3 in for 0xa1
03-28 11:51:24.225 11143 11143 E ArmVmp : Match on catch block at 0xc3 in for 0xa5
03-28 11:51:24.228 11143 11143 E ArmVmp : Match on catch block at 0xc3 in for 0xa5
03-28 11:51:24.236 11143 11143 E ArmVmp : Match on catch block at 0xc3 in for 0xa9
03-28 11:51:24.241 11143 11143 E ArmVmp : Match on catch block at 0xc3 in for 0xa1
03-28 11:51:24.246 11143 11143 E ArmVmp : Match on catch block at 0xc3 in for 0xa1
03-28 11:51:24.354 11143 11143 E ArmVmp : Match on catch block at 0xc3 in for 0xa5
03-28 11:51:24.360 11143 11143 E ArmVmp : Match on catch block at 0xc3 in for 0xa9
03-28 11:51:24.365 11143 11143 E ArmVmp : Match on catch block at 0xc3 in for 0xa9
03-28 11:51:24.855 11143 11143 E ArmVmp : Match on catch block at 0xc3 in for 0xa1
03-28 11:51:24.863 11143 11143 E ArmVmp : Match on catch block at 0xc3 in for 0xa5
03-28 11:51:24.868 11143 11143 E ArmVmp : Match on catch block at 0xc3 in for 0xa5
03-28 11:51:25.118 11143 11143 E ArmVmp : Match on catch block at 0xc3 in for 0xa9
03-28 11:51:25.124 11143 11143 E ArmVmp : Match on catch block at 0xc3 in for 0xa1
03-28 11:51:25.127 11143 11143 E ArmVmp : Match on catch block at 0xc3 in for 0xa1
03-28 11:51:25.136 11143 11143 E ArmVmp : Match on catch block at 0xc3 in for 0xa5
03-28 11:51:25.142 11143 11143 E ArmVmp : Match on catch block at 0xc3 in for 0xa9
03-28 11:51:25.145 11143 11143 E ArmVmp : Match on catch block at 0xc3 in for 0xa9
03-28 11:51:25.329 11143 11143 E ArmVmp : Match on catch block at 0xc3 in for 0xa9
03-28 11:51:25.337 11143 11143 E ArmVmp : Match on catch block at 0xc3 in for 0xa1
03-28 11:51:25.340 11143 11143 E ArmVmp : Match on catch block at 0xc3 in for 0xa1
03-28 11:51:25.356 11143 11143 E ArmVmp : Match on catch block at 0xc3 in for 0xa5
03-28 11:51:25.362 11143 11143 E ArmVmp : Match on catch block at 0xc3 in for 0xa9
03-28 11:51:25.365 11143 11143 E ArmVmp : Match on catch block at 0xc3 in for 0xa9
03-28 11:51:25.385 11143 11143 E ArmVmp : Match on catch block at 0xc3 in for 0xa1
03-28 11:51:25.389 11143 11143 E ArmVmp : Match on catch block at 0xc3 in for 0xa5
03-28 11:51:25.392 11143 11143 E ArmVmp : Match on catch block at 0xc3 in for 0xa5
03-28 11:51:25.890 11143 11143 E ArmVmp : Match on catch block at 0xc3 in for 0xa9
03-28 11:51:25.898 11143 11143 E ArmVmp : Match on catch block at 0xc3 in for 0xa1
03-28 11:51:25.903 11143 11143 E ArmVmp : Match on catch block at 0xc3 in for 0xa1
03-28 11:51:26.390 11143 11143 E ArmVmp : Match on catch block at 0xc3 in for 0xa5
03-28 11:51:26.403 11143 11143 E ArmVmp : Match on catch block at 0xc3 in for 0xa9
03-28 11:51:26.409 11143 11143 E ArmVmp : Match on catch block at 0xc3 in for 0xa9
03-28 11:51:26.876 11143 11143 E ArmVmp : Match on catch block at 0xc3 in for 0xa1
03-28 11:51:26.894 11143 11143 E ArmVmp : Match on catch block at 0xc3 in for 0xa5
03-28 11:51:26.902 11143 11143 E ArmVmp : Match on catch block at 0xc3 in for 0xa5
03-28 11:51:26.913 11143 11143 E ArmVmp : Match on catch block at 0xc3 in for 0xa9
03-28 11:51:26.921 11143 11143 E ArmVmp : Match on catch block at 0xc3 in for 0xa1
03-28 11:51:26.925 11143 11143 E ArmVmp : Match on catch block at 0xc3 in for 0xa1
03-28 11:51:26.938 11143 11143 E ArmVmp : Match on catch block at 0xc3 in for 0xa5
03-28 11:51:26.946 11143 11143 E ArmVmp : Match on catch block at 0xc3 in for 0xa9
03-28 11:51:26.951 11143 11143 E ArmVmp : Match on catch block at 0xc3 in for 0xa9
03-28 11:51:26.959 11143 11143 E ArmVmp : Match on catch block at 0xc3 in for 0xa1
03-28 11:51:26.966 11143 11143 E ArmVmp : Match on catch block at 0xc3 in for 0xa5
03-28 11:51:26.970 11143 11143 E ArmVmp : Match on catch block at 0xc3 in for 0xa5
03-28 11:51:26.978 11143 11143 E ArmVmp : Match on catch block at 0xc3 in for 0xa9
03-28 11:51:26.984 11143 11143 E ArmVmp : Match on catch block at 0xc3 in for 0xa1
03-28 11:51:26.988 11143 11143 E ArmVmp : Match on catch block at 0xc3 in for 0xa1
03-28 11:51:27.005 11143 11143 E ArmVmp : Match on catch block at 0xc3 in for 0xa5
03-28 11:51:27.013 11143 11143 E ArmVmp : Match on catch block at 0xc3 in for 0xa9
03-28 11:51:27.017 11143 11143 E ArmVmp : Match on catch block at 0xc3 in for 0xa9
03-28 11:51:27.025 11143 11143 E ArmVmp : Match on catch block at 0xc3 in for 0xa1
03-28 11:51:27.032 11143 11143 E ArmVmp : Match on catch block at 0xc3 in for 0xa5
03-28 11:51:27.036 11143 11143 E ArmVmp : Match on catch block at 0xc3 in for 0xa5
03-28 11:51:27.043 11143 11143 E ArmVmp : Match on catch block at 0xc3 in for 0xa9
03-28 11:51:27.051 11143 11143 E ArmVmp : Match on catch block at 0xc3 in for 0xa1
03-28 11:51:27.055 11143 11143 E ArmVmp : Match on catch block at 0xc3 in for 0xa1
03-28 11:51:27.073 11143 11143 E ArmVmp : Match on catch block at 0xc3 in for 0xa5
03-28 11:51:27.080 11143 11143 E ArmVmp : Match on catch block at 0xc3 in for 0xa9
03-28 11:51:27.084 11143 11143 E ArmVmp : Match on catch block at 0xc3 in for 0xa9
03-28 11:51:27.093 11143 11143 E ArmVmp : Match on catch block at 0xc3 in for 0xa1
03-28 11:51:27.100 11143 11143 E ArmVmp : Match on catch block at 0xc3 in for 0xa5
03-28 11:51:27.105 11143 11143 E ArmVmp : Match on catch block at 0xc3 in for 0xa5
03-28 11:51:27.122 11143 11143 E ArmVmp : Match on catch block at 0xc3 in for 0xa9
03-28 11:51:27.129 11143 11143 E ArmVmp : Match on catch block at 0xc3 in for 0xa1
03-28 11:51:27.133 11143 11143 E ArmVmp : Match on catch block at 0xc3 in for 0xa1
03-28 11:51:27.427 11143 11143 E ArmVmp : Match on catch block at 0xc3 in for 0xa5
03-28 11:51:27.441 11143 11143 E ArmVmp : Match on catch block at 0xc3 in for 0xa9
03-28 11:51:27.449 11143 11143 E ArmVmp : Match on catch block at 0xc3 in for 0xa9
03-28 11:51:27.938 11143 11143 E ArmVmp : Match on catch block at 0xc3 in for 0xa1
03-28 11:51:27.949 11143 11143 E ArmVmp : Match on catch block at 0xc3 in for 0xa5
03-28 11:51:27.957 11143 11143 E ArmVmp : Match on catch block at 0xc3 in for 0xa5
03-28 11:51:28.436 11143 11143 E ArmVmp : Match on catch block at 0xc3 in for 0xa9
03-28 11:51:28.451 11143 11143 E ArmVmp : Match on catch block at 0xc3 in for 0xa1
03-28 11:51:28.461 11143 11143 E ArmVmp : Match on catch block at 0xc3 in for 0xa1
03-28 11:51:28.942 11143 11143 E ArmVmp : Match on catch block at 0xc3 in for 0xa5
03-28 11:51:28.959 11143 11143 E ArmVmp : Match on catch block at 0xc3 in for 0xa9
03-28 11:51:28.965 11143 11143 E ArmVmp : Match on catch block at 0xc3 in for 0xa9
03-28 11:51:29.442 11143 11143 E ArmVmp : Match on catch block at 0xc3 in for 0xa1
03-28 11:51:29.458 11143 11143 E ArmVmp : Match on catch block at 0xc3 in for 0xa5
03-28 11:51:29.466 11143 11143 E ArmVmp : Match on catch block at 0xc3 in for 0xa5
03-28 11:51:29.941 11143 11143 E ArmVmp : Match on catch block at 0xc3 in for 0xa9
03-28 11:51:29.948 11143 11143 E ArmVmp : Match on catch block at 0xc3 in for 0xa1
03-28 11:51:29.952 11143 11143 E ArmVmp : Match on catch block at 0xc3 in for 0xa1
03-28 11:51:29.980 11143 11143 E ArmVmp : Match on catch block at 0xc3 in for 0xa5
03-28 11:51:29.986 11143 11143 E ArmVmp : Match on catch block at 0xc3 in for 0xa9
03-28 11:51:29.991 11143 11143 E ArmVmp : Match on catch block at 0xc3 in for 0xa9
03-28 11:51:30.000 11143 11143 E ArmVmp : Match on catch block at 0xc3 in for 0xa1
03-28 11:51:30.007 11143 11143 E ArmVmp : Match on catch block at 0xc3 in for 0xa5
03-28 11:51:30.012 11143 11143 E ArmVmp : Match on catch block at 0xc3 in for 0xa5
03-28 11:51:30.444 11143 11143 E ArmVmp : Match on catch block at 0xc3 in for 0xa9
03-28 11:51:30.454 11143 11143 E ArmVmp : Match on catch block at 0xc3 in for 0xa1
03-28 11:51:30.459 11143 11143 E ArmVmp : Match on catch block at 0xc3 in for 0xa1
03-28 11:51:30.943 11143 11143 E ArmVmp : Match on catch block at 0xc3 in for 0xa5
03-28 11:51:30.953 11143 11143 E ArmVmp : Match on catch block at 0xc3 in for 0xa9
03-28 11:51:30.958 11143 11143 E ArmVmp : Match on catch block at 0xc3 in for 0xa9
03-28 11:51:31.173 11143 11143 E ArmVmp : Match on catch block at 0xc3 in for 0xa5
03-28 11:51:31.180 11143 11143 E ArmVmp : Match on catch block at 0xc3 in for 0xa9
03-28 11:51:31.184 11143 11143 E ArmVmp : Match on catch block at 0xc3 in for 0xa9
03-28 11:51:31.446 11143 11143 E ArmVmp : Match on catch block at 0xc3 in for 0xa1
03-28 11:51:31.459 11143 11143 E ArmVmp : Match on catch block at 0xc3 in for 0xa5
03-28 11:51:31.464 11143 11143 E ArmVmp : Match on catch block at 0xc3 in for 0xa5
03-28 11:51:31.613 11143 11143 E ArmVmp : Match on catch block at 0xc3 in for 0xa9
03-28 11:51:31.633 11143 11143 E ArmVmp : Match on catch block at 0xc3 in for 0xa1
03-28 11:51:31.641 11143 11143 E ArmVmp : Match on catch block at 0xc3 in for 0xa1
03-28 11:51:31.650 11143 11143 E ArmVmp : Match on catch block at 0xc3 in for 0xa5
03-28 11:51:31.657 11143 11143 E ArmVmp : Match on catch block at 0xc3 in for 0xa9
03-28 11:51:31.662 11143 11143 E ArmVmp : Match on catch block at 0xc3 in for 0xa9
03-28 11:51:31.673 11143 11143 E ArmVmp : Match on catch block at 0xc3 in for 0xa1
03-28 11:51:31.680 11143 11143 E ArmVmp : Match on catch block at 0xc3 in for 0xa5
03-28 11:51:31.684 11143 11143 E ArmVmp : Match on catch block at 0xc3 in for 0xa5
03-28 11:51:31.692 11143 11143 E ArmVmp : Match on catch block at 0xc3 in for 0xa9
03-28 11:51:31.698 11143 11143 E ArmVmp : Match on catch block at 0xc3 in for 0xa1
03-28 11:51:31.702 11143 11143 E ArmVmp : Match on catch block at 0xc3 in for 0xa1
03-28 11:51:31.712 11143 11143 E ArmVmp : Match on catch block at 0xc3 in for 0xa5
03-28 11:51:31.720 11143 11143 E ArmVmp : Match on catch block at 0xc3 in for 0xa9
03-28 11:51:31.725 11143 11143 E ArmVmp : Match on catch block at 0xc3 in for 0xa9
03-28 11:51:31.739 11143 11143 E ArmVmp : Match on catch block at 0xc3 in for 0xa1
03-28 11:51:31.746 11143 11143 E ArmVmp : Match on catch block at 0xc3 in for 0xa5
03-28 11:51:31.750 11143 11143 E ArmVmp : Match on catch block at 0xc3 in for 0xa5
03-28 11:51:31.757 11143 11143 E ArmVmp : Match on catch block at 0xc3 in for 0xa9
03-28 11:51:31.763 11143 11143 E ArmVmp : Match on catch block at 0xc3 in for 0xa1
03-28 11:51:31.767 11143 11143 E ArmVmp : Match on catch block at 0xc3 in for 0xa1
03-28 11:51:31.773 11143 11143 E ArmVmp : Match on catch block at 0xc3 in for 0xa5
03-28 11:51:31.780 11143 11143 E ArmVmp : Match on catch block at 0xc3 in for 0xa9
03-28 11:51:31.783 11143 11143 E ArmVmp : Match on catch block at 0xc3 in for 0xa9
03-28 11:51:31.790 11143 11143 E ArmVmp : Match on catch block at 0xc3 in for 0xa1
03-28 11:51:31.796 11143 11143 E ArmVmp : Match on catch block at 0xc3 in for 0xa5
03-28 11:51:31.800 11143 11143 E ArmVmp : Match on catch block at 0xc3 in for 0xa5
03-28 11:51:31.806 11143 11143 E ArmVmp : Match on catch block at 0xc3 in for 0xa9
03-28 11:51:31.812 11143 11143 E ArmVmp : Match on catch block at 0xc3 in for 0xa1
03-28 11:51:31.816 11143 11143 E ArmVmp : Match on catch block at 0xc3 in for 0xa1
03-28 11:51:31.822 11143 11143 E ArmVmp : Match on catch block at 0xc3 in for 0xa5
03-28 11:51:31.829 11143 11143 E ArmVmp : Match on catch block at 0xc3 in for 0xa9
03-28 11:51:31.833 11143 11143 E ArmVmp : Match on catch block at 0xc3 in for 0xa9
03-28 11:51:31.839 11143 11143 E ArmVmp : Match on catch block at 0xc3 in for 0xa1
03-28 11:51:31.845 11143 11143 E ArmVmp : Match on catch block at 0xc3 in for 0xa5
03-28 11:51:31.849 11143 11143 E ArmVmp : Match on catch block at 0xc3 in for 0xa5
03-28 11:51:31.940 11143 11143 E ArmVmp : Match on catch block at 0xc3 in for 0xa9
03-28 11:51:31.947 11143 11143 E ArmVmp : Match on catch block at 0xc3 in for 0xa1
03-28 11:51:31.951 11143 11143 E ArmVmp : Match on catch block at 0xc3 in for 0xa1
03-28 11:51:32.191 11143 11143 E ArmVmp : Match on catch block at 0xc3 in for 0xa5
03-28 11:51:32.197 11143 11143 E ArmVmp : Match on catch block at 0xc3 in for 0xa9
03-28 11:51:32.202 11143 11143 E ArmVmp : Match on catch block at 0xc3 in for 0xa9
03-28 11:51:32.351 11143 11143 E ArmVmp : Match on catch block at 0xc3 in for 0xa5
03-28 11:51:32.359 11143 11143 E ArmVmp : Match on catch block at 0xc3 in for 0xa9
03-28 11:51:32.363 11143 11143 E ArmVmp : Match on catch block at 0xc3 in for 0xa9
03-28 11:51:32.431 11143 11143 E ArmVmp : Match on catch block at 0xc3 in for 0xa9
03-28 11:51:32.439 11143 11143 E ArmVmp : Match on catch block at 0xc3 in for 0xa1
03-28 11:51:32.442 11143 11143 E ArmVmp : Match on catch block at 0xc3 in for 0xa1
03-28 11:51:32.456 11143 11143 E ArmVmp : Match on catch block at 0xc3 in for 0xa5
03-28 11:51:32.462 11143 11143 E ArmVmp : Match on catch block at 0xc3 in for 0xa9
03-28 11:51:32.465 11143 11143 E ArmVmp : Match on catch block at 0xc3 in for 0xa9
03-28 11:51:32.478 11143 11143 E ArmVmp : Match on catch block at 0xc3 in for 0xa1
03-28 11:51:32.482 11143 11143 E ArmVmp : Match on catch block at 0xc3 in for 0xa5
03-28 11:51:32.485 11143 11143 E ArmVmp : Match on catch block at 0xc3 in for 0xa5
03-28 11:51:32.996 11143 11143 E ArmVmp : Match on catch block at 0xc3 in for 0xa9
03-28 11:51:33.013 11143 11143 E ArmVmp : Match on catch block at 0xc3 in for 0xa1
03-28 11:51:33.022 11143 11143 E ArmVmp : Match on catch block at 0xc3 in for 0xa1
03-28 11:51:33.494 11143 11143 E ArmVmp : Match on catch block at 0xc3 in for 0xa5
03-28 11:51:33.507 11143 11143 E ArmVmp : Match on catch block at 0xc3 in for 0xa9
03-28 11:51:33.513 11143 11143 E ArmVmp : Match on catch block at 0xc3 in for 0xa9
