03-28 11:35:52.413 3826 3826 E ArmVmp : Match on catch block at 0xc3 in for 0xa5
03-28 11:35:52.418 3826 3826 E ArmVmp : Match on catch block at 0xc3 in for 0xa9
03-28 11:35:52.474 3826 3826 E ArmVmp : Match on catch block at 0xc3 in for 0xa1
03-28 11:35:52.479 3826 3826 E ArmVmp : Match on catch block at 0xc3 in for 0xa5
03-28 11:35:52.536 3826 3826 E ArmVmp : Match on catch block at 0xc3 in for 0xa1
03-28 11:35:52.541 3826 3826 E ArmVmp : Match on catch block at 0xc3 in for 0xa5
03-28 11:35:52.600 3826 3826 E ArmVmp : Match on catch block at 0xc3 in for 0xa9
03-28 11:35:52.605 3826 3826 E ArmVmp : Match on catch block at 0xc3 in for 0xa1
03-28 11:35:52.663 3826 3826 E ArmVmp : Match on catch block at 0xc3 in for 0xa9
03-28 11:35:52.669 3826 3826 E ArmVmp : Match on catch block at 0xc3 in for 0xa1
03-28 11:35:52.722 3826 3826 E ArmVmp : Match on catch block at 0xc3 in for 0xa5
03-28 11:35:52.727 3826 3826 E ArmVmp : Match on catch block at 0xc3 in for 0xa9
03-28 11:35:52.778 3826 3826 E ArmVmp : Match on catch block at 0xc3 in for 0xa1
03-28 11:35:52.784 3826 3826 E ArmVmp : Match on catch block at 0xc3 in for 0xa5
03-28 11:35:52.841 3826 3826 E ArmVmp : Match on catch block at 0xc3 in for 0xa9
03-28 11:35:52.845 3826 3826 E ArmVmp : Match on catch block at 0xc3 in for 0xa1
03-28 11:35:52.896 3826 3826 E ArmVmp : Match on catch block at 0xc3 in for 0xa9
03-28 11:35:52.901 3826 3826 E ArmVmp : Match on catch block at 0xc3 in for 0xa1
03-28 11:35:52.954 3826 3826 E ArmVmp : Match on catch block at 0xc3 in for 0xa5
03-28 11:35:52.959 3826 3826 E ArmVmp : Match on catch block at 0xc3 in for 0xa9
03-28 11:35:53.007 3826 3826 E ArmVmp : Match on catch block at 0xc3 in for 0xa5
03-28 11:35:53.012 3826 3826 E ArmVmp : Match on catch block at 0xc3 in for 0xa9
03-28 11:35:53.065 3826 3826 E ArmVmp : Match on catch block at 0xc3 in for 0xa9
03-28 11:35:53.069 3826 3826 E ArmVmp : Match on catch block at 0xc3 in for 0xa1
03-28 11:35:53.098 3826 3826 E ArmVmp : Match on catch block at 0xc3 in for 0xa5
03-28 11:35:53.103 3826 3826 E ArmVmp : Match on catch block at 0xc3 in for 0xa9
03-28 11:35:53.130 3826 3826 E ArmVmp : Match on catch block at 0xc3 in for 0xa5
03-28 11:35:53.135 3826 3826 E ArmVmp : Match on catch block at 0xc3 in for 0xa9
03-28 11:35:53.163 3826 3826 E ArmVmp : Match on catch block at 0xc3 in for 0xa5
03-28 11:35:53.168 3826 3826 E ArmVmp : Match on catch block at 0xc3 in for 0xa9
03-28 11:35:53.196 3826 3826 E ArmVmp : Match on catch block at 0xc3 in for 0xa5
03-28 11:35:53.201 3826 3826 E ArmVmp : Match on catch block at 0xc3 in for 0xa9
03-28 11:35:53.258 3826 3826 E ArmVmp : Match on catch block at 0xc3 in for 0xa1
03-28 11:35:53.263 3826 3826 E ArmVmp : Match on catch block at 0xc3 in for 0xa5
03-28 11:35:53.757 3826 3826 E ArmVmp : Match on catch block at 0xc3 in for 0xa1
03-28 11:35:53.765 3826 3826 E ArmVmp : Match on catch block at 0xc3 in for 0xa5
03-28 11:35:54.257 3826 3826 E ArmVmp : Match on catch block at 0xc3 in for 0xa1
03-28 11:35:54.265 3826 3826 E ArmVmp : Match on catch block at 0xc3 in for 0xa5
03-28 11:35:54.757 3826 3826 E ArmVmp : Match on catch block at 0xc3 in for 0xa1
03-28 11:35:54.764 3826 3826 E ArmVmp : Match on catch block at 0xc3 in for 0xa5
03-28 11:35:55.259 3826 3826 E ArmVmp : Match on catch block at 0xc3 in for 0xa1
03-28 11:35:55.265 3826 3826 E ArmVmp : Match on catch block at 0xc3 in for 0xa5
03-28 11:35:55.759 3826 3826 E ArmVmp : Match on catch block at 0xc3 in for 0xa1
03-28 11:35:55.766 3826 3826 E ArmVmp : Match on catch block at 0xc3 in for 0xa5
03-28 11:35:56.257 3826 3826 E ArmVmp : Match on catch block at 0xc3 in for 0xa1
03-28 11:35:56.264 3826 3826 E ArmVmp : Match on catch block at 0xc3 in for 0xa5
03-28 11:35:56.761 3826 3826 E ArmVmp : Match on catch block at 0xc3 in for 0xa1
03-28 11:35:56.767 3826 3826 E ArmVmp : Match on catch block at 0xc3 in for 0xa5
03-28 11:35:57.258 3826 3826 E ArmVmp : Match on catch block at 0xc3 in for 0xa1
03-28 11:35:57.264 3826 3826 E ArmVmp : Match on catch block at 0xc3 in for 0xa5
03-28 11:35:57.759 3826 3826 E ArmVmp : Match on catch block at 0xc3 in for 0xa1
03-28 11:35:57.765 3826 3826 E ArmVmp : Match on catch block at 0xc3 in for 0xa5
03-28 11:35:58.258 3826 3826 E ArmVmp : Match on catch block at 0xc3 in for 0xa1
03-28 11:35:58.267 3826 3826 E ArmVmp : Match on catch block at 0xc3 in for 0xa5
03-28 11:35:58.761 3826 3826 E ArmVmp : Match on catch block at 0xc3 in for 0xa1
03-28 11:35:58.771 3826 3826 E ArmVmp : Match on catch block at 0xc3 in for 0xa5
03-28 11:35:59.262 3826 3826 E ArmVmp : Match on catch block at 0xc3 in for 0xa1
03-28 11:35:59.273 3826 3826 E ArmVmp : Match on catch block at 0xc3 in for 0xa5
03-28 11:35:59.780 3826 3826 E ArmVmp : Match on catch block at 0xc3 in for 0xa5
03-28 11:35:59.788 3826 3826 E ArmVmp : Match on catch block at 0xc3 in for 0xa9
03-28 11:36:00.100 3826 3826 E ArmVmp : Match on catch block at 0xc3 in for 0xa5
03-28 11:36:00.107 3826 3826 E ArmVmp : Match on catch block at 0xc3 in for 0xa9
03-28 11:36:00.138 3826 3826 E ArmVmp : Match on catch block at 0xc3 in for 0xa5
03-28 11:36:00.144 3826 3826 E ArmVmp : Match on catch block at 0xc3 in for 0xa9
03-28 11:36:00.615 3826 3826 E ArmVmp : Match on catch block at 0xc3 in for 0xa5
03-28 11:36:00.621 3826 3826 E ArmVmp : Match on catch block at 0xc3 in for 0xa9
03-28 11:36:01.104 3826 3826 E ArmVmp : Match on catch block at 0xc3 in for 0xa9
03-28 11:36:01.111 3826 3826 E ArmVmp : Match on catch block at 0xc3 in for 0xa1
03-28 11:36:01.603 3826 3826 E ArmVmp : Match on catch block at 0xc3 in for 0xa1
03-28 11:36:01.610 3826 3826 E ArmVmp : Match on catch block at 0xc3 in for 0xa5
03-28 11:36:02.104 3826 3826 E ArmVmp : Match on catch block at 0xc3 in for 0xa1
03-28 11:36:02.112 3826 3826 E ArmVmp : Match on catch block at 0xc3 in for 0xa5
03-28 11:36:02.621 3826 3826 E ArmVmp : Match on catch block at 0xc3 in for 0xa1
03-28 11:36:02.627 3826 3826 E ArmVmp : Match on catch block at 0xc3 in for 0xa5
03-28 11:36:03.120 3826 3826 E ArmVmp : Match on catch block at 0xc3 in for 0xa1
03-28 11:36:03.127 3826 3826 E ArmVmp : Match on catch block at 0xc3 in for 0xa5
03-28 11:36:03.621 3826 3826 E ArmVmp : Match on catch block at 0xc3 in for 0xa5
03-28 11:36:03.628 3826 3826 E ArmVmp : Match on catch block at 0xc3 in for 0xa9
03-28 11:36:04.121 3826 3826 E ArmVmp : Match on catch block at 0xc3 in for 0xa1
03-28 11:36:04.128 3826 3826 E ArmVmp : Match on catch block at 0xc3 in for 0xa5
03-28 11:36:04.621 3826 3826 E ArmVmp : Match on catch block at 0xc3 in for 0xa1
03-28 11:36:04.627 3826 3826 E ArmVmp : Match on catch block at 0xc3 in for 0xa5
03-28 11:36:05.122 3826 3826 E ArmVmp : Match on catch block at 0xc3 in for 0xa9
03-28 11:36:05.130 3826 3826 E ArmVmp : Match on catch block at 0xc3 in for 0xa1
03-28 11:36:05.621 3826 3826 E ArmVmp : Match on catch block at 0xc3 in for 0xa1
03-28 11:36:05.627 3826 3826 E ArmVmp : Match on catch block at 0xc3 in for 0xa5
03-28 11:36:05.959 3826 3826 E ArmVmp : Match on catch block at 0xc3 in for 0xa5
03-28 11:36:05.968 3826 3826 E ArmVmp : Match on catch block at 0xc3 in for 0xa9
03-28 11:36:05.977 3826 3826 E ArmVmp : Match on catch block at 0xc3 in for 0xa9
03-28 11:36:05.985 3826 3826 E ArmVmp : Match on catch block at 0xc3 in for 0xa1
03-28 11:36:06.006 3826 3826 E ArmVmp : Match on catch block at 0xc3 in for 0xa5
03-28 11:36:06.011 3826 3826 E ArmVmp : Match on catch block at 0xc3 in for 0xa9
03-28 11:36:06.121 3826 3826 E ArmVmp : Match on catch block at 0xc3 in for 0xa5
03-28 11:36:06.127 3826 3826 E ArmVmp : Match on catch block at 0xc3 in for 0xa9
03-28 11:36:06.622 3826 3826 E ArmVmp : Match on catch block at 0xc3 in for 0xa1
03-28 11:36:06.632 3826 3826 E ArmVmp : Match on catch block at 0xc3 in for 0xa5
03-28 11:36:07.121 3826 3826 E ArmVmp : Match on catch block at 0xc3 in for 0xa1
03-28 11:36:07.128 3826 3826 E ArmVmp : Match on catch block at 0xc3 in for 0xa5
03-28 11:36:07.431 3826 3826 E ArmVmp : Match on catch block at 0xc3 in for 0xa1
03-28 11:36:07.437 3826 3826 E ArmVmp : Match on catch block at 0xc3 in for 0xa5
03-28 11:36:07.455 3826 3826 E ArmVmp : Match on catch block at 0xc3 in for 0xa5
03-28 11:36:07.461 3826 3826 E ArmVmp : Match on catch block at 0xc3 in for 0xa9
03-28 11:36:07.622 3826 3826 E ArmVmp : Match on catch block at 0xc3 in for 0xa5
03-28 11:36:07.627 3826 3826 E ArmVmp : Match on catch block at 0xc3 in for 0xa9
03-28 11:36:08.123 3826 3826 E ArmVmp : Match on catch block at 0xc3 in for 0xa9
03-28 11:36:08.135 3826 3826 E ArmVmp : Match on catch block at 0xc3 in for 0xa1
03-28 11:36:08.578 3826 3826 E ArmVmp : Match on catch block at 0xc3 in for 0xa9
03-28 11:36:08.585 3826 3826 E ArmVmp : Match on catch block at 0xc3 in for 0xa1
03-28 11:36:08.595 3826 3826 E ArmVmp : Match on catch block at 0xc3 in for 0xa9
03-28 11:36:08.604 3826 3826 E ArmVmp : Match on catch block at 0xc3 in for 0xa1
03-28 11:36:08.611 3826 3826 E ArmVmp : Match on catch block at 0xc3 in for 0xa9
03-28 11:36:08.619 3826 3826 E ArmVmp : Match on catch block at 0xc3 in for 0xa1
03-28 11:36:08.629 3826 3826 E ArmVmp : Match on catch block at 0xc3 in for 0xa9
03-28 11:36:08.636 3826 3826 E ArmVmp : Match on catch block at 0xc3 in for 0xa1
03-28 11:36:08.643 3826 3826 E ArmVmp : Match on catch block at 0xc3 in for 0xa9
03-28 11:36:08.652 3826 3826 E ArmVmp : Match on catch block at 0xc3 in for 0xa1
03-28 11:36:08.659 3826 3826 E ArmVmp : Match on catch block at 0xc3 in for 0xa9
03-28 11:36:08.668 3826 3826 E ArmVmp : Match on catch block at 0xc3 in for 0xa1
03-28 11:36:08.679 3826 3826 E ArmVmp : Match on catch block at 0xc3 in for 0xa9
03-28 11:36:08.687 3826 3826 E ArmVmp : Match on catch block at 0xc3 in for 0xa1
03-28 11:36:08.696 3826 3826 E ArmVmp : Match on catch block at 0xc3 in for 0xa9
03-28 11:36:08.703 3826 3826 E ArmVmp : Match on catch block at 0xc3 in for 0xa1
03-28 11:36:08.710 3826 3826 E ArmVmp : Match on catch block at 0xc3 in for 0xa9
03-28 11:36:08.719 3826 3826 E ArmVmp : Match on catch block at 0xc3 in for 0xa1
03-28 11:36:08.730 3826 3826 E ArmVmp : Match on catch block at 0xc3 in for 0xa9
03-28 11:36:08.738 3826 3826 E ArmVmp : Match on catch block at 0xc3 in for 0xa1
03-28 11:36:08.758 3826 3826 E ArmVmp : Match on catch block at 0xc3 in for 0xa5
03-28 11:36:08.767 3826 3826 E ArmVmp : Match on catch block at 0xc3 in for 0xa9
03-28 11:36:08.779 3826 3826 E ArmVmp : Match on catch block at 0xc3 in for 0xa5
03-28 11:36:08.785 3826 3826 E ArmVmp : Match on catch block at 0xc3 in for 0xa9
03-28 11:36:08.793 3826 3826 E ArmVmp : Match on catch block at 0xc3 in for 0xa5
03-28 11:36:08.800 3826 3826 E ArmVmp : Match on catch block at 0xc3 in for 0xa9
03-28 11:36:08.807 3826 3826 E ArmVmp : Match on catch block at 0xc3 in for 0xa5
03-28 11:36:08.814 3826 3826 E ArmVmp : Match on catch block at 0xc3 in for 0xa9
03-28 11:36:08.844 3826 3826 E ArmVmp : Match on catch block at 0xc3 in for 0xa9
03-28 11:36:08.850 3826 3826 E ArmVmp : Match on catch block at 0xc3 in for 0xa1
03-28 11:36:08.901 3826 3826 E ArmVmp : Match on catch block at 0xc3 in for 0xa9
03-28 11:36:08.907 3826 3826 E ArmVmp : Match on catch block at 0xc3 in for 0xa1
03-28 11:36:08.931 3826 3826 E ArmVmp : Match on catch block at 0xc3 in for 0xa9
03-28 11:36:08.936 3826 3826 E ArmVmp : Match on catch block at 0xc3 in for 0xa1
03-28 11:36:08.945 3826 3826 E ArmVmp : Match on catch block at 0xc3 in for 0xa1
03-28 11:36:08.953 3826 3826 E ArmVmp : Match on catch block at 0xc3 in for 0xa5
03-28 11:36:08.997 3826 3826 E ArmVmp : Match on catch block at 0xc3 in for 0xa5
03-28 11:36:09.003 3826 3826 E ArmVmp : Match on catch block at 0xc3 in for 0xa9
03-28 11:36:09.012 3826 3826 E ArmVmp : Match on catch block at 0xc3 in for 0xa9
03-28 11:36:09.020 3826 3826 E ArmVmp : Match on catch block at 0xc3 in for 0xa1
03-28 11:36:09.070 3826 3826 E ArmVmp : Match on catch block at 0xc3 in for 0xa5
03-28 11:36:09.076 3826 3826 E ArmVmp : Match on catch block at 0xc3 in for 0xa9
03-28 11:36:09.087 3826 3826 E ArmVmp : Match on catch block at 0xc3 in for 0xa9
03-28 11:36:09.093 3826 3826 E ArmVmp : Match on catch block at 0xc3 in for 0xa1
03-28 11:36:09.139 3826 3826 E ArmVmp : Match on catch block at 0xc3 in for 0xa1
03-28 11:36:09.144 3826 3826 E ArmVmp : Match on catch block at 0xc3 in for 0xa5
03-28 11:36:09.173 3826 3826 E ArmVmp : Match on catch block at 0xc3 in for 0xa5
03-28 11:36:09.179 3826 3826 E ArmVmp : Match on catch block at 0xc3 in for 0xa9
03-28 11:36:09.206 3826 3826 E ArmVmp : Match on catch block at 0xc3 in for 0xa9
03-28 11:36:09.212 3826 3826 E ArmVmp : Match on catch block at 0xc3 in for 0xa1
03-28 11:36:09.225 3826 3826 E ArmVmp : Match on catch block at 0xc3 in for 0xa1
03-28 11:36:09.231 3826 3826 E ArmVmp : Match on catch block at 0xc3 in for 0xa5
03-28 11:36:09.243 3826 3826 E ArmVmp : Match on catch block at 0xc3 in for 0xa9
03-28 11:36:09.248 3826 3826 E ArmVmp : Match on catch block at 0xc3 in for 0xa1
03-28 11:36:09.260 3826 3826 E ArmVmp : Match on catch block at 0xc3 in for 0xa5
03-28 11:36:09.265 3826 3826 E ArmVmp : Match on catch block at 0xc3 in for 0xa9
03-28 11:36:09.281 3826 3826 E ArmVmp : Match on catch block at 0xc3 in for 0xa9
03-28 11:36:09.286 3826 3826 E ArmVmp : Match on catch block at 0xc3 in for 0xa1
03-28 11:36:09.301 3826 3826 E ArmVmp : Match on catch block at 0xc3 in for 0xa5
03-28 11:36:09.306 3826 3826 E ArmVmp : Match on catch block at 0xc3 in for 0xa9
03-28 11:36:09.320 3826 3826 E ArmVmp : Match on catch block at 0xc3 in for 0xa9
03-28 11:36:09.327 3826 3826 E ArmVmp : Match on catch block at 0xc3 in for 0xa1
03-28 11:36:09.333 3826 3826 E ArmVmp : Match on catch block at 0xc3 in for 0xa5
03-28 11:36:09.339 3826 3826 E ArmVmp : Match on catch block at 0xc3 in for 0xa9
03-28 11:36:09.345 3826 3826 E ArmVmp : Match on catch block at 0xc3 in for 0xa1
03-28 11:36:09.354 3826 3826 E ArmVmp : Match on catch block at 0xc3 in for 0xa5
03-28 11:36:09.360 3826 3826 E ArmVmp : Match on catch block at 0xc3 in for 0xa9
03-28 11:36:09.370 3826 3826 E ArmVmp : Match on catch block at 0xc3 in for 0xa1
03-28 11:36:09.376 3826 3826 E ArmVmp : Match on catch block at 0xc3 in for 0xa5
03-28 11:36:09.384 3826 3826 E ArmVmp : Match on catch block at 0xc3 in for 0xa9
03-28 11:36:09.391 3826 3826 E ArmVmp : Match on catch block at 0xc3 in for 0xa1
03-28 11:36:09.400 3826 3826 E ArmVmp : Match on catch block at 0xc3 in for 0xa5
03-28 11:36:09.407 3826 3826 E ArmVmp : Match on catch block at 0xc3 in for 0xa9
03-28 11:36:09.414 3826 3826 E ArmVmp : Match on catch block at 0xc3 in for 0xa1
03-28 11:36:09.424 3826 3826 E ArmVmp : Match on catch block at 0xc3 in for 0xa5
03-28 11:36:09.429 3826 3826 E ArmVmp : Match on catch block at 0xc3 in for 0xa9
03-28 11:36:09.440 3826 3826 E ArmVmp : Match on catch block at 0xc3 in for 0xa1
03-28 11:36:09.445 3826 3826 E ArmVmp : Match on catch block at 0xc3 in for 0xa5
03-28 11:36:09.457 3826 3826 E ArmVmp : Match on catch block at 0xc3 in for 0xa9
03-28 11:36:09.462 3826 3826 E ArmVmp : Match on catch block at 0xc3 in for 0xa1
03-28 11:36:09.473 3826 3826 E ArmVmp : Match on catch block at 0xc3 in for 0xa5
03-28 11:36:09.478 3826 3826 E ArmVmp : Match on catch block at 0xc3 in for 0xa9
03-28 11:36:09.491 3826 3826 E ArmVmp : Match on catch block at 0xc3 in for 0xa1
03-28 11:36:09.496 3826 3826 E ArmVmp : Match on catch block at 0xc3 in for 0xa5
03-28 11:36:09.506 3826 3826 E ArmVmp : Match on catch block at 0xc3 in for 0xa1
03-28 11:36:09.511 3826 3826 E ArmVmp : Match on catch block at 0xc3 in for 0xa5
03-28 11:36:09.639 3826 3826 E ArmVmp : Match on catch block at 0xc3 in for 0xa5
03-28 11:36:09.644 3826 3826 E ArmVmp : Match on catch block at 0xc3 in for 0xa9
03-28 11:36:09.742 3826 3826 E ArmVmp : Match on catch block at 0xc3 in for 0xa5
03-28 11:36:09.747 3826 3826 E ArmVmp : Match on catch block at 0xc3 in for 0xa9
03-28 11:36:09.761 3826 3826 E ArmVmp : Match on catch block at 0xc3 in for 0xa9
03-28 11:36:09.766 3826 3826 E ArmVmp : Match on catch block at 0xc3 in for 0xa1
03-28 11:36:09.781 3826 3826 E ArmVmp : Match on catch block at 0xc3 in for 0xa9
03-28 11:36:09.786 3826 3826 E ArmVmp : Match on catch block at 0xc3 in for 0xa1
03-28 11:36:09.794 3826 3826 E ArmVmp : Match on catch block at 0xc3 in for 0xa9
03-28 11:36:09.801 3826 3826 E ArmVmp : Match on catch block at 0xc3 in for 0xa1
03-28 11:36:09.806 3826 3826 E ArmVmp : Match on catch block at 0xc3 in for 0xa5
03-28 11:36:09.814 3826 3826 E ArmVmp : Match on catch block at 0xc3 in for 0xa9
03-28 11:36:09.823 3826 3826 E ArmVmp : Match on catch block at 0xc3 in for 0xa1
03-28 11:36:09.828 3826 3826 E ArmVmp : Match on catch block at 0xc3 in for 0xa5
03-28 11:36:09.840 3826 3826 E ArmVmp : Match on catch block at 0xc3 in for 0xa9
03-28 11:36:09.845 3826 3826 E ArmVmp : Match on catch block at 0xc3 in for 0xa1
03-28 11:36:09.858 3826 3826 E ArmVmp : Match on catch block at 0xc3 in for 0xa9
03-28 11:36:09.863 3826 3826 E ArmVmp : Match on catch block at 0xc3 in for 0xa1
03-28 11:36:09.876 3826 3826 E ArmVmp : Match on catch block at 0xc3 in for 0xa9
03-28 11:36:09.881 3826 3826 E ArmVmp : Match on catch block at 0xc3 in for 0xa1
03-28 11:36:09.898 3826 3826 E ArmVmp : Match on catch block at 0xc3 in for 0xa9
03-28 11:36:09.902 3826 3826 E ArmVmp : Match on catch block at 0xc3 in for 0xa1
03-28 11:36:09.911 3826 3826 E ArmVmp : Match on catch block at 0xc3 in for 0xa5
03-28 11:36:09.916 3826 3826 E ArmVmp : Match on catch block at 0xc3 in for 0xa9
03-28 11:36:09.930 3826 3826 E ArmVmp : Match on catch block at 0xc3 in for 0xa1
03-28 11:36:09.934 3826 3826 E ArmVmp : Match on catch block at 0xc3 in for 0xa5
03-28 11:36:09.941 3826 3826 E ArmVmp : Match on catch block at 0xc3 in for 0xa1
03-28 11:36:09.949 3826 3826 E ArmVmp : Match on catch block at 0xc3 in for 0xa5
03-28 11:36:09.959 3826 3826 E ArmVmp : Match on catch block at 0xc3 in for 0xa1
03-28 11:36:09.963 3826 3826 E ArmVmp : Match on catch block at 0xc3 in for 0xa5
03-28 11:36:09.980 3826 3826 E ArmVmp : Match on catch block at 0xc3 in for 0xa1
03-28 11:36:09.985 3826 3826 E ArmVmp : Match on catch block at 0xc3 in for 0xa5
03-28 11:36:10.006 3826 3826 E ArmVmp : Match on catch block at 0xc3 in for 0xa5
03-28 11:36:10.012 3826 3826 E ArmVmp : Match on catch block at 0xc3 in for 0xa9
03-28 11:36:10.140 3826 3826 E ArmVmp : Match on catch block at 0xc3 in for 0xa1
03-28 11:36:10.146 3826 3826 E ArmVmp : Match on catch block at 0xc3 in for 0xa5
03-28 11:36:10.166 3826 3826 E ArmVmp : Match on catch block at 0xc3 in for 0xa1
03-28 11:36:10.171 3826 3826 E ArmVmp : Match on catch block at 0xc3 in for 0xa5
03-28 11:36:10.185 3826 3826 E ArmVmp : Match on catch block at 0xc3 in for 0xa1
03-28 11:36:10.191 3826 3826 E ArmVmp : Match on catch block at 0xc3 in for 0xa5
03-28 11:36:10.221 3826 3826 E ArmVmp : Match on catch block at 0xc3 in for 0xa5
03-28 11:36:10.227 3826 3826 E ArmVmp : Match on catch block at 0xc3 in for 0xa9
03-28 11:36:10.252 3826 3826 E ArmVmp : Match on catch block at 0xc3 in for 0xa9
03-28 11:36:10.258 3826 3826 E ArmVmp : Match on catch block at 0xc3 in for 0xa1
03-28 11:36:10.302 3826 3826 E ArmVmp : Match on catch block at 0xc3 in for 0xa5
03-28 11:36:10.307 3826 3826 E ArmVmp : Match on catch block at 0xc3 in for 0xa9
03-28 11:36:10.386 3826 3826 E ArmVmp : Match on catch block at 0xc3 in for 0xa9
03-28 11:36:10.392 3826 3826 E ArmVmp : Match on catch block at 0xc3 in for 0xa1
03-28 11:36:10.483 3826 3826 E ArmVmp : Match on catch block at 0xc3 in for 0xa1
03-28 11:36:10.486 3826 3845 W System : A resource failed to call close.
03-28 11:36:10.488 3826 3826 E ArmVmp : Match on catch block at 0xc3 in for 0xa5
03-28 11:36:10.573 3826 3826 E ArmVmp : Match on catch block at 0xc3 in for 0xa5
03-28 11:36:10.580 3826 3826 E ArmVmp : Match on catch block at 0xc3 in for 0xa9
03-28 11:36:10.656 3826 3826 E ArmVmp : Match on catch block at 0xc3 in for 0xa5
03-28 11:36:10.663 3826 3826 E ArmVmp : Match on catch block at 0xc3 in for 0xa9
03-28 11:36:10.706 3826 3826 E ArmVmp : Match on catch block at 0xc3 in for 0xa9
03-28 11:36:10.712 3826 3826 E ArmVmp : Match on catch block at 0xc3 in for 0xa1
03-28 11:36:10.799 3826 3826 E ArmVmp : Match on catch block at 0xc3 in for 0xa1
03-28 11:36:10.804 3826 3826 E ArmVmp : Match on catch block at 0xc3 in for 0xa5
03-28 11:36:10.828 3826 3826 E ArmVmp : Match on catch block at 0xc3 in for 0xa1
03-28 11:36:10.836 3826 3826 E ArmVmp : Match on catch block at 0xc3 in for 0xa5
03-28 11:36:10.928 3826 3826 E ArmVmp : Match on catch block at 0xc3 in for 0xa1
03-28 11:36:10.942 3826 3826 E ArmVmp : Match on catch block at 0xc3 in for 0xa5
03-28 11:36:11.223 3826 3826 E ArmVmp : Match on catch block at 0xc3 in for 0xa9
03-28 11:36:11.229 3826 3826 E ArmVmp : Match on catch block at 0xc3 in for 0xa1
03-28 11:36:11.241 3826 3826 E ArmVmp : Match on catch block at 0xc3 in for 0xa1
03-28 11:36:11.246 3826 3826 E ArmVmp : Match on catch block at 0xc3 in for 0xa5
03-28 11:36:11.257 3826 3826 E ArmVmp : Match on catch block at 0xc3 in for 0xa5
03-28 11:36:11.263 3826 3826 E ArmVmp : Match on catch block at 0xc3 in for 0xa9
03-28 11:36:11.274 3826 3826 E ArmVmp : Match on catch block at 0xc3 in for 0xa1
03-28 11:36:11.279 3826 3826 E ArmVmp : Match on catch block at 0xc3 in for 0xa5
03-28 11:36:11.291 3826 3826 E ArmVmp : Match on catch block at 0xc3 in for 0xa5
03-28 11:36:11.297 3826 3826 E ArmVmp : Match on catch block at 0xc3 in for 0xa9
03-28 11:36:11.313 3826 3826 E ArmVmp : Match on catch block at 0xc3 in for 0xa9
03-28 11:36:11.320 3826 3826 E ArmVmp : Match on catch block at 0xc3 in for 0xa1
03-28 11:36:11.352 3826 3826 E ArmVmp : Match on catch block at 0xc3 in for 0xa5
03-28 11:36:11.367 3826 3826 E ArmVmp : Match on catch block at 0xc3 in for 0xa9
03-28 11:36:11.403 3826 3826 E ArmVmp : Match on catch block at 0xc3 in for 0xa9
03-28 11:36:11.410 3826 3826 E ArmVmp : Match on catch block at 0xc3 in for 0xa1
03-28 11:36:11.433 3826 3826 E ArmVmp : Match on catch block at 0xc3 in for 0xa1
03-28 11:36:11.443 3826 3826 E ArmVmp : Match on catch block at 0xc3 in for 0xa5
03-28 11:36:11.457 3826 3826 E ArmVmp : Match on catch block at 0xc3 in for 0xa5
03-28 11:36:11.463 3826 3826 E ArmVmp : Match on catch block at 0xc3 in for 0xa9
03-28 11:36:11.473 3826 3826 E ArmVmp : Match on catch block at 0xc3 in for 0xa9
03-28 11:36:11.482 3826 3826 E ArmVmp : Match on catch block at 0xc3 in for 0xa1
03-28 11:36:25.994 3826 3992 W RenderInspector: DequeueBuffer time out on com.mbwhatsapp/com.mbwhatsapp.HomeActivity, count=2, avg=16 ms, max=17 ms.
03-28 11:36:30.720 3826 3826 E ArmVmp : Match on catch block at 0x0a in for 0x119
03-28 11:36:30.794 3826 3992 W RenderInspector: QueueBuffer time out on com.mbwhatsapp/com.mbwhatsapp.HomeActivity, count=2, avg=19 ms, max=20 ms.
03-28 11:36:34.329 3826 3992 W RenderInspector: QueueBuffer time out on com.mbwhatsapp/com.mbwhatsapp.HomeActivity, count=1, avg=20 ms, max=20 ms.
03-28 11:36:34.643 3826 3826 W ActivityThread: handleWindowVisibility: no activity for token android.os.BinderProxy@3f96f32
03-28 11:36:34.756 3826 3826 W TabLayout: MODE_SCROLLABLE + GRAVITY_FILL is not supported, GRAVITY_START will be used instead
03-28 11:36:34.822 3826 6547 W CameraManagerGlobal: [soar.cts] ignore the status update of camera: 20
03-28 11:36:34.822 3826 6547 W CameraManagerGlobal: [soar.cts] ignore the status update of camera: 21
03-28 11:36:34.822 3826 6547 W CameraManagerGlobal: [soar.cts] ignore the status update of camera: 22
03-28 11:36:34.822 3826 6547 W CameraManagerGlobal: [soar.cts] ignore the status update of camera: 61
03-28 11:36:34.822 3826 5077 W CameraManagerGlobal: ignore the torch status update of camera: 21
03-28 11:36:34.822 3826 5077 W CameraManagerGlobal: ignore the torch status update of camera: 22
03-28 11:36:34.822 3826 5077 W CameraManagerGlobal: ignore the torch status update of camera: 61
03-28 11:36:34.931 3826 3826 W BottomSheetBehavior: BottomSheetBehavior now supports multiple callbacks. `setBottomSheetCallback()` removes all existing callbacks, including ones set internally by library authors, which may result in unintended behavior. This may change in the future. Please use `addBottomSheetCallback()` and `removeBottomSheetCallback()` instead to set your own callbacks.
03-28 11:36:35.001 3826 6339 W IconCustomizer: can't load transform_config.xml
03-28 11:36:35.023 3826 3826 W Looper : Slow Looper main: Activity com.mbwhatsapp/.camera.CameraActivity is 384ms late (wall=0ms running=0ms ClientTransaction{ callbacks=[android.app.servertransaction.TopResumedActivityChang eItem] }) because of 4 msg, msg 4 took 378ms (seq=13695 running=179ms runnable=24ms io=24ms late=5ms h=android.app.ActivityThread$H w=159)
03-28 11:36:35.306 3826 3826 W View : requestLayout() improperly called by com.mbwhatsapp.WaImageView{93db7de VF.D..CL. ......ID 0,0-177,177 #7f0b1814 app:id/shutter} during layout: running second layout pass
03-28 11:36:35.306 3826 3826 W View : requestLayout() improperly called by com.mbwhatsapp.CircularProgressBar{d07fb19 V.ED..... ......ID 0,0-177,177 #7f0b14fc app:id/recording_progress} during layout: running second layout pass
03-28 11:36:35.306 3826 3826 W View : requestLayout() improperly called by com.mbwhatsapp.WaImageView{1011dbf VF.D..C.. ......ID 0,0-133,133 #7f0b1976 app:id/switch_camera_btn} during layout: running second layout pass
03-28 11:36:35.306 3826 3826 W View : requestLayout() improperly called by com.mbwhatsapp.WaImageView{5440c8c VFED..C.. ......ID 0,0-133,133 #7f0b0b0d app:id/gallery_btn} during layout: running second layout pass
03-28 11:36:35.306 3826 3826 W View : requestLayout() improperly called by com.mbwhatsapp.WaImageView{a142fd5 VFED..C.. ......ID 0,0-133,133 #7f0b057f app:id/close_camera_btn} during layout: running second layout pass
03-28 11:36:35.345 3826 3826 W ActivityThread: handleWindowVisibility: no activity for token android.os.BinderProxy@b19f1f0
03-28 11:36:35.372 3826 3826 W View : requestLayout() improperly called by com.mbwhatsapp.WaImageView{93db7de VF.D..CL. ......ID 451,1695-628,1872 #7f0b1814 app:id/shutter} during layout: running second layout pass
03-28 11:36:35.372 3826 3826 W View : requestLayout() improperly called by com.mbwhatsapp.CircularProgressBar{d07fb19 V.ED..... ......ID 451,1695-628,1872 #7f0b14fc app:id/recording_progress} during layout: running second layout pass
03-28 11:36:35.372 3826 3826 W View : requestLayout() improperly called by com.mbwhatsapp.WaImageView{1011dbf VF.D..C.. ......ID 923,1715-1056,1848 #7f0b1976 app:id/switch_camera_btn} during layout: running second layout pass
03-28 11:36:35.372 3826 3826 W View : requestLayout() improperly called by com.mbwhatsapp.WaImageView{5440c8c VFED..C.. ......ID 24,1715-157,1848 #7f0b0b0d app:id/gallery_btn} during layout: running second layout pass
03-28 11:36:35.372 3826 3826 W View : requestLayout() improperly called by com.mbwhatsapp.WaImageView{a142fd5 VFED..C.. ......I. 24,24-157,157 #7f0b057f app:id/close_camera_btn} during layout: running second layout pass
03-28 11:36:35.503 3826 3826 W Looper : Slow Looper main: Activity com.mbwhatsapp/.RequestPermissionActivity is 398ms late (wall=0ms running=0ms ClientTransaction{ callbacks=[android.app.servertransaction.TopResumedActivityChang eItem] }) because of 13 msg, msg 1 took 296ms (seq=13713 running=127ms runnable=8ms io=6ms late=19ms h=android.view.Choreographer$FrameHandler c=android.view.Choreographer$FrameDisplayEventReceiver), msg 13 took 113ms (seq=13725 running=56ms runnable=8ms io=16ms late=285ms h=android.app.ActivityThread$H w=159)
03-28 11:36:35.906 3826 6558 W BpBinder: Slow Binder: BpBinder transact took 302 ms, interface=android.content.IContentProvider, code=23 oneway=false
03-28 11:36:35.945 3826 3826 W pool-6-thread-1: type=1400 audit(0.0:51014): avc: granted { execute } for path="/data/data/com.mbwhatsapp/files/decompressed/libs.spk.zst/libgifimage.so" dev="mmcblk0p87" ino=552232 scontext=u:r:untrusted_app:s0:c7,c257,c512,c768 tcontext=u:object_r:app_data_file:s0:c7,c257,c512,c768 tclass=file
03-28 11:36:36.337 3826 6559 W BpBinder: Slow Binder: BpBinder transact took 301 ms, interface=android.media.IMediaMetadataRetriever, code=3 oneway=false
03-28 11:36:36.341 3826 6558 W BpBinder: Slow Binder: BpBinder transact took 322 ms, interface=android.media.IMediaMetadataRetriever, code=3 oneway=false
03-28 11:36:36.466 3826 3992 W RenderInspector: DequeueBuffer time out on com.mbwhatsapp/com.mbwhatsapp.camera.CameraActivity, count=1, avg=19 ms, max=19 ms.
03-28 11:36:37.007 3826 6558 W BpBinder: Slow Binder: BpBinder transact took 665 ms, interface=android.media.IMediaMetadataRetriever, code=5 oneway=false
03-28 11:36:37.160 3826 6559 W BpBinder: Slow Binder: BpBinder transact took 823 ms, interface=android.media.IMediaMetadataRetriever, code=5 oneway=false
03-28 11:36:37.531 3826 3826 W View : requestLayout() improperly called by X.4Ki{92c627c V.ED..... ......ID 0,6-1080,139} during layout: running second layout pass
03-28 11:36:37.539 3826 6558 W BpBinder: Slow Binder: BpBinder transact took 300 ms, interface=android.media.IMediaMetadataRetriever, code=5 oneway=false
03-28 11:36:37.565 3826 6548 E libc : Access denied finding property "persist.vendor.camera.privapp.list"
03-28 11:36:37.555 3826 3826 W Optic-Camera-Ha: type=1400 audit(0.0:51016): avc: denied { read } for name="u:object_r:persist_camera_prop:s0" dev="tmpfs" ino=1228 scontext=u:r:untrusted_app:s0:c7,c257,c512,c768 tcontext=u:object_r:persist_camera_prop:s0 tclass=file permissive=0
03-28 11:36:37.775 3826 6623 W com.mbwhatsapp: Long monitor contention with owner High Pri Worker #6 (6621) at void sun.misc.Unsafe.park(boolean, long)(Unsafe.java:- 2) waiters=0 in void X.2mC.A02(com.whatsapp.jid.UserJid) for 159ms
03-28 11:36:38.011 3826 6626 W com.mbwhatsapp: Long monitor contention with owner High Pri Worker #6 (6621) at void sun.misc.Unsafe.park(boolean, long)(Unsafe.java:- 2) waiters=1 in void X.2mC.A02(com.whatsapp.jid.UserJid) for 360ms
03-28 11:36:38.102 3826 3963 W com.mbwhatsapp: Long monitor contention with owner High Pri Worker #6 (6621) at void sun.misc.Unsafe.park(boolean, long)(Unsafe.java:- 2) waiters=2 in void X.2mC.A02(com.whatsapp.jid.UserJid) for 335ms
03-28 11:36:38.111 3826 4778 W com.mbwhatsapp: Long monitor contention with owner High Pri Worker #7 (6623) at void X.2mC.A02(com.whatsapp.jid.UserJid)(:-1) waiters=2 in void X.2mC.A02(com.whatsapp.jid.UserJid) for 254ms
03-28 11:36:38.118 3826 6696 W com.mbwhatsapp: Long monitor contention with owner High Pri Worker #7 (6623) at void X.2mC.A02(com.whatsapp.jid.UserJid)(:-1) waiters=3 in void X.2mC.A02(com.whatsapp.jid.UserJid) for 174ms
03-28 11:36:38.203 3826 6558 W BpBinder: Slow Binder: BpBinder transact took 302 ms, interface=android.media.IMediaMetadataRetriever, code=5 oneway=false
03-28 11:36:38.406 3826 4778 W com.mbwhatsapp: Long monitor contention with owner High Pri Worker #5 (5597) at void X.2mC.A02(com.whatsapp.jid.UserJid)(:-1) waiters=2 in void X.2mC.A02(com.whatsapp.jid.UserJid) for 101ms
03-28 11:36:38.476 3826 6696 W com.mbwhatsapp: Long monitor contention with owner High Pri Worker #5 (5597) at void X.2mC.A02(com.whatsapp.jid.UserJid)(:-1) waiters=4 in void X.2mC.A02(com.whatsapp.jid.UserJid) for 150ms
03-28 11:36:38.557 3826 6548 W BpBinder: Slow Binder: BpBinder transact took 991 ms, interface=android.hardware.ICameraService, code=4 oneway=false
03-28 11:36:38.581 3826 4069 W com.mbwhatsapp: Long monitor contention with owner High Pri Worker #4 (4778) at void X.2mC.A02(com.whatsapp.jid.UserJid)(:-1) waiters=4 in void X.2mC.A02(com.whatsapp.jid.UserJid) for 142ms
03-28 11:36:38.743 3826 6745 W Gralloc3: allocator 3.x is not supported
03-28 11:36:38.797 3826 5597 W com.mbwhatsapp: Long monitor contention with owner High Pri Worker #7 (6623) at void X.2mC.A02(com.whatsapp.jid.UserJid)(:-1) waiters=5 in void X.2mC.A02(com.whatsapp.jid.UserJid) for 321ms
03-28 11:36:38.878 3826 6666 W com.mbwhatsapp: Long monitor contention with owner High Pri Worker #10 (6696) at void X.2mC.A02(com.whatsapp.jid.UserJid)(:-1) waiters=5 in void X.2mC.A02(com.whatsapp.jid.UserJid) for 357ms
03-28 11:36:38.923 3826 4778 W com.mbwhatsapp: Long monitor contention with owner High Pri Worker #3 (4069) at void X.2mC.A02(com.whatsapp.jid.UserJid)(:-1) waiters=3 in void X.2mC.A02(com.whatsapp.jid.UserJid) for 316ms
03-28 11:36:39.043 3826 6621 W com.mbwhatsapp: Long monitor contention with owner High Pri Worker #8 (6626) at void X.2mC.A02(com.whatsapp.jid.UserJid)(:-1) waiters=5 in void X.2mC.A02(com.whatsapp.jid.UserJid) for 313ms
03-28 11:36:39.138 3826 3963 W com.mbwhatsapp: Long monitor contention with owner High Pri Worker #5 (5597) at void X.2mC.A02(com.whatsapp.jid.UserJid)(:-1) waiters=5 in void X.2mC.A02(com.whatsapp.jid.UserJid) for 260ms
03-28 11:36:39.260 3826 6626 W com.mbwhatsapp: Long monitor contention with owner High Pri Worker #9 (6666) at void X.2mC.A02(com.whatsapp.jid.UserJid)(:-1) waiters=5 in void X.2mC.A02(com.whatsapp.jid.UserJid) for 338ms
03-28 11:36:39.378 3826 4069 W com.mbwhatsapp: Long monitor contention with owner High Pri Worker #4 (4778) at void X.2mC.A02(com.whatsapp.jid.UserJid)(:-1) waiters=5 in void X.2mC.A02(com.whatsapp.jid.UserJid) for 433ms
03-28 11:36:39.496 3826 5597 W com.mbwhatsapp: Long monitor contention with owner High Pri Worker #10 (6696) at void X.2mC.A02(com.whatsapp.jid.UserJid)(:-1) waiters=4 in void X.2mC.A02(com.whatsapp.jid.UserJid) for 453ms
03-28 11:36:39.559 3826 6666 W com.mbwhatsapp: Long monitor contention with owner High Pri Worker #6 (6621) at void X.2mC.A02(com.whatsapp.jid.UserJid)(:-1) waiters=4 in void X.2mC.A02(com.whatsapp.jid.UserJid) for 474ms
03-28 11:36:39.590 3826 6623 W com.mbwhatsapp: Long monitor contention with owner High Pri Worker #2 (3963) at void X.2mC.A02(com.whatsapp.jid.UserJid)(:-1) waiters=4 in void X.2mC.A02(com.whatsapp.jid.UserJid) for 435ms
03-28 11:36:39.606 3826 6696 W com.mbwhatsapp: Long monitor contention with owner High Pri Worker #2 (3963) at void X.2mC.A02(com.whatsapp.jid.UserJid)(:-1) waiters=5 in void X.2mC.A02(com.whatsapp.jid.UserJid) for 349ms
03-28 11:36:39.850 3826 6621 W com.mbwhatsapp: Long monitor contention with owner High Pri Worker #3 (4069) at void X.2mC.A02(com.whatsapp.jid.UserJid)(:-1) waiters=5 in void X.2mC.A02(com.whatsapp.jid.UserJid) for 355ms
03-28 11:36:39.883 3826 3963 W com.mbwhatsapp: Long monitor contention with owner High Pri Worker #5 (5597) at void X.2mC.A02(com.whatsapp.jid.UserJid)(:-1) waiters=5 in void X.2mC.A02(com.whatsapp.jid.UserJid) for 324ms
03-28 11:36:39.890 3826 6626 W com.mbwhatsapp: Long monitor contention with owner High Pri Worker #9 (6666) at void X.2mC.A02(com.whatsapp.jid.UserJid)(:-1) waiters=5 in void X.2mC.A02(com.whatsapp.jid.UserJid) for 303ms
03-28 11:36:40.012 3826 6696 W com.mbwhatsapp: Long monitor contention with owner High Pri Worker #4 (4778) at void X.2mC.A02(com.whatsapp.jid.UserJid)(:-1) waiters=6 in void X.2mC.A02(com.whatsapp.jid.UserJid) for 164ms
03-28 11:36:40.141 3826 6626 W com.mbwhatsapp: Long monitor contention with owner High Pri Worker #9 (6666) at void X.2mC.A02(com.whatsapp.jid.UserJid)(:-1) waiters=3 in void X.2mC.A02(com.whatsapp.jid.UserJid) for 158ms
03-28 11:36:40.257 3826 3963 W com.mbwhatsapp: Long monitor contention with owner High Pri Worker #7 (6623) at void X.2mC.A02(com.whatsapp.jid.UserJid)(:-1) waiters=5 in void X.2mC.A02(com.whatsapp.jid.UserJid) for 174ms
03-28 11:36:40.732 3826 6621 W com.mbwhatsapp: Long monitor contention with owner High Pri Worker #9 (6666) at void X.2mC.A02(com.whatsapp.jid.UserJid)(:-1) waiters=3 in void X.2mC.A02(com.whatsapp.jid.UserJid) for 195ms
03-28 11:36:40.826 3826 6623 W com.mbwhatsapp: Long monitor contention with owner High Pri Worker #5 (5597) at void X.2mC.A02(com.whatsapp.jid.UserJid)(:-1) waiters=4 in void X.2mC.A02(com.whatsapp.jid.UserJid) for 118ms
03-28 11:36:41.029 3826 5597 W com.mbwhatsapp: Long monitor contention with owner High Pri Worker #7 (6623) at void X.2mC.A02(com.whatsapp.jid.UserJid)(:-1) waiters=4 in void X.2mC.A02(com.whatsapp.jid.UserJid) for 177ms
03-28 11:36:41.222 3826 6666 W com.mbwhatsapp: Long monitor contention with owner High Pri Worker #6 (6621) at void X.2mC.A02(com.whatsapp.jid.UserJid)(:-1) waiters=5 in void X.2mC.A02(com.whatsapp.jid.UserJid) for 194ms
03-28 11:36:41.333 3826 6547 W BpBinder: Slow Binder: BpBinder transact took 405 ms, interface=android.hardware.camera2.ICameraDeviceUser, code=1 oneway=false
03-28 11:36:41.334 3826 3848 W com.mbwhatsapp: Long monitor contention with owner Optic-Task-Handler-Thread (6547) at boolean android.os.BinderProxy.transactNative(int, android.os.Parcel, android.os.Parcel, int)(BinderProxy.java:-2) waiters=0 in void android.hardware.camera2.impl.CameraDeviceImpl$CameraDeviceCallbacks.onCaptureStart ed(android.hardware.camera2.impl.CaptureResultExtras, long) for 400ms
03-28 11:36:41.345 3826 3826 W Optic-Camera-Ha: type=1400 audit(0.0:51022): avc: denied { read } for name="u:object_r:persist_camera_prop:s0" dev="tmpfs" ino=1228 scontext=u:r:untrusted_app:s0:c7,c257,c512,c768 tcontext=u:object_r:persist_camera_prop:s0 tclass=file permissive=0
03-28 11:36:41.352 3826 6621 W com.mbwhatsapp: Long monitor contention with owner High Pri Worker #4 (4778) at void X.2mC.A02(com.whatsapp.jid.UserJid)(:-1) waiters=3 in void X.2mC.A02(com.whatsapp.jid.UserJid) for 148ms
03-28 11:36:41.356 3826 6548 E libc : Access denied finding property "persist.vendor.camera.privapp.list"
03-28 11:36:41.376 3826 6626 W com.mbwhatsapp: Long monitor contention with owner High Pri Worker #4 (4778) at void X.2mC.A02(com.whatsapp.jid.UserJid)(:-1) waiters=4 in void X.2mC.A02(com.whatsapp.jid.UserJid) for 161ms
03-28 11:36:41.405 3826 5597 W com.mbwhatsapp: Long monitor contention with owner High Pri Worker #9 (6666) at void X.2mC.A02(com.whatsapp.jid.UserJid)(:-1) waiters=4 in void X.2mC.A02(com.whatsapp.jid.UserJid) for 116ms
03-28 11:36:41.689 3826 6621 W com.mbwhatsapp: Long monitor contention with owner High Pri Worker #5 (5597) at void X.2mC.A02(com.whatsapp.jid.UserJid)(:-1) waiters=6 in void X.2mC.A02(com.whatsapp.jid.UserJid) for 165ms
03-28 11:36:43.348 3826 6547 W BpBinder: Slow Binder: BpBinder transact took 242 ms, interface=android.hardware.camera2.ICameraDeviceUser, code=1 oneway=false
03-28 11:36:44.770 3826 3826 W ActivityThread: handleWindowVisibility: no activity for token android.os.BinderProxy@b1fb5c2
03-28 11:36:45.203 3826 3826 W BottomSheetBehavior: BottomSheetBehavior now supports multiple callbacks. `setBottomSheetCallback()` removes all existing callbacks, including ones set internally by library authors, which may result in unintended behavior. This may change in the future. Please use `addBottomSheetCallback()` and `removeBottomSheetCallback()` instead to set your own callbacks.
03-28 11:36:45.203 3826 3826 W BottomSheetBehavior: BottomSheetBehavior now supports multiple callbacks. `setBottomSheetCallback()` removes all existing callbacks, including ones set internally by library authors, which may result in unintended behavior. This may change in the future. Please use `addBottomSheetCallback()` and `removeBottomSheetCallback()` instead to set your own callbacks.
03-28 11:36:45.234 3826 3826 E RecyclerView: No adapter attached; skipping layout
03-28 11:36:45.282 3826 3826 W BottomSheetBehavior: BottomSheetBehavior now supports multiple callbacks. `setBottomSheetCallback()` removes all existing callbacks, including ones set internally by library authors, which may result in unintended behavior. This may change in the future. Please use `addBottomSheetCallback()` and `removeBottomSheetCallback()` instead to set your own callbacks.
03-28 11:36:45.282 3826 3826 W BottomSheetBehavior: BottomSheetBehavior now supports multiple callbacks. `setBottomSheetCallback()` removes all existing callbacks, including ones set internally by library authors, which may result in unintended behavior. This may change in the future. Please use `addBottomSheetCallback()` and `removeBottomSheetCallback()` instead to set your own callbacks.
03-28 11:36:45.394 3826 3826 W BottomSheetBehavior: BottomSheetBehavior now supports multiple callbacks. `setBottomSheetCallback()` removes all existing callbacks, including ones set internally by library authors, which may result in unintended behavior. This may change in the future. Please use `addBottomSheetCallback()` and `removeBottomSheetCallback()` instead to set your own callbacks.
03-28 11:36:45.394 3826 3826 W BottomSheetBehavior: BottomSheetBehavior now supports multiple callbacks. `setBottomSheetCallback()` removes all existing callbacks, including ones set internally by library authors, which may result in unintended behavior. This may change in the future. Please use `addBottomSheetCallback()` and `removeBottomSheetCallback()` instead to set your own callbacks.
03-28 11:36:45.442 3826 3826 E RecyclerView: No adapter attached; skipping layout
03-28 11:36:46.027 3826 3981 E SQLiteDatabase: Error inserting transferred=0 media_job_uuid=67f1a1a3-6cd9-42c5-b499-3a0c9b7edcc2 transcoded=0 gif_attribution=0 first_scan_length=0 direct_path=/v/t62.7161- 24/13747515_1112663409870953_2769433735943360601_n.enc?ccb=11- 4&oh=01_ASCLSjHwrSeJRvOqUnNe9Eb7qHvSfyShJJT5wHQjZ1b6gg&oe=662C00BC&_nc_sid=5e03e0 thumbnail_height_width_ratio=0.0 is_animated_sticker=0 file_hash=8ZrMdrJyOr3Byxa6sxW/nurmIHNLmnV+c+oJFbvlFcI= file_path=null file_size=0 partial_media_hash=null face_x=0 face_y=0 height=360 trim_to=0 media_key_timestamp=1711572717000 message_url=https://mmg.whatsapp.net/v/t62.7161- 24/13747515_1112663409870953_2769433735943360601_n.enc?ccb=11- 4&oh=01_ASCLSjHwrSeJRvOqUnNe9Eb7qHvSfyShJJT5wHQjZ1b6gg&oe=662C00BC&_nc_sid=5e03e0&m ms3=true media_caption=null trim_from=0 mime_type=video/mp4 partial_media_enc_hash=null width=640 original_file_hash=null has_streaming_sidecar=1 autotransfer_retry_enabled=1 media_upload_handle=null message_row_id=746 multicast_id=null enc_file_hash=SexZXv8C06xiORjMHpzBj+c10dte8rBx6fXa5HZFfCM= mute_video=0 page_count=0 first_scan_sidecar=null suspicious_content=0 file_length=4879450 media_name=null media_duration=29 chat_row_id=9 media_key=[B@1a2bffc
03-28 11:36:46.027 3826 3981 E SQLiteDatabase: android.database.sqlite.SQLiteConstraintException: UNIQUE constraint failed: message_media.message_row_id (code 1555 SQLITE_CONSTRAINT_PRIMARYKEY)
03-28 11:36:46.027 3826 3981 E SQLiteDatabase: at android.database.sqlite.SQLiteConnection.nativeExecuteForLastInsertedRowId(Native Method)
03-28 11:36:46.027 3826 3981 E SQLiteDatabase: at android.database.sqlite.SQLiteConnection.executeForLastInsertedRowId(SQLiteConnecti on.java:879)
03-28 11:36:46.027 3826 3981 E SQLiteDatabase: at android.database.sqlite.SQLiteSession.executeForLastInsertedRowId(SQLiteSession.jav a:790)
03-28 11:36:46.027 3826 3981 E SQLiteDatabase: at android.database.sqlite.SQLiteStatement.executeInsert(SQLiteStatement.java:88)
03-28 11:36:46.027 3826 3981 E SQLiteDatabase: at android.database.sqlite.SQLiteDatabase.insertWithOnConflict(SQLiteDatabase.java:159 9)
03-28 11:36:46.027 3826 3981 E SQLiteDatabase: at android.database.sqlite.SQLiteDatabase.insert(SQLiteDatabase.java:1468)
03-28 11:36:46.027 3826 3981 E SQLiteDatabase: at X.2tm.A08(Unknown Source:6)
03-28 11:36:46.027 3826 3981 E SQLiteDatabase: at X.35Y.A07(Unknown Source:212)
03-28 11:36:46.027 3826 3981 E SQLiteDatabase: at X.3QF.A14(Unknown Source:470)
03-28 11:36:46.027 3826 3981 E SQLiteDatabase: at X.3gU.run(Unknown Source:982)
03-28 11:36:46.027 3826 3981 E SQLiteDatabase: at android.os.Handler.handleCallback(Handler.java:914)
03-28 11:36:46.027 3826 3981 E SQLiteDatabase: at android.os.Handler.dispatchMessage(Handler.java:100)
03-28 11:36:46.027 3826 3981 E SQLiteDatabase: at X.0zq.dispatchMessage(Unknown Source:4)
03-28 11:36:46.027 3826 3981 E SQLiteDatabase: at android.os.Looper.loop(Looper.java:225)
03-28 11:36:46.027 3826 3981 E SQLiteDatabase: at android.os.HandlerThread.run(HandlerThread.java:67)
03-28 11:36:46.037 3826 3992 W RenderInspector: QueueBuffer time out on com.mbwhatsapp/com.mbwhatsapp.status.playback.StatusPlaybackActivity, count=1, avg=18 ms, max=18 ms.
03-28 11:36:46.088 3826 3845 W System : A resource failed to call close.
03-28 11:36:46.320 3826 7049 W BpBinder: Slow Binder: BpBinder transact took 218 ms, interface=android.media.IMediaMetadataRetriever, code=5 oneway=false
03-28 11:36:47.108 3826 3826 W BottomSheetBehavior: BottomSheetBehavior now supports multiple callbacks. `setBottomSheetCallback()` removes all existing callbacks, including ones set internally by library authors, which may result in unintended behavior. This may change in the future. Please use `addBottomSheetCallback()` and `removeBottomSheetCallback()` instead to set your own callbacks.
03-28 11:36:47.108 3826 3826 W BottomSheetBehavior: BottomSheetBehavior now supports multiple callbacks. `setBottomSheetCallback()` removes all existing callbacks, including ones set internally by library authors, which may result in unintended behavior. This may change in the future. Please use `addBottomSheetCallback()` and `removeBottomSheetCallback()` instead to set your own callbacks.
03-28 11:36:47.130 3826 3826 E RecyclerView: No adapter attached; skipping layout
03-28 11:36:47.137 3826 3826 W View : requestLayout() improperly called by androidx.cardview.widget.CardView{9d551c V.E...... ......I. 0,0-0,0 #7f0b1c5c app:id/web_page_preview_container} during layout: running second layout pass
03-28 11:36:47.137 3826 3826 W View : requestLayout() improperly called by android.widget.LinearLayout{aca3dd V.E...... ......I. 0,0-0,0 #7f0b1a20 app:id/titleSnippetUrlLayout} during layout: running second layout pass
03-28 11:36:47.164 3826 7049 E BitmapFactory: Unable to decode stream: java.io.FileNotFoundException: /storage/emulated/0/MBWhatsApp/Media/.Links/2bcff7a404ceb173b50bad19fede1990: open failed: ENOENT (No such file or directory)
03-28 11:36:47.310 3826 3826 W View : requestLayout() improperly called by android.widget.LinearLayout{e6ee8f V.E...... ........ 0,258-1080,2163} during second layout pass: posting in next frame
03-28 11:36:47.310 3826 3826 W View : requestLayout() improperly called by androidx.cardview.widget.CardView{9d551c V.E...... ......I. 152,357-927,1283 #7f0b1c5c app:id/web_page_preview_container} during second layout pass: posting in next frame
03-28 11:36:47.310 3826 3826 W View : requestLayout() improperly called by android.widget.FrameLayout{7a3174e V.E...... ........ 0,0-775,776 #7f0b1c52 app:id/webPagePreviewImageLarge_frame} during second layout pass: posting in next frame
03-28 11:36:47.310 3826 3826 W View : requestLayout() improperly called by com.mbwhatsapp.components.button.ThumbnailButton{1927249 V.ED..... ........ 0,0- 775,776 #7f0b1c55 app:id/webPagePreviewImageLarge_thumb} during second layout pass: posting in next frame
03-28 11:36:47.310 3826 3826 W View : requestLayout() improperly called by com.mbwhatsapp.TextEmojiLabel{be809ee V.ED..... ........ 0,1305-1080,1548 #7f0b0fbf app:id/message_text} during second layout pass: posting in next frame
03-28 11:36:47.883 3826 3826 W BottomSheetBehavior: BottomSheetBehavior now supports multiple callbacks. `setBottomSheetCallback()` removes all existing callbacks, including ones set internally by library authors, which may result in unintended behavior. This may change in the future. Please use `addBottomSheetCallback()` and `removeBottomSheetCallback()` instead to set your own callbacks.
03-28 11:36:47.883 3826 3826 W BottomSheetBehavior: BottomSheetBehavior now supports multiple callbacks. `setBottomSheetCallback()` removes all existing callbacks, including ones set internally by library authors, which may result in unintended behavior. This may change in the future. Please use `addBottomSheetCallback()` and `removeBottomSheetCallback()` instead to set your own callbacks.
03-28 11:36:47.937 3826 3826 E RecyclerView: No adapter attached; skipping layout
03-28 11:36:47.949 3826 7066 W VideoCapabilities: Unsupported mime image/vnd.android.heic
03-28 11:36:47.959 3826 7066 W VideoCapabilities: Unsupported mime video/divx
03-28 11:36:47.960 3826 7066 W VideoCapabilities: Unsupported mime video/divx4
03-28 11:36:47.963 3826 7066 W VideoCapabilities: Unrecognized profile/level 0/3 for video/mpeg2
03-28 11:36:47.964 3826 7066 W VideoCapabilities: Unrecognized profile/level 0/3 for video/mpeg2
03-28 11:36:48.324 3826 7081 W ExtendedACodec: Failed to get extension for extradata parameter
03-28 11:36:48.343 3826 3981 E SQLiteDatabase: Error inserting transferred=0 media_job_uuid=77c916b3-561c-4e28-90b3-4e706c6b40aa transcoded=0 gif_attribution=0 first_scan_length=0 direct_path=/v/t62.7161- 24/40765289_453244413701114_852579683800475660_n.enc?ccb=11- 4&oh=01_ASB05tJk0Dpg5TdWahy6FFCRUK6KQY7H4vDdw2G6Flhsaw&oe=662CAB99&_nc_sid=5e03e0&_ nc_hot=1711626161 thumbnail_height_width_ratio=0.0 is_animated_sticker=0 file_hash=JGm4tXZAJWKaV/IEypKj3XvxrXx1cMI96W33JkHcbb8= file_path=null file_size=0 partial_media_hash=null face_x=0 face_y=0 height=962 trim_to=0 media_key_timestamp=1711617045000 message_url=https://mmg.whatsapp.net/v/t62.7161- 24/40765289_453244413701114_852579683800475660_n.enc?ccb=11- 4&oh=01_ASB05tJk0Dpg5TdWahy6FFCRUK6KQY7H4vDdw2G6Flhsaw&oe=662CAB99&_nc_sid=5e03e0&m ms3=true media_caption=null trim_from=0 mime_type=video/mp4 partial_media_enc_hash=null width=720 original_file_hash=null has_streaming_sidecar=1 autotransfer_retry_enabled=0 media_upload_handle=null message_row_id=310 multicast_id=null enc_file_hash=xdYZAJtVIOUeVWrJY2l8JSJSj0ysLTHrAJ7tiiHcZWc= mute_video=0 page_count=0 first_scan_sidecar=null suspicious_content=0 file_length=2604861 media_name=null media_duration=15 chat_row_id=9 media_key=[B@616973
