03-28 12:50:10.232 25516 25561 E SQLiteDatabase: at android.database.sqlite.SQLiteStatement.executeInsert(SQLiteStatement.java:88)
03-28 12:50:10.232 25516 25561 E SQLiteDatabase: at android.database.sqlite.SQLiteDatabase.insertWithOnConflict(SQLiteDatabase.java:159 9)
03-28 12:50:10.232 25516 25561 E SQLiteDatabase: at android.database.sqlite.SQLiteDatabase.insert(SQLiteDatabase.java:1468)
03-28 12:50:10.232 25516 25561 E SQLiteDatabase: at X.2tm.A08(Unknown Source:6)
03-28 12:50:10.232 25516 25561 E SQLiteDatabase: at X.35Y.A07(Unknown Source:212)
03-28 12:50:10.232 25516 25561 E SQLiteDatabase: at X.3QF.A14(Unknown Source:470)
03-28 12:50:10.232 25516 25561 E SQLiteDatabase: at X.3gU.run(Unknown Source:982)
03-28 12:50:10.232 25516 25561 E SQLiteDatabase: at android.os.Handler.handleCallback(Handler.java:914)
03-28 12:50:10.232 25516 25561 E SQLiteDatabase: at android.os.Handler.dispatchMessage(Handler.java:100)
03-28 12:50:10.232 25516 25561 E SQLiteDatabase: at X.0zq.dispatchMessage(Unknown Source:4)
03-28 12:50:10.232 25516 25561 E SQLiteDatabase: at android.os.Looper.loop(Looper.java:225)
03-28 12:50:10.232 25516 25561 E SQLiteDatabase: at android.os.HandlerThread.run(HandlerThread.java:67)
03-28 12:50:10.555 25516 25561 E SQLiteDatabase: Error inserting transferred=1 media_job_uuid=386632ba-7c93-4522-a041-e7a5b4ae8ad2 transcoded=0 gif_attribution=0 first_scan_length=2250 direct_path=/o1/v/t62.7118-24/f1/m233/up-oil-image-34683404- 3088-4870-87f2-6623f5489ce4?ccb=9- 4&oh=01_ASAYT87B0mXfjtH6IeqSCY9laiJcwpY0b898sDR1G29Mfg&oe=662D1138&_nc_sid=000000 thumbnail_height_width_ratio=0.6666667 is_animated_sticker=0 file_hash=s+3i9iahKiA6fVugCJGLfkGhH6kDI5GmdYkusjuDRP8= file_path=Media/.Statuses/877a77ea241f490dadbbe8991ccaaba3.jpg file_size=11359 partial_media_hash=BVuamk54cDEZFXY/uF7Q5Zzsu6qgscCzpG9ySBtSokk= face_x=0 face_y=0 height=480 trim_to=0 media_key_timestamp=1711640140000 message_url=https://mmg.whatsapp.net/o1/v/t62.7118-24/f1/m233/up-oil-image- 34683404-3088-4870-87f2-6623f5489ce4?ccb=9- 4&oh=01_ASAYT87B0mXfjtH6IeqSCY9laiJcwpY0b898sDR1G29Mfg&oe=662D1138&_nc_sid=000000&m ms3=true media_caption=null trim_from=0 mime_type=image/jpeg partial_media_enc_hash=null width=720 original_file_hash=null has_streaming_sidecar=1 autotransfer_retry_enabled=1 media_upload_handle=null message_row_id=13555 multicast_id=null enc_file_hash=sqpJ7ySsQKHpUPjaWA0DHLgVOZPUm/hv2zIjRkio1Fs= mute_video=0 page_count=0 first_scan_sidecar=[B@d0e2f4d suspicious_content=0 file_length=11359 media_name=null media_duration=0 chat_row_id=9 media_key=[B@401ca02
03-28 12:50:10.555 25516 25561 E SQLiteDatabase: android.database.sqlite.SQLiteConstraintException: UNIQUE constraint failed: message_media.message_row_id (code 1555 SQLITE_CONSTRAINT_PRIMARYKEY)
03-28 12:50:10.555 25516 25561 E SQLiteDatabase: at android.database.sqlite.SQLiteConnection.nativeExecuteForLastInsertedRowId(Native Method)
03-28 12:50:10.555 25516 25561 E SQLiteDatabase: at android.database.sqlite.SQLiteConnection.executeForLastInsertedRowId(SQLiteConnecti on.java:879)
03-28 12:50:10.555 25516 25561 E SQLiteDatabase: at android.database.sqlite.SQLiteSession.executeForLastInsertedRowId(SQLiteSession.jav a:790)
03-28 12:50:10.555 25516 25561 E SQLiteDatabase: at android.database.sqlite.SQLiteStatement.executeInsert(SQLiteStatement.java:88)
03-28 12:50:10.555 25516 25561 E SQLiteDatabase: at android.database.sqlite.SQLiteDatabase.insertWithOnConflict(SQLiteDatabase.java:159 9)
03-28 12:50:10.555 25516 25561 E SQLiteDatabase: at android.database.sqlite.SQLiteDatabase.insert(SQLiteDatabase.java:1468)
03-28 12:50:10.555 25516 25561 E SQLiteDatabase: at X.2tm.A08(Unknown Source:6)
03-28 12:50:10.555 25516 25561 E SQLiteDatabase: at X.35Y.A07(Unknown Source:212)
03-28 12:50:10.555 25516 25561 E SQLiteDatabase: at X.3QF.A14(Unknown Source:470)
03-28 12:50:10.555 25516 25561 E SQLiteDatabase: at X.3gU.run(Unknown Source:982)
03-28 12:50:10.555 25516 25561 E SQLiteDatabase: at android.os.Handler.handleCallback(Handler.java:914)
03-28 12:50:10.555 25516 25561 E SQLiteDatabase: at android.os.Handler.dispatchMessage(Handler.java:100)
03-28 12:50:10.555 25516 25561 E SQLiteDatabase: at X.0zq.dispatchMessage(Unknown Source:4)
03-28 12:50:10.555 25516 25561 E SQLiteDatabase: at android.os.Looper.loop(Looper.java:225)
03-28 12:50:10.555 25516 25561 E SQLiteDatabase: at android.os.HandlerThread.run(HandlerThread.java:67) --------- beginning of main
03-28 12:55:00.286 27010 27010 E com.mbwhatsapp: Not starting debugger since process cannot load the jdwp agent.
03-28 12:55:00.393 27010 27010 W ResourceType: CREATING STRING CACHE OF 192 bytes
03-28 12:55:00.463 27010 27010 W System.err: java.lang.ClassNotFoundException: mbmodsd.mbmodsw.ui.views.btn.BtnBK
03-28 12:55:00.464 27010 27010 W System.err: at java.lang.Runtime.nativeLoad(Native Method)
03-28 12:55:00.464 27010 27010 W System.err: at java.lang.Runtime.nativeLoad(Runtime.java:1115)
03-28 12:55:00.464 27010 27010 W System.err: at java.lang.Runtime.loadLibrary0(Runtime.java:1069)
03-28 12:55:00.464 27010 27010 W System.err: at java.lang.Runtime.loadLibrary0(Runtime.java:1007)
03-28 12:55:00.464 27010 27010 W System.err: at java.lang.System.loadLibrary(System.java:1667)
03-28 12:55:00.464 27010 27010 W System.err: at arm.EpicVm.<clinit>(Unknown Source:2)
03-28 12:55:00.464 27010 27010 W System.err: at java.lang.Class.newInstance(Native Method)
03-28 12:55:00.464 27010 27010 W System.err: at android.app.AppComponentFactory.instantiateApplication(AppComponentFactory.java:76)
03-28 12:55:00.464 27010 27010 W System.err: at androidx.core.app.CoreComponentFactory.instantiateApplication(Unknown Source:0)
03-28 12:55:00.464 27010 27010 W System.err: at android.app.Instrumentation.newApplication(Instrumentation.java:1156)
03-28 12:55:00.464 27010 27010 W System.err: at android.app.LoadedApk.makeApplication(LoadedApk.java:1222)
03-28 12:55:00.464 27010 27010 W System.err: at android.app.ActivityThread.handleBindApplication(ActivityThread.java:6555)
03-28 12:55:00.464 27010 27010 W System.err: at android.app.ActivityThread.access$1400(ActivityThread.java:226)
03-28 12:55:00.464 27010 27010 W System.err: at android.app.ActivityThread$H.handleMessage(ActivityThread.java:1889)
03-28 12:55:00.464 27010 27010 W System.err: at android.os.Handler.dispatchMessage(Handler.java:107)
03-28 12:55:00.464 27010 27010 W System.err: at android.os.Looper.loop(Looper.java:225)
03-28 12:55:00.464 27010 27010 W System.err: at android.app.ActivityThread.main(ActivityThread.java:7564)
03-28 12:55:00.464 27010 27010 W System.err: at java.lang.reflect.Method.invoke(Native Method)
03-28 12:55:00.464 27010 27010 W System.err: at com.android.internal.os.RuntimeInit$MethodAndArgsCaller.run(RuntimeInit.java:539)
03-28 12:55:00.464 27010 27010 W System.err: at com.android.internal.os.ZygoteInit.main(ZygoteInit.java:950)
03-28 12:55:00.525 27010 27010 E CustomActivityOnCrash: IMPORTANT WARNING! You already have an UncaughtExceptionHandler, are you sure this is correct? If you use a custom UncaughtExceptionHandler, you must initialize it AFTER CustomActivityOnCrash! Installing anyway, but your original handler will not be called.
03-28 12:55:00.610 27010 27010 E libc : Access denied finding property "ro.vendor.df.effect.conflict"
03-28 12:55:00.999 27010 27010 W com.mbwhatsapp: type=1400 audit(0.0:53248): avc: granted { execute } for path="/data/data/com.mbwhatsapp/files/decompressed/libs.spk.zst/libc++_shared.so" dev="mmcblk0p87" ino=552012 scontext=u:r:untrusted_app:s0:c7,c257,c512,c768 tcontext=u:object_r:app_data_file:s0:c7,c257,c512,c768 tclass=file
03-28 12:55:01.011 27010 27010 W linker : Warning: "/data/data/com.mbwhatsapp/files/decompressed/libs.spk.zst/libc++_shared.so" unused DT entry: unknown processor-specific (type 0x70000001 arg 0x0) (ignoring)
03-28 12:55:01.009 27010 27010 W com.mbwhatsapp: type=1400 audit(0.0:53249): avc: granted { execute } for path="/data/data/com.mbwhatsapp/files/decompressed/libs.spk.zst/libvlc.so" dev="mmcblk0p87" ino=556706 scontext=u:r:untrusted_app:s0:c7,c257,c512,c768 tcontext=u:object_r:app_data_file:s0:c7,c257,c512,c768 tclass=file
03-28 12:55:01.019 27010 27010 W com.mbwhatsapp: type=1400 audit(0.0:53250): avc: granted { execute } for path="/data/data/com.mbwhatsapp/files/decompressed/libs.spk.zst/libwhatsapp.so" dev="mmcblk0p87" ino=556718 scontext=u:r:untrusted_app:s0:c7,c257,c512,c768 tcontext=u:object_r:app_data_file:s0:c7,c257,c512,c768 tclass=file
03-28 12:55:01.089 27010 27010 W com.mbwhatsapp: type=1400 audit(0.0:53251): avc: granted { execute } for path="/data/data/com.mbwhatsapp/files/decompressed/libs.spk.zst/libcurve25519.so" dev="mmcblk0p87" ino=552264 scontext=u:r:untrusted_app:s0:c7,c257,c512,c768 tcontext=u:object_r:app_data_file:s0:c7,c257,c512,c768 tclass=file
03-28 12:55:01.099 27010 27010 W com.mbwhatsapp: type=1400 audit(0.0:53252): avc: granted { execute } for path="/data/data/com.mbwhatsapp/files/decompressed/libs.spk.zst/libwhatsapp.so" dev="mmcblk0p87" ino=556718 scontext=u:r:untrusted_app:s0:c7,c257,c512,c768 tcontext=u:object_r:app_data_file:s0:c7,c257,c512,c768 tclass=file
03-28 12:55:01.250 27010 27092 W com.mbwhatsapp: Class X.2rL failed lock verification and will run slower.
03-28 12:55:01.250 27010 27092 W com.mbwhatsapp: Common causes for lock verification issues are non-optimized dex code
03-28 12:55:01.250 27010 27092 W com.mbwhatsapp: and incorrect proguard optimizations.
03-28 12:55:03.074 27010 27145 W Gralloc3: mapper 3.x is not supported
03-28 12:55:05.195 27010 27145 W RenderInspector: DequeueBuffer time out on Toast, count=4, avg=17 ms, max=21 ms.
03-28 12:55:05.456 27010 27145 W RenderInspector: DequeueBuffer time out on Toast, count=5, avg=21 ms, max=27 ms. --------- beginning of system
03-28 13:21:44.445 27010 27010 W Looper : Slow Looper main: Long Msg: seq=292 plan=13:21:43.233 late=7ms wall=1204ms running=11ms runnable=8ms io=1105ms h=android.app.ActivityThread$H w=113
03-28 13:21:45.348 27010 27098 E SQLiteDatabase: Error inserting dirty_version=-1 version=0 lt_hash=null collection_name=critical_unblock_low
03-28 13:21:45.348 27010 27098 E SQLiteDatabase: android.database.sqlite.SQLiteConstraintException: UNIQUE constraint failed: collection_versions.collection_name (code 1555 SQLITE_CONSTRAINT_PRIMARYKEY)
03-28 13:21:45.348 27010 27098 E SQLiteDatabase: at android.database.sqlite.SQLiteConnection.nativeExecuteForLastInsertedRowId(Native Method)
03-28 13:21:45.348 27010 27098 E SQLiteDatabase: at android.database.sqlite.SQLiteConnection.executeForLastInsertedRowId(SQLiteConnecti on.java:879)
03-28 13:21:45.348 27010 27098 E SQLiteDatabase: at android.database.sqlite.SQLiteSession.executeForLastInsertedRowId(SQLiteSession.jav a:790)
03-28 13:21:45.348 27010 27098 E SQLiteDatabase: at android.database.sqlite.SQLiteStatement.executeInsert(SQLiteStatement.java:88)
03-28 13:21:45.348 27010 27098 E SQLiteDatabase: at android.database.sqlite.SQLiteDatabase.insertWithOnConflict(SQLiteDatabase.java:159 9)
03-28 13:21:45.348 27010 27098 E SQLiteDatabase: at android.database.sqlite.SQLiteDatabase.insert(SQLiteDatabase.java:1468)
03-28 13:21:45.348 27010 27098 E SQLiteDatabase: at X.2tm.A08(Unknown Source:6)
03-28 13:21:45.348 27010 27098 E SQLiteDatabase: at X.2sR.A03(Unknown Source:39)
03-28 13:21:45.348 27010 27098 E SQLiteDatabase: at X.2sR.A04(Unknown Source:29)
03-28 13:21:45.348 27010 27098 E SQLiteDatabase: at X.3Uy.A01(Unknown Source:1345)
03-28 13:21:45.348 27010 27098 E SQLiteDatabase: at X.3Uy.A02(Unknown Source:93)
03-28 13:21:45.348 27010 27098 E SQLiteDatabase: at X.3g7.run(Unknown Source:259)
03-28 13:21:45.348 27010 27098 E SQLiteDatabase: at X.0yM.A1J(Unknown Source:2)
03-28 13:21:45.348 27010 27098 E SQLiteDatabase: at X.1nX.run(Unknown Source:91)
03-28 13:21:45.348 27010 27098 E SQLiteDatabase: at java.util.concurrent.ThreadPoolExecutor.runWorker(ThreadPoolExecutor.java:1167)
03-28 13:21:45.348 27010 27098 E SQLiteDatabase: at java.util.concurrent.ThreadPoolExecutor$Worker.run(ThreadPoolExecutor.java:641)
03-28 13:21:45.348 27010 27098 E SQLiteDatabase: at X.3gH.run(Unknown Source:1548)
03-28 13:21:45.348 27010 27098 E SQLiteDatabase: at java.lang.Thread.run(Thread.java:919)
03-28 13:21:45.851 27010 27106 E SQLiteDatabase: Error inserting dirty_version=-1 version=0 lt_hash=null collection_name=critical_unblock_low
03-28 13:21:45.851 27010 27106 E SQLiteDatabase: android.database.sqlite.SQLiteConstraintException: UNIQUE constraint failed: collection_versions.collection_name (code 1555 SQLITE_CONSTRAINT_PRIMARYKEY)
03-28 13:21:45.851 27010 27106 E SQLiteDatabase: at android.database.sqlite.SQLiteConnection.nativeExecuteForLastInsertedRowId(Native Method)
03-28 13:21:45.851 27010 27106 E SQLiteDatabase: at android.database.sqlite.SQLiteConnection.executeForLastInsertedRowId(SQLiteConnecti on.java:879)
03-28 13:21:45.851 27010 27106 E SQLiteDatabase: at android.database.sqlite.SQLiteSession.executeForLastInsertedRowId(SQLiteSession.jav a:790)
03-28 13:21:45.851 27010 27106 E SQLiteDatabase: at android.database.sqlite.SQLiteStatement.executeInsert(SQLiteStatement.java:88)
03-28 13:21:45.851 27010 27106 E SQLiteDatabase: at android.database.sqlite.SQLiteDatabase.insertWithOnConflict(SQLiteDatabase.java:159 9)
03-28 13:21:45.851 27010 27106 E SQLiteDatabase: at android.database.sqlite.SQLiteDatabase.insert(SQLiteDatabase.java:1468)
03-28 13:21:45.851 27010 27106 E SQLiteDatabase: at X.2tm.A08(Unknown Source:6)
03-28 13:21:45.851 27010 27106 E SQLiteDatabase: at X.2sR.A03(Unknown Source:39)
03-28 13:21:45.851 27010 27106 E SQLiteDatabase: at X.2sR.A05(Unknown Source:14)
03-28 13:21:45.851 27010 27106 E SQLiteDatabase: at X.32N.A07(Unknown Source:2205)
03-28 13:21:45.851 27010 27106 E SQLiteDatabase: at X.32N.A06(Unknown Source:507)
03-28 13:21:45.851 27010 27106 E SQLiteDatabase: at X.3eA.run(Unknown Source:2207)
03-28 13:21:45.851 27010 27106 E SQLiteDatabase: at java.util.concurrent.ThreadPoolExecutor.runWorker(ThreadPoolExecutor.java:1167)
03-28 13:21:45.851 27010 27106 E SQLiteDatabase: at java.util.concurrent.ThreadPoolExecutor$Worker.run(ThreadPoolExecutor.java:641)
03-28 13:21:45.851 27010 27106 E SQLiteDatabase: at X.3gH.run(Unknown Source:1548)
03-28 13:21:45.851 27010 27106 E SQLiteDatabase: at java.lang.Thread.run(Thread.java:919)
03-28 13:21:47.990 27010 27010 W ActivityThread: handleWindowVisibility: no activity for token android.os.BinderProxy@bc9b4c5
03-28 13:21:48.085 27010 27010 W com.mbwhatsapp: Class X.0eU failed lock verification and will run slower.
03-28 13:21:48.729 27010 28098 E libc : Access denied finding property "vendor.debug.rs.verbose"
03-28 13:21:48.715 27010 27010 W com.mbwhatsapp: type=1400 audit(0.0:53412): avc: denied { read } for name="u:object_r:vendor_default_prop:s0" dev="tmpfs" ino=1273 scontext=u:r:untrusted_app:s0:c7,c257,c512,c768 tcontext=u:object_r:vendor_default_prop:s0 tclass=file permissive=0
03-28 13:21:48.873 27010 28098 E libc : Access denied finding property "vendor.debug.rs.nointrinsicblur"
03-28 13:21:48.865 27010 27010 W com.mbwhatsapp: type=1400 audit(0.0:53413): avc: denied { read } for name="u:object_r:vendor_default_prop:s0" dev="tmpfs" ino=1273 scontext=u:r:untrusted_app:s0:c7,c257,c512,c768 tcontext=u:object_r:vendor_default_prop:s0 tclass=file permissive=0
03-28 13:21:48.873 27010 28098 E libc : Access denied finding property "vendor.debug.rs.nointrinsicblas"
03-28 13:21:48.865 27010 27010 W com.mbwhatsapp: type=1400 audit(0.0:53414): avc: denied { read } for name="u:object_r:vendor_default_prop:s0" dev="tmpfs" ino=1273 scontext=u:r:untrusted_app:s0:c7,c257,c512,c768 tcontext=u:object_r:vendor_default_prop:s0 tclass=file permissive=0
03-28 13:21:48.873 27010 28098 E libc : Access denied finding property "vendor.debug.rs.noperfhint"
03-28 13:21:48.873 27010 28098 E libc : Access denied finding property "vendor.debug.rs.dump_setup"
03-28 13:21:48.873 27010 28098 E libc : Access denied finding property "vendor.debug.rs.noprofile"
03-28 13:21:48.865 27010 27010 W com.mbwhatsapp: type=1400 audit(0.0:53415): avc: denied { read } for name="u:object_r:vendor_default_prop:s0" dev="tmpfs" ino=1273 scontext=u:r:untrusted_app:s0:c7,c257,c512,c768 tcontext=u:object_r:vendor_default_prop:s0 tclass=file permissive=0
03-28 13:21:48.873 27010 28098 E libc : Access denied finding property "vendor.debug.rs.dump_bitcode"
03-28 13:21:48.873 27010 28098 E libc : Access denied finding property "vendor.debug.rs.force_finish"
03-28 13:21:48.873 27010 28098 E libc : Access denied finding property "vendor.debug.rs.disable_expand"
03-28 13:21:48.873 27010 28098 E libc : Access denied finding property "vendor.debug.rs.use_fast_math"
03-28 13:21:48.865 27010 27010 W com.mbwhatsapp: type=1400 audit(0.0:53416): avc: denied { read } for name="u:object_r:vendor_default_prop:s0" dev="tmpfs" ino=1273 scontext=u:r:untrusted_app:s0:c7,c257,c512,c768 tcontext=u:object_r:vendor_default_prop:s0 tclass=file permissive=0
03-28 13:21:48.874 27010 28098 E libc : Access denied finding property "vendor.debug.rs.blurimpl"
03-28 13:21:48.874 27010 28098 E libc : Access denied finding property "vendor.debug.rs.noobjcache"
03-28 13:21:48.865 27010 27010 W com.mbwhatsapp: type=1400 audit(0.0:53417): avc: denied { read } for name="u:object_r:vendor_default_prop:s0" dev="tmpfs" ino=1273 scontext=u:r:untrusted_app:s0:c7,c257,c512,c768 tcontext=u:object_r:vendor_default_prop:s0 tclass=file permissive=0
03-28 13:21:48.882 27010 28098 E libc : Access denied finding property "vendor.debug.rs.notextures"
03-28 13:21:49.153 27010 28112 W LOTTIE : Unknown shape type rd
03-28 13:21:49.222 27010 27010 W Activity: Slow Operation: Activity com.mbwhatsapp/.Conversation onCreate took 1098ms
03-28 13:21:49.265 27010 27010 E ArmVmp : Match on catch block at 0x0a in for 0xc9
03-28 13:21:49.270 27010 27010 E ArmVmp : Match on catch block at 0x0a in for 0xc9
03-28 13:21:49.333 27010 27010 W Looper : Slow Looper main: Long Msg: seq=376 plan=13:21:47.992 late=0ms wall=1341ms running=791ms runnable=76ms io=197ms h=android.app.ActivityThread$H w=159
03-28 13:21:49.334 27010 27010 W Looper : Slow Looper main: Activity com.mbwhatsapp/.Conversation is 1342ms late (wall=0ms running=0ms ClientTransaction{ callbacks=[android.app.servertransaction.TopResumedActivityChang eItem] }) because of 1 msg, msg 1 took 1341ms (seq=376 running=791ms runnable=76ms io=197ms h=android.app.ActivityThread$H w=159)
03-28 13:21:49.974 27010 27010 E ArmVmp : Match on catch block at 0xc3 in for 0xb1
03-28 13:21:49.975 27010 27010 W StickerImageFil: type=1400 audit(0.0:53425): avc: granted { execute } for path="/data/data/com.mbwhatsapp/files/decompressed/libs.spk.zst/libstatic-webp.so" dev="mmcblk0p87" ino=552303 scontext=u:r:untrusted_app:s0:c7,c257,c512,c768 tcontext=u:object_r:app_data_file:s0:c7,c257,c512,c768 tclass=file
03-28 13:21:49.983 27010 27010 E ArmVmp : Match on catch block at 0xc3 in for 0xb1
03-28 13:21:49.988 27010 27010 E ArmVmp : Match on catch block at 0xc3 in for 0xb1
03-28 13:21:50.085 27010 27010 E ArmVmp : Match on catch block at 0xc3 in for 0xa5
03-28 13:21:50.088 27010 27010 E ArmVmp : Match on catch block at 0xc3 in for 0xa1
03-28 13:21:50.096 27010 27010 W Looper : Slow Looper main: doFrame is 689ms late because of 11 msg, msg 1 took 674ms (seq=419 running=484ms runnable=18ms io=89ms late=29ms h=android.view.Choreographer$FrameHandler c=android.view.Choreographer$FrameDisplayEventReceiver)
03-28 13:21:50.091 27010 27010 E ArmVmp : Match on catch block at 0xc3 in for 0xa1
03-28 13:21:50.127 27010 27010 E ArmVmp : Match on catch block at 0xc3 in for 0xa5
03-28 13:21:50.130 27010 27010 E ArmVmp : Match on catch block at 0xc3 in for 0xa9
03-28 13:21:50.133 27010 27010 E ArmVmp : Match on catch block at 0xc3 in for 0xa9
03-28 13:21:50.150 27010 27010 E ArmVmp : Match on catch block at 0xc3 in for 0xa1
03-28 13:21:50.155 27010 27010 E ArmVmp : Match on catch block at 0xc3 in for 0xa5
03-28 13:21:50.157 27010 27010 E ArmVmp : Match on catch block at 0xc3 in for 0xa5
03-28 13:21:50.173 27010 27010 E ArmVmp : Match on catch block at 0xc3 in for 0xa9
03-28 13:21:50.177 27010 27010 E ArmVmp : Match on catch block at 0xc3 in for 0xa1
03-28 13:21:50.180 27010 27010 E ArmVmp : Match on catch block at 0xc3 in for 0xa1
03-28 13:21:50.190 27010 27010 E ArmVmp : Match on catch block at 0xc3 in for 0xa5
03-28 13:21:50.194 27010 27010 E ArmVmp : Match on catch block at 0xc3 in for 0xa9
03-28 13:21:50.197 27010 27010 E ArmVmp : Match on catch block at 0xc3 in for 0xa9
03-28 13:21:50.207 27010 27010 E ArmVmp : Match on catch block at 0xc3 in for 0xa1
03-28 13:21:50.211 27010 27010 E ArmVmp : Match on catch block at 0xc3 in for 0xa5
03-28 13:21:50.214 27010 27010 E ArmVmp : Match on catch block at 0xc3 in for 0xa5
03-28 13:21:50.223 27010 27010 E ArmVmp : Match on catch block at 0xc3 in for 0xa9
03-28 13:21:50.227 27010 27010 E ArmVmp : Match on catch block at 0xc3 in for 0xa1
03-28 13:21:50.229 27010 27010 E ArmVmp : Match on catch block at 0xc3 in for 0xa1
03-28 13:21:50.239 27010 27010 E ArmVmp : Match on catch block at 0xc3 in for 0xa5
03-28 13:21:50.244 27010 27010 E ArmVmp : Match on catch block at 0xc3 in for 0xa9
03-28 13:21:50.247 27010 27010 E ArmVmp : Match on catch block at 0xc3 in for 0xa9
03-28 13:21:50.257 27010 27010 E ArmVmp : Match on catch block at 0xc3 in for 0xa1
03-28 13:21:50.260 27010 27010 E ArmVmp : Match on catch block at 0xc3 in for 0xa5
03-28 13:21:50.263 27010 27010 E ArmVmp : Match on catch block at 0xc3 in for 0xa5
03-28 13:21:50.275 27010 27010 E ArmVmp : Match on catch block at 0xc3 in for 0xa9
03-28 13:21:50.280 27010 27010 E ArmVmp : Match on catch block at 0xc3 in for 0xa1
03-28 13:21:50.284 27010 27010 E ArmVmp : Match on catch block at 0xc3 in for 0xa1
03-28 13:21:50.290 27010 27010 E ArmVmp : Match on catch block at 0xc3 in for 0xa5
03-28 13:21:50.294 27010 27010 E ArmVmp : Match on catch block at 0xc3 in for 0xa9
03-28 13:21:50.296 27010 27010 E ArmVmp : Match on catch block at 0xc3 in for 0xa9
03-28 13:21:50.306 27010 27010 E ArmVmp : Match on catch block at 0xc3 in for 0xa1
03-28 13:21:50.310 27010 27010 E ArmVmp : Match on catch block at 0xc3 in for 0xa5
03-28 13:21:50.313 27010 27010 E ArmVmp : Match on catch block at 0xc3 in for 0xa5
03-28 13:21:50.323 27010 27010 E ArmVmp : Match on catch block at 0xc3 in for 0xa9
03-28 13:21:50.327 27010 27010 E ArmVmp : Match on catch block at 0xc3 in for 0xa1
03-28 13:21:50.329 27010 27010 E ArmVmp : Match on catch block at 0xc3 in for 0xa1
03-28 13:21:50.340 27010 27010 E ArmVmp : Match on catch block at 0xc3 in for 0xa5
03-28 13:21:50.344 27010 27010 E ArmVmp : Match on catch block at 0xc3 in for 0xa9
03-28 13:21:50.346 27010 27010 E ArmVmp : Match on catch block at 0xc3 in for 0xa9
03-28 13:21:50.357 27010 27010 E ArmVmp : Match on catch block at 0xc3 in for 0xa1
03-28 13:21:50.361 27010 27010 E ArmVmp : Match on catch block at 0xc3 in for 0xa5
03-28 13:21:50.363 27010 27010 E ArmVmp : Match on catch block at 0xc3 in for 0xa5
03-28 13:21:50.373 27010 27010 E ArmVmp : Match on catch block at 0xc3 in for 0xa9
03-28 13:21:50.377 27010 27010 E ArmVmp : Match on catch block at 0xc3 in for 0xa1
03-28 13:21:50.380 27010 27010 E ArmVmp : Match on catch block at 0xc3 in for 0xa1
03-28 13:21:50.390 27010 27010 E ArmVmp : Match on catch block at 0xc3 in for 0xa5
03-28 13:21:50.395 27010 27010 E ArmVmp : Match on catch block at 0xc3 in for 0xa9
03-28 13:21:50.398 27010 27010 E ArmVmp : Match on catch block at 0xc3 in for 0xa9
03-28 13:21:50.407 27010 27010 E ArmVmp : Match on catch block at 0xc3 in for 0xa1
03-28 13:21:50.411 27010 27010 E ArmVmp : Match on catch block at 0xc3 in for 0xa5
03-28 13:21:50.413 27010 27010 E ArmVmp : Match on catch block at 0xc3 in for 0xa5
03-28 13:21:50.424 27010 27010 E ArmVmp : Match on catch block at 0xc3 in for 0xa9
03-28 13:21:50.429 27010 27010 E ArmVmp : Match on catch block at 0xc3 in for 0xa1
03-28 13:21:50.432 27010 27010 E ArmVmp : Match on catch block at 0xc3 in for 0xa1
03-28 13:21:50.440 27010 27010 E ArmVmp : Match on catch block at 0xc3 in for 0xa5
03-28 13:21:50.444 27010 27010 E ArmVmp : Match on catch block at 0xc3 in for 0xa9
03-28 13:21:50.446 27010 27010 E ArmVmp : Match on catch block at 0xc3 in for 0xa9
03-28 13:21:50.456 27010 27010 E ArmVmp : Match on catch block at 0xc3 in for 0xa1
03-28 13:21:50.459 27010 27010 E ArmVmp : Match on catch block at 0xc3 in for 0xa5
03-28 13:21:50.462 27010 27010 E ArmVmp : Match on catch block at 0xc3 in for 0xa5
03-28 13:21:50.473 27010 27010 E ArmVmp : Match on catch block at 0xc3 in for 0xa9
03-28 13:21:50.477 27010 27010 E ArmVmp : Match on catch block at 0xc3 in for 0xa1
03-28 13:21:50.480 27010 27010 E ArmVmp : Match on catch block at 0xc3 in for 0xa1
03-28 13:21:50.606 27010 27010 E ArmVmp : Match on catch block at 0xc3 in for 0xa5
03-28 13:21:50.610 27010 27010 E ArmVmp : Match on catch block at 0xc3 in for 0xa9
03-28 13:21:50.613 27010 27010 E ArmVmp : Match on catch block at 0xc3 in for 0xa9
03-28 13:21:51.107 27010 27010 E ArmVmp : Match on catch block at 0xc3 in for 0xa9
03-28 13:21:51.113 27010 27010 E ArmVmp : Match on catch block at 0xc3 in for 0xa1
03-28 13:21:51.118 27010 27010 E ArmVmp : Match on catch block at 0xc3 in for 0xa1
03-28 13:21:51.629 27010 27010 E ArmVmp : Match on catch block at 0xc3 in for 0xa9
03-28 13:21:51.639 27010 27010 E ArmVmp : Match on catch block at 0xc3 in for 0xa1
03-28 13:21:51.644 27010 27010 E ArmVmp : Match on catch block at 0xc3 in for 0xa1
03-28 13:21:51.709 27010 27010 E ArmVmp : Match on catch block at 0xc3 in for 0xa5
03-28 13:21:51.715 27010 27010 E ArmVmp : Match on catch block at 0xc3 in for 0xa9
03-28 13:21:51.720 27010 27010 E ArmVmp : Match on catch block at 0xc3 in for 0xa9
03-28 13:21:51.727 27010 27010 E ArmVmp : Match on catch block at 0xc3 in for 0xa1
03-28 13:21:51.734 27010 27010 E ArmVmp : Match on catch block at 0xc3 in for 0xa5
03-28 13:21:51.739 27010 27010 E ArmVmp : Match on catch block at 0xc3 in for 0xa5
03-28 13:21:51.747 27010 27010 E ArmVmp : Match on catch block at 0xc3 in for 0xa9
03-28 13:21:51.753 27010 27010 E ArmVmp : Match on catch block at 0xc3 in for 0xa1
03-28 13:21:51.757 27010 27010 E ArmVmp : Match on catch block at 0xc3 in for 0xa1
03-28 13:21:51.765 27010 27010 E ArmVmp : Match on catch block at 0xc3 in for 0xa5
03-28 13:21:51.771 27010 27010 E ArmVmp : Match on catch block at 0xc3 in for 0xa9
03-28 13:21:51.776 27010 27010 E ArmVmp : Match on catch block at 0xc3 in for 0xa9
03-28 13:21:51.784 27010 27010 E ArmVmp : Match on catch block at 0xc3 in for 0xa1
03-28 13:21:51.791 27010 27010 E ArmVmp : Match on catch block at 0xc3 in for 0xa5
03-28 13:21:51.795 27010 27010 E ArmVmp : Match on catch block at 0xc3 in for 0xa5
03-28 13:21:51.809 27010 27010 E ArmVmp : Match on catch block at 0xc3 in for 0xa9
03-28 13:21:51.814 27010 27010 E ArmVmp : Match on catch block at 0xc3 in for 0xa1
03-28 13:21:51.818 27010 27010 E ArmVmp : Match on catch block at 0xc3 in for 0xa1
03-28 13:21:51.827 27010 27010 E ArmVmp : Match on catch block at 0xc3 in for 0xa5
03-28 13:21:51.834 27010 27010 E ArmVmp : Match on catch block at 0xc3 in for 0xa9
03-28 13:21:51.838 27010 27010 E ArmVmp : Match on catch block at 0xc3 in for 0xa9
03-28 13:21:51.846 27010 27010 E ArmVmp : Match on catch block at 0xc3 in for 0xa1
03-28 13:21:51.853 27010 27010 E ArmVmp : Match on catch block at 0xc3 in for 0xa5
03-28 13:21:51.857 27010 27010 E ArmVmp : Match on catch block at 0xc3 in for 0xa5
03-28 13:21:51.864 27010 27010 E ArmVmp : Match on catch block at 0xc3 in for 0xa9
03-28 13:21:51.870 27010 27010 E ArmVmp : Match on catch block at 0xc3 in for 0xa1
03-28 13:21:51.874 27010 27010 E ArmVmp : Match on catch block at 0xc3 in for 0xa1
03-28 13:21:51.881 27010 27010 E ArmVmp : Match on catch block at 0xc3 in for 0xa5
03-28 13:21:51.886 27010 27010 E ArmVmp : Match on catch block at 0xc3 in for 0xa9
03-28 13:21:51.890 27010 27010 E ArmVmp : Match on catch block at 0xc3 in for 0xa9
03-28 13:21:51.897 27010 27010 E ArmVmp : Match on catch block at 0xc3 in for 0xa1
03-28 13:21:51.903 27010 27010 E ArmVmp : Match on catch block at 0xc3 in for 0xa5
03-28 13:21:51.907 27010 27010 E ArmVmp : Match on catch block at 0xc3 in for 0xa5
03-28 13:21:51.913 27010 27010 E ArmVmp : Match on catch block at 0xc3 in for 0xa9
03-28 13:21:51.919 27010 27010 E ArmVmp : Match on catch block at 0xc3 in for 0xa1
03-28 13:21:51.923 27010 27010 E ArmVmp : Match on catch block at 0xc3 in for 0xa1
03-28 13:21:51.930 27010 27010 E ArmVmp : Match on catch block at 0xc3 in for 0xa5
03-28 13:21:51.936 27010 27010 E ArmVmp : Match on catch block at 0xc3 in for 0xa9
03-28 13:21:51.939 27010 27010 E ArmVmp : Match on catch block at 0xc3 in for 0xa9
03-28 13:21:51.946 27010 27010 E ArmVmp : Match on catch block at 0xc3 in for 0xa1
03-28 13:21:51.951 27010 27010 E ArmVmp : Match on catch block at 0xc3 in for 0xa5
03-28 13:21:51.955 27010 27010 E ArmVmp : Match on catch block at 0xc3 in for 0xa5
03-28 13:21:51.962 27010 27010 E ArmVmp : Match on catch block at 0xc3 in for 0xa9
03-28 13:21:51.968 27010 27010 E ArmVmp : Match on catch block at 0xc3 in for 0xa1
03-28 13:21:51.972 27010 27010 E ArmVmp : Match on catch block at 0xc3 in for 0xa1
03-28 13:21:52.126 27010 27010 E ArmVmp : Match on catch block at 0xc3 in for 0xa5
03-28 13:21:52.133 27010 27010 E ArmVmp : Match on catch block at 0xc3 in for 0xa9
03-28 13:21:52.137 27010 27010 E ArmVmp : Match on catch block at 0xc3 in for 0xa9
03-28 13:21:52.677 27010 27010 W InputEventReceiver: App Input: Dispatching InputEvent took 141ms in main thread! (MotionEvent: event_seq=4, seq=2025714, action=ACTION_UP)
03-28 13:21:52.776 27010 27010 E ArmVmp : Match on catch block at 0xc3 in for 0xa1
03-28 13:21:52.780 27010 27010 E ArmVmp : Match on catch block at 0xc3 in for 0xa5
03-28 13:21:52.783 27010 27010 E ArmVmp : Match on catch block at 0xc3 in for 0xa5
03-28 13:21:52.794 27010 27010 E ArmVmp : Match on catch block at 0xc3 in for 0xa9
03-28 13:21:52.799 27010 27010 E ArmVmp : Match on catch block at 0xc3 in for 0xa1
03-28 13:21:52.802 27010 27010 E ArmVmp : Match on catch block at 0xc3 in for 0xa1
03-28 13:21:52.814 27010 27010 E ArmVmp : Match on catch block at 0xc3 in for 0xa9
03-28 13:21:52.818 27010 27010 E ArmVmp : Match on catch block at 0xc3 in for 0xa1
03-28 13:21:52.820 27010 27010 E ArmVmp : Match on catch block at 0xc3 in for 0xa1
03-28 13:21:52.828 27010 27010 E ArmVmp : Match on catch block at 0xc3 in for 0xa5
03-28 13:21:52.833 27010 27010 E ArmVmp : Match on catch block at 0xc3 in for 0xa9
03-28 13:21:52.836 27010 27010 E ArmVmp : Match on catch block at 0xc3 in for 0xa9
03-28 13:21:52.841 27010 27010 E ArmVmp : Match on catch block at 0xc3 in for 0xa1
03-28 13:21:52.845 27010 27010 E ArmVmp : Match on catch block at 0xc3 in for 0xa5
03-28 13:21:52.848 27010 27010 E ArmVmp : Match on catch block at 0xc3 in for 0xa5
03-28 13:21:52.857 27010 27010 E ArmVmp : Match on catch block at 0xc3 in for 0xa9
03-28 13:21:52.861 27010 27010 E ArmVmp : Match on catch block at 0xc3 in for 0xa1
03-28 13:21:52.864 27010 27010 E ArmVmp : Match on catch block at 0xc3 in for 0xa1
03-28 13:21:52.875 27010 27010 E ArmVmp : Match on catch block at 0xc3 in for 0xa5
03-28 13:21:52.880 27010 27010 E ArmVmp : Match on catch block at 0xc3 in for 0xa9
03-28 13:21:52.883 27010 27010 E ArmVmp : Match on catch block at 0xc3 in for 0xa9
03-28 13:21:52.890 27010 27010 E ArmVmp : Match on catch block at 0xc3 in for 0xa1
03-28 13:21:52.894 27010 27010 E ArmVmp : Match on catch block at 0xc3 in for 0xa5
03-28 13:21:52.896 27010 27010 E ArmVmp : Match on catch block at 0xc3 in for 0xa5
03-28 13:21:52.910 27010 27010 E ArmVmp : Match on catch block at 0xc3 in for 0xa9
03-28 13:21:52.914 27010 27010 E ArmVmp : Match on catch block at 0xc3 in for 0xa1
03-28 13:21:52.917 27010 27010 E ArmVmp : Match on catch block at 0xc3 in for 0xa1
03-28 13:21:52.926 27010 27010 E ArmVmp : Match on catch block at 0xc3 in for 0xa5
03-28 13:21:52.929 27010 27010 E ArmVmp : Match on catch block at 0xc3 in for 0xa9
03-28 13:21:52.933 27010 27010 E ArmVmp : Match on catch block at 0xc3 in for 0xa9
03-28 13:21:52.941 27010 27010 E ArmVmp : Match on catch block at 0xc3 in for 0xa1
03-28 13:21:52.945 27010 27010 E ArmVmp : Match on catch block at 0xc3 in for 0xa5
03-28 13:21:52.947 27010 27010 E ArmVmp : Match on catch block at 0xc3 in for 0xa5
03-28 13:21:52.958 27010 27010 E ArmVmp : Match on catch block at 0xc3 in for 0xa9
03-28 13:21:52.962 27010 27010 E ArmVmp : Match on catch block at 0xc3 in for 0xa1
03-28 13:21:52.966 27010 27010 E ArmVmp : Match on catch block at 0xc3 in for 0xa1
03-28 13:21:52.974 27010 27010 E ArmVmp : Match on catch block at 0xc3 in for 0xa5
03-28 13:21:52.977 27010 27010 E ArmVmp : Match on catch block at 0xc3 in for 0xa9
03-28 13:21:52.980 27010 27010 E ArmVmp : Match on catch block at 0xc3 in for 0xa9
03-28 13:21:52.991 27010 27010 E ArmVmp : Match on catch block at 0xc3 in for 0xa1
03-28 13:21:52.994 27010 27010 E ArmVmp : Match on catch block at 0xc3 in for 0xa5
03-28 13:21:52.997 27010 27010 E ArmVmp : Match on catch block at 0xc3 in for 0xa5
03-28 13:21:53.009 27010 27010 E ArmVmp : Match on catch block at 0xc3 in for 0xa9
03-28 13:21:53.016 27010 27010 E ArmVmp : Match on catch block at 0xc3 in for 0xa1
03-28 13:21:53.021 27010 27010 E ArmVmp : Match on catch block at 0xc3 in for 0xa1
03-28 13:21:53.029 27010 27010 E ArmVmp : Match on catch block at 0xc3 in for 0xa5
03-28 13:21:53.035 27010 27010 E ArmVmp : Match on catch block at 0xc3 in for 0xa9
03-28 13:21:53.039 27010 27010 E ArmVmp : Match on catch block at 0xc3 in for 0xa9
03-28 13:21:53.047 27010 27010 E ArmVmp : Match on catch block at 0xc3 in for 0xa1
03-28 13:21:53.053 27010 27010 E ArmVmp : Match on catch block at 0xc3 in for 0xa5
03-28 13:21:53.057 27010 27010 E ArmVmp : Match on catch block at 0xc3 in for 0xa5
03-28 13:21:53.166 27010 27010 E ArmVmp : Match on catch block at 0xc3 in for 0xa5
03-28 13:21:53.173 27010 27010 E ArmVmp : Match on catch block at 0xc3 in for 0xa9
03-28 13:21:53.185 27010 27010 E ArmVmp : Match on catch block at 0xc3 in for 0xa9
03-28 13:21:53.204 27010 27010 E ArmVmp : Match on catch block at 0xc3 in for 0xa1
03-28 13:21:53.209 27010 27010 E ArmVmp : Match on catch block at 0xc3 in for 0xa5
03-28 13:21:53.212 27010 27010 E ArmVmp : Match on catch block at 0xc3 in for 0xa5
03-28 13:21:53.225 27010 27010 E ArmVmp : Match on catch block at 0xc3 in for 0xa9
03-28 13:21:53.229 27010 27010 E ArmVmp : Match on catch block at 0xc3 in for 0xa1
03-28 13:21:53.231 27010 27010 E ArmVmp : Match on catch block at 0xc3 in for 0xa1
03-28 13:21:53.549 27010 27010 E ArmVmp : Match on catch block at 0xc3 in for 0xa9
03-28 13:21:53.554 27010 27010 E ArmVmp : Match on catch block at 0xc3 in for 0xa1
03-28 13:21:53.559 27010 27010 E ArmVmp : Match on catch block at 0xc3 in for 0xa1
03-28 13:21:53.954 27010 27010 E ArmVmp : Match on catch block at 0xc3 in for 0xa1
03-28 13:21:53.962 27010 27010 E ArmVmp : Match on catch block at 0xc3 in for 0xa5
03-28 13:21:53.966 27010 27010 E ArmVmp : Match on catch block at 0xc3 in for 0xa5
03-28 13:21:53.979 27010 27010 E ArmVmp : Match on catch block at 0xc3 in for 0xa9
03-28 13:21:53.985 27010 27010 E ArmVmp : Match on catch block at 0xc3 in for 0xa1
03-28 13:21:53.988 27010 27010 E ArmVmp : Match on catch block at 0xc3 in for 0xa1
03-28 13:21:54.150 27010 27010 E ArmVmp : Match on catch block at 0xc3 in for 0xa9
03-28 13:21:54.156 27010 27010 E ArmVmp : Match on catch block at 0xc3 in for 0xa1
03-28 13:21:54.159 27010 27010 E ArmVmp : Match on catch block at 0xc3 in for 0xa1
03-28 13:21:54.175 27010 27010 E ArmVmp : Match on catch block at 0xc3 in for 0xa1
03-28 13:21:54.180 27010 27010 E ArmVmp : Match on catch block at 0xc3 in for 0xa5
03-28 13:21:54.183 27010 27010 E ArmVmp : Match on catch block at 0xc3 in for 0xa5
03-28 13:21:54.191 27010 27010 E ArmVmp : Match on catch block at 0xc3 in for 0xa9
03-28 13:21:54.197 27010 27010 E ArmVmp : Match on catch block at 0xc3 in for 0xa1
03-28 13:21:54.200 27010 27010 E ArmVmp : Match on catch block at 0xc3 in for 0xa1
03-28 13:21:54.208 27010 27010 E ArmVmp : Match on catch block at 0xc3 in for 0xa5
03-28 13:21:54.212 27010 27010 E ArmVmp : Match on catch block at 0xc3 in for 0xa9
03-28 13:21:54.215 27010 27010 E ArmVmp : Match on catch block at 0xc3 in for 0xa9
03-28 13:21:54.225 27010 27010 E ArmVmp : Match on catch block at 0xc3 in for 0xa1
03-28 13:21:54.228 27010 27010 E ArmVmp : Match on catch block at 0xc3 in for 0xa5
03-28 13:21:54.231 27010 27010 E ArmVmp : Match on catch block at 0xc3 in for 0xa5
03-28 13:21:54.241 27010 27010 E ArmVmp : Match on catch block at 0xc3 in for 0xa9
03-28 13:21:54.245 27010 27010 E ArmVmp : Match on catch block at 0xc3 in for 0xa1
03-28 13:21:54.248 27010 27010 E ArmVmp : Match on catch block at 0xc3 in for 0xa1
03-28 13:21:54.263 27010 27010 E ArmVmp : Match on catch block at 0xc3 in for 0xa5
03-28 13:21:54.268 27010 27010 E ArmVmp : Match on catch block at 0xc3 in for 0xa9
03-28 13:21:54.271 27010 27010 E ArmVmp : Match on catch block at 0xc3 in for 0xa9
03-28 13:21:54.291 27010 27010 E ArmVmp : Match on catch block at 0xc3 in for 0xa1
03-28 13:21:54.296 27010 27010 E ArmVmp : Match on catch block at 0xc3 in for 0xa5
03-28 13:21:54.299 27010 27010 E ArmVmp : Match on catch block at 0xc3 in for 0xa5
03-28 13:21:54.308 27010 27010 E ArmVmp : Match on catch block at 0xc3 in for 0xa9
03-28 13:21:54.312 27010 27010 E ArmVmp : Match on catch block at 0xc3 in for 0xa1
03-28 13:21:54.314 27010 27010 E ArmVmp : Match on catch block at 0xc3 in for 0xa1
03-28 13:21:54.324 27010 27010 E ArmVmp : Match on catch block at 0xc3 in for 0xa5
03-28 13:21:54.329 27010 27010 E ArmVmp : Match on catch block at 0xc3 in for 0xa9
03-28 13:21:54.332 27010 27010 E ArmVmp : Match on catch block at 0xc3 in for 0xa9
03-28 13:21:54.341 27010 27010 E ArmVmp : Match on catch block at 0xc3 in for 0xa1
03-28 13:21:54.345 27010 27010 E ArmVmp : Match on catch block at 0xc3 in for 0xa5
03-28 13:21:54.347 27010 27010 E ArmVmp : Match on catch block at 0xc3 in for 0xa5
03-28 13:21:54.397 27010 27010 E ArmVmp : Match on catch block at 0xc3 in for 0xa9
03-28 13:21:54.401 27010 27010 E ArmVmp : Match on catch block at 0xc3 in for 0xa1
03-28 13:21:54.404 27010 27010 E ArmVmp : Match on catch block at 0xc3 in for 0xa1
03-28 13:21:54.710 27010 27010 E ArmVmp : Match on catch block at 0xc3 in for 0xa1
03-28 13:21:54.718 27010 27010 E ArmVmp : Match on catch block at 0xc3 in for 0xa5
03-28 13:21:54.723 27010 27010 E ArmVmp : Match on catch block at 0xc3 in for 0xa5
03-28 13:21:54.731 27010 27010 E ArmVmp : Match on catch block at 0xc3 in for 0xa9
03-28 13:21:54.739 27010 27010 E ArmVmp : Match on catch block at 0xc3 in for 0xa1
03-28 13:21:54.744 27010 27010 E ArmVmp : Match on catch block at 0xc3 in for 0xa1
03-28 13:21:54.755 27010 27010 E ArmVmp : Match on catch block at 0xc3 in for 0xa9
03-28 13:21:54.762 27010 27010 E ArmVmp : Match on catch block at 0xc3 in for 0xa1
03-28 13:21:54.765 27010 27010 E ArmVmp : Match on catch block at 0xc3 in for 0xa1
03-28 13:21:54.813 27010 27010 E ArmVmp : Match on catch block at 0xc3 in for 0xa9
03-28 13:21:54.819 27010 27010 E ArmVmp : Match on catch block at 0xc3 in for 0xa1
03-28 13:21:54.823 27010 27010 E ArmVmp : Match on catch block at 0xc3 in for 0xa1
03-28 13:21:54.858 27010 27010 E ArmVmp : Match on catch block at 0xc3 in for 0xa5
03-28 13:21:54.862 27010 27010 E ArmVmp : Match on catch block at 0xc3 in for 0xa9
03-28 13:21:54.869 27010 27010 E ArmVmp : Match on catch block at 0xc3 in for 0xa5
03-28 13:21:54.874 27010 27010 E ArmVmp : Match on catch block at 0xc3 in for 0xa9
03-28 13:21:54.890 27010 27010 E ArmVmp : Match on catch block at 0xc3 in for 0xa5
03-28 13:21:54.894 27010 27010 E ArmVmp : Match on catch block at 0xc3 in for 0xa9
03-28 13:21:54.966 27010 27010 E ArmVmp : Match on catch block at 0xc3 in for 0xa5
03-28 13:21:54.970 27010 27010 E ArmVmp : Match on catch block at 0xc3 in for 0xa9
03-28 13:21:55.002 27010 27010 E ArmVmp : Match on catch block at 0xc3 in for 0xa1
03-28 13:21:55.007 27010 27010 E ArmVmp : Match on catch block at 0xc3 in for 0xa5
03-28 13:21:55.016 27010 27010 E ArmVmp : Match on catch block at 0xc3 in for 0xa1
03-28 13:21:55.020 27010 27010 E ArmVmp : Match on catch block at 0xc3 in for 0xa5
03-28 13:21:55.041 27010 27010 E ArmVmp : Match on catch block at 0xc3 in for 0xa1
03-28 13:21:55.045 27010 27010 E ArmVmp : Match on catch block at 0xc3 in for 0xa5
03-28 13:21:55.237 27010 27010 E ArmVmp : Match on catch block at 0xc3 in for 0xa5
03-28 13:21:55.242 27010 27010 E ArmVmp : Match on catch block at 0xc3 in for 0xa9
03-28 13:21:55.268 27010 27010 E ArmVmp : Match on catch block at 0xc3 in for 0xa1
03-28 13:21:55.273 27010 27010 E ArmVmp : Match on catch block at 0xc3 in for 0xa5
03-28 13:21:55.292 27010 27010 E ArmVmp : Match on catch block at 0xc3 in for 0xa1
03-28 13:21:55.296 27010 27010 E ArmVmp : Match on catch block at 0xc3 in for 0xa5
03-28 13:21:55.309 27010 27010 E ArmVmp : Match on catch block at 0xc3 in for 0xa1
03-28 13:21:55.314 27010 27010 E ArmVmp : Match on catch block at 0xc3 in for 0xa5
03-28 13:21:55.326 27010 27010 E ArmVmp : Match on catch block at 0xc3 in for 0xa1
03-28 13:21:55.330 27010 27010 E ArmVmp : Match on catch block at 0xc3 in for 0xa5
03-28 13:21:55.348 27010 27010 E ArmVmp : Match on catch block at 0xc3 in for 0xa1
03-28 13:21:55.352 27010 27010 E ArmVmp : Match on catch block at 0xc3 in for 0xa5
03-28 13:21:55.360 27010 27010 E ArmVmp : Match on catch block at 0xc3 in for 0xa1
03-28 13:21:55.367 27010 27010 E ArmVmp : Match on catch block at 0xc3 in for 0xa5
03-28 13:21:55.375 27010 27010 E ArmVmp : Match on catch block at 0xc3 in for 0xa1
03-28 13:21:55.380 27010 27010 E ArmVmp : Match on catch block at 0xc3 in for 0xa5
03-28 13:21:55.393 27010 27010 E ArmVmp : Match on catch block at 0xc3 in for 0xa1
03-28 13:21:55.398 27010 27010 E ArmVmp : Match on catch block at 0xc3 in for 0xa5
03-28 13:21:55.409 27010 27010 E ArmVmp : Match on catch block at 0xc3 in for 0xa1
03-28 13:21:55.416 27010 27010 E ArmVmp : Match on catch block at 0xc3 in for 0xa5
03-28 13:21:55.426 27010 27010 E ArmVmp : Match on catch block at 0xc3 in for 0xa1
03-28 13:21:55.432 27010 27010 E ArmVmp : Match on catch block at 0xc3 in for 0xa5
03-28 13:21:55.477 27010 27010 E ArmVmp : Match on catch block at 0xc3 in for 0xa1
03-28 13:21:55.484 27010 27010 E ArmVmp : Match on catch block at 0xc3 in for 0xa5
03-28 13:21:55.543 27010 27010 E ArmVmp : Match on catch block at 0xc3 in for 0xa1
03-28 13:21:55.549 27010 27010 E ArmVmp : Match on catch block at 0xc3 in for 0xa5
03-28 13:21:55.896 27010 27010 E ArmVmp : Match on catch block at 0xc3 in for 0xa1
03-28 13:21:55.903 27010 27010 E ArmVmp : Match on catch block at 0xc3 in for 0xa5
03-28 13:21:56.349 27010 27010 E ArmVmp : Match on catch block at 0xc3 in for 0xa1
03-28 13:21:56.354 27010 27010 E ArmVmp : Match on catch block at 0xc3 in for 0xa5
03-28 13:21:56.364 27010 27010 E ArmVmp : Match on catch block at 0xc3 in for 0xa9
03-28 13:21:56.368 27010 27010 E ArmVmp : Match on catch block at 0xc3 in for 0xa1
03-28 13:21:56.391 27010 27010 E ArmVmp : Match on catch block at 0xc3 in for 0xa9
03-28 13:21:56.395 27010 27010 E ArmVmp : Match on catch block at 0xc3 in for 0xa1
03-28 13:21:56.445 27010 28128 W MediaPlayer: Use of stream types is deprecated for operations other than volume control
03-28 13:21:56.445 27010 28128 W MediaPlayer: See the documentation of setAudioStreamType() for what to use instead with android.media.AudioAttributes to qualify your playback use case
03-28 13:21:56.476 27010 27010 E ArmVmp : Match on catch block at 0xc3 in for 0xa9
03-28 13:21:56.481 27010 27010 E ArmVmp : Match on catch block at 0xc3 in for 0xa1
03-28 13:21:56.559 27010 27010 E ArmVmp : Match on catch block at 0xc3 in for 0xa1
03-28 13:21:56.563 27010 27010 E ArmVmp : Match on catch block at 0xc3 in for 0xa5
03-28 13:21:56.572 27010 27010 E ArmVmp : Match on catch block at 0xc3 in for 0xa1
03-28 13:21:56.578 27010 27010 E ArmVmp : Match on catch block at 0xc3 in for 0xa5
03-28 13:21:56.979 27010 27010 E ArmVmp : Match on catch block at 0xc3 in for 0xa1
03-28 13:21:56.988 27010 27010 E ArmVmp : Match on catch block at 0xc3 in for 0xa5
03-28 13:21:57.477 27010 27010 E ArmVmp : Match on catch block at 0xc3 in for 0xa1
03-28 13:21:57.485 27010 27010 E ArmVmp : Match on catch block at 0xc3 in for 0xa5
03-28 13:21:57.578 27010 27010 E ArmVmp : Match on catch block at 0xc3 in for 0xa1
03-28 13:21:57.587 27010 27010 E ArmVmp : Match on catch block at 0xc3 in for 0xa5
03-28 13:21:57.743 27010 27010 E ArmVmp : Match on catch block at 0xc3 in for 0xa1
03-28 13:21:57.749 27010 27010 E ArmVmp : Match on catch block at 0xc3 in for 0xa5
03-28 13:21:57.782 27010 27010 E ArmVmp : Match on catch block at 0xc3 in for 0xa5
03-28 13:21:57.787 27010 27010 E ArmVmp : Match on catch block at 0xc3 in for 0xa9
03-28 13:21:57.825 27010 27010 E ArmVmp : Match on catch block at 0xc3 in for 0xa5
03-28 13:21:57.830 27010 27010 E ArmVmp : Match on catch block at 0xc3 in for 0xa9
03-28 13:21:57.836 27010 27010 E ArmVmp : Match on catch block at 0xc3 in for 0xa5
03-28 13:21:57.840 27010 27010 E ArmVmp : Match on catch block at 0xc3 in for 0xa9
03-28 13:21:57.859 27010 27010 E ArmVmp : Match on catch block at 0xc3 in for 0xa5
03-28 13:21:57.862 27010 27010 E ArmVmp : Match on catch block at 0xc3 in for 0xa9
03-28 13:21:57.918 27010 27010 E ArmVmp : Match on catch block at 0xc3 in for 0xa9
03-28 13:21:57.923 27010 27010 E ArmVmp : Match on catch block at 0xc3 in for 0xa1
03-28 13:21:57.955 27010 27010 E ArmVmp : Match on catch block at 0xc3 in for 0xa5
03-28 13:21:57.959 27010 27010 E ArmVmp : Match on catch block at 0xc3 in for 0xa9
03-28 13:21:57.967 27010 27010 E ArmVmp : Match on catch block at 0xc3 in for 0xa5
03-28 13:21:57.973 27010 27010 E ArmVmp : Match on catch block at 0xc3 in for 0xa9
03-28 13:21:57.992 27010 27010 E ArmVmp : Match on catch block at 0xc3 in for 0xa5
03-28 13:21:57.997 27010 27010 E ArmVmp : Match on catch block at 0xc3 in for 0xa9
03-28 13:21:58.250 27010 27010 E ArmVmp : Match on catch block at 0xc3 in for 0xa1
03-28 13:21:58.257 27010 27010 E ArmVmp : Match on catch block at 0xc3 in for 0xa5
03-28 13:21:58.273 27010 28128 W MediaPlayer: Use of stream types is deprecated for operations other than volume control
03-28 13:21:58.273 27010 28128 W MediaPlayer: See the documentation of setAudioStreamType() for what to use instead with android.media.AudioAttributes to qualify your playback use case
03-28 13:21:58.283 27010 27010 E ArmVmp : Match on catch block at 0xc3 in for 0xa5
03-28 13:21:58.287 27010 27010 E ArmVmp : Match on catch block at 0xc3 in for 0xa9
03-28 13:21:58.303 27010 27010 E ArmVmp : Match on catch block at 0xc3 in for 0xa9
03-28 13:21:58.307 27010 27010 E ArmVmp : Match on catch block at 0xc3 in for 0xa1
03-28 13:21:58.317 27010 27010 E ArmVmp : Match on catch block at 0xc3 in for 0xa5
03-28 13:21:58.321 27010 27010 E ArmVmp : Match on catch block at 0xc3 in for 0xa9
03-28 13:21:58.533 27010 27010 E ArmVmp : Match on catch block at 0xc3 in for 0xa1
03-28 13:21:58.537 27010 27010 E ArmVmp : Match on catch block at 0xc3 in for 0xa5
03-28 13:21:58.556 27010 27010 E ArmVmp : Match on catch block at 0xc3 in for 0xa5
03-28 13:21:58.561 27010 27010 E ArmVmp : Match on catch block at 0xc3 in for 0xa9
03-28 13:21:58.570 27010 27010 E ArmVmp : Match on catch block at 0xc3 in for 0xa1
03-28 13:21:58.575 27010 27010 E ArmVmp : Match on catch block at 0xc3 in for 0xa5
03-28 13:21:58.815 27010 27010 E ArmVmp : Match on catch block at 0xc3 in for 0xa1
03-28 13:21:58.829 27010 27010 E ArmVmp : Match on catch block at 0xc3 in for 0xa5
03-28 13:21:58.923 27010 27010 E ArmVmp : Match on catch block at 0xc3 in for 0xa5
03-28 13:21:58.930 27010 27010 E ArmVmp : Match on catch block at 0xc3 in for 0xa9
03-28 13:21:58.953 27010 27010 E ArmVmp : Match on catch block at 0xc3 in for 0xa1
03-28 13:21:58.958 27010 27010 E ArmVmp : Match on catch block at 0xc3 in for 0xa5
03-28 13:21:58.976 27010 27010 E ArmVmp : Match on catch block at 0xc3 in for 0xa1
03-28 13:21:58.981 27010 27010 E ArmVmp : Match on catch block at 0xc3 in for 0xa5
03-28 13:21:58.993 27010 27010 E ArmVmp : Match on catch block at 0xc3 in for 0xa1
03-28 13:21:58.997 27010 27010 E ArmVmp : Match on catch block at 0xc3 in for 0xa5
03-28 13:21:59.011 27010 27010 E ArmVmp : Match on catch block at 0xc3 in for 0xa1
03-28 13:21:59.017 27010 27010 E ArmVmp : Match on catch block at 0xc3 in for 0xa5
03-28 13:21:59.029 27010 27010 E ArmVmp : Match on catch block at 0xc3 in for 0xa1
03-28 13:21:59.033 27010 27010 E ArmVmp : Match on catch block at 0xc3 in for 0xa5
03-28 13:21:59.044 27010 27010 E ArmVmp : Match on catch block at 0xc3 in for 0xa1
03-28 13:21:59.049 27010 27010 E ArmVmp : Match on catch block at 0xc3 in for 0xa5
03-28 13:21:59.060 27010 27010 E ArmVmp : Match on catch block at 0xc3 in for 0xa1
03-28 13:21:59.064 27010 27010 E ArmVmp : Match on catch block at 0xc3 in for 0xa5
03-28 13:21:59.077 27010 27010 E ArmVmp : Match on catch block at 0xc3 in for 0xa1
03-28 13:21:59.081 27010 27010 E ArmVmp : Match on catch block at 0xc3 in for 0xa5
03-28 13:21:59.093 27010 27010 E ArmVmp : Match on catch block at 0xc3 in for 0xa1
03-28 13:21:59.098 27010 27010 E ArmVmp : Match on catch block at 0xc3 in for 0xa5
03-28 13:21:59.110 27010 27010 E ArmVmp : Match on catch block at 0xc3 in for 0xa1
03-28 13:21:59.115 27010 27010 E ArmVmp : Match on catch block at 0xc3 in for 0xa5
03-28 13:21:59.278 27010 27010 E ArmVmp : Match on catch block at 0xc3 in for 0xa1
03-28 13:21:59.285 27010 27010 E ArmVmp : Match on catch block at 0xc3 in for 0xa5
03-28 13:21:59.379 27010 27010 E ArmVmp : Match on catch block at 0xc3 in for 0xa1
03-28 13:21:59.385 27010 27010 E ArmVmp : Match on catch block at 0xc3 in for 0xa5
