03-28 11:48:45.496 11143 11143 E ArmVmp : Match on catch block at 0xc3 in for 0xa5
03-28 11:48:45.511 11143 11143 E ArmVmp : Match on catch block at 0xc3 in for 0xa9
03-28 11:48:45.547 11143 11143 W ActivityThread: handleWindowVisibility: no activity for token android.os.BinderProxy@5fe6c8d
03-28 11:48:45.590 11143 11143 W com.mbwhatsapp: Class com.mbwhatsapp.HomeActivity failed lock verification and will run slower.
03-28 11:48:45.949 11143 11143 E ArmVmp : Match on catch block at 0x0a in for 0xc9
03-28 11:48:45.973 11143 11143 E ArmVmp : Match on catch block at 0x0a in for 0x135
03-28 11:48:46.174 11143 11143 W Activity: Slow Operation: Activity com.mbwhatsapp/.HomeActivity onCreate took 572ms
03-28 11:48:46.198 11143 11143 W Looper : Slow Looper main: Activity com.mbwhatsapp/.HomeActivity is 661ms late (wall=0ms running=0ms ClientTransaction{ callbacks=[android.app.servertransaction.TopResumedActivityChangeItem] }) because of 7 msg, msg 7 took 651ms (seq=6625 running=461ms runnable=21ms io=49ms late=11ms h=android.app.ActivityThread$H w=159)
03-28 11:48:46.201 11143 11143 E ArmVmp : Match on catch block at 0xc3 in for 0xa9
03-28 11:48:46.209 11143 11143 E ArmVmp : Match on catch block at 0xc3 in for 0xa1
03-28 11:48:46.398 11143 12225 W LOTTIE : Animation contains merge paths. Merge paths are only supported on KitKat+ and must be manually enabled by calling enableMergePathsForKitKatAndAbove().
03-28 11:48:47.442 11143 11143 W Looper : Slow Looper main: Long Msg: seq=6627 plan=11:48:45.549 late=648ms wall=1244ms running=897ms runnable=60ms io=83ms h=android.view.Choreographer$FrameHandler c=android.view.Choreographer$FrameDisplayEventReceiver
03-28 11:48:47.442 11143 11143 W Looper : Slow Looper main: doFrame is 648ms late because of 2 msg, msg 1 took 651ms (seq=6625 running=461ms runnable=21ms io=49ms late=11ms h=android.app.ActivityThread$H w=159)
03-28 11:48:47.448 11143 11143 W Looper : Slow Looper main: Activity com.mbwhatsapp/.HomeActivity is 1463ms late (wall=1ms running=3ms ClientTransaction{ callbacks=[android.app.servertransaction.TopResumedActivityChang eItem] }) because of 13 msg, msg 1 took 651ms (seq=6625 running=461ms runnable=21ms io=49ms late=11ms h=android.app.ActivityThread$H w=159), msg 3 took 1244ms (seq=6627 running=897ms runnable=60ms io=83ms late=648ms h=android.view.Choreographer$FrameHandler c=android.view.Choreographer$FrameDisplayEventReceiver)
03-28 11:48:47.468 11143 11143 W Looper : Slow Looper main: Activity com.mbwhatsapp/.HomeActivity is 1464ms late (wall=19ms running=13ms ClientTransaction{ lifecycleRequest=android.app.servertransaction.PauseActivityItem }) because of 14 msg, msg 1 took 651ms (seq=6625 running=461ms runnable=21ms io=49ms late=11ms h=android.app.ActivityThread$H w=159), msg 3 took 1244ms (seq=6627 running=897ms runnable=60ms io=83ms late=648ms h=android.view.Choreographer$FrameHandler c=android.view.Choreographer$FrameDisplayEventReceiver)
03-28 11:48:47.564 11143 11143 W Looper : Slow Looper main: doFrame is 1256ms late because of 26 msg, msg 1 took 1244ms (seq=6627 running=897ms runnable=60ms io=83ms late=648ms h=android.view.Choreographer$FrameHandler c=android.view.Choreographer$FrameDisplayEventReceiver)
03-28 11:48:47.575 11143 11143 W LOTTIE : Animation contains merge paths but they are disabled.
03-28 11:48:47.593 11143 11143 E ArmVmp : Match on catch block at 0x0a in for 0xd5
03-28 11:48:47.616 11143 11143 W Looper : Slow Looper main: Activity com.mbwhatsapp/mbmodsd.mbmodsw.mbsettings.yo.PauseActivity is 1088ms late (wall=32ms running=14ms ClientTransaction{ callbacks=[android.app.servertransaction.LaunchActivityItem] lifecycleRequest=android.app.servertransaction.PauseActivityItem }) because of 63 msg, msg 1 took 1244ms (seq=6627 running=897ms runnable=60ms io=83ms late=648ms h=android.view.Choreographer$FrameHandler c=android.view.Choreographer$FrameDisplayEventReceiver), msg 27 took 92ms (seq=6653 running=68ms runnable=5ms io=4ms late=1256ms h=android.view.Choreographer$FrameHandler c=android.view.Choreographer$FrameDisplayEventReceiver)
03-28 11:48:47.699 11143 11143 W Looper : Slow Looper main: Activity com.mbwhatsapp/mbmodsd.mbmodsw.mbsettings.yo.PauseActivity is 444ms late (wall=0ms running=0ms ClientTransaction{ callbacks=[android.app.servertransaction.TopResumedActivityChang eItem] }) because of 163 msg, msg 1 took 1244ms (seq=6627 running=897ms runnable=60ms io=83ms late=648ms h=android.view.Choreographer$FrameHandler c=android.view.Choreographer$FrameDisplayEventReceiver), msg 27 took 92ms (seq=6653 running=68ms runnable=5ms io=4ms late=1256ms h=android.view.Choreographer$FrameHandler c=android.view.Choreographer$FrameDisplayEventReceiver)
03-28 11:48:47.711 11143 11143 W Looper : Slow Looper main: Activity com.mbwhatsapp/mbmodsd.mbmodsw.mbsettings.yo.PauseActivity is 453ms late (wall=0ms running=2ms ClientTransaction{ lifecycleRequest=android.app.servertransaction.ResumeActivityIte m }) because of 165 msg, msg 1 took 1244ms (seq=6627 running=897ms runnable=60ms io=83ms late=648ms h=android.view.Choreographer$FrameHandler c=android.view.Choreographer$FrameDisplayEventReceiver), msg 27 took 92ms (seq=6653 running=68ms runnable=5ms io=4ms late=1256ms h=android.view.Choreographer$FrameHandler c=android.view.Choreographer$FrameDisplayEventReceiver)
03-28 11:48:48.301 11143 11143 W Looper : Slow Looper main: doFrame is 358ms late because of 18 msg, msg 1 took 355ms (seq=6869 running=225ms runnable=7ms io=94ms late=79ms h=android.view.Choreographer$FrameHandler c=android.view.Choreographer$FrameDisplayEventReceiver)
03-28 11:48:50.385 11143 11794 W RenderInspector: QueueBuffer time out on com.mbwhatsapp/com.mbwhatsapp.HomeActivity, count=1, avg=20 ms, max=20 ms.
03-28 11:48:53.740 11143 11794 W RenderInspector: DequeueBuffer time out on com.mbwhatsapp/com.mbwhatsapp.HomeActivity, count=1, avg=18 ms, max=18 ms.
03-28 11:48:54.008 11143 11794 W RenderInspector: DequeueBuffer time out on com.mbwhatsapp/com.mbwhatsapp.HomeActivity, count=5, avg=13 ms, max=18 ms.
03-28 11:48:56.711 11143 11794 W RenderInspector: QueueBuffer time out on com.mbwhatsapp/com.mbwhatsapp.HomeActivity, count=1, avg=19 ms, max=19 ms.
03-28 11:48:58.600 11143 11794 W RenderInspector: QueueBuffer time out on com.mbwhatsapp/com.mbwhatsapp.HomeActivity, count=1, avg=21 ms, max=21 ms.
03-28 11:49:11.312 11143 11794 W RenderInspector: DequeueBuffer time out on Toast, count=1, avg=17 ms, max=17 ms.
03-28 11:49:11.415 11143 11794 W RenderInspector: DequeueBuffer time out on Toast, count=1, avg=17 ms, max=17 ms.
03-28 11:49:15.771 11143 11794 W RenderInspector: QueueBuffer time out on com.mbwhatsapp/com.mbwhatsapp.HomeActivity, count=1, avg=18 ms, max=18 ms.
03-28 11:49:16.242 11143 11143 W ActivityThread: handleWindowVisibility: no activity for token android.os.BinderProxy@5ea9252
03-28 11:49:16.498 11143 11143 E ArmVmp : Match on catch block at 0x0a in for 0xc5
03-28 11:49:16.502 11143 11143 E ArmVmp : Match on catch block at 0x0a in for 0xc1
03-28 11:49:16.541 11143 11143 W Looper : Slow Looper main: Activity com.mbwhatsapp/.Conversation is 302ms late (wall=0ms running=0ms ClientTransaction{ callbacks=[android.app.servertransaction.TopResumedActivityChangeItem] }) because of 4 msg, msg 4 took 298ms (seq=8274 running=264ms runnable=11ms late=5ms h=android.app.ActivityThread$H w=159)
03-28 11:49:16.969 11143 11143 E ArmVmp : Match on catch block at 0xc3 in for 0xb9
03-28 11:49:16.976 11143 11143 E ArmVmp : Match on catch block at 0xc3 in for 0xb9
03-28 11:49:16.983 11143 11143 E ArmVmp : Match on catch block at 0xc3 in for 0xb9
03-28 11:49:17.104 11143 11143 E ArmVmp : Match on catch block at 0xc3 in for 0xa1
03-28 11:49:17.108 11143 11143 E ArmVmp : Match on catch block at 0xc3 in for 0xa5
03-28 11:49:17.111 11143 11143 E ArmVmp : Match on catch block at 0xc3 in for 0xa5
03-28 11:49:17.141 11143 11143 W Looper : Slow Looper main: doFrame is 547ms late because of 53 msg, msg 1 took 486ms (seq=8276 running=418ms runnable=12ms late=298ms h=android.view.Choreographer$FrameHandler c=android.view.Choreographer$FrameDisplayEventReceiver)
03-28 11:49:17.207 11143 11143 E ArmVmp : Match on catch block at 0xc3 in for 0xa5
03-28 11:49:17.214 11143 11143 E ArmVmp : Match on catch block at 0xc3 in for 0xa9
03-28 11:49:17.221 11143 11143 E ArmVmp : Match on catch block at 0xc3 in for 0xa9
03-28 11:49:17.315 11143 11143 E ArmVmp : Match on catch block at 0xc3 in for 0xa9
03-28 11:49:17.323 11143 11143 E ArmVmp : Match on catch block at 0xc3 in for 0xa1
03-28 11:49:17.326 11143 11143 E ArmVmp : Match on catch block at 0xc3 in for 0xa1
03-28 11:49:17.368 11143 11794 W RenderInspector: QueueBuffer time out on com.mbwhatsapp/com.mbwhatsapp.HomeActivity, count=1, avg=20 ms, max=20 ms.
03-28 11:49:17.397 11143 11143 E ArmVmp : Match on catch block at 0xc3 in for 0xa9
03-28 11:49:17.410 11143 11143 E ArmVmp : Match on catch block at 0xc3 in for 0xa1
03-28 11:49:17.414 11143 11143 E ArmVmp : Match on catch block at 0xc3 in for 0xa1
03-28 11:49:17.437 11143 11143 E ArmVmp : Match on catch block at 0xc3 in for 0xa5
03-28 11:49:17.448 11143 11143 E ArmVmp : Match on catch block at 0xc3 in for 0xa9
03-28 11:49:17.458 11143 11143 E ArmVmp : Match on catch block at 0xc3 in for 0xa9
03-28 11:49:17.472 11143 11143 E ArmVmp : Match on catch block at 0xc3 in for 0xa1
03-28 11:49:17.477 11143 11143 E ArmVmp : Match on catch block at 0xc3 in for 0xa5
03-28 11:49:17.484 11143 11143 E ArmVmp : Match on catch block at 0xc3 in for 0xa5
03-28 11:49:17.495 11143 11143 E ArmVmp : Match on catch block at 0xc3 in for 0xa1
03-28 11:49:17.501 11143 11143 E ArmVmp : Match on catch block at 0xc3 in for 0xa5
03-28 11:49:17.505 11143 11143 E ArmVmp : Match on catch block at 0xc3 in for 0xa5
03-28 11:49:17.522 11143 11143 E ArmVmp : Match on catch block at 0xc3 in for 0xa9
03-28 11:49:17.527 11143 11143 E ArmVmp : Match on catch block at 0xc3 in for 0xa1
03-28 11:49:17.530 11143 11143 E ArmVmp : Match on catch block at 0xc3 in for 0xa1
03-28 11:49:17.565 11143 11143 E ArmVmp : Match on catch block at 0xc3 in for 0xa9
03-28 11:49:17.570 11143 11143 E ArmVmp : Match on catch block at 0xc3 in for 0xa1
03-28 11:49:17.573 11143 11143 E ArmVmp : Match on catch block at 0xc3 in for 0xa1
03-28 11:49:17.599 11143 11143 E ArmVmp : Match on catch block at 0xc3 in for 0xa5
03-28 11:49:17.604 11143 11143 E ArmVmp : Match on catch block at 0xc3 in for 0xa9
03-28 11:49:17.607 11143 11143 E ArmVmp : Match on catch block at 0xc3 in for 0xa9
03-28 11:49:17.633 11143 11143 E ArmVmp : Match on catch block at 0xc3 in for 0xa9
03-28 11:49:17.638 11143 11143 E ArmVmp : Match on catch block at 0xc3 in for 0xa1
03-28 11:49:17.641 11143 11143 E ArmVmp : Match on catch block at 0xc3 in for 0xa1
03-28 11:49:17.652 11143 11143 E ArmVmp : Match on catch block at 0xc3 in for 0xa5
03-28 11:49:17.656 11143 11143 E ArmVmp : Match on catch block at 0xc3 in for 0xa9
03-28 11:49:17.659 11143 11143 E ArmVmp : Match on catch block at 0xc3 in for 0xa9
03-28 11:49:17.669 11143 11143 E ArmVmp : Match on catch block at 0xc3 in for 0xa1
03-28 11:49:17.673 11143 11143 E ArmVmp : Match on catch block at 0xc3 in for 0xa5
03-28 11:49:17.676 11143 11143 E ArmVmp : Match on catch block at 0xc3 in for 0xa5
03-28 11:49:17.685 11143 11143 E ArmVmp : Match on catch block at 0xc3 in for 0xa9
03-28 11:49:17.690 11143 11143 E ArmVmp : Match on catch block at 0xc3 in for 0xa1
03-28 11:49:17.692 11143 11143 E ArmVmp : Match on catch block at 0xc3 in for 0xa1
03-28 11:49:17.703 11143 11143 E ArmVmp : Match on catch block at 0xc3 in for 0xa5
03-28 11:49:17.707 11143 11143 E ArmVmp : Match on catch block at 0xc3 in for 0xa9
03-28 11:49:17.710 11143 11143 E ArmVmp : Match on catch block at 0xc3 in for 0xa9
03-28 11:49:17.721 11143 11143 E ArmVmp : Match on catch block at 0xc3 in for 0xa1
03-28 11:49:17.725 11143 11143 E ArmVmp : Match on catch block at 0xc3 in for 0xa5
03-28 11:49:17.727 11143 11143 E ArmVmp : Match on catch block at 0xc3 in for 0xa5
03-28 11:49:17.734 11143 11143 E ArmVmp : Match on catch block at 0xc3 in for 0xa9
03-28 11:49:17.738 11143 11143 E ArmVmp : Match on catch block at 0xc3 in for 0xa1
03-28 11:49:17.741 11143 11143 E ArmVmp : Match on catch block at 0xc3 in for 0xa1
03-28 11:49:18.025 11143 11143 E ArmVmp : Match on catch block at 0xc3 in for 0xa5
03-28 11:49:18.030 11143 11143 E ArmVmp : Match on catch block at 0xc3 in for 0xa9
03-28 11:49:18.033 11143 11143 E ArmVmp : Match on catch block at 0xc3 in for 0xa9
03-28 11:49:18.057 11143 11143 E ArmVmp : Match on catch block at 0xc3 in for 0xa1
03-28 11:49:18.061 11143 11143 E ArmVmp : Match on catch block at 0xc3 in for 0xa5
03-28 11:49:18.065 11143 11143 E ArmVmp : Match on catch block at 0xc3 in for 0xa5
03-28 11:49:18.088 11143 11143 E ArmVmp : Match on catch block at 0xc3 in for 0xa1
03-28 11:49:18.092 11143 11143 E ArmVmp : Match on catch block at 0xc3 in for 0xa5
03-28 11:49:18.095 11143 11143 E ArmVmp : Match on catch block at 0xc3 in for 0xa5
03-28 11:49:18.114 11143 11143 E ArmVmp : Match on catch block at 0xc3 in for 0xa9
03-28 11:49:18.119 11143 11143 E ArmVmp : Match on catch block at 0xc3 in for 0xa1
03-28 11:49:18.121 11143 11143 E ArmVmp : Match on catch block at 0xc3 in for 0xa1
03-28 11:49:18.132 11143 11143 E ArmVmp : Match on catch block at 0xc3 in for 0xa5
03-28 11:49:18.136 11143 11143 E ArmVmp : Match on catch block at 0xc3 in for 0xa9
03-28 11:49:18.139 11143 11143 E ArmVmp : Match on catch block at 0xc3 in for 0xa9
03-28 11:49:18.144 11143 11143 E ArmVmp : Match on catch block at 0xc3 in for 0xa1
03-28 11:49:18.150 11143 11143 E ArmVmp : Match on catch block at 0xc3 in for 0xa5
03-28 11:49:18.153 11143 11143 E ArmVmp : Match on catch block at 0xc3 in for 0xa5
03-28 11:49:18.158 11143 11143 E ArmVmp : Match on catch block at 0xc3 in for 0xa9
03-28 11:49:18.162 11143 11143 E ArmVmp : Match on catch block at 0xc3 in for 0xa1
03-28 11:49:18.165 11143 11143 E ArmVmp : Match on catch block at 0xc3 in for 0xa1
03-28 11:49:18.170 11143 11143 E ArmVmp : Match on catch block at 0xc3 in for 0xa5
03-28 11:49:18.174 11143 11143 E ArmVmp : Match on catch block at 0xc3 in for 0xa9
03-28 11:49:18.177 11143 11143 E ArmVmp : Match on catch block at 0xc3 in for 0xa9
03-28 11:49:18.187 11143 11143 E ArmVmp : Match on catch block at 0xc3 in for 0xa1
03-28 11:49:18.191 11143 11143 E ArmVmp : Match on catch block at 0xc3 in for 0xa5
03-28 11:49:18.194 11143 11143 E ArmVmp : Match on catch block at 0xc3 in for 0xa5
03-28 11:49:18.207 11143 11143 E ArmVmp : Match on catch block at 0xc3 in for 0xa9
03-28 11:49:18.211 11143 11143 E ArmVmp : Match on catch block at 0xc3 in for 0xa1
03-28 11:49:18.214 11143 11143 E ArmVmp : Match on catch block at 0xc3 in for 0xa1
03-28 11:49:18.220 11143 11143 E ArmVmp : Match on catch block at 0xc3 in for 0xa5
03-28 11:49:18.224 11143 11143 E ArmVmp : Match on catch block at 0xc3 in for 0xa9
03-28 11:49:18.226 11143 11143 E ArmVmp : Match on catch block at 0xc3 in for 0xa9
03-28 11:49:18.234 11143 11143 E ArmVmp : Match on catch block at 0xc3 in for 0xa1
03-28 11:49:18.238 11143 11143 E ArmVmp : Match on catch block at 0xc3 in for 0xa5
03-28 11:49:18.241 11143 11143 E ArmVmp : Match on catch block at 0xc3 in for 0xa5
03-28 11:49:18.254 11143 11143 E ArmVmp : Match on catch block at 0xc3 in for 0xa9
03-28 11:49:18.258 11143 11143 E ArmVmp : Match on catch block at 0xc3 in for 0xa1
03-28 11:49:18.260 11143 11143 E ArmVmp : Match on catch block at 0xc3 in for 0xa1
03-28 11:49:18.284 11143 11143 E ArmVmp : Match on catch block at 0xc3 in for 0xa5
03-28 11:49:18.292 11143 11143 E ArmVmp : Match on catch block at 0xc3 in for 0xa9
03-28 11:49:18.295 11143 11143 E ArmVmp : Match on catch block at 0xc3 in for 0xa9
03-28 11:49:18.300 11143 11143 E ArmVmp : Match on catch block at 0xc3 in for 0xa1
03-28 11:49:18.304 11143 11143 E ArmVmp : Match on catch block at 0xc3 in for 0xa5
03-28 11:49:18.307 11143 11143 E ArmVmp : Match on catch block at 0xc3 in for 0xa5
03-28 11:49:18.341 11143 11143 E ArmVmp : Match on catch block at 0xc3 in for 0xa9
03-28 11:49:18.344 11143 11143 E ArmVmp : Match on catch block at 0xc3 in for 0xa1
03-28 11:49:18.347 11143 11143 E ArmVmp : Match on catch block at 0xc3 in for 0xa1
03-28 11:49:18.351 11143 11794 W RenderInspector: DequeueBuffer time out on com.mbwhatsapp/com.mbwhatsapp.Conversation, count=1, avg=24 ms, max=24 ms.
03-28 11:49:18.718 11143 11143 E ArmVmp : Match on catch block at 0xc3 in for 0xa5
03-28 11:49:18.732 11143 11143 E ArmVmp : Match on catch block at 0xc3 in for 0xa9
03-28 11:49:18.738 11143 11143 E ArmVmp : Match on catch block at 0xc3 in for 0xa9
03-28 11:49:19.166 11143 12055 W MediaPlayer: Use of stream types is deprecated for operations other than volume control
03-28 11:49:19.166 11143 12055 W MediaPlayer: See the documentation of setAudioStreamType() for what to use instead with android.media.AudioAttributes to qualify your playback use case
03-28 11:49:19.226 11143 11143 E ArmVmp : Match on catch block at 0xc3 in for 0xa9
03-28 11:49:19.232 11143 11143 E ArmVmp : Match on catch block at 0xc3 in for 0xa1
03-28 11:49:19.234 11143 11143 E ArmVmp : Match on catch block at 0xc3 in for 0xa1
03-28 11:49:19.262 11143 11143 E ArmVmp : Match on catch block at 0xc3 in for 0xa9
03-28 11:49:19.267 11143 11143 E ArmVmp : Match on catch block at 0xc3 in for 0xa1
03-28 11:49:19.269 11143 11143 E ArmVmp : Match on catch block at 0xc3 in for 0xa1
03-28 11:49:19.286 11143 11143 E ArmVmp : Match on catch block at 0xc3 in for 0xa5
03-28 11:49:19.289 11143 11143 E ArmVmp : Match on catch block at 0xc3 in for 0xa9
03-28 11:49:19.292 11143 11143 E ArmVmp : Match on catch block at 0xc3 in for 0xa9
03-28 11:49:19.563 11143 11143 E ArmVmp : Match on catch block at 0xc3 in for 0xa9
03-28 11:49:19.567 11143 11143 E ArmVmp : Match on catch block at 0xc3 in for 0xa1
03-28 11:49:19.569 11143 11143 E ArmVmp : Match on catch block at 0xc3 in for 0xa1
03-28 11:49:19.577 11143 11143 E ArmVmp : Match on catch block at 0xc3 in for 0xa5
03-28 11:49:19.581 11143 11143 E ArmVmp : Match on catch block at 0xc3 in for 0xa9
03-28 11:49:19.584 11143 11143 E ArmVmp : Match on catch block at 0xc3 in for 0xa9
03-28 11:49:19.749 11143 11143 E ArmVmp : Match on catch block at 0xc3 in for 0xa1
03-28 11:49:19.754 11143 11143 E ArmVmp : Match on catch block at 0xc3 in for 0xa5
03-28 11:49:19.757 11143 11143 E ArmVmp : Match on catch block at 0xc3 in for 0xa5
03-28 11:49:19.775 11143 11143 E ArmVmp : Match on catch block at 0xc3 in for 0xa9
03-28 11:49:19.779 11143 11143 E ArmVmp : Match on catch block at 0xc3 in for 0xa1
03-28 11:49:19.783 11143 11143 E ArmVmp : Match on catch block at 0xc3 in for 0xa1
03-28 11:49:19.797 11143 11143 E ArmVmp : Match on catch block at 0xc3 in for 0xa5
03-28 11:49:19.801 11143 11143 E ArmVmp : Match on catch block at 0xc3 in for 0xa9
03-28 11:49:19.804 11143 11143 E ArmVmp : Match on catch block at 0xc3 in for 0xa9
03-28 11:49:19.893 11143 11143 E ArmVmp : Match on catch block at 0xc3 in for 0xa1
03-28 11:49:19.897 11143 11143 E ArmVmp : Match on catch block at 0xc3 in for 0xa5
03-28 11:49:19.900 11143 11143 E ArmVmp : Match on catch block at 0xc3 in for 0xa5
03-28 11:49:19.978 11143 11143 E ArmVmp : Match on catch block at 0xc3 in for 0xa5
03-28 11:49:19.982 11143 11143 E ArmVmp : Match on catch block at 0xc3 in for 0xa9
03-28 11:49:19.985 11143 11143 E ArmVmp : Match on catch block at 0xc3 in for 0xa9
03-28 11:49:20.027 11143 11143 E ArmVmp : Match on catch block at 0xc3 in for 0xa1
03-28 11:49:20.033 11143 11143 E ArmVmp : Match on catch block at 0xc3 in for 0xa5
03-28 11:49:20.036 11143 11143 E ArmVmp : Match on catch block at 0xc3 in for 0xa5
03-28 11:49:20.066 11143 11143 E ArmVmp : Match on catch block at 0xc3 in for 0xa9
03-28 11:49:20.071 11143 11143 E ArmVmp : Match on catch block at 0xc3 in for 0xa1
03-28 11:49:20.075 11143 11143 E ArmVmp : Match on catch block at 0xc3 in for 0xa1
03-28 11:49:20.087 11143 11143 E ArmVmp : Match on catch block at 0xc3 in for 0xa5
03-28 11:49:20.092 11143 11143 E ArmVmp : Match on catch block at 0xc3 in for 0xa9
03-28 11:49:20.096 11143 11143 E ArmVmp : Match on catch block at 0xc3 in for 0xa9
03-28 11:49:20.107 11143 11143 E ArmVmp : Match on catch block at 0xc3 in for 0xa1
03-28 11:49:20.111 11143 11143 E ArmVmp : Match on catch block at 0xc3 in for 0xa5
03-28 11:49:20.114 11143 11143 E ArmVmp : Match on catch block at 0xc3 in for 0xa5
03-28 11:49:20.124 11143 11143 E ArmVmp : Match on catch block at 0xc3 in for 0xa9
03-28 11:49:20.129 11143 11143 E ArmVmp : Match on catch block at 0xc3 in for 0xa1
03-28 11:49:20.132 11143 11143 E ArmVmp : Match on catch block at 0xc3 in for 0xa1
03-28 11:49:20.143 11143 11143 E ArmVmp : Match on catch block at 0xc3 in for 0xa5
03-28 11:49:20.149 11143 11143 E ArmVmp : Match on catch block at 0xc3 in for 0xa9
03-28 11:49:20.153 11143 11143 E ArmVmp : Match on catch block at 0xc3 in for 0xa9
03-28 11:49:20.165 11143 11143 E ArmVmp : Match on catch block at 0xc3 in for 0xa1
03-28 11:49:20.169 11143 11143 E ArmVmp : Match on catch block at 0xc3 in for 0xa5
03-28 11:49:20.172 11143 11143 E ArmVmp : Match on catch block at 0xc3 in for 0xa5
03-28 11:49:20.184 11143 11143 E ArmVmp : Match on catch block at 0xc3 in for 0xa9
03-28 11:49:20.189 11143 11143 E ArmVmp : Match on catch block at 0xc3 in for 0xa1
03-28 11:49:20.192 11143 11143 E ArmVmp : Match on catch block at 0xc3 in for 0xa1
03-28 11:49:20.205 11143 11143 E ArmVmp : Match on catch block at 0xc3 in for 0xa5
03-28 11:49:20.211 11143 11143 E ArmVmp : Match on catch block at 0xc3 in for 0xa9
03-28 11:49:20.214 11143 11143 E ArmVmp : Match on catch block at 0xc3 in for 0xa9
03-28 11:49:20.227 11143 11143 E ArmVmp : Match on catch block at 0xc3 in for 0xa1
03-28 11:49:20.233 11143 11143 E ArmVmp : Match on catch block at 0xc3 in for 0xa5
03-28 11:49:20.238 11143 11143 E ArmVmp : Match on catch block at 0xc3 in for 0xa5
03-28 11:49:20.266 11143 11143 E ArmVmp : Match on catch block at 0xc3 in for 0xa9
03-28 11:49:20.272 11143 11143 E ArmVmp : Match on catch block at 0xc3 in for 0xa1
03-28 11:49:20.276 11143 11143 E ArmVmp : Match on catch block at 0xc3 in for 0xa1
03-28 11:49:20.316 11143 11143 E ArmVmp : Match on catch block at 0xc3 in for 0xa5
03-28 11:49:20.322 11143 11143 E ArmVmp : Match on catch block at 0xc3 in for 0xa9
03-28 11:49:20.326 11143 11143 E ArmVmp : Match on catch block at 0xc3 in for 0xa9
03-28 11:49:20.857 11143 11143 E ArmVmp : Match on catch block at 0xc3 in for 0xa1
03-28 11:49:20.863 11143 11143 E ArmVmp : Match on catch block at 0xc3 in for 0xa5
03-28 11:49:20.867 11143 11143 E ArmVmp : Match on catch block at 0xc3 in for 0xa5
03-28 11:49:21.359 11143 11143 E ArmVmp : Match on catch block at 0xc3 in for 0xa1
03-28 11:49:21.376 11143 11143 E ArmVmp : Match on catch block at 0xc3 in for 0xa5
03-28 11:49:21.386 11143 11143 E ArmVmp : Match on catch block at 0xc3 in for 0xa5
03-28 11:49:21.499 11143 11143 E ArmVmp : Match on catch block at 0xc3 in for 0xa9
03-28 11:49:21.505 11143 11143 E ArmVmp : Match on catch block at 0xc3 in for 0xa1
03-28 11:49:21.510 11143 11143 E ArmVmp : Match on catch block at 0xc3 in for 0xa1
03-28 11:49:21.517 11143 11143 E ArmVmp : Match on catch block at 0xc3 in for 0xa5
03-28 11:49:21.524 11143 11143 E ArmVmp : Match on catch block at 0xc3 in for 0xa9
03-28 11:49:21.528 11143 11143 E ArmVmp : Match on catch block at 0xc3 in for 0xa9
03-28 11:49:21.549 11143 11143 E ArmVmp : Match on catch block at 0xc3 in for 0xa1
03-28 11:49:21.556 11143 11143 E ArmVmp : Match on catch block at 0xc3 in for 0xa5
03-28 11:49:21.560 11143 11143 E ArmVmp : Match on catch block at 0xc3 in for 0xa5
03-28 11:49:21.567 11143 11143 E ArmVmp : Match on catch block at 0xc3 in for 0xa9
03-28 11:49:21.574 11143 11143 E ArmVmp : Match on catch block at 0xc3 in for 0xa1
03-28 11:49:21.578 11143 11143 E ArmVmp : Match on catch block at 0xc3 in for 0xa1
03-28 11:49:21.585 11143 11143 E ArmVmp : Match on catch block at 0xc3 in for 0xa5
03-28 11:49:21.592 11143 11143 E ArmVmp : Match on catch block at 0xc3 in for 0xa9
03-28 11:49:21.596 11143 11143 E ArmVmp : Match on catch block at 0xc3 in for 0xa9
03-28 11:49:21.604 11143 11143 E ArmVmp : Match on catch block at 0xc3 in for 0xa1
03-28 11:49:21.610 11143 11143 E ArmVmp : Match on catch block at 0xc3 in for 0xa5
03-28 11:49:21.614 11143 11143 E ArmVmp : Match on catch block at 0xc3 in for 0xa5
03-28 11:49:21.620 11143 11143 E ArmVmp : Match on catch block at 0xc3 in for 0xa9
03-28 11:49:21.626 11143 11143 E ArmVmp : Match on catch block at 0xc3 in for 0xa1
03-28 11:49:21.629 11143 11143 E ArmVmp : Match on catch block at 0xc3 in for 0xa1
03-28 11:49:21.635 11143 11143 E ArmVmp : Match on catch block at 0xc3 in for 0xa5
03-28 11:49:21.641 11143 11143 E ArmVmp : Match on catch block at 0xc3 in for 0xa9
03-28 11:49:21.644 11143 11143 E ArmVmp : Match on catch block at 0xc3 in for 0xa9
03-28 11:49:21.650 11143 11143 E ArmVmp : Match on catch block at 0xc3 in for 0xa1
03-28 11:49:21.656 11143 11143 E ArmVmp : Match on catch block at 0xc3 in for 0xa5
03-28 11:49:21.659 11143 11143 E ArmVmp : Match on catch block at 0xc3 in for 0xa5
03-28 11:49:21.671 11143 11143 E ArmVmp : Match on catch block at 0xc3 in for 0xa9
03-28 11:49:21.676 11143 11143 E ArmVmp : Match on catch block at 0xc3 in for 0xa1
03-28 11:49:21.680 11143 11143 E ArmVmp : Match on catch block at 0xc3 in for 0xa1
03-28 11:49:21.685 11143 11143 E ArmVmp : Match on catch block at 0xc3 in for 0xa5
03-28 11:49:21.690 11143 11143 E ArmVmp : Match on catch block at 0xc3 in for 0xa9
03-28 11:49:21.693 11143 11143 E ArmVmp : Match on catch block at 0xc3 in for 0xa9
03-28 11:49:21.699 11143 11143 E ArmVmp : Match on catch block at 0xc3 in for 0xa1
03-28 11:49:21.704 11143 11143 E ArmVmp : Match on catch block at 0xc3 in for 0xa5
03-28 11:49:21.707 11143 11143 E ArmVmp : Match on catch block at 0xc3 in for 0xa5
03-28 11:49:21.715 11143 11143 E ArmVmp : Match on catch block at 0xc3 in for 0xa9
03-28 11:49:21.720 11143 11143 E ArmVmp : Match on catch block at 0xc3 in for 0xa1
03-28 11:49:21.723 11143 11143 E ArmVmp : Match on catch block at 0xc3 in for 0xa1
03-28 11:49:21.731 11143 11143 E ArmVmp : Match on catch block at 0xc3 in for 0xa5
03-28 11:49:21.737 11143 11143 E ArmVmp : Match on catch block at 0xc3 in for 0xa9
03-28 11:49:21.740 11143 11143 E ArmVmp : Match on catch block at 0xc3 in for 0xa9
03-28 11:49:21.748 11143 11143 E ArmVmp : Match on catch block at 0xc3 in for 0xa1
03-28 11:49:21.753 11143 11143 E ArmVmp : Match on catch block at 0xc3 in for 0xa5
03-28 11:49:21.756 11143 11143 E ArmVmp : Match on catch block at 0xc3 in for 0xa5
03-28 11:49:21.849 11143 11143 E ArmVmp : Match on catch block at 0xc3 in for 0xa9
03-28 11:49:21.855 11143 11143 E ArmVmp : Match on catch block at 0xc3 in for 0xa1
03-28 11:49:21.859 11143 11143 E ArmVmp : Match on catch block at 0xc3 in for 0xa1
03-28 11:49:22.188 11143 11143 E ArmVmp : Match on catch block at 0xc3 in for 0xa5
03-28 11:49:22.194 11143 11143 E ArmVmp : Match on catch block at 0xc3 in for 0xa9
03-28 11:49:22.199 11143 11143 E ArmVmp : Match on catch block at 0xc3 in for 0xa9
03-28 11:49:22.214 11143 11143 E ArmVmp : Match on catch block at 0xc3 in for 0xa9
03-28 11:49:22.218 11143 11143 E ArmVmp : Match on catch block at 0xc3 in for 0xa1
03-28 11:49:22.223 11143 11143 E ArmVmp : Match on catch block at 0xc3 in for 0xa1
03-28 11:49:22.370 11143 11143 E ArmVmp : Match on catch block at 0xc3 in for 0xa1
03-28 11:49:22.376 11143 11143 E ArmVmp : Match on catch block at 0xc3 in for 0xa5
03-28 11:49:22.380 11143 11143 E ArmVmp : Match on catch block at 0xc3 in for 0xa5
03-28 11:49:22.393 11143 11143 E ArmVmp : Match on catch block at 0xc3 in for 0xa9
03-28 11:49:22.398 11143 11794 W RenderInspector: DequeueBuffer time out on Toast, count=5, avg=15 ms, max=17 ms.
03-28 11:49:22.400 11143 11143 E ArmVmp : Match on catch block at 0xc3 in for 0xa1
03-28 11:49:22.404 11143 11143 E ArmVmp : Match on catch block at 0xc3 in for 0xa1
03-28 11:49:22.485 11143 11143 E ArmVmp : Match on catch block at 0xc3 in for 0xa5
03-28 11:49:22.492 11143 11143 E ArmVmp : Match on catch block at 0xc3 in for 0xa9
03-28 11:49:22.497 11143 11143 E ArmVmp : Match on catch block at 0xc3 in for 0xa9
03-28 11:49:22.842 11143 11143 E ArmVmp : Match on catch block at 0xc3 in for 0xa1
03-28 11:49:22.847 11143 11143 E ArmVmp : Match on catch block at 0xc3 in for 0xa5
03-28 11:49:22.850 11143 11143 E ArmVmp : Match on catch block at 0xc3 in for 0xa5
03-28 11:49:22.884 11143 11143 E ArmVmp : Match on catch block at 0xc3 in for 0xa5
03-28 11:49:22.891 11143 11143 E ArmVmp : Match on catch block at 0xc3 in for 0xa9
03-28 11:49:22.894 11143 11143 E ArmVmp : Match on catch block at 0xc3 in for 0xa9
03-28 11:49:22.901 11143 11143 W IInputConnectionWrapper: requestCursorAnchorInfo on inactive InputConnection
03-28 11:49:22.905 11143 11143 E ArmVmp : Match on catch block at 0xc3 in for 0xa1
03-28 11:49:22.912 11143 11143 E ArmVmp : Match on catch block at 0xc3 in for 0xa5
03-28 11:49:22.917 11143 11143 E ArmVmp : Match on catch block at 0xc3 in for 0xa5
03-28 11:49:22.944 11143 11143 E ArmVmp : Match on catch block at 0xc3 in for 0xa9
03-28 11:49:22.948 11143 11143 E ArmVmp : Match on catch block at 0xc3 in for 0xa1
03-28 11:49:22.962 11143 11143 E ArmVmp : Match on catch block at 0xc3 in for 0xa1
03-28 11:49:22.967 11143 11143 E ArmVmp : Match on catch block at 0xc3 in for 0xa5
03-28 11:49:22.970 11143 11143 E ArmVmp : Match on catch block at 0xc3 in for 0xa5
03-28 11:49:22.986 11143 11143 E ArmVmp : Match on catch block at 0xc3 in for 0xa9
03-28 11:49:22.991 11143 11143 E ArmVmp : Match on catch block at 0xc3 in for 0xa1
03-28 11:49:22.994 11143 11143 E ArmVmp : Match on catch block at 0xc3 in for 0xa1
03-28 11:49:23.007 11143 11143 E ArmVmp : Match on catch block at 0xc3 in for 0xa5
03-28 11:49:23.014 11143 11143 E ArmVmp : Match on catch block at 0xc3 in for 0xa9
03-28 11:49:23.017 11143 11143 E ArmVmp : Match on catch block at 0xc3 in for 0xa9
03-28 11:49:23.024 11143 11143 E ArmVmp : Match on catch block at 0xc3 in for 0xa1
03-28 11:49:23.029 11143 11143 E ArmVmp : Match on catch block at 0xc3 in for 0xa5
03-28 11:49:23.032 11143 11143 E ArmVmp : Match on catch block at 0xc3 in for 0xa5
03-28 11:49:23.775 11143 11143 W InputEventReceiver: Attempted to finish an input event but the input event receiver has already been disposed.
03-28 11:49:23.807 11143 11143 E ArmVmp : Match on catch block at 0xc3 in for 0xa9
03-28 11:49:23.813 11143 11143 E ArmVmp : Match on catch block at 0xc3 in for 0xa1
03-28 11:49:23.817 11143 11143 E ArmVmp : Match on catch block at 0xc3 in for 0xa1
03-28 11:49:24.307 11143 11143 E ArmVmp : Match on catch block at 0xc3 in for 0xa5
03-28 11:49:24.325 11143 11143 E ArmVmp : Match on catch block at 0xc3 in for 0xa9
03-28 11:49:24.331 11143 11143 E ArmVmp : Match on catch block at 0xc3 in for 0xa9
03-28 11:49:24.819 11143 11143 E ArmVmp : Match on catch block at 0xc3 in for 0xa1
03-28 11:49:24.831 11143 11143 E ArmVmp : Match on catch block at 0xc3 in for 0xa5
03-28 11:49:24.838 11143 11143 E ArmVmp : Match on catch block at 0xc3 in for 0xa5
03-28 11:49:25.318 11143 11143 E ArmVmp : Match on catch block at 0xc3 in for 0xa9
03-28 11:49:25.327 11143 11143 E ArmVmp : Match on catch block at 0xc3 in for 0xa1
03-28 11:49:25.335 11143 11143 E ArmVmp : Match on catch block at 0xc3 in for 0xa1
03-28 11:49:25.819 11143 11143 E ArmVmp : Match on catch block at 0xc3 in for 0xa5
03-28 11:49:25.834 11143 11143 E ArmVmp : Match on catch block at 0xc3 in for 0xa9
03-28 11:49:25.841 11143 11143 E ArmVmp : Match on catch block at 0xc3 in for 0xa9
03-28 11:49:26.306 11143 11143 E ArmVmp : Match on catch block at 0xc3 in for 0xa1
03-28 11:49:26.324 11143 11143 E ArmVmp : Match on catch block at 0xc3 in for 0xa5
03-28 11:49:26.330 11143 11143 E ArmVmp : Match on catch block at 0xc3 in for 0xa5
03-28 11:49:26.422 11143 11143 E ArmVmp : Match on catch block at 0xc3 in for 0xa1
03-28 11:49:26.426 11143 11143 E ArmVmp : Match on catch block at 0xc3 in for 0xa5
03-28 11:49:26.449 11143 11143 E ArmVmp : Match on catch block at 0xc3 in for 0xa5
03-28 11:49:26.454 11143 11143 E ArmVmp : Match on catch block at 0xc3 in for 0xa9
03-28 11:49:26.457 11143 11143 E ArmVmp : Match on catch block at 0xc3 in for 0xa9
03-28 11:49:26.465 11143 11143 E ArmVmp : Match on catch block at 0xc3 in for 0xa1
03-28 11:49:26.470 11143 11143 E ArmVmp : Match on catch block at 0xc3 in for 0xa5
03-28 11:49:26.472 11143 11143 E ArmVmp : Match on catch block at 0xc3 in for 0xa5
03-28 11:49:26.483 11143 11143 E ArmVmp : Match on catch block at 0xc3 in for 0xa9
03-28 11:49:26.487 11143 11143 E ArmVmp : Match on catch block at 0xc3 in for 0xa1
03-28 11:49:26.490 11143 11143 E ArmVmp : Match on catch block at 0xc3 in for 0xa1
03-28 11:49:26.499 11143 11143 E ArmVmp : Match on catch block at 0xc3 in for 0xa5
03-28 11:49:26.504 11143 11143 E ArmVmp : Match on catch block at 0xc3 in for 0xa9
03-28 11:49:26.507 11143 11143 E ArmVmp : Match on catch block at 0xc3 in for 0xa9
03-28 11:49:26.522 11143 11143 E ArmVmp : Match on catch block at 0xc3 in for 0xa1
03-28 11:49:26.526 11143 11143 E ArmVmp : Match on catch block at 0xc3 in for 0xa5
03-28 11:49:26.529 11143 11143 E ArmVmp : Match on catch block at 0xc3 in for 0xa5
03-28 11:49:26.550 11143 11143 E ArmVmp : Match on catch block at 0xc3 in for 0xa9
03-28 11:49:26.555 11143 11143 E ArmVmp : Match on catch block at 0xc3 in for 0xa1
03-28 11:49:26.559 11143 11143 E ArmVmp : Match on catch block at 0xc3 in for 0xa1
03-28 11:49:26.568 11143 11143 E ArmVmp : Match on catch block at 0xc3 in for 0xa5
03-28 11:49:26.574 11143 11143 E ArmVmp : Match on catch block at 0xc3 in for 0xa9
03-28 11:49:26.578 11143 11143 E ArmVmp : Match on catch block at 0xc3 in for 0xa9
03-28 11:49:26.601 11143 11143 E ArmVmp : Match on catch block at 0xc3 in for 0xa1
03-28 11:49:26.607 11143 11143 E ArmVmp : Match on catch block at 0xc3 in for 0xa5
03-28 11:49:26.611 11143 11143 E ArmVmp : Match on catch block at 0xc3 in for 0xa5
03-28 11:49:26.635 11143 11143 E ArmVmp : Match on catch block at 0xc3 in for 0xa9
03-28 11:49:26.641 11143 11143 E ArmVmp : Match on catch block at 0xc3 in for 0xa1
03-28 11:49:26.646 11143 11143 E ArmVmp : Match on catch block at 0xc3 in for 0xa1
03-28 11:49:26.784 11143 11143 E ArmVmp : Match on catch block at 0xc3 in for 0xa5
03-28 11:49:26.794 11143 11143 E ArmVmp : Match on catch block at 0xc3 in for 0xa9
03-28 11:49:26.801 11143 11143 E ArmVmp : Match on catch block at 0xc3 in for 0xa9
03-28 11:49:27.022 11143 11143 E ArmVmp : Match on catch block at 0xc3 in for 0xa1
03-28 11:49:27.030 11143 11143 E ArmVmp : Match on catch block at 0xc3 in for 0xa5
03-28 11:49:27.035 11143 11143 E ArmVmp : Match on catch block at 0xc3 in for 0xa5
03-28 11:49:27.071 11143 11143 E ArmVmp : Match on catch block at 0xc3 in for 0xa1
03-28 11:49:27.078 11143 11143 E ArmVmp : Match on catch block at 0xc3 in for 0xa5
03-28 11:49:27.081 11143 11143 E ArmVmp : Match on catch block at 0xc3 in for 0xa5
03-28 11:49:27.129 11143 11143 E ArmVmp : Match on catch block at 0xc3 in for 0xa1
03-28 11:49:27.135 11143 11143 E ArmVmp : Match on catch block at 0xc3 in for 0xa5
03-28 11:49:27.143 11143 11143 E ArmVmp : Match on catch block at 0xc3 in for 0xa1
03-28 11:49:27.147 11143 11143 E ArmVmp : Match on catch block at 0xc3 in for 0xa5
03-28 11:49:27.190 11143 11143 E ArmVmp : Match on catch block at 0xc3 in for 0xa1
03-28 11:49:27.195 11143 11143 E ArmVmp : Match on catch block at 0xc3 in for 0xa5
03-28 11:49:27.222 11143 11143 E ArmVmp : Match on catch block at 0xc3 in for 0xa5
03-28 11:49:27.226 11143 11143 E ArmVmp : Match on catch block at 0xc3 in for 0xa9
03-28 11:49:27.249 11143 11143 E ArmVmp : Match on catch block at 0xc3 in for 0xa5
03-28 11:49:27.254 11143 11143 E ArmVmp : Match on catch block at 0xc3 in for 0xa9
03-28 11:49:27.260 11143 11143 E ArmVmp : Match on catch block at 0xc3 in for 0xa5
03-28 11:49:27.264 11143 11143 E ArmVmp : Match on catch block at 0xc3 in for 0xa9
03-28 11:49:27.282 11143 11143 E ArmVmp : Match on catch block at 0xc3 in for 0xa5
03-28 11:49:27.286 11143 11143 E ArmVmp : Match on catch block at 0xc3 in for 0xa9
03-28 11:49:27.492 11143 11143 E ArmVmp : Match on catch block at 0xc3 in for 0xa5
03-28 11:49:27.497 11143 11143 E ArmVmp : Match on catch block at 0xc3 in for 0xa9
03-28 11:49:27.506 11143 11143 E ArmVmp : Match on catch block at 0xc3 in for 0xa5
03-28 11:49:27.510 11143 12055 W MediaPlayer: Use of stream types is deprecated for operations other than volume control
03-28 11:49:27.510 11143 12055 W MediaPlayer: See the documentation of setAudioStreamType() for what to use instead with android.media.AudioAttributes to qualify your playback use case
03-28 11:49:27.513 11143 11143 E ArmVmp : Match on catch block at 0xc3 in for 0xa9
03-28 11:49:27.566 11143 11143 E ArmVmp : Match on catch block at 0xc3 in for 0xa1
03-28 11:49:27.570 11143 11143 E ArmVmp : Match on catch block at 0xc3 in for 0xa5
03-28 11:49:27.790 11143 11143 E ArmVmp : Match on catch block at 0xc3 in for 0xa9
03-28 11:49:27.795 11143 11143 E ArmVmp : Match on catch block at 0xc3 in for 0xa1
03-28 11:49:27.816 11143 11143 E ArmVmp : Match on catch block at 0xc3 in for 0xa5
03-28 11:49:27.821 11143 11143 E ArmVmp : Match on catch block at 0xc3 in for 0xa9
03-28 11:49:27.858 11143 11143 E ArmVmp : Match on catch block at 0xc3 in for 0xa9
03-28 11:49:27.861 11143 11143 E ArmVmp : Match on catch block at 0xc3 in for 0xa1
03-28 11:49:27.878 11143 11143 E ArmVmp : Match on catch block at 0xc3 in for 0xa9
03-28 11:49:27.883 11143 11143 E ArmVmp : Match on catch block at 0xc3 in for 0xa1
03-28 11:49:27.929 11143 11143 E ArmVmp : Match on catch block at 0xc3 in for 0xa1
03-28 11:49:27.936 11143 11143 E ArmVmp : Match on catch block at 0xc3 in for 0xa5
03-28 11:49:27.951 11143 11143 E ArmVmp : Match on catch block at 0xc3 in for 0xa1
03-28 11:49:27.955 11143 11143 E ArmVmp : Match on catch block at 0xc3 in for 0xa5
03-28 11:49:27.973 11143 11143 E ArmVmp : Match on catch block at 0xc3 in for 0xa1
03-28 11:49:27.979 11143 11143 E ArmVmp : Match on catch block at 0xc3 in for 0xa5
03-28 11:49:27.995 11143 11143 E ArmVmp : Match on catch block at 0xc3 in for 0xa1
03-28 11:49:27.999 11143 11143 E ArmVmp : Match on catch block at 0xc3 in for 0xa5
03-28 11:49:28.010 11143 11143 E ArmVmp : Match on catch block at 0xc3 in for 0xa1
03-28 11:49:28.014 11143 11143 E ArmVmp : Match on catch block at 0xc3 in for 0xa5
03-28 11:49:28.025 11143 11143 E ArmVmp : Match on catch block at 0xc3 in for 0xa1
03-28 11:49:28.030 11143 11143 E ArmVmp : Match on catch block at 0xc3 in for 0xa5
03-28 11:49:28.042 11143 11143 E ArmVmp : Match on catch block at 0xc3 in for 0xa1
03-28 11:49:28.047 11143 11143 E ArmVmp : Match on catch block at 0xc3 in for 0xa5
03-28 11:49:28.061 11143 11143 E ArmVmp : Match on catch block at 0xc3 in for 0xa1
03-28 11:49:28.067 11143 11143 E ArmVmp : Match on catch block at 0xc3 in for 0xa5
03-28 11:49:28.083 11143 11143 E ArmVmp : Match on catch block at 0xc3 in for 0xa1
03-28 11:49:28.089 11143 11143 E ArmVmp : Match on catch block at 0xc3 in for 0xa5
03-28 11:49:28.101 11143 11143 E ArmVmp : Match on catch block at 0xc3 in for 0xa1
03-28 11:49:28.106 11143 11143 E ArmVmp : Match on catch block at 0xc3 in for 0xa5
03-28 11:49:28.118 11143 11143 E ArmVmp : Match on catch block at 0xc3 in for 0xa1
03-28 11:49:28.124 11143 11143 E ArmVmp : Match on catch block at 0xc3 in for 0xa5
03-28 11:49:28.140 11143 11143 E ArmVmp : Match on catch block at 0xc3 in for 0xa5
03-28 11:49:28.146 11143 11143 E ArmVmp : Match on catch block at 0xc3 in for 0xa9
03-28 11:49:28.161 11143 11143 E ArmVmp : Match on catch block at 0xc3 in for 0xa5
03-28 11:49:28.166 11143 11143 E ArmVmp : Match on catch block at 0xc3 in for 0xa9
03-28 11:49:28.182 11143 11143 E ArmVmp : Match on catch block at 0xc3 in for 0xa5
03-28 11:49:28.187 11143 11143 E ArmVmp : Match on catch block at 0xc3 in for 0xa9
03-28 11:49:28.197 11143 11143 E ArmVmp : Match on catch block at 0xc3 in for 0xa5
03-28 11:49:28.202 11143 11143 E ArmVmp : Match on catch block at 0xc3 in for 0xa9
03-28 11:49:28.212 11143 11143 E ArmVmp : Match on catch block at 0xc3 in for 0xa5
03-28 11:49:28.217 11143 11143 E ArmVmp : Match on catch block at 0xc3 in for 0xa9
03-28 11:49:28.229 11143 11143 E ArmVmp : Match on catch block at 0xc3 in for 0xa5
03-28 11:49:28.234 11143 11143 E ArmVmp : Match on catch block at 0xc3 in for 0xa9
03-28 11:49:28.249 11143 11143 E ArmVmp : Match on catch block at 0xc3 in for 0xa5
03-28 11:49:28.255 11143 11143 E ArmVmp : Match on catch block at 0xc3 in for 0xa9
03-28 11:49:28.266 11143 11143 E ArmVmp : Match on catch block at 0xc3 in for 0xa5
03-28 11:49:28.270 11143 11143 E ArmVmp : Match on catch block at 0xc3 in for 0xa9
03-28 11:49:28.284 11143 11143 E ArmVmp : Match on catch block at 0xc3 in for 0xa5
03-28 11:49:28.288 11143 11143 E ArmVmp : Match on catch block at 0xc3 in for 0xa9
03-28 11:49:28.300 11143 11143 E ArmVmp : Match on catch block at 0xc3 in for 0xa5
03-28 11:49:28.306 11143 11143 E ArmVmp : Match on catch block at 0xc3 in for 0xa9
03-28 11:49:28.353 11143 11143 E ArmVmp : Match on catch block at 0xc3 in for 0xa5
03-28 11:49:28.359 11143 11143 E ArmVmp : Match on catch block at 0xc3 in for 0xa9
03-28 11:49:28.659 11143 11143 E ArmVmp : Match on catch block at 0xc3 in for 0xa5
03-28 11:49:28.663 11143 11143 E ArmVmp : Match on catch block at 0xc3 in for 0xa9
03-28 11:49:28.709 11143 11143 E ArmVmp : Match on catch block at 0xc3 in for 0xa9
03-28 11:49:28.714 11143 11143 E ArmVmp : Match on catch block at 0xc3 in for 0xa1
03-28 11:49:28.773 11143 11143 E ArmVmp : Match on catch block at 0xc3 in for 0xa1
03-28 11:49:28.777 11143 11143 E ArmVmp : Match on catch block at 0xc3 in for 0xa5
03-28 11:49:28.801 11143 11143 E ArmVmp : Match on catch block at 0xc3 in for 0xa1
03-28 11:49:28.806 11143 11143 E ArmVmp : Match on catch block at 0xc3 in for 0xa5
03-28 11:49:28.868 11143 11143 E ArmVmp : Match on catch block at 0xc3 in for 0xa5
03-28 11:49:28.872 11143 11143 E ArmVmp : Match on catch block at 0xc3 in for 0xa9
03-28 11:49:28.922 11143 11143 E ArmVmp : Match on catch block at 0xc3 in for 0xa1
03-28 11:49:28.927 11143 11143 E ArmVmp : Match on catch block at 0xc3 in for 0xa5
03-28 11:49:28.947 11143 11143 E ArmVmp : Match on catch block at 0xc3 in for 0xa5
03-28 11:49:28.954 11143 11143 E ArmVmp : Match on catch block at 0xc3 in for 0xa9
03-28 11:49:28.962 11143 11143 E ArmVmp : Match on catch block at 0xc3 in for 0xa5
03-28 11:49:28.971 11143 11143 E ArmVmp : Match on catch block at 0xc3 in for 0xa9
03-28 11:49:29.190 11143 11143 E ArmVmp : Match on catch block at 0xc3 in for 0xa1
03-28 11:49:29.206 11143 11143 E ArmVmp : Match on catch block at 0xc3 in for 0xa5
03-28 11:49:29.677 11143 11143 E ArmVmp : Match on catch block at 0xc3 in for 0xa1
03-28 11:49:29.683 11143 11143 E ArmVmp : Match on catch block at 0xc3 in for 0xa5
03-28 11:49:29.694 11143 11143 E ArmVmp : Match on catch block at 0xc3 in for 0xa1
03-28 11:49:29.697 11143 12055 W MediaPlayer: Use of stream types is deprecated for operations other than volume control
03-28 11:49:29.697 11143 12055 W MediaPlayer: See the documentation of setAudioStreamType() for what to use instead with android.media.AudioAttributes to qualify your playback use case
03-28 11:49:29.700 11143 11143 E ArmVmp : Match on catch block at 0xc3 in for 0xa5
03-28 11:49:30.090 11143 11143 E ArmVmp : Match on catch block at 0xc3 in for 0xa9
03-28 11:49:30.095 11143 11143 E ArmVmp : Match on catch block at 0xc3 in for 0xa1
03-28 11:49:30.142 11143 11143 E ArmVmp : Match on catch block at 0xc3 in for 0xa9
03-28 11:49:30.147 11143 11143 E ArmVmp : Match on catch block at 0xc3 in for 0xa1
03-28 11:49:30.164 11143 11143 E ArmVmp : Match on catch block at 0xc3 in for 0xa5
03-28 11:49:30.169 11143 11143 E ArmVmp : Match on catch block at 0xc3 in for 0xa9
03-28 11:49:30.183 11143 11143 E ArmVmp : Match on catch block at 0xc3 in for 0xa5
03-28 11:49:30.188 11143 11143 E ArmVmp : Match on catch block at 0xc3 in for 0xa9
03-28 11:49:30.199 11143 11143 E ArmVmp : Match on catch block at 0xc3 in for 0xa5
03-28 11:49:30.203 11143 11143 E ArmVmp : Match on catch block at 0xc3 in for 0xa9
03-28 11:49:30.214 11143 11143 E ArmVmp : Match on catch block at 0xc3 in for 0xa5
03-28 11:49:30.218 11143 11143 E ArmVmp : Match on catch block at 0xc3 in for 0xa9
03-28 11:49:30.229 11143 11143 E ArmVmp : Match on catch block at 0xc3 in for 0xa5
03-28 11:49:30.234 11143 11143 E ArmVmp : Match on catch block at 0xc3 in for 0xa9
03-28 11:49:30.246 11143 11143 E ArmVmp : Match on catch block at 0xc3 in for 0xa5
03-28 11:49:30.251 11143 11143 E ArmVmp : Match on catch block at 0xc3 in for 0xa9
03-28 11:49:30.263 11143 11143 E ArmVmp : Match on catch block at 0xc3 in for 0xa5
03-28 11:49:30.268 11143 11143 E ArmVmp : Match on catch block at 0xc3 in for 0xa9
03-28 11:49:30.280 11143 11143 E ArmVmp : Match on catch block at 0xc3 in for 0xa5
03-28 11:49:30.287 11143 11143 E ArmVmp : Match on catch block at 0xc3 in for 0xa9
03-28 11:49:30.300 11143 11143 E ArmVmp : Match on catch block at 0xc3 in for 0xa5
03-28 11:49:30.306 11143 11143 E ArmVmp : Match on catch block at 0xc3 in for 0xa9
03-28 11:49:30.319 11143 11143 E ArmVmp : Match on catch block at 0xc3 in for 0xa5
03-28 11:49:30.325 11143 11143 E ArmVmp : Match on catch block at 0xc3 in for 0xa9
03-28 11:49:30.338 11143 11143 E ArmVmp : Match on catch block at 0xc3 in for 0xa5
03-28 11:49:30.344 11143 11143 E ArmVmp : Match on catch block at 0xc3 in for 0xa9
03-28 11:49:30.356 11143 11143 E ArmVmp : Match on catch block at 0xc3 in for 0xa5
03-28 11:49:30.362 11143 11143 E ArmVmp : Match on catch block at 0xc3 in for 0xa9
03-28 11:49:30.375 11143 11143 E ArmVmp : Match on catch block at 0xc3 in for 0xa5
03-28 11:49:30.381 11143 11143 E ArmVmp : Match on catch block at 0xc3 in for 0xa9
03-28 11:49:30.394 11143 11143 E ArmVmp : Match on catch block at 0xc3 in for 0xa9
03-28 11:49:30.401 11143 11143 E ArmVmp : Match on catch block at 0xc3 in for 0xa1
03-28 11:49:30.414 11143 11143 E ArmVmp : Match on catch block at 0xc3 in for 0xa9
03-28 11:49:30.420 11143 11143 E ArmVmp : Match on catch block at 0xc3 in for 0xa1
03-28 11:49:30.428 11143 11143 E ArmVmp : Match on catch block at 0xc3 in for 0xa9
03-28 11:49:30.435 11143 11143 E ArmVmp : Match on catch block at 0xc3 in for 0xa1
03-28 11:49:30.443 11143 11143 E ArmVmp : Match on catch block at 0xc3 in for 0xa9
03-28 11:49:30.448 11143 11143 E ArmVmp : Match on catch block at 0xc3 in for 0xa1
03-28 11:49:30.455 11143 11143 E ArmVmp : Match on catch block at 0xc3 in for 0xa9
03-28 11:49:30.461 11143 11143 E ArmVmp : Match on catch block at 0xc3 in for 0xa1
03-28 11:49:30.469 11143 11143 E ArmVmp : Match on catch block at 0xc3 in for 0xa9
03-28 11:49:30.474 11143 11143 E ArmVmp : Match on catch block at 0xc3 in for 0xa1
03-28 11:49:30.485 11143 11143 E ArmVmp : Match on catch block at 0xc3 in for 0xa9
03-28 11:49:30.491 11143 11143 E ArmVmp : Match on catch block at 0xc3 in for 0xa1
03-28 11:49:30.502 11143 11143 E ArmVmp : Match on catch block at 0xc3 in for 0xa9
03-28 11:49:30.508 11143 11143 E ArmVmp : Match on catch block at 0xc3 in for 0xa1
03-28 11:49:30.518 11143 11143 E ArmVmp : Match on catch block at 0xc3 in for 0xa9
03-28 11:49:30.523 11143 11143 E ArmVmp : Match on catch block at 0xc3 in for 0xa1
03-28 11:49:30.725 11143 11143 E ArmVmp : Match on catch block at 0xc3 in for 0xa9
03-28 11:49:30.739 11143 11143 E ArmVmp : Match on catch block at 0xc3 in for 0xa1
03-28 11:49:31.225 11143 11143 E ArmVmp : Match on catch block at 0xc3 in for 0xa9
03-28 11:49:31.234 11143 11143 E ArmVmp : Match on catch block at 0xc3 in for 0xa1
03-28 11:49:31.722 11143 11143 E ArmVmp : Match on catch block at 0xc3 in for 0xa9
03-28 11:49:31.736 11143 11143 E ArmVmp : Match on catch block at 0xc3 in for 0xa1
03-28 11:49:31.753 11143 11143 E ArmVmp : Match on catch block at 0xc3 in for 0xa9
03-28 11:49:31.759 11143 11143 E ArmVmp : Match on catch block at 0xc3 in for 0xa1
03-28 11:49:31.769 11143 11143 E ArmVmp : Match on catch block at 0xc3 in for 0xa9
03-28 11:49:31.776 11143 11143 E ArmVmp : Match on catch block at 0xc3 in for 0xa1
03-28 11:49:31.785 11143 11143 E ArmVmp : Match on catch block at 0xc3 in for 0xa9
03-28 11:49:31.791 11143 11143 E ArmVmp : Match on catch block at 0xc3 in for 0xa1
03-28 11:49:31.803 11143 11143 E ArmVmp : Match on catch block at 0xc3 in for 0xa9
03-28 11:49:31.809 11143 11143 E ArmVmp : Match on catch block at 0xc3 in for 0xa1
03-28 11:49:31.819 11143 11143 E ArmVmp : Match on catch block at 0xc3 in for 0xa9
03-28 11:49:31.826 11143 11143 E ArmVmp : Match on catch block at 0xc3 in for 0xa1
03-28 11:49:31.837 11143 11143 E ArmVmp : Match on catch block at 0xc3 in for 0xa9
03-28 11:49:31.843 11143 11143 E ArmVmp : Match on catch block at 0xc3 in for 0xa1
03-28 11:49:31.853 11143 11143 E ArmVmp : Match on catch block at 0xc3 in for 0xa9
03-28 11:49:31.866 11143 11143 E ArmVmp : Match on catch block at 0xc3 in for 0xa1
03-28 11:49:31.892 11143 11143 E ArmVmp : Match on catch block at 0xc3 in for 0xa9
03-28 11:49:31.897 11143 11143 E ArmVmp : Match on catch block at 0xc3 in for 0xa1
03-28 11:49:31.917 11143 11143 E ArmVmp : Match on catch block at 0xc3 in for 0xa9
03-28 11:49:31.923 11143 11143 E ArmVmp : Match on catch block at 0xc3 in for 0xa1
03-28 11:49:31.961 11143 11143 E ArmVmp : Match on catch block at 0xc3 in for 0xa5
03-28 11:49:31.967 11143 11143 E ArmVmp : Match on catch block at 0xc3 in for 0xa9
03-28 11:49:31.985 11143 11143 E ArmVmp : Match on catch block at 0xc3 in for 0xa5
03-28 11:49:31.990 11143 11143 E ArmVmp : Match on catch block at 0xc3 in for 0xa9
03-28 11:49:32.007 11143 11143 E ArmVmp : Match on catch block at 0xc3 in for 0xa5
03-28 11:49:32.012 11143 11143 E ArmVmp : Match on catch block at 0xc3 in for 0xa9
