03-28 11:50:12.455 11143 11143 E ArmVmp : Match on catch block at 0x0a in for 0xa1
03-28 11:50:12.458 11143 11143 E ArmVmp : Match on catch block at 0x0a in for 0xa1
03-28 11:50:12.461 11143 11143 E ArmVmp : Match on catch block at 0x0a in for 0xa1
03-28 11:50:12.763 11143 11143 E ArmVmp : Match on catch block at 0xc3 in for 0xa9
03-28 11:50:12.767 11143 11143 E ArmVmp : Match on catch block at 0xc3 in for 0xa1
03-28 11:50:13.230 11143 11143 E ArmVmp : Match on catch block at 0xc3 in for 0xa9
03-28 11:50:13.234 11143 11143 E ArmVmp : Match on catch block at 0xc3 in for 0xa1
03-28 11:50:13.247 11143 11143 E ArmVmp : Match on catch block at 0xc3 in for 0xa9
03-28 11:50:13.251 11143 11143 E ArmVmp : Match on catch block at 0xc3 in for 0xa1
03-28 11:50:13.264 11143 11143 E ArmVmp : Match on catch block at 0xc3 in for 0xa9
03-28 11:50:13.268 11143 11143 E ArmVmp : Match on catch block at 0xc3 in for 0xa1
03-28 11:50:13.281 11143 11143 E ArmVmp : Match on catch block at 0xc3 in for 0xa9
03-28 11:50:13.286 11143 11143 E ArmVmp : Match on catch block at 0xc3 in for 0xa1
03-28 11:50:13.302 11143 11143 E ArmVmp : Match on catch block at 0xc3 in for 0xa9
03-28 11:50:13.309 11143 11143 E ArmVmp : Match on catch block at 0xc3 in for 0xa1
03-28 11:50:13.331 11143 11143 E ArmVmp : Match on catch block at 0xc3 in for 0xa9
03-28 11:50:13.338 11143 11143 E ArmVmp : Match on catch block at 0xc3 in for 0xa1
03-28 11:50:13.357 11143 11143 E ArmVmp : Match on catch block at 0xc3 in for 0xa9
03-28 11:50:13.363 11143 11143 E ArmVmp : Match on catch block at 0xc3 in for 0xa1
03-28 11:50:13.374 11143 11143 E ArmVmp : Match on catch block at 0xc3 in for 0xa9
03-28 11:50:13.379 11143 11143 E ArmVmp : Match on catch block at 0xc3 in for 0xa1
03-28 11:50:13.390 11143 11143 E ArmVmp : Match on catch block at 0xc3 in for 0xa9
03-28 11:50:13.395 11143 11143 E ArmVmp : Match on catch block at 0xc3 in for 0xa1
03-28 11:50:13.409 11143 11143 E ArmVmp : Match on catch block at 0xc3 in for 0xa9
03-28 11:50:13.414 11143 11143 E ArmVmp : Match on catch block at 0xc3 in for 0xa1
03-28 11:50:13.429 11143 11143 E ArmVmp : Match on catch block at 0xc3 in for 0xa9
03-28 11:50:13.436 11143 11143 E ArmVmp : Match on catch block at 0xc3 in for 0xa1
03-28 11:50:13.454 11143 11143 E ArmVmp : Match on catch block at 0xc3 in for 0xa9
03-28 11:50:13.460 11143 11143 E ArmVmp : Match on catch block at 0xc3 in for 0xa1
03-28 11:50:13.477 11143 11143 E ArmVmp : Match on catch block at 0xc3 in for 0xa9
03-28 11:50:13.484 11143 11143 E ArmVmp : Match on catch block at 0xc3 in for 0xa1
03-28 11:50:13.506 11143 11143 E ArmVmp : Match on catch block at 0xc3 in for 0xa9
03-28 11:50:13.510 11143 11143 E ArmVmp : Match on catch block at 0xc3 in for 0xa1
03-28 11:50:13.521 11143 11143 E ArmVmp : Match on catch block at 0x0a in for 0xa5
03-28 11:50:13.524 11143 11143 E ArmVmp : Match on catch block at 0x0a in for 0xa5
03-28 11:50:13.532 11143 11143 E ArmVmp : Match on catch block at 0x0a in for 0xa5
03-28 11:50:13.535 11143 11143 E ArmVmp : Match on catch block at 0x0a in for 0xa5
03-28 11:50:13.803 11143 11143 E ArmVmp : Match on catch block at 0xc3 in for 0xa5
03-28 11:50:13.807 11143 11143 E ArmVmp : Match on catch block at 0xc3 in for 0xa9
03-28 11:50:13.888 11143 11794 W RenderInspector: DequeueBuffer time out on Toast, count=1, avg=20 ms, max=20 ms.
03-28 11:50:14.316 11143 11143 E ArmVmp : Match on catch block at 0xc3 in for 0xa5
03-28 11:50:14.322 11143 11143 E ArmVmp : Match on catch block at 0xc3 in for 0xa9
03-28 11:50:14.433 11143 11794 W RenderInspector: DequeueBuffer time out on PopupWindow:355e925, count=1, avg=18 ms, max=18 ms.
03-28 11:50:14.633 11143 11794 W RenderInspector: DequeueBuffer time out on PopupWindow:355e925, count=1, avg=19 ms, max=19 ms.
03-28 11:50:14.817 11143 11143 E ArmVmp : Match on catch block at 0xc3 in for 0xa5
03-28 11:50:14.825 11143 11143 E ArmVmp : Match on catch block at 0xc3 in for 0xa9
03-28 11:50:15.317 11143 11143 E ArmVmp : Match on catch block at 0xc3 in for 0xa5
03-28 11:50:15.323 11143 11143 E ArmVmp : Match on catch block at 0xc3 in for 0xa9
03-28 11:50:15.343 11143 11143 E ArmVmp : Match on catch block at 0x0a in for 0xa1
03-28 11:50:15.347 11143 11794 W RenderInspector: DequeueBuffer time out on PopupWindow:355e925, count=1, avg=18 ms, max=18 ms.
03-28 11:50:15.351 11143 11143 E ArmVmp : Match on catch block at 0x0a in for 0xa1
03-28 11:50:15.354 11143 11143 E ArmVmp : Match on catch block at 0x0a in for 0xa1
03-28 11:50:15.356 11143 11143 E ArmVmp : Match on catch block at 0x0a in for 0xa1
03-28 11:50:15.816 11143 11143 E ArmVmp : Match on catch block at 0xc3 in for 0xa5
03-28 11:50:15.823 11143 11143 E ArmVmp : Match on catch block at 0xc3 in for 0xa9
03-28 11:50:16.004 11143 11794 W RenderInspector: DequeueBuffer time out on PopupWindow:355e925, count=4, avg=12 ms, max=19 ms.
03-28 11:50:16.320 11143 11143 E ArmVmp : Match on catch block at 0xc3 in for 0xa5
03-28 11:50:16.334 11143 11143 E ArmVmp : Match on catch block at 0xc3 in for 0xa9
03-28 11:50:16.455 11143 11794 W RenderInspector: DequeueBuffer time out on PopupWindow:355e925, count=1, avg=19 ms, max=19 ms.
03-28 11:50:16.799 11143 11794 W RenderInspector: DequeueBuffer time out on PopupWindow:355e925, count=5, avg=14 ms, max=19 ms.
03-28 11:50:16.806 11143 11143 E ArmVmp : Match on catch block at 0x0a in for 0xa1
03-28 11:50:16.808 11143 11143 E ArmVmp : Match on catch block at 0x0a in for 0xa1
03-28 11:50:16.818 11143 11143 E ArmVmp : Match on catch block at 0x0a in for 0xa1
03-28 11:50:16.819 11143 11143 E ArmVmp : Match on catch block at 0x0a in for 0xa1
03-28 11:50:16.833 11143 11143 E ArmVmp : Match on catch block at 0xc3 in for 0xa5
03-28 11:50:16.837 11143 11143 E ArmVmp : Match on catch block at 0xc3 in for 0xa9
03-28 11:50:17.266 11143 11794 W RenderInspector: DequeueBuffer time out on PopupWindow:355e925, count=1, avg=30 ms, max=30 ms.
03-28 11:50:17.335 11143 11143 E ArmVmp : Match on catch block at 0xc3 in for 0xa5
03-28 11:50:17.339 11143 11143 E ArmVmp : Match on catch block at 0xc3 in for 0xa9
03-28 11:50:17.851 11143 11143 E ArmVmp : Match on catch block at 0xc3 in for 0xa1
03-28 11:50:17.858 11143 11143 E ArmVmp : Match on catch block at 0xc3 in for 0xa5
03-28 11:50:18.254 11143 11143 E ArmVmp : Match on catch block at 0xc3 in for 0xa9
03-28 11:50:18.259 11143 11143 E ArmVmp : Match on catch block at 0xc3 in for 0xa1
03-28 11:50:18.301 11143 11143 E ArmVmp : Match on catch block at 0xc3 in for 0xb5
03-28 11:50:18.350 11143 11143 E ArmVmp : Match on catch block at 0xc3 in for 0xa9
03-28 11:50:18.355 11143 11143 E ArmVmp : Match on catch block at 0xc3 in for 0xa1
03-28 11:50:18.393 11143 11143 E ArmVmp : Match on catch block at 0xc3 in for 0xa5
03-28 11:50:18.469 11143 11143 E ArmVmp : Match on catch block at 0xc3 in for 0xa1
03-28 11:50:18.475 11143 11143 E ArmVmp : Match on catch block at 0xc3 in for 0xa5
03-28 11:50:18.511 11143 11143 E ArmVmp : Match on catch block at 0xc3 in for 0xa9
03-28 11:50:19.321 11143 11794 W RenderInspector: DequeueBuffer time out on PopupWindow:355e925, count=1, avg=17 ms, max=17 ms.
03-28 11:50:19.438 11143 11143 E ArmVmp : Match on catch block at 0xc3 in for 0xa9
03-28 11:50:19.443 11143 11143 E ArmVmp : Match on catch block at 0xc3 in for 0xa1
03-28 11:50:19.477 11143 11143 E ArmVmp : Match on catch block at 0xc3 in for 0xa5
03-28 11:50:19.506 11143 11143 E ArmVmp : Match on catch block at 0xc3 in for 0xa5
03-28 11:50:19.510 11143 11143 E ArmVmp : Match on catch block at 0xc3 in for 0xa9
03-28 11:50:19.538 11143 11143 E ArmVmp : Match on catch block at 0xc3 in for 0xa1
03-28 11:50:19.606 11143 11143 E ArmVmp : Match on catch block at 0xc3 in for 0xa9
03-28 11:50:19.611 11143 11143 E ArmVmp : Match on catch block at 0xc3 in for 0xa1
03-28 11:50:19.624 11143 11210 E SQLiteDatabase: Error inserting transferred=0 media_job_uuid=be1fc048-37ca-4612-937d-a2cdad6081a1 transcoded=1 gif_attribution=0 first_scan_length=0 direct_path=null thumbnail_height_width_ratio=1.0 is_animated_sticker=0 file_hash=PI0XZy4jzgrZYFL8CVQA9b4T/kTCFyACURbha3ebh2I= file_path=/data/user/0/com.mbwhatsapp/files/Stickers/PI0XZy4jzgrZYFL8CVQA9b4T- kTCFyACURbha3ebh2I=.webp file_size=42634 partial_media_hash=null face_x=0 face_y=0 height=64 trim_to=0 media_key_timestamp=0 message_url=null media_caption=null trim_from=0 mime_type=image/webp partial_media_enc_hash=null width=64 original_file_hash=null has_streaming_sidecar=0 autotransfer_retry_enabled=1 media_upload_handle=null message_row_id=13503 multicast_id=null enc_file_hash=null mute_video=0 page_count=0 first_scan_sidecar=null suspicious_content=0 file_length=42634 media_name=PI0XZy4jzgrZYFL8CVQA9b4T-kTCFyACURbha3ebh2I=.webp media_duration=0 chat_row_id=2 media_key=null
03-28 11:50:19.624 11143 11210 E SQLiteDatabase: android.database.sqlite.SQLiteConstraintException: UNIQUE constraint failed: message_media.message_row_id (code 1555 SQLITE_CONSTRAINT_PRIMARYKEY)
03-28 11:50:19.624 11143 11210 E SQLiteDatabase: at android.database.sqlite.SQLiteConnection.nativeExecuteForLastInsertedRowId(Native Method)
03-28 11:50:19.624 11143 11210 E SQLiteDatabase: at android.database.sqlite.SQLiteConnection.executeForLastInsertedRowId(SQLiteConnecti on.java:879)
03-28 11:50:19.624 11143 11210 E SQLiteDatabase: at android.database.sqlite.SQLiteSession.executeForLastInsertedRowId(SQLiteSession.jav a:790)
03-28 11:50:19.624 11143 11210 E SQLiteDatabase: at android.database.sqlite.SQLiteStatement.executeInsert(SQLiteStatement.java:88)
03-28 11:50:19.624 11143 11210 E SQLiteDatabase: at android.database.sqlite.SQLiteDatabase.insertWithOnConflict(SQLiteDatabase.java:159 9)
03-28 11:50:19.624 11143 11210 E SQLiteDatabase: at android.database.sqlite.SQLiteDatabase.insert(SQLiteDatabase.java:1468)
03-28 11:50:19.624 11143 11210 E SQLiteDatabase: at X.2tm.A08(Unknown Source:6)
03-28 11:50:19.624 11143 11210 E SQLiteDatabase: at X.35Y.A07(Unknown Source:212)
03-28 11:50:19.624 11143 11210 E SQLiteDatabase: at X.3QF.A14(Unknown Source:470)
03-28 11:50:19.624 11143 11210 E SQLiteDatabase: at X.3gU.run(Unknown Source:982)
03-28 11:50:19.624 11143 11210 E SQLiteDatabase: at android.os.Handler.handleCallback(Handler.java:914)
03-28 11:50:19.624 11143 11210 E SQLiteDatabase: at android.os.Handler.dispatchMessage(Handler.java:100)
03-28 11:50:19.624 11143 11210 E SQLiteDatabase: at X.0zq.dispatchMessage(Unknown Source:4)
03-28 11:50:19.624 11143 11210 E SQLiteDatabase: at android.os.Looper.loop(Looper.java:225)
03-28 11:50:19.624 11143 11210 E SQLiteDatabase: at android.os.HandlerThread.run(HandlerThread.java:67)
03-28 11:50:19.639 11143 11143 E ArmVmp : Match on catch block at 0xc3 in for 0xa1
03-28 11:50:19.643 11143 11143 E ArmVmp : Match on catch block at 0xc3 in for 0xa5
03-28 11:50:19.740 11143 11143 E ArmVmp : Match on catch block at 0xc3 in for 0xa5
03-28 11:50:19.744 11143 11143 E ArmVmp : Match on catch block at 0xc3 in for 0xa9
03-28 11:50:19.794 11143 11143 E ArmVmp : Match on catch block at 0xc3 in for 0xa5
03-28 11:50:19.798 11143 11143 E ArmVmp : Match on catch block at 0xc3 in for 0xa9
03-28 11:50:19.820 11143 11143 E ArmVmp : Match on catch block at 0xc3 in for 0xa9
03-28 11:50:19.824 11143 11143 E ArmVmp : Match on catch block at 0xc3 in for 0xa1
03-28 11:50:19.839 11143 11143 E ArmVmp : Match on catch block at 0x0a in for 0xa1
03-28 11:50:19.892 11143 11143 E ArmVmp : Match on catch block at 0xc3 in for 0xa9
03-28 11:50:19.898 11143 11143 E ArmVmp : Match on catch block at 0xc3 in for 0xa1
03-28 11:50:19.921 11143 11143 E ArmVmp : Match on catch block at 0xc3 in for 0xa9
03-28 11:50:19.926 11143 11143 E ArmVmp : Match on catch block at 0xc3 in for 0xa1
03-28 11:50:20.176 11143 11143 E ArmVmp : Match on catch block at 0xc3 in for 0xa1
03-28 11:50:20.180 11143 11143 E ArmVmp : Match on catch block at 0xc3 in for 0xa5
03-28 11:50:20.209 11143 11210 E SQLiteDatabase: Error inserting transferred=1 media_job_uuid=be1fc048-37ca-4612-937d-a2cdad6081a1 transcoded=1 gif_attribution=0 first_scan_length=0 direct_path=/v/t62.15575- 24/23593304_1859662861135346_8030478072827658038_n.enc?ccb=11- 4&oh=01_ASCT9oEn1AhtpvhInS37vWq_euvNmvcEe9Dir_FPkF9edw&oe=662CEF24&_nc_sid=5e03e0 thumbnail_height_width_ratio=1.0 is_animated_sticker=0 file_hash=PI0XZy4jzgrZYFL8CVQA9b4T/kTCFyACURbha3ebh2I= file_path=Media/MBWhatsApp Stickers/STK-20240328-WA0003.webp file_size=42634 partial_media_hash=null face_x=0 face_y=0 height=64 trim_to=0 media_key_timestamp=1711637420031 message_url=https://mmg.whatsapp.net/v/t62.15575- 24/23593304_1859662861135346_8030478072827658038_n.enc?ccb=11- 4&oh=01_ASCT9oEn1AhtpvhInS37vWq_euvNmvcEe9Dir_FPkF9edw&oe=662CEF24&_nc_sid=5e03e0&m ms3=true media_caption=null trim_from=0 mime_type=image/webp partial_media_enc_hash=null width=64 original_file_hash=null has_streaming_sidecar=0 autotransfer_retry_enabled=0 media_upload_handle=null message_row_id=13503 multicast_id=null enc_file_hash=E7oU7G1BE0gH28sWrHJKbN0qFxDZGF4UOVEmgdnhwuQ= mute_video=0 page_count=0 first_scan_sidecar=null suspicious_content=0 file_length=42634 media_name=PI0XZy4jzgrZYFL8CVQA9b4T-kTCFyACURbha3ebh2I=.webp media_duration=0 chat_row_id=2 media_key=[B@31a940a
03-28 11:50:20.209 11143 11210 E SQLiteDatabase: android.database.sqlite.SQLiteConstraintException: UNIQUE constraint failed: message_media.message_row_id (code 1555 SQLITE_CONSTRAINT_PRIMARYKEY)
03-28 11:50:20.209 11143 11210 E SQLiteDatabase: at android.database.sqlite.SQLiteConnection.nativeExecuteForLastInsertedRowId(Native Method)
03-28 11:50:20.209 11143 11210 E SQLiteDatabase: at android.database.sqlite.SQLiteConnection.executeForLastInsertedRowId(SQLiteConnecti on.java:879)
03-28 11:50:20.209 11143 11210 E SQLiteDatabase: at android.database.sqlite.SQLiteSession.executeForLastInsertedRowId(SQLiteSession.jav a:790)
03-28 11:50:20.209 11143 11210 E SQLiteDatabase: at android.database.sqlite.SQLiteStatement.executeInsert(SQLiteStatement.java:88)
03-28 11:50:20.209 11143 11210 E SQLiteDatabase: at android.database.sqlite.SQLiteDatabase.insertWithOnConflict(SQLiteDatabase.java:159 9)
03-28 11:50:20.209 11143 11210 E SQLiteDatabase: at android.database.sqlite.SQLiteDatabase.insert(SQLiteDatabase.java:1468)
03-28 11:50:20.209 11143 11210 E SQLiteDatabase: at X.2tm.A08(Unknown Source:6)
03-28 11:50:20.209 11143 11210 E SQLiteDatabase: at X.35Y.A07(Unknown Source:212)
03-28 11:50:20.209 11143 11210 E SQLiteDatabase: at X.3QF.A14(Unknown Source:470)
03-28 11:50:20.209 11143 11210 E SQLiteDatabase: at X.3gU.run(Unknown Source:982)
03-28 11:50:20.209 11143 11210 E SQLiteDatabase: at android.os.Handler.handleCallback(Handler.java:914)
03-28 11:50:20.209 11143 11210 E SQLiteDatabase: at android.os.Handler.dispatchMessage(Handler.java:100)
03-28 11:50:20.209 11143 11210 E SQLiteDatabase: at X.0zq.dispatchMessage(Unknown Source:4)
03-28 11:50:20.209 11143 11210 E SQLiteDatabase: at android.os.Looper.loop(Looper.java:225)
03-28 11:50:20.209 11143 11210 E SQLiteDatabase: at android.os.HandlerThread.run(HandlerThread.java:67)
03-28 11:50:20.258 11143 11143 E ArmVmp : Match on catch block at 0xc3 in for 0xa9
03-28 11:50:20.262 11143 11143 E ArmVmp : Match on catch block at 0xc3 in for 0xa1
03-28 11:50:20.293 11143 11143 E ArmVmp : Match on catch block at 0xc3 in for 0xa9
03-28 11:50:20.297 11143 11143 E ArmVmp : Match on catch block at 0xc3 in for 0xa1
03-28 11:50:20.563 11143 11143 E ArmVmp : Match on catch block at 0xc3 in for 0xa5
03-28 11:50:20.568 11143 11143 E ArmVmp : Match on catch block at 0xc3 in for 0xa9
03-28 11:50:20.580 11143 12055 W MediaPlayer: Use of stream types is deprecated for operations other than volume control
03-28 11:50:20.580 11143 12055 W MediaPlayer: See the documentation of setAudioStreamType() for what to use instead with android.media.AudioAttributes to qualify your playback use case
03-28 11:50:20.584 11143 11143 E ArmVmp : Match on catch block at 0xc3 in for 0xa1
03-28 11:50:20.591 11143 11143 E ArmVmp : Match on catch block at 0xc3 in for 0xa5
03-28 11:50:20.683 11143 11143 E ArmVmp : Match on catch block at 0xc3 in for 0xa1
03-28 11:50:20.689 11143 11143 E ArmVmp : Match on catch block at 0xc3 in for 0xa5
03-28 11:50:20.728 11143 11143 E ArmVmp : Match on catch block at 0xc3 in for 0xa9
03-28 11:50:20.734 11143 11143 E ArmVmp : Match on catch block at 0xc3 in for 0xa1
03-28 11:50:20.749 11143 11143 E ArmVmp : Match on catch block at 0xc3 in for 0xa9
03-28 11:50:20.755 11143 11143 E ArmVmp : Match on catch block at 0xc3 in for 0xa1
03-28 11:50:20.896 11143 11143 E ArmVmp : Match on catch block at 0xc3 in for 0xa9
03-28 11:50:20.901 11143 11143 E ArmVmp : Match on catch block at 0xc3 in for 0xa1
03-28 11:50:20.913 11143 11143 E ArmVmp : Match on catch block at 0xc3 in for 0xa5
03-28 11:50:20.918 11143 11143 E ArmVmp : Match on catch block at 0xc3 in for 0xa9
03-28 11:50:20.930 11143 11143 E ArmVmp : Match on catch block at 0xc3 in for 0xa1
03-28 11:50:20.935 11143 11143 E ArmVmp : Match on catch block at 0xc3 in for 0xa5
03-28 11:50:20.951 11143 11143 E ArmVmp : Match on catch block at 0xc3 in for 0xa1
03-28 11:50:20.955 11143 11143 E ArmVmp : Match on catch block at 0xc3 in for 0xa5
03-28 11:50:20.996 11143 11143 E ArmVmp : Match on catch block at 0xc3 in for 0xa9
03-28 11:50:21.002 11143 11143 E ArmVmp : Match on catch block at 0xc3 in for 0xa1
03-28 11:50:21.019 11143 11143 E ArmVmp : Match on catch block at 0xc3 in for 0xa5
03-28 11:50:21.025 11143 11143 E ArmVmp : Match on catch block at 0xc3 in for 0xa9
03-28 11:50:21.037 11143 11143 E ArmVmp : Match on catch block at 0xc3 in for 0xa9
03-28 11:50:21.042 11143 11143 E ArmVmp : Match on catch block at 0xc3 in for 0xa1
03-28 11:50:21.065 11143 11143 E ArmVmp : Match on catch block at 0xc3 in for 0xa9
03-28 11:50:21.070 11143 11143 E ArmVmp : Match on catch block at 0xc3 in for 0xa1
03-28 11:50:21.089 11143 11143 E ArmVmp : Match on catch block at 0xc3 in for 0xa9
03-28 11:50:21.095 11143 11143 E ArmVmp : Match on catch block at 0xc3 in for 0xa1
03-28 11:50:21.109 11143 11143 E ArmVmp : Match on catch block at 0xc3 in for 0xa9
03-28 11:50:21.115 11143 11143 E ArmVmp : Match on catch block at 0xc3 in for 0xa1
03-28 11:50:21.123 11143 11143 E ArmVmp : Match on catch block at 0xc3 in for 0xa9
03-28 11:50:21.129 11143 11143 E ArmVmp : Match on catch block at 0xc3 in for 0xa1
03-28 11:50:21.136 11143 11143 E ArmVmp : Match on catch block at 0xc3 in for 0xa9
03-28 11:50:21.143 11143 11143 E ArmVmp : Match on catch block at 0xc3 in for 0xa1
03-28 11:50:21.150 11143 11143 E ArmVmp : Match on catch block at 0xc3 in for 0xa9
03-28 11:50:21.155 11143 11143 E ArmVmp : Match on catch block at 0xc3 in for 0xa1
03-28 11:50:21.167 11143 11143 E ArmVmp : Match on catch block at 0xc3 in for 0xa9
03-28 11:50:21.174 11143 11143 E ArmVmp : Match on catch block at 0xc3 in for 0xa1
03-28 11:50:21.184 11143 11143 E ArmVmp : Match on catch block at 0xc3 in for 0xa9
03-28 11:50:21.192 11143 11143 E ArmVmp : Match on catch block at 0xc3 in for 0xa1
03-28 11:50:21.201 11143 11143 E ArmVmp : Match on catch block at 0xc3 in for 0xa9
03-28 11:50:21.207 11143 11143 E ArmVmp : Match on catch block at 0xc3 in for 0xa1
03-28 11:50:21.217 11143 11143 E ArmVmp : Match on catch block at 0xc3 in for 0xa9
03-28 11:50:21.222 11143 11143 E ArmVmp : Match on catch block at 0xc3 in for 0xa1
03-28 11:50:21.234 11143 11143 E ArmVmp : Match on catch block at 0xc3 in for 0xa9
03-28 11:50:21.242 11143 11143 E ArmVmp : Match on catch block at 0xc3 in for 0xa1
03-28 11:50:21.251 11143 11143 E ArmVmp : Match on catch block at 0xc3 in for 0xa9
03-28 11:50:21.258 11143 11143 E ArmVmp : Match on catch block at 0xc3 in for 0xa1
03-28 11:50:21.267 11143 11143 E ArmVmp : Match on catch block at 0xc3 in for 0xa1
03-28 11:50:21.273 11143 11143 E ArmVmp : Match on catch block at 0xc3 in for 0xa5
03-28 11:50:21.284 11143 11143 E ArmVmp : Match on catch block at 0xc3 in for 0xa1
03-28 11:50:21.290 11143 11143 E ArmVmp : Match on catch block at 0xc3 in for 0xa5
03-28 11:50:21.302 11143 11143 E ArmVmp : Match on catch block at 0xc3 in for 0xa1
03-28 11:50:21.309 11143 11143 E ArmVmp : Match on catch block at 0xc3 in for 0xa5
03-28 11:50:21.319 11143 11143 E ArmVmp : Match on catch block at 0xc3 in for 0xa1
03-28 11:50:21.325 11143 11143 E ArmVmp : Match on catch block at 0xc3 in for 0xa5
03-28 11:50:21.334 11143 11143 E ArmVmp : Match on catch block at 0xc3 in for 0xa1
03-28 11:50:21.340 11143 11143 E ArmVmp : Match on catch block at 0xc3 in for 0xa5
03-28 11:50:21.351 11143 11143 E ArmVmp : Match on catch block at 0xc3 in for 0xa1
03-28 11:50:21.356 11143 11143 E ArmVmp : Match on catch block at 0xc3 in for 0xa5
03-28 11:50:21.367 11143 11143 E ArmVmp : Match on catch block at 0xc3 in for 0xa1
03-28 11:50:21.373 11143 11143 E ArmVmp : Match on catch block at 0xc3 in for 0xa5
03-28 11:50:21.751 11143 11143 E ArmVmp : Match on catch block at 0xc3 in for 0xa9
03-28 11:50:21.756 11143 11143 E ArmVmp : Match on catch block at 0xc3 in for 0xa1
03-28 11:50:22.235 11143 11143 E ArmVmp : Match on catch block at 0xc3 in for 0xa1
03-28 11:50:22.242 11143 11143 E ArmVmp : Match on catch block at 0xc3 in for 0xa5
03-28 11:50:22.603 11143 11143 E ArmVmp : Match on catch block at 0xc3 in for 0xa1
03-28 11:50:22.615 11143 11143 E ArmVmp : Match on catch block at 0xc3 in for 0xa5
03-28 11:50:22.630 11143 11143 E ArmVmp : Match on catch block at 0xc3 in for 0xa1
03-28 11:50:22.636 11143 11143 E ArmVmp : Match on catch block at 0xc3 in for 0xa5
03-28 11:50:22.644 11143 11143 E ArmVmp : Match on catch block at 0xc3 in for 0xa1
03-28 11:50:22.650 11143 11143 E ArmVmp : Match on catch block at 0xc3 in for 0xa5
03-28 11:50:22.657 11143 11143 E ArmVmp : Match on catch block at 0xc3 in for 0xa1
03-28 11:50:22.664 11143 11143 E ArmVmp : Match on catch block at 0xc3 in for 0xa5
03-28 11:50:22.672 11143 11143 E ArmVmp : Match on catch block at 0xc3 in for 0xa1
03-28 11:50:22.678 11143 11143 E ArmVmp : Match on catch block at 0xc3 in for 0xa5
03-28 11:50:22.686 11143 11143 E ArmVmp : Match on catch block at 0xc3 in for 0xa1
03-28 11:50:22.692 11143 11143 E ArmVmp : Match on catch block at 0xc3 in for 0xa5
03-28 11:50:22.702 11143 11143 E ArmVmp : Match on catch block at 0xc3 in for 0xa1
03-28 11:50:22.708 11143 11143 E ArmVmp : Match on catch block at 0xc3 in for 0xa5
03-28 11:50:22.719 11143 11143 E ArmVmp : Match on catch block at 0xc3 in for 0xa1
03-28 11:50:22.725 11143 11143 E ArmVmp : Match on catch block at 0xc3 in for 0xa5
03-28 11:50:22.735 11143 11143 E ArmVmp : Match on catch block at 0xc3 in for 0xa1
03-28 11:50:22.742 11143 11143 E ArmVmp : Match on catch block at 0xc3 in for 0xa5
03-28 11:50:22.751 11143 11143 E ArmVmp : Match on catch block at 0xc3 in for 0xa1
03-28 11:50:22.757 11143 11143 E ArmVmp : Match on catch block at 0xc3 in for 0xa5
03-28 11:50:22.769 11143 11143 E ArmVmp : Match on catch block at 0xc3 in for 0xa1
03-28 11:50:22.774 11143 11143 E ArmVmp : Match on catch block at 0xc3 in for 0xa5
03-28 11:50:22.785 11143 11143 E ArmVmp : Match on catch block at 0xc3 in for 0xa1
03-28 11:50:22.791 11143 11143 E ArmVmp : Match on catch block at 0xc3 in for 0xa5
03-28 11:50:22.802 11143 11143 E ArmVmp : Match on catch block at 0xc3 in for 0xa1
03-28 11:50:22.807 11143 11143 E ArmVmp : Match on catch block at 0xc3 in for 0xa5
03-28 11:50:22.819 11143 11143 E ArmVmp : Match on catch block at 0xc3 in for 0xa1
03-28 11:50:22.825 11143 11143 E ArmVmp : Match on catch block at 0xc3 in for 0xa5
03-28 11:50:22.835 11143 11143 E ArmVmp : Match on catch block at 0xc3 in for 0xa1
03-28 11:50:22.843 11143 11143 E ArmVmp : Match on catch block at 0xc3 in for 0xa5
03-28 11:50:22.853 11143 11143 E ArmVmp : Match on catch block at 0xc3 in for 0xa9
03-28 11:50:22.859 11143 11143 E ArmVmp : Match on catch block at 0xc3 in for 0xa1
03-28 11:50:22.918 11143 11143 E ArmVmp : Match on catch block at 0xc3 in for 0xa1
03-28 11:50:22.926 11143 11143 E ArmVmp : Match on catch block at 0xc3 in for 0xa5
03-28 11:50:22.955 11143 11143 E ArmVmp : Match on catch block at 0xc3 in for 0xa9
03-28 11:50:22.963 11143 11143 E ArmVmp : Match on catch block at 0xc3 in for 0xa1
03-28 11:50:23.017 11143 11143 E ArmVmp : Match on catch block at 0xc3 in for 0xa9
03-28 11:50:23.026 11143 11143 E ArmVmp : Match on catch block at 0xc3 in for 0xa1
03-28 11:50:23.106 11143 11143 E ArmVmp : Match on catch block at 0xc3 in for 0xa1
03-28 11:50:23.110 11143 11143 E ArmVmp : Match on catch block at 0xc3 in for 0xa5
03-28 11:50:23.136 11143 11143 E ArmVmp : Match on catch block at 0xc3 in for 0xa9
03-28 11:50:23.142 11143 11143 E ArmVmp : Match on catch block at 0xc3 in for 0xa1
03-28 11:50:23.252 11143 11143 E ArmVmp : Match on catch block at 0xc3 in for 0xa9
03-28 11:50:23.257 11143 11143 E ArmVmp : Match on catch block at 0xc3 in for 0xa1
03-28 11:50:23.773 11143 11143 E ArmVmp : Match on catch block at 0xc3 in for 0xa5
03-28 11:50:23.778 11143 11143 E ArmVmp : Match on catch block at 0xc3 in for 0xa9
03-28 11:50:23.885 11143 11794 W RenderInspector: DequeueBuffer time out on PopupWindow:355e925, count=1, avg=18 ms, max=18 ms.
03-28 11:50:24.260 11143 11143 E ArmVmp : Match on catch block at 0x0a in for 0xa1
03-28 11:50:24.273 11143 11143 E ArmVmp : Match on catch block at 0x0a in for 0xa1
03-28 11:50:24.285 11143 11143 E ArmVmp : Match on catch block at 0xc3 in for 0xa5
03-28 11:50:24.291 11143 11143 E ArmVmp : Match on catch block at 0xc3 in for 0xa9
03-28 11:50:24.671 11143 11143 E ArmVmp : Match on catch block at 0xc3 in for 0xa5
03-28 11:50:24.677 11143 11143 E ArmVmp : Match on catch block at 0xc3 in for 0xa9
03-28 11:50:24.691 11143 11143 E ArmVmp : Match on catch block at 0xc3 in for 0xa5
03-28 11:50:24.695 11143 11143 E ArmVmp : Match on catch block at 0xc3 in for 0xa9
03-28 11:50:24.710 11143 11143 E ArmVmp : Match on catch block at 0xc3 in for 0xa5
03-28 11:50:24.715 11143 11143 E ArmVmp : Match on catch block at 0xc3 in for 0xa9
03-28 11:50:24.726 11143 11143 E ArmVmp : Match on catch block at 0xc3 in for 0xa5
03-28 11:50:24.729 11143 11143 E ArmVmp : Match on catch block at 0xc3 in for 0xa9
03-28 11:50:24.744 11143 11143 E ArmVmp : Match on catch block at 0xc3 in for 0xa5
03-28 11:50:24.749 11143 11143 E ArmVmp : Match on catch block at 0xc3 in for 0xa9
03-28 11:50:24.762 11143 11143 E ArmVmp : Match on catch block at 0xc3 in for 0xa5
03-28 11:50:24.768 11143 11143 E ArmVmp : Match on catch block at 0xc3 in for 0xa9
03-28 11:50:24.781 11143 11143 E ArmVmp : Match on catch block at 0xc3 in for 0xa5
03-28 11:50:24.787 11143 11143 E ArmVmp : Match on catch block at 0xc3 in for 0xa9
03-28 11:50:24.800 11143 11143 E ArmVmp : Match on catch block at 0xc3 in for 0xa5
03-28 11:50:24.806 11143 11143 E ArmVmp : Match on catch block at 0xc3 in for 0xa9
03-28 11:50:24.820 11143 11143 E ArmVmp : Match on catch block at 0xc3 in for 0xa5
03-28 11:50:24.827 11143 11143 E ArmVmp : Match on catch block at 0xc3 in for 0xa9
03-28 11:50:24.842 11143 11143 E ArmVmp : Match on catch block at 0xc3 in for 0xa5
03-28 11:50:24.849 11143 11143 E ArmVmp : Match on catch block at 0xc3 in for 0xa9
03-28 11:50:24.863 11143 11143 E ArmVmp : Match on catch block at 0xc3 in for 0xa5
03-28 11:50:24.869 11143 11143 E ArmVmp : Match on catch block at 0xc3 in for 0xa9
03-28 11:50:24.879 11143 11143 E ArmVmp : Match on catch block at 0xc3 in for 0xa5
03-28 11:50:24.884 11143 11143 E ArmVmp : Match on catch block at 0xc3 in for 0xa9
03-28 11:50:24.896 11143 11143 E ArmVmp : Match on catch block at 0xc3 in for 0xa5
03-28 11:50:24.902 11143 11143 E ArmVmp : Match on catch block at 0xc3 in for 0xa9
03-28 11:50:24.915 11143 11143 E ArmVmp : Match on catch block at 0xc3 in for 0xa5
03-28 11:50:24.923 11143 11143 E ArmVmp : Match on catch block at 0xc3 in for 0xa9
03-28 11:50:24.935 11143 11143 E ArmVmp : Match on catch block at 0xc3 in for 0xa5
03-28 11:50:24.940 11143 11143 E ArmVmp : Match on catch block at 0xc3 in for 0xa9
03-28 11:50:25.152 11143 11794 W RenderInspector: DequeueBuffer time out on PopupWindow:355e925, count=1, avg=17 ms, max=17 ms.
03-28 11:50:25.173 11143 11143 E ArmVmp : Match on catch block at 0x0a in for 0xa1
03-28 11:50:25.175 11143 11143 E ArmVmp : Match on catch block at 0x0a in for 0xa1
03-28 11:50:25.179 11143 11143 E ArmVmp : Match on catch block at 0x0a in for 0xa1
03-28 11:50:25.301 11143 11143 E ArmVmp : Match on catch block at 0xc3 in for 0xa5
03-28 11:50:25.306 11143 11143 E ArmVmp : Match on catch block at 0xc3 in for 0xa9
03-28 11:50:25.337 11143 11143 E ArmVmp : Match on catch block at 0x0a in for 0xa1
03-28 11:50:25.339 11143 11143 E ArmVmp : Match on catch block at 0x0a in for 0xa1
03-28 11:50:25.804 11143 11143 E ArmVmp : Match on catch block at 0xc3 in for 0xa5
03-28 11:50:25.811 11143 11143 E ArmVmp : Match on catch block at 0xc3 in for 0xa9
03-28 11:50:25.941 11143 11794 W RenderInspector: DequeueBuffer time out on PopupWindow:355e925, count=1, avg=18 ms, max=18 ms.
03-28 11:50:26.305 11143 11143 E ArmVmp : Match on catch block at 0xc3 in for 0xa5
03-28 11:50:26.315 11143 11143 E ArmVmp : Match on catch block at 0xc3 in for 0xa9
03-28 11:50:26.492 11143 11794 W RenderInspector: DequeueBuffer time out on PopupWindow:355e925, count=1, avg=19 ms, max=19 ms.
03-28 11:50:26.610 11143 11794 W RenderInspector: DequeueBuffer time out on PopupWindow:355e925, count=1, avg=21 ms, max=21 ms.
03-28 11:50:26.802 11143 11143 E ArmVmp : Match on catch block at 0xc3 in for 0xa5
03-28 11:50:26.806 11143 11143 E ArmVmp : Match on catch block at 0xc3 in for 0xa9
03-28 11:50:26.879 11143 11794 W RenderInspector: DequeueBuffer time out on PopupWindow:355e925, count=4, avg=13 ms, max=19 ms.
03-28 11:50:27.104 11143 11794 W RenderInspector: DequeueBuffer time out on PopupWindow:355e925, count=1, avg=17 ms, max=17 ms.
03-28 11:50:27.328 11143 11143 E ArmVmp : Match on catch block at 0xc3 in for 0xa5
03-28 11:50:27.336 11143 11143 E ArmVmp : Match on catch block at 0xc3 in for 0xa9
03-28 11:50:27.452 11143 11794 W RenderInspector: DequeueBuffer time out on PopupWindow:355e925, count=1, avg=17 ms, max=17 ms.
03-28 11:50:27.836 11143 11143 E ArmVmp : Match on catch block at 0xc3 in for 0xa5
03-28 11:50:27.842 11143 11143 E ArmVmp : Match on catch block at 0xc3 in for 0xa9
03-28 11:50:28.191 11143 11143 E ArmVmp : Match on catch block at 0x0a in for 0xa1
03-28 11:50:28.193 11143 11143 E ArmVmp : Match on catch block at 0x0a in for 0xa1
03-28 11:50:28.337 11143 11143 E ArmVmp : Match on catch block at 0xc3 in for 0xa5
03-28 11:50:28.343 11143 11143 E ArmVmp : Match on catch block at 0xc3 in for 0xa9
03-28 11:50:28.358 11143 11143 E ArmVmp : Match on catch block at 0x0a in for 0xa1
03-28 11:50:28.770 11143 11794 W RenderInspector: DequeueBuffer time out on PopupWindow:355e925, count=1, avg=18 ms, max=18 ms.
03-28 11:50:28.796 11143 11143 E ArmVmp : Match on catch block at 0xc3 in for 0xa9
03-28 11:50:28.802 11143 11143 E ArmVmp : Match on catch block at 0xc3 in for 0xa1
03-28 11:50:28.824 11143 11143 E ArmVmp : Match on catch block at 0xc3 in for 0xa9
03-28 11:50:28.831 11143 11143 E ArmVmp : Match on catch block at 0xc3 in for 0xa1
03-28 11:50:28.839 11143 11143 E ArmVmp : Match on catch block at 0xc3 in for 0xa9
03-28 11:50:28.845 11143 11143 E ArmVmp : Match on catch block at 0xc3 in for 0xa1
03-28 11:50:29.355 11143 11143 E ArmVmp : Match on catch block at 0xc3 in for 0xa9
03-28 11:50:29.362 11143 11143 E ArmVmp : Match on catch block at 0xc3 in for 0xa1
03-28 11:50:29.860 11143 11143 E ArmVmp : Match on catch block at 0xc3 in for 0xa9
03-28 11:50:29.869 11143 11143 E ArmVmp : Match on catch block at 0xc3 in for 0xa1
03-28 11:50:29.977 11143 11143 W InputEventReceiver: Attempted to finish an input event but the input event receiver has already been disposed.
03-28 11:50:29.985 11143 11143 E ArmVmp : Match on catch block at 0xc3 in for 0xa1
03-28 11:50:29.995 11143 11143 E ArmVmp : Match on catch block at 0xc3 in for 0xa5
03-28 11:50:30.121 11143 11143 E ArmVmp : Match on catch block at 0xc3 in for 0xa9
03-28 11:50:30.126 11143 11143 E ArmVmp : Match on catch block at 0xc3 in for 0xa1
03-28 11:50:30.140 11143 11143 E ArmVmp : Match on catch block at 0xc3 in for 0xa5
03-28 11:50:30.147 11143 11143 E ArmVmp : Match on catch block at 0xc3 in for 0xa9
03-28 11:50:30.193 11143 11143 E ArmVmp : Match on catch block at 0xc3 in for 0xa9
03-28 11:50:30.197 11143 11143 E ArmVmp : Match on catch block at 0xc3 in for 0xa1
03-28 11:50:30.206 11143 11143 E ArmVmp : Match on catch block at 0xc3 in for 0xa9
03-28 11:50:30.211 11143 11143 E ArmVmp : Match on catch block at 0xc3 in for 0xa1
03-28 11:50:30.359 11143 11143 E ArmVmp : Match on catch block at 0xc3 in for 0xa9
03-28 11:50:30.374 11143 11143 E ArmVmp : Match on catch block at 0xc3 in for 0xa1
03-28 11:50:30.859 11143 11143 E ArmVmp : Match on catch block at 0xc3 in for 0xa9
03-28 11:50:30.873 11143 11143 E ArmVmp : Match on catch block at 0xc3 in for 0xa1
03-28 11:50:31.361 11143 11143 E ArmVmp : Match on catch block at 0xc3 in for 0xa9
03-28 11:50:31.378 11143 11143 E ArmVmp : Match on catch block at 0xc3 in for 0xa1
03-28 11:50:31.791 11143 11143 E ArmVmp : Match on catch block at 0xc3 in for 0xa9
03-28 11:50:31.808 11143 11143 E ArmVmp : Match on catch block at 0xc3 in for 0xa1
03-28 11:50:31.822 11143 11143 E ArmVmp : Match on catch block at 0xc3 in for 0xa9
03-28 11:50:31.831 11143 11143 E ArmVmp : Match on catch block at 0xc3 in for 0xa1
03-28 11:50:31.840 11143 11143 E ArmVmp : Match on catch block at 0xc3 in for 0xa9
03-28 11:50:31.847 11143 11143 E ArmVmp : Match on catch block at 0xc3 in for 0xa1
03-28 11:50:31.855 11143 11143 E ArmVmp : Match on catch block at 0xc3 in for 0xa9
03-28 11:50:31.861 11143 11143 E ArmVmp : Match on catch block at 0xc3 in for 0xa1
03-28 11:50:31.871 11143 11143 E ArmVmp : Match on catch block at 0xc3 in for 0xa9
03-28 11:50:31.877 11143 11143 E ArmVmp : Match on catch block at 0xc3 in for 0xa1
03-28 11:50:31.887 11143 11143 E ArmVmp : Match on catch block at 0xc3 in for 0xa9
03-28 11:50:31.893 11143 11143 E ArmVmp : Match on catch block at 0xc3 in for 0xa1
03-28 11:50:31.905 11143 11143 E ArmVmp : Match on catch block at 0xc3 in for 0xa9
03-28 11:50:31.910 11143 11143 E ArmVmp : Match on catch block at 0xc3 in for 0xa1
03-28 11:50:31.922 11143 11143 E ArmVmp : Match on catch block at 0xc3 in for 0xa9
03-28 11:50:31.929 11143 11143 E ArmVmp : Match on catch block at 0xc3 in for 0xa1
03-28 11:50:31.937 11143 11143 E ArmVmp : Match on catch block at 0xc3 in for 0xa9
03-28 11:50:31.944 11143 11143 E ArmVmp : Match on catch block at 0xc3 in for 0xa1
03-28 11:50:31.954 11143 11143 E ArmVmp : Match on catch block at 0xc3 in for 0xa9
03-28 11:50:31.961 11143 11143 E ArmVmp : Match on catch block at 0xc3 in for 0xa1
03-28 11:50:31.972 11143 11143 E ArmVmp : Match on catch block at 0xc3 in for 0xa9
03-28 11:50:31.979 11143 11143 E ArmVmp : Match on catch block at 0xc3 in for 0xa1
03-28 11:50:31.987 11143 11143 E ArmVmp : Match on catch block at 0xc3 in for 0xa9
03-28 11:50:31.994 11143 11143 E ArmVmp : Match on catch block at 0xc3 in for 0xa1
03-28 11:50:32.005 11143 11143 E ArmVmp : Match on catch block at 0xc3 in for 0xa9
03-28 11:50:32.011 11143 11143 E ArmVmp : Match on catch block at 0xc3 in for 0xa1
03-28 11:50:32.021 11143 11143 E ArmVmp : Match on catch block at 0xc3 in for 0xa9
03-28 11:50:32.028 11143 11143 E ArmVmp : Match on catch block at 0xc3 in for 0xa1
03-28 11:50:32.039 11143 11143 E ArmVmp : Match on catch block at 0xc3 in for 0xa9
03-28 11:50:32.046 11143 11143 E ArmVmp : Match on catch block at 0xc3 in for 0xa1
03-28 11:50:32.375 11143 11143 E ArmVmp : Match on catch block at 0xc3 in for 0xa9
03-28 11:50:32.384 11143 11143 E ArmVmp : Match on catch block at 0xc3 in for 0xa1
03-28 11:50:32.480 11143 11143 E ArmVmp : Match on catch block at 0xc3 in for 0xa5
03-28 11:50:32.487 11143 11143 E ArmVmp : Match on catch block at 0xc3 in for 0xa9
03-28 11:50:32.504 11143 11143 E ArmVmp : Match on catch block at 0xc3 in for 0xa5
03-28 11:50:32.512 11143 11143 E ArmVmp : Match on catch block at 0xc3 in for 0xa9
03-28 11:50:32.895 11143 11143 E ArmVmp : Match on catch block at 0xc3 in for 0xa5
03-28 11:50:32.905 11143 11143 E ArmVmp : Match on catch block at 0xc3 in for 0xa9
03-28 11:50:33.416 11143 11143 E ArmVmp : Match on catch block at 0xc3 in for 0xa5
03-28 11:50:33.423 11143 11143 E ArmVmp : Match on catch block at 0xc3 in for 0xa9
03-28 11:50:33.757 11143 11143 E ArmVmp : Match on catch block at 0xc3 in for 0xa9
03-28 11:50:33.762 11143 11143 E ArmVmp : Match on catch block at 0xc3 in for 0xa1
03-28 11:50:33.776 11143 11143 E ArmVmp : Match on catch block at 0xc3 in for 0xa9
03-28 11:50:33.784 11143 11143 E ArmVmp : Match on catch block at 0xc3 in for 0xa1
03-28 11:50:33.792 11143 11143 E ArmVmp : Match on catch block at 0xc3 in for 0xa9
03-28 11:50:33.797 11143 11143 E ArmVmp : Match on catch block at 0xc3 in for 0xa1
03-28 11:50:33.805 11143 11143 E ArmVmp : Match on catch block at 0xc3 in for 0xa9
03-28 11:50:33.809 11143 11143 E ArmVmp : Match on catch block at 0xc3 in for 0xa1
03-28 11:50:33.823 11143 11143 E ArmVmp : Match on catch block at 0xc3 in for 0xa9
03-28 11:50:33.828 11143 11143 E ArmVmp : Match on catch block at 0xc3 in for 0xa1
03-28 11:50:33.838 11143 11143 E ArmVmp : Match on catch block at 0xc3 in for 0xa9
03-28 11:50:33.843 11143 11143 E ArmVmp : Match on catch block at 0xc3 in for 0xa1
03-28 11:50:33.855 11143 11143 E ArmVmp : Match on catch block at 0xc3 in for 0xa9
03-28 11:50:33.860 11143 11143 E ArmVmp : Match on catch block at 0xc3 in for 0xa1
03-28 11:50:33.872 11143 11143 E ArmVmp : Match on catch block at 0xc3 in for 0xa9
03-28 11:50:33.877 11143 11143 E ArmVmp : Match on catch block at 0xc3 in for 0xa1
03-28 11:50:33.888 11143 11143 E ArmVmp : Match on catch block at 0xc3 in for 0xa9
03-28 11:50:33.893 11143 11143 E ArmVmp : Match on catch block at 0xc3 in for 0xa1
03-28 11:50:33.906 11143 11143 E ArmVmp : Match on catch block at 0xc3 in for 0xa9
03-28 11:50:33.912 11143 11143 E ArmVmp : Match on catch block at 0xc3 in for 0xa1
03-28 11:50:33.923 11143 11143 E ArmVmp : Match on catch block at 0xc3 in for 0xa9
03-28 11:50:33.929 11143 11143 E ArmVmp : Match on catch block at 0xc3 in for 0xa1
03-28 11:50:33.940 11143 11143 E ArmVmp : Match on catch block at 0xc3 in for 0xa9
03-28 11:50:33.945 11143 11143 E ArmVmp : Match on catch block at 0xc3 in for 0xa1
03-28 11:50:33.956 11143 11143 E ArmVmp : Match on catch block at 0xc3 in for 0xa9
03-28 11:50:33.961 11143 11143 E ArmVmp : Match on catch block at 0xc3 in for 0xa1
03-28 11:50:33.972 11143 11143 E ArmVmp : Match on catch block at 0xc3 in for 0xa9
03-28 11:50:33.977 11143 11143 E ArmVmp : Match on catch block at 0xc3 in for 0xa1
03-28 11:50:33.989 11143 11143 E ArmVmp : Match on catch block at 0xc3 in for 0xa9
03-28 11:50:33.994 11143 11143 E ArmVmp : Match on catch block at 0xc3 in for 0xa1
03-28 11:50:34.015 11143 11143 E ArmVmp : Match on catch block at 0xc3 in for 0xa9
03-28 11:50:34.020 11143 11143 E ArmVmp : Match on catch block at 0xc3 in for 0xa1
03-28 11:50:34.040 11143 11143 E ArmVmp : Match on catch block at 0xc3 in for 0xa1
03-28 11:50:34.044 11143 11143 E ArmVmp : Match on catch block at 0xc3 in for 0xa5
03-28 11:50:34.051 11143 11143 E ArmVmp : Match on catch block at 0xc3 in for 0xa1
03-28 11:50:34.056 11143 11143 E ArmVmp : Match on catch block at 0xc3 in for 0xa5
03-28 11:50:34.111 11143 11143 E ArmVmp : Match on catch block at 0xc3 in for 0xa1
03-28 11:50:34.115 11143 11143 E ArmVmp : Match on catch block at 0xc3 in for 0xa5
03-28 11:50:34.123 11143 12055 W MediaPlayer: Use of stream types is deprecated for operations other than volume control
03-28 11:50:34.123 11143 12055 W MediaPlayer: See the documentation of setAudioStreamType() for what to use instead with android.media.AudioAttributes to qualify your playback use case
03-28 11:50:34.138 11143 11143 E ArmVmp : Match on catch block at 0xc3 in for 0xa9
03-28 11:50:34.142 11143 11143 E ArmVmp : Match on catch block at 0xc3 in for 0xa1
03-28 11:50:34.164 11143 11143 E ArmVmp : Match on catch block at 0xc3 in for 0xa1
03-28 11:50:34.167 11143 11143 E ArmVmp : Match on catch block at 0xc3 in for 0xa5
03-28 11:50:34.180 11143 11143 E ArmVmp : Match on catch block at 0xc3 in for 0xa5
03-28 11:50:34.184 11143 11143 E ArmVmp : Match on catch block at 0xc3 in for 0xa9
03-28 11:50:34.191 11143 11143 E ArmVmp : Match on catch block at 0xc3 in for 0xa9
03-28 11:50:34.196 11143 11143 E ArmVmp : Match on catch block at 0xc3 in for 0xa1
03-28 11:50:34.205 11143 11143 E ArmVmp : Match on catch block at 0xc3 in for 0xa9
03-28 11:50:34.209 11143 11143 E ArmVmp : Match on catch block at 0xc3 in for 0xa1
03-28 11:50:34.220 11143 11143 E ArmVmp : Match on catch block at 0xc3 in for 0xa1
03-28 11:50:34.226 11143 11143 E ArmVmp : Match on catch block at 0xc3 in for 0xa5
03-28 11:50:34.237 11143 11143 E ArmVmp : Match on catch block at 0xc3 in for 0xa5
03-28 11:50:34.242 11143 11143 E ArmVmp : Match on catch block at 0xc3 in for 0xa9
03-28 11:50:34.254 11143 11143 E ArmVmp : Match on catch block at 0xc3 in for 0xa9
03-28 11:50:34.259 11143 11143 E ArmVmp : Match on catch block at 0xc3 in for 0xa1
03-28 11:50:34.270 11143 11143 E ArmVmp : Match on catch block at 0xc3 in for 0xa1
03-28 11:50:34.274 11143 11143 E ArmVmp : Match on catch block at 0xc3 in for 0xa5
03-28 11:50:34.287 11143 11143 E ArmVmp : Match on catch block at 0xc3 in for 0xa5
03-28 11:50:34.292 11143 11143 E ArmVmp : Match on catch block at 0xc3 in for 0xa9
03-28 11:50:34.305 11143 11143 E ArmVmp : Match on catch block at 0xc3 in for 0xa9
03-28 11:50:34.310 11143 11143 E ArmVmp : Match on catch block at 0xc3 in for 0xa1
03-28 11:50:34.322 11143 11143 E ArmVmp : Match on catch block at 0xc3 in for 0xa1
03-28 11:50:34.327 11143 11143 E ArmVmp : Match on catch block at 0xc3 in for 0xa5
03-28 11:50:34.338 11143 11143 E ArmVmp : Match on catch block at 0xc3 in for 0xa5
03-28 11:50:34.342 11143 11143 E ArmVmp : Match on catch block at 0xc3 in for 0xa9
03-28 11:50:34.354 11143 11143 E ArmVmp : Match on catch block at 0xc3 in for 0xa9
03-28 11:50:34.362 11143 11143 E ArmVmp : Match on catch block at 0xc3 in for 0xa1
03-28 11:50:34.404 11143 11143 E ArmVmp : Match on catch block at 0xc3 in for 0xa5
03-28 11:50:34.408 11143 11143 E ArmVmp : Match on catch block at 0xc3 in for 0xa9
03-28 11:50:34.626 11143 11143 E ArmVmp : Match on catch block at 0xc3 in for 0xa5
03-28 11:50:34.640 11143 11143 E ArmVmp : Match on catch block at 0xc3 in for 0xa9
03-28 11:50:34.654 11143 11143 E ArmVmp : Match on catch block at 0xc3 in for 0xa9
03-28 11:50:34.660 11143 11143 E ArmVmp : Match on catch block at 0xc3 in for 0xa1
03-28 11:50:34.675 11143 11143 E ArmVmp : Match on catch block at 0xc3 in for 0xa1
03-28 11:50:34.681 11143 11143 E ArmVmp : Match on catch block at 0xc3 in for 0xa5
03-28 11:50:34.693 11143 11143 E ArmVmp : Match on catch block at 0xc3 in for 0xa5
03-28 11:50:34.698 11143 11143 E ArmVmp : Match on catch block at 0xc3 in for 0xa9
03-28 11:50:34.710 11143 11143 E ArmVmp : Match on catch block at 0xc3 in for 0xa9
03-28 11:50:34.715 11143 11143 E ArmVmp : Match on catch block at 0xc3 in for 0xa1
03-28 11:50:34.764 11143 11143 E ArmVmp : Match on catch block at 0xc3 in for 0xa1
03-28 11:50:34.771 11143 11143 E ArmVmp : Match on catch block at 0xc3 in for 0xa5
03-28 11:50:34.803 11143 11143 E ArmVmp : Match on catch block at 0xc3 in for 0xa5
03-28 11:50:34.808 11143 11143 E ArmVmp : Match on catch block at 0xc3 in for 0xa9
03-28 11:50:34.837 11143 11143 E ArmVmp : Match on catch block at 0xc3 in for 0xa9
03-28 11:50:34.844 11143 11143 E ArmVmp : Match on catch block at 0xc3 in for 0xa1
03-28 11:50:34.869 11143 11143 E ArmVmp : Match on catch block at 0xc3 in for 0xa1
03-28 11:50:34.876 11143 11143 E ArmVmp : Match on catch block at 0xc3 in for 0xa5
03-28 11:50:34.911 11143 11143 E ArmVmp : Match on catch block at 0xc3 in for 0xa5
03-28 11:50:34.917 11143 11143 E ArmVmp : Match on catch block at 0xc3 in for 0xa9
03-28 11:50:34.960 11143 11143 E ArmVmp : Match on catch block at 0xc3 in for 0xa9
03-28 11:50:34.965 11143 11143 E ArmVmp : Match on catch block at 0xc3 in for 0xa1
03-28 11:50:35.031 11143 11143 E ArmVmp : Match on catch block at 0xc3 in for 0xa5
03-28 11:50:35.035 11143 11143 E ArmVmp : Match on catch block at 0xc3 in for 0xa9
03-28 11:50:35.115 11143 11143 W AudioManager: Use of stream types is deprecated for operations other than volume control
03-28 11:50:35.115 11143 11143 W AudioManager: See the documentation of requestAudioFocus() for what to use instead with android.media.AudioAttributes to qualify your playback use case
03-28 11:50:35.130 11143 11198 W AudioTrack: createTrack_l(2812): AUDIO_OUTPUT_FLAG_FAST denied by server; frameCount 0 -> 2889
03-28 11:50:35.142 11143 11143 W libOpenSLES: Conversion from OpenSL ES positional channel mask 0x4 to Android mask 0 loses channels
03-28 11:50:35.231 11143 11143 E ArmVmp : Match on catch block at 0xc3 in for 0xa1
03-28 11:50:35.235 11143 11143 E ArmVmp : Match on catch block at 0xc3 in for 0xa5
03-28 11:50:35.244 11143 11143 E ArmVmp : Match on catch block at 0xc3 in for 0xa5
03-28 11:50:35.249 11143 11143 E ArmVmp : Match on catch block at 0xc3 in for 0xa9
03-28 11:50:35.271 11143 11143 E ArmVmp : Match on catch block at 0xc3 in for 0xa1
03-28 11:50:35.274 11143 12105 W AudioTrack: createTrack_l(0): AUDIO_OUTPUT_FLAG_FAST denied by server; frameCount 0 -> 4642
03-28 11:50:35.275 11143 11143 E ArmVmp : Match on catch block at 0xc3 in for 0xa5
03-28 11:50:35.290 11143 11143 E ArmVmp : Match on catch block at 0xc3 in for 0xa5
03-28 11:50:35.294 11143 11143 E ArmVmp : Match on catch block at 0xc3 in for 0xa9
03-28 11:50:35.305 11143 11143 E ArmVmp : Match on catch block at 0xc3 in for 0xa9
03-28 11:50:35.310 11143 11143 E ArmVmp : Match on catch block at 0xc3 in for 0xa1
03-28 11:50:35.320 11143 11143 E ArmVmp : Match on catch block at 0xc3 in for 0xa1
03-28 11:50:35.324 11143 11143 E ArmVmp : Match on catch block at 0xc3 in for 0xa5
03-28 11:50:35.337 11143 11143 E ArmVmp : Match on catch block at 0xc3 in for 0xa5
03-28 11:50:35.341 11143 11143 E ArmVmp : Match on catch block at 0xc3 in for 0xa9
03-28 11:50:35.354 11143 11143 E ArmVmp : Match on catch block at 0xc3 in for 0xa9
03-28 11:50:35.359 11143 11143 E ArmVmp : Match on catch block at 0xc3 in for 0xa1
03-28 11:50:35.371 11143 11143 E ArmVmp : Match on catch block at 0xc3 in for 0xa1
03-28 11:50:35.376 11143 11143 E ArmVmp : Match on catch block at 0xc3 in for 0xa5
03-28 11:50:35.387 11143 11143 E ArmVmp : Match on catch block at 0xc3 in for 0xa5
03-28 11:50:35.392 11143 11143 E ArmVmp : Match on catch block at 0xc3 in for 0xa9
03-28 11:50:35.404 11143 11143 E ArmVmp : Match on catch block at 0xc3 in for 0xa9
03-28 11:50:35.409 11143 11143 E ArmVmp : Match on catch block at 0xc3 in for 0xa1
03-28 11:50:35.420 11143 11143 E ArmVmp : Match on catch block at 0xc3 in for 0xa1
03-28 11:50:35.425 11143 11143 E ArmVmp : Match on catch block at 0xc3 in for 0xa5
03-28 11:50:35.437 11143 11143 E ArmVmp : Match on catch block at 0xc3 in for 0xa5
03-28 11:50:35.442 11143 11143 E ArmVmp : Match on catch block at 0xc3 in for 0xa9
03-28 11:50:35.455 11143 11143 E ArmVmp : Match on catch block at 0xc3 in for 0xa9
03-28 11:50:35.461 11143 11143 E ArmVmp : Match on catch block at 0xc3 in for 0xa1
03-28 11:50:35.471 11143 11143 E ArmVmp : Match on catch block at 0xc3 in for 0xa1
03-28 11:50:35.476 11143 11143 E ArmVmp : Match on catch block at 0xc3 in for 0xa5
03-28 11:50:35.487 11143 11143 E ArmVmp : Match on catch block at 0xc3 in for 0xa5
03-28 11:50:35.493 11143 11143 E ArmVmp : Match on catch block at 0xc3 in for 0xa9
03-28 11:50:35.505 11143 11143 E ArmVmp : Match on catch block at 0xc3 in for 0xa5
03-28 11:50:35.509 11143 11143 E ArmVmp : Match on catch block at 0xc3 in for 0xa9
03-28 11:50:35.522 11143 11143 E ArmVmp : Match on catch block at 0xc3 in for 0xa9
03-28 11:50:35.527 11143 11143 E ArmVmp : Match on catch block at 0xc3 in for 0xa1
03-28 11:50:35.539 11143 11143 E ArmVmp : Match on catch block at 0xc3 in for 0xa1
03-28 11:50:35.545 11143 11143 E ArmVmp : Match on catch block at 0xc3 in for 0xa5
03-28 11:50:35.555 11143 11143 E ArmVmp : Match on catch block at 0xc3 in for 0xa5
03-28 11:50:35.562 11143 11143 E ArmVmp : Match on catch block at 0xc3 in for 0xa9
03-28 11:50:35.579 11143 11143 E ArmVmp : Match on catch block at 0xc3 in for 0xa9
03-28 11:50:35.585 11143 11143 E ArmVmp : Match on catch block at 0xc3 in for 0xa1
03-28 11:50:35.611 11143 11143 E ArmVmp : Match on catch block at 0xc3 in for 0xa5
03-28 11:50:35.615 11143 11143 E ArmVmp : Match on catch block at 0xc3 in for 0xa9
03-28 11:50:35.623 11143 11143 E ArmVmp : Match on catch block at 0xc3 in for 0xa9
03-28 11:50:35.627 11143 11143 E ArmVmp : Match on catch block at 0xc3 in for 0xa1
03-28 11:50:35.653 11143 11143 E ArmVmp : Match on catch block at 0xc3 in for 0xa1
03-28 11:50:35.658 11143 11143 E ArmVmp : Match on catch block at 0xc3 in for 0xa5
03-28 11:50:35.725 11143 11143 E ArmVmp : Match on catch block at 0xc3 in for 0xa5
03-28 11:50:35.730 11143 11143 E ArmVmp : Match on catch block at 0xc3 in for 0xa9
03-28 11:50:36.039 11143 11143 E ArmVmp : Match on catch block at 0xc3 in for 0xa9
03-28 11:50:36.044 11143 11143 E ArmVmp : Match on catch block at 0xc3 in for 0xa1
03-28 11:50:36.054 11143 11143 E ArmVmp : Match on catch block at 0xc3 in for 0xa1
03-28 11:50:36.059 11143 11143 E ArmVmp : Match on catch block at 0xc3 in for 0xa5
03-28 11:50:36.072 11143 11143 E ArmVmp : Match on catch block at 0xc3 in for 0xa5
03-28 11:50:36.077 11143 11143 E ArmVmp : Match on catch block at 0xc3 in for 0xa9
03-28 11:50:36.088 11143 11143 E ArmVmp : Match on catch block at 0xc3 in for 0xa9
03-28 11:50:36.094 11143 11143 E ArmVmp : Match on catch block at 0xc3 in for 0xa1
03-28 11:50:36.104 11143 11143 E ArmVmp : Match on catch block at 0xc3 in for 0xa1
