We take content rights seriously. If you suspect this is your content, claim it here.
Available Formats
Download as TXT, PDF, TXT or read online on Scribd
You are on page 1/ 5637
--------- beginning of main
03-28 11:32:00.115 2943 2943 W com.mbwhatsapp: type=1400 audit(0.0:50826): avc:
granted { execute } for path="/data/data/com.mbwhatsapp/files/decompressed/libs.spk.zst/libc++_shared.so" dev="mmcblk0p87" ino=552012 scontext=u:r:untrusted_app:s0:c7,c257,c512,c768 tcontext=u:object_r:app_data_file:s0:c7,c257,c512,c768 tclass=file
03-28 11:32:00.126 2943 2943 W linker : Warning: "/data/data/com.mbwhatsapp/files/decompressed/libs.spk.zst/libc++_shared.so" unused DT entry: unknown processor-specific (type 0x70000001 arg 0x0) (ignoring)
03-28 11:32:00.125 2943 2943 W com.mbwhatsapp: type=1400 audit(0.0:50827): avc: granted { execute } for path="/data/data/com.mbwhatsapp/files/decompressed/libs.spk.zst/libvlc.so" dev="mmcblk0p87" ino=556706 scontext=u:r:untrusted_app:s0:c7,c257,c512,c768 tcontext=u:object_r:app_data_file:s0:c7,c257,c512,c768 tclass=file
03-28 11:32:00.125 2943 2943 W com.mbwhatsapp: type=1400 audit(0.0:50828): avc: granted { execute } for path="/data/data/com.mbwhatsapp/files/decompressed/libs.spk.zst/libwhatsapp.so" dev="mmcblk0p87" ino=556718 scontext=u:r:untrusted_app:s0:c7,c257,c512,c768 tcontext=u:object_r:app_data_file:s0:c7,c257,c512,c768 tclass=file
03-28 11:32:00.145 2943 2943 W com.mbwhatsapp: type=1400 audit(0.0:50829): avc: granted { execute } for path="/data/data/com.mbwhatsapp/files/decompressed/libs.spk.zst/libcurve25519.so" dev="mmcblk0p87" ino=552264 scontext=u:r:untrusted_app:s0:c7,c257,c512,c768 tcontext=u:object_r:app_data_file:s0:c7,c257,c512,c768 tclass=file
03-28 11:32:00.155 2943 2943 W com.mbwhatsapp: type=1400 audit(0.0:50830): avc: granted { execute } for path="/data/data/com.mbwhatsapp/files/decompressed/libs.spk.zst/libwhatsapp.so" dev="mmcblk0p87" ino=556718 scontext=u:r:untrusted_app:s0:c7,c257,c512,c768 tcontext=u:object_r:app_data_file:s0:c7,c257,c512,c768 tclass=file --------- beginning of system
03-28 11:32:00.300 2943 2943 W Looper : Slow Looper main: Long Msg: seq=2 plan=11:31:58.870 late=3ms wall=1400ms running=1139ms runnable=18ms io=148ms h=android.app.ActivityThread$H w=110
03-28 11:32:00.544 2943 2943 W Looper : Slow Looper main: Activity com.mbwhatsapp/.Icon0 is 1428ms late (wall=243ms running=167ms ClientTransaction{ callbacks=[android.app.servertransaction.LaunchActivityItem] lifecycleRequest=android.app.servertransaction.ResumeActivityItem }) because of 2 msg, msg 2 took 1400ms (seq=2 running=1139ms runnable=18ms io=148ms late=3ms h=android.app.ActivityThread$H w=110)
03-28 11:32:00.544 2943 2943 W Looper : Slow Looper main: Activity com.mbwhatsapp/.Icon0 is 1671ms late (wall=0ms running=0ms ClientTransaction{ callbacks=[android.app.servertransaction.TopResumedActivityChang eItem] }) because of 3 msg, msg 2 took 1400ms (seq=2 running=1139ms runnable=18ms io=148ms late=3ms h=android.app.ActivityThread$H w=110), msg 3 took 243ms (seq=3 running=167ms runnable=10ms io=38ms late=1428ms h=android.app.ActivityThread$H w=159)
03-28 11:32:01.548 2943 2943 W Looper : Slow Looper main: Activity com.mbwhatsapp/.RequestPermissionActivity is 674ms late (wall=92ms running=59ms ClientTransaction{ callbacks=[android.app.servertransaction.LaunchActivityItem] lifecycleRequest=android.app.servertransaction.ResumeActivityItem }) because of 7 msg, msg 6 took 659ms (seq=25 running=311ms runnable=8ms io=75ms late=19ms h=android.view.Choreographer$FrameHandler c=android.view.Choreographer$FrameDisplayEventReceiver)
03-28 11:32:01.582 2943 2943 W Looper : Slow Looper main: doFrame is 739ms late because of 4 msg, msg 1 took 659ms (seq=25 running=311ms runnable=8ms io=75ms late=19ms h=android.view.Choreographer$FrameHandler c=android.view.Choreographer$FrameDisplayEventReceiver), msg 3 took 92ms (seq=27 running=59ms runnable=7ms late=674ms h=android.app.ActivityThread$H w=159)
03-28 11:32:25.819 2943 2943 W ActivityThread: handleWindowVisibility: no activity for token android.os.BinderProxy@285da91
03-28 11:32:26.068 2943 2943 W IInputConnectionWrapper: requestCursorAnchorInfo on inactive InputConnection
03-28 11:33:30.531 3826 3826 E com.mbwhatsapp: Not starting debugger since process cannot load the jdwp agent.
03-28 11:33:30.760 3826 3826 W ResourceType: CREATING STRING CACHE OF 192 bytes
03-28 11:33:30.849 3826 3826 W System.err: java.lang.ClassNotFoundException: mbmodsd.mbmodsw.ui.views.btn.BtnBK
03-28 11:33:30.856 3826 3826 W System.err: at java.lang.Runtime.nativeLoad(Native Method)
03-28 11:33:30.856 3826 3826 W System.err: at java.lang.Runtime.nativeLoad(Runtime.java:1115)
03-28 11:33:30.856 3826 3826 W System.err: at java.lang.Runtime.loadLibrary0(Runtime.java:1069)
03-28 11:33:30.856 3826 3826 W System.err: at java.lang.Runtime.loadLibrary0(Runtime.java:1007)
03-28 11:33:30.856 3826 3826 W System.err: at java.lang.System.loadLibrary(System.java:1667)
03-28 11:33:30.856 3826 3826 W System.err: at arm.EpicVm.<clinit>(Unknown Source:2)
03-28 11:33:30.856 3826 3826 W System.err: at java.lang.Class.newInstance(Native Method)
03-28 11:33:30.856 3826 3826 W System.err: at android.app.AppComponentFactory.instantiateApplication(AppComponentFactory.java:76)
03-28 11:33:30.856 3826 3826 W System.err: at androidx.core.app.CoreComponentFactory.instantiateApplication(Unknown Source:0)
03-28 11:33:30.856 3826 3826 W System.err: at android.app.Instrumentation.newApplication(Instrumentation.java:1156)
03-28 11:33:30.856 3826 3826 W System.err: at android.app.LoadedApk.makeApplication(LoadedApk.java:1222)
03-28 11:33:30.856 3826 3826 W System.err: at android.app.ActivityThread.handleBindApplication(ActivityThread.java:6555)
03-28 11:33:30.856 3826 3826 W System.err: at android.app.ActivityThread.access$1400(ActivityThread.java:226)
03-28 11:33:30.856 3826 3826 W System.err: at android.app.ActivityThread$H.handleMessage(ActivityThread.java:1889)
03-28 11:33:30.856 3826 3826 W System.err: at android.os.Handler.dispatchMessage(Handler.java:107)
03-28 11:33:30.856 3826 3826 W System.err: at android.os.Looper.loop(Looper.java:225)
03-28 11:33:30.856 3826 3826 W System.err: at android.app.ActivityThread.main(ActivityThread.java:7564)
03-28 11:33:30.856 3826 3826 W System.err: at java.lang.reflect.Method.invoke(Native Method)
03-28 11:33:30.856 3826 3826 W System.err: at com.android.internal.os.RuntimeInit$MethodAndArgsCaller.run(RuntimeInit.java:539)
03-28 11:33:30.856 3826 3826 W System.err: at com.android.internal.os.ZygoteInit.main(ZygoteInit.java:950)
03-28 11:33:30.940 3826 3826 E CustomActivityOnCrash: IMPORTANT WARNING! You already have an UncaughtExceptionHandler, are you sure this is correct? If you use a custom UncaughtExceptionHandler, you must initialize it AFTER CustomActivityOnCrash! Installing anyway, but your original handler will not be called.
03-28 11:33:31.035 3826 3826 E libc : Access denied finding property "ro.vendor.df.effect.conflict"
03-28 11:33:31.025 3826 3826 W com.mbwhatsapp: type=1400 audit(0.0:50861): avc: denied { read } for name="u:object_r:vendor_default_prop:s0" dev="tmpfs" ino=1273 scontext=u:r:untrusted_app:s0:c7,c257,c512,c768 tcontext=u:object_r:vendor_default_prop:s0 tclass=file permissive=0
03-28 11:33:31.699 3826 3826 W linker : Warning: "/data/data/com.mbwhatsapp/files/decompressed/libs.spk.zst/libc++_shared.so" unused DT entry: unknown processor-specific (type 0x70000001 arg 0x0) (ignoring)
03-28 11:33:31.695 3826 3826 W com.mbwhatsapp: type=1400 audit(0.0:50862): avc: granted { execute } for path="/data/data/com.mbwhatsapp/files/decompressed/libs.spk.zst/libc++_shared.so" dev="mmcblk0p87" ino=552012 scontext=u:r:untrusted_app:s0:c7,c257,c512,c768 tcontext=u:object_r:app_data_file:s0:c7,c257,c512,c768 tclass=file
03-28 11:33:31.695 3826 3826 W com.mbwhatsapp: type=1400 audit(0.0:50863): avc: granted { execute } for path="/data/data/com.mbwhatsapp/files/decompressed/libs.spk.zst/libvlc.so" dev="mmcblk0p87" ino=556706 scontext=u:r:untrusted_app:s0:c7,c257,c512,c768 tcontext=u:object_r:app_data_file:s0:c7,c257,c512,c768 tclass=file
03-28 11:33:31.705 3826 3826 W com.mbwhatsapp: type=1400 audit(0.0:50864): avc: granted { execute } for path="/data/data/com.mbwhatsapp/files/decompressed/libs.spk.zst/libwhatsapp.so" dev="mmcblk0p87" ino=556718 scontext=u:r:untrusted_app:s0:c7,c257,c512,c768 tcontext=u:object_r:app_data_file:s0:c7,c257,c512,c768 tclass=file
03-28 11:33:31.755 3826 3826 W com.mbwhatsapp: type=1400 audit(0.0:50865): avc: granted { execute } for path="/data/data/com.mbwhatsapp/files/decompressed/libs.spk.zst/libcurve25519.so" dev="mmcblk0p87" ino=552264 scontext=u:r:untrusted_app:s0:c7,c257,c512,c768 tcontext=u:object_r:app_data_file:s0:c7,c257,c512,c768 tclass=file
03-28 11:33:31.868 3826 3826 W Looper : Slow Looper main: Long Msg: seq=2 plan=11:33:30.592 late=12ms wall=1262ms running=636ms runnable=77ms io=372ms h=android.app.ActivityThread$H w=110
03-28 11:33:31.879 3826 3987 W com.mbwhatsapp: Class X.2rL failed lock verification and will run slower.
03-28 11:33:31.879 3826 3987 W com.mbwhatsapp: Common causes for lock verification issues are non-optimized dex code
03-28 11:33:31.879 3826 3987 W com.mbwhatsapp: and incorrect proguard optimizations.
03-28 11:33:31.892 3826 3826 W com.mbwhatsapp: Class X.0eU failed lock verification and will run slower.
03-28 11:33:32.262 3826 3826 W Looper : Slow Looper main: Activity com.mbwhatsapp/.companionmode.registration.RegisterAsCompanionActivity is 1185ms late (wall=395ms running=263ms ClientTransaction{ callbacks=[android.app.servertransaction.LaunchActivityItem] lifecycleRequest=android.app.servertransaction.ResumeActivityItem }) because of 1 msg, msg 1 took 1262ms (seq=2 running=636ms runnable=77ms io=372ms late=12ms h=android.app.ActivityThread$H w=110)
03-28 11:33:32.263 3826 3826 W Looper : Slow Looper main: Activity com.mbwhatsapp/.companionmode.registration.RegisterAsCompanionActivity is 1580ms late (wall=0ms running=0ms ClientTransaction{ callbacks=[android.app.servertransaction.TopResumedActivityChang eItem] }) because of 2 msg, msg 1 took 1262ms (seq=2 running=636ms runnable=77ms io=372ms late=12ms h=android.app.ActivityThread$H w=110), msg 2 took 395ms (seq=3 running=263ms runnable=19ms io=73ms late=1185ms h=android.app.ActivityThread$H w=159)
03-28 11:33:32.544 3826 3992 W Gralloc3: mapper 3.x is not supported
03-28 11:33:32.621 3826 3826 W Looper : Slow Looper main: doFrame is 313ms late because of 7 msg, msg 1 took 275ms (seq=32 running=165ms runnable=4ms io=1ms late=31ms h=android.view.Choreographer$FrameHandler c=android.view.Choreographer$FrameDisplayEventReceiver)
03-28 11:33:33.582 3826 3992 W RenderInspector: DequeueBuffer time out on com.mbwhatsapp/com.mbwhatsapp.companionmode.registration.RegisterAsCompanionActivit y, count=1, avg=18 ms, max=18 ms.
03-28 11:33:46.584 3826 3826 W ActivityThread: handleWindowVisibility: no activity for token android.os.BinderProxy@cecfd28
03-28 11:33:49.897 3826 3826 W ActivityThread: handleWindowVisibility: no activity for token android.os.BinderProxy@5543b6a
03-28 11:33:50.255 3826 3826 W IInputConnectionWrapper: requestCursorAnchorInfo on inactive InputConnection
03-28 11:34:14.719 3826 3983 W com.mbwhatsapp: Long monitor contention with owner MBWhatsApp Worker #2 (3995) at android.database.sqlite.SQLiteConnection android.database.sqlite.SQLiteConnectionPool.waitForConnection(java.lang.String, int, android.os.CancellationSignal)(SQLiteConnectionPool.java:684) waiters=0 in void android.database.sqlite.SQLiteConnectionPool.releaseConnection(android.database.sql ite.SQLiteConnection) for 146ms
03-28 11:34:21.279 3826 3995 E SQLiteDatabase: Error inserting dirty_version=-1 version=0 lt_hash=null collection_name=critical_unblock_low
03-28 11:34:21.279 3826 3995 E SQLiteDatabase: android.database.sqlite.SQLiteConstraintException: UNIQUE constraint failed: collection_versions.collection_name (code 1555 SQLITE_CONSTRAINT_PRIMARYKEY)
03-28 11:34:21.279 3826 3995 E SQLiteDatabase: at android.database.sqlite.SQLiteConnection.nativeExecuteForLastInsertedRowId(Native Method)
03-28 11:34:21.279 3826 3995 E SQLiteDatabase: at android.database.sqlite.SQLiteConnection.executeForLastInsertedRowId(SQLiteConnecti on.java:879)
03-28 11:34:21.279 3826 3995 E SQLiteDatabase: at android.database.sqlite.SQLiteSession.executeForLastInsertedRowId(SQLiteSession.jav a:790)
03-28 11:34:21.279 3826 3995 E SQLiteDatabase: at android.database.sqlite.SQLiteStatement.executeInsert(SQLiteStatement.java:88)
03-28 11:34:21.279 3826 3995 E SQLiteDatabase: at android.database.sqlite.SQLiteDatabase.insertWithOnConflict(SQLiteDatabase.java:159 9)
03-28 11:34:21.279 3826 3995 E SQLiteDatabase: at android.database.sqlite.SQLiteDatabase.insert(SQLiteDatabase.java:1468)
03-28 11:34:21.279 3826 3995 E SQLiteDatabase: at X.2tm.A08(Unknown Source:6)
03-28 11:34:21.279 3826 3995 E SQLiteDatabase: at X.2sR.A03(Unknown Source:39)
03-28 11:34:21.279 3826 3995 E SQLiteDatabase: at X.2sR.A04(Unknown Source:29)
03-28 11:34:21.279 3826 3995 E SQLiteDatabase: at X.3Uy.A01(Unknown Source:1345)
03-28 11:34:21.279 3826 3995 E SQLiteDatabase: at X.3Uy.A02(Unknown Source:93)
03-28 11:34:21.279 3826 3995 E SQLiteDatabase: at X.3g7.run(Unknown Source:259)
03-28 11:34:21.279 3826 3995 E SQLiteDatabase: at X.0yM.A1J(Unknown Source:2)
03-28 11:34:21.279 3826 3995 E SQLiteDatabase: at X.1nX.run(Unknown Source:91)
03-28 11:34:21.279 3826 3995 E SQLiteDatabase: at java.util.concurrent.ThreadPoolExecutor.runWorker(ThreadPoolExecutor.java:1167)
03-28 11:34:21.279 3826 3995 E SQLiteDatabase: at java.util.concurrent.ThreadPoolExecutor$Worker.run(ThreadPoolExecutor.java:641)
03-28 11:34:21.279 3826 3995 E SQLiteDatabase: at X.3gH.run(Unknown Source:1548)
03-28 11:34:21.279 3826 3995 E SQLiteDatabase: at java.lang.Thread.run(Thread.java:919)
03-28 11:34:21.281 3826 3995 E SQLiteDatabase: Error inserting dirty_version=-1 version=0 lt_hash=null collection_name=critical_block
03-28 11:34:21.281 3826 3995 E SQLiteDatabase: android.database.sqlite.SQLiteConstraintException: UNIQUE constraint failed: collection_versions.collection_name (code 1555 SQLITE_CONSTRAINT_PRIMARYKEY)
03-28 11:34:21.281 3826 3995 E SQLiteDatabase: at android.database.sqlite.SQLiteConnection.nativeExecuteForLastInsertedRowId(Native Method)
03-28 11:34:21.281 3826 3995 E SQLiteDatabase: at android.database.sqlite.SQLiteConnection.executeForLastInsertedRowId(SQLiteConnecti on.java:879)
03-28 11:34:21.281 3826 3995 E SQLiteDatabase: at android.database.sqlite.SQLiteSession.executeForLastInsertedRowId(SQLiteSession.jav a:790)
03-28 11:34:21.281 3826 3995 E SQLiteDatabase: at android.database.sqlite.SQLiteStatement.executeInsert(SQLiteStatement.java:88)
03-28 11:34:21.281 3826 3995 E SQLiteDatabase: at android.database.sqlite.SQLiteDatabase.insertWithOnConflict(SQLiteDatabase.java:159 9)
03-28 11:34:21.281 3826 3995 E SQLiteDatabase: at android.database.sqlite.SQLiteDatabase.insert(SQLiteDatabase.java:1468)
03-28 11:34:21.281 3826 3995 E SQLiteDatabase: at X.2tm.A08(Unknown Source:6)
03-28 11:34:21.281 3826 3995 E SQLiteDatabase: at X.2sR.A03(Unknown Source:39)
03-28 11:34:21.281 3826 3995 E SQLiteDatabase: at X.2sR.A04(Unknown Source:29)
03-28 11:34:21.281 3826 3995 E SQLiteDatabase: at X.3Uy.A01(Unknown Source:1345)
03-28 11:34:21.281 3826 3995 E SQLiteDatabase: at X.3Uy.A02(Unknown Source:93)
03-28 11:34:21.281 3826 3995 E SQLiteDatabase: at X.3g7.run(Unknown Source:259)
03-28 11:34:21.281 3826 3995 E SQLiteDatabase: at X.0yM.A1J(Unknown Source:2)
03-28 11:34:21.281 3826 3995 E SQLiteDatabase: at X.1nX.run(Unknown Source:91)
03-28 11:34:21.281 3826 3995 E SQLiteDatabase: at java.util.concurrent.ThreadPoolExecutor.runWorker(ThreadPoolExecutor.java:1167)
03-28 11:34:21.281 3826 3995 E SQLiteDatabase: at java.util.concurrent.ThreadPoolExecutor$Worker.run(ThreadPoolExecutor.java:641)
03-28 11:34:21.281 3826 3995 E SQLiteDatabase: at X.3gH.run(Unknown Source:1548)
03-28 11:34:21.281 3826 3995 E SQLiteDatabase: at java.lang.Thread.run(Thread.java:919)
03-28 11:34:21.881 3826 4054 E SQLiteDatabase: Error inserting dirty_version=-1 version=0 lt_hash=null collection_name=critical_block
03-28 11:34:21.881 3826 4054 E SQLiteDatabase: android.database.sqlite.SQLiteConstraintException: UNIQUE constraint failed: collection_versions.collection_name (code 1555 SQLITE_CONSTRAINT_PRIMARYKEY)
03-28 11:34:21.881 3826 4054 E SQLiteDatabase: at android.database.sqlite.SQLiteConnection.nativeExecuteForLastInsertedRowId(Native Method)
03-28 11:34:21.881 3826 4054 E SQLiteDatabase: at android.database.sqlite.SQLiteConnection.executeForLastInsertedRowId(SQLiteConnecti on.java:879)
03-28 11:34:21.881 3826 4054 E SQLiteDatabase: at android.database.sqlite.SQLiteSession.executeForLastInsertedRowId(SQLiteSession.jav a:790)
03-28 11:34:21.881 3826 4054 E SQLiteDatabase: at android.database.sqlite.SQLiteStatement.executeInsert(SQLiteStatement.java:88)
03-28 11:34:21.881 3826 4054 E SQLiteDatabase: at android.database.sqlite.SQLiteDatabase.insertWithOnConflict(SQLiteDatabase.java:159 9)
03-28 11:34:21.881 3826 4054 E SQLiteDatabase: at android.database.sqlite.SQLiteDatabase.insert(SQLiteDatabase.java:1468)
03-28 11:34:21.881 3826 4054 E SQLiteDatabase: at X.2tm.A08(Unknown Source:6)
03-28 11:34:21.881 3826 4054 E SQLiteDatabase: at X.2sR.A03(Unknown Source:39)
03-28 11:34:21.881 3826 4054 E SQLiteDatabase: at X.2sR.A05(Unknown Source:14)
03-28 11:34:21.881 3826 4054 E SQLiteDatabase: at X.32N.A07(Unknown Source:2205)
03-28 11:34:21.881 3826 4054 E SQLiteDatabase: at X.32N.A06(Unknown Source:507)
03-28 11:34:21.881 3826 4054 E SQLiteDatabase: at X.3eA.run(Unknown Source:2207)
03-28 11:34:21.881 3826 4054 E SQLiteDatabase: at java.util.concurrent.ThreadPoolExecutor.runWorker(ThreadPoolExecutor.java:1167)
03-28 11:34:21.881 3826 4054 E SQLiteDatabase: at java.util.concurrent.ThreadPoolExecutor$Worker.run(ThreadPoolExecutor.java:641)
03-28 11:34:21.881 3826 4054 E SQLiteDatabase: at X.3gH.run(Unknown Source:1548)
03-28 11:34:21.881 3826 4054 E SQLiteDatabase: at java.lang.Thread.run(Thread.java:919)
03-28 11:34:22.738 3826 3981 E SQLiteDatabase: Error inserting subject= hidden=0 change_number_notified_message_row_id=-1 jid_row_id=1 plaintext_disabled=1 vcard_ui_dismissed=-1 spam_detection=1 sort_timestamp=1711636462738
03-28 11:34:22.738 3826 3981 E SQLiteDatabase: android.database.sqlite.SQLiteConstraintException: UNIQUE constraint failed: chat.jid_row_id (code 2067 SQLITE_CONSTRAINT_UNIQUE)
03-28 11:34:22.738 3826 3981 E SQLiteDatabase: at android.database.sqlite.SQLiteConnection.nativeExecuteForLastInsertedRowId(Native Method)
03-28 11:34:22.738 3826 3981 E SQLiteDatabase: at android.database.sqlite.SQLiteConnection.executeForLastInsertedRowId(SQLiteConnecti on.java:879)
03-28 11:34:22.738 3826 3981 E SQLiteDatabase: at android.database.sqlite.SQLiteSession.executeForLastInsertedRowId(SQLiteSession.jav a:790)
03-28 11:34:22.738 3826 3981 E SQLiteDatabase: at android.database.sqlite.SQLiteStatement.executeInsert(SQLiteStatement.java:88)
03-28 11:34:22.738 3826 3981 E SQLiteDatabase: at android.database.sqlite.SQLiteDatabase.insertWithOnConflict(SQLiteDatabase.java:159 9)
03-28 11:34:22.738 3826 3981 E SQLiteDatabase: at android.database.sqlite.SQLiteDatabase.insert(SQLiteDatabase.java:1468)
03-28 11:34:22.738 3826 3981 E SQLiteDatabase: at X.2tm.A08(Unknown Source:6)
03-28 11:34:22.738 3826 3981 E SQLiteDatabase: at X.2tv.A06(Unknown Source:18)
03-28 11:34:22.738 3826 3981 E SQLiteDatabase: at X.3fD.run(Unknown Source:257)
03-28 11:34:22.738 3826 3981 E SQLiteDatabase: at android.os.Handler.handleCallback(Handler.java:914)
03-28 11:34:22.738 3826 3981 E SQLiteDatabase: at android.os.Handler.dispatchMessage(Handler.java:100)
03-28 11:34:22.738 3826 3981 E SQLiteDatabase: at X.0zq.dispatchMessage(Unknown Source:4)
03-28 11:34:22.738 3826 3981 E SQLiteDatabase: at android.os.Looper.loop(Looper.java:225)
03-28 11:34:22.738 3826 3981 E SQLiteDatabase: at android.os.HandlerThread.run(HandlerThread.java:67)
03-28 11:34:23.199 3826 4972 W linker : Warning: "/data/user_de/0/com.google.android.gms/app_chimera/m/0000005e/CronetDynamite.apk!/ lib/arm64-v8a/libcronet.121.0.6167.71.so" unused DT entry: unknown processor- specific (type 0x70000001 arg 0x0) (ignoring)
03-28 11:34:23.307 3826 4991 E chromium: [0328/113423.306985:ERROR:cronet_context.cc(158)] Invalid QUIC hint host: .whatsapp.com
03-28 11:34:23.307 3826 4991 E chromium: [0328/113423.307199:ERROR:cronet_context.cc(158)] Invalid QUIC hint host: .cdninstagram.com
03-28 11:34:23.307 3826 4991 E chromium: [0328/113423.307271:ERROR:cronet_context.cc(158)] Invalid QUIC hint host: .fbcdn.net
03-28 11:34:23.307 3826 4991 E chromium: [0328/113423.307316:ERROR:cronet_context.cc(158)] Invalid QUIC hint host: .facebook.com
03-28 11:34:23.307 3826 4991 E chromium: [0328/113423.307359:ERROR:cronet_context.cc(158)] Invalid QUIC hint host: .instagram.com
03-28 11:34:23.307 3826 4991 E chromium: [0328/113423.307402:ERROR:cronet_context.cc(158)] Invalid QUIC hint host: .whatsapp.net
03-28 11:34:23.891 3826 4054 E SQLiteDatabase: Error inserting dirty_version=-1 version=0 lt_hash=null collection_name=critical_unblock_low
03-28 11:34:23.891 3826 4054 E SQLiteDatabase: android.database.sqlite.SQLiteConstraintException: UNIQUE constraint failed: collection_versions.collection_name (code 1555 SQLITE_CONSTRAINT_PRIMARYKEY)
03-28 11:34:23.891 3826 4054 E SQLiteDatabase: at android.database.sqlite.SQLiteConnection.nativeExecuteForLastInsertedRowId(Native Method)
03-28 11:34:23.891 3826 4054 E SQLiteDatabase: at android.database.sqlite.SQLiteConnection.executeForLastInsertedRowId(SQLiteConnecti on.java:879)
03-28 11:34:23.891 3826 4054 E SQLiteDatabase: at android.database.sqlite.SQLiteSession.executeForLastInsertedRowId(SQLiteSession.jav a:790)
03-28 11:34:23.891 3826 4054 E SQLiteDatabase: at android.database.sqlite.SQLiteStatement.executeInsert(SQLiteStatement.java:88)
03-28 11:34:23.891 3826 4054 E SQLiteDatabase: at android.database.sqlite.SQLiteDatabase.insertWithOnConflict(SQLiteDatabase.java:159 9)
03-28 11:34:23.891 3826 4054 E SQLiteDatabase: at android.database.sqlite.SQLiteDatabase.insert(SQLiteDatabase.java:1468)
03-28 11:34:23.891 3826 4054 E SQLiteDatabase: at X.2tm.A08(Unknown Source:6)
03-28 11:34:23.891 3826 4054 E SQLiteDatabase: at X.2sR.A03(Unknown Source:39)
03-28 11:34:23.891 3826 4054 E SQLiteDatabase: at X.2sR.A05(Unknown Source:14)
03-28 11:34:23.891 3826 4054 E SQLiteDatabase: at X.32N.A07(Unknown Source:2205)
03-28 11:34:23.891 3826 4054 E SQLiteDatabase: at X.32N.A06(Unknown Source:507)
03-28 11:34:23.891 3826 4054 E SQLiteDatabase: at X.3eA.run(Unknown Source:2207)
03-28 11:34:23.891 3826 4054 E SQLiteDatabase: at java.util.concurrent.ThreadPoolExecutor.runWorker(ThreadPoolExecutor.java:1167)
03-28 11:34:23.891 3826 4054 E SQLiteDatabase: at java.util.concurrent.ThreadPoolExecutor$Worker.run(ThreadPoolExecutor.java:641)
03-28 11:34:23.891 3826 4054 E SQLiteDatabase: at X.3gH.run(Unknown Source:1548)
03-28 11:34:23.891 3826 4054 E SQLiteDatabase: at java.lang.Thread.run(Thread.java:919)
03-28 11:34:23.892 3826 3997 W com.mbwhatsapp: Long monitor contention with owner MBWhatsApp Worker #6 (4054) at long android.database.CursorWindow.nativeCreate(java.lang.String, int) (CursorWindow.java:-2) waiters=0 in void X.3dx.run() for 881ms
03-28 11:34:24.207 3826 3995 E SQLiteDatabase: Error inserting dirty_version=-1 version=0 lt_hash=null collection_name=regular_low
03-28 11:34:24.207 3826 3995 E SQLiteDatabase: android.database.sqlite.SQLiteConstraintException: UNIQUE constraint failed: collection_versions.collection_name (code 1555 SQLITE_CONSTRAINT_PRIMARYKEY)
03-28 11:34:24.207 3826 3995 E SQLiteDatabase: at android.database.sqlite.SQLiteConnection.nativeExecuteForLastInsertedRowId(Native Method)
03-28 11:34:24.207 3826 3995 E SQLiteDatabase: at android.database.sqlite.SQLiteConnection.executeForLastInsertedRowId(SQLiteConnecti on.java:879)
03-28 11:34:24.207 3826 3995 E SQLiteDatabase: at android.database.sqlite.SQLiteSession.executeForLastInsertedRowId(SQLiteSession.jav a:790)
03-28 11:34:24.207 3826 3995 E SQLiteDatabase: at android.database.sqlite.SQLiteStatement.executeInsert(SQLiteStatement.java:88)
03-28 11:34:24.207 3826 3995 E SQLiteDatabase: at android.database.sqlite.SQLiteDatabase.insertWithOnConflict(SQLiteDatabase.java:159 9)
03-28 11:34:24.207 3826 3995 E SQLiteDatabase: at android.database.sqlite.SQLiteDatabase.insert(SQLiteDatabase.java:1468)
03-28 11:34:24.207 3826 3995 E SQLiteDatabase: at X.2tm.A08(Unknown Source:6)
03-28 11:34:24.207 3826 3995 E SQLiteDatabase: at X.2sR.A03(Unknown Source:39)
03-28 11:34:24.207 3826 3995 E SQLiteDatabase: at X.2sR.A04(Unknown Source:29)
03-28 11:34:24.207 3826 3995 E SQLiteDatabase: at X.3Uy.A01(Unknown Source:1345)
03-28 11:34:24.207 3826 3995 E SQLiteDatabase: at X.3Uy.A02(Unknown Source:93)
03-28 11:34:24.207 3826 3995 E SQLiteDatabase: at X.3g7.run(Unknown Source:259)
03-28 11:34:24.207 3826 3995 E SQLiteDatabase: at X.0yM.A1J(Unknown Source:2)
03-28 11:34:24.207 3826 3995 E SQLiteDatabase: at X.1nX.run(Unknown Source:91)
03-28 11:34:24.207 3826 3995 E SQLiteDatabase: at java.util.concurrent.ThreadPoolExecutor.runWorker(ThreadPoolExecutor.java:1167)
03-28 11:34:24.207 3826 3995 E SQLiteDatabase: at java.util.concurrent.ThreadPoolExecutor$Worker.run(ThreadPoolExecutor.java:641)
03-28 11:34:24.207 3826 3995 E SQLiteDatabase: at X.3gH.run(Unknown Source:1548)
03-28 11:34:24.207 3826 3995 E SQLiteDatabase: at java.lang.Thread.run(Thread.java:919)
03-28 11:34:24.210 3826 3995 E SQLiteDatabase: Error inserting dirty_version=-1 version=0 lt_hash=null collection_name=regular_high
03-28 11:34:24.210 3826 3995 E SQLiteDatabase: android.database.sqlite.SQLiteConstraintException: UNIQUE constraint failed: collection_versions.collection_name (code 1555 SQLITE_CONSTRAINT_PRIMARYKEY)
03-28 11:34:24.210 3826 3995 E SQLiteDatabase: at android.database.sqlite.SQLiteConnection.nativeExecuteForLastInsertedRowId(Native Method)
03-28 11:34:24.210 3826 3995 E SQLiteDatabase: at android.database.sqlite.SQLiteConnection.executeForLastInsertedRowId(SQLiteConnecti on.java:879)
03-28 11:34:24.210 3826 3995 E SQLiteDatabase: at android.database.sqlite.SQLiteSession.executeForLastInsertedRowId(SQLiteSession.jav a:790)
03-28 11:34:24.210 3826 3995 E SQLiteDatabase: at android.database.sqlite.SQLiteStatement.executeInsert(SQLiteStatement.java:88)
03-28 11:34:24.210 3826 3995 E SQLiteDatabase: at android.database.sqlite.SQLiteDatabase.insertWithOnConflict(SQLiteDatabase.java:159 9)
03-28 11:34:24.210 3826 3995 E SQLiteDatabase: at android.database.sqlite.SQLiteDatabase.insert(SQLiteDatabase.java:1468)
03-28 11:34:24.210 3826 3995 E SQLiteDatabase: at X.2tm.A08(Unknown Source:6)
03-28 11:34:24.210 3826 3995 E SQLiteDatabase: at X.2sR.A03(Unknown Source:39)
03-28 11:34:24.210 3826 3995 E SQLiteDatabase: at X.2sR.A04(Unknown Source:29)
03-28 11:34:24.210 3826 3995 E SQLiteDatabase: at X.3Uy.A01(Unknown Source:1345)
03-28 11:34:24.210 3826 3995 E SQLiteDatabase: at X.3Uy.A02(Unknown Source:93)
03-28 11:34:24.210 3826 3995 E SQLiteDatabase: at X.3g7.run(Unknown Source:259)
03-28 11:34:24.210 3826 3995 E SQLiteDatabase: at X.0yM.A1J(Unknown Source:2)
03-28 11:34:24.210 3826 3995 E SQLiteDatabase: at X.1nX.run(Unknown Source:91)
03-28 11:34:24.210 3826 3995 E SQLiteDatabase: at java.util.concurrent.ThreadPoolExecutor.runWorker(ThreadPoolExecutor.java:1167)
03-28 11:34:24.210 3826 3995 E SQLiteDatabase: at java.util.concurrent.ThreadPoolExecutor$Worker.run(ThreadPoolExecutor.java:641)
03-28 11:34:24.210 3826 3995 E SQLiteDatabase: at X.3gH.run(Unknown Source:1548)
03-28 11:34:24.210 3826 3995 E SQLiteDatabase: at java.lang.Thread.run(Thread.java:919)
03-28 11:34:24.212 3826 3995 E SQLiteDatabase: Error inserting dirty_version=-1 version=0 lt_hash=null collection_name=regular
03-28 11:34:24.212 3826 3995 E SQLiteDatabase: android.database.sqlite.SQLiteConstraintException: UNIQUE constraint failed: collection_versions.collection_name (code 1555 SQLITE_CONSTRAINT_PRIMARYKEY)
03-28 11:34:24.212 3826 3995 E SQLiteDatabase: at android.database.sqlite.SQLiteConnection.nativeExecuteForLastInsertedRowId(Native Method)
03-28 11:34:24.212 3826 3995 E SQLiteDatabase: at android.database.sqlite.SQLiteConnection.executeForLastInsertedRowId(SQLiteConnecti on.java:879)
03-28 11:34:24.212 3826 3995 E SQLiteDatabase: at android.database.sqlite.SQLiteSession.executeForLastInsertedRowId(SQLiteSession.jav a:790)
03-28 11:34:24.212 3826 3995 E SQLiteDatabase: at android.database.sqlite.SQLiteStatement.executeInsert(SQLiteStatement.java:88)
03-28 11:34:24.212 3826 3995 E SQLiteDatabase: at android.database.sqlite.SQLiteDatabase.insertWithOnConflict(SQLiteDatabase.java:159 9)
03-28 11:34:24.212 3826 3995 E SQLiteDatabase: at android.database.sqlite.SQLiteDatabase.insert(SQLiteDatabase.java:1468)
03-28 11:34:24.212 3826 3995 E SQLiteDatabase: at X.2tm.A08(Unknown Source:6)
03-28 11:34:24.212 3826 3995 E SQLiteDatabase: at X.2sR.A03(Unknown Source:39)
03-28 11:34:24.212 3826 3995 E SQLiteDatabase: at X.2sR.A04(Unknown Source:29)
03-28 11:34:24.212 3826 3995 E SQLiteDatabase: at X.3Uy.A01(Unknown Source:1345)
03-28 11:34:24.212 3826 3995 E SQLiteDatabase: at X.3Uy.A02(Unknown Source:93)
03-28 11:34:24.212 3826 3995 E SQLiteDatabase: at X.3g7.run(Unknown Source:259)
03-28 11:34:24.212 3826 3995 E SQLiteDatabase: at X.0yM.A1J(Unknown Source:2)
03-28 11:34:24.212 3826 3995 E SQLiteDatabase: at X.1nX.run(Unknown Source:91)
03-28 11:34:24.212 3826 3995 E SQLiteDatabase: at java.util.concurrent.ThreadPoolExecutor.runWorker(ThreadPoolExecutor.java:1167)
03-28 11:34:24.212 3826 3995 E SQLiteDatabase: at java.util.concurrent.ThreadPoolExecutor$Worker.run(ThreadPoolExecutor.java:641)
03-28 11:34:24.212 3826 3995 E SQLiteDatabase: at X.3gH.run(Unknown Source:1548)
03-28 11:34:24.212 3826 3995 E SQLiteDatabase: at java.lang.Thread.run(Thread.java:919)
03-28 11:34:26.418 3826 3995 E SQLiteDatabase: Error inserting dirty_version=-1 version=0 lt_hash=null collection_name=regular
03-28 11:34:26.418 3826 3995 E SQLiteDatabase: android.database.sqlite.SQLiteConstraintException: UNIQUE constraint failed: collection_versions.collection_name (code 1555 SQLITE_CONSTRAINT_PRIMARYKEY)
03-28 11:34:26.418 3826 3995 E SQLiteDatabase: at android.database.sqlite.SQLiteConnection.nativeExecuteForLastInsertedRowId(Native Method)
03-28 11:34:26.418 3826 3995 E SQLiteDatabase: at android.database.sqlite.SQLiteConnection.executeForLastInsertedRowId(SQLiteConnecti on.java:879)
03-28 11:34:26.418 3826 3995 E SQLiteDatabase: at android.database.sqlite.SQLiteSession.executeForLastInsertedRowId(SQLiteSession.jav a:790)
03-28 11:34:26.418 3826 3995 E SQLiteDatabase: at android.database.sqlite.SQLiteStatement.executeInsert(SQLiteStatement.java:88)
03-28 11:34:26.418 3826 3995 E SQLiteDatabase: at android.database.sqlite.SQLiteDatabase.insertWithOnConflict(SQLiteDatabase.java:159 9)
03-28 11:34:26.418 3826 3995 E SQLiteDatabase: at android.database.sqlite.SQLiteDatabase.insert(SQLiteDatabase.java:1468)
03-28 11:34:26.418 3826 3995 E SQLiteDatabase: at X.2tm.A08(Unknown Source:6)
03-28 11:34:26.418 3826 3995 E SQLiteDatabase: at X.2sR.A03(Unknown Source:39)
03-28 11:34:26.418 3826 3995 E SQLiteDatabase: at X.2sR.A05(Unknown Source:14)
03-28 11:34:26.418 3826 3995 E SQLiteDatabase: at X.32N.A07(Unknown Source:2205)
03-28 11:34:26.418 3826 3995 E SQLiteDatabase: at X.32N.A06(Unknown Source:507)
03-28 11:34:26.418 3826 3995 E SQLiteDatabase: at X.3eA.run(Unknown Source:2207)
03-28 11:34:26.418 3826 3995 E SQLiteDatabase: at java.util.concurrent.ThreadPoolExecutor.runWorker(ThreadPoolExecutor.java:1167)
03-28 11:34:26.418 3826 3995 E SQLiteDatabase: at java.util.concurrent.ThreadPoolExecutor$Worker.run(ThreadPoolExecutor.java:641)
03-28 11:34:26.418 3826 3995 E SQLiteDatabase: at X.3gH.run(Unknown Source:1548)
03-28 11:34:26.418 3826 3995 E SQLiteDatabase: at java.lang.Thread.run(Thread.java:919)
03-28 11:34:26.438 3826 3995 E SQLiteDatabase: Error inserting dirty_version=-1 version=0 lt_hash=null collection_name=regular_high
03-28 11:34:26.438 3826 3995 E SQLiteDatabase: android.database.sqlite.SQLiteConstraintException: UNIQUE constraint failed: collection_versions.collection_name (code 1555 SQLITE_CONSTRAINT_PRIMARYKEY)
03-28 11:34:26.438 3826 3995 E SQLiteDatabase: at android.database.sqlite.SQLiteConnection.nativeExecuteForLastInsertedRowId(Native Method)
03-28 11:34:26.438 3826 3995 E SQLiteDatabase: at android.database.sqlite.SQLiteConnection.executeForLastInsertedRowId(SQLiteConnecti on.java:879)
03-28 11:34:26.438 3826 3995 E SQLiteDatabase: at android.database.sqlite.SQLiteSession.executeForLastInsertedRowId(SQLiteSession.jav a:790)
03-28 11:34:26.438 3826 3995 E SQLiteDatabase: at android.database.sqlite.SQLiteStatement.executeInsert(SQLiteStatement.java:88)
03-28 11:34:26.438 3826 3995 E SQLiteDatabase: at android.database.sqlite.SQLiteDatabase.insertWithOnConflict(SQLiteDatabase.java:159 9)
03-28 11:34:26.438 3826 3995 E SQLiteDatabase: at android.database.sqlite.SQLiteDatabase.insert(SQLiteDatabase.java:1468)
03-28 11:34:26.438 3826 3995 E SQLiteDatabase: at X.2tm.A08(Unknown Source:6)
03-28 11:34:26.438 3826 3995 E SQLiteDatabase: at X.2sR.A03(Unknown Source:39)
03-28 11:34:26.438 3826 3995 E SQLiteDatabase: at X.2sR.A05(Unknown Source:14)
03-28 11:34:26.438 3826 3995 E SQLiteDatabase: at X.32N.A07(Unknown Source:2205)
03-28 11:34:26.438 3826 3995 E SQLiteDatabase: at X.32N.A06(Unknown Source:507)
03-28 11:34:26.438 3826 3995 E SQLiteDatabase: at X.3eA.run(Unknown Source:2207)
03-28 11:34:26.438 3826 3995 E SQLiteDatabase: at java.util.concurrent.ThreadPoolExecutor.runWorker(ThreadPoolExecutor.java:1167)
03-28 11:34:26.438 3826 3995 E SQLiteDatabase: at java.util.concurrent.ThreadPoolExecutor$Worker.run(ThreadPoolExecutor.java:641)
03-28 11:34:26.438 3826 3995 E SQLiteDatabase: at X.3gH.run(Unknown Source:1548)
03-28 11:34:26.438 3826 3995 E SQLiteDatabase: at java.lang.Thread.run(Thread.java:919)
03-28 11:34:28.399 3826 5145 W com.mbwhatsapp: Long monitor contention with owner MBWhatsApp Worker #67 (5138) at boolean X.35n.A0E(X.47t, X.46R, X.2f0, X.1gr, java.lang.String, boolean)(:-1) waiters=7 in boolean X.35n.A0E(X.47t, X.46R, X.2f0, X.1gr, java.lang.String, boolean) for 134ms
03-28 11:34:28.419 3826 5130 W com.mbwhatsapp: Long monitor contention with owner MBWhatsApp Worker #53 (5124) at void X.1dk.A0C()(:-1) waiters=4 in void X.1dk.A0C() for 118ms
03-28 11:34:28.453 3826 5149 W com.mbwhatsapp: Long monitor contention with owner MBWhatsApp Worker #67 (5138) at boolean X.35n.A0E(X.47t, X.46R, X.2f0, X.1gr, java.lang.String, boolean)(:-1) waiters=11 in boolean X.35n.A0E(X.47t, X.46R, X.2f0, X.1gr, java.lang.String, boolean) for 174ms
03-28 11:34:28.490 3826 5152 W com.mbwhatsapp: Long monitor contention with owner MBWhatsApp Worker #69 (5140) at boolean X.35n.A0E(X.47t, X.46R, X.2f0, X.1gr, java.lang.String, boolean)(:-1) waiters=12 in boolean X.35n.A0E(X.47t, X.46R, X.2f0, X.1gr, java.lang.String, boolean) for 179ms
03-28 11:34:28.543 3826 5126 W com.mbwhatsapp: Long monitor contention with owner MBWhatsApp Worker #52 (5123) at void X.1dk.A0C()(:-1) waiters=5 in void X.1dk.A0C() for 189ms
03-28 11:34:28.606 3826 5158 W com.mbwhatsapp: Long monitor contention with owner MBWhatsApp Worker #65 (5136) at boolean X.35n.A0E(X.47t, X.46R, X.2f0, X.1gr, java.lang.String, boolean)(:-1) waiters=16 in boolean X.35n.A0E(X.47t, X.46R, X.2f0, X.1gr, java.lang.String, boolean) for 258ms
03-28 11:34:28.613 3826 5135 W com.mbwhatsapp: Long monitor contention with owner MBWhatsApp Worker #48 (5119) at void X.1dk.A0C()(:-1) waiters=6 in void X.1dk.A0C() for 218ms
03-28 11:34:28.617 3826 5138 W com.mbwhatsapp: Long monitor contention with owner MBWhatsApp Worker #61 (5132) at void X.1dk.A0C()(:-1) waiters=6 in void X.1dk.A0C() for 214ms
03-28 11:34:28.634 3826 5159 W com.mbwhatsapp: Long monitor contention with owner MBWhatsApp Worker #72 (5143) at boolean X.35n.A0E(X.47t, X.46R, X.2f0, X.1gr, java.lang.String, boolean)(:-1) waiters=16 in boolean X.35n.A0E(X.47t, X.46R, X.2f0, X.1gr, java.lang.String, boolean) for 259ms
03-28 11:34:28.642 3826 5160 W com.mbwhatsapp: Long monitor contention with owner MBWhatsApp Worker #75 (5146) at boolean X.35n.A0E(X.47t, X.46R, X.2f0, X.1gr, java.lang.String, boolean)(:-1) waiters=13 in boolean X.35n.A0E(X.47t, X.46R, X.2f0, X.1gr, java.lang.String, boolean) for 214ms
03-28 11:34:28.677 3826 5161 W com.mbwhatsapp: Long monitor contention with owner MBWhatsApp Worker #77 (5148) at boolean X.35n.A0E(X.47t, X.46R, X.2f0, X.1gr, java.lang.String, boolean)(:-1) waiters=13 in boolean X.35n.A0E(X.47t, X.46R, X.2f0, X.1gr, java.lang.String, boolean) for 236ms
03-28 11:34:28.713 3826 5150 W com.mbwhatsapp: Long monitor contention with owner MBWhatsApp Worker #92 (5164) at boolean X.35n.A0E(X.47t, X.46R, X.2f0, X.1gr, java.lang.String, boolean)(:-1) waiters=13 in boolean X.35n.A0E(X.47t, X.46R, X.2f0, X.1gr, java.lang.String, boolean) for 236ms
03-28 11:34:28.714 3826 5137 W com.mbwhatsapp: Long monitor contention with owner MBWhatsApp Worker #61 (5132) at void X.1dk.A0C()(:-1) waiters=7 in void X.1dk.A0C() for 298ms
03-28 11:34:28.731 3826 5140 W com.mbwhatsapp: Long monitor contention with owner MBWhatsApp Worker #54 (5125) at void X.1dk.A0C()(:-1) waiters=5 in void X.1dk.A0C() for 218ms
03-28 11:34:28.736 3826 5151 W com.mbwhatsapp: Long monitor contention with owner MBWhatsApp Worker #93 (5165) at boolean X.35n.A0E(X.47t, X.46R, X.2f0, X.1gr, java.lang.String, boolean)(:-1) waiters=13 in boolean X.35n.A0E(X.47t, X.46R, X.2f0, X.1gr, java.lang.String, boolean) for 249ms
03-28 11:34:28.737 3826 5166 W com.mbwhatsapp: Long monitor contention with owner MBWhatsApp Worker #93 (5165) at boolean X.35n.A0E(X.47t, X.46R, X.2f0, X.1gr, java.lang.String, boolean)(:-1) waiters=14 in boolean X.35n.A0E(X.47t, X.46R, X.2f0, X.1gr, java.lang.String, boolean) for 239ms
03-28 11:34:28.738 3826 5167 W com.mbwhatsapp: Long monitor contention with owner MBWhatsApp Worker #93 (5165) at boolean X.35n.A0E(X.47t, X.46R, X.2f0, X.1gr, java.lang.String, boolean)(:-1) waiters=15 in boolean X.35n.A0E(X.47t, X.46R, X.2f0, X.1gr, java.lang.String, boolean) for 236ms
03-28 11:34:28.739 3826 5152 W com.mbwhatsapp: Long monitor contention with owner MBWhatsApp Worker #93 (5165) at boolean X.35n.A0E(X.47t, X.46R, X.2f0, X.1gr, java.lang.String, boolean)(:-1) waiters=13 in boolean X.35n.A0E(X.47t, X.46R, X.2f0, X.1gr, java.lang.String, boolean) for 246ms
03-28 11:34:28.756 3826 5169 W com.mbwhatsapp: Long monitor contention with owner MBWhatsApp Worker #82 (5153) at boolean X.35n.A0E(X.47t, X.46R, X.2f0, X.1gr, java.lang.String, boolean)(:-1) waiters=16 in boolean X.35n.A0E(X.47t, X.46R, X.2f0, X.1gr, java.lang.String, boolean) for 239ms
03-28 11:34:28.781 3826 5171 W com.mbwhatsapp: Long monitor contention with owner MBWhatsApp Worker #85 (5156) at boolean X.35n.A0E(X.47t, X.46R, X.2f0, X.1gr, java.lang.String, boolean)(:-1) waiters=17 in boolean X.35n.A0E(X.47t, X.46R, X.2f0, X.1gr, java.lang.String, boolean) for 232ms
03-28 11:34:28.782 3826 5134 W com.mbwhatsapp: Long monitor contention with owner MBWhatsApp Worker #54 (5125) at void X.1dk.A0C()(:-1) waiters=7 in void X.1dk.A0C() for 247ms
03-28 11:34:28.796 3826 5173 W com.mbwhatsapp: Long monitor contention with owner MBWhatsApp Worker #85 (5156) at boolean X.35n.A0E(X.47t, X.46R, X.2f0, X.1gr, java.lang.String, boolean)(:-1) waiters=18 in boolean X.35n.A0E(X.47t, X.46R, X.2f0, X.1gr, java.lang.String, boolean) for 236ms
03-28 11:34:28.823 3826 5146 W com.mbwhatsapp: Long monitor contention with owner MBWhatsApp Worker #60 (5131) at void X.1dk.A0C()(:-1) waiters=6 in void X.1dk.A0C() for 217ms
03-28 11:34:28.855 3826 5135 W com.mbwhatsapp: Long monitor contention with owner MBWhatsApp Worker #67 (5138) at void X.1dk.A0C()(:-1) waiters=5 in void X.1dk.A0C() for 235ms
03-28 11:34:28.858 3826 5177 W com.mbwhatsapp: Long monitor contention with owner MBWhatsApp Worker #89 (5160) at boolean X.35n.A0E(X.47t, X.46R, X.2f0, X.1gr, java.lang.String, boolean)(:-1) waiters=17 in boolean X.35n.A0E(X.47t, X.46R, X.2f0, X.1gr, java.lang.String, boolean) for 191ms
03-28 11:34:28.874 3826 5180 W com.mbwhatsapp: Long monitor contention with owner MBWhatsApp Worker #79 (5150) at boolean X.35n.A0E(X.47t, X.46R, X.2f0, X.1gr, java.lang.String, boolean)(:-1) waiters=16 in boolean X.35n.A0E(X.47t, X.46R, X.2f0, X.1gr, java.lang.String, boolean) for 142ms
03-28 11:34:28.886 3826 5163 W com.mbwhatsapp: Long monitor contention with owner MBWhatsApp Worker #67 (5138) at void X.1dk.A0C()(:-1) waiters=7 in void X.1dk.A0C() for 211ms
03-28 11:34:28.912 3826 5167 W com.mbwhatsapp: Long monitor contention with owner MBWhatsApp Worker #83 (5154) at boolean X.35n.A0E(X.47t, X.46R, X.2f0, X.1gr, java.lang.String, boolean)(:-1) waiters=16 in boolean X.35n.A0E(X.47t, X.46R, X.2f0, X.1gr, java.lang.String, boolean) for 171ms
03-28 11:34:28.913 3826 5137 W com.mbwhatsapp: Long monitor contention with owner MBWhatsApp Worker #82 (5153) at void X.1dk.A0C()(:-1) waiters=7 in void X.1dk.A0C() for 196ms
03-28 11:34:28.919 3826 5164 W com.mbwhatsapp: Long monitor contention with owner MBWhatsApp Worker #82 (5153) at void X.1dk.A0C()(:-1) waiters=8 in void X.1dk.A0C() for 200ms
03-28 11:34:28.931 3826 5187 W com.mbwhatsapp: Long monitor contention with owner MBWhatsApp Worker #99 (5171) at boolean X.35n.A0E(X.47t, X.46R, X.2f0, X.1gr, java.lang.String, boolean)(:-1) waiters=17 in boolean X.35n.A0E(X.47t, X.46R, X.2f0, X.1gr, java.lang.String, boolean) for 144ms
03-28 11:34:28.932 3826 5174 W com.mbwhatsapp: Long monitor contention with owner MBWhatsApp Worker #69 (5140) at void X.1dk.A0C()(:-1) waiters=8 in void X.1dk.A0C() for 187ms
03-28 11:34:28.966 3826 5190 W com.mbwhatsapp: Long monitor contention with owner MBWhatsApp Worker #84 (5155) at boolean X.35n.A0E(X.47t, X.46R, X.2f0, X.1gr, java.lang.String, boolean)(:-1) waiters=18 in boolean X.35n.A0E(X.47t, X.46R, X.2f0, X.1gr, java.lang.String, boolean) for 136ms
03-28 11:34:29.027 3826 5152 W com.mbwhatsapp: Long monitor contention with owner MBWhatsApp Worker #94 (5166) at boolean X.35n.A0E(X.47t, X.46R, X.2f0, X.1gr, java.lang.String, boolean)(:-1) waiters=16 in boolean X.35n.A0E(X.47t, X.46R, X.2f0, X.1gr, java.lang.String, boolean) for 115ms
03-28 11:34:29.027 3826 5167 W com.mbwhatsapp: Long monitor contention with owner MBWhatsApp Worker #94 (5166) at boolean X.35n.A0E(X.47t, X.46R, X.2f0, X.1gr, java.lang.String, boolean)(:-1) waiters=16 in boolean X.35n.A0E(X.47t, X.46R, X.2f0, X.1gr, java.lang.String, boolean) for 114ms
03-28 11:34:29.028 3826 5179 W com.mbwhatsapp: Long monitor contention with owner MBWhatsApp Worker #121 (5197) at boolean X.35n.A0E(X.47t, X.46R, X.2f0, X.1gr, java.lang.String, boolean)(:-1) waiters=15 in boolean X.35n.A0E(X.47t, X.46R, X.2f0, X.1gr, java.lang.String, boolean) for 109ms
03-28 11:34:29.379 3826 3995 E SQLiteDatabase: Error inserting dirty_version=-1 version=0 lt_hash=null collection_name=regular_low
03-28 11:34:29.379 3826 3995 E SQLiteDatabase: android.database.sqlite.SQLiteConstraintException: UNIQUE constraint failed: collection_versions.collection_name (code 1555 SQLITE_CONSTRAINT_PRIMARYKEY)
03-28 11:34:29.379 3826 3995 E SQLiteDatabase: at android.database.sqlite.SQLiteConnection.nativeExecuteForLastInsertedRowId(Native Method)
03-28 11:34:29.379 3826 3995 E SQLiteDatabase: at android.database.sqlite.SQLiteConnection.executeForLastInsertedRowId(SQLiteConnecti on.java:879)
03-28 11:34:29.379 3826 3995 E SQLiteDatabase: at android.database.sqlite.SQLiteSession.executeForLastInsertedRowId(SQLiteSession.jav a:790)
03-28 11:34:29.379 3826 3995 E SQLiteDatabase: at android.database.sqlite.SQLiteStatement.executeInsert(SQLiteStatement.java:88)
03-28 11:34:29.379 3826 3995 E SQLiteDatabase: at android.database.sqlite.SQLiteDatabase.insertWithOnConflict(SQLiteDatabase.java:159 9)
03-28 11:34:29.379 3826 3995 E SQLiteDatabase: at android.database.sqlite.SQLiteDatabase.insert(SQLiteDatabase.java:1468)
03-28 11:34:29.379 3826 3995 E SQLiteDatabase: at X.2tm.A08(Unknown Source:6)
03-28 11:34:29.379 3826 3995 E SQLiteDatabase: at X.2sR.A03(Unknown Source:39)
03-28 11:34:29.379 3826 3995 E SQLiteDatabase: at X.2sR.A05(Unknown Source:14)
03-28 11:34:29.379 3826 3995 E SQLiteDatabase: at X.32N.A07(Unknown Source:2205)
03-28 11:34:29.379 3826 3995 E SQLiteDatabase: at X.32N.A06(Unknown Source:507)
03-28 11:34:29.379 3826 3995 E SQLiteDatabase: at X.3eA.run(Unknown Source:2207)
03-28 11:34:29.379 3826 3995 E SQLiteDatabase: at java.util.concurrent.ThreadPoolExecutor.runWorker(ThreadPoolExecutor.java:1167)
03-28 11:34:29.379 3826 3995 E SQLiteDatabase: at java.util.concurrent.ThreadPoolExecutor$Worker.run(ThreadPoolExecutor.java:641)
03-28 11:34:29.379 3826 3995 E SQLiteDatabase: at X.3gH.run(Unknown Source:1548)
03-28 11:34:29.379 3826 3995 E SQLiteDatabase: at java.lang.Thread.run(Thread.java:919)
03-28 11:34:29.696 3826 5092 W com.mbwhatsapp: Long monitor contention with owner MBWhatsApp Worker #24 (5090) at boolean X.35n.A0E(X.47t, X.46R, X.2f0, X.1gr, java.lang.String, boolean)(:-1) waiters=8 in boolean X.35n.A0E(X.47t, X.46R, X.2f0, X.1gr, java.lang.String, boolean) for 249ms
03-28 11:34:29.737 3826 3826 W Activity: Slow Operation: Activity com.mbwhatsapp/.companionmode.registration.RegisterAsCompanionActivity onStart took 145ms
03-28 11:34:29.745 3826 5205 W com.mbwhatsapp: Long monitor contention with owner MBWhatsApp Worker #99 (5171) at javax.net.ssl.SSLSession X.82y.getSession(byte[]) (:-1) waiters=8 in javax.net.ssl.SSLSession X.82y.getSession(byte[]) for 131ms
03-28 11:34:29.769 3826 3997 W com.mbwhatsapp: Long monitor contention with owner MBWhatsApp Worker #19 (5085) at boolean X.35n.A0E(X.47t, X.46R, X.2f0, X.1gr, java.lang.String, boolean)(:-1) waiters=10 in boolean X.35n.A0E(X.47t, X.46R, X.2f0, X.1gr, java.lang.String, boolean) for 320ms
03-28 11:34:29.775 3826 5182 W com.mbwhatsapp: Long monitor contention with owner MBWhatsApp Worker #99 (5171) at javax.net.ssl.SSLSession X.82y.getSession(byte[]) (:-1) waiters=12 in javax.net.ssl.SSLSession X.82y.getSession(byte[]) for 153ms
03-28 11:34:29.795 3826 5080 W com.mbwhatsapp: Long monitor contention with owner MBWhatsApp Worker #99 (5171) at javax.net.ssl.SSLSession X.82y.getSession(byte[]) (:-1) waiters=14 in javax.net.ssl.SSLSession X.82y.getSession(byte[]) for 157ms
03-28 11:34:29.817 3826 5151 W com.mbwhatsapp: Long monitor contention with owner MBWhatsApp Worker #100 (5173) at javax.net.ssl.SSLSession X.82y.getSession(byte[]) (:-1) waiters=15 in javax.net.ssl.SSLSession X.82y.getSession(byte[]) for 166ms
03-28 11:34:29.839 3826 5084 W com.mbwhatsapp: Long monitor contention with owner MBWhatsApp Worker #20 (5086) at boolean X.35n.A0E(X.47t, X.46R, X.2f0, X.1gr, java.lang.String, boolean)(:-1) waiters=11 in boolean X.35n.A0E(X.47t, X.46R, X.2f0, X.1gr, java.lang.String, boolean) for 386ms
03-28 11:34:29.858 3826 5197 W com.mbwhatsapp: Long monitor contention with owner MBWhatsApp Worker #100 (5173) at javax.net.ssl.SSLSession X.82y.getSession(byte[]) (:-1) waiters=17 in javax.net.ssl.SSLSession X.82y.getSession(byte[]) for 204ms
03-28 11:34:29.861 3826 5158 W com.mbwhatsapp: Long monitor contention with owner MBWhatsApp Worker #89 (5160) at void X.1dk.A0C()(:-1) waiters=2 in void X.1dk.A0C() for 107ms
03-28 11:34:29.862 3826 5088 W com.mbwhatsapp: Long monitor contention with owner MBWhatsApp Worker #28 (5098) at boolean X.35n.A0E(X.47t, X.46R, X.2f0, X.1gr, java.lang.String, boolean)(:-1) waiters=10 in boolean X.35n.A0E(X.47t, X.46R, X.2f0, X.1gr, java.lang.String, boolean) for 397ms
03-28 11:34:29.863 3826 5187 W com.mbwhatsapp: Long monitor contention with owner MBWhatsApp Worker #97 (5169) at javax.net.ssl.SSLSession X.82y.getSession(byte[]) (:-1) waiters=21 in javax.net.ssl.SSLSession X.82y.getSession(byte[]) for 200ms
03-28 11:34:29.882 3826 5167 W com.mbwhatsapp: Long monitor contention with owner MBWhatsApp Worker #97 (5169) at javax.net.ssl.SSLSession X.82y.getSession(byte[]) (:-1) waiters=22 in javax.net.ssl.SSLSession X.82y.getSession(byte[]) for 216ms
03-28 11:34:29.883 3826 5183 W com.mbwhatsapp: Long monitor contention with owner MBWhatsApp Worker #136 (5212) at javax.net.ssl.SSLSession X.82y.getSession(byte[]) (:-1) waiters=21 in javax.net.ssl.SSLSession X.82y.getSession(byte[]) for 203ms
03-28 11:34:29.889 3826 5200 W com.mbwhatsapp: Long monitor contention with owner MBWhatsApp Worker #136 (5212) at javax.net.ssl.SSLSession X.82y.getSession(byte[]) (:-1) waiters=22 in javax.net.ssl.SSLSession X.82y.getSession(byte[]) for 207ms
03-28 11:34:29.926 3826 5186 W com.mbwhatsapp: Long monitor contention with owner MBWhatsApp Worker #136 (5212) at javax.net.ssl.SSLSession X.82y.getSession(byte[]) (:-1) waiters=24 in javax.net.ssl.SSLSession X.82y.getSession(byte[]) for 243ms
03-28 11:34:29.928 3826 5195 W com.mbwhatsapp: Long monitor contention with owner MBWhatsApp Worker #136 (5212) at javax.net.ssl.SSLSession X.82y.getSession(byte[]) (:-1) waiters=27 in javax.net.ssl.SSLSession X.82y.getSession(byte[]) for 235ms
03-28 11:34:29.933 3826 5184 W com.mbwhatsapp: Long monitor contention with owner MBWhatsApp Worker #136 (5212) at javax.net.ssl.SSLSession X.82y.getSession(byte[]) (:-1) waiters=28 in javax.net.ssl.SSLSession X.82y.getSession(byte[]) for 240ms
03-28 11:34:29.934 3826 5178 W com.mbwhatsapp: Long monitor contention with owner MBWhatsApp Worker #136 (5212) at javax.net.ssl.SSLSession X.82y.getSession(byte[]) (:-1) waiters=29 in javax.net.ssl.SSLSession X.82y.getSession(byte[]) for 241ms
