03-28 11:51:34.014 11143 11143 E ArmVmp : Match on catch block at 0xc3 in for 0xa1
03-28 11:51:34.027 11143 11143 E ArmVmp : Match on catch block at 0xc3 in for 0xa5
03-28 11:51:34.033 11143 11143 E ArmVmp : Match on catch block at 0xc3 in for 0xa5
03-28 11:51:34.048 11143 11143 E ArmVmp : Match on catch block at 0xc3 in for 0xa9
03-28 11:51:34.056 11143 11143 E ArmVmp : Match on catch block at 0xc3 in for 0xa1
03-28 11:51:34.060 11143 11143 E ArmVmp : Match on catch block at 0xc3 in for 0xa1
03-28 11:51:34.074 11143 11143 E ArmVmp : Match on catch block at 0xc3 in for 0xa5
03-28 11:51:34.081 11143 11143 E ArmVmp : Match on catch block at 0xc3 in for 0xa9
03-28 11:51:34.085 11143 11143 E ArmVmp : Match on catch block at 0xc3 in for 0xa9
03-28 11:51:34.100 11143 11143 E ArmVmp : Match on catch block at 0xc3 in for 0xa1
03-28 11:51:34.106 11143 11143 E ArmVmp : Match on catch block at 0xc3 in for 0xa5
03-28 11:51:34.110 11143 11143 E ArmVmp : Match on catch block at 0xc3 in for 0xa5
03-28 11:51:34.124 11143 11143 E ArmVmp : Match on catch block at 0xc3 in for 0xa9
03-28 11:51:34.132 11143 11143 E ArmVmp : Match on catch block at 0xc3 in for 0xa1
03-28 11:51:34.136 11143 11143 E ArmVmp : Match on catch block at 0xc3 in for 0xa1
03-28 11:51:34.149 11143 11143 E ArmVmp : Match on catch block at 0xc3 in for 0xa5
03-28 11:51:34.156 11143 11143 E ArmVmp : Match on catch block at 0xc3 in for 0xa9
03-28 11:51:34.160 11143 11143 E ArmVmp : Match on catch block at 0xc3 in for 0xa9
03-28 11:51:34.174 11143 11143 E ArmVmp : Match on catch block at 0xc3 in for 0xa1
03-28 11:51:34.182 11143 11143 E ArmVmp : Match on catch block at 0xc3 in for 0xa5
03-28 11:51:34.186 11143 11143 E ArmVmp : Match on catch block at 0xc3 in for 0xa5
03-28 11:51:34.194 11143 11143 E ArmVmp : Match on catch block at 0xc3 in for 0xa9
03-28 11:51:34.201 11143 11143 E ArmVmp : Match on catch block at 0xc3 in for 0xa1
03-28 11:51:34.205 11143 11143 E ArmVmp : Match on catch block at 0xc3 in for 0xa1
03-28 11:51:34.212 11143 11143 E ArmVmp : Match on catch block at 0xc3 in for 0xa5
03-28 11:51:34.220 11143 11143 E ArmVmp : Match on catch block at 0xc3 in for 0xa9
03-28 11:51:34.224 11143 11143 E ArmVmp : Match on catch block at 0xc3 in for 0xa9
03-28 11:51:34.241 11143 11143 E ArmVmp : Match on catch block at 0xc3 in for 0xa1
03-28 11:51:34.249 11143 11143 E ArmVmp : Match on catch block at 0xc3 in for 0xa5
03-28 11:51:34.253 11143 11143 E ArmVmp : Match on catch block at 0xc3 in for 0xa5
03-28 11:51:34.260 11143 11143 E ArmVmp : Match on catch block at 0xc3 in for 0xa9
03-28 11:51:34.267 11143 11143 E ArmVmp : Match on catch block at 0xc3 in for 0xa1
03-28 11:51:34.271 11143 11143 E ArmVmp : Match on catch block at 0xc3 in for 0xa1
03-28 11:51:34.512 11143 11143 E ArmVmp : Match on catch block at 0xc3 in for 0xa5
03-28 11:51:34.521 11143 11143 E ArmVmp : Match on catch block at 0xc3 in for 0xa9
03-28 11:51:34.526 11143 11143 E ArmVmp : Match on catch block at 0xc3 in for 0xa9
03-28 11:51:35.014 11143 11143 E ArmVmp : Match on catch block at 0xc3 in for 0xa1
03-28 11:51:35.024 11143 11143 E ArmVmp : Match on catch block at 0xc3 in for 0xa5
03-28 11:51:35.029 11143 11143 E ArmVmp : Match on catch block at 0xc3 in for 0xa5
03-28 11:51:35.501 11143 11143 W InputEventReceiver: Attempted to finish an input event but the input event receiver has already been disposed.
03-28 11:51:35.507 11143 11143 E ArmVmp : Match on catch block at 0xc3 in for 0xa5
03-28 11:51:35.517 11143 11143 E ArmVmp : Match on catch block at 0xc3 in for 0xa9
03-28 11:51:35.521 11143 11143 E ArmVmp : Match on catch block at 0xc3 in for 0xa9
03-28 11:51:35.682 11143 11143 E ArmVmp : Match on catch block at 0xc3 in for 0xa9
03-28 11:51:35.688 11143 11143 E ArmVmp : Match on catch block at 0xc3 in for 0xa1
03-28 11:51:35.692 11143 11143 E ArmVmp : Match on catch block at 0xc3 in for 0xa1
03-28 11:51:35.706 11143 11143 E ArmVmp : Match on catch block at 0xc3 in for 0xa5
03-28 11:51:35.712 11143 11143 E ArmVmp : Match on catch block at 0xc3 in for 0xa9
03-28 11:51:35.733 11143 11143 E ArmVmp : Match on catch block at 0xc3 in for 0xa9
03-28 11:51:35.738 11143 11143 E ArmVmp : Match on catch block at 0xc3 in for 0xa1
03-28 11:51:35.741 11143 11143 E ArmVmp : Match on catch block at 0xc3 in for 0xa1
03-28 11:51:35.749 11143 11143 E ArmVmp : Match on catch block at 0xc3 in for 0xa5
03-28 11:51:35.753 11143 11143 E ArmVmp : Match on catch block at 0xc3 in for 0xa9
03-28 11:51:35.756 11143 11143 E ArmVmp : Match on catch block at 0xc3 in for 0xa9
03-28 11:51:36.033 11143 11143 E ArmVmp : Match on catch block at 0xc3 in for 0xa1
03-28 11:51:36.041 11143 11143 E ArmVmp : Match on catch block at 0xc3 in for 0xa5
03-28 11:51:36.046 11143 11143 E ArmVmp : Match on catch block at 0xc3 in for 0xa5
03-28 11:51:36.542 11143 11143 E ArmVmp : Match on catch block at 0xc3 in for 0xa9
03-28 11:51:36.557 11143 11143 E ArmVmp : Match on catch block at 0xc3 in for 0xa1
03-28 11:51:36.563 11143 11143 E ArmVmp : Match on catch block at 0xc3 in for 0xa1
03-28 11:51:37.029 11143 11143 E ArmVmp : Match on catch block at 0xc3 in for 0xa5
03-28 11:51:37.038 11143 11143 E ArmVmp : Match on catch block at 0xc3 in for 0xa9
03-28 11:51:37.043 11143 11143 E ArmVmp : Match on catch block at 0xc3 in for 0xa9
03-28 11:51:37.346 11143 11143 E ArmVmp : Match on catch block at 0xc3 in for 0xa1
03-28 11:51:37.364 11143 11143 E ArmVmp : Match on catch block at 0xc3 in for 0xa5
03-28 11:51:37.374 11143 11143 E ArmVmp : Match on catch block at 0xc3 in for 0xa5
03-28 11:51:37.385 11143 11143 E ArmVmp : Match on catch block at 0xc3 in for 0xa9
03-28 11:51:37.398 11143 11143 E ArmVmp : Match on catch block at 0xc3 in for 0xa1
03-28 11:51:37.402 11143 11143 E ArmVmp : Match on catch block at 0xc3 in for 0xa1
03-28 11:51:37.409 11143 11143 E ArmVmp : Match on catch block at 0xc3 in for 0xa5
03-28 11:51:37.417 11143 11143 E ArmVmp : Match on catch block at 0xc3 in for 0xa9
03-28 11:51:37.422 11143 11143 E ArmVmp : Match on catch block at 0xc3 in for 0xa9
03-28 11:51:37.430 11143 11143 E ArmVmp : Match on catch block at 0xc3 in for 0xa1
03-28 11:51:37.439 11143 11143 E ArmVmp : Match on catch block at 0xc3 in for 0xa5
03-28 11:51:37.443 11143 11143 E ArmVmp : Match on catch block at 0xc3 in for 0xa5
03-28 11:51:37.460 11143 11143 E ArmVmp : Match on catch block at 0xc3 in for 0xa9
03-28 11:51:37.466 11143 11143 E ArmVmp : Match on catch block at 0xc3 in for 0xa1
03-28 11:51:37.470 11143 11143 E ArmVmp : Match on catch block at 0xc3 in for 0xa1
03-28 11:51:37.477 11143 11143 E ArmVmp : Match on catch block at 0xc3 in for 0xa5
03-28 11:51:37.484 11143 11143 E ArmVmp : Match on catch block at 0xc3 in for 0xa9
03-28 11:51:37.487 11143 11143 E ArmVmp : Match on catch block at 0xc3 in for 0xa9
03-28 11:51:37.497 11143 11143 E ArmVmp : Match on catch block at 0xc3 in for 0xa1
03-28 11:51:37.504 11143 11143 E ArmVmp : Match on catch block at 0xc3 in for 0xa5
03-28 11:51:37.507 11143 11143 E ArmVmp : Match on catch block at 0xc3 in for 0xa5
03-28 11:51:37.524 11143 11143 E ArmVmp : Match on catch block at 0xc3 in for 0xa9
03-28 11:51:37.529 11143 11143 E ArmVmp : Match on catch block at 0xc3 in for 0xa1
03-28 11:51:37.533 11143 11143 E ArmVmp : Match on catch block at 0xc3 in for 0xa1
03-28 11:51:37.541 11143 11143 E ArmVmp : Match on catch block at 0xc3 in for 0xa5
03-28 11:51:37.546 11143 11143 E ArmVmp : Match on catch block at 0xc3 in for 0xa9
03-28 11:51:37.550 11143 11143 E ArmVmp : Match on catch block at 0xc3 in for 0xa9
03-28 11:51:37.557 11143 11143 E ArmVmp : Match on catch block at 0xc3 in for 0xa1
03-28 11:51:37.563 11143 11143 E ArmVmp : Match on catch block at 0xc3 in for 0xa5
03-28 11:51:37.567 11143 11143 E ArmVmp : Match on catch block at 0xc3 in for 0xa5
03-28 11:51:37.574 11143 11143 E ArmVmp : Match on catch block at 0xc3 in for 0xa9
03-28 11:51:37.580 11143 11143 E ArmVmp : Match on catch block at 0xc3 in for 0xa1
03-28 11:51:37.583 11143 11143 E ArmVmp : Match on catch block at 0xc3 in for 0xa1
03-28 11:51:37.591 11143 11143 E ArmVmp : Match on catch block at 0xc3 in for 0xa5
03-28 11:51:37.598 11143 11143 E ArmVmp : Match on catch block at 0xc3 in for 0xa9
03-28 11:51:37.602 11143 11143 E ArmVmp : Match on catch block at 0xc3 in for 0xa9
03-28 11:51:37.631 11143 11143 E ArmVmp : Match on catch block at 0xc3 in for 0xa5
03-28 11:51:37.636 11143 11143 E ArmVmp : Match on catch block at 0xc3 in for 0xa9
03-28 11:51:37.640 11143 11143 E ArmVmp : Match on catch block at 0xc3 in for 0xa9
03-28 11:51:37.662 11143 11143 E ArmVmp : Match on catch block at 0xc3 in for 0xa9
03-28 11:51:37.666 11143 11143 E ArmVmp : Match on catch block at 0xc3 in for 0xa1
03-28 11:51:37.669 11143 11143 E ArmVmp : Match on catch block at 0xc3 in for 0xa1
03-28 11:51:37.691 11143 11143 E ArmVmp : Match on catch block at 0xc3 in for 0xa5
03-28 11:51:37.695 11143 11143 E ArmVmp : Match on catch block at 0xc3 in for 0xa9
03-28 11:51:37.699 11143 11143 E ArmVmp : Match on catch block at 0xc3 in for 0xa9
03-28 11:51:37.707 11143 11143 E ArmVmp : Match on catch block at 0xc3 in for 0xa1
03-28 11:51:37.714 11143 11143 E ArmVmp : Match on catch block at 0xc3 in for 0xa5
03-28 11:51:37.717 11143 11143 E ArmVmp : Match on catch block at 0xc3 in for 0xa5
03-28 11:51:37.725 11143 11143 E ArmVmp : Match on catch block at 0xc3 in for 0xa9
03-28 11:51:37.731 11143 11143 E ArmVmp : Match on catch block at 0xc3 in for 0xa1
03-28 11:51:37.734 11143 11143 E ArmVmp : Match on catch block at 0xc3 in for 0xa1
03-28 11:51:37.746 11143 11143 E ArmVmp : Match on catch block at 0xc3 in for 0xa5
03-28 11:51:37.751 11143 11143 E ArmVmp : Match on catch block at 0xc3 in for 0xa9
03-28 11:51:37.754 11143 11143 E ArmVmp : Match on catch block at 0xc3 in for 0xa9
03-28 11:51:37.775 11143 11143 E ArmVmp : Match on catch block at 0xc3 in for 0xa1
03-28 11:51:37.781 11143 11143 E ArmVmp : Match on catch block at 0xc3 in for 0xa5
03-28 11:51:37.785 11143 11143 E ArmVmp : Match on catch block at 0xc3 in for 0xa5
03-28 11:51:37.809 11143 11143 E ArmVmp : Match on catch block at 0xc3 in for 0xa9
03-28 11:51:37.815 11143 11143 E ArmVmp : Match on catch block at 0xc3 in for 0xa1
03-28 11:51:37.820 11143 11143 E ArmVmp : Match on catch block at 0xc3 in for 0xa1
03-28 11:51:37.842 11143 11143 E ArmVmp : Match on catch block at 0xc3 in for 0xa5
03-28 11:51:37.848 11143 11143 E ArmVmp : Match on catch block at 0xc3 in for 0xa9
03-28 11:51:37.852 11143 11143 E ArmVmp : Match on catch block at 0xc3 in for 0xa9
03-28 11:51:37.874 11143 11143 E ArmVmp : Match on catch block at 0xc3 in for 0xa1
03-28 11:51:37.881 11143 11143 E ArmVmp : Match on catch block at 0xc3 in for 0xa5
03-28 11:51:37.891 11143 11143 E ArmVmp : Match on catch block at 0xc3 in for 0xa5
03-28 11:51:37.976 11143 11143 E ArmVmp : Match on catch block at 0xc3 in for 0xa9
03-28 11:51:37.985 11143 11143 E ArmVmp : Match on catch block at 0xc3 in for 0xa1
03-28 11:51:37.990 11143 11143 E ArmVmp : Match on catch block at 0xc3 in for 0xa1
03-28 11:51:38.143 11143 11143 E ArmVmp : Match on catch block at 0xc3 in for 0xa5
03-28 11:51:38.151 11143 11143 E ArmVmp : Match on catch block at 0xc3 in for 0xa9
03-28 11:51:38.155 11143 11143 E ArmVmp : Match on catch block at 0xc3 in for 0xa9
03-28 11:51:38.645 11143 11143 E ArmVmp : Match on catch block at 0xc3 in for 0xa1
03-28 11:51:38.663 11143 11143 E ArmVmp : Match on catch block at 0xc3 in for 0xa5
03-28 11:51:38.673 11143 11143 E ArmVmp : Match on catch block at 0xc3 in for 0xa5
03-28 11:51:38.973 11143 11143 E ArmVmp : Match on catch block at 0xc3 in for 0xa9
03-28 11:51:38.978 11143 11143 E ArmVmp : Match on catch block at 0xc3 in for 0xa1
03-28 11:51:38.981 11143 11143 E ArmVmp : Match on catch block at 0xc3 in for 0xa1
03-28 11:51:39.243 11143 11143 E ArmVmp : Match on catch block at 0xc3 in for 0xa5
03-28 11:51:39.249 11143 11143 E ArmVmp : Match on catch block at 0xc3 in for 0xa9
03-28 11:51:39.253 11143 11143 E ArmVmp : Match on catch block at 0xc3 in for 0xa9
03-28 11:51:39.287 11143 11143 E ArmVmp : Match on catch block at 0xc3 in for 0xa5
03-28 11:51:39.293 11143 11143 E ArmVmp : Match on catch block at 0xc3 in for 0xa9
03-28 11:51:39.297 11143 11143 E ArmVmp : Match on catch block at 0xc3 in for 0xa9
03-28 11:51:39.319 11143 11143 E ArmVmp : Match on catch block at 0xc3 in for 0xa1
03-28 11:51:39.324 11143 11143 E ArmVmp : Match on catch block at 0xc3 in for 0xa5
03-28 11:51:39.332 11143 11143 E ArmVmp : Match on catch block at 0xc3 in for 0xa1
03-28 11:51:39.337 11143 11143 E ArmVmp : Match on catch block at 0xc3 in for 0xa5
03-28 11:51:39.356 11143 11143 E ArmVmp : Match on catch block at 0xc3 in for 0xa1
03-28 11:51:39.362 11143 11143 E ArmVmp : Match on catch block at 0xc3 in for 0xa5
03-28 11:51:39.406 11143 11143 E ArmVmp : Match on catch block at 0xc3 in for 0xa9
03-28 11:51:39.411 11143 11143 E ArmVmp : Match on catch block at 0xc3 in for 0xa1
03-28 11:51:39.431 11143 11143 E ArmVmp : Match on catch block at 0xc3 in for 0xa9
03-28 11:51:39.435 11143 11143 E ArmVmp : Match on catch block at 0xc3 in for 0xa1
03-28 11:51:39.447 11143 11143 E ArmVmp : Match on catch block at 0xc3 in for 0xa9
03-28 11:51:39.451 11143 11143 E ArmVmp : Match on catch block at 0xc3 in for 0xa1
03-28 11:51:39.457 11143 11143 E ArmVmp : Match on catch block at 0xc3 in for 0xa9
03-28 11:51:39.462 11143 11143 E ArmVmp : Match on catch block at 0xc3 in for 0xa1
03-28 11:51:39.473 11143 11143 E ArmVmp : Match on catch block at 0xc3 in for 0xa9
03-28 11:51:39.478 11143 11143 E ArmVmp : Match on catch block at 0xc3 in for 0xa1
03-28 11:51:39.725 11143 11143 E ArmVmp : Match on catch block at 0xc3 in for 0xa1
03-28 11:51:39.731 11143 11143 E ArmVmp : Match on catch block at 0xc3 in for 0xa5
03-28 11:51:39.824 11143 11143 E ArmVmp : Match on catch block at 0xc3 in for 0xa1
03-28 11:51:39.829 11143 11143 E ArmVmp : Match on catch block at 0xc3 in for 0xa5
03-28 11:51:39.837 11143 12055 W MediaPlayer: Use of stream types is deprecated for operations other than volume control
03-28 11:51:39.837 11143 12055 W MediaPlayer: See the documentation of setAudioStreamType() for what to use instead with android.media.AudioAttributes to qualify your playback use case
03-28 11:51:39.849 11143 11143 E ArmVmp : Match on catch block at 0xc3 in for 0xa1
03-28 11:51:39.855 11143 11143 E ArmVmp : Match on catch block at 0xc3 in for 0xa5
03-28 11:51:39.929 11143 11143 E ArmVmp : Match on catch block at 0xc3 in for 0xa1
03-28 11:51:39.935 11143 11143 E ArmVmp : Match on catch block at 0xc3 in for 0xa5
03-28 11:51:39.952 11143 11143 E ArmVmp : Match on catch block at 0xc3 in for 0xa9
03-28 11:51:39.957 11143 11143 E ArmVmp : Match on catch block at 0xc3 in for 0xa1
03-28 11:51:40.101 11143 11143 E ArmVmp : Match on catch block at 0xc3 in for 0xa5
03-28 11:51:40.108 11143 11143 E ArmVmp : Match on catch block at 0xc3 in for 0xa9
03-28 11:51:40.131 11143 11143 E ArmVmp : Match on catch block at 0xc3 in for 0xa5
03-28 11:51:40.135 11143 11143 E ArmVmp : Match on catch block at 0xc3 in for 0xa9
03-28 11:51:40.148 11143 11143 E ArmVmp : Match on catch block at 0xc3 in for 0xa1
03-28 11:51:40.153 11143 11143 E ArmVmp : Match on catch block at 0xc3 in for 0xa5
03-28 11:51:40.358 11143 11143 E ArmVmp : Match on catch block at 0xc3 in for 0xa5
03-28 11:51:40.365 11143 11143 E ArmVmp : Match on catch block at 0xc3 in for 0xa9
03-28 11:51:40.864 11143 11143 E ArmVmp : Match on catch block at 0xc3 in for 0xa9
03-28 11:51:40.883 11143 11143 E ArmVmp : Match on catch block at 0xc3 in for 0xa1
03-28 11:51:41.010 11143 11143 W ActivityThread: handleWindowVisibility: no activity for token android.os.BinderProxy@255962
03-28 11:51:41.116 11143 11143 E ArmVmp : Match on catch block at 0xc3 in for 0xa5
03-28 11:51:41.120 11143 11143 E ArmVmp : Match on catch block at 0xc3 in for 0xa9
03-28 11:51:41.731 11143 11143 E ArmVmp : Match on catch block at 0xc3 in for 0xa5
03-28 11:51:41.744 11143 11143 E ArmVmp : Match on catch block at 0xc3 in for 0xa9
03-28 11:51:41.760 11143 11143 E ArmVmp : Match on catch block at 0xc3 in for 0xa5
03-28 11:51:41.771 11143 11143 E ArmVmp : Match on catch block at 0xc3 in for 0xa9
03-28 11:51:41.792 11143 11143 E ArmVmp : Match on catch block at 0xc3 in for 0xa5
03-28 11:51:41.800 11143 11143 E ArmVmp : Match on catch block at 0xc3 in for 0xa9
03-28 11:51:41.810 11143 11143 E ArmVmp : Match on catch block at 0xc3 in for 0xa5
03-28 11:51:41.815 11143 11143 E ArmVmp : Match on catch block at 0xc3 in for 0xa9
03-28 11:51:41.825 11143 11143 E ArmVmp : Match on catch block at 0xc3 in for 0xa5
03-28 11:51:41.830 11143 11143 E ArmVmp : Match on catch block at 0xc3 in for 0xa9
03-28 11:51:41.843 11143 11143 E ArmVmp : Match on catch block at 0xc3 in for 0xa5
03-28 11:51:41.850 11143 11143 E ArmVmp : Match on catch block at 0xc3 in for 0xa9
03-28 11:51:41.886 11143 11143 E ArmVmp : Match on catch block at 0xc3 in for 0xa5
03-28 11:51:41.890 11143 11143 E ArmVmp : Match on catch block at 0xc3 in for 0xa9
03-28 11:51:41.912 11143 11143 E ArmVmp : Match on catch block at 0xc3 in for 0xa5
03-28 11:51:41.927 11143 11143 E ArmVmp : Match on catch block at 0xc3 in for 0xa9
03-28 11:51:41.943 11143 11143 E ArmVmp : Match on catch block at 0xc3 in for 0xa5
03-28 11:51:41.947 11143 11143 E ArmVmp : Match on catch block at 0xc3 in for 0xa9
03-28 11:51:41.961 11143 11143 E ArmVmp : Match on catch block at 0xc3 in for 0xa5
03-28 11:51:41.966 11143 11143 E ArmVmp : Match on catch block at 0xc3 in for 0xa9
03-28 11:51:41.974 11143 11143 E ArmVmp : Match on catch block at 0xc3 in for 0xa5
03-28 11:51:41.978 11143 11143 E ArmVmp : Match on catch block at 0xc3 in for 0xa9
03-28 11:51:41.992 11143 11143 E ArmVmp : Match on catch block at 0xc3 in for 0xa5
03-28 11:51:41.996 11143 11143 E ArmVmp : Match on catch block at 0xc3 in for 0xa9
03-28 11:51:43.381 11143 11143 E ArmVmp : Match on catch block at 0xc3 in for 0xa9
03-28 11:51:43.385 11143 11143 E ArmVmp : Match on catch block at 0xc3 in for 0xa1
03-28 11:51:43.394 11143 11143 W ActivityThread: handleWindowVisibility: no activity for token android.os.BinderProxy@8f5a9f6
03-28 11:51:43.667 11143 11143 W Looper : Slow Looper main: Activity com.mbwhatsapp/.location.LocationPickerBottomSheet is 313ms late (wall=0ms running=0ms ClientTransaction{ callbacks=[android.app.servertransaction.TopResumedActivityChang eItem] }) because of 10 msg, msg 10 took 274ms (seq=16214 running=162ms runnable=11ms io=57ms late=39ms h=android.app.ActivityThread$H w=159)
03-28 11:51:43.670 11143 11143 E ArmVmp : Match on catch block at 0xc3 in for 0xa9
03-28 11:51:43.674 11143 11143 E ArmVmp : Match on catch block at 0xc3 in for 0xa1
03-28 11:51:44.832 11143 11794 W RenderInspector: DequeueBuffer time out on com.mbwhatsapp/com.mbwhatsapp.location.LocationPickerBottomSheet, count=1, avg=19 ms, max=19 ms.
03-28 11:51:44.977 11143 11143 E ArmVmp : Match on catch block at 0xc3 in for 0xa9
03-28 11:51:44.984 11143 11143 E ArmVmp : Match on catch block at 0xc3 in for 0xa1
03-28 11:51:44.992 11143 11143 E ArmVmp : Match on catch block at 0xc3 in for 0xa9
03-28 11:51:44.999 11143 11143 E ArmVmp : Match on catch block at 0xc3 in for 0xa1
03-28 11:51:45.018 11143 11143 E ArmVmp : Match on catch block at 0xc3 in for 0xa9
03-28 11:51:45.024 11143 11143 E ArmVmp : Match on catch block at 0xc3 in for 0xa1
03-28 11:51:45.045 11143 11143 E ArmVmp : Match on catch block at 0xc3 in for 0xa9
03-28 11:51:45.051 11143 11143 E ArmVmp : Match on catch block at 0xc3 in for 0xa1
03-28 11:51:45.060 11143 11143 E ArmVmp : Match on catch block at 0xc3 in for 0xa9
03-28 11:51:45.066 11143 11143 E ArmVmp : Match on catch block at 0xc3 in for 0xa1
03-28 11:51:45.112 11143 11143 E ArmVmp : Match on catch block at 0xc3 in for 0xa9
03-28 11:51:45.119 11143 11143 E ArmVmp : Match on catch block at 0xc3 in for 0xa1
03-28 11:51:45.140 11143 11143 E ArmVmp : Match on catch block at 0xc3 in for 0xa9
03-28 11:51:45.152 11143 11143 E ArmVmp : Match on catch block at 0xc3 in for 0xa1
03-28 11:51:45.184 11143 11143 E ArmVmp : Match on catch block at 0xc3 in for 0xa9
03-28 11:51:45.193 11143 11143 E ArmVmp : Match on catch block at 0xc3 in for 0xa1
03-28 11:51:45.216 11143 11143 E ArmVmp : Match on catch block at 0xc3 in for 0xa9
03-28 11:51:45.228 11143 11143 E ArmVmp : Match on catch block at 0xc3 in for 0xa1
03-28 11:51:45.246 11143 11143 E ArmVmp : Match on catch block at 0xc3 in for 0xa9
03-28 11:51:45.255 11143 11143 E ArmVmp : Match on catch block at 0xc3 in for 0xa1
03-28 11:51:45.965 11143 11143 E ArmVmp : Match on catch block at 0xc3 in for 0xa1
03-28 11:51:45.972 11143 11143 E ArmVmp : Match on catch block at 0xc3 in for 0xa5
03-28 11:51:45.993 11143 11143 E ArmVmp : Match on catch block at 0xc3 in for 0xa5
03-28 11:51:45.998 11143 11143 E ArmVmp : Match on catch block at 0xc3 in for 0xa9
03-28 11:51:46.443 11143 11143 E ArmVmp : Match on catch block at 0xc3 in for 0xa9
03-28 11:51:46.448 11143 11143 E ArmVmp : Match on catch block at 0xc3 in for 0xa1
03-28 11:51:46.612 11143 11250 W DpmTcmClient: read failed bytes countRead: -1
03-28 11:51:46.957 11143 11143 E ArmVmp : Match on catch block at 0xc3 in for 0xa9
03-28 11:51:46.965 11143 11143 E ArmVmp : Match on catch block at 0xc3 in for 0xa1
03-28 11:51:47.465 11143 11143 E ArmVmp : Match on catch block at 0xc3 in for 0xa9
03-28 11:51:47.481 11143 11143 E ArmVmp : Match on catch block at 0xc3 in for 0xa1
03-28 11:51:47.545 11143 11143 E ArmVmp : Match on catch block at 0xc3 in for 0xa9
03-28 11:51:47.552 11143 11143 E ArmVmp : Match on catch block at 0xc3 in for 0xa1
03-28 11:51:47.561 11143 11143 E ArmVmp : Match on catch block at 0xc3 in for 0xa9
03-28 11:51:47.568 11143 11143 E ArmVmp : Match on catch block at 0xc3 in for 0xa1
03-28 11:51:47.576 11143 11143 E ArmVmp : Match on catch block at 0xc3 in for 0xa9
03-28 11:51:47.583 11143 11143 E ArmVmp : Match on catch block at 0xc3 in for 0xa1
03-28 11:51:47.595 11143 11143 E ArmVmp : Match on catch block at 0xc3 in for 0xa9
03-28 11:51:47.602 11143 11143 E ArmVmp : Match on catch block at 0xc3 in for 0xa1
03-28 11:51:47.612 11143 11143 E ArmVmp : Match on catch block at 0xc3 in for 0xa9
03-28 11:51:47.618 11143 11143 E ArmVmp : Match on catch block at 0xc3 in for 0xa1
03-28 11:51:47.645 11143 11143 E ArmVmp : Match on catch block at 0xc3 in for 0xa1
03-28 11:51:47.650 11143 11143 E ArmVmp : Match on catch block at 0xc3 in for 0xa5
03-28 11:51:47.667 11143 11143 E ArmVmp : Match on catch block at 0xc3 in for 0xa1
03-28 11:51:47.671 11143 11143 E ArmVmp : Match on catch block at 0xc3 in for 0xa5
03-28 11:51:47.674 11143 11143 W ActivityThread: handleWindowVisibility: no activity for token android.os.BinderProxy@e30347c
03-28 11:51:47.791 11143 11143 W BottomSheetBehavior: BottomSheetBehavior now supports multiple callbacks. `setBottomSheetCallback()` removes all existing callbacks, including ones set internally by library authors, which may result in unintended behavior. This may change in the future. Please use `addBottomSheetCallback()` and `removeBottomSheetCallback()` instead to set your own callbacks.
03-28 11:51:47.821 11143 11143 E ArmVmp : Match on catch block at 0xc3 in for 0xa1
03-28 11:51:47.826 11143 11143 E ArmVmp : Match on catch block at 0xc3 in for 0xa5
03-28 11:51:47.867 11143 11143 E ArmVmp : Match on catch block at 0xc3 in for 0xa1
03-28 11:51:47.876 11143 11143 E ArmVmp : Match on catch block at 0xc3 in for 0xa5
03-28 11:51:48.900 11143 11143 E ArmVmp : Match on catch block at 0xc3 in for 0xa9
03-28 11:51:48.904 11143 11143 E ArmVmp : Match on catch block at 0xc3 in for 0xa1
03-28 11:51:48.923 11143 11143 E ArmVmp : Match on catch block at 0xc3 in for 0xa9
03-28 11:51:48.929 11143 11143 E ArmVmp : Match on catch block at 0xc3 in for 0xa1
03-28 11:51:48.976 11143 11143 E ArmVmp : Match on catch block at 0xc3 in for 0xa1
03-28 11:51:48.982 11143 11143 E ArmVmp : Match on catch block at 0xc3 in for 0xa5
03-28 11:51:48.993 11143 11143 E ArmVmp : Match on catch block at 0xc3 in for 0xa1
03-28 11:51:48.998 11143 11143 E ArmVmp : Match on catch block at 0xc3 in for 0xa5
03-28 11:51:49.013 11143 11143 E ArmVmp : Match on catch block at 0xc3 in for 0xa1
03-28 11:51:49.018 11143 11143 E ArmVmp : Match on catch block at 0xc3 in for 0xa5
03-28 11:51:49.030 11143 11143 E ArmVmp : Match on catch block at 0xc3 in for 0xa1
03-28 11:51:49.036 11143 11143 E ArmVmp : Match on catch block at 0xc3 in for 0xa5
03-28 11:51:49.048 11143 11143 E ArmVmp : Match on catch block at 0xc3 in for 0xa1
03-28 11:51:49.056 11143 11143 E ArmVmp : Match on catch block at 0xc3 in for 0xa5
03-28 11:51:49.070 11143 11143 E ArmVmp : Match on catch block at 0xc3 in for 0xa1
03-28 11:51:49.076 11143 11143 E ArmVmp : Match on catch block at 0xc3 in for 0xa5
03-28 11:51:49.090 11143 11143 E ArmVmp : Match on catch block at 0xc3 in for 0xa1
03-28 11:51:49.096 11143 11143 E ArmVmp : Match on catch block at 0xc3 in for 0xa5
03-28 11:51:49.107 11143 11143 E ArmVmp : Match on catch block at 0xc3 in for 0xa1
03-28 11:51:49.114 11143 11143 E ArmVmp : Match on catch block at 0xc3 in for 0xa5
03-28 11:51:49.128 11143 11143 E ArmVmp : Match on catch block at 0xc3 in for 0xa1
03-28 11:51:49.135 11143 11143 E ArmVmp : Match on catch block at 0xc3 in for 0xa5
03-28 11:51:49.154 11143 11143 E ArmVmp : Match on catch block at 0xc3 in for 0xa1
03-28 11:51:49.162 11143 11143 E ArmVmp : Match on catch block at 0xc3 in for 0xa5
03-28 11:51:49.191 11143 11143 E ArmVmp : Match on catch block at 0xc3 in for 0xa9
03-28 11:51:49.197 11143 11143 E ArmVmp : Match on catch block at 0xc3 in for 0xa1
03-28 11:51:49.221 11143 11143 E ArmVmp : Match on catch block at 0xc3 in for 0xa5
03-28 11:51:49.226 11143 11143 E ArmVmp : Match on catch block at 0xc3 in for 0xa9
03-28 11:51:49.279 11143 11143 E ArmVmp : Match on catch block at 0xc3 in for 0xa5
03-28 11:51:49.284 11143 11143 E ArmVmp : Match on catch block at 0xc3 in for 0xa9
03-28 11:51:49.307 11143 11143 E ArmVmp : Match on catch block at 0xc3 in for 0xa5
03-28 11:51:49.315 11143 11143 E ArmVmp : Match on catch block at 0xc3 in for 0xa9
03-28 11:51:49.338 11143 11143 E ArmVmp : Match on catch block at 0xc3 in for 0xa5
03-28 11:51:49.345 11143 11143 E ArmVmp : Match on catch block at 0xc3 in for 0xa9
03-28 11:51:50.183 11143 11143 E ArmVmp : Match on catch block at 0xc3 in for 0xa9
03-28 11:51:50.187 11143 11143 E ArmVmp : Match on catch block at 0xc3 in for 0xa1
03-28 11:51:50.195 11143 11143 E ArmVmp : Match on catch block at 0xc3 in for 0xa9
03-28 11:51:50.200 11143 11143 E ArmVmp : Match on catch block at 0xc3 in for 0xa1
03-28 11:51:50.679 11143 11143 E ArmVmp : Match on catch block at 0xc3 in for 0xa5
03-28 11:51:50.688 11143 11143 E ArmVmp : Match on catch block at 0xc3 in for 0xa9
03-28 11:51:51.204 11143 11143 E ArmVmp : Match on catch block at 0xc3 in for 0xa9
03-28 11:51:51.209 11143 11143 E ArmVmp : Match on catch block at 0xc3 in for 0xa1
03-28 11:51:51.223 11143 11143 E ArmVmp : Match on catch block at 0xc3 in for 0xa9
03-28 11:51:51.227 11143 11143 E ArmVmp : Match on catch block at 0xc3 in for 0xa1
03-28 11:51:51.731 11143 11143 E ArmVmp : Match on catch block at 0xc3 in for 0xa9
03-28 11:51:51.744 11143 11143 E ArmVmp : Match on catch block at 0xc3 in for 0xa1
03-28 11:51:52.241 11143 11143 E ArmVmp : Match on catch block at 0xc3 in for 0xa9
03-28 11:51:52.254 11143 11143 E ArmVmp : Match on catch block at 0xc3 in for 0xa1
03-28 11:51:52.732 11143 11143 E ArmVmp : Match on catch block at 0xc3 in for 0xa9
03-28 11:51:52.745 11143 11143 E ArmVmp : Match on catch block at 0xc3 in for 0xa1
03-28 11:51:52.779 11143 11143 E ArmVmp : Match on catch block at 0xc3 in for 0xa9
03-28 11:51:52.787 11143 11143 E ArmVmp : Match on catch block at 0xc3 in for 0xa1
03-28 11:51:52.796 11143 11143 E ArmVmp : Match on catch block at 0xc3 in for 0xa9
03-28 11:51:52.802 11143 11143 E ArmVmp : Match on catch block at 0xc3 in for 0xa1
03-28 11:51:52.812 11143 11143 E ArmVmp : Match on catch block at 0xc3 in for 0xa9
03-28 11:51:52.818 11143 11143 E ArmVmp : Match on catch block at 0xc3 in for 0xa1
03-28 11:51:52.829 11143 11143 E ArmVmp : Match on catch block at 0xc3 in for 0xa9
03-28 11:51:52.835 11143 11143 E ArmVmp : Match on catch block at 0xc3 in for 0xa1
03-28 11:51:52.846 11143 11143 E ArmVmp : Match on catch block at 0xc3 in for 0xa9
03-28 11:51:52.852 11143 11143 E ArmVmp : Match on catch block at 0xc3 in for 0xa1
03-28 11:51:52.862 11143 11143 E ArmVmp : Match on catch block at 0xc3 in for 0xa9
03-28 11:51:52.869 11143 11143 E ArmVmp : Match on catch block at 0xc3 in for 0xa1
03-28 11:51:52.895 11143 11143 E ArmVmp : Match on catch block at 0xc3 in for 0xa9
03-28 11:51:52.902 11143 11143 E ArmVmp : Match on catch block at 0xc3 in for 0xa1
03-28 11:51:52.912 11143 11143 E ArmVmp : Match on catch block at 0xc3 in for 0xa9
03-28 11:51:52.919 11143 11143 E ArmVmp : Match on catch block at 0xc3 in for 0xa1
03-28 11:51:52.930 11143 11143 E ArmVmp : Match on catch block at 0xc3 in for 0xa9
03-28 11:51:52.936 11143 11143 E ArmVmp : Match on catch block at 0xc3 in for 0xa1
03-28 11:51:52.947 11143 11143 E ArmVmp : Match on catch block at 0xc3 in for 0xa9
03-28 11:51:52.954 11143 11143 E ArmVmp : Match on catch block at 0xc3 in for 0xa1
03-28 11:51:52.961 11143 11143 E ArmVmp : Match on catch block at 0xc3 in for 0xa9
03-28 11:51:52.969 11143 11143 E ArmVmp : Match on catch block at 0xc3 in for 0xa1
03-28 11:51:52.980 11143 11143 E ArmVmp : Match on catch block at 0xc3 in for 0xa9
03-28 11:51:52.986 11143 11143 E ArmVmp : Match on catch block at 0xc3 in for 0xa1
03-28 11:51:52.997 11143 11143 E ArmVmp : Match on catch block at 0xc3 in for 0xa9
03-28 11:51:53.003 11143 11143 E ArmVmp : Match on catch block at 0xc3 in for 0xa1
03-28 11:51:53.013 11143 11143 E ArmVmp : Match on catch block at 0xc3 in for 0xa9
03-28 11:51:53.021 11143 11143 E ArmVmp : Match on catch block at 0xc3 in for 0xa1
03-28 11:51:53.030 11143 11143 E ArmVmp : Match on catch block at 0xc3 in for 0xa9
03-28 11:51:53.036 11143 11143 E ArmVmp : Match on catch block at 0xc3 in for 0xa1
03-28 11:51:53.229 11143 11143 E ArmVmp : Match on catch block at 0xc3 in for 0xa5
03-28 11:51:53.235 11143 11143 E ArmVmp : Match on catch block at 0xc3 in for 0xa9
03-28 11:51:53.744 11143 11143 E ArmVmp : Match on catch block at 0xc3 in for 0xa5
03-28 11:51:53.750 11143 11143 E ArmVmp : Match on catch block at 0xc3 in for 0xa9
03-28 11:51:54.254 11143 11143 E ArmVmp : Match on catch block at 0xc3 in for 0xa5
03-28 11:51:54.268 11143 11143 E ArmVmp : Match on catch block at 0xc3 in for 0xa9
03-28 11:51:54.750 11143 11143 E ArmVmp : Match on catch block at 0xc3 in for 0xa5
03-28 11:51:54.764 11143 11143 E ArmVmp : Match on catch block at 0xc3 in for 0xa9
03-28 11:51:55.253 11143 11143 E ArmVmp : Match on catch block at 0xc3 in for 0xa5
03-28 11:51:55.272 11143 11143 E ArmVmp : Match on catch block at 0xc3 in for 0xa9
03-28 11:51:55.392 11143 11143 E ArmVmp : Match on catch block at 0xc3 in for 0xa5
03-28 11:51:55.399 11143 11143 E ArmVmp : Match on catch block at 0xc3 in for 0xa9
03-28 11:51:55.407 11143 11143 E ArmVmp : Match on catch block at 0xc3 in for 0xa9
03-28 11:51:55.412 11143 11143 E ArmVmp : Match on catch block at 0xc3 in for 0xa1
03-28 11:51:55.434 11143 11143 E ArmVmp : Match on catch block at 0xc3 in for 0xa5
03-28 11:51:55.438 11143 11143 E ArmVmp : Match on catch block at 0xc3 in for 0xa9
03-28 11:51:55.444 11143 11143 E ArmVmp : Match on catch block at 0xc3 in for 0xa9
03-28 11:51:55.449 11143 11143 E ArmVmp : Match on catch block at 0xc3 in for 0xa1
03-28 11:51:55.501 11143 11143 E ArmVmp : Match on catch block at 0xc3 in for 0xa1
03-28 11:51:55.505 11143 11143 E ArmVmp : Match on catch block at 0xc3 in for 0xa5
03-28 11:51:55.512 11143 11143 E ArmVmp : Match on catch block at 0xc3 in for 0xa9
03-28 11:51:55.516 11143 11143 E ArmVmp : Match on catch block at 0xc3 in for 0xa1
03-28 11:51:55.561 11143 11143 E ArmVmp : Match on catch block at 0xc3 in for 0xa1
03-28 11:51:55.566 11143 11143 E ArmVmp : Match on catch block at 0xc3 in for 0xa5
03-28 11:51:55.572 11143 11143 E ArmVmp : Match on catch block at 0xc3 in for 0xa9
03-28 11:51:55.577 11143 11143 E ArmVmp : Match on catch block at 0xc3 in for 0xa1
03-28 11:51:55.584 11143 11143 E ArmVmp : Match on catch block at 0xc3 in for 0xa5
03-28 11:51:55.588 11143 11143 E ArmVmp : Match on catch block at 0xc3 in for 0xa9
03-28 11:51:55.595 11143 11143 E ArmVmp : Match on catch block at 0xc3 in for 0xa1
03-28 11:51:55.600 11143 11143 E ArmVmp : Match on catch block at 0xc3 in for 0xa5
03-28 11:51:55.612 11143 11143 E ArmVmp : Match on catch block at 0xc3 in for 0xa9
03-28 11:51:55.617 11143 11143 E ArmVmp : Match on catch block at 0xc3 in for 0xa1
03-28 11:51:55.629 11143 11143 E ArmVmp : Match on catch block at 0xc3 in for 0xa5
03-28 11:51:55.634 11143 11143 E ArmVmp : Match on catch block at 0xc3 in for 0xa9
03-28 11:51:55.647 11143 11143 E ArmVmp : Match on catch block at 0xc3 in for 0xa1
03-28 11:51:55.653 11143 11143 E ArmVmp : Match on catch block at 0xc3 in for 0xa5
03-28 11:51:55.664 11143 11143 E ArmVmp : Match on catch block at 0xc3 in for 0xa9
03-28 11:51:55.670 11143 11143 E ArmVmp : Match on catch block at 0xc3 in for 0xa1
03-28 11:51:55.679 11143 11143 E ArmVmp : Match on catch block at 0xc3 in for 0xa5
03-28 11:51:55.685 11143 11143 E ArmVmp : Match on catch block at 0xc3 in for 0xa9
03-28 11:51:55.696 11143 11143 E ArmVmp : Match on catch block at 0xc3 in for 0xa1
03-28 11:51:55.702 11143 11143 E ArmVmp : Match on catch block at 0xc3 in for 0xa5
03-28 11:51:55.712 11143 11143 E ArmVmp : Match on catch block at 0xc3 in for 0xa9
03-28 11:51:55.717 11143 11143 E ArmVmp : Match on catch block at 0xc3 in for 0xa1
03-28 11:51:55.730 11143 11143 E ArmVmp : Match on catch block at 0xc3 in for 0xa5
03-28 11:51:55.735 11143 11143 E ArmVmp : Match on catch block at 0xc3 in for 0xa9
03-28 11:51:55.747 11143 11143 E ArmVmp : Match on catch block at 0xc3 in for 0xa1
03-28 11:51:55.752 11143 11143 E ArmVmp : Match on catch block at 0xc3 in for 0xa5
03-28 11:51:55.763 11143 11143 E ArmVmp : Match on catch block at 0xc3 in for 0xa9
03-28 11:51:55.769 11143 11143 E ArmVmp : Match on catch block at 0xc3 in for 0xa1
03-28 11:51:55.780 11143 11143 E ArmVmp : Match on catch block at 0xc3 in for 0xa5
03-28 11:51:55.786 11143 11143 E ArmVmp : Match on catch block at 0xc3 in for 0xa9
03-28 11:51:55.797 11143 11143 E ArmVmp : Match on catch block at 0xc3 in for 0xa1
03-28 11:51:55.802 11143 11143 E ArmVmp : Match on catch block at 0xc3 in for 0xa5
03-28 11:51:55.812 11143 11143 E ArmVmp : Match on catch block at 0xc3 in for 0xa9
03-28 11:51:55.817 11143 11143 E ArmVmp : Match on catch block at 0xc3 in for 0xa1
03-28 11:51:55.829 11143 11143 E ArmVmp : Match on catch block at 0xc3 in for 0xa5
03-28 11:51:55.834 11143 11143 E ArmVmp : Match on catch block at 0xc3 in for 0xa9
03-28 11:51:55.847 11143 11143 E ArmVmp : Match on catch block at 0xc3 in for 0xa1
03-28 11:51:55.853 11143 11143 E ArmVmp : Match on catch block at 0xc3 in for 0xa5
03-28 11:51:55.864 11143 11143 E ArmVmp : Match on catch block at 0xc3 in for 0xa9
03-28 11:51:55.869 11143 11143 E ArmVmp : Match on catch block at 0xc3 in for 0xa1
03-28 11:51:55.878 11143 11143 E ArmVmp : Match on catch block at 0xc3 in for 0xa1
03-28 11:51:55.883 11143 11143 E ArmVmp : Match on catch block at 0xc3 in for 0xa5
03-28 11:51:56.116 11143 11143 E ArmVmp : Match on catch block at 0xc3 in for 0xa9
03-28 11:51:56.121 11143 11143 E ArmVmp : Match on catch block at 0xc3 in for 0xa1
03-28 11:51:56.148 11143 11143 E ArmVmp : Match on catch block at 0xc3 in for 0xa1
03-28 11:51:56.153 11143 11143 E ArmVmp : Match on catch block at 0xc3 in for 0xa5
03-28 11:51:56.351 11143 11143 E ArmVmp : Match on catch block at 0xc3 in for 0xa1
03-28 11:51:56.356 11143 11143 E ArmVmp : Match on catch block at 0xc3 in for 0xa5
03-28 11:51:56.381 11143 11143 E ArmVmp : Match on catch block at 0xc3 in for 0xa9
03-28 11:51:56.385 11143 11143 E ArmVmp : Match on catch block at 0xc3 in for 0xa1
03-28 11:51:56.396 11143 11143 E ArmVmp : Match on catch block at 0xc3 in for 0xa5
03-28 11:51:56.400 11143 11143 E ArmVmp : Match on catch block at 0xc3 in for 0xa9
03-28 11:51:56.438 11143 11143 E ArmVmp : Match on catch block at 0xc3 in for 0xa5
03-28 11:51:56.445 11143 11143 E ArmVmp : Match on catch block at 0xc3 in for 0xa9
03-28 11:51:56.462 11143 11143 E ArmVmp : Match on catch block at 0xc3 in for 0xa9
03-28 11:51:56.468 11143 11143 E ArmVmp : Match on catch block at 0xc3 in for 0xa1
03-28 11:51:56.478 11143 11143 E ArmVmp : Match on catch block at 0xc3 in for 0xa1
03-28 11:51:56.484 11143 11143 E ArmVmp : Match on catch block at 0xc3 in for 0xa5
03-28 11:51:56.495 11143 11143 E ArmVmp : Match on catch block at 0xc3 in for 0xa5
03-28 11:51:56.502 11143 11143 E ArmVmp : Match on catch block at 0xc3 in for 0xa9
03-28 11:51:56.512 11143 11143 E ArmVmp : Match on catch block at 0xc3 in for 0xa9
03-28 11:51:56.513 11143 11794 W RenderInspector: QueueBuffer time out on com.mbwhatsapp/com.mbwhatsapp.Conversation, count=1, avg=27 ms, max=27 ms.
03-28 11:51:56.518 11143 11143 E ArmVmp : Match on catch block at 0xc3 in for 0xa1
03-28 11:51:56.528 11143 11143 E ArmVmp : Match on catch block at 0xc3 in for 0xa1
03-28 11:51:56.535 11143 11143 E ArmVmp : Match on catch block at 0xc3 in for 0xa5
03-28 11:51:56.545 11143 11143 E ArmVmp : Match on catch block at 0xc3 in for 0xa5
03-28 11:51:56.550 11143 11143 E ArmVmp : Match on catch block at 0xc3 in for 0xa9
03-28 11:51:56.562 11143 11143 E ArmVmp : Match on catch block at 0xc3 in for 0xa9
03-28 11:51:56.567 11143 11143 E ArmVmp : Match on catch block at 0xc3 in for 0xa1
03-28 11:51:56.579 11143 11143 E ArmVmp : Match on catch block at 0xc3 in for 0xa1
03-28 11:51:56.585 11143 11143 E ArmVmp : Match on catch block at 0xc3 in for 0xa5
03-28 11:51:56.595 11143 11143 E ArmVmp : Match on catch block at 0xc3 in for 0xa5
03-28 11:51:56.600 11143 11143 E ArmVmp : Match on catch block at 0xc3 in for 0xa9
03-28 11:51:56.612 11143 11143 E ArmVmp : Match on catch block at 0xc3 in for 0xa9
03-28 11:51:56.617 11143 11143 E ArmVmp : Match on catch block at 0xc3 in for 0xa1
03-28 11:51:56.628 11143 11143 E ArmVmp : Match on catch block at 0xc3 in for 0xa1
03-28 11:51:56.634 11143 11143 E ArmVmp : Match on catch block at 0xc3 in for 0xa5
03-28 11:51:56.837 11143 11143 E ArmVmp : Match on catch block at 0xc3 in for 0xa5
03-28 11:51:56.846 11143 11143 E ArmVmp : Match on catch block at 0xc3 in for 0xa9
03-28 11:51:57.762 11143 11794 W RenderInspector: QueueBuffer time out on Toast, count=1, avg=21 ms, max=21 ms.
03-28 11:52:00.051 11143 11143 W ActivityThread: handleWindowVisibility: no activity for token android.os.BinderProxy@104d230
03-28 11:52:00.117 11143 11794 W RenderInspector: QueueBuffer time out on com.mbwhatsapp/com.mbwhatsapp.HomeActivity, count=2, avg=17 ms, max=18 ms.
03-28 11:52:00.308 11143 11143 E ArmVmp : Match on catch block at 0x0a in for 0xc9
03-28 11:52:00.312 11143 11143 E ArmVmp : Match on catch block at 0x0a in for 0xc5
03-28 11:52:00.351 11143 11143 W Looper : Slow Looper main: Activity com.mbwhatsapp/.Conversation is 307ms late (wall=0ms running=0ms ClientTransaction{ callbacks=[android.app.servertransaction.TopResumedActivityChangeItem] }) because of 3 msg, msg 3 took 299ms (seq=17296 running=251ms runnable=20ms late=8ms h=android.app.ActivityThread$H w=159)
03-28 11:52:00.613 11143 11143 E ArmVmp : Match on catch block at 0xc3 in for 0xb9
03-28 11:52:00.618 11143 11143 E ArmVmp : Match on catch block at 0xc3 in for 0xb9
03-28 11:52:00.645 11143 11143 W Looper : Slow Looper main: doFrame is 308ms late because of 4 msg, msg 3 took 299ms (seq=17296 running=251ms runnable=20ms late=8ms h=android.app.ActivityThread$H w=159)
03-28 11:52:00.622 11143 11143 E ArmVmp : Match on catch block at 0xc3 in for 0xb9
03-28 11:52:00.682 11143 11143 E ArmVmp : Match on catch block at 0xc3 in for 0xa5
03-28 11:52:00.686 11143 11143 E ArmVmp : Match on catch block at 0xc3 in for 0xa9
03-28 11:52:00.689 11143 11143 E ArmVmp : Match on catch block at 0xc3 in for 0xa9
03-28 11:52:00.710 11143 11143 W Looper : Slow Looper main: doFrame is 314ms late because of 51 msg, msg 1 took 293ms (seq=17298 running=251ms runnable=6ms late=308ms h=android.view.Choreographer$FrameHandler c=android.view.Choreographer$FrameDisplayEventReceiver)
03-28 11:52:00.744 11143 11143 E ArmVmp : Match on catch block at 0xc3 in for 0xa9
03-28 11:52:00.749 11143 11143 E ArmVmp : Match on catch block at 0xc3 in for 0xa1
03-28 11:52:00.753 11143 11143 E ArmVmp : Match on catch block at 0xc3 in for 0xa1
03-28 11:52:00.827 11143 11143 E ArmVmp : Match on catch block at 0xc3 in for 0xa1
03-28 11:52:00.834 11143 11143 E ArmVmp : Match on catch block at 0xc3 in for 0xa5
03-28 11:52:00.838 11143 11143 E ArmVmp : Match on catch block at 0xc3 in for 0xa5
03-28 11:52:00.873 11143 11143 E ArmVmp : Match on catch block at 0xc3 in for 0xa9
03-28 11:52:00.878 11143 11143 E ArmVmp : Match on catch block at 0xc3 in for 0xa1
03-28 11:52:00.878 11143 11794 W RenderInspector: QueueBuffer time out on com.mbwhatsapp/com.mbwhatsapp.HomeActivity, count=1, avg=17 ms, max=17 ms.
03-28 11:52:00.882 11143 11143 E ArmVmp : Match on catch block at 0xc3 in for 0xa1
03-28 11:52:01.164 11143 11143 E ArmVmp : Match on catch block at 0xc3 in for 0xa9
03-28 11:52:01.170 11143 11143 E ArmVmp : Match on catch block at 0xc3 in for 0xa1
03-28 11:52:01.174 11143 11143 E ArmVmp : Match on catch block at 0xc3 in for 0xa1
03-28 11:52:01.194 11143 11143 E ArmVmp : Match on catch block at 0xc3 in for 0xa5
03-28 11:52:01.199 11143 11143 E ArmVmp : Match on catch block at 0xc3 in for 0xa9
03-28 11:52:01.203 11143 11143 E ArmVmp : Match on catch block at 0xc3 in for 0xa9
03-28 11:52:01.229 11143 11143 E ArmVmp : Match on catch block at 0xc3 in for 0xa1
03-28 11:52:01.234 11143 11143 E ArmVmp : Match on catch block at 0xc3 in for 0xa5
03-28 11:52:01.238 11143 11143 E ArmVmp : Match on catch block at 0xc3 in for 0xa5
03-28 11:52:01.247 11143 11143 E ArmVmp : Match on catch block at 0xc3 in for 0xa9
03-28 11:52:01.252 11143 11143 E ArmVmp : Match on catch block at 0xc3 in for 0xa1
03-28 11:52:01.255 11143 11143 E ArmVmp : Match on catch block at 0xc3 in for 0xa1
03-28 11:52:01.264 11143 11143 E ArmVmp : Match on catch block at 0xc3 in for 0xa5
03-28 11:52:01.269 11143 11143 E ArmVmp : Match on catch block at 0xc3 in for 0xa9
03-28 11:52:01.273 11143 11143 E ArmVmp : Match on catch block at 0xc3 in for 0xa9
03-28 11:52:01.280 11143 11143 E ArmVmp : Match on catch block at 0xc3 in for 0xa1
03-28 11:52:01.286 11143 11143 E ArmVmp : Match on catch block at 0xc3 in for 0xa5
03-28 11:52:01.290 11143 11143 E ArmVmp : Match on catch block at 0xc3 in for 0xa5
03-28 11:52:01.298 11143 11143 E ArmVmp : Match on catch block at 0xc3 in for 0xa9
03-28 11:52:01.303 11143 11143 E ArmVmp : Match on catch block at 0xc3 in for 0xa1
03-28 11:52:01.306 11143 11143 E ArmVmp : Match on catch block at 0xc3 in for 0xa1
03-28 11:52:01.314 11143 11143 E ArmVmp : Match on catch block at 0xc3 in for 0xa5
03-28 11:52:01.319 11143 11143 E ArmVmp : Match on catch block at 0xc3 in for 0xa9
03-28 11:52:01.322 11143 11143 E ArmVmp : Match on catch block at 0xc3 in for 0xa9
03-28 11:52:01.330 11143 11143 E ArmVmp : Match on catch block at 0xc3 in for 0xa1
03-28 11:52:01.335 11143 11143 E ArmVmp : Match on catch block at 0xc3 in for 0xa5
03-28 11:52:01.338 11143 11143 E ArmVmp : Match on catch block at 0xc3 in for 0xa5
03-28 11:52:01.348 11143 11143 E ArmVmp : Match on catch block at 0xc3 in for 0xa9
03-28 11:52:01.353 11143 11143 E ArmVmp : Match on catch block at 0xc3 in for 0xa1
03-28 11:52:01.356 11143 11143 E ArmVmp : Match on catch block at 0xc3 in for 0xa1
03-28 11:52:01.364 11143 11143 E ArmVmp : Match on catch block at 0xc3 in for 0xa5
03-28 11:52:01.369 11143 11143 E ArmVmp : Match on catch block at 0xc3 in for 0xa9
03-28 11:52:01.373 11143 11143 E ArmVmp : Match on catch block at 0xc3 in for 0xa9
03-28 11:52:01.382 11143 11143 E ArmVmp : Match on catch block at 0xc3 in for 0xa1
03-28 11:52:01.387 11143 11143 E ArmVmp : Match on catch block at 0xc3 in for 0xa5
03-28 11:52:01.391 11143 11143 E ArmVmp : Match on catch block at 0xc3 in for 0xa5
03-28 11:52:01.415 11143 11143 E ArmVmp : Match on catch block at 0xc3 in for 0xa9
03-28 11:52:01.420 11143 11143 E ArmVmp : Match on catch block at 0xc3 in for 0xa1
03-28 11:52:01.424 11143 11143 E ArmVmp : Match on catch block at 0xc3 in for 0xa1
03-28 11:52:01.431 11143 11143 E ArmVmp : Match on catch block at 0xc3 in for 0xa5
03-28 11:52:01.437 11143 11143 E ArmVmp : Match on catch block at 0xc3 in for 0xa9
03-28 11:52:01.441 11143 11143 E ArmVmp : Match on catch block at 0xc3 in for 0xa9
03-28 11:52:01.447 11143 11143 E ArmVmp : Match on catch block at 0xc3 in for 0xa1
03-28 11:52:01.452 11143 11143 E ArmVmp : Match on catch block at 0xc3 in for 0xa5
03-28 11:52:01.455 11143 11143 E ArmVmp : Match on catch block at 0xc3 in for 0xa5
03-28 11:52:01.464 11143 11143 E ArmVmp : Match on catch block at 0xc3 in for 0xa9
03-28 11:52:01.469 11143 11143 E ArmVmp : Match on catch block at 0xc3 in for 0xa1
03-28 11:52:01.472 11143 11143 E ArmVmp : Match on catch block at 0xc3 in for 0xa1
03-28 11:52:01.615 11143 11143 E ArmVmp : Match on catch block at 0xc3 in for 0xa9
03-28 11:52:01.621 11143 11143 E ArmVmp : Match on catch block at 0xc3 in for 0xa1
03-28 11:52:01.625 11143 11143 E ArmVmp : Match on catch block at 0xc3 in for 0xa1
03-28 11:52:01.799 11143 11143 E ArmVmp : Match on catch block at 0xc3 in for 0xa5
03-28 11:52:01.803 11143 11143 E ArmVmp : Match on catch block at 0xc3 in for 0xa9
03-28 11:52:01.807 11143 11143 E ArmVmp : Match on catch block at 0xc3 in for 0xa9
03-28 11:52:01.835 11143 11143 E RecyclerView: No adapter attached; skipping layout
03-28 11:52:01.857 11143 11143 E ArmVmp : Match on catch block at 0xc3 in for 0xa1
03-28 11:52:01.861 11143 11143 E ArmVmp : Match on catch block at 0xc3 in for 0xa5
03-28 11:52:01.864 11143 11143 E ArmVmp : Match on catch block at 0xc3 in for 0xa5
03-28 11:52:01.868 11143 11143 E RecyclerView: No adapter attached; skipping layout
03-28 11:52:01.879 11143 11143 E ArmVmp : Match on catch block at 0xc3 in for 0xa9
03-28 11:52:01.883 11143 11143 E ArmVmp : Match on catch block at 0xc3 in for 0xa1
03-28 11:52:01.886 11143 11143 E ArmVmp : Match on catch block at 0xc3 in for 0xa1
03-28 11:52:02.060 11143 11143 E ArmVmp : Match on catch block at 0x0a in for 0xa5
03-28 11:52:02.199 11143 11143 E ArmVmp : Match on catch block at 0x0a in for 0xa5
03-28 11:52:02.202 11143 11143 E ArmVmp : Match on catch block at 0x0a in for 0xa5
03-28 11:52:02.207 11143 11143 E ArmVmp : Match on catch block at 0x0a in for 0xa5
03-28 11:52:02.210 11143 11143 E ArmVmp : Match on catch block at 0x0a in for 0xa5
03-28 11:52:02.214 11143 11143 E ArmVmp : Match on catch block at 0x0a in for 0xa5
03-28 11:52:02.218 11143 11143 E ArmVmp : Match on catch block at 0x0a in for 0xa5
03-28 11:52:02.221 11143 11143 E ArmVmp : Match on catch block at 0x0a in for 0xa5
03-28 11:52:02.224 11143 11143 E ArmVmp : Match on catch block at 0x0a in for 0xa5
03-28 11:52:02.227 11143 11143 E ArmVmp : Match on catch block at 0x0a in for 0xa5
03-28 11:52:02.230 11143 11143 E ArmVmp : Match on catch block at 0x0a in for 0xa5
03-28 11:52:02.233 11143 11143 E ArmVmp : Match on catch block at 0x0a in for 0xa5
03-28 11:52:02.235 11143 11143 E ArmVmp : Match on catch block at 0x0a in for 0xa5
03-28 11:52:02.281 11143 11143 E ArmVmp : Match on catch block at 0xc3 in for 0xa9
03-28 11:52:02.284 11143 11143 E ArmVmp : Match on catch block at 0xc3 in for 0xa1
03-28 11:52:02.286 11143 11143 E ArmVmp : Match on catch block at 0xc3 in for 0xa1
03-28 11:52:02.790 11143 11143 E ArmVmp : Match on catch block at 0xc3 in for 0xa5
03-28 11:52:02.804 11143 11143 E ArmVmp : Match on catch block at 0xc3 in for 0xa9
03-28 11:52:02.812 11143 11143 E ArmVmp : Match on catch block at 0xc3 in for 0xa9
03-28 11:52:03.284 11143 11143 E ArmVmp : Match on catch block at 0xc3 in for 0xa1
03-28 11:52:03.290 11143 11143 E ArmVmp : Match on catch block at 0xc3 in for 0xa5
03-28 11:52:03.294 11143 11143 E ArmVmp : Match on catch block at 0xc3 in for 0xa5
03-28 11:52:03.368 11143 11143 E ArmVmp : Match on catch block at 0xc3 in for 0xa5
03-28 11:52:03.374 11143 11143 E ArmVmp : Match on catch block at 0xc3 in for 0xa9
03-28 11:52:03.379 11143 11143 E ArmVmp : Match on catch block at 0xc3 in for 0xa9
03-28 11:52:03.394 11143 11143 E ArmVmp : Match on catch block at 0xc3 in for 0xa1
03-28 11:52:03.401 11143 11143 E ArmVmp : Match on catch block at 0xc3 in for 0xa5
03-28 11:52:03.406 11143 11143 E ArmVmp : Match on catch block at 0xc3 in for 0xa5
03-28 11:52:03.421 11143 11143 E ArmVmp : Match on catch block at 0xc3 in for 0xa9
03-28 11:52:03.427 11143 11143 E ArmVmp : Match on catch block at 0xc3 in for 0xa1
03-28 11:52:03.431 11143 11143 E ArmVmp : Match on catch block at 0xc3 in for 0xa1
03-28 11:52:03.445 11143 11143 E ArmVmp : Match on catch block at 0xc3 in for 0xa5
03-28 11:52:03.451 11143 11143 E ArmVmp : Match on catch block at 0xc3 in for 0xa9
03-28 11:52:03.456 11143 11143 E ArmVmp : Match on catch block at 0xc3 in for 0xa9
03-28 11:52:03.472 11143 11143 E ArmVmp : Match on catch block at 0xc3 in for 0xa1
03-28 11:52:03.478 11143 11143 E ArmVmp : Match on catch block at 0xc3 in for 0xa5
03-28 11:52:03.482 11143 11143 E ArmVmp : Match on catch block at 0xc3 in for 0xa5
03-28 11:52:03.497 11143 11143 E ArmVmp : Match on catch block at 0xc3 in for 0xa9
03-28 11:52:03.503 11143 11143 E ArmVmp : Match on catch block at 0xc3 in for 0xa1
03-28 11:52:03.509 11143 11143 E ArmVmp : Match on catch block at 0xc3 in for 0xa1
03-28 11:52:03.525 11143 11143 E ArmVmp : Match on catch block at 0xc3 in for 0xa5
03-28 11:52:03.532 11143 11143 E ArmVmp : Match on catch block at 0xc3 in for 0xa9
