03-28 11:40:44.176 3826 3826 E ArmVmp : Match on catch block at 0xc3 in for 0xa5
03-28 11:40:44.187 3826 3826 E ArmVmp : Match on catch block at 0xc3 in for 0xa5
03-28 11:40:44.192 3826 3826 E ArmVmp : Match on catch block at 0xc3 in for 0xa9
03-28 11:40:44.204 3826 3826 E ArmVmp : Match on catch block at 0xc3 in for 0xa9
03-28 11:40:44.208 3826 3826 E ArmVmp : Match on catch block at 0xc3 in for 0xa1
03-28 11:40:44.219 3826 3826 E ArmVmp : Match on catch block at 0xc3 in for 0xa1
03-28 11:40:44.225 3826 3826 E ArmVmp : Match on catch block at 0xc3 in for 0xa5
03-28 11:40:44.245 3826 3826 E ArmVmp : Match on catch block at 0xc3 in for 0xa5
03-28 11:40:44.252 3826 3826 E ArmVmp : Match on catch block at 0xc3 in for 0xa9
03-28 11:40:44.309 3826 3826 E ArmVmp : Match on catch block at 0xc3 in for 0xa9
03-28 11:40:44.317 3826 3826 E ArmVmp : Match on catch block at 0xc3 in for 0xa1
03-28 11:40:44.358 3826 3826 E ArmVmp : Match on catch block at 0xc3 in for 0xa1
03-28 11:40:44.363 3826 3826 E ArmVmp : Match on catch block at 0xc3 in for 0xa5
03-28 11:40:44.410 3826 3826 E ArmVmp : Match on catch block at 0xc3 in for 0xa5
03-28 11:40:44.416 3826 3826 E ArmVmp : Match on catch block at 0xc3 in for 0xa9
03-28 11:40:44.460 3826 3826 E ArmVmp : Match on catch block at 0xc3 in for 0xa9
03-28 11:40:44.466 3826 3826 E ArmVmp : Match on catch block at 0xc3 in for 0xa1
03-28 11:40:44.509 3826 3826 E ArmVmp : Match on catch block at 0xc3 in for 0xa1
03-28 11:40:44.516 3826 3826 E ArmVmp : Match on catch block at 0xc3 in for 0xa5
03-28 11:40:44.559 3826 3826 E ArmVmp : Match on catch block at 0xc3 in for 0xa5
03-28 11:40:44.563 3826 3826 E ArmVmp : Match on catch block at 0xc3 in for 0xa9
03-28 11:40:44.627 3826 3826 W InputEventReceiver: Attempted to finish an input event but the input event receiver has already been disposed.
03-28 11:40:44.634 3826 3826 E ArmVmp : Match on catch block at 0xc3 in for 0xa5
03-28 11:40:44.641 3826 3826 E ArmVmp : Match on catch block at 0xc3 in for 0xa9
03-28 11:40:44.744 3826 3826 E ArmVmp : Match on catch block at 0xc3 in for 0xa1
03-28 11:40:44.749 3826 3826 E ArmVmp : Match on catch block at 0xc3 in for 0xa5
03-28 11:40:44.766 3826 3826 E ArmVmp : Match on catch block at 0xc3 in for 0xa5
03-28 11:40:44.773 3826 3826 E ArmVmp : Match on catch block at 0xc3 in for 0xa9
03-28 11:40:44.787 3826 3826 E ArmVmp : Match on catch block at 0xc3 in for 0xa9
03-28 11:40:44.793 3826 3826 E ArmVmp : Match on catch block at 0xc3 in for 0xa1
03-28 11:40:44.807 3826 3826 E ArmVmp : Match on catch block at 0xc3 in for 0xa1
03-28 11:40:44.812 3826 3826 E ArmVmp : Match on catch block at 0xc3 in for 0xa5
03-28 11:40:44.860 3826 3826 E ArmVmp : Match on catch block at 0xc3 in for 0xa5
03-28 11:40:44.867 3826 3826 E ArmVmp : Match on catch block at 0xc3 in for 0xa9
03-28 11:40:44.926 3826 3826 E ArmVmp : Match on catch block at 0xc3 in for 0xa9
03-28 11:40:44.932 3826 3826 E ArmVmp : Match on catch block at 0xc3 in for 0xa1
03-28 11:40:44.975 3826 3826 E ArmVmp : Match on catch block at 0xc3 in for 0xa1
03-28 11:40:44.982 3826 3826 E ArmVmp : Match on catch block at 0xc3 in for 0xa5
03-28 11:40:45.025 3826 3826 E ArmVmp : Match on catch block at 0xc3 in for 0xa9
03-28 11:40:45.032 3826 3826 E ArmVmp : Match on catch block at 0xc3 in for 0xa1
03-28 11:40:45.075 3826 3826 E ArmVmp : Match on catch block at 0xc3 in for 0xa1
03-28 11:40:45.081 3826 3826 E ArmVmp : Match on catch block at 0xc3 in for 0xa5
03-28 11:40:45.125 3826 3826 E ArmVmp : Match on catch block at 0xc3 in for 0xa5
03-28 11:40:45.132 3826 3826 E ArmVmp : Match on catch block at 0xc3 in for 0xa9
03-28 11:40:45.192 3826 3826 E ArmVmp : Match on catch block at 0xc3 in for 0xa9
03-28 11:40:45.199 3826 3826 E ArmVmp : Match on catch block at 0xc3 in for 0xa1
03-28 11:40:45.243 3826 3826 E ArmVmp : Match on catch block at 0xc3 in for 0xa1
03-28 11:40:45.250 3826 3826 E ArmVmp : Match on catch block at 0xc3 in for 0xa5
03-28 11:40:45.292 3826 3826 E ArmVmp : Match on catch block at 0xc3 in for 0xa5
03-28 11:40:45.299 3826 3826 E ArmVmp : Match on catch block at 0xc3 in for 0xa9
03-28 11:40:45.343 3826 3826 E ArmVmp : Match on catch block at 0xc3 in for 0xa9
03-28 11:40:45.350 3826 3826 E ArmVmp : Match on catch block at 0xc3 in for 0xa1
03-28 11:40:45.359 3826 3826 E ArmVmp : Match on catch block at 0xc3 in for 0xa1
03-28 11:40:45.366 3826 3826 E ArmVmp : Match on catch block at 0xc3 in for 0xa5
03-28 11:40:45.376 3826 3826 E ArmVmp : Match on catch block at 0xc3 in for 0xa5
03-28 11:40:45.383 3826 3826 E ArmVmp : Match on catch block at 0xc3 in for 0xa9
03-28 11:40:45.393 3826 3826 E ArmVmp : Match on catch block at 0xc3 in for 0xa9
03-28 11:40:45.399 3826 3826 E ArmVmp : Match on catch block at 0xc3 in for 0xa1
03-28 11:40:45.409 3826 3826 E ArmVmp : Match on catch block at 0xc3 in for 0xa1
03-28 11:40:45.415 3826 3826 E ArmVmp : Match on catch block at 0xc3 in for 0xa5
03-28 11:40:45.425 3826 3826 E ArmVmp : Match on catch block at 0xc3 in for 0xa5
03-28 11:40:45.431 3826 3826 E ArmVmp : Match on catch block at 0xc3 in for 0xa9
03-28 11:40:45.442 3826 3826 E ArmVmp : Match on catch block at 0xc3 in for 0xa9
03-28 11:40:45.449 3826 3826 E ArmVmp : Match on catch block at 0xc3 in for 0xa1
03-28 11:40:45.459 3826 3826 E ArmVmp : Match on catch block at 0xc3 in for 0xa1
03-28 11:40:45.466 3826 3826 E ArmVmp : Match on catch block at 0xc3 in for 0xa5
03-28 11:40:45.477 3826 3826 E ArmVmp : Match on catch block at 0xc3 in for 0xa5
03-28 11:40:45.484 3826 3826 E ArmVmp : Match on catch block at 0xc3 in for 0xa9
03-28 11:40:45.493 3826 3826 E ArmVmp : Match on catch block at 0xc3 in for 0xa9
03-28 11:40:45.500 3826 3826 E ArmVmp : Match on catch block at 0xc3 in for 0xa1
03-28 11:40:45.509 3826 3826 E ArmVmp : Match on catch block at 0xc3 in for 0xa1
03-28 11:40:45.516 3826 3826 E ArmVmp : Match on catch block at 0xc3 in for 0xa5
03-28 11:40:45.526 3826 3826 E ArmVmp : Match on catch block at 0xc3 in for 0xa5
03-28 11:40:45.532 3826 3826 E ArmVmp : Match on catch block at 0xc3 in for 0xa9
03-28 11:40:45.543 3826 3826 E ArmVmp : Match on catch block at 0xc3 in for 0xa9
03-28 11:40:45.550 3826 3826 E ArmVmp : Match on catch block at 0xc3 in for 0xa1
03-28 11:40:45.560 3826 3826 E ArmVmp : Match on catch block at 0xc3 in for 0xa1
03-28 11:40:45.568 3826 3826 E ArmVmp : Match on catch block at 0xc3 in for 0xa5
03-28 11:40:45.576 3826 3826 E ArmVmp : Match on catch block at 0xc3 in for 0xa5
03-28 11:40:45.583 3826 3826 E ArmVmp : Match on catch block at 0xc3 in for 0xa9
03-28 11:40:45.592 3826 3826 E ArmVmp : Match on catch block at 0xc3 in for 0xa9
03-28 11:40:45.600 3826 3826 E ArmVmp : Match on catch block at 0xc3 in for 0xa1
03-28 11:40:45.609 3826 3826 E ArmVmp : Match on catch block at 0xc3 in for 0xa1
03-28 11:40:45.615 3826 3826 E ArmVmp : Match on catch block at 0xc3 in for 0xa5
03-28 11:40:45.625 3826 3826 E ArmVmp : Match on catch block at 0xc3 in for 0xa5
03-28 11:40:45.630 3826 3826 E ArmVmp : Match on catch block at 0xc3 in for 0xa9
03-28 11:40:45.743 3826 3826 E ArmVmp : Match on catch block at 0xc3 in for 0xa5
03-28 11:40:45.747 3826 3826 E ArmVmp : Match on catch block at 0xc3 in for 0xa9
03-28 11:40:45.819 3826 3826 E ArmVmp : Match on catch block at 0xc3 in for 0xa1
03-28 11:40:45.824 3826 3826 E ArmVmp : Match on catch block at 0xc3 in for 0xa5
03-28 11:40:45.967 3826 3826 E ArmVmp : Match on catch block at 0xc3 in for 0xa9
03-28 11:40:45.971 3826 3826 E ArmVmp : Match on catch block at 0xc3 in for 0xa1
03-28 11:40:46.026 3826 3826 E ArmVmp : Match on catch block at 0xc3 in for 0xa5
03-28 11:40:46.032 3826 3826 E ArmVmp : Match on catch block at 0xc3 in for 0xa9
03-28 11:40:46.049 3826 3826 E ArmVmp : Match on catch block at 0xc3 in for 0xa5
03-28 11:40:46.054 3826 3826 E ArmVmp : Match on catch block at 0xc3 in for 0xa9
03-28 11:40:46.061 3826 3826 E ArmVmp : Match on catch block at 0xc3 in for 0xa9
03-28 11:40:46.066 3826 3826 E ArmVmp : Match on catch block at 0xc3 in for 0xa1
03-28 11:40:46.074 3826 3826 E ArmVmp : Match on catch block at 0xc3 in for 0xa1
03-28 11:40:46.078 3826 3826 E ArmVmp : Match on catch block at 0xc3 in for 0xa5
03-28 11:40:46.094 3826 3826 E ArmVmp : Match on catch block at 0xc3 in for 0xa5
03-28 11:40:46.099 3826 3826 E ArmVmp : Match on catch block at 0xc3 in for 0xa9
03-28 11:40:46.182 3826 3826 E ArmVmp : Match on catch block at 0xc3 in for 0xa9
03-28 11:40:46.186 3826 3826 E ArmVmp : Match on catch block at 0xc3 in for 0xa1
03-28 11:40:46.197 3826 3826 E ArmVmp : Match on catch block at 0xc3 in for 0xa1
03-28 11:40:46.200 3826 7282 W MediaPlayer: Use of stream types is deprecated for operations other than volume control
03-28 11:40:46.200 3826 7282 W MediaPlayer: See the documentation of setAudioStreamType() for what to use instead with android.media.AudioAttributes to qualify your playback use case
03-28 11:40:46.202 3826 3826 E ArmVmp : Match on catch block at 0xc3 in for 0xa5
03-28 11:40:46.905 3826 3826 E ArmVmp : Match on catch block at 0xc3 in for 0xa1
03-28 11:40:46.913 3826 3826 E ArmVmp : Match on catch block at 0xc3 in for 0xa5
03-28 11:40:46.931 3826 3826 E ArmVmp : Match on catch block at 0xc3 in for 0xa9
03-28 11:40:46.936 3826 3826 E ArmVmp : Match on catch block at 0xc3 in for 0xa1
03-28 11:40:46.951 3826 3826 E ArmVmp : Match on catch block at 0xc3 in for 0xa9
03-28 11:40:46.955 3826 3826 E ArmVmp : Match on catch block at 0xc3 in for 0xa1
03-28 11:40:47.049 3826 3826 E ArmVmp : Match on catch block at 0xc3 in for 0xa1
03-28 11:40:47.055 3826 3826 E ArmVmp : Match on catch block at 0xc3 in for 0xa5
03-28 11:40:47.542 3826 3826 E ArmVmp : Match on catch block at 0xc3 in for 0xa9
03-28 11:40:47.548 3826 3826 E ArmVmp : Match on catch block at 0xc3 in for 0xa1
03-28 11:40:47.861 3826 3826 E ArmVmp : Match on catch block at 0xc3 in for 0xa9
03-28 11:40:47.866 3826 3826 E ArmVmp : Match on catch block at 0xc3 in for 0xa1
03-28 11:40:47.903 3826 3826 E ArmVmp : Match on catch block at 0xc3 in for 0xa1
03-28 11:40:47.911 3826 3826 E ArmVmp : Match on catch block at 0xc3 in for 0xa5
03-28 11:40:48.324 3826 3981 E SQLiteDatabase: Error inserting transferred=0 media_job_uuid=8570ae75-9e8c-408a-83b6-23e019e825dd transcoded=0 gif_attribution=0 first_scan_length=0 direct_path=/v/t62.7161- 24/30759675_794471222878105_2411599512267908204_n.enc?ccb=11- 4&oh=01_ASCBmx3rrRJApKZdpFtjz3iLwSq9PhEhdZoavcFpouEsmQ&oe=662CDB4A&_nc_sid=5e03e0 thumbnail_height_width_ratio=1.7777778 is_animated_sticker=0 file_hash=9ReMk8BGfVzAvonw1Hmj+zWHtL1OIfrp1xVAA+XzN2I= file_path=null file_size=0 partial_media_hash=null face_x=0 face_y=0 height=1024 trim_to=0 media_key_timestamp=1711636837000 message_url=https://mmg.whatsapp.net/v/t62.7161- 24/30759675_794471222878105_2411599512267908204_n.enc?ccb=11- 4&oh=01_ASCBmx3rrRJApKZdpFtjz3iLwSq9PhEhdZoavcFpouEsmQ&oe=662CDB4A&_nc_sid=5e03e0&m ms3=true media_caption=null trim_from=0 mime_type=video/mp4 partial_media_enc_hash=null width=576 original_file_hash=null has_streaming_sidecar=1 autotransfer_retry_enabled=0 media_upload_handle=null message_row_id=13480 multicast_id=null enc_file_hash=dmZUG76xWR7N4ytaJRSlMFz6zEOOaB3uidym/qSIf5Y= mute_video=0 page_count=0 first_scan_sidecar=null suspicious_content=0 file_length=1195370 media_name=null media_duration=7 chat_row_id=9 media_key=[B@7c31cd5
03-28 11:40:48.324 3826 3981 E SQLiteDatabase: android.database.sqlite.SQLiteConstraintException: UNIQUE constraint failed: message_media.message_row_id (code 1555 SQLITE_CONSTRAINT_PRIMARYKEY)
03-28 11:40:48.324 3826 3981 E SQLiteDatabase: at android.database.sqlite.SQLiteConnection.nativeExecuteForLastInsertedRowId(Native Method)
03-28 11:40:48.324 3826 3981 E SQLiteDatabase: at android.database.sqlite.SQLiteConnection.executeForLastInsertedRowId(SQLiteConnecti on.java:879)
03-28 11:40:48.324 3826 3981 E SQLiteDatabase: at android.database.sqlite.SQLiteSession.executeForLastInsertedRowId(SQLiteSession.jav a:790)
03-28 11:40:48.324 3826 3981 E SQLiteDatabase: at android.database.sqlite.SQLiteStatement.executeInsert(SQLiteStatement.java:88)
03-28 11:40:48.324 3826 3981 E SQLiteDatabase: at android.database.sqlite.SQLiteDatabase.insertWithOnConflict(SQLiteDatabase.java:159 9)
03-28 11:40:48.324 3826 3981 E SQLiteDatabase: at android.database.sqlite.SQLiteDatabase.insert(SQLiteDatabase.java:1468)
03-28 11:40:48.324 3826 3981 E SQLiteDatabase: at X.2tm.A08(Unknown Source:6)
03-28 11:40:48.324 3826 3981 E SQLiteDatabase: at X.35Y.A07(Unknown Source:212)
03-28 11:40:48.324 3826 3981 E SQLiteDatabase: at X.3QF.A14(Unknown Source:470)
03-28 11:40:48.324 3826 3981 E SQLiteDatabase: at X.3gU.run(Unknown Source:982)
03-28 11:40:48.324 3826 3981 E SQLiteDatabase: at android.os.Handler.handleCallback(Handler.java:914)
03-28 11:40:48.324 3826 3981 E SQLiteDatabase: at android.os.Handler.dispatchMessage(Handler.java:100)
03-28 11:40:48.324 3826 3981 E SQLiteDatabase: at X.0zq.dispatchMessage(Unknown Source:4)
03-28 11:40:48.324 3826 3981 E SQLiteDatabase: at android.os.Looper.loop(Looper.java:225)
03-28 11:40:48.324 3826 3981 E SQLiteDatabase: at android.os.HandlerThread.run(HandlerThread.java:67)
03-28 11:40:48.382 3826 3826 E ArmVmp : Match on catch block at 0xc3 in for 0xa1
03-28 11:40:48.386 3826 3826 E ArmVmp : Match on catch block at 0xc3 in for 0xa5
03-28 11:40:48.390 3826 3826 W Looper : Slow Looper main: doFrame is 334ms late because of 20 msg, msg 1 took 336ms (seq=29495 running=170ms runnable=18ms io=105ms late=40ms h=android.view.Choreographer$FrameHandler c=android.view.Choreographer$FrameDisplayEventReceiver)
03-28 11:40:48.413 3826 3981 E SQLiteDatabase: Error inserting transferred=0 media_job_uuid=8570ae75-9e8c-408a-83b6-23e019e825dd transcoded=0 gif_attribution=0 first_scan_length=0 direct_path=/v/t62.7161- 24/30759675_794471222878105_2411599512267908204_n.enc?ccb=11- 4&oh=01_ASCBmx3rrRJApKZdpFtjz3iLwSq9PhEhdZoavcFpouEsmQ&oe=662CDB4A&_nc_sid=5e03e0 thumbnail_height_width_ratio=1.7777778 is_animated_sticker=0 file_hash=9ReMk8BGfVzAvonw1Hmj+zWHtL1OIfrp1xVAA+XzN2I= file_path=null file_size=0 partial_media_hash=null face_x=0 face_y=0 height=1024 trim_to=0 media_key_timestamp=1711636837000 message_url=https://mmg.whatsapp.net/v/t62.7161- 24/30759675_794471222878105_2411599512267908204_n.enc?ccb=11- 4&oh=01_ASCBmx3rrRJApKZdpFtjz3iLwSq9PhEhdZoavcFpouEsmQ&oe=662CDB4A&_nc_sid=5e03e0&m ms3=true media_caption=null trim_from=0 mime_type=video/mp4 partial_media_enc_hash=null width=576 original_file_hash=null has_streaming_sidecar=1 autotransfer_retry_enabled=0 media_upload_handle=null message_row_id=13480 multicast_id=null enc_file_hash=dmZUG76xWR7N4ytaJRSlMFz6zEOOaB3uidym/qSIf5Y= mute_video=0 page_count=0 first_scan_sidecar=null suspicious_content=0 file_length=1195370 media_name=null media_duration=7 chat_row_id=9 media_key=[B@7c31cd5
03-28 11:40:48.413 3826 3981 E SQLiteDatabase: android.database.sqlite.SQLiteConstraintException: UNIQUE constraint failed: message_media.message_row_id (code 1555 SQLITE_CONSTRAINT_PRIMARYKEY)
03-28 11:40:48.413 3826 3981 E SQLiteDatabase: at android.database.sqlite.SQLiteConnection.nativeExecuteForLastInsertedRowId(Native Method)
03-28 11:40:48.413 3826 3981 E SQLiteDatabase: at android.database.sqlite.SQLiteConnection.executeForLastInsertedRowId(SQLiteConnecti on.java:879)
03-28 11:40:48.413 3826 3981 E SQLiteDatabase: at android.database.sqlite.SQLiteSession.executeForLastInsertedRowId(SQLiteSession.jav a:790)
03-28 11:40:48.413 3826 3981 E SQLiteDatabase: at android.database.sqlite.SQLiteStatement.executeInsert(SQLiteStatement.java:88)
03-28 11:40:48.413 3826 3981 E SQLiteDatabase: at android.database.sqlite.SQLiteDatabase.insertWithOnConflict(SQLiteDatabase.java:159 9)
03-28 11:40:48.413 3826 3981 E SQLiteDatabase: at android.database.sqlite.SQLiteDatabase.insert(SQLiteDatabase.java:1468)
03-28 11:40:48.413 3826 3981 E SQLiteDatabase: at X.2tm.A08(Unknown Source:6)
03-28 11:40:48.413 3826 3981 E SQLiteDatabase: at X.35Y.A07(Unknown Source:212)
03-28 11:40:48.413 3826 3981 E SQLiteDatabase: at X.3QF.A14(Unknown Source:470)
03-28 11:40:48.413 3826 3981 E SQLiteDatabase: at X.3gU.run(Unknown Source:982)
03-28 11:40:48.413 3826 3981 E SQLiteDatabase: at android.os.Handler.handleCallback(Handler.java:914)
03-28 11:40:48.413 3826 3981 E SQLiteDatabase: at android.os.Handler.dispatchMessage(Handler.java:100)
03-28 11:40:48.413 3826 3981 E SQLiteDatabase: at X.0zq.dispatchMessage(Unknown Source:4)
03-28 11:40:48.413 3826 3981 E SQLiteDatabase: at android.os.Looper.loop(Looper.java:225)
03-28 11:40:48.413 3826 3981 E SQLiteDatabase: at android.os.HandlerThread.run(HandlerThread.java:67)
03-28 11:40:48.878 3826 3826 E ArmVmp : Match on catch block at 0xc3 in for 0xa1
03-28 11:40:48.883 3826 3826 E ArmVmp : Match on catch block at 0xc3 in for 0xa5
03-28 11:40:49.725 3826 3992 W RenderInspector: QueueBuffer time out on com.mbwhatsapp/com.mbwhatsapp.HomeActivity, count=1, avg=19 ms, max=19 ms.
03-28 11:40:51.414 3826 3826 W ActivityThread: handleWindowVisibility: no activity for token android.os.BinderProxy@16daeb3
03-28 11:40:51.809 3826 3992 W RenderInspector: QueueBuffer time out on com.mbwhatsapp/mbmodsd.mbmodsw.mbsettings.MBSettingsActivity, count=1, avg=23 ms, max=23 ms.
03-28 11:40:53.788 3826 3826 W ActivityThread: handleWindowVisibility: no activity for token android.os.BinderProxy@14b92f8
03-28 11:41:01.984 3826 3826 W ActivityThread: handleWindowVisibility: no activity for token android.os.BinderProxy@e909bca
03-28 11:41:03.467 3826 3826 W ActivityThread: handleWindowVisibility: no activity for token android.os.BinderProxy@c157e2b
03-28 11:41:05.294 3826 3826 W ActivityThread: handleWindowVisibility: no activity for token android.os.BinderProxy@2f445b5
03-28 11:41:05.397 3826 3826 W ActivityThread: handleWindowVisibility: no activity for token android.os.BinderProxy@646e1d9
03-28 11:41:07.070 3826 3845 W System : A resource failed to call close.
03-28 11:41:13.384 3826 3826 W ActivityThread: handleWindowVisibility: no activity for token android.os.BinderProxy@f490d20
03-28 11:41:21.278 3826 8295 W MediaStore: Failed to obtain thumbnail for content://media/external/images/media/1966
03-28 11:41:21.278 3826 8295 W MediaStore: java.io.FileNotFoundException: Failed to create image decoder with message 'unimplemented'Input contained an error.
03-28 11:41:21.278 3826 8295 W MediaStore: at android.database.DatabaseUtils.readExceptionWithFileNotFoundExceptionFromParcel(Dat abaseUtils.java:149)
03-28 11:41:21.278 3826 8295 W MediaStore: at android.content.ContentProviderProxy.openTypedAssetFile(ContentProviderNative.java: 705)
03-28 11:41:21.278 3826 8295 W MediaStore: at android.content.ContentResolver.openTypedAssetFileDescriptor(ContentResolver.java:1 702)
03-28 11:41:21.278 3826 8295 W MediaStore: at android.content.ContentResolver.openTypedAssetFile(ContentResolver.java:1607)
03-28 11:41:21.278 3826 8295 W MediaStore: at android.content.ContentResolver.lambda$loadThumbnail$0(ContentResolver.java:3606)
03-28 11:41:21.278 3826 8295 W MediaStore: at android.content.-$ $Lambda$ContentResolver$7ILY1SWNxC2xhk-fQUG6tAXW9Ik.call(Unknown Source:10)
03-28 11:41:21.278 3826 8295 W MediaStore: at android.graphics.ImageDecoder$CallableSource.createImageDecoder(ImageDecoder.java:5 50)
03-28 11:41:21.278 3826 8295 W MediaStore: at android.graphics.ImageDecoder.decodeBitmapImpl(ImageDecoder.java:1847)
03-28 11:41:21.278 3826 8295 W MediaStore: at android.graphics.ImageDecoder.decodeBitmap(ImageDecoder.java:1840)
03-28 11:41:21.278 3826 8295 W MediaStore: at android.content.ContentResolver.loadThumbnail(ContentResolver.java:3605)
03-28 11:41:21.278 3826 8295 W MediaStore: at android.content.ContentResolver.loadThumbnail(ContentResolver.java:3589)
03-28 11:41:21.278 3826 8295 W MediaStore: at android.provider.MediaStore$InternalThumbnails.getThumbnail(MediaStore.java:1568)
03-28 11:41:21.278 3826 8295 W MediaStore: at android.provider.MediaStore$Images$Thumbnails.getThumbnail(MediaStore.java:1927)
03-28 11:41:21.278 3826 8295 W MediaStore: at android.provider.MediaStore$Images$Thumbnails.getThumbnail(MediaStore.java:1967)
03-28 11:41:21.278 3826 8295 W MediaStore: at X.30T.A01(Unknown Source:47)
03-28 11:41:21.278 3826 8295 W MediaStore: at X.1Xs.Bij(Unknown Source:148)
03-28 11:41:21.278 3826 8295 W MediaStore: at X.6JI.BD4(Unknown Source:29)
03-28 11:41:21.278 3826 8295 W MediaStore: at X.3dp.run(Unknown Source:1076)
03-28 11:41:21.278 3826 8295 W MediaStore: at java.lang.Thread.run(Thread.java:919)
03-28 11:41:34.360 3826 3826 W ActivityThread: handleWindowVisibility: no activity for token android.os.BinderProxy@290990f
03-28 11:41:37.629 3826 3826 W Activity: Slow Operation: Activity com.mbwhatsapp/.settings.chat.wallpaper.WallpaperCategoriesActivity onActivityResult took 174ms
03-28 11:41:45.175 3826 3826 W ActivityThread: handleWindowVisibility: no activity for token android.os.BinderProxy@fb1b46c
03-28 11:41:45.360 3826 3826 W MediaPlayer: Couldn't open content://0@settings/system/notification_sound_cache
03-28 11:41:45.360 3826 3826 W MediaPlayer: java.io.FileNotFoundException: open failed: ENOENT (No such file or directory)
03-28 11:41:45.360 3826 3826 W MediaPlayer: at android.database.DatabaseUtils.readExceptionWithFileNotFoundExceptionFromParcel(Dat abaseUtils.java:149)
03-28 11:41:45.360 3826 3826 W MediaPlayer: at android.content.ContentProviderProxy.openTypedAssetFile(ContentProviderNative.java: 705)
03-28 11:41:45.360 3826 3826 W MediaPlayer: at android.content.ContentResolver.openTypedAssetFileDescriptor(ContentResolver.java:1 702)
03-28 11:41:45.360 3826 3826 W MediaPlayer: at android.content.ContentResolver.openAssetFileDescriptor(ContentResolver.java:1518)
03-28 11:41:45.360 3826 3826 W MediaPlayer: at android.content.ContentResolver.openAssetFileDescriptor(ContentResolver.java:1435)
03-28 11:41:45.360 3826 3826 W MediaPlayer: at android.media.MediaPlayer.attemptDataSource(MediaPlayer.java:1154)
03-28 11:41:45.360 3826 3826 W MediaPlayer: at android.media.MediaPlayer.setDataSource(MediaPlayer.java:1103)
03-28 11:41:45.360 3826 3826 W MediaPlayer: at android.media.MediaPlayer.setDataSource(MediaPlayer.java:1019)
03-28 11:41:45.360 3826 3826 W MediaPlayer: at android.media.Ringtone.setUri(Ringtone.java:332)
03-28 11:41:45.360 3826 3826 W MediaPlayer: at android.media.RingtoneManager.getRingtone(RingtoneManager.java:728)
03-28 11:41:45.360 3826 3826 W MediaPlayer: at android.media.RingtoneManager.getRingtone(RingtoneManager.java:703)
03-28 11:41:45.360 3826 3826 W MediaPlayer: at android.media.RingtoneManager.getRingtone(RingtoneManager.java:666)
03-28 11:41:45.360 3826 3826 W MediaPlayer: at X.3QG.A07(Unknown Source:18)
03-28 11:41:45.360 3826 3826 W MediaPlayer: at com.mbwhatsapp.settings.SettingsNotifications.A6H(Unknown Source:167)
03-28 11:41:45.360 3826 3826 W MediaPlayer: at com.mbwhatsapp.settings.SettingsNotifications.onCreate(Unknown Source:361)
03-28 11:41:45.360 3826 3826 W MediaPlayer: at android.app.Activity.performCreate(Activity.java:7916)
03-28 11:41:45.360 3826 3826 W MediaPlayer: at android.app.Activity.performCreate(Activity.java:7903)
03-28 11:41:45.360 3826 3826 W MediaPlayer: at android.app.Instrumentation.callActivityOnCreate(Instrumentation.java:1307)
03-28 11:41:45.360 3826 3826 W MediaPlayer: at android.app.ActivityThread.performLaunchActivity(ActivityThread.java:3285)
03-28 11:41:45.360 3826 3826 W MediaPlayer: at android.app.ActivityThread.handleLaunchActivity(ActivityThread.java:3459)
03-28 11:41:45.360 3826 3826 W MediaPlayer: at android.app.servertransaction.LaunchActivityItem.execute(LaunchActivityItem.java:83 )
03-28 11:41:45.360 3826 3826 W MediaPlayer: at android.app.servertransaction.TransactionExecutor.executeCallbacks(TransactionExecu tor.java:135)
03-28 11:41:45.360 3826 3826 W MediaPlayer: at android.app.servertransaction.TransactionExecutor.execute(TransactionExecutor.java: 95)
03-28 11:41:45.360 3826 3826 W MediaPlayer: at android.app.ActivityThread$H.handleMessage(ActivityThread.java:2046)
03-28 11:41:45.360 3826 3826 W MediaPlayer: at android.os.Handler.dispatchMessage(Handler.java:107)
03-28 11:41:45.360 3826 3826 W MediaPlayer: at android.os.Looper.loop(Looper.java:225)
03-28 11:41:45.360 3826 3826 W MediaPlayer: at android.app.ActivityThread.main(ActivityThread.java:7564)
03-28 11:41:45.360 3826 3826 W MediaPlayer: at java.lang.reflect.Method.invoke(Native Method)
03-28 11:41:45.360 3826 3826 W MediaPlayer: at com.android.internal.os.RuntimeInit$MethodAndArgsCaller.run(RuntimeInit.java:539)
03-28 11:41:45.360 3826 3826 W MediaPlayer: at com.android.internal.os.ZygoteInit.main(ZygoteInit.java:950)
03-28 11:41:45.440 3826 3826 W MediaPlayer: Couldn't open content://0@settings/system/notification_sound_cache
03-28 11:41:45.440 3826 3826 W MediaPlayer: java.io.FileNotFoundException: open failed: ENOENT (No such file or directory)
03-28 11:41:45.440 3826 3826 W MediaPlayer: at android.database.DatabaseUtils.readExceptionWithFileNotFoundExceptionFromParcel(Dat abaseUtils.java:149)
03-28 11:41:45.440 3826 3826 W MediaPlayer: at android.content.ContentProviderProxy.openTypedAssetFile(ContentProviderNative.java: 705)
03-28 11:41:45.440 3826 3826 W MediaPlayer: at android.content.ContentResolver.openTypedAssetFileDescriptor(ContentResolver.java:1 702)
03-28 11:41:45.440 3826 3826 W MediaPlayer: at android.content.ContentResolver.openAssetFileDescriptor(ContentResolver.java:1518)
03-28 11:41:45.440 3826 3826 W MediaPlayer: at android.content.ContentResolver.openAssetFileDescriptor(ContentResolver.java:1435)
03-28 11:41:45.440 3826 3826 W MediaPlayer: at android.media.MediaPlayer.attemptDataSource(MediaPlayer.java:1154)
03-28 11:41:45.440 3826 3826 W MediaPlayer: at android.media.MediaPlayer.setDataSource(MediaPlayer.java:1103)
03-28 11:41:45.440 3826 3826 W MediaPlayer: at android.media.MediaPlayer.setDataSource(MediaPlayer.java:1019)
03-28 11:41:45.440 3826 3826 W MediaPlayer: at android.media.Ringtone.setUri(Ringtone.java:332)
03-28 11:41:45.440 3826 3826 W MediaPlayer: at android.media.RingtoneManager.getRingtone(RingtoneManager.java:728)
03-28 11:41:45.440 3826 3826 W MediaPlayer: at android.media.RingtoneManager.getRingtone(RingtoneManager.java:703)
03-28 11:41:45.440 3826 3826 W MediaPlayer: at android.media.RingtoneManager.getRingtone(RingtoneManager.java:666)
03-28 11:41:45.440 3826 3826 W MediaPlayer: at X.3QG.A07(Unknown Source:18)
03-28 11:41:45.440 3826 3826 W MediaPlayer: at com.mbwhatsapp.settings.SettingsNotifications.A6H(Unknown Source:339)
03-28 11:41:45.440 3826 3826 W MediaPlayer: at com.mbwhatsapp.settings.SettingsNotifications.onCreate(Unknown Source:361)
03-28 11:41:45.440 3826 3826 W MediaPlayer: at android.app.Activity.performCreate(Activity.java:7916)
03-28 11:41:45.440 3826 3826 W MediaPlayer: at android.app.Activity.performCreate(Activity.java:7903)
03-28 11:41:45.440 3826 3826 W MediaPlayer: at android.app.Instrumentation.callActivityOnCreate(Instrumentation.java:1307)
03-28 11:41:45.440 3826 3826 W MediaPlayer: at android.app.ActivityThread.performLaunchActivity(ActivityThread.java:3285)
03-28 11:41:45.440 3826 3826 W MediaPlayer: at android.app.ActivityThread.handleLaunchActivity(ActivityThread.java:3459)
03-28 11:41:45.440 3826 3826 W MediaPlayer: at android.app.servertransaction.LaunchActivityItem.execute(LaunchActivityItem.java:83 )
03-28 11:41:45.440 3826 3826 W MediaPlayer: at android.app.servertransaction.TransactionExecutor.executeCallbacks(TransactionExecu tor.java:135)
03-28 11:41:45.440 3826 3826 W MediaPlayer: at android.app.servertransaction.TransactionExecutor.execute(TransactionExecutor.java: 95)
03-28 11:41:45.440 3826 3826 W MediaPlayer: at android.app.ActivityThread$H.handleMessage(ActivityThread.java:2046)
03-28 11:41:45.440 3826 3826 W MediaPlayer: at android.os.Handler.dispatchMessage(Handler.java:107)
03-28 11:41:45.440 3826 3826 W MediaPlayer: at android.os.Looper.loop(Looper.java:225)
03-28 11:41:45.440 3826 3826 W MediaPlayer: at android.app.ActivityThread.main(ActivityThread.java:7564)
03-28 11:41:45.440 3826 3826 W MediaPlayer: at java.lang.reflect.Method.invoke(Native Method)
03-28 11:41:45.440 3826 3826 W MediaPlayer: at com.android.internal.os.RuntimeInit$MethodAndArgsCaller.run(RuntimeInit.java:539)
03-28 11:41:45.440 3826 3826 W MediaPlayer: at com.android.internal.os.ZygoteInit.main(ZygoteInit.java:950)
03-28 11:41:45.467 3826 3826 W MediaPlayer: Couldn't open content://0@settings/system/ringtone_cache
03-28 11:41:45.467 3826 3826 W MediaPlayer: java.io.FileNotFoundException: open failed: ENOENT (No such file or directory)
03-28 11:41:45.467 3826 3826 W MediaPlayer: at android.database.DatabaseUtils.readExceptionWithFileNotFoundExceptionFromParcel(Dat abaseUtils.java:149)
03-28 11:41:45.467 3826 3826 W MediaPlayer: at android.content.ContentProviderProxy.openTypedAssetFile(ContentProviderNative.java: 705)
03-28 11:41:45.467 3826 3826 W MediaPlayer: at android.content.ContentResolver.openTypedAssetFileDescriptor(ContentResolver.java:1 702)
03-28 11:41:45.467 3826 3826 W MediaPlayer: at android.content.ContentResolver.openAssetFileDescriptor(ContentResolver.java:1518)
03-28 11:41:45.467 3826 3826 W MediaPlayer: at android.content.ContentResolver.openAssetFileDescriptor(ContentResolver.java:1435)
03-28 11:41:45.467 3826 3826 W MediaPlayer: at android.media.MediaPlayer.attemptDataSource(MediaPlayer.java:1154)
03-28 11:41:45.467 3826 3826 W MediaPlayer: at android.media.MediaPlayer.setDataSource(MediaPlayer.java:1103)
03-28 11:41:45.467 3826 3826 W MediaPlayer: at android.media.MediaPlayer.setDataSource(MediaPlayer.java:1019)
03-28 11:41:45.467 3826 3826 W MediaPlayer: at android.media.Ringtone.setUri(Ringtone.java:332)
03-28 11:41:45.467 3826 3826 W MediaPlayer: at android.media.RingtoneManager.getRingtone(RingtoneManager.java:728)
03-28 11:41:45.467 3826 3826 W MediaPlayer: at android.media.RingtoneManager.getRingtone(RingtoneManager.java:703)
03-28 11:41:45.467 3826 3826 W MediaPlayer: at android.media.RingtoneManager.getRingtone(RingtoneManager.java:666)
03-28 11:41:45.467 3826 3826 W MediaPlayer: at X.3QG.A07(Unknown Source:18)
03-28 11:41:45.467 3826 3826 W MediaPlayer: at com.mbwhatsapp.settings.SettingsNotifications.A6H(Unknown Source:422)
03-28 11:41:45.467 3826 3826 W MediaPlayer: at com.mbwhatsapp.settings.SettingsNotifications.onCreate(Unknown Source:361)
03-28 11:41:45.467 3826 3826 W MediaPlayer: at android.app.Activity.performCreate(Activity.java:7916)
03-28 11:41:45.467 3826 3826 W MediaPlayer: at android.app.Activity.performCreate(Activity.java:7903)
03-28 11:41:45.467 3826 3826 W MediaPlayer: at android.app.Instrumentation.callActivityOnCreate(Instrumentation.java:1307)
03-28 11:41:45.467 3826 3826 W MediaPlayer: at android.app.ActivityThread.performLaunchActivity(ActivityThread.java:3285)
03-28 11:41:45.467 3826 3826 W MediaPlayer: at android.app.ActivityThread.handleLaunchActivity(ActivityThread.java:3459)
03-28 11:41:45.467 3826 3826 W MediaPlayer: at android.app.servertransaction.LaunchActivityItem.execute(LaunchActivityItem.java:83 )
03-28 11:41:45.467 3826 3826 W MediaPlayer: at android.app.servertransaction.TransactionExecutor.executeCallbacks(TransactionExecu tor.java:135)
03-28 11:41:45.467 3826 3826 W MediaPlayer: at android.app.servertransaction.TransactionExecutor.execute(TransactionExecutor.java: 95)
03-28 11:41:45.467 3826 3826 W MediaPlayer: at android.app.ActivityThread$H.handleMessage(ActivityThread.java:2046)
03-28 11:41:45.467 3826 3826 W MediaPlayer: at android.os.Handler.dispatchMessage(Handler.java:107)
03-28 11:41:45.467 3826 3826 W MediaPlayer: at android.os.Looper.loop(Looper.java:225)
03-28 11:41:45.467 3826 3826 W MediaPlayer: at android.app.ActivityThread.main(ActivityThread.java:7564)
03-28 11:41:45.467 3826 3826 W MediaPlayer: at java.lang.reflect.Method.invoke(Native Method)
03-28 11:41:45.467 3826 3826 W MediaPlayer: at com.android.internal.os.RuntimeInit$MethodAndArgsCaller.run(RuntimeInit.java:539)
03-28 11:41:45.467 3826 3826 W MediaPlayer: at com.android.internal.os.ZygoteInit.main(ZygoteInit.java:950)
03-28 11:41:45.553 3826 3826 W Looper : Slow Looper main: Activity com.mbwhatsapp/.settings.SettingsNotifications is 388ms late (wall=0ms running=0ms ClientTransaction{ callbacks=[android.app.servertransaction.TopResumedActivityChang eItem] }) because of 4 msg, msg 4 took 378ms (seq=33478 running=168ms runnable=18ms io=35ms late=10ms h=android.app.ActivityThread$H w=159)
03-28 11:41:45.612 3826 3826 W Looper : Slow Looper main: doFrame is 364ms late because of 4 msg, msg 1 took 378ms (seq=33478 running=168ms runnable=18ms io=35ms late=10ms h=android.app.ActivityThread$H w=159)
03-28 11:41:54.143 3826 3826 W ActivityThread: handleWindowVisibility: no activity for token android.os.BinderProxy@238aa83
03-28 11:41:57.453 3826 3826 W ActivityThread: handleWindowVisibility: no activity for token android.os.BinderProxy@b08cd91
03-28 11:42:07.276 3826 3826 W ActivityThread: handleWindowVisibility: no activity for token android.os.BinderProxy@c39225c
03-28 11:42:07.817 3826 3845 W MediaPlayer-JNI: MediaPlayer finalized without being released
03-28 11:42:07.838 3826 3845 W MediaPlayer-JNI: MediaPlayer finalized without being released
03-28 11:42:07.843 3826 3845 W MediaPlayer-JNI: MediaPlayer finalized without being released
03-28 11:42:16.483 3826 3826 W InputEventReceiver: Attempted to finish an input event but the input event receiver has already been disposed.
03-28 11:42:23.465 3826 3826 W ActivityThread: handleWindowVisibility: no activity for token android.os.BinderProxy@3f65d92
03-28 11:42:33.280 3826 3992 W RenderInspector: QueueBuffer time out on com.mbwhatsapp/com.mbwhatsapp.HomeActivity, count=2, avg=17 ms, max=18 ms.
03-28 11:42:34.487 3826 3826 W ActivityThread: handleWindowVisibility: no activity for token android.os.BinderProxy@527ea0a
03-28 11:42:34.545 3826 3992 W RenderInspector: QueueBuffer time out on com.mbwhatsapp/com.mbwhatsapp.HomeActivity, count=1, avg=18 ms, max=18 ms.
03-28 11:42:34.817 3826 3826 E ArmVmp : Match on catch block at 0x0a in for 0xc1
03-28 11:42:34.820 3826 3826 E ArmVmp : Match on catch block at 0x0a in for 0xc9
03-28 11:42:34.860 3826 3826 W Looper : Slow Looper main: Activity com.mbwhatsapp/.Conversation is 401ms late (wall=0ms running=0ms ClientTransaction{ callbacks=[android.app.servertransaction.TopResumedActivityChangeItem] }) because of 4 msg, msg 4 took 373ms (seq=34741 running=247ms runnable=13ms io=83ms late=29ms h=android.app.ActivityThread$H w=159)
03-28 11:42:35.343 3826 3826 E ArmVmp : Match on catch block at 0xc3 in for 0xb1
03-28 11:42:35.349 3826 3826 E ArmVmp : Match on catch block at 0xc3 in for 0xb1
03-28 11:42:35.372 3826 3826 W Looper : Slow Looper main: doFrame is 388ms late because of 5 msg, msg 3 took 373ms (seq=34741 running=247ms runnable=13ms io=83ms late=29ms h=android.app.ActivityThread$H w=159)
03-28 11:42:35.413 3826 3826 E ArmVmp : Match on catch block at 0xc3 in for 0xa9
03-28 11:42:35.417 3826 3826 E ArmVmp : Match on catch block at 0xc3 in for 0xa1
03-28 11:42:35.451 3826 3826 W Looper : Slow Looper main: doFrame is 526ms late because of 42 msg, msg 1 took 513ms (seq=34744 running=322ms runnable=13ms io=63ms late=388ms h=android.view.Choreographer$FrameHandler c=android.view.Choreographer$FrameDisplayEventReceiver)
03-28 11:42:35.523 3826 3826 E ArmVmp : Match on catch block at 0xc3 in for 0xa9
03-28 11:42:35.527 3826 3826 E ArmVmp : Match on catch block at 0xc3 in for 0xa1
03-28 11:42:35.565 3826 3826 E ArmVmp : Match on catch block at 0xc3 in for 0xa9
03-28 11:42:35.569 3826 3826 E ArmVmp : Match on catch block at 0xc3 in for 0xa1
03-28 11:42:35.599 3826 3826 E ArmVmp : Match on catch block at 0xc3 in for 0xa1
03-28 11:42:35.604 3826 3826 E ArmVmp : Match on catch block at 0xc3 in for 0xa5
03-28 11:42:35.675 3826 3826 E ArmVmp : Match on catch block at 0xc3 in for 0xa5
03-28 11:42:35.681 3826 3826 E ArmVmp : Match on catch block at 0xc3 in for 0xa9
03-28 11:42:35.693 3826 3826 E ArmVmp : Match on catch block at 0xc3 in for 0xa9
03-28 11:42:35.699 3826 3826 E ArmVmp : Match on catch block at 0xc3 in for 0xa1
03-28 11:42:35.709 3826 3826 E ArmVmp : Match on catch block at 0xc3 in for 0xa1
03-28 11:42:35.714 3826 3826 E ArmVmp : Match on catch block at 0xc3 in for 0xa5
03-28 11:42:35.726 3826 3826 E ArmVmp : Match on catch block at 0xc3 in for 0xa5
03-28 11:42:35.731 3826 3826 E ArmVmp : Match on catch block at 0xc3 in for 0xa9
03-28 11:42:35.743 3826 3826 E ArmVmp : Match on catch block at 0xc3 in for 0xa9
03-28 11:42:35.748 3826 3826 E ArmVmp : Match on catch block at 0xc3 in for 0xa1
03-28 11:42:35.760 3826 3826 E ArmVmp : Match on catch block at 0xc3 in for 0xa1
03-28 11:42:35.766 3826 3826 E ArmVmp : Match on catch block at 0xc3 in for 0xa5
03-28 11:42:35.776 3826 3826 E ArmVmp : Match on catch block at 0xc3 in for 0xa5
03-28 11:42:35.781 3826 3826 E ArmVmp : Match on catch block at 0xc3 in for 0xa9
03-28 11:42:35.792 3826 3826 E ArmVmp : Match on catch block at 0xc3 in for 0xa1
03-28 11:42:35.797 3826 3826 E ArmVmp : Match on catch block at 0xc3 in for 0xa5
03-28 11:42:35.810 3826 3826 E ArmVmp : Match on catch block at 0xc3 in for 0xa1
03-28 11:42:35.814 3826 3826 E ArmVmp : Match on catch block at 0xc3 in for 0xa5
03-28 11:42:35.835 3826 3826 E ArmVmp : Match on catch block at 0xc3 in for 0xa9
03-28 11:42:35.842 3826 3826 E ArmVmp : Match on catch block at 0xc3 in for 0xa1
03-28 11:42:35.871 3826 3826 E ArmVmp : Match on catch block at 0xc3 in for 0xa1
03-28 11:42:35.879 3826 3826 E ArmVmp : Match on catch block at 0xc3 in for 0xa5
03-28 11:42:35.893 3826 3826 E ArmVmp : Match on catch block at 0xc3 in for 0xa5
03-28 11:42:35.899 3826 3826 E ArmVmp : Match on catch block at 0xc3 in for 0xa9
03-28 11:42:35.938 3826 3826 E ArmVmp : Match on catch block at 0xc3 in for 0xa9
03-28 11:42:35.942 3826 3826 E ArmVmp : Match on catch block at 0xc3 in for 0xa1
03-28 11:42:35.960 3826 3826 E ArmVmp : Match on catch block at 0xc3 in for 0xa9
03-28 11:42:35.966 3826 3826 E ArmVmp : Match on catch block at 0xc3 in for 0xa1
03-28 11:42:35.977 3826 3826 E ArmVmp : Match on catch block at 0xc3 in for 0xa5
03-28 11:42:35.982 3826 3826 E ArmVmp : Match on catch block at 0xc3 in for 0xa9
03-28 11:42:36.005 3826 3826 E ArmVmp : Match on catch block at 0xc3 in for 0xa9
03-28 11:42:36.009 3826 3826 E ArmVmp : Match on catch block at 0xc3 in for 0xa1
03-28 11:42:36.021 3826 3826 E ArmVmp : Match on catch block at 0xc3 in for 0xa1
03-28 11:42:36.025 3826 3826 E ArmVmp : Match on catch block at 0xc3 in for 0xa5
03-28 11:42:36.532 3826 3826 E ArmVmp : Match on catch block at 0xc3 in for 0xa9
03-28 11:42:36.536 3826 3826 E ArmVmp : Match on catch block at 0xc3 in for 0xa1
03-28 11:42:36.550 3826 3826 E ArmVmp : Match on catch block at 0xc3 in for 0xa9
03-28 11:42:36.555 3826 3826 E ArmVmp : Match on catch block at 0xc3 in for 0xa1
03-28 11:42:36.574 3826 3826 E ArmVmp : Match on catch block at 0xc3 in for 0xa1
03-28 11:42:36.579 3826 3826 E ArmVmp : Match on catch block at 0xc3 in for 0xa5
03-28 11:42:37.079 3826 3826 E ArmVmp : Match on catch block at 0xc3 in for 0xa5
03-28 11:42:37.086 3826 3826 E ArmVmp : Match on catch block at 0xc3 in for 0xa9
03-28 11:42:37.275 3826 3826 E ArmVmp : Match on catch block at 0xc3 in for 0xa1
03-28 11:42:37.281 3826 3826 E ArmVmp : Match on catch block at 0xc3 in for 0xa5
03-28 11:42:37.297 3826 3826 E ArmVmp : Match on catch block at 0xc3 in for 0xa1
03-28 11:42:37.302 3826 3826 E ArmVmp : Match on catch block at 0xc3 in for 0xa5
03-28 11:42:37.308 3826 3826 E ArmVmp : Match on catch block at 0xc3 in for 0xa5
03-28 11:42:37.312 3826 3826 E ArmVmp : Match on catch block at 0xc3 in for 0xa9
03-28 11:42:37.325 3826 3826 E ArmVmp : Match on catch block at 0xc3 in for 0xa9
03-28 11:42:37.329 3826 3826 E ArmVmp : Match on catch block at 0xc3 in for 0xa1
03-28 11:42:37.343 3826 3826 E ArmVmp : Match on catch block at 0xc3 in for 0xa1
03-28 11:42:37.348 3826 3826 E ArmVmp : Match on catch block at 0xc3 in for 0xa5
03-28 11:42:37.358 3826 3826 E ArmVmp : Match on catch block at 0xc3 in for 0xa5
03-28 11:42:37.362 3826 3826 E ArmVmp : Match on catch block at 0xc3 in for 0xa9
03-28 11:42:37.379 3826 3826 E ArmVmp : Match on catch block at 0xc3 in for 0xa9
03-28 11:42:37.384 3826 3826 E ArmVmp : Match on catch block at 0xc3 in for 0xa1
03-28 11:42:37.391 3826 3826 E ArmVmp : Match on catch block at 0xc3 in for 0xa1
03-28 11:42:37.397 3826 3826 E ArmVmp : Match on catch block at 0xc3 in for 0xa5
03-28 11:42:37.408 3826 3826 E ArmVmp : Match on catch block at 0xc3 in for 0xa5
03-28 11:42:37.413 3826 3826 E ArmVmp : Match on catch block at 0xc3 in for 0xa9
03-28 11:42:37.426 3826 3826 E ArmVmp : Match on catch block at 0xc3 in for 0xa9
03-28 11:42:37.432 3826 3826 E ArmVmp : Match on catch block at 0xc3 in for 0xa1
03-28 11:42:37.443 3826 3826 E ArmVmp : Match on catch block at 0xc3 in for 0xa1
03-28 11:42:37.449 3826 3826 E ArmVmp : Match on catch block at 0xc3 in for 0xa5
03-28 11:42:37.471 3826 3826 E ArmVmp : Match on catch block at 0xc3 in for 0xa1
03-28 11:42:37.476 3826 3826 E ArmVmp : Match on catch block at 0xc3 in for 0xa5
03-28 11:42:37.491 3826 3826 E ArmVmp : Match on catch block at 0xc3 in for 0xa5
03-28 11:42:37.495 3826 3826 E ArmVmp : Match on catch block at 0xc3 in for 0xa9
03-28 11:42:37.508 3826 3826 E ArmVmp : Match on catch block at 0xc3 in for 0xa9
03-28 11:42:37.513 3826 3826 E ArmVmp : Match on catch block at 0xc3 in for 0xa1
03-28 11:42:37.526 3826 3826 E ArmVmp : Match on catch block at 0xc3 in for 0xa1
03-28 11:42:37.530 3826 3826 E ArmVmp : Match on catch block at 0xc3 in for 0xa5
03-28 11:42:37.542 3826 3826 E ArmVmp : Match on catch block at 0xc3 in for 0xa5
03-28 11:42:37.547 3826 3826 E ArmVmp : Match on catch block at 0xc3 in for 0xa9
03-28 11:42:37.560 3826 3826 E ArmVmp : Match on catch block at 0xc3 in for 0xa9
03-28 11:42:37.566 3826 3826 E ArmVmp : Match on catch block at 0xc3 in for 0xa1
03-28 11:42:37.584 3826 3826 E ArmVmp : Match on catch block at 0xc3 in for 0xa1
03-28 11:42:37.589 3826 3826 E ArmVmp : Match on catch block at 0xc3 in for 0xa5
03-28 11:42:37.610 3826 3826 E ArmVmp : Match on catch block at 0xc3 in for 0xa5
03-28 11:42:37.614 3826 3826 E ArmVmp : Match on catch block at 0xc3 in for 0xa9
03-28 11:42:37.627 3826 3826 E ArmVmp : Match on catch block at 0xc3 in for 0xa9
03-28 11:42:37.633 3826 3826 E ArmVmp : Match on catch block at 0xc3 in for 0xa1
03-28 11:42:37.643 3826 3826 E ArmVmp : Match on catch block at 0xc3 in for 0xa1
03-28 11:42:37.650 3826 3826 E ArmVmp : Match on catch block at 0xc3 in for 0xa5
03-28 11:42:37.660 3826 3826 E ArmVmp : Match on catch block at 0xc3 in for 0xa5
03-28 11:42:37.666 3826 3826 E ArmVmp : Match on catch block at 0xc3 in for 0xa9
03-28 11:42:37.681 3826 3826 E ArmVmp : Match on catch block at 0xc3 in for 0xa9
03-28 11:42:37.687 3826 3826 E ArmVmp : Match on catch block at 0xc3 in for 0xa1
03-28 11:42:37.695 3826 3826 E ArmVmp : Match on catch block at 0xc3 in for 0xa1
03-28 11:42:37.701 3826 3826 E ArmVmp : Match on catch block at 0xc3 in for 0xa5
03-28 11:42:37.710 3826 3826 E ArmVmp : Match on catch block at 0xc3 in for 0xa5
03-28 11:42:37.715 3826 3826 E ArmVmp : Match on catch block at 0xc3 in for 0xa9
03-28 11:42:37.726 3826 3826 E ArmVmp : Match on catch block at 0xc3 in for 0xa9
03-28 11:42:37.730 3826 3826 E ArmVmp : Match on catch block at 0xc3 in for 0xa1
03-28 11:42:37.747 3826 3826 E ArmVmp : Match on catch block at 0xc3 in for 0xa1
03-28 11:42:37.753 3826 3826 E ArmVmp : Match on catch block at 0xc3 in for 0xa5
03-28 11:42:37.776 3826 3826 E ArmVmp : Match on catch block at 0xc3 in for 0xa5
03-28 11:42:37.785 3826 3826 E ArmVmp : Match on catch block at 0xc3 in for 0xa9
03-28 11:42:37.793 3826 3826 E ArmVmp : Match on catch block at 0xc3 in for 0xa9
03-28 11:42:37.800 3826 3826 E ArmVmp : Match on catch block at 0xc3 in for 0xa1
03-28 11:42:37.809 3826 3826 E ArmVmp : Match on catch block at 0xc3 in for 0xa1
03-28 11:42:37.814 3826 3826 E ArmVmp : Match on catch block at 0xc3 in for 0xa5
03-28 11:42:37.826 3826 3826 E ArmVmp : Match on catch block at 0xc3 in for 0xa5
03-28 11:42:37.835 3826 3826 E ArmVmp : Match on catch block at 0xc3 in for 0xa9
03-28 11:42:37.856 3826 3826 E ArmVmp : Match on catch block at 0xc3 in for 0xa5
03-28 11:42:37.861 3826 3826 E ArmVmp : Match on catch block at 0xc3 in for 0xa9
03-28 11:42:37.893 3826 3826 E ArmVmp : Match on catch block at 0xc3 in for 0xa9
03-28 11:42:37.899 3826 3826 E ArmVmp : Match on catch block at 0xc3 in for 0xa1
03-28 11:42:37.927 3826 3826 E ArmVmp : Match on catch block at 0xc3 in for 0xa1
03-28 11:42:37.935 3826 3826 E ArmVmp : Match on catch block at 0xc3 in for 0xa5
03-28 11:42:38.060 3826 3826 E ArmVmp : Match on catch block at 0xc3 in for 0xa5
03-28 11:42:38.070 3826 3826 E ArmVmp : Match on catch block at 0xc3 in for 0xa9
03-28 11:42:38.085 3826 3826 E ArmVmp : Match on catch block at 0xc3 in for 0xa9
03-28 11:42:38.092 3826 3826 E ArmVmp : Match on catch block at 0xc3 in for 0xa1
03-28 11:42:38.109 3826 3826 E ArmVmp : Match on catch block at 0xc3 in for 0xa1
03-28 11:42:38.114 3826 3826 E ArmVmp : Match on catch block at 0xc3 in for 0xa5
03-28 11:42:38.126 3826 3826 E ArmVmp : Match on catch block at 0xc3 in for 0xa5
03-28 11:42:38.131 3826 3826 E ArmVmp : Match on catch block at 0xc3 in for 0xa9
03-28 11:42:38.144 3826 3826 E ArmVmp : Match on catch block at 0xc3 in for 0xa9
03-28 11:42:38.150 3826 3826 E ArmVmp : Match on catch block at 0xc3 in for 0xa1
03-28 11:42:38.160 3826 3826 E ArmVmp : Match on catch block at 0xc3 in for 0xa1
03-28 11:42:38.166 3826 3826 E ArmVmp : Match on catch block at 0xc3 in for 0xa5
03-28 11:42:38.176 3826 3826 E ArmVmp : Match on catch block at 0xc3 in for 0xa5
03-28 11:42:38.183 3826 3826 E ArmVmp : Match on catch block at 0xc3 in for 0xa9
03-28 11:42:38.192 3826 3826 E ArmVmp : Match on catch block at 0xc3 in for 0xa9
03-28 11:42:38.198 3826 3826 E ArmVmp : Match on catch block at 0xc3 in for 0xa1
03-28 11:42:38.210 3826 3826 E ArmVmp : Match on catch block at 0xc3 in for 0xa1
03-28 11:42:38.218 3826 3826 E ArmVmp : Match on catch block at 0xc3 in for 0xa5
03-28 11:42:38.230 3826 3826 E ArmVmp : Match on catch block at 0xc3 in for 0xa5
03-28 11:42:38.239 3826 3826 E ArmVmp : Match on catch block at 0xc3 in for 0xa9
03-28 11:42:38.260 3826 3826 E ArmVmp : Match on catch block at 0xc3 in for 0xa9
03-28 11:42:38.265 3826 3826 E ArmVmp : Match on catch block at 0xc3 in for 0xa1
03-28 11:42:38.276 3826 3826 E ArmVmp : Match on catch block at 0xc3 in for 0xa1
03-28 11:42:38.281 3826 3826 E ArmVmp : Match on catch block at 0xc3 in for 0xa5
03-28 11:42:38.294 3826 3826 E ArmVmp : Match on catch block at 0xc3 in for 0xa5
03-28 11:42:38.299 3826 3826 E ArmVmp : Match on catch block at 0xc3 in for 0xa9
03-28 11:42:38.311 3826 3826 E ArmVmp : Match on catch block at 0xc3 in for 0xa9
03-28 11:42:38.317 3826 3826 E ArmVmp : Match on catch block at 0xc3 in for 0xa1
03-28 11:42:38.343 3826 3826 E ArmVmp : Match on catch block at 0xc3 in for 0xa1
03-28 11:42:38.348 3826 3826 E ArmVmp : Match on catch block at 0xc3 in for 0xa5
03-28 11:42:38.544 3826 3826 E ArmVmp : Match on catch block at 0xc3 in for 0xa5
03-28 11:42:38.555 3826 3826 E ArmVmp : Match on catch block at 0xc3 in for 0xa9
03-28 11:42:39.045 3826 3826 E ArmVmp : Match on catch block at 0xc3 in for 0xa9
03-28 11:42:39.052 3826 3826 E ArmVmp : Match on catch block at 0xc3 in for 0xa1
03-28 11:42:39.528 3826 3826 E ArmVmp : Match on catch block at 0xc3 in for 0xa1
03-28 11:42:39.535 3826 3826 E ArmVmp : Match on catch block at 0xc3 in for 0xa5
03-28 11:42:39.712 3826 3826 E ArmVmp : Match on catch block at 0xc3 in for 0xa5
03-28 11:42:39.719 3826 3826 E ArmVmp : Match on catch block at 0xc3 in for 0xa9
03-28 11:42:39.811 3826 3826 E ArmVmp : Match on catch block at 0xc3 in for 0xa9
03-28 11:42:39.817 3826 3826 E ArmVmp : Match on catch block at 0xc3 in for 0xa1
03-28 11:42:39.993 3826 3826 E ArmVmp : Match on catch block at 0xc3 in for 0xa1
03-28 11:42:39.999 3826 3826 E ArmVmp : Match on catch block at 0xc3 in for 0xa5
03-28 11:42:40.061 3826 3826 E ArmVmp : Match on catch block at 0xc3 in for 0xa5
03-28 11:42:40.068 3826 3826 E ArmVmp : Match on catch block at 0xc3 in for 0xa9
03-28 11:42:40.211 3826 3826 E ArmVmp : Match on catch block at 0xc3 in for 0xa9
03-28 11:42:40.219 3826 3826 E ArmVmp : Match on catch block at 0xc3 in for 0xa1
03-28 11:42:40.462 3826 3826 E ArmVmp : Match on catch block at 0xc3 in for 0xa1
03-28 11:42:40.470 3826 3826 E ArmVmp : Match on catch block at 0xc3 in for 0xa5
03-28 11:42:40.728 3826 3826 E ArmVmp : Match on catch block at 0xc3 in for 0xa5
03-28 11:42:40.737 3826 3826 E ArmVmp : Match on catch block at 0xc3 in for 0xa9
03-28 11:42:40.879 3826 3826 E ArmVmp : Match on catch block at 0xc3 in for 0xa9
03-28 11:42:40.887 3826 3826 E ArmVmp : Match on catch block at 0xc3 in for 0xa1
03-28 11:42:41.330 3826 3826 E ArmVmp : Match on catch block at 0xc3 in for 0xa1
03-28 11:42:41.342 3826 3826 E ArmVmp : Match on catch block at 0xc3 in for 0xa5
03-28 11:42:41.494 3826 3826 E ArmVmp : Match on catch block at 0xc3 in for 0xa5
03-28 11:42:41.506 3826 3826 E ArmVmp : Match on catch block at 0xc3 in for 0xa9
03-28 11:42:41.686 3826 3826 E ArmVmp : Match on catch block at 0xc3 in for 0xa9
03-28 11:42:41.692 3826 3826 E ArmVmp : Match on catch block at 0xc3 in for 0xa1
03-28 11:42:42.010 3826 3826 E ArmVmp : Match on catch block at 0xc3 in for 0xa1
03-28 11:42:42.015 3826 3826 E ArmVmp : Match on catch block at 0xc3 in for 0xa5
03-28 11:42:42.229 3826 3826 E ArmVmp : Match on catch block at 0xc3 in for 0xa5
03-28 11:42:42.236 3826 3826 E ArmVmp : Match on catch block at 0xc3 in for 0xa9
03-28 11:42:42.273 3826 3826 E ArmVmp : Match on catch block at 0xc3 in for 0xa1
03-28 11:42:42.279 3826 3826 E ArmVmp : Match on catch block at 0xc3 in for 0xa5
