0% found this document useful (0 votes)
34 views31 pages

Logcat

Uploaded by

janielecu3
Copyright
© © All Rights Reserved
We take content rights seriously. If you suspect this is your content, claim it here.
Available Formats
Download as TXT, PDF, TXT or read online on Scribd
0% found this document useful (0 votes)
34 views31 pages

Logcat

Uploaded by

janielecu3
Copyright
© © All Rights Reserved
We take content rights seriously. If you suspect this is your content, claim it here.
Available Formats
Download as TXT, PDF, TXT or read online on Scribd
You are on page 1/ 31

--------- beginning of main

03-14 20:27:27.174 30848 30848 E com.mbwhatsapp: Not starting debugger since


process cannot load the jdwp agent.
03-14 20:27:27.193 30848 30848 W libc : Access denied finding property
"sys.perf.boostopt"
03-14 20:27:27.193 30848 30863 W libc : Access denied finding property
"sys.perf.boostopt"
03-14 20:27:27.219 30848 30863 W libc : Access denied finding property
"sys.perf.boostopt"
03-14 20:27:27.439 30848 30848 W System.err: java.lang.ClassNotFoundException:
mbmodsd.mbmodsw.ui.views.btn.BtnBK
03-14 20:27:27.443 30848 30848 W System.err: at
java.lang.Runtime.nativeLoad(Native Method)
03-14 20:27:27.443 30848 30848 W System.err: at
java.lang.Runtime.nativeLoad(Runtime.java:1126)
03-14 20:27:27.443 30848 30848 W System.err: at
java.lang.Runtime.loadLibrary0(Runtime.java:1080)
03-14 20:27:27.443 30848 30848 W System.err: at
java.lang.Runtime.loadLibrary0(Runtime.java:1003)
03-14 20:27:27.443 30848 30848 W System.err: at
java.lang.System.loadLibrary(System.java:1661)
03-14 20:27:27.443 30848 30848 W System.err: at arm.EpicVm.<clinit>(Unknown
Source:2)
03-14 20:27:27.443 30848 30848 W System.err: at
java.lang.Class.newInstance(Native Method)
03-14 20:27:27.443 30848 30848 W System.err: at
android.app.AppComponentFactory.instantiateApplication(AppComponentFactory.java:76)
03-14 20:27:27.443 30848 30848 W System.err: at
androidx.core.app.CoreComponentFactory.instantiateApplication(Unknown Source:0)
03-14 20:27:27.443 30848 30848 W System.err: at
android.app.Instrumentation.newApplication(Instrumentation.java:1232)
03-14 20:27:27.443 30848 30848 W System.err: at
android.app.LoadedApk.makeApplicationInner(LoadedApk.java:1566)
03-14 20:27:27.443 30848 30848 W System.err: at
android.app.LoadedApk.makeApplicationInner(LoadedApk.java:1503)
03-14 20:27:27.444 30848 30848 W System.err: at
android.app.ActivityThread.handleBindApplication(ActivityThread.java:7553)
03-14 20:27:27.444 30848 30848 W System.err: at android.app.ActivityThread.-$
$Nest$mhandleBindApplication(Unknown Source:0)
03-14 20:27:27.444 30848 30848 W System.err: at
android.app.ActivityThread$H.handleMessage(ActivityThread.java:2400)
03-14 20:27:27.444 30848 30848 W System.err: at
android.os.Handler.dispatchMessage(Handler.java:106)
03-14 20:27:27.444 30848 30848 W System.err: at
android.os.Looper.loopOnce(Looper.java:226)
03-14 20:27:27.444 30848 30848 W System.err: at
android.os.Looper.loop(Looper.java:313)
03-14 20:27:27.444 30848 30848 W System.err: at
android.app.ActivityThread.main(ActivityThread.java:8757)
03-14 20:27:27.444 30848 30848 W System.err: at
java.lang.reflect.Method.invoke(Native Method)
03-14 20:27:27.444 30848 30848 W System.err: at
com.android.internal.os.RuntimeInit$MethodAndArgsCaller.run(RuntimeInit.java:571)
03-14 20:27:27.444 30848 30848 W System.err: at
com.android.internal.os.ZygoteInit.main(ZygoteInit.java:1067)
03-14 20:27:27.502 30848 30848 E CustomActivityOnCrash: IMPORTANT WARNING! You
already have an UncaughtExceptionHandler, are you sure this is correct? If you use
a custom UncaughtExceptionHandler, you must initialize it AFTER
CustomActivityOnCrash! Installing anyway, but your original handler will not be
called.
03-14 20:27:28.215 30848 30877 W LibraryVersion: Failed to get app version for
libraryName: firebase-iid
03-14 20:27:28.365 30923 30923 E com.mbwhatsapp: Not starting debugger since
process cannot load the jdwp agent.
03-14 20:27:28.387 30923 30923 W libc : Access denied finding property
"sys.perf.boostopt"
03-14 20:27:28.391 30923 30935 W libc : Access denied finding property
"sys.perf.boostopt"
03-14 20:27:28.419 30923 30937 W libc : Access denied finding property
"sys.perf.boostopt"
03-14 20:27:28.526 30923 30923 W System.err: java.lang.ClassNotFoundException:
mbmodsd.mbmodsw.ui.views.btn.BtnBK
03-14 20:27:28.526 30923 30923 W System.err: at
java.lang.Runtime.nativeLoad(Native Method)
03-14 20:27:28.526 30923 30923 W System.err: at
java.lang.Runtime.nativeLoad(Runtime.java:1126)
03-14 20:27:28.526 30923 30923 W System.err: at
java.lang.Runtime.loadLibrary0(Runtime.java:1080)
03-14 20:27:28.526 30923 30923 W System.err: at
java.lang.Runtime.loadLibrary0(Runtime.java:1003)
03-14 20:27:28.526 30923 30923 W System.err: at
java.lang.System.loadLibrary(System.java:1661)
03-14 20:27:28.526 30923 30923 W System.err: at arm.EpicVm.<clinit>(Unknown
Source:2)
03-14 20:27:28.526 30923 30923 W System.err: at
java.lang.Class.newInstance(Native Method)
03-14 20:27:28.526 30923 30923 W System.err: at
android.app.AppComponentFactory.instantiateApplication(AppComponentFactory.java:76)
03-14 20:27:28.526 30923 30923 W System.err: at
androidx.core.app.CoreComponentFactory.instantiateApplication(Unknown Source:0)
03-14 20:27:28.526 30923 30923 W System.err: at
android.app.Instrumentation.newApplication(Instrumentation.java:1232)
03-14 20:27:28.526 30923 30923 W System.err: at
android.app.LoadedApk.makeApplicationInner(LoadedApk.java:1566)
03-14 20:27:28.526 30923 30923 W System.err: at
android.app.LoadedApk.makeApplicationInner(LoadedApk.java:1503)
03-14 20:27:28.526 30923 30923 W System.err: at
android.app.ActivityThread.handleBindApplication(ActivityThread.java:7553)
03-14 20:27:28.526 30923 30923 W System.err: at android.app.ActivityThread.-$
$Nest$mhandleBindApplication(Unknown Source:0)
03-14 20:27:28.526 30923 30923 W System.err: at
android.app.ActivityThread$H.handleMessage(ActivityThread.java:2400)
03-14 20:27:28.526 30923 30923 W System.err: at
android.os.Handler.dispatchMessage(Handler.java:106)
03-14 20:27:28.526 30923 30923 W System.err: at
android.os.Looper.loopOnce(Looper.java:226)
03-14 20:27:28.526 30923 30923 W System.err: at
android.os.Looper.loop(Looper.java:313)
03-14 20:27:28.526 30923 30923 W System.err: at
android.app.ActivityThread.main(ActivityThread.java:8757)
03-14 20:27:28.526 30923 30923 W System.err: at
java.lang.reflect.Method.invoke(Native Method)
03-14 20:27:28.526 30923 30923 W System.err: at
com.android.internal.os.RuntimeInit$MethodAndArgsCaller.run(RuntimeInit.java:571)
03-14 20:27:28.526 30923 30923 W System.err: at
com.android.internal.os.ZygoteInit.main(ZygoteInit.java:1067)
03-14 20:27:28.564 30923 30923 E CustomActivityOnCrash: IMPORTANT WARNING! You
already have an UncaughtExceptionHandler, are you sure this is correct? If you use
a custom UncaughtExceptionHandler, you must initialize it AFTER
CustomActivityOnCrash! Installing anyway, but your original handler will not be
called.
03-14 20:27:28.609 30923 30946 W LibraryVersion: Failed to get app version for
libraryName: firebase-iid
03-14 20:27:28.843 30923 30923 W com.mbwhatsapp: Accessing hidden method
Lcom/android/org/conscrypt/OpenSSLSocketImpl;->setUseSessionTickets(Z)V (max-
target-q,core-platform-api, reflection, denied)
03-14 20:27:28.843 30923 30923 W com.mbwhatsapp: Accessing hidden method
Lcom/android/org/conscrypt/AbstractConscryptSocket;->setUseSessionTickets(Z)V (max-
target-q, reflection, denied)
03-14 20:27:29.079 30982 30982 W libprocessgroup: SetAttribute: unknown attribute:
GpisSfCpuset
03-14 20:27:29.080 30982 30982 W libprocessgroup: SetAttribute: unknown attribute:
GpisSfCpuset
03-14 20:27:29.083 30982 30982 W libprocessgroup: SetAttribute: unknown attribute:
STunePreferIdle
03-14 20:27:29.083 30982 30982 W libprocessgroup: SetAttribute: unknown attribute:
STunePreferIdle
03-14 20:27:29.986 30923 31030 W com.mbwhatsapp: Method void
X.2rL.A03(java.lang.Integer) failed lock verification and will run slower.
03-14 20:27:29.986 30923 31030 W com.mbwhatsapp: Common causes for lock
verification issues are non-optimized dex code
03-14 20:27:29.986 30923 31030 W com.mbwhatsapp: and incorrect proguard
optimizations.
03-14 20:27:30.015 30923 30923 W com.mbwhatsapp: Method void X.0eU.A0h(X.0tK,
boolean) failed lock verification and will run slower.
03-14 20:27:30.338 30923 31043 W libc : Access denied finding property
"ro.vendor.mtk.gpu.glt"
03-14 20:27:30.354 30923 31043 E QT : [QT]file does not exist
03-14 20:27:30.574 30923 30923 E com.mbwhatsapp: Invalid ID 0x00000000.
03-14 20:27:30.577 30923 30923 W System.err:
android.content.res.Resources$NotFoundException: String resource ID #0x0
03-14 20:27:30.578 30923 30923 W System.err: at
android.content.res.Resources.getText(Resources.java:512)
03-14 20:27:30.578 30923 30923 W System.err: at
android.content.res.Resources.getString(Resources.java:605)
03-14 20:27:30.578 30923 30923 W System.err: at X.35t.A0E(Unknown Source:46)
03-14 20:27:30.578 30923 30923 W System.err: at
com.mbwhatsapp.yo.yo.getString(Native Method)
03-14 20:27:30.578 30923 30923 W System.err: at
com.mbwhatsapp.yo.yo.getString(Native Method)
03-14 20:27:30.578 30923 30923 W System.err: at
com.mbwhatsapp.youbasha.task.utils.requestAllFilesAccess14(Native Method)
03-14 20:27:30.579 30923 30923 W System.err: at
com.mbwhatsapp.yo.dep.showStoragePermissionRequest(Native Method)
03-14 20:27:30.579 30923 30923 W System.err: at
com.mbwhatsapp.registration.EULA.onCreate(Unknown Source:248)
03-14 20:27:30.579 30923 30923 W System.err: at
android.app.Activity.performCreate(Activity.java:8591)
03-14 20:27:30.579 30923 30923 W System.err: at
android.app.Activity.performCreate(Activity.java:8570)
03-14 20:27:30.579 30923 30923 W System.err: at
android.app.Instrumentation.callActivityOnCreate(Instrumentation.java:1384)
03-14 20:27:30.579 30923 30923 W System.err: at
android.app.ActivityThread.performLaunchActivity(ActivityThread.java:4150)
03-14 20:27:30.579 30923 30923 W System.err: at
android.app.ActivityThread.handleLaunchActivity(ActivityThread.java:4325)
03-14 20:27:30.579 30923 30923 W System.err: at
android.app.servertransaction.LaunchActivityItem.execute(LaunchActivityItem.java:10
1)
03-14 20:27:30.579 30923 30923 W System.err: at
android.app.servertransaction.TransactionExecutor.executeCallbacks(TransactionExecu
tor.java:135)
03-14 20:27:30.579 30923 30923 W System.err: at
android.app.servertransaction.TransactionExecutor.execute(TransactionExecutor.java:
95)
03-14 20:27:30.579 30923 30923 W System.err: at
android.app.ActivityThread$H.handleMessage(ActivityThread.java:2574)
03-14 20:27:30.579 30923 30923 W System.err: at
android.os.Handler.dispatchMessage(Handler.java:106)
03-14 20:27:30.579 30923 30923 W System.err: at
android.os.Looper.loopOnce(Looper.java:226)
03-14 20:27:30.579 30923 30923 W System.err: at
android.os.Looper.loop(Looper.java:313)
03-14 20:27:30.579 30923 30923 W System.err: at
android.app.ActivityThread.main(ActivityThread.java:8757)
03-14 20:27:30.579 30923 30923 W System.err: at
java.lang.reflect.Method.invoke(Native Method)
03-14 20:27:30.580 30923 30923 W System.err: at
com.android.internal.os.RuntimeInit$MethodAndArgsCaller.run(RuntimeInit.java:571)
03-14 20:27:30.580 30923 30923 W System.err: at
com.android.internal.os.ZygoteInit.main(ZygoteInit.java:1067)
03-14 20:27:30.774 30923 30923 W Activity: Can request only one set of permissions
at a time
03-14 20:27:30.912 30923 31079 E RenderScript: Failed to find hal setup entry
points: undefined symbol: rsdHalAbort
03-14 20:27:30.913 30923 31079 E RenderScript: Failed to load runtime , loading
default
03-14 20:27:31.000 30923 30923 E ArmVmp : Match on catch block at 0x0a in for
0x787f02304d
03-14 20:27:31.202 30923 30923 E FBI : Can't load library: dlopen failed:
library "libmagtsync.so" not found
03-14 20:27:31.635 30923 31043 E gralloc4: Empty SMPTE 2094-40 data
03-14 20:27:31.646 30923 31043 W Parcel : Expecting binder but got null!
03-14 20:27:32.554 30923 31043 E gralloc4: Empty SMPTE 2094-40 data
03-14 20:27:32.566 30923 31043 W Parcel : Expecting binder but got null!
03-14 20:27:32.601 30923 31043 E gralloc4: Empty SMPTE 2094-40 data
03-14 20:27:32.614 30923 31043 E gralloc4: Empty SMPTE 2094-40 data
03-14 20:27:32.650 30923 31043 E gralloc4: Empty SMPTE 2094-40 data
03-14 20:27:32.749 30923 30931 W com.mbwhatsapp: Cleared Reference was only
reachable from finalizer (only reported once)
03-14 20:27:33.215 30923 30923 E com.mbwhatsapp: Invalid ID 0x00000000.
03-14 20:27:33.216 30923 30923 E com.mbwhatsapp: Invalid ID 0x00000000.
03-14 20:27:33.218 30923 30923 E com.mbwhatsapp: Invalid ID 0x00000000.
03-14 20:27:33.218 30923 30923 E com.mbwhatsapp: Invalid ID 0x00000000.
03-14 20:27:33.219 30923 30923 E com.mbwhatsapp: Invalid ID 0x00000000.
03-14 20:27:33.220 30923 30923 E com.mbwhatsapp: Invalid ID 0x00000000.
03-14 20:27:33.221 30923 30923 E com.mbwhatsapp: Invalid ID 0x00000000.
03-14 20:27:33.221 30923 30923 E com.mbwhatsapp: Invalid ID 0x00000000.
03-14 20:27:52.185 30923 31043 E gralloc4: Empty SMPTE 2094-40 data
03-14 20:27:52.281 30923 30923 W Activity: Can request only one set of permissions
at a time
03-14 20:27:52.282 30923 30923 W Activity: Can request only one set of permissions
at a time
03-14 20:27:52.486 30923 31043 E gralloc4: Empty SMPTE 2094-40 data
03-14 20:27:52.510 30923 31043 E gralloc4: Empty SMPTE 2094-40 data
03-14 20:27:52.997 30923 30935 W libc : Access denied finding property
"sys.perf.boostopt"
03-14 20:27:53.793 30923 31043 E gralloc4: Empty SMPTE 2094-40 data
03-14 20:27:53.802 30923 31043 E gralloc4: Empty SMPTE 2094-40 data
03-14 20:27:53.814 30923 31043 E gralloc4: Empty SMPTE 2094-40 data
03-14 20:27:53.828 30923 31043 E gralloc4: Empty SMPTE 2094-40 data
03-14 20:27:53.843 30923 31043 E gralloc4: Empty SMPTE 2094-40 data
03-14 20:27:53.860 30923 31043 E gralloc4: Empty SMPTE 2094-40 data
03-14 20:27:53.877 30923 31043 E gralloc4: Empty SMPTE 2094-40 data
03-14 20:27:53.955 30923 31043 E gralloc4: Empty SMPTE 2094-40 data
03-14 20:27:55.589 30923 31043 E gralloc4: Empty SMPTE 2094-40 data
03-14 20:27:55.593 30923 31043 E gralloc4: Empty SMPTE 2094-40 data
03-14 20:27:55.601 30923 31043 E gralloc4: Empty SMPTE 2094-40 data
03-14 20:27:55.728 30923 31939 E ShortcutInfoCompatSaver: Failed to load saved
values from file
/data/user/0/com.mbwhatsapp/files/ShortcutInfoCompatSaver_share_targets/
targets.xml. Old state removed, new added
03-14 20:27:55.728 30923 31939 E ShortcutInfoCompatSaver:
java.io.FileNotFoundException:
/data/user/0/com.mbwhatsapp/files/ShortcutInfoCompatSaver_share_targets/
targets.xml: open failed: ENOENT (No such file or directory)
03-14 20:27:55.728 30923 31939 E ShortcutInfoCompatSaver: at
libcore.io.IoBridge.open(IoBridge.java:574)
03-14 20:27:55.728 30923 31939 E ShortcutInfoCompatSaver: at
java.io.FileInputStream.<init>(FileInputStream.java:160)
03-14 20:27:55.728 30923 31939 E ShortcutInfoCompatSaver: at X.0nz.run(Unknown
Source:82)
03-14 20:27:55.728 30923 31939 E ShortcutInfoCompatSaver: at
java.util.concurrent.Executors$RunnableAdapter.call(Executors.java:487)
03-14 20:27:55.728 30923 31939 E ShortcutInfoCompatSaver: at
java.util.concurrent.FutureTask.run(FutureTask.java:264)
03-14 20:27:55.728 30923 31939 E ShortcutInfoCompatSaver: at
java.util.concurrent.ThreadPoolExecutor.runWorker(ThreadPoolExecutor.java:1145)
03-14 20:27:55.728 30923 31939 E ShortcutInfoCompatSaver: at
java.util.concurrent.ThreadPoolExecutor$Worker.run(ThreadPoolExecutor.java:644)
03-14 20:27:55.728 30923 31939 E ShortcutInfoCompatSaver: at
java.lang.Thread.run(Thread.java:1012)
03-14 20:27:55.728 30923 31939 E ShortcutInfoCompatSaver: Caused by:
android.system.ErrnoException: open failed: ENOENT (No such file or directory)
03-14 20:27:55.728 30923 31939 E ShortcutInfoCompatSaver: at
libcore.io.Linux.open(Native Method)
03-14 20:27:55.728 30923 31939 E ShortcutInfoCompatSaver: at
libcore.io.ForwardingOs.open(ForwardingOs.java:563)
03-14 20:27:55.728 30923 31939 E ShortcutInfoCompatSaver: at
libcore.io.BlockGuardOs.open(BlockGuardOs.java:274)
03-14 20:27:55.728 30923 31939 E ShortcutInfoCompatSaver: at
libcore.io.ForwardingOs.open(ForwardingOs.java:563)
03-14 20:27:55.728 30923 31939 E ShortcutInfoCompatSaver: at
android.app.ActivityThread$AndroidOs.open(ActivityThread.java:8619)
03-14 20:27:55.728 30923 31939 E ShortcutInfoCompatSaver: at
libcore.io.IoBridge.open(IoBridge.java:560)
03-14 20:27:55.728 30923 31939 E ShortcutInfoCompatSaver: ... 7 more
03-14 20:27:55.791 30923 31043 E gralloc4: Empty SMPTE 2094-40 data
03-14 20:27:55.791 30923 31043 E FrameEvents: updateAcquireFence: Did not find
frame.
03-14 20:27:55.799 30923 31043 E gralloc4: Empty SMPTE 2094-40 data
03-14 20:27:55.799 30923 31043 E FrameEvents: updateAcquireFence: Did not find
frame.
03-14 20:27:55.805 30923 31043 E gralloc4: Empty SMPTE 2094-40 data
03-14 20:27:55.805 30923 31043 E FrameEvents: updateAcquireFence: Did not find
frame.
03-14 20:27:55.868 30923 31043 E gralloc4: Empty SMPTE 2094-40 data
03-14 20:27:55.895 30923 31043 E gralloc4: Empty SMPTE 2094-40 data
03-14 20:27:55.897 30923 31043 E gralloc4: Empty SMPTE 2094-40 data
03-14 20:27:55.920 30923 31043 E gralloc4: Empty SMPTE 2094-40 data
03-14 20:27:55.933 30923 31043 E gralloc4: Empty SMPTE 2094-40 data
03-14 20:27:56.064 30923 31043 E gralloc4: Empty SMPTE 2094-40 data
03-14 20:27:56.067 30923 31043 E gralloc4: Empty SMPTE 2094-40 data
03-14 20:27:56.085 30923 31043 E gralloc4: Empty SMPTE 2094-40 data
03-14 20:27:56.103 30923 31043 E gralloc4: Empty SMPTE 2094-40 data
03-14 20:27:56.119 30923 31043 E gralloc4: Empty SMPTE 2094-40 data
03-14 20:27:56.134 30923 31043 E gralloc4: Empty SMPTE 2094-40 data
03-14 20:27:56.152 30923 31043 E gralloc4: Empty SMPTE 2094-40 data
03-14 20:28:01.331 30923 31043 E gralloc4: Empty SMPTE 2094-40 data
03-14 20:28:01.334 30923 31043 E gralloc4: Empty SMPTE 2094-40 data
03-14 20:28:01.354 30923 31043 E gralloc4: Empty SMPTE 2094-40 data
03-14 20:28:01.370 30923 31043 E gralloc4: Empty SMPTE 2094-40 data
03-14 20:28:01.386 30923 31043 E gralloc4: Empty SMPTE 2094-40 data
03-14 20:28:01.404 30923 31043 E gralloc4: Empty SMPTE 2094-40 data
03-14 20:28:01.421 30923 31043 E gralloc4: Empty SMPTE 2094-40 data
03-14 20:28:01.438 30923 31043 E gralloc4: Empty SMPTE 2094-40 data
03-14 20:28:01.454 30923 31043 E gralloc4: Empty SMPTE 2094-40 data
03-14 20:28:01.472 30923 31043 E gralloc4: Empty SMPTE 2094-40 data
03-14 20:28:01.487 30923 31043 E gralloc4: Empty SMPTE 2094-40 data
03-14 20:28:01.504 30923 31043 E gralloc4: Empty SMPTE 2094-40 data
03-14 20:28:01.521 30923 31043 E gralloc4: Empty SMPTE 2094-40 data
03-14 20:28:01.538 30923 31043 E gralloc4: Empty SMPTE 2094-40 data
03-14 20:28:01.553 30923 31043 E gralloc4: Empty SMPTE 2094-40 data
03-14 20:28:01.569 30923 31043 E gralloc4: Empty SMPTE 2094-40 data
03-14 20:28:01.592 30923 31043 E gralloc4: Empty SMPTE 2094-40 data
03-14 20:28:01.594 30923 31043 W Parcel : Expecting binder but got null!
03-14 20:28:01.595 30923 31043 E gralloc4: Empty SMPTE 2094-40 data
03-14 20:28:01.603 30923 31043 E gralloc4: Empty SMPTE 2094-40 data
03-14 20:28:01.620 30923 31043 E gralloc4: Empty SMPTE 2094-40 data
03-14 20:28:01.639 30923 31043 E gralloc4: Empty SMPTE 2094-40 data
03-14 20:28:01.645 30923 31043 E gralloc4: Empty SMPTE 2094-40 data
03-14 20:28:01.724 30923 31043 E gralloc4: Empty SMPTE 2094-40 data
03-14 20:28:02.050 30923 31043 E gralloc4: Empty SMPTE 2094-40 data
03-14 20:28:02.560 30923 31043 E gralloc4: Empty SMPTE 2094-40 data
03-14 20:28:02.867 30923 31043 E gralloc4: Empty SMPTE 2094-40 data
03-14 20:28:02.887 30923 31043 E gralloc4: Empty SMPTE 2094-40 data
03-14 20:28:03.271 30923 30923 W OnBackInvokedCallback: OnBackInvokedCallback is
not enabled for the application.
03-14 20:28:03.271 30923 30923 W OnBackInvokedCallback: Set
'android:enableOnBackInvokedCallback="true"' in the application manifest.
03-14 20:28:03.387 30923 31043 E gralloc4: Empty SMPTE 2094-40 data
03-14 20:28:03.409 30923 31043 E gralloc4: Empty SMPTE 2094-40 data
03-14 20:28:03.418 30923 31043 E gralloc4: Empty SMPTE 2094-40 data
03-14 20:28:03.435 30923 31043 E gralloc4: Empty SMPTE 2094-40 data
03-14 20:28:03.451 30923 31043 E gralloc4: Empty SMPTE 2094-40 data
03-14 20:28:03.471 30923 31043 E gralloc4: Empty SMPTE 2094-40 data
03-14 20:28:03.485 30923 31043 E gralloc4: Empty SMPTE 2094-40 data
03-14 20:28:03.500 30923 31043 E gralloc4: Empty SMPTE 2094-40 data
03-14 20:28:03.518 30923 31043 E gralloc4: Empty SMPTE 2094-40 data
03-14 20:28:03.535 30923 31043 E gralloc4: Empty SMPTE 2094-40 data
03-14 20:28:03.553 30923 31043 E gralloc4: Empty SMPTE 2094-40 data
03-14 20:28:03.568 30923 31043 E gralloc4: Empty SMPTE 2094-40 data
03-14 20:28:03.588 30923 31043 E gralloc4: Empty SMPTE 2094-40 data
03-14 20:28:03.603 30923 31043 E gralloc4: Empty SMPTE 2094-40 data
03-14 20:28:03.620 30923 31043 E gralloc4: Empty SMPTE 2094-40 data
03-14 20:28:03.636 30923 31043 E gralloc4: Empty SMPTE 2094-40 data
03-14 20:28:03.653 30923 31043 E gralloc4: Empty SMPTE 2094-40 data
03-14 20:28:03.669 30923 31043 E gralloc4: Empty SMPTE 2094-40 data
03-14 20:28:03.887 30923 31043 E gralloc4: Empty SMPTE 2094-40 data
03-14 20:28:04.069 30923 31043 E gralloc4: Empty SMPTE 2094-40 data
03-14 20:28:04.086 30923 31043 E gralloc4: Empty SMPTE 2094-40 data
03-14 20:28:04.103 30923 31043 E gralloc4: Empty SMPTE 2094-40 data
03-14 20:28:04.119 30923 31043 E gralloc4: Empty SMPTE 2094-40 data
03-14 20:28:04.133 30923 31043 E gralloc4: Empty SMPTE 2094-40 data
03-14 20:28:04.153 30923 31043 E gralloc4: Empty SMPTE 2094-40 data
03-14 20:28:04.170 30923 31043 E gralloc4: Empty SMPTE 2094-40 data
03-14 20:28:04.190 30923 31043 E gralloc4: Empty SMPTE 2094-40 data
03-14 20:28:04.207 30923 31043 E gralloc4: Empty SMPTE 2094-40 data
03-14 20:28:04.221 30923 31043 E gralloc4: Empty SMPTE 2094-40 data
03-14 20:28:04.241 30923 31043 E gralloc4: Empty SMPTE 2094-40 data
03-14 20:28:04.256 30923 31043 E gralloc4: Empty SMPTE 2094-40 data
03-14 20:28:04.273 30923 31043 E gralloc4: Empty SMPTE 2094-40 data
03-14 20:28:04.290 30923 31043 E gralloc4: Empty SMPTE 2094-40 data
03-14 20:28:04.307 30923 31043 E gralloc4: Empty SMPTE 2094-40 data
03-14 20:28:04.321 30923 31043 E gralloc4: Empty SMPTE 2094-40 data
03-14 20:28:04.391 30923 31043 E gralloc4: Empty SMPTE 2094-40 data
03-14 20:28:04.886 30923 31043 E gralloc4: Empty SMPTE 2094-40 data
03-14 20:28:05.008 30923 31043 E gralloc4: Empty SMPTE 2094-40 data
03-14 20:28:05.169 30923 31043 E gralloc4: Empty SMPTE 2094-40 data
03-14 20:28:05.670 30923 31043 E gralloc4: Empty SMPTE 2094-40 data
03-14 20:28:06.177 30923 31043 E gralloc4: Empty SMPTE 2094-40 data
03-14 20:28:06.676 30923 31043 E gralloc4: Empty SMPTE 2094-40 data
03-14 20:28:07.176 30923 31043 E gralloc4: Empty SMPTE 2094-40 data
03-14 20:28:07.675 30923 31043 E gralloc4: Empty SMPTE 2094-40 data
03-14 20:28:08.175 30923 31043 E gralloc4: Empty SMPTE 2094-40 data
03-14 20:28:08.675 30923 31043 E gralloc4: Empty SMPTE 2094-40 data
03-14 20:28:09.186 30923 31043 E gralloc4: Empty SMPTE 2094-40 data
03-14 20:28:09.692 30923 31043 E gralloc4: Empty SMPTE 2094-40 data
03-14 20:28:10.191 30923 31043 E gralloc4: Empty SMPTE 2094-40 data
03-14 20:28:10.692 30923 31043 E gralloc4: Empty SMPTE 2094-40 data
03-14 20:28:11.185 30923 31043 E gralloc4: Empty SMPTE 2094-40 data
03-14 20:28:11.691 30923 31043 E gralloc4: Empty SMPTE 2094-40 data
03-14 20:28:12.021 30923 31043 E gralloc4: Empty SMPTE 2094-40 data
03-14 20:28:12.339 30923 31043 E gralloc4: Empty SMPTE 2094-40 data
03-14 20:28:12.822 30923 31043 E gralloc4: Empty SMPTE 2094-40 data
03-14 20:28:12.987 30923 31043 E gralloc4: Empty SMPTE 2094-40 data
03-14 20:28:13.502 30923 31043 E gralloc4: Empty SMPTE 2094-40 data
03-14 20:28:14.009 30923 31043 E gralloc4: Empty SMPTE 2094-40 data
03-14 20:28:14.506 30923 31043 E gralloc4: Empty SMPTE 2094-40 data
03-14 20:28:15.006 30923 31043 E gralloc4: Empty SMPTE 2094-40 data
03-14 20:28:15.505 30923 31043 E gralloc4: Empty SMPTE 2094-40 data
03-14 20:28:16.005 30923 31043 E gralloc4: Empty SMPTE 2094-40 data
03-14 20:28:16.401 30923 31043 E gralloc4: Empty SMPTE 2094-40 data
03-14 20:28:16.417 30923 31043 E gralloc4: Empty SMPTE 2094-40 data
03-14 20:28:16.671 30923 31043 E gralloc4: Empty SMPTE 2094-40 data
03-14 20:28:16.969 30923 31043 E gralloc4: Empty SMPTE 2094-40 data
03-14 20:28:17.483 30923 31043 E gralloc4: Empty SMPTE 2094-40 data
03-14 20:28:17.985 30923 31043 E gralloc4: Empty SMPTE 2094-40 data
03-14 20:28:18.064 30923 31043 E gralloc4: Empty SMPTE 2094-40 data
03-14 20:28:18.582 30923 31043 E gralloc4: Empty SMPTE 2094-40 data
03-14 20:28:18.999 30923 31043 E gralloc4: Empty SMPTE 2094-40 data
03-14 20:28:19.464 30923 31043 E gralloc4: Empty SMPTE 2094-40 data
03-14 20:28:19.983 30923 31043 E gralloc4: Empty SMPTE 2094-40 data
03-14 20:28:20.233 30923 31043 E gralloc4: Empty SMPTE 2094-40 data
03-14 20:28:20.581 30923 31043 E gralloc4: Empty SMPTE 2094-40 data
03-14 20:28:21.097 30923 31043 E gralloc4: Empty SMPTE 2094-40 data
03-14 20:28:21.594 30923 31043 E gralloc4: Empty SMPTE 2094-40 data
03-14 20:28:21.912 30923 31043 E gralloc4: Empty SMPTE 2094-40 data
03-14 20:28:22.212 30923 31043 E gralloc4: Empty SMPTE 2094-40 data
03-14 20:28:22.711 30923 31043 E gralloc4: Empty SMPTE 2094-40 data
03-14 20:28:23.219 30923 31043 E gralloc4: Empty SMPTE 2094-40 data
03-14 20:28:23.716 30923 31043 E gralloc4: Empty SMPTE 2094-40 data
03-14 20:28:24.234 30923 31043 E gralloc4: Empty SMPTE 2094-40 data
03-14 20:28:24.729 30923 31043 E gralloc4: Empty SMPTE 2094-40 data
03-14 20:28:25.233 30923 31043 E gralloc4: Empty SMPTE 2094-40 data
03-14 20:28:25.727 30923 31043 E gralloc4: Empty SMPTE 2094-40 data
03-14 20:28:25.958 30923 31043 E gralloc4: Empty SMPTE 2094-40 data
03-14 20:28:26.662 30923 31043 E gralloc4: Empty SMPTE 2094-40 data
03-14 20:28:38.386 30923 30935 W libc : Access denied finding property
"sys.perf.boostopt"
03-14 20:28:38.486 30923 31043 E gralloc4: Empty SMPTE 2094-40 data
03-14 20:28:38.534 30923 31043 E gralloc4: Empty SMPTE 2094-40 data
03-14 20:28:38.576 30923 30923 W OnBackInvokedCallback: OnBackInvokedCallback is
not enabled for the application.
03-14 20:28:38.576 30923 30923 W OnBackInvokedCallback: Set
'android:enableOnBackInvokedCallback="true"' in the application manifest.
03-14 20:28:38.648 30923 31043 E gralloc4: Empty SMPTE 2094-40 data
03-14 20:28:38.660 30923 31043 E gralloc4: Empty SMPTE 2094-40 data
03-14 20:28:38.677 30923 31043 E gralloc4: Empty SMPTE 2094-40 data
03-14 20:28:38.694 30923 31043 E gralloc4: Empty SMPTE 2094-40 data
03-14 20:28:38.712 30923 31043 E gralloc4: Empty SMPTE 2094-40 data
03-14 20:28:38.727 30923 31043 E gralloc4: Empty SMPTE 2094-40 data
03-14 20:28:38.746 30923 31043 E gralloc4: Empty SMPTE 2094-40 data
03-14 20:28:38.762 30923 31043 E gralloc4: Empty SMPTE 2094-40 data
03-14 20:28:38.782 30923 31043 E gralloc4: Empty SMPTE 2094-40 data
03-14 20:28:38.792 30923 31043 E gralloc4: Empty SMPTE 2094-40 data
03-14 20:28:38.809 30923 31043 E gralloc4: Empty SMPTE 2094-40 data
03-14 20:28:38.829 30923 31043 E gralloc4: Empty SMPTE 2094-40 data
03-14 20:28:38.845 30923 31043 E gralloc4: Empty SMPTE 2094-40 data
03-14 20:28:38.861 30923 31043 E gralloc4: Empty SMPTE 2094-40 data
03-14 20:28:38.880 30923 31043 E gralloc4: Empty SMPTE 2094-40 data
03-14 20:28:38.895 30923 31043 E gralloc4: Empty SMPTE 2094-40 data
03-14 20:28:38.912 30923 31043 E gralloc4: Empty SMPTE 2094-40 data
03-14 20:28:39.028 30923 31043 E gralloc4: Empty SMPTE 2094-40 data
03-14 20:28:39.311 30923 31043 E gralloc4: Empty SMPTE 2094-40 data
03-14 20:28:39.328 30923 31043 E gralloc4: Empty SMPTE 2094-40 data
03-14 20:28:39.344 30923 31043 E gralloc4: Empty SMPTE 2094-40 data
03-14 20:28:39.362 30923 31043 E gralloc4: Empty SMPTE 2094-40 data
03-14 20:28:39.379 30923 31043 E gralloc4: Empty SMPTE 2094-40 data
03-14 20:28:39.395 30923 31043 E gralloc4: Empty SMPTE 2094-40 data
03-14 20:28:39.411 30923 31043 E gralloc4: Empty SMPTE 2094-40 data
03-14 20:28:39.428 30923 31043 E gralloc4: Empty SMPTE 2094-40 data
03-14 20:28:39.443 30923 31043 E gralloc4: Empty SMPTE 2094-40 data
03-14 20:28:39.461 30923 31043 E gralloc4: Empty SMPTE 2094-40 data
03-14 20:28:39.479 30923 31043 E gralloc4: Empty SMPTE 2094-40 data
03-14 20:28:39.495 30923 31043 E gralloc4: Empty SMPTE 2094-40 data
03-14 20:28:39.511 30923 31043 E gralloc4: Empty SMPTE 2094-40 data
03-14 20:28:39.528 30923 31043 E gralloc4: Empty SMPTE 2094-40 data
03-14 20:28:39.547 30923 31043 E gralloc4: Empty SMPTE 2094-40 data
03-14 20:28:39.561 30923 31043 E gralloc4: Empty SMPTE 2094-40 data
03-14 20:28:39.814 30923 31043 E gralloc4: Empty SMPTE 2094-40 data
03-14 20:28:39.830 30923 31043 E gralloc4: Empty SMPTE 2094-40 data
03-14 20:28:39.846 30923 31043 E gralloc4: Empty SMPTE 2094-40 data
03-14 20:28:39.862 30923 31043 E gralloc4: Empty SMPTE 2094-40 data
03-14 20:28:39.878 30923 31043 E gralloc4: Empty SMPTE 2094-40 data
03-14 20:28:39.895 30923 30923 W Settings: Setting show_button_background has moved
from android.provider.Settings.System to android.provider.Settings.Global,
returning read-only value.
03-14 20:28:39.895 30923 31043 E gralloc4: Empty SMPTE 2094-40 data
03-14 20:28:39.913 30923 31043 E gralloc4: Empty SMPTE 2094-40 data
03-14 20:28:39.927 30923 31043 E gralloc4: Empty SMPTE 2094-40 data
03-14 20:28:39.930 30923 31043 W Parcel : Expecting binder but got null!
03-14 20:28:39.935 30923 31043 E gralloc4: Empty SMPTE 2094-40 data
03-14 20:28:39.937 30923 31043 E gralloc4: Empty SMPTE 2094-40 data
03-14 20:28:39.942 30923 31043 E gralloc4: Empty SMPTE 2094-40 data
03-14 20:28:39.944 30923 31043 E gralloc4: Empty SMPTE 2094-40 data
03-14 20:28:39.962 30923 31043 E gralloc4: Empty SMPTE 2094-40 data
03-14 20:28:39.964 30923 31043 E gralloc4: Empty SMPTE 2094-40 data
03-14 20:28:39.979 30923 31043 E gralloc4: Empty SMPTE 2094-40 data
03-14 20:28:39.981 30923 31043 E gralloc4: Empty SMPTE 2094-40 data
03-14 20:28:39.995 30923 31043 E gralloc4: Empty SMPTE 2094-40 data
03-14 20:28:39.998 30923 31043 E gralloc4: Empty SMPTE 2094-40 data
03-14 20:28:40.011 30923 31043 E gralloc4: Empty SMPTE 2094-40 data
03-14 20:28:40.013 30923 31043 E gralloc4: Empty SMPTE 2094-40 data
03-14 20:28:40.028 30923 31043 E gralloc4: Empty SMPTE 2094-40 data
03-14 20:28:40.031 30923 31043 E gralloc4: Empty SMPTE 2094-40 data
03-14 20:28:40.046 30923 31043 E gralloc4: Empty SMPTE 2094-40 data
03-14 20:28:40.048 30923 31043 E gralloc4: Empty SMPTE 2094-40 data
03-14 20:28:40.062 30923 31043 E gralloc4: Empty SMPTE 2094-40 data
03-14 20:28:40.064 30923 31043 E gralloc4: Empty SMPTE 2094-40 data
03-14 20:28:40.079 30923 31043 E gralloc4: Empty SMPTE 2094-40 data
03-14 20:28:40.081 30923 31043 E gralloc4: Empty SMPTE 2094-40 data
03-14 20:28:40.095 30923 31043 E gralloc4: Empty SMPTE 2094-40 data
03-14 20:28:40.097 30923 31043 E gralloc4: Empty SMPTE 2094-40 data
03-14 20:28:40.112 30923 31043 E gralloc4: Empty SMPTE 2094-40 data
03-14 20:28:40.115 30923 31043 E gralloc4: Empty SMPTE 2094-40 data
03-14 20:28:40.127 30923 31043 E gralloc4: Empty SMPTE 2094-40 data
03-14 20:28:40.131 30923 31043 E gralloc4: Empty SMPTE 2094-40 data
03-14 20:28:40.145 30923 31043 E gralloc4: Empty SMPTE 2094-40 data
03-14 20:28:40.147 30923 31043 E gralloc4: Empty SMPTE 2094-40 data
03-14 20:28:40.162 30923 31043 E gralloc4: Empty SMPTE 2094-40 data
03-14 20:28:40.164 30923 31043 E gralloc4: Empty SMPTE 2094-40 data
03-14 20:28:40.178 30923 31043 E gralloc4: Empty SMPTE 2094-40 data
03-14 20:28:40.181 30923 31043 E gralloc4: Empty SMPTE 2094-40 data
03-14 20:28:40.195 30923 31043 E gralloc4: Empty SMPTE 2094-40 data
03-14 20:28:40.198 30923 31043 E gralloc4: Empty SMPTE 2094-40 data
03-14 20:28:40.212 30923 31043 E gralloc4: Empty SMPTE 2094-40 data
03-14 20:28:40.229 30923 31043 E gralloc4: Empty SMPTE 2094-40 data
03-14 20:28:40.247 30923 31043 E gralloc4: Empty SMPTE 2094-40 data
03-14 20:28:40.262 30923 31043 E gralloc4: Empty SMPTE 2094-40 data
03-14 20:28:40.279 30923 31043 E gralloc4: Empty SMPTE 2094-40 data
03-14 20:28:40.296 30923 31043 E gralloc4: Empty SMPTE 2094-40 data
03-14 20:28:40.312 30923 31043 E gralloc4: Empty SMPTE 2094-40 data
03-14 20:28:40.329 30923 31043 E gralloc4: Empty SMPTE 2094-40 data
03-14 20:28:40.346 30923 31043 E gralloc4: Empty SMPTE 2094-40 data
03-14 20:28:40.364 30923 31043 E gralloc4: Empty SMPTE 2094-40 data
03-14 20:28:40.379 30923 31043 E gralloc4: Empty SMPTE 2094-40 data
03-14 20:28:40.396 30923 31043 E gralloc4: Empty SMPTE 2094-40 data
03-14 20:28:40.412 30923 31043 E gralloc4: Empty SMPTE 2094-40 data
03-14 20:28:40.429 30923 31043 E gralloc4: Empty SMPTE 2094-40 data
03-14 20:28:40.433 30923 31037 E PlayCore: UID: [10361] PID: [30923]
StandardIntegrity : Phonesky is not installed.
03-14 20:28:40.446 30923 31043 E gralloc4: Empty SMPTE 2094-40 data
03-14 20:28:40.465 30923 31043 E gralloc4: Empty SMPTE 2094-40 data
03-14 20:28:40.479 30923 31043 E gralloc4: Empty SMPTE 2094-40 data
03-14 20:28:40.495 30923 31043 E gralloc4: Empty SMPTE 2094-40 data
03-14 20:28:40.513 30923 31043 E gralloc4: Empty SMPTE 2094-40 data
03-14 20:28:40.529 30923 31043 E gralloc4: Empty SMPTE 2094-40 data
03-14 20:28:40.546 30923 31043 E gralloc4: Empty SMPTE 2094-40 data
03-14 20:28:40.564 30923 31043 E gralloc4: Empty SMPTE 2094-40 data
03-14 20:28:40.579 30923 31043 E gralloc4: Empty SMPTE 2094-40 data
03-14 20:28:40.595 30923 31043 E gralloc4: Empty SMPTE 2094-40 data
03-14 20:28:40.613 30923 31043 E gralloc4: Empty SMPTE 2094-40 data
03-14 20:28:40.629 30923 31043 E gralloc4: Empty SMPTE 2094-40 data
03-14 20:28:40.646 30923 31043 E gralloc4: Empty SMPTE 2094-40 data
03-14 20:28:40.662 30923 31043 E gralloc4: Empty SMPTE 2094-40 data
03-14 20:28:40.679 30923 31043 E gralloc4: Empty SMPTE 2094-40 data
03-14 20:28:40.696 30923 31043 E gralloc4: Empty SMPTE 2094-40 data
03-14 20:28:40.712 30923 31043 E gralloc4: Empty SMPTE 2094-40 data
03-14 20:28:40.729 30923 31043 E gralloc4: Empty SMPTE 2094-40 data
03-14 20:28:40.747 30923 31043 E gralloc4: Empty SMPTE 2094-40 data
03-14 20:28:40.763 30923 31043 E gralloc4: Empty SMPTE 2094-40 data
03-14 20:28:40.779 30923 31043 E gralloc4: Empty SMPTE 2094-40 data
03-14 20:28:40.796 30923 31043 E gralloc4: Empty SMPTE 2094-40 data
03-14 20:28:40.815 30923 31043 E gralloc4: Empty SMPTE 2094-40 data
03-14 20:28:40.830 30923 31043 E gralloc4: Empty SMPTE 2094-40 data
03-14 20:28:40.847 30923 31043 E gralloc4: Empty SMPTE 2094-40 data
03-14 20:28:40.863 30923 31043 E gralloc4: Empty SMPTE 2094-40 data
03-14 20:28:40.880 30923 31043 E gralloc4: Empty SMPTE 2094-40 data
03-14 20:28:40.896 30923 31043 E gralloc4: Empty SMPTE 2094-40 data
03-14 20:28:40.914 30923 31043 E gralloc4: Empty SMPTE 2094-40 data
03-14 20:28:40.930 30923 31043 E gralloc4: Empty SMPTE 2094-40 data
03-14 20:28:40.947 30923 31043 E gralloc4: Empty SMPTE 2094-40 data
03-14 20:28:40.963 30923 31043 E gralloc4: Empty SMPTE 2094-40 data
03-14 20:28:40.980 30923 31043 E gralloc4: Empty SMPTE 2094-40 data
03-14 20:28:40.996 30923 31043 E gralloc4: Empty SMPTE 2094-40 data
03-14 20:28:41.012 30923 31043 E gralloc4: Empty SMPTE 2094-40 data
03-14 20:28:41.030 30923 31043 E gralloc4: Empty SMPTE 2094-40 data
03-14 20:28:41.049 30923 31043 E gralloc4: Empty SMPTE 2094-40 data
03-14 20:28:41.065 30923 31043 E gralloc4: Empty SMPTE 2094-40 data
03-14 20:28:41.080 30923 31043 E gralloc4: Empty SMPTE 2094-40 data
03-14 20:28:41.096 30923 31043 E gralloc4: Empty SMPTE 2094-40 data
03-14 20:28:41.112 30923 31043 E gralloc4: Empty SMPTE 2094-40 data
03-14 20:28:41.130 30923 31043 E gralloc4: Empty SMPTE 2094-40 data
03-14 20:28:41.147 30923 31043 E gralloc4: Empty SMPTE 2094-40 data
03-14 20:28:41.163 30923 31043 E gralloc4: Empty SMPTE 2094-40 data
03-14 20:28:41.180 30923 31043 E gralloc4: Empty SMPTE 2094-40 data
03-14 20:28:41.197 30923 31043 E gralloc4: Empty SMPTE 2094-40 data
03-14 20:28:41.212 30923 31043 E gralloc4: Empty SMPTE 2094-40 data
03-14 20:28:41.230 30923 31043 E gralloc4: Empty SMPTE 2094-40 data
03-14 20:28:41.247 30923 31043 E gralloc4: Empty SMPTE 2094-40 data
03-14 20:28:41.362 30923 31043 E gralloc4: Empty SMPTE 2094-40 data
03-14 20:28:41.367 30923 31043 W Parcel : Expecting binder but got null!
03-14 20:28:41.369 30923 30923 W OnBackInvokedCallback: OnBackInvokedCallback is
not enabled for the application.
03-14 20:28:41.369 30923 30923 W OnBackInvokedCallback: Set
'android:enableOnBackInvokedCallback="true"' in the application manifest.
03-14 20:28:41.378 30923 31043 E gralloc4: Empty SMPTE 2094-40 data
03-14 20:28:41.394 30923 31043 E gralloc4: Empty SMPTE 2094-40 data
03-14 20:28:42.878 30923 31043 E gralloc4: Empty SMPTE 2094-40 data
03-14 20:28:42.925 30923 30923 W OnBackInvokedCallback: OnBackInvokedCallback is
not enabled for the application.
03-14 20:28:42.925 30923 30923 W OnBackInvokedCallback: Set
'android:enableOnBackInvokedCallback="true"' in the application manifest.
03-14 20:28:42.945 30923 31043 E gralloc4: Empty SMPTE 2094-40 data
03-14 20:28:43.407 30923 30923 W Settings: Setting show_button_background has moved
from android.provider.Settings.System to android.provider.Settings.Global,
returning read-only value.
03-14 20:28:43.467 30923 31043 E gralloc4: Empty SMPTE 2094-40 data
03-14 20:28:43.469 30923 31043 W Parcel : Expecting binder but got null!
03-14 20:28:43.480 30923 31043 E gralloc4: Empty SMPTE 2094-40 data
03-14 20:28:43.498 30923 31043 E gralloc4: Empty SMPTE 2094-40 data
03-14 20:28:43.512 30923 31043 E gralloc4: Empty SMPTE 2094-40 data
03-14 20:28:43.530 30923 31043 E gralloc4: Empty SMPTE 2094-40 data
03-14 20:28:43.548 30923 31043 E gralloc4: Empty SMPTE 2094-40 data
03-14 20:28:43.549 30923 31043 W Parcel : Expecting binder but got null!
03-14 20:28:43.554 30923 31043 E gralloc4: Empty SMPTE 2094-40 data
03-14 20:28:43.558 30923 31043 E gralloc4: Empty SMPTE 2094-40 data
03-14 20:28:43.576 30923 31043 E gralloc4: Empty SMPTE 2094-40 data
03-14 20:28:43.580 30923 31043 E gralloc4: Empty SMPTE 2094-40 data
03-14 20:28:43.655 30923 31043 E gralloc4: Empty SMPTE 2094-40 data
03-14 20:28:43.661 30923 31043 E gralloc4: Empty SMPTE 2094-40 data
03-14 20:28:43.663 30923 31043 E gralloc4: Empty SMPTE 2094-40 data
03-14 20:28:43.679 30923 31043 E gralloc4: Empty SMPTE 2094-40 data
03-14 20:28:43.696 30923 31043 E gralloc4: Empty SMPTE 2094-40 data
03-14 20:28:43.713 30923 31043 E gralloc4: Empty SMPTE 2094-40 data
03-14 20:28:43.730 30923 31043 E gralloc4: Empty SMPTE 2094-40 data
03-14 20:28:43.746 30923 31043 E gralloc4: Empty SMPTE 2094-40 data
03-14 20:28:43.763 30923 31043 E gralloc4: Empty SMPTE 2094-40 data
03-14 20:28:43.780 30923 31043 E gralloc4: Empty SMPTE 2094-40 data
03-14 20:28:43.796 30923 31043 E gralloc4: Empty SMPTE 2094-40 data
03-14 20:28:43.813 30923 31043 E gralloc4: Empty SMPTE 2094-40 data
03-14 20:28:43.830 30923 31043 E gralloc4: Empty SMPTE 2094-40 data
03-14 20:28:43.846 30923 31043 E gralloc4: Empty SMPTE 2094-40 data
03-14 20:28:43.863 30923 31043 E gralloc4: Empty SMPTE 2094-40 data
03-14 20:28:43.879 30923 31043 E gralloc4: Empty SMPTE 2094-40 data
03-14 20:28:43.896 30923 31043 E gralloc4: Empty SMPTE 2094-40 data
03-14 20:28:43.914 30923 31043 E gralloc4: Empty SMPTE 2094-40 data
03-14 20:28:43.929 30923 31043 E gralloc4: Empty SMPTE 2094-40 data
03-14 20:28:43.946 30923 31043 E gralloc4: Empty SMPTE 2094-40 data
03-14 20:28:43.963 30923 31043 E gralloc4: Empty SMPTE 2094-40 data
03-14 20:28:43.979 30923 31043 E gralloc4: Empty SMPTE 2094-40 data
03-14 20:28:43.997 30923 31043 E gralloc4: Empty SMPTE 2094-40 data
03-14 20:28:44.011 30923 31043 E gralloc4: Empty SMPTE 2094-40 data
03-14 20:28:44.015 30923 31043 E gralloc4: Empty SMPTE 2094-40 data
03-14 20:28:44.029 30923 31043 E gralloc4: Empty SMPTE 2094-40 data
03-14 20:28:44.047 30923 31043 E gralloc4: Empty SMPTE 2094-40 data
03-14 20:28:44.062 30923 31043 E gralloc4: Empty SMPTE 2094-40 data
03-14 20:28:44.079 30923 31043 E gralloc4: Empty SMPTE 2094-40 data
03-14 20:28:44.096 30923 31043 E gralloc4: Empty SMPTE 2094-40 data
03-14 20:28:44.111 30923 31043 E gralloc4: Empty SMPTE 2094-40 data
03-14 20:28:44.129 30923 31043 E gralloc4: Empty SMPTE 2094-40 data
03-14 20:28:44.146 30923 31043 E gralloc4: Empty SMPTE 2094-40 data
03-14 20:28:44.163 30923 31043 E gralloc4: Empty SMPTE 2094-40 data
03-14 20:28:44.179 30923 31043 E gralloc4: Empty SMPTE 2094-40 data
03-14 20:28:44.196 30923 31043 E gralloc4: Empty SMPTE 2094-40 data
03-14 20:28:44.212 30923 31043 E gralloc4: Empty SMPTE 2094-40 data
03-14 20:28:44.229 30923 31043 E gralloc4: Empty SMPTE 2094-40 data
03-14 20:28:44.246 30923 31043 E gralloc4: Empty SMPTE 2094-40 data
03-14 20:28:44.263 30923 31043 E gralloc4: Empty SMPTE 2094-40 data
03-14 20:28:44.280 30923 31043 E gralloc4: Empty SMPTE 2094-40 data
03-14 20:28:44.296 30923 31043 E gralloc4: Empty SMPTE 2094-40 data
03-14 20:28:44.311 30923 31043 E gralloc4: Empty SMPTE 2094-40 data
03-14 20:28:44.330 30923 31043 E gralloc4: Empty SMPTE 2094-40 data
03-14 20:28:44.346 30923 31043 E gralloc4: Empty SMPTE 2094-40 data
03-14 20:28:44.362 30923 31043 E gralloc4: Empty SMPTE 2094-40 data
03-14 20:28:44.379 30923 31043 E gralloc4: Empty SMPTE 2094-40 data
03-14 20:28:44.396 30923 31043 E gralloc4: Empty SMPTE 2094-40 data
03-14 20:28:44.453 30923 31043 E gralloc4: Empty SMPTE 2094-40 data
03-14 20:28:44.490 30923 30923 W RemoteInputConnectionImpl: requestCursorAnchorInfo
on inactive InputConnection
03-14 20:28:44.490 30923 30923 E ImeBackDispatcher: Ime callback not found.
Ignoring unregisterReceivedCallback. callbackId: 42410029
03-14 20:28:44.517 30923 31043 E gralloc4: Empty SMPTE 2094-40 data
03-14 20:28:44.529 30923 30923 W OnBackInvokedCallback: OnBackInvokedCallback is
not enabled for the application.
03-14 20:28:44.529 30923 30923 W OnBackInvokedCallback: Set
'android:enableOnBackInvokedCallback="true"' in the application manifest.
03-14 20:28:44.546 30923 31043 E gralloc4: Empty SMPTE 2094-40 data
03-14 20:28:44.761 30923 31043 E gralloc4: Empty SMPTE 2094-40 data
03-14 20:28:44.985 30923 31043 E gralloc4: Empty SMPTE 2094-40 data
03-14 20:28:45.446 30923 31043 E gralloc4: Empty SMPTE 2094-40 data
03-14 20:28:45.477 30923 31043 E gralloc4: Empty SMPTE 2094-40 data
03-14 20:28:45.983 30923 31043 E gralloc4: Empty SMPTE 2094-40 data
03-14 20:28:46.461 30923 31043 E gralloc4: Empty SMPTE 2094-40 data
03-14 20:28:46.476 30923 31043 E gralloc4: Empty SMPTE 2094-40 data
03-14 20:28:46.984 30923 31043 E gralloc4: Empty SMPTE 2094-40 data
03-14 20:28:47.449 30923 31043 E gralloc4: Empty SMPTE 2094-40 data
03-14 20:28:47.464 30923 31043 E gralloc4: Empty SMPTE 2094-40 data
03-14 20:28:47.478 30923 31043 E gralloc4: Empty SMPTE 2094-40 data
03-14 20:28:55.447 30923 30935 W libc : Access denied finding property
"sys.perf.boostopt"
03-14 20:28:55.971 30923 31043 E gralloc4: Empty SMPTE 2094-40 data
03-14 20:28:56.007 30923 31043 E gralloc4: Empty SMPTE 2094-40 data
03-14 20:28:56.036 30923 31043 E gralloc4: Empty SMPTE 2094-40 data
03-14 20:28:56.087 30923 30923 W OnBackInvokedCallback: OnBackInvokedCallback is
not enabled for the application.
03-14 20:28:56.087 30923 30923 W OnBackInvokedCallback: Set
'android:enableOnBackInvokedCallback="true"' in the application manifest.
03-14 20:28:56.161 30923 31043 E gralloc4: Empty SMPTE 2094-40 data
03-14 20:28:56.169 30923 31043 E gralloc4: Empty SMPTE 2094-40 data
03-14 20:28:56.526 30923 31043 E gralloc4: Empty SMPTE 2094-40 data
03-14 20:28:57.023 30923 31043 E gralloc4: Empty SMPTE 2094-40 data
03-14 20:28:57.038 30923 31043 E gralloc4: Empty SMPTE 2094-40 data
03-14 20:28:57.326 30923 31043 E gralloc4: Empty SMPTE 2094-40 data
03-14 20:28:57.836 30923 31043 E gralloc4: Empty SMPTE 2094-40 data
03-14 20:28:57.887 30923 31043 E gralloc4: Empty SMPTE 2094-40 data
03-14 20:28:57.901 30923 31043 E gralloc4: Empty SMPTE 2094-40 data
03-14 20:28:58.021 30923 31043 E gralloc4: Empty SMPTE 2094-40 data
03-14 20:28:58.036 30923 31043 E gralloc4: Empty SMPTE 2094-40 data
03-14 20:28:58.385 30923 31043 E gralloc4: Empty SMPTE 2094-40 data
03-14 20:28:58.890 30923 31043 E gralloc4: Empty SMPTE 2094-40 data
03-14 20:28:59.022 30923 31043 E gralloc4: Empty SMPTE 2094-40 data
03-14 20:28:59.039 30923 31043 E gralloc4: Empty SMPTE 2094-40 data
03-14 20:29:00.026 30923 31043 E gralloc4: Empty SMPTE 2094-40 data
03-14 20:29:00.036 30923 31043 E gralloc4: Empty SMPTE 2094-40 data
03-14 20:29:00.054 30923 31043 E gralloc4: Empty SMPTE 2094-40 data
03-14 20:29:01.024 30923 31043 E gralloc4: Empty SMPTE 2094-40 data
03-14 20:29:01.039 30923 31043 E gralloc4: Empty SMPTE 2094-40 data
03-14 20:29:01.066 30923 31043 E gralloc4: Empty SMPTE 2094-40 data
03-14 20:29:05.978 30923 31043 E gralloc4: Empty SMPTE 2094-40 data
03-14 20:29:06.001 30923 31043 E gralloc4: Empty SMPTE 2094-40 data
03-14 20:29:06.037 30923 31043 E gralloc4: Empty SMPTE 2094-40 data
03-14 20:29:06.055 30923 30923 W OnBackInvokedCallback: OnBackInvokedCallback is
not enabled for the application.
03-14 20:29:06.055 30923 30923 W OnBackInvokedCallback: Set
'android:enableOnBackInvokedCallback="true"' in the application manifest.
03-14 20:29:06.120 30923 31043 E gralloc4: Empty SMPTE 2094-40 data
03-14 20:29:06.136 30923 31043 E gralloc4: Empty SMPTE 2094-40 data
03-14 20:29:06.519 30923 31043 E gralloc4: Empty SMPTE 2094-40 data
03-14 20:29:07.007 30923 31043 E gralloc4: Empty SMPTE 2094-40 data
03-14 20:29:07.019 30923 31043 E gralloc4: Empty SMPTE 2094-40 data
03-14 20:29:07.039 30923 31043 E gralloc4: Empty SMPTE 2094-40 data
03-14 20:29:07.239 30923 31043 E gralloc4: Empty SMPTE 2094-40 data
03-14 20:29:07.251 30923 31043 E gralloc4: Empty SMPTE 2094-40 data
03-14 20:29:07.756 30923 31043 E gralloc4: Empty SMPTE 2094-40 data
03-14 20:29:08.007 30923 31043 E gralloc4: Empty SMPTE 2094-40 data
03-14 20:29:08.022 30923 31043 E gralloc4: Empty SMPTE 2094-40 data
03-14 20:29:08.039 30923 31043 E gralloc4: Empty SMPTE 2094-40 data
03-14 20:29:08.056 30923 31043 E gralloc4: Empty SMPTE 2094-40 data
03-14 20:29:08.068 30923 31043 E gralloc4: Empty SMPTE 2094-40 data
03-14 20:29:08.569 30923 31043 E gralloc4: Empty SMPTE 2094-40 data
03-14 20:29:08.681 30923 30923 W Settings: Setting show_button_background has moved
from android.provider.Settings.System to android.provider.Settings.Global,
returning read-only value.
03-14 20:29:08.706 30923 31043 E gralloc4: Empty SMPTE 2094-40 data
03-14 20:29:08.724 30923 31043 E gralloc4: Empty SMPTE 2094-40 data
03-14 20:29:08.726 30923 31043 W Parcel : Expecting binder but got null!
03-14 20:29:08.734 30923 31043 E gralloc4: Empty SMPTE 2094-40 data
03-14 20:29:08.754 30923 31043 E gralloc4: Empty SMPTE 2094-40 data
03-14 20:29:08.768 30923 31043 E gralloc4: Empty SMPTE 2094-40 data
03-14 20:29:08.787 30923 31043 E gralloc4: Empty SMPTE 2094-40 data
03-14 20:29:08.804 30923 31043 E gralloc4: Empty SMPTE 2094-40 data
03-14 20:29:08.821 30923 31043 E gralloc4: Empty SMPTE 2094-40 data
03-14 20:29:08.837 30923 31043 E gralloc4: Empty SMPTE 2094-40 data
03-14 20:29:08.856 30923 31043 E gralloc4: Empty SMPTE 2094-40 data
03-14 20:29:08.870 30923 31043 E gralloc4: Empty SMPTE 2094-40 data
03-14 20:29:08.886 30923 31043 E gralloc4: Empty SMPTE 2094-40 data
03-14 20:29:08.904 30923 31043 E gralloc4: Empty SMPTE 2094-40 data
03-14 20:29:08.921 30923 31043 E gralloc4: Empty SMPTE 2094-40 data
03-14 20:29:08.937 30923 31043 E gralloc4: Empty SMPTE 2094-40 data
03-14 20:29:08.954 30923 31043 E gralloc4: Empty SMPTE 2094-40 data
03-14 20:29:08.970 30923 31043 E gralloc4: Empty SMPTE 2094-40 data
03-14 20:29:08.987 30923 31043 E gralloc4: Empty SMPTE 2094-40 data
03-14 20:29:09.004 30923 31043 E gralloc4: Empty SMPTE 2094-40 data
03-14 20:29:09.006 30923 31043 E gralloc4: Empty SMPTE 2094-40 data
03-14 20:29:09.018 30923 31043 E gralloc4: Empty SMPTE 2094-40 data
03-14 20:29:09.021 30923 31043 E gralloc4: Empty SMPTE 2094-40 data
03-14 20:29:09.035 30923 31043 E gralloc4: Empty SMPTE 2094-40 data
03-14 20:29:09.038 30923 31043 E gralloc4: Empty SMPTE 2094-40 data
03-14 20:29:09.054 30923 31043 E gralloc4: Empty SMPTE 2094-40 data
03-14 20:29:09.071 30923 31043 E gralloc4: Empty SMPTE 2094-40 data
03-14 20:29:09.087 30923 31043 E gralloc4: Empty SMPTE 2094-40 data
03-14 20:29:09.104 30923 31043 E gralloc4: Empty SMPTE 2094-40 data
03-14 20:29:09.121 30923 31043 E gralloc4: Empty SMPTE 2094-40 data
03-14 20:29:09.137 30923 31043 E gralloc4: Empty SMPTE 2094-40 data
03-14 20:29:09.155 30923 31043 E gralloc4: Empty SMPTE 2094-40 data
03-14 20:29:09.172 30923 31043 E gralloc4: Empty SMPTE 2094-40 data
03-14 20:29:09.189 30923 31043 E gralloc4: Empty SMPTE 2094-40 data
03-14 20:29:09.205 30923 31043 E gralloc4: Empty SMPTE 2094-40 data
03-14 20:29:09.222 30923 31043 E gralloc4: Empty SMPTE 2094-40 data
03-14 20:29:09.241 30923 31043 E gralloc4: Empty SMPTE 2094-40 data
03-14 20:29:09.257 30923 31043 E gralloc4: Empty SMPTE 2094-40 data
03-14 20:29:09.271 30923 31043 E gralloc4: Empty SMPTE 2094-40 data
03-14 20:29:09.287 30923 31043 E gralloc4: Empty SMPTE 2094-40 data
03-14 20:29:09.304 30923 31043 E gralloc4: Empty SMPTE 2094-40 data
03-14 20:29:09.322 30923 31043 E gralloc4: Empty SMPTE 2094-40 data
03-14 20:29:09.339 30923 31043 E gralloc4: Empty SMPTE 2094-40 data
03-14 20:29:09.355 30923 31043 E gralloc4: Empty SMPTE 2094-40 data
03-14 20:29:09.374 30923 31043 E gralloc4: Empty SMPTE 2094-40 data
03-14 20:29:09.389 30923 31043 E gralloc4: Empty SMPTE 2094-40 data
03-14 20:29:09.405 30923 31043 E gralloc4: Empty SMPTE 2094-40 data
03-14 20:29:09.422 30923 31043 E gralloc4: Empty SMPTE 2094-40 data
03-14 20:29:09.439 30923 31043 E gralloc4: Empty SMPTE 2094-40 data
03-14 20:29:09.457 30923 31043 E gralloc4: Empty SMPTE 2094-40 data
