08-23 06:05:40.782 30650 30925 W ResourceLoader: at com.bumptech.glide.load.model.ResourceLoader.buildLoadData(ResourceLoader.java:35)
08-23 06:05:40.782 30650 30925 W ResourceLoader: at com.bumptech.glide.load.model.ResourceLoader.buildLoadData(ResourceLoader.java:20)
08-23 06:05:40.782 30650 30925 W ResourceLoader: at com.bumptech.glide.load.engine.DecodeHelper.getLoadData(DecodeHelper.java:211)
08-23 06:05:40.782 30650 30925 W ResourceLoader: at com.bumptech.glide.load.engine.DecodeHelper.getCacheKeys(DecodeHelper.java:224)
08-23 06:05:40.782 30650 30925 W ResourceLoader: at com.bumptech.glide.load.engine.ResourceCacheGenerator.startNext(ResourceCacheGenera tor.java:44)
08-23 06:05:40.782 30650 30925 W ResourceLoader: at com.bumptech.glide.load.engine.DecodeJob.runGenerators(DecodeJob.java:310)
08-23 06:05:40.782 30650 30925 W ResourceLoader: at com.bumptech.glide.load.engine.DecodeJob.runWrapped(DecodeJob.java:276)
08-23 06:05:40.782 30650 30925 W ResourceLoader: at com.bumptech.glide.load.engine.DecodeJob.run(DecodeJob.java:234)
08-23 06:05:40.782 30650 30925 W ResourceLoader: at java.util.concurrent.ThreadPoolExecutor.runWorker(ThreadPoolExecutor.java:1167)
08-23 06:05:40.782 30650 30925 W ResourceLoader: at java.util.concurrent.ThreadPoolExecutor$Worker.run(ThreadPoolExecutor.java:641)
08-23 06:05:40.782 30650 30925 W ResourceLoader: at java.lang.Thread.run(Thread.java:923)
08-23 06:05:40.782 30650 30925 W ResourceLoader: at com.bumptech.glide.load.engine.executor.GlideExecutor$DefaultThreadFactory$1.run(Gl ideExecutor.java:393)
08-23 06:05:40.782 30650 30925 E upgadata.up772: Invalid ID 0x00000000.
08-23 06:05:40.782 30650 30925 W ResourceLoader: Received invalid resource id: 0
08-23 06:05:40.782 30650 30925 W ResourceLoader: android.content.res.Resources$NotFoundException: Unable to find resource ID #0x0
08-23 06:05:40.782 30650 30925 W ResourceLoader: at android.content.res.ResourcesImpl.getResourcePackageName(ResourcesImpl.java:286)
08-23 06:05:40.782 30650 30925 W ResourceLoader: at android.content.res.Resources.getResourcePackageName(Resources.java:2236)
08-23 06:05:40.782 30650 30925 W ResourceLoader: at com.bumptech.glide.load.model.ResourceLoader.getResourceUri(ResourceLoader.java:45)
08-23 06:05:40.782 30650 30925 W ResourceLoader: at com.bumptech.glide.load.model.ResourceLoader.buildLoadData(ResourceLoader.java:35)
08-23 06:05:40.782 30650 30925 W ResourceLoader: at com.bumptech.glide.load.model.ResourceLoader.buildLoadData(ResourceLoader.java:20)
08-23 06:05:40.782 30650 30925 W ResourceLoader: at com.bumptech.glide.load.engine.DecodeHelper.getLoadData(DecodeHelper.java:211)
08-23 06:05:40.782 30650 30925 W ResourceLoader: at com.bumptech.glide.load.engine.DecodeHelper.getCacheKeys(DecodeHelper.java:224)
08-23 06:05:40.782 30650 30925 W ResourceLoader: at com.bumptech.glide.load.engine.ResourceCacheGenerator.startNext(ResourceCacheGenera tor.java:44)
08-23 06:05:40.782 30650 30925 W ResourceLoader: at com.bumptech.glide.load.engine.DecodeJob.runGenerators(DecodeJob.java:310)
08-23 06:05:40.782 30650 30925 W ResourceLoader: at com.bumptech.glide.load.engine.DecodeJob.runWrapped(DecodeJob.java:276)
08-23 06:05:40.782 30650 30925 W ResourceLoader: at com.bumptech.glide.load.engine.DecodeJob.run(DecodeJob.java:234)
08-23 06:05:40.782 30650 30925 W ResourceLoader: at java.util.concurrent.ThreadPoolExecutor.runWorker(ThreadPoolExecutor.java:1167)
08-23 06:05:40.782 30650 30925 W ResourceLoader: at java.util.concurrent.ThreadPoolExecutor$Worker.run(ThreadPoolExecutor.java:641)
08-23 06:05:40.782 30650 30925 W ResourceLoader: at java.lang.Thread.run(Thread.java:923)
08-23 06:05:40.782 30650 30925 W ResourceLoader: at com.bumptech.glide.load.engine.executor.GlideExecutor$DefaultThreadFactory$1.run(Gl ideExecutor.java:393)
08-23 06:05:40.782 30650 30925 E upgadata.up772: Invalid ID 0x00000000.
08-23 06:05:40.783 30650 30925 W ResourceLoader: Received invalid resource id: 0
08-23 06:05:40.783 30650 30925 W ResourceLoader: android.content.res.Resources$NotFoundException: Unable to find resource ID #0x0
08-23 06:05:40.783 30650 30925 W ResourceLoader: at android.content.res.ResourcesImpl.getResourcePackageName(ResourcesImpl.java:286)
08-23 06:05:40.783 30650 30925 W ResourceLoader: at android.content.res.Resources.getResourcePackageName(Resources.java:2236)
08-23 06:05:40.783 30650 30925 W ResourceLoader: at com.bumptech.glide.load.model.ResourceLoader.getResourceUri(ResourceLoader.java:45)
08-23 06:05:40.783 30650 30925 W ResourceLoader: at com.bumptech.glide.load.model.ResourceLoader.buildLoadData(ResourceLoader.java:35)
08-23 06:05:40.783 30650 30925 W ResourceLoader: at com.bumptech.glide.load.model.ResourceLoader.buildLoadData(ResourceLoader.java:20)
08-23 06:05:40.783 30650 30925 W ResourceLoader: at com.bumptech.glide.load.engine.DecodeHelper.getLoadData(DecodeHelper.java:211)
08-23 06:05:40.783 30650 30925 W ResourceLoader: at com.bumptech.glide.load.engine.DecodeHelper.getCacheKeys(DecodeHelper.java:224)
08-23 06:05:40.783 30650 30925 W ResourceLoader: at com.bumptech.glide.load.engine.ResourceCacheGenerator.startNext(ResourceCacheGenera tor.java:44)
08-23 06:05:40.783 30650 30925 W ResourceLoader: at com.bumptech.glide.load.engine.DecodeJob.runGenerators(DecodeJob.java:310)
08-23 06:05:40.783 30650 30925 W ResourceLoader: at com.bumptech.glide.load.engine.DecodeJob.runWrapped(DecodeJob.java:276)
08-23 06:05:40.783 30650 30925 W ResourceLoader: at com.bumptech.glide.load.engine.DecodeJob.run(DecodeJob.java:234)
08-23 06:05:40.783 30650 30925 W ResourceLoader: at java.util.concurrent.ThreadPoolExecutor.runWorker(ThreadPoolExecutor.java:1167)
08-23 06:05:40.783 30650 30925 W ResourceLoader: at java.util.concurrent.ThreadPoolExecutor$Worker.run(ThreadPoolExecutor.java:641)
08-23 06:05:40.783 30650 30925 W ResourceLoader: at java.lang.Thread.run(Thread.java:923)
08-23 06:05:40.783 30650 30925 W ResourceLoader: at com.bumptech.glide.load.engine.executor.GlideExecutor$DefaultThreadFactory$1.run(Gl ideExecutor.java:393)
08-23 06:05:40.783 30650 30925 E upgadata.up772: Invalid ID 0x00000000.
08-23 06:05:40.783 30650 30925 W ResourceLoader: Received invalid resource id: 0
08-23 06:05:40.783 30650 30925 W ResourceLoader: android.content.res.Resources$NotFoundException: Unable to find resource ID #0x0
08-23 06:05:40.783 30650 30925 W ResourceLoader: at android.content.res.ResourcesImpl.getResourcePackageName(ResourcesImpl.java:286)
08-23 06:05:40.783 30650 30925 W ResourceLoader: at android.content.res.Resources.getResourcePackageName(Resources.java:2236)
08-23 06:05:40.783 30650 30925 W ResourceLoader: at com.bumptech.glide.load.model.ResourceLoader.getResourceUri(ResourceLoader.java:45)
08-23 06:05:40.783 30650 30925 W ResourceLoader: at com.bumptech.glide.load.model.ResourceLoader.buildLoadData(ResourceLoader.java:35)
08-23 06:05:40.783 30650 30925 W ResourceLoader: at com.bumptech.glide.load.model.ResourceLoader.buildLoadData(ResourceLoader.java:20)
08-23 06:05:40.783 30650 30925 W ResourceLoader: at com.bumptech.glide.load.engine.DecodeHelper.getLoadData(DecodeHelper.java:211)
08-23 06:05:40.783 30650 30925 W ResourceLoader: at com.bumptech.glide.load.engine.DecodeHelper.getCacheKeys(DecodeHelper.java:224)
08-23 06:05:40.783 30650 30925 W ResourceLoader: at com.bumptech.glide.load.engine.ResourceCacheGenerator.startNext(ResourceCacheGenera tor.java:44)
08-23 06:05:40.783 30650 30925 W ResourceLoader: at com.bumptech.glide.load.engine.DecodeJob.runGenerators(DecodeJob.java:310)
08-23 06:05:40.783 30650 30925 W ResourceLoader: at com.bumptech.glide.load.engine.DecodeJob.runWrapped(DecodeJob.java:276)
08-23 06:05:40.783 30650 30925 W ResourceLoader: at com.bumptech.glide.load.engine.DecodeJob.run(DecodeJob.java:234)
08-23 06:05:40.783 30650 30925 W ResourceLoader: at java.util.concurrent.ThreadPoolExecutor.runWorker(ThreadPoolExecutor.java:1167)
08-23 06:05:40.783 30650 30925 W ResourceLoader: at java.util.concurrent.ThreadPoolExecutor$Worker.run(ThreadPoolExecutor.java:641)
08-23 06:05:40.783 30650 30925 W ResourceLoader: at java.lang.Thread.run(Thread.java:923)
08-23 06:05:40.783 30650 30925 W ResourceLoader: at com.bumptech.glide.load.engine.executor.GlideExecutor$DefaultThreadFactory$1.run(Gl ideExecutor.java:393)
08-23 06:05:40.783 30650 30925 E upgadata.up772: Invalid ID 0x00000000.
08-23 06:05:40.783 30650 30925 W ResourceLoader: Received invalid resource id: 0
08-23 06:05:40.783 30650 30925 W ResourceLoader: android.content.res.Resources$NotFoundException: Unable to find resource ID #0x0
08-23 06:05:40.783 30650 30925 W ResourceLoader: at android.content.res.ResourcesImpl.getResourcePackageName(ResourcesImpl.java:286)
08-23 06:05:40.783 30650 30925 W ResourceLoader: at android.content.res.Resources.getResourcePackageName(Resources.java:2236)
08-23 06:05:40.783 30650 30925 W ResourceLoader: at com.bumptech.glide.load.model.ResourceLoader.getResourceUri(ResourceLoader.java:45)
08-23 06:05:40.783 30650 30925 W ResourceLoader: at com.bumptech.glide.load.model.ResourceLoader.buildLoadData(ResourceLoader.java:35)
08-23 06:05:40.783 30650 30925 W ResourceLoader: at com.bumptech.glide.load.model.ResourceLoader.buildLoadData(ResourceLoader.java:20)
08-23 06:05:40.783 30650 30925 W ResourceLoader: at com.bumptech.glide.load.engine.DecodeHelper.getLoadData(DecodeHelper.java:211)
08-23 06:05:40.783 30650 30925 W ResourceLoader: at com.bumptech.glide.load.engine.DecodeHelper.getCacheKeys(DecodeHelper.java:224)
08-23 06:05:40.783 30650 30925 W ResourceLoader: at com.bumptech.glide.load.engine.ResourceCacheGenerator.startNext(ResourceCacheGenera tor.java:44)
08-23 06:05:40.783 30650 30925 W ResourceLoader: at com.bumptech.glide.load.engine.DecodeJob.runGenerators(DecodeJob.java:310)
08-23 06:05:40.783 30650 30925 W ResourceLoader: at com.bumptech.glide.load.engine.DecodeJob.runWrapped(DecodeJob.java:276)
08-23 06:05:40.783 30650 30925 W ResourceLoader: at com.bumptech.glide.load.engine.DecodeJob.run(DecodeJob.java:234)
08-23 06:05:40.783 30650 30925 W ResourceLoader: at java.util.concurrent.ThreadPoolExecutor.runWorker(ThreadPoolExecutor.java:1167)
08-23 06:05:40.783 30650 30925 W ResourceLoader: at java.util.concurrent.ThreadPoolExecutor$Worker.run(ThreadPoolExecutor.java:641)
08-23 06:05:40.783 30650 30925 W ResourceLoader: at java.lang.Thread.run(Thread.java:923)
08-23 06:05:40.783 30650 30925 W ResourceLoader: at com.bumptech.glide.load.engine.executor.GlideExecutor$DefaultThreadFactory$1.run(Gl ideExecutor.java:393)
08-23 06:05:40.783 30650 30925 E upgadata.up772: Invalid ID 0x00000000.
08-23 06:05:40.783 30650 30925 W ResourceLoader: Received invalid resource id: 0
08-23 06:05:40.783 30650 30925 W ResourceLoader: android.content.res.Resources$NotFoundException: Unable to find resource ID #0x0
08-23 06:05:40.783 30650 30925 W ResourceLoader: at android.content.res.ResourcesImpl.getResourcePackageName(ResourcesImpl.java:286)
08-23 06:05:40.783 30650 30925 W ResourceLoader: at android.content.res.Resources.getResourcePackageName(Resources.java:2236)
08-23 06:05:40.783 30650 30925 W ResourceLoader: at com.bumptech.glide.load.model.ResourceLoader.getResourceUri(ResourceLoader.java:45)
08-23 06:05:40.783 30650 30925 W ResourceLoader: at com.bumptech.glide.load.model.ResourceLoader.buildLoadData(ResourceLoader.java:35)
08-23 06:05:40.783 30650 30925 W ResourceLoader: at com.bumptech.glide.load.model.ResourceLoader.buildLoadData(ResourceLoader.java:20)
08-23 06:05:40.783 30650 30925 W ResourceLoader: at com.bumptech.glide.load.engine.DecodeHelper.getLoadData(DecodeHelper.java:211)
08-23 06:05:40.783 30650 30925 W ResourceLoader: at com.bumptech.glide.load.engine.DecodeHelper.getCacheKeys(DecodeHelper.java:224)
08-23 06:05:40.783 30650 30925 W ResourceLoader: at com.bumptech.glide.load.engine.ResourceCacheGenerator.startNext(ResourceCacheGenera tor.java:44)
08-23 06:05:40.783 30650 30925 W ResourceLoader: at com.bumptech.glide.load.engine.DecodeJob.runGenerators(DecodeJob.java:310)
08-23 06:05:40.783 30650 30925 W ResourceLoader: at com.bumptech.glide.load.engine.DecodeJob.runWrapped(DecodeJob.java:276)
08-23 06:05:40.783 30650 30925 W ResourceLoader: at com.bumptech.glide.load.engine.DecodeJob.run(DecodeJob.java:234)
08-23 06:05:40.783 30650 30925 W ResourceLoader: at java.util.concurrent.ThreadPoolExecutor.runWorker(ThreadPoolExecutor.java:1167)
08-23 06:05:40.783 30650 30925 W ResourceLoader: at java.util.concurrent.ThreadPoolExecutor$Worker.run(ThreadPoolExecutor.java:641)
08-23 06:05:40.783 30650 30925 W ResourceLoader: at java.lang.Thread.run(Thread.java:923)
08-23 06:05:40.783 30650 30925 W ResourceLoader: at com.bumptech.glide.load.engine.executor.GlideExecutor$DefaultThreadFactory$1.run(Gl ideExecutor.java:393)
08-23 06:05:40.787 30650 30650 W ziparchive: Unable to open '/data/user/0/com.upgadata.up7723/bzBox/data/app/com.DarkGamesSCB.Granma2/ base.apk': No such file or directory
08-23 06:05:40.787 30650 30650 E upgadata.up772: Failed to open APK '/data/user/0/com.upgadata.up7723/bzBox/data/app/com.DarkGamesSCB.Granma2/base.apk' I/O error
08-23 06:05:40.906 30650 30650 W Glide : Load failed for 0 with size [195x195]
08-23 06:05:40.906 30650 30650 W Glide : class com.bumptech.glide.load.engine.GlideException: Failed to load resource
08-23 06:05:41.505 30650 30650 W ziparchive: Unable to open '/data/user/0/com.upgadata.up7723/bzBox/data/app/com.UnityUserco.GrannyMultiplayerO nline/base.apk': No such file or directory
08-23 06:05:41.505 30650 30650 E upgadata.up772: Failed to open APK '/data/user/0/com.upgadata.up7723/bzBox/data/app/com.UnityUserco.GrannyMultiplayerO nline/base.apk' I/O error
08-23 06:05:59.694 30650 30650 D Tinker.DefaultAppLike: onTrimMemory level:20
08-23 06:05:59.744 30650 30818 W SQLiteLog: (28) double-quoted string literal: "
08-23 06:05:59.744 30650 30818 W SQLiteLog: (28) double-quoted string literal: "DEBF4768DF567CB800FA377D7320FD73"
08-23 06:08:10.345 30650 30650 I crashsdk: Unexp log not enabled, skip update unexp info!
08-23 06:08:10.345 30650 30650 E asdasdasd1: com.upgadata.up7723.game.detail.DetailGameActivity
08-23 06:08:10.368 30650 30650 E asdasdasd2: com.upgadata.up7723.game.detail.DetailGameActivity
08-23 06:08:10.384 30650 30650 E asdasdasd:: 0
08-23 06:08:10.393 30650 30818 W SQLiteLog: (28) double-quoted string literal: "SlJK+qJ3/Y+bXQCgM2l4WsntDXprvLpM30lpkIpl3zfH8RV+LtnOEgW0nTTnKOULigZTYqMvBrSr
08-23 06:08:10.393 30650 30818 W SQLiteLog: Fefohvvdgw==
08-23 06:08:10.393 30650 30818 W SQLiteLog: "
08-23 06:08:10.393 30650 30818 W SQLiteLog: (28) double-quoted string literal: "DEBF4768DF567CB800FA377D7320FD73"
08-23 06:08:10.393 30650 30818 W SQLiteLog: (28) double-quoted string literal: "1724364359684"
08-23 06:08:10.393 30650 30818 W SQLiteLog: (28) double-quoted string literal: "DEBF4768DF567CB800FA377D7320FD73"
08-23 06:08:10.406 30650 30818 W SQLiteLog: (28) double-quoted string literal: "1724364359684"
08-23 06:08:10.406 30650 30818 W SQLiteLog: (28) double-quoted string literal: "0"
08-23 06:08:10.406 30650 30818 W SQLiteLog: (28) double-quoted string literal: ""
08-23 06:08:10.406 30650 30818 W SQLiteLog: (28) double-quoted string literal: ""
08-23 06:08:10.406 30650 30818 W SQLiteLog: (28) double-quoted string literal: "DEBF4768DF567CB800FA377D7320FD73"
08-23 06:08:10.435 30650 30818 W SQLiteLog: (28) double-quoted string literal: "AF571FA909106A41DF84C56AC826E795"
08-23 06:08:10.435 30650 30818 W SQLiteLog: (28) double-quoted string literal: ""
08-23 06:08:10.441 30650 30650 D Tinker.DefaultAppLike: onTrimMemory level:20
08-23 06:08:10.441 30650 30818 W SQLiteLog: (28) double-quoted string literal: "AF571FA909106A41DF84C56AC826E795"
08-23 06:08:10.441 30650 30818 W SQLiteLog: (28) double-quoted string literal: "-1"
08-23 06:08:10.454 30650 30650 W ziparchive: Unable to open '/data/user/0/com.upgadata.up7723/bzBox/data/app/com.DarkGamesSCB.Granma2/ base.apk': No such file or directory
08-23 06:08:10.454 30650 30650 E upgadata.up772: Failed to open APK '/data/user/0/com.upgadata.up7723/bzBox/data/app/com.DarkGamesSCB.Granma2/base.apk' I/O error
08-23 06:08:11.549 30650 30794 W efs.info.manager: network change: wifi
08-23 06:08:11.554 30926 30991 W efs.info.manager: network change: wifi
08-23 06:08:24.482 30650 30650 D DecorView: createDecorCaptionView windowingMode:1 mWindowMode 1 isFullscreen: true
08-23 06:08:25.896 30650 30650 D MIUIInput: [KeyEvent] ViewRootImpl KeyEvent { action=ACTION_DOWN, keyCode=KEYCODE_BACK, scanCode=0, metaState=0, flags=0x8, repeatCount=0, eventTime=1206025029, downTime=1206025029, deviceId=-1, source=0x101, displayId=0 }
08-23 06:08:25.898 30650 30650 D MIUIInput: [KeyEvent] ViewRootImpl KeyEvent { action=ACTION_UP, keyCode=KEYCODE_BACK, scanCode=0, metaState=0, flags=0x8, repeatCount=0, eventTime=1206025029, downTime=1206025029, deviceId=-1, source=0x101, displayId=0 }
08-23 06:08:26.311 30650 30650 D MIUIInput: [KeyEvent] ViewRootImpl KeyEvent { action=ACTION_DOWN, keyCode=KEYCODE_BACK, scanCode=0, metaState=0, flags=0x8, repeatCount=0, eventTime=1206025431, downTime=1206025431, deviceId=-1, source=0x101, displayId=0 }
08-23 06:08:26.314 30650 30650 D MIUIInput: [KeyEvent] ViewRootImpl KeyEvent { action=ACTION_UP, keyCode=KEYCODE_BACK, scanCode=0, metaState=0, flags=0x8, repeatCount=0, eventTime=1206025431, downTime=1206025431, deviceId=-1, source=0x101, displayId=0 }
08-23 06:08:26.314 30650 30650 I MediaPlayerManager: backPress
08-23 06:08:26.346 30650 30818 W SQLiteLog: (28) double-quoted string literal: "
08-23 06:08:26.346 30650 30818 W SQLiteLog: (28) double-quoted string literal: "AF571FA909106A41DF84C56AC826E795"
08-23 06:08:26.353 30650 30650 I crashsdk: Unexp log not enabled, skip update unexp info!
08-23 06:08:26.353 30650 30650 E asdasdasd1: com.upgadata.up7723.classic.NewClassicTagGameActivity
08-23 06:08:26.363 30650 30650 E asdasdasd2: com.upgadata.up7723.classic.NewClassicTagGameActivity
08-23 06:08:26.374 30650 30818 W SQLiteLog: (28) double-quoted string literal: "AF571FA909106A41DF84C56AC826E795"
08-23 06:08:26.374 30650 30818 W SQLiteLog: (28) double-quoted string literal: ""
08-23 06:08:26.374 30650 30818 W SQLiteLog: (28) double-quoted string literal: "AF571FA909106A41DF84C56AC826E795"
08-23 06:08:26.374 30650 30818 W SQLiteLog: (28) double-quoted string literal: "-1"
08-23 06:08:26.410 30650 30650 W ziparchive: Unable to open '/data/user/0/com.upgadata.up7723/bzBox/data/app/com.gss.us.police.dog.robot.shoppi ng.mall.crime.shooting.games/base.apk': No such file or directory
08-23 06:08:26.410 30650 30650 E upgadata.up772: Failed to open APK '/data/user/0/com.upgadata.up7723/bzBox/data/app/com.gss.us.police.dog.robot.shoppi ng.mall.crime.shooting.games/base.apk' I/O error
08-23 06:08:26.425 30650 30650 W ziparchive: Unable to open '/data/user/0/com.upgadata.up7723/bzBox/data/app/com.DarkGamesSCB.Granma2/ base.apk': No such file or directory
08-23 06:08:26.425 30650 30650 E upgadata.up772: Failed to open APK '/data/user/0/com.upgadata.up7723/bzBox/data/app/com.DarkGamesSCB.Granma2/base.apk' I/O error
08-23 06:08:26.826 30650 30650 D MediaPlayerManager: release
08-23 06:08:26.826 30650 30650 I MediaPlayerManager: updateState [IDLE]
08-23 06:08:28.303 30650 30650 W ziparchive: Unable to open '/data/user/0/com.upgadata.up7723/bzBox/data/app/com.proximabeta.nikke/base.apk': No such file or directory
08-23 06:08:28.303 30650 30650 E upgadata.up772: Failed to open APK '/data/user/0/com.upgadata.up7723/bzBox/data/app/com.proximabeta.nikke/base.apk' I/O error
08-23 06:08:28.421 30650 30650 W ziparchive: Unable to open '/data/user/0/com.upgadata.up7723/bzBox/data/app/com.activision.callofduty.warzone/ base.apk': No such file or directory
08-23 06:08:28.421 30650 30650 E upgadata.up772: Failed to open APK '/data/user/0/com.upgadata.up7723/bzBox/data/app/com.activision.callofduty.warzone/ base.apk' I/O error
08-23 06:08:31.456 30650 30650 W ziparchive: Unable to open '/data/user/0/com.upgadata.up7723/bzBox/data/app/com.gss.us.police.dog.robot.shoppi ng.mall.crime.shooting.games/base.apk': No such file or directory
08-23 06:08:31.456 30650 30650 E upgadata.up772: Failed to open APK '/data/user/0/com.upgadata.up7723/bzBox/data/app/com.gss.us.police.dog.robot.shoppi ng.mall.crime.shooting.games/base.apk' I/O error
08-23 06:08:31.555 30650 30650 W ziparchive: Unable to open '/data/user/0/com.upgadata.up7723/bzBox/data/app/com.willdev.ProjectDecay/ base.apk': No such file or directory
08-23 06:08:31.555 30650 30650 E upgadata.up772: Failed to open APK '/data/user/0/com.upgadata.up7723/bzBox/data/app/com.willdev.ProjectDecay/base.apk' I/O error
08-23 06:08:31.620 30650 30650 W ziparchive: Unable to open '/data/user/0/com.upgadata.up7723/bzBox/data/app/com.whitespiritgames.winter/ base.apk': No such file or directory
08-23 06:08:31.620 30650 30650 E upgadata.up772: Failed to open APK '/data/user/0/com.upgadata.up7723/bzBox/data/app/com.whitespiritgames.winter/ base.apk' I/O error
08-23 06:08:34.986 30650 30650 D DecorView: createDecorCaptionView windowingMode:1 mWindowMode 1 isFullscreen: true
08-23 06:08:35.773 30650 30650 W Choreographer: Frame time is 0.081649 ms in the future! Check that graphics HAL is generating vsync timestamps using the correct timebase.
08-23 06:08:36.536 30650 30650 W Choreographer: Frame time is 0.060541 ms in the future! Check that graphics HAL is generating vsync timestamps using the correct timebase.
08-23 06:08:41.312 30650 30650 W Choreographer: Frame time is 0.029826 ms in the future! Check that graphics HAL is generating vsync timestamps using the correct timebase.
08-23 06:08:45.477 30650 30650 E gtagid : 3|0|2
08-23 06:08:47.486 30650 30650 I Timeline: Timeline: Activity_launch_request time:1206046631
08-23 06:08:47.508 30650 30818 W SQLiteLog: (28) double-quoted string literal: "
08-23 06:08:47.509 30650 30818 W SQLiteLog: (28) double-quoted string literal: "AF571FA909106A41DF84C56AC826E795"
08-23 06:08:47.512 30650 30650 D DecorView[]: getWindowModeFromSystem windowmode is 1
08-23 06:08:47.512 30650 30650 D DecorView: createDecorCaptionView windowingMode:1 mWindowMode 1 isFullscreen: true
08-23 06:08:47.517 30650 30862 D ViewContentFactory: initViewContentFetcherClass
08-23 06:08:47.517 30650 30862 I ContentCatcher: ViewContentFetcher : ViewContentFetcher
08-23 06:08:47.517 30650 30862 D ViewContentFactory: createInterceptor took 0ms
08-23 06:08:47.518 30650 30862 I ContentCatcher: Interceptor : Catcher list invalid for com.upgadata.up7723@com.upgadata.up7723.game.detail.DetailGameActivity@198405726
08-23 06:08:47.518 30650 30862 I ContentCatcher: Interceptor : Get featureInfo from config image_pick_mode
08-23 06:08:47.518 30650 30862 I ContentCatcher: Interceptor : Get featureInfo from config pick_mode
08-23 06:08:47.550 30650 30650 D DecorView: createDecorCaptionView windowingMode:1 mWindowMode 1 isFullscreen: true
08-23 06:08:47.561 30650 30650 I crashsdk: Unexp log not enabled, skip update unexp info!
08-23 06:08:47.561 30650 30650 E asdasdasd1: com.upgadata.up7723.game.detail.DetailGameActivity
08-23 06:08:47.562 30650 30650 E asdasdasd2: com.upgadata.up7723.game.detail.DetailGameActivity
08-23 06:08:47.563 30650 30650 E asdasdasd:: 0
08-23 06:08:47.564 30650 30650 D DecorView[]: getWindowModeFromSystem windowmode is 1
08-23 06:08:47.569 30650 30818 W SQLiteLog: (28) double-quoted string literal: "AF571FA909106A41DF84C56AC826E795"
08-23 06:08:47.569 30650 30818 W SQLiteLog: (28) double-quoted string literal: ""
08-23 06:08:47.569 30650 30818 W SQLiteLog: (28) double-quoted string literal: "AF571FA909106A41DF84C56AC826E795"
08-23 06:08:47.569 30650 30818 W SQLiteLog: (28) double-quoted string literal: "-1"
08-23 06:08:48.341 30650 30925 E upgadata.up772: Invalid ID 0x00000000.
08-23 06:08:48.342 30650 30925 W ResourceLoader: Received invalid resource id: 0
08-23 06:08:48.342 30650 30925 W ResourceLoader: android.content.res.Resources$NotFoundException: Unable to find resource ID #0x0
08-23 06:08:48.342 30650 30925 W ResourceLoader: at android.content.res.ResourcesImpl.getResourcePackageName(ResourcesImpl.java:286)
08-23 06:08:48.342 30650 30925 W ResourceLoader: at android.content.res.Resources.getResourcePackageName(Resources.java:2236)
08-23 06:08:48.342 30650 30925 W ResourceLoader: at com.bumptech.glide.load.model.ResourceLoader.getResourceUri(ResourceLoader.java:45)
08-23 06:08:48.342 30650 30925 W ResourceLoader: at com.bumptech.glide.load.model.ResourceLoader.buildLoadData(ResourceLoader.java:35)
08-23 06:08:48.342 30650 30925 W ResourceLoader: at com.bumptech.glide.load.model.ResourceLoader.buildLoadData(ResourceLoader.java:20)
08-23 06:08:48.342 30650 30925 W ResourceLoader: at com.bumptech.glide.load.engine.DecodeHelper.getLoadData(DecodeHelper.java:211)
08-23 06:08:48.342 30650 30925 W ResourceLoader: at com.bumptech.glide.load.engine.DecodeHelper.getCacheKeys(DecodeHelper.java:224)
08-23 06:08:48.342 30650 30925 W ResourceLoader: at com.bumptech.glide.load.engine.ResourceCacheGenerator.startNext(ResourceCacheGenera tor.java:44)
08-23 06:08:48.342 30650 30925 W ResourceLoader: at com.bumptech.glide.load.engine.DecodeJob.runGenerators(DecodeJob.java:310)
08-23 06:08:48.342 30650 30925 W ResourceLoader: at com.bumptech.glide.load.engine.DecodeJob.runWrapped(DecodeJob.java:276)
08-23 06:08:48.342 30650 30925 W ResourceLoader: at com.bumptech.glide.load.engine.DecodeJob.run(DecodeJob.java:234)
08-23 06:08:48.342 30650 30925 W ResourceLoader: at java.util.concurrent.ThreadPoolExecutor.runWorker(ThreadPoolExecutor.java:1167)
08-23 06:08:48.342 30650 30925 W ResourceLoader: at java.util.concurrent.ThreadPoolExecutor$Worker.run(ThreadPoolExecutor.java:641)
08-23 06:08:48.342 30650 30925 W ResourceLoader: at java.lang.Thread.run(Thread.java:923)
08-23 06:08:48.342 30650 30925 W ResourceLoader: at com.bumptech.glide.load.engine.executor.GlideExecutor$DefaultThreadFactory$1.run(Gl ideExecutor.java:393)
08-23 06:08:48.342 30650 30925 E upgadata.up772: Invalid ID 0x00000000.
08-23 06:08:48.342 30650 30925 W ResourceLoader: Received invalid resource id: 0
08-23 06:08:48.342 30650 30925 W ResourceLoader: android.content.res.Resources$NotFoundException: Unable to find resource ID #0x0
08-23 06:08:48.342 30650 30925 W ResourceLoader: at android.content.res.ResourcesImpl.getResourcePackageName(ResourcesImpl.java:286)
08-23 06:08:48.342 30650 30925 W ResourceLoader: at android.content.res.Resources.getResourcePackageName(Resources.java:2236)
08-23 06:08:48.342 30650 30925 W ResourceLoader: at com.bumptech.glide.load.model.ResourceLoader.getResourceUri(ResourceLoader.java:45)
08-23 06:08:48.342 30650 30925 W ResourceLoader: at com.bumptech.glide.load.model.ResourceLoader.buildLoadData(ResourceLoader.java:35)
08-23 06:08:48.342 30650 30925 W ResourceLoader: at com.bumptech.glide.load.model.ResourceLoader.buildLoadData(ResourceLoader.java:20)
08-23 06:08:48.342 30650 30925 W ResourceLoader: at com.bumptech.glide.load.engine.DecodeHelper.getLoadData(DecodeHelper.java:211)
08-23 06:08:48.342 30650 30925 W ResourceLoader: at com.bumptech.glide.load.engine.DecodeHelper.getCacheKeys(DecodeHelper.java:224)
08-23 06:08:48.342 30650 30925 W ResourceLoader: at com.bumptech.glide.load.engine.ResourceCacheGenerator.startNext(ResourceCacheGenera tor.java:44)
08-23 06:08:48.342 30650 30925 W ResourceLoader: at com.bumptech.glide.load.engine.DecodeJob.runGenerators(DecodeJob.java:310)
08-23 06:08:48.342 30650 30925 W ResourceLoader: at com.bumptech.glide.load.engine.DecodeJob.runWrapped(DecodeJob.java:276)
08-23 06:08:48.342 30650 30925 W ResourceLoader: at com.bumptech.glide.load.engine.DecodeJob.run(DecodeJob.java:234)
08-23 06:08:48.342 30650 30925 W ResourceLoader: at java.util.concurrent.ThreadPoolExecutor.runWorker(ThreadPoolExecutor.java:1167)
08-23 06:08:48.342 30650 30925 W ResourceLoader: at java.util.concurrent.ThreadPoolExecutor$Worker.run(ThreadPoolExecutor.java:641)
08-23 06:08:48.342 30650 30925 W ResourceLoader: at java.lang.Thread.run(Thread.java:923)
08-23 06:08:48.342 30650 30925 W ResourceLoader: at com.bumptech.glide.load.engine.executor.GlideExecutor$DefaultThreadFactory$1.run(Gl ideExecutor.java:393)
08-23 06:08:48.342 30650 30925 E upgadata.up772: Invalid ID 0x00000000.
08-23 06:08:48.342 30650 30925 W ResourceLoader: Received invalid resource id: 0
08-23 06:08:48.342 30650 30925 W ResourceLoader: android.content.res.Resources$NotFoundException: Unable to find resource ID #0x0
08-23 06:08:48.342 30650 30925 W ResourceLoader: at android.content.res.ResourcesImpl.getResourcePackageName(ResourcesImpl.java:286)
08-23 06:08:48.342 30650 30925 W ResourceLoader: at android.content.res.Resources.getResourcePackageName(Resources.java:2236)
08-23 06:08:48.342 30650 30925 W ResourceLoader: at com.bumptech.glide.load.model.ResourceLoader.getResourceUri(ResourceLoader.java:45)
08-23 06:08:48.342 30650 30925 W ResourceLoader: at com.bumptech.glide.load.model.ResourceLoader.buildLoadData(ResourceLoader.java:35)
08-23 06:08:48.342 30650 30925 W ResourceLoader: at com.bumptech.glide.load.model.ResourceLoader.buildLoadData(ResourceLoader.java:20)
08-23 06:08:48.342 30650 30925 W ResourceLoader: at com.bumptech.glide.load.engine.DecodeHelper.getLoadData(DecodeHelper.java:211)
08-23 06:08:48.342 30650 30925 W ResourceLoader: at com.bumptech.glide.load.engine.DecodeHelper.getCacheKeys(DecodeHelper.java:224)
08-23 06:08:48.342 30650 30925 W ResourceLoader: at com.bumptech.glide.load.engine.ResourceCacheGenerator.startNext(ResourceCacheGenera tor.java:44)
08-23 06:08:48.342 30650 30925 W ResourceLoader: at com.bumptech.glide.load.engine.DecodeJob.runGenerators(DecodeJob.java:310)
08-23 06:08:48.342 30650 30925 W ResourceLoader: at com.bumptech.glide.load.engine.DecodeJob.runWrapped(DecodeJob.java:276)
08-23 06:08:48.342 30650 30925 W ResourceLoader: at com.bumptech.glide.load.engine.DecodeJob.run(DecodeJob.java:234)
08-23 06:08:48.342 30650 30925 W ResourceLoader: at java.util.concurrent.ThreadPoolExecutor.runWorker(ThreadPoolExecutor.java:1167)
08-23 06:08:48.342 30650 30925 W ResourceLoader: at java.util.concurrent.ThreadPoolExecutor$Worker.run(ThreadPoolExecutor.java:641)
08-23 06:08:48.342 30650 30925 W ResourceLoader: at java.lang.Thread.run(Thread.java:923)
08-23 06:08:48.342 30650 30925 W ResourceLoader: at com.bumptech.glide.load.engine.executor.GlideExecutor$DefaultThreadFactory$1.run(Gl ideExecutor.java:393)
08-23 06:08:48.342 30650 30925 E upgadata.up772: Invalid ID 0x00000000.
08-23 06:08:48.342 30650 30925 W ResourceLoader: Received invalid resource id: 0
08-23 06:08:48.342 30650 30925 W ResourceLoader: android.content.res.Resources$NotFoundException: Unable to find resource ID #0x0
08-23 06:08:48.342 30650 30925 W ResourceLoader: at android.content.res.ResourcesImpl.getResourcePackageName(ResourcesImpl.java:286)
08-23 06:08:48.342 30650 30925 W ResourceLoader: at android.content.res.Resources.getResourcePackageName(Resources.java:2236)
08-23 06:08:48.342 30650 30925 W ResourceLoader: at com.bumptech.glide.load.model.ResourceLoader.getResourceUri(ResourceLoader.java:45)
08-23 06:08:48.342 30650 30925 W ResourceLoader: at com.bumptech.glide.load.model.ResourceLoader.buildLoadData(ResourceLoader.java:35)
08-23 06:08:48.342 30650 30925 W ResourceLoader: at com.bumptech.glide.load.model.ResourceLoader.buildLoadData(ResourceLoader.java:20)
08-23 06:08:48.342 30650 30925 W ResourceLoader: at com.bumptech.glide.load.engine.DecodeHelper.getLoadData(DecodeHelper.java:211)
08-23 06:08:48.342 30650 30925 W ResourceLoader: at com.bumptech.glide.load.engine.DecodeHelper.getCacheKeys(DecodeHelper.java:224)
08-23 06:08:48.342 30650 30925 W ResourceLoader: at com.bumptech.glide.load.engine.ResourceCacheGenerator.startNext(ResourceCacheGenera tor.java:44)
08-23 06:08:48.342 30650 30925 W ResourceLoader: at com.bumptech.glide.load.engine.DecodeJob.runGenerators(DecodeJob.java:310)
08-23 06:08:48.342 30650 30925 W ResourceLoader: at com.bumptech.glide.load.engine.DecodeJob.runWrapped(DecodeJob.java:276)
08-23 06:08:48.342 30650 30925 W ResourceLoader: at com.bumptech.glide.load.engine.DecodeJob.run(DecodeJob.java:234)
08-23 06:08:48.342 30650 30925 W ResourceLoader: at java.util.concurrent.ThreadPoolExecutor.runWorker(ThreadPoolExecutor.java:1167)
08-23 06:08:48.342 30650 30925 W ResourceLoader: at java.util.concurrent.ThreadPoolExecutor$Worker.run(ThreadPoolExecutor.java:641)
08-23 06:08:48.342 30650 30925 W ResourceLoader: at java.lang.Thread.run(Thread.java:923)
08-23 06:08:48.342 30650 30925 W ResourceLoader: at com.bumptech.glide.load.engine.executor.GlideExecutor$DefaultThreadFactory$1.run(Gl ideExecutor.java:393)
08-23 06:08:48.342 30650 30925 E upgadata.up772: Invalid ID 0x00000000.
08-23 06:08:48.343 30650 30925 W ResourceLoader: Received invalid resource id: 0
08-23 06:08:48.343 30650 30925 W ResourceLoader: android.content.res.Resources$NotFoundException: Unable to find resource ID #0x0
08-23 06:08:48.343 30650 30925 W ResourceLoader: at android.content.res.ResourcesImpl.getResourcePackageName(ResourcesImpl.java:286)
08-23 06:08:48.343 30650 30925 W ResourceLoader: at android.content.res.Resources.getResourcePackageName(Resources.java:2236)
08-23 06:08:48.343 30650 30925 W ResourceLoader: at com.bumptech.glide.load.model.ResourceLoader.getResourceUri(ResourceLoader.java:45)
08-23 06:08:48.343 30650 30925 W ResourceLoader: at com.bumptech.glide.load.model.ResourceLoader.buildLoadData(ResourceLoader.java:35)
08-23 06:08:48.343 30650 30925 W ResourceLoader: at com.bumptech.glide.load.model.ResourceLoader.buildLoadData(ResourceLoader.java:20)
08-23 06:08:48.343 30650 30925 W ResourceLoader: at com.bumptech.glide.load.engine.DecodeHelper.getLoadData(DecodeHelper.java:211)
08-23 06:08:48.343 30650 30925 W ResourceLoader: at com.bumptech.glide.load.engine.DecodeHelper.getCacheKeys(DecodeHelper.java:224)
08-23 06:08:48.343 30650 30925 W ResourceLoader: at com.bumptech.glide.load.engine.ResourceCacheGenerator.startNext(ResourceCacheGenera tor.java:44)
08-23 06:08:48.343 30650 30925 W ResourceLoader: at com.bumptech.glide.load.engine.DecodeJob.runGenerators(DecodeJob.java:310)
08-23 06:08:48.343 30650 30925 W ResourceLoader: at com.bumptech.glide.load.engine.DecodeJob.runWrapped(DecodeJob.java:276)
08-23 06:08:48.343 30650 30925 W ResourceLoader: at com.bumptech.glide.load.engine.DecodeJob.run(DecodeJob.java:234)
08-23 06:08:48.343 30650 30925 W ResourceLoader: at java.util.concurrent.ThreadPoolExecutor.runWorker(ThreadPoolExecutor.java:1167)
08-23 06:08:48.343 30650 30925 W ResourceLoader: at java.util.concurrent.ThreadPoolExecutor$Worker.run(ThreadPoolExecutor.java:641)
08-23 06:08:48.343 30650 30925 W ResourceLoader: at java.lang.Thread.run(Thread.java:923)
08-23 06:08:48.343 30650 30925 W ResourceLoader: at com.bumptech.glide.load.engine.executor.GlideExecutor$DefaultThreadFactory$1.run(Gl ideExecutor.java:393)
08-23 06:08:48.343 30650 30925 E upgadata.up772: Invalid ID 0x00000000.
08-23 06:08:48.343 30650 30925 W ResourceLoader: Received invalid resource id: 0
08-23 06:08:48.343 30650 30925 W ResourceLoader: android.content.res.Resources$NotFoundException: Unable to find resource ID #0x0
08-23 06:08:48.343 30650 30925 W ResourceLoader: at android.content.res.ResourcesImpl.getResourcePackageName(ResourcesImpl.java:286)
08-23 06:08:48.343 30650 30925 W ResourceLoader: at android.content.res.Resources.getResourcePackageName(Resources.java:2236)
08-23 06:08:48.343 30650 30925 W ResourceLoader: at com.bumptech.glide.load.model.ResourceLoader.getResourceUri(ResourceLoader.java:45)
08-23 06:08:48.343 30650 30925 W ResourceLoader: at com.bumptech.glide.load.model.ResourceLoader.buildLoadData(ResourceLoader.java:35)
08-23 06:08:48.343 30650 30925 W ResourceLoader: at com.bumptech.glide.load.model.ResourceLoader.buildLoadData(ResourceLoader.java:20)
08-23 06:08:48.343 30650 30925 W ResourceLoader: at com.bumptech.glide.load.engine.DecodeHelper.getLoadData(DecodeHelper.java:211)
08-23 06:08:48.343 30650 30925 W ResourceLoader: at com.bumptech.glide.load.engine.DecodeHelper.getCacheKeys(DecodeHelper.java:224)
08-23 06:08:48.343 30650 30925 W ResourceLoader: at com.bumptech.glide.load.engine.ResourceCacheGenerator.startNext(ResourceCacheGenera tor.java:44)
08-23 06:08:48.343 30650 30925 W ResourceLoader: at com.bumptech.glide.load.engine.DecodeJob.runGenerators(DecodeJob.java:310)
08-23 06:08:48.343 30650 30925 W ResourceLoader: at com.bumptech.glide.load.engine.DecodeJob.runWrapped(DecodeJob.java:276)
08-23 06:08:48.343 30650 30925 W ResourceLoader: at com.bumptech.glide.load.engine.DecodeJob.run(DecodeJob.java:234)
08-23 06:08:48.343 30650 30925 W ResourceLoader: at java.util.concurrent.ThreadPoolExecutor.runWorker(ThreadPoolExecutor.java:1167)
08-23 06:08:48.343 30650 30925 W ResourceLoader: at java.util.concurrent.ThreadPoolExecutor$Worker.run(ThreadPoolExecutor.java:641)
08-23 06:08:48.343 30650 30925 W ResourceLoader: at java.lang.Thread.run(Thread.java:923)
08-23 06:08:48.343 30650 30925 W ResourceLoader: at com.bumptech.glide.load.engine.executor.GlideExecutor$DefaultThreadFactory$1.run(Gl ideExecutor.java:393)
08-23 06:08:48.343 30650 30925 E upgadata.up772: Invalid ID 0x00000000.
08-23 06:08:48.343 30650 30925 W ResourceLoader: Received invalid resource id: 0
08-23 06:08:48.343 30650 30925 W ResourceLoader: android.content.res.Resources$NotFoundException: Unable to find resource ID #0x0
08-23 06:08:48.343 30650 30925 W ResourceLoader: at android.content.res.ResourcesImpl.getResourcePackageName(ResourcesImpl.java:286)
08-23 06:08:48.343 30650 30925 W ResourceLoader: at android.content.res.Resources.getResourcePackageName(Resources.java:2236)
08-23 06:08:48.343 30650 30925 W ResourceLoader: at com.bumptech.glide.load.model.ResourceLoader.getResourceUri(ResourceLoader.java:45)
08-23 06:08:48.343 30650 30925 W ResourceLoader: at com.bumptech.glide.load.model.ResourceLoader.buildLoadData(ResourceLoader.java:35)
08-23 06:08:48.343 30650 30925 W ResourceLoader: at com.bumptech.glide.load.model.ResourceLoader.buildLoadData(ResourceLoader.java:20)
08-23 06:08:48.343 30650 30925 W ResourceLoader: at com.bumptech.glide.load.engine.DecodeHelper.getLoadData(DecodeHelper.java:211)
08-23 06:08:48.343 30650 30925 W ResourceLoader: at com.bumptech.glide.load.engine.DecodeHelper.getCacheKeys(DecodeHelper.java:224)
08-23 06:08:48.343 30650 30925 W ResourceLoader: at com.bumptech.glide.load.engine.ResourceCacheGenerator.startNext(ResourceCacheGenera tor.java:44)
08-23 06:08:48.343 30650 30925 W ResourceLoader: at com.bumptech.glide.load.engine.DecodeJob.runGenerators(DecodeJob.java:310)
08-23 06:08:48.343 30650 30925 W ResourceLoader: at com.bumptech.glide.load.engine.DecodeJob.runWrapped(DecodeJob.java:276)
08-23 06:08:48.343 30650 30925 W ResourceLoader: at com.bumptech.glide.load.engine.DecodeJob.run(DecodeJob.java:234)
08-23 06:08:48.343 30650 30925 W ResourceLoader: at java.util.concurrent.ThreadPoolExecutor.runWorker(ThreadPoolExecutor.java:1167)
08-23 06:08:48.343 30650 30925 W ResourceLoader: at java.util.concurrent.ThreadPoolExecutor$Worker.run(ThreadPoolExecutor.java:641)
08-23 06:08:48.343 30650 30925 W ResourceLoader: at java.lang.Thread.run(Thread.java:923)
08-23 06:08:48.343 30650 30925 W ResourceLoader: at com.bumptech.glide.load.engine.executor.GlideExecutor$DefaultThreadFactory$1.run(Gl ideExecutor.java:393)
08-23 06:08:48.343 30650 30925 E upgadata.up772: Invalid ID 0x00000000.
08-23 06:08:48.343 30650 30925 W ResourceLoader: Received invalid resource id: 0
08-23 06:08:48.343 30650 30925 W ResourceLoader: android.content.res.Resources$NotFoundException: Unable to find resource ID #0x0
08-23 06:08:48.343 30650 30925 W ResourceLoader: at android.content.res.ResourcesImpl.getResourcePackageName(ResourcesImpl.java:286)
08-23 06:08:48.343 30650 30925 W ResourceLoader: at android.content.res.Resources.getResourcePackageName(Resources.java:2236)
08-23 06:08:48.343 30650 30925 W ResourceLoader: at com.bumptech.glide.load.model.ResourceLoader.getResourceUri(ResourceLoader.java:45)
08-23 06:08:48.343 30650 30925 W ResourceLoader: at com.bumptech.glide.load.model.ResourceLoader.buildLoadData(ResourceLoader.java:35)
08-23 06:08:48.343 30650 30925 W ResourceLoader: at com.bumptech.glide.load.model.ResourceLoader.buildLoadData(ResourceLoader.java:20)
08-23 06:08:48.343 30650 30925 W ResourceLoader: at com.bumptech.glide.load.engine.DecodeHelper.getLoadData(DecodeHelper.java:211)
08-23 06:08:48.343 30650 30925 W ResourceLoader: at com.bumptech.glide.load.engine.DecodeHelper.getCacheKeys(DecodeHelper.java:224)
08-23 06:08:48.343 30650 30925 W ResourceLoader: at com.bumptech.glide.load.engine.ResourceCacheGenerator.startNext(ResourceCacheGenera tor.java:44)
08-23 06:08:48.343 30650 30925 W ResourceLoader: at com.bumptech.glide.load.engine.DecodeJob.runGenerators(DecodeJob.java:310)
08-23 06:08:48.343 30650 30925 W ResourceLoader: at com.bumptech.glide.load.engine.DecodeJob.runWrapped(DecodeJob.java:276)
08-23 06:08:48.343 30650 30925 W ResourceLoader: at com.bumptech.glide.load.engine.DecodeJob.run(DecodeJob.java:234)
08-23 06:08:48.343 30650 30925 W ResourceLoader: at java.util.concurrent.ThreadPoolExecutor.runWorker(ThreadPoolExecutor.java:1167)
08-23 06:08:48.343 30650 30925 W ResourceLoader: at java.util.concurrent.ThreadPoolExecutor$Worker.run(ThreadPoolExecutor.java:641)
08-23 06:08:48.343 30650 30925 W ResourceLoader: at java.lang.Thread.run(Thread.java:923)
08-23 06:08:48.343 30650 30925 W ResourceLoader: at com.bumptech.glide.load.engine.executor.GlideExecutor$DefaultThreadFactory$1.run(Gl ideExecutor.java:393)
08-23 06:08:48.346 30650 30650 D MediaPlayerManager: release
08-23 06:08:48.349 30650 30650 I MediaPlayerManager: updateState [IDLE]
08-23 06:08:48.376 30650 30703 I Pinger : Ping response: `ping ok`, pinged? true
08-23 06:08:48.469 30650 30925 E upgadata.up772: Invalid ID 0x00000000.
08-23 06:08:48.470 30650 30925 W ResourceLoader: Received invalid resource id: 0
08-23 06:08:48.470 30650 30925 W ResourceLoader: android.content.res.Resources$NotFoundException: Unable to find resource ID #0x0
08-23 06:08:48.470 30650 30925 W ResourceLoader: at android.content.res.ResourcesImpl.getResourcePackageName(ResourcesImpl.java:286)
08-23 06:08:48.470 30650 30925 W ResourceLoader: at android.content.res.Resources.getResourcePackageName(Resources.java:2236)
08-23 06:08:48.470 30650 30925 W ResourceLoader: at com.bumptech.glide.load.model.ResourceLoader.getResourceUri(ResourceLoader.java:45)
08-23 06:08:48.470 30650 30925 W ResourceLoader: at com.bumptech.glide.load.model.ResourceLoader.buildLoadData(ResourceLoader.java:35)
08-23 06:08:48.470 30650 30925 W ResourceLoader: at com.bumptech.glide.load.model.ResourceLoader.buildLoadData(ResourceLoader.java:20)
08-23 06:08:48.470 30650 30925 W ResourceLoader: at com.bumptech.glide.load.engine.DecodeHelper.getLoadData(DecodeHelper.java:211)
08-23 06:08:48.470 30650 30925 W ResourceLoader: at com.bumptech.glide.load.engine.DecodeHelper.getCacheKeys(DecodeHelper.java:224)
08-23 06:08:48.470 30650 30925 W ResourceLoader: at com.bumptech.glide.load.engine.ResourceCacheGenerator.startNext(ResourceCacheGenera tor.java:44)
08-23 06:08:48.470 30650 30925 W ResourceLoader: at com.bumptech.glide.load.engine.DecodeJob.runGenerators(DecodeJob.java:310)
08-23 06:08:48.470 30650 30925 W ResourceLoader: at com.bumptech.glide.load.engine.DecodeJob.runWrapped(DecodeJob.java:276)
08-23 06:08:48.470 30650 30925 W ResourceLoader: at com.bumptech.glide.load.engine.DecodeJob.run(DecodeJob.java:234)
08-23 06:08:48.470 30650 30925 W ResourceLoader: at java.util.concurrent.ThreadPoolExecutor.runWorker(ThreadPoolExecutor.java:1167)
08-23 06:08:48.470 30650 30925 W ResourceLoader: at java.util.concurrent.ThreadPoolExecutor$Worker.run(ThreadPoolExecutor.java:641)
08-23 06:08:48.470 30650 30925 W ResourceLoader: at java.lang.Thread.run(Thread.java:923)
08-23 06:08:48.470 30650 30925 W ResourceLoader: at com.bumptech.glide.load.engine.executor.GlideExecutor$DefaultThreadFactory$1.run(Gl ideExecutor.java:393)
08-23 06:08:48.470 30650 30925 E upgadata.up772: Invalid ID 0x00000000.
08-23 06:08:48.470 30650 30925 W ResourceLoader: Received invalid resource id: 0
08-23 06:08:48.470 30650 30925 W ResourceLoader: android.content.res.Resources$NotFoundException: Unable to find resource ID #0x0
08-23 06:08:48.470 30650 30925 W ResourceLoader: at android.content.res.ResourcesImpl.getResourcePackageName(ResourcesImpl.java:286)
08-23 06:08:48.470 30650 30925 W ResourceLoader: at android.content.res.Resources.getResourcePackageName(Resources.java:2236)
08-23 06:08:48.470 30650 30925 W ResourceLoader: at com.bumptech.glide.load.model.ResourceLoader.getResourceUri(ResourceLoader.java:45)
08-23 06:08:48.470 30650 30925 W ResourceLoader: at com.bumptech.glide.load.model.ResourceLoader.buildLoadData(ResourceLoader.java:35)
08-23 06:08:48.470 30650 30925 W ResourceLoader: at com.bumptech.glide.load.model.ResourceLoader.buildLoadData(ResourceLoader.java:20)
08-23 06:08:48.470 30650 30925 W ResourceLoader: at com.bumptech.glide.load.engine.DecodeHelper.getLoadData(DecodeHelper.java:211)
08-23 06:08:48.470 30650 30925 W ResourceLoader: at com.bumptech.glide.load.engine.DecodeHelper.getCacheKeys(DecodeHelper.java:224)
08-23 06:08:48.470 30650 30925 W ResourceLoader: at com.bumptech.glide.load.engine.ResourceCacheGenerator.startNext(ResourceCacheGenera tor.java:44)
08-23 06:08:48.470 30650 30925 W ResourceLoader: at com.bumptech.glide.load.engine.DecodeJob.runGenerators(DecodeJob.java:310)
08-23 06:08:48.470 30650 30925 W ResourceLoader: at com.bumptech.glide.load.engine.DecodeJob.runWrapped(DecodeJob.java:276)
08-23 06:08:48.470 30650 30925 W ResourceLoader: at com.bumptech.glide.load.engine.DecodeJob.run(DecodeJob.java:234)
08-23 06:08:48.470 30650 30925 W ResourceLoader: at java.util.concurrent.ThreadPoolExecutor.runWorker(ThreadPoolExecutor.java:1167)
08-23 06:08:48.470 30650 30925 W ResourceLoader: at java.util.concurrent.ThreadPoolExecutor$Worker.run(ThreadPoolExecutor.java:641)
08-23 06:08:48.470 30650 30925 W ResourceLoader: at java.lang.Thread.run(Thread.java:923)
08-23 06:08:48.470 30650 30925 W ResourceLoader: at com.bumptech.glide.load.engine.executor.GlideExecutor$DefaultThreadFactory$1.run(Gl ideExecutor.java:393)
08-23 06:08:48.470 30650 30925 E upgadata.up772: Invalid ID 0x00000000.
08-23 06:08:48.470 30650 30925 W ResourceLoader: Received invalid resource id: 0
08-23 06:08:48.470 30650 30925 W ResourceLoader: android.content.res.Resources$NotFoundException: Unable to find resource ID #0x0
08-23 06:08:48.470 30650 30925 W ResourceLoader: at android.content.res.ResourcesImpl.getResourcePackageName(ResourcesImpl.java:286)
08-23 06:08:48.470 30650 30925 W ResourceLoader: at android.content.res.Resources.getResourcePackageName(Resources.java:2236)
08-23 06:08:48.470 30650 30925 W ResourceLoader: at com.bumptech.glide.load.model.ResourceLoader.getResourceUri(ResourceLoader.java:45)
08-23 06:08:48.470 30650 30925 W ResourceLoader: at com.bumptech.glide.load.model.ResourceLoader.buildLoadData(ResourceLoader.java:35)
08-23 06:08:48.470 30650 30925 W ResourceLoader: at com.bumptech.glide.load.model.ResourceLoader.buildLoadData(ResourceLoader.java:20)
08-23 06:08:48.470 30650 30925 W ResourceLoader: at com.bumptech.glide.load.engine.DecodeHelper.getLoadData(DecodeHelper.java:211)
08-23 06:08:48.470 30650 30925 W ResourceLoader: at com.bumptech.glide.load.engine.DecodeHelper.getCacheKeys(DecodeHelper.java:224)
08-23 06:08:48.470 30650 30925 W ResourceLoader: at com.bumptech.glide.load.engine.ResourceCacheGenerator.startNext(ResourceCacheGenera tor.java:44)
08-23 06:08:48.470 30650 30925 W ResourceLoader: at com.bumptech.glide.load.engine.DecodeJob.runGenerators(DecodeJob.java:310)
08-23 06:08:48.470 30650 30925 W ResourceLoader: at com.bumptech.glide.load.engine.DecodeJob.runWrapped(DecodeJob.java:276)
08-23 06:08:48.470 30650 30925 W ResourceLoader: at com.bumptech.glide.load.engine.DecodeJob.run(DecodeJob.java:234)
08-23 06:08:48.470 30650 30925 W ResourceLoader: at java.util.concurrent.ThreadPoolExecutor.runWorker(ThreadPoolExecutor.java:1167)
08-23 06:08:48.470 30650 30925 W ResourceLoader: at java.util.concurrent.ThreadPoolExecutor$Worker.run(ThreadPoolExecutor.java:641)
08-23 06:08:48.470 30650 30925 W ResourceLoader: at java.lang.Thread.run(Thread.java:923)
08-23 06:08:48.470 30650 30925 W ResourceLoader: at com.bumptech.glide.load.engine.executor.GlideExecutor$DefaultThreadFactory$1.run(Gl ideExecutor.java:393)
08-23 06:08:48.470 30650 30925 E upgadata.up772: Invalid ID 0x00000000.
08-23 06:08:48.470 30650 30925 W ResourceLoader: Received invalid resource id: 0
08-23 06:08:48.470 30650 30925 W ResourceLoader: android.content.res.Resources$NotFoundException: Unable to find resource ID #0x0
08-23 06:08:48.470 30650 30925 W ResourceLoader: at android.content.res.ResourcesImpl.getResourcePackageName(ResourcesImpl.java:286)
08-23 06:08:48.470 30650 30925 W ResourceLoader: at android.content.res.Resources.getResourcePackageName(Resources.java:2236)
08-23 06:08:48.470 30650 30925 W ResourceLoader: at com.bumptech.glide.load.model.ResourceLoader.getResourceUri(ResourceLoader.java:45)
08-23 06:08:48.470 30650 30925 W ResourceLoader: at com.bumptech.glide.load.model.ResourceLoader.buildLoadData(ResourceLoader.java:35)
08-23 06:08:48.470 30650 30925 W ResourceLoader: at com.bumptech.glide.load.model.ResourceLoader.buildLoadData(ResourceLoader.java:20)
08-23 06:08:48.470 30650 30925 W ResourceLoader: at com.bumptech.glide.load.engine.DecodeHelper.getLoadData(DecodeHelper.java:211)
08-23 06:08:48.470 30650 30925 W ResourceLoader: at com.bumptech.glide.load.engine.DecodeHelper.getCacheKeys(DecodeHelper.java:224)
08-23 06:08:48.470 30650 30925 W ResourceLoader: at com.bumptech.glide.load.engine.ResourceCacheGenerator.startNext(ResourceCacheGenera tor.java:44)
