08-23 06:05:10.440 30926 30926 I Tinker.TinkerLoadResult: parseTinkerResult loadCode:-2, process name:com.upgadata.up7723:black, main process:false, systemOTA:false, fingerPrint:Xiaomi/raphael/raphael:11/RKQ1.200826.002/V12.5.6.0.RFKCNXM:user/ release-keys, oatDir:null, useInterpretMode:false
08-23 06:05:10.440 30926 30926 W Tinker.TinkerLoadResult: can't find patch file, is ok, just return
08-23 06:05:10.440 30926 30926 I Tinker.DefaultLoadReporter: patch loadReporter onLoadResult: patch load result, path:/data/user/0/com.upgadata.up7723/tinker, code: -2, cost: 3ms
08-23 06:05:10.440 30926 30926 W Tinker.Tinker: tinker load fail!
08-23 06:05:10.459 30926 30926 I scanPackage: installPackageAsUserLocked systemReady scanPackage
08-23 06:05:10.464 30903 30903 W dex2oat32: Rejecting class com.tencent.smtt.export.external.interfaces.NetworkException that attempts to sub- type erroneous class com.tencent.smtt.export.external.interfaces.X5netException in /data/user/0/com.upgadata.up7723/files/prodexdir/00O000ll111l_2.dex
08-23 06:05:10.464 30903 30903 W dex2oat32: Rejecting class com.tencent.smtt.net.NetworkExceptionImpl that attempts to sub-type erroneous class com.tencent.smtt.export.external.interfaces.NetworkException in tbs_jars_fusion_dex.jar
08-23 06:05:10.465 30903 30953 W dex2oat32: Rejecting class com.tencent.smtt.export.external.interfaces.QuicException that attempts to sub-type erroneous class com.tencent.smtt.export.external.interfaces.NetworkException in /data/user/0/com.upgadata.up7723/files/prodexdir/00O000ll111l_2.dex
08-23 06:05:10.465 30903 30953 W dex2oat32: Rejecting class com.tencent.smtt.net.QuicExceptionImpl that attempts to sub-type erroneous class com.tencent.smtt.export.external.interfaces.QuicException in tbs_jars_fusion_dex.jar
08-23 06:05:10.467 30903 30903 W dex2oat32: Rejecting class com.tencent.smtt.net.UrlResponseInfoImpl$a that attempts to sub-type erroneous class com.tencent.smtt.export.external.interfaces.UrlResponseInfo$HeaderBlock in tbs_jars_fusion_dex.jar
08-23 06:05:10.467 30903 30903 W dex2oat32: Rejecting class com.tencent.smtt.net.UrlResponseInfoImpl that attempts to sub-type erroneous class com.tencent.smtt.export.external.interfaces.UrlResponseInfo in tbs_jars_fusion_dex.jar
08-23 06:05:10.467 30926 30926 I ContentProviderMonitor: PerfMonitor installContentProviders : before publish content providers
08-23 06:05:10.468 30903 30903 W dex2oat32: Rejecting class com.tencent.smtt.net.VersionSafeCallbacks$UrlRequestCallback that attempts to sub- type erroneous class com.tencent.smtt.export.external.interfaces.UrlRequest$Callback in tbs_jars_fusion_dex.jar
08-23 06:05:10.468 30903 30953 W dex2oat32: Rejecting class com.tencent.smtt.net.X5netExceptionImpl that attempts to sub-type erroneous class com.tencent.smtt.export.external.interfaces.X5netException in tbs_jars_fusion_dex.jar
08-23 06:05:10.468 30903 30953 W dex2oat32: Rejecting class com.tencent.smtt.export.external.interfaces.CallbackException that attempts to sub- type erroneous class com.tencent.smtt.export.external.interfaces.X5netException in /data/user/0/com.upgadata.up7723/files/prodexdir/00O000ll111l_2.dex
08-23 06:05:10.469 30903 30953 W dex2oat32: Rejecting class com.tencent.smtt.net.a that attempts to sub-type erroneous class com.tencent.smtt.export.external.interfaces.CallbackException in tbs_jars_fusion_dex.jar
08-23 06:05:10.469 30903 30951 W dex2oat32: Rejecting class com.tencent.smtt.net.X5UrlRequestProvider that attempts to sub-type erroneous class com.tencent.smtt.export.external.interfaces.UrlRequest in tbs_jars_fusion_dex.jar
08-23 06:05:10.469 30650 30650 W BpBinder: PerfMonitor binderTransact : time=413ms interface=android.app.IActivityManager code=22
08-23 06:05:10.471 30926 30926 D Tinker.DefaultAppLike: onCreate
08-23 06:05:10.476 30926 30926 D CompatibilityChangeReporter: Compat change id reported: 149924527; UID 10187; state: ENABLED
08-23 06:05:10.476 30926 30926 D CompatibilityChangeReporter: Compat change id reported: 132649864; UID 10187; state: DISABLED
08-23 06:05:10.485 30903 30954 W dex2oat32: Rejecting class com.tencent.smtt.webkit.WebViewChromiumExtension$WebViewHitTestResult that attempts to sub-type erroneous class com.tencent.smtt.export.external.interfaces.IX5WebViewBase$HitTestResult in tbs_jars_fusion_dex.jar
08-23 06:05:10.499 30926 30926 D CompatibilityChangeReporter: Compat change id reported: 147798919; UID 10187; state: DISABLED
08-23 06:05:10.536 30903 30954 W dex2oat32: Rejecting class com.tencent.tbs.core.X5CoreServiceWorkerController$1 that attempts to sub-type erroneous class com.tencent.smtt.export.external.interfaces.ServiceWorkerWebSettings in tbs_jars_fusion_dex.jar
08-23 06:05:10.537 30903 30950 W dex2oat32: Rejecting class com.tencent.tbs.core.partner.ad.AdWebviewStatusChangeProxy$WebResourceErrorImpl that attempts to sub-type erroneous class com.tencent.smtt.export.external.interfaces.WebResourceError in tbs_jars_fusion_dex.jar
08-23 06:05:10.540 30903 30903 W dex2oat32: Accessing hidden field Lcom/android/internal/R$styleable;->MenuGroup:[I (greylist-max-q, linking, denied)
08-23 06:05:10.540 30903 30903 W dex2oat32: Accessing hidden field Lcom/android/internal/R$styleable;->MenuItem:[I (greylist-max-q, linking, denied)
08-23 06:05:10.543 30903 30903 W dex2oat32: Rejecting class com.tencent.tbs.core.partner.testutils.RobotiumWebClient that attempts to sub-type erroneous class com.tencent.smtt.export.external.proxy.ProxyWebChromeClient in tbs_jars_fusion_dex.jar
08-23 06:05:10.546 30903 30903 W dex2oat32: Rejecting class com.tencent.tbs.core.webkit.tencent.TencentWebChromeClient$15 that attempts to sub- type erroneous class com.tencent.smtt.export.external.interfaces.IX5WebChromeClient$FileChooserParams in tbs_jars_fusion_dex.jar
08-23 06:05:10.547 30903 30952 W dex2oat32: Rejecting class com.tencent.tbs.core.webkit.tencent.TencentWebViewClient$ClientCertRequestImpl that attempts to sub-type erroneous class com.tencent.smtt.export.external.interfaces.ClientCertRequest in tbs_jars_fusion_dex.jar
08-23 06:05:10.547 30903 30952 W dex2oat32: Rejecting class com.tencent.tbs.core.webkit.tencent.TencentWebViewClient$WebResourceErrorImpl that attempts to sub-type erroneous class com.tencent.smtt.export.external.interfaces.WebResourceError in tbs_jars_fusion_dex.jar
08-23 06:05:10.548 30903 30954 W dex2oat32: Rejecting class com.tencent.tbs.core.webkit.tencent.TencentWebViewProxy$WebViewTransport that attempts to sub-type erroneous class com.tencent.smtt.export.external.interfaces.IX5WebViewBase$WebViewTransport in tbs_jars_fusion_dex.jar
08-23 06:05:10.563 30903 30952 W dex2oat32: Rejecting class com.tencent.tbs.qimei.y.g$a that attempts to sub-type erroneous class com.tencent.smtt.sdk.WebViewClient in tbs_jars_fusion_dex.jar
08-23 06:05:10.567 30903 30951 W dex2oat32: Rejecting class com.tencent.tbs.tbsshell.partner.reader.h$b that attempts to sub-type erroneous class com.tencent.smtt.export.external.proxy.ProxyWebViewClient in tbs_jars_fusion_dex.jar
08-23 06:05:10.570 30903 30954 W dex2oat32: Rejecting class com.tencent.smtt.export.external.extension.proxy.X5ProxyWebViewClientExtension that attempts to sub-type erroneous class com.tencent.smtt.export.external.extension.proxy.ProxyWebViewClientExtension in /data/user/0/com.upgadata.up7723/files/prodexdir/00O000ll111l_0.dex
08-23 06:05:10.570 30903 30954 W dex2oat32: Rejecting class com.tencent.tbs.tbsshell.partner.reader.h$c that attempts to sub-type erroneous class com.tencent.smtt.export.external.extension.proxy.X5ProxyWebViewClientExtension in tbs_jars_fusion_dex.jar
08-23 06:05:10.580 30650 30650 W ziparchive: Unable to open '/data/user/0/com.upgadata.up7723/bzBox/data/app/com.whitespiritgames.winter/ base.apk': No such file or directory
08-23 06:05:10.581 30650 30650 E upgadata.up772: Failed to open APK '/data/user/0/com.upgadata.up7723/bzBox/data/app/com.whitespiritgames.winter/ base.apk' I/O error
08-23 06:05:10.592 30926 30926 E asdasdasd channle: update
08-23 06:05:10.651 30650 30828 I OpenGLRenderer: Davey! duration=914ms; Flags=1, IntendedVsync=1205870824771929, Vsync=1205870974771923, OldestInputEvent=9223372036854775807, NewestInputEvent=0, HandleInputStart=1205870978433692, AnimationStart=1205870978437338, PerformTraversalsStart=1205870978439838, DrawStart=1205871698978275, SyncQueued=1205871718616973, SyncStart=1205871718884213, IssueDrawCommandsStart=1205871719125723, SwapBuffers=1205871737217338, FrameCompleted=1205871739695254, DequeueBufferDuration=119011, QueueBufferDuration=304532, GpuCompleted=0,
08-23 06:05:10.652 30650 30650 W Looper : PerfMonitor doFrame : time=762ms vsyncFrame=49836652 latency=154ms procState=2 historyMsgCount=57 (msgIndex=33 wall=127ms seq=37 running=75ms runnable=8ms io=1ms binder=48ms late=524ms h=com.tencent.smtt.sdk.QbSdk$3 w=1)
08-23 06:05:10.666 30926 30926 E asdasdasd channle: update
08-23 06:05:10.707 30926 30960 D IdProviderImpl: getOAID
08-23 06:05:10.721 30926 30960 D IdProviderImpl: getVAID
08-23 06:05:10.739 30650 30650 W Tinker.UpgradePatchRetry: onPatchRetryLoad retry info not exist, just return
08-23 06:05:10.742 30926 30960 D IdProviderImpl: getAAID
08-23 06:05:10.758 30926 30964 I Pinger : Ping response: `ping ok`, pinged? true
08-23 06:05:10.758 30926 30958 I HttpProxyCacheServer: Proxy cache server started. Is it alive? true
08-23 06:05:10.789 30903 30950 W dex2oat32: Rejecting class org.chromium.ui.q$a that attempts to sub-type erroneous class androidx.appcompat.app.AlertDialog$Builder in tbs_jars_fusion_dex.jar
08-23 06:05:10.799 30926 30926 I eup : register native abi method success
08-23 06:05:10.808 30926 30926 I MMKV : page size:4096
08-23 06:05:10.808 30926 30926 I MMKV : root dir: /data/user/0/com.upgadata.up7723/files/mmkv
08-23 06:05:10.822 30903 30950 W dex2oat32: Accessing hidden method Landroid/view/View;->startActivityForResult(Landroid/content/Intent;I)V (greylist- max-p, linking, denied)
08-23 06:05:10.822 30903 30950 W dex2oat32: Accessing hidden method Landroid/view/View;->setFrame(IIII)Z (greylist-max-p, linking, denied)
08-23 06:05:10.823 30903 30950 W dex2oat32: Accessing hidden field Landroid/view/View;->mScrollX:I (greylist-max-p, linking, denied)
08-23 06:05:10.823 30903 30950 W dex2oat32: Accessing hidden field Landroid/view/View;->mScrollY:I (greylist-max-p, linking, denied)
08-23 06:05:10.838 30926 30926 I MMKV : loading [mmkv.default] with 581700 size in total, file size is 1048576
08-23 06:05:10.839 30926 30926 I MMKV : loading [mmkv.default] with crc 2046734274 sequence 6
08-23 06:05:10.839 30926 30926 I MMKV : loaded [mmkv.default] with 102 values
08-23 06:05:10.845 30926 30926 I TetheringManager: registerTetheringEventCallback:com.upgadata.up7723
08-23 06:05:10.868 30926 30979 I UMCrash : get common. apm ctr flag is 0
08-23 06:05:10.873 30926 30926 I UMCrash : int apm. flag is 0
08-23 06:05:10.878 30926 30926 I UMCrash : enable : java is true, native is true, anr is true
08-23 06:05:10.878 30926 30926 I UMCrash : crash rate domain is https://errnewlog.umeng.com
08-23 06:05:10.907 30926 30986 I crashsdk: version unique build id: 39efde0d
08-23 06:05:10.907 30926 30926 I crashsdk: version unique build id: 39efde0d
08-23 06:05:10.907 30926 30926 W crashsdk: Set: Unknown key 38
08-23 06:05:10.907 30926 30926 W crashsdk: Set: Unknown key 39
08-23 06:05:10.908 30926 30987 D crashsdk: Native log stat thread 30987 setup, waiting
08-23 06:05:10.910 30926 30926 I crashsdk: Catcher mask: 1000, 4096
08-23 06:05:10.910 30926 30926 I crashsdk: Catcher thread 30936
08-23 06:05:10.910 30926 30926 D crashsdk: Register ANR handler ...
08-23 06:05:10.910 30926 30926 I crashsdk: begin hack android.os.Process
08-23 06:05:10.910 30926 30926 I crashsdk: end hack android.os.Process
08-23 06:05:10.910 30926 30926 I crashsdk: LibcMalloc detail: disabled.
08-23 06:05:10.929 30926 30991 E ta.up7723:blac: Invalid ID 0x00000000.
08-23 06:05:10.931 30926 30979 E ta.up7723:blac: Invalid ID 0x00000000.
08-23 06:05:10.933 30926 30992 E ballack : initGlobalInfo called once.
08-23 06:05:10.936 30926 30926 E LaunchManager: Non main process !
08-23 06:05:10.937 30926 30991 D WpkPaConfig: un repeat check in 24 hour!
08-23 06:05:10.937 30926 30926 I UMCrash : inner config : net rate is 0
08-23 06:05:10.937 30926 30926 I UMCrash : inner config : net close.
08-23 06:05:10.937 30926 30926 I UMCrash : inner config : nativeH5Rate is 0
08-23 06:05:10.937 30926 30926 I UMCrash : inner config : h5 close.
08-23 06:05:10.937 30926 30926 I UMCrash : inner config : page rate is -1
08-23 06:05:10.938 30926 30991 I Matrix.AnrTracer: anrTrace, final mAnrBeatTime:400, mAnrBeatRate:400
08-23 06:05:10.946 30926 30926 W Tinker.UpgradePatchRetry: onPatchRetryLoad retry is not main process, just return
08-23 06:05:10.947 30926 30995 D IdProviderImpl: getOAID
08-23 06:05:10.953 30926 30992 W efs.send_log: tryFileLock start!
08-23 06:05:10.955 30926 30979 W efs.info.manager: network change: wifi
08-23 06:05:10.956 30926 30992 I efs.config: delete old config is false
08-23 06:05:10.957 30926 30992 I efs.config: current config to same.
08-23 06:05:10.962 30903 30903 I dex2oat32: dex2oat took 1.180s (2.222s cpu) (threads: 6) arena alloc=0B (0B) java alloc=4242KB (4344088B) native alloc=6322KB (6474176B) free=1085KB (1111616B)
08-23 06:05:11.090 31004 31004 W dexoptanalyzer: Could not get dex checksums for location /data/app/~~jWIcKG7ghd2TZ3oWsMlO8Q==/com.upgadata.up7723- Q2ZIwmXLk4YZK5XeD0DiXQ==/base.apk, fd=10
08-23 06:05:11.090 31004 31004 W dexoptanalyzer: Current thread not detached in Runtime shutdown
08-23 06:05:11.138 31007 31007 W dex2oat32: Using default instruction set features for ARM CPU variant (cortex-a9) using conservative defaults
08-23 06:05:11.139 31007 31007 I dex2oat32: dex2oat of ppid 1415, cpu affinity is set to 0,1,4,5, success.
08-23 06:05:11.139 31007 31007 I dex2oat32: /apex/com.android.art/bin/dex2oat32 -- input-vdex-fd=-1 --output-vdex-fd=18 --call-from-installd=1 --updatable-bcp- packages-file=/system/etc/updatable-bcp-packages.txt --resolve-startup-const- strings=true --max-image-block-size=524288 --compiler-filter=verify -j6 -- classpath-dir=/data/user/0/com.upgadata.up7723/app_tbs/core_share --class-loader- context=PCL[];PCL[/data/user/0/com.upgadata.up7723/app_tbs/core_share/ tbs_jars_fusion_dex.jar];PCL[/data/user/0/com.upgadata.up7723/app_tbs/core_share/ apache_dex.jar];PCL[/data/app/~~jWIcKG7ghd2TZ3oWsMlO8Q==/com.upgadata.up7723- Q2ZIwmXLk4YZK5XeD0DiXQ==/base.apk:/data/user/0/com.upgadata.up7723/files/ prodexdir/00O000ll111l_0.dex:/data/user/0/com.upgadata.up7723/files/prodexdir/ 00O000ll111l_1.dex:/data/user/0/com.upgadata.up7723/files/prodexdir/ 00O000ll111l_2.dex:/data/user/0/com.upgadata.up7723/files/prodexdir/ 00O000ll111l_3.dex]{PCL[/system/framework/android.test.base.jar]#PCL[/system/ framework/org.apache.http.legacy.jar]} --class-loader-context- fds=8:9:10:11:12:13:14:15:16 --generate-mini-debug-info --compilation- reason=secondary
08-23 06:05:11.144 31007 31007 I dex2oat32: setting boot class path to /apex/com.android.art/javalib/core-oj.jar:/apex/com.android.art/javalib/core- libart.jar:/apex/com.android.art/javalib/core-icu4j.jar:/apex/com.android.art/ javalib/okhttp.jar:/apex/com.android.art/javalib/bouncycastle.jar:/apex/ com.android.art/javalib/apache-xml.jar:/system/framework/framework.jar:/system/ framework/[email protected]:/system/framework/[email protected]:/system/ framework/ext.jar:/system/framework/telephony-common.jar:/system/framework/voip- common.jar:/system/framework/ims-common.jar:/system/framework/framework-atb- backward-compatibility.jar:/system/framework/tcmiface.jar:/system/framework/ qcom.fmradio.jar:/system/framework/com.nxp.nfc.nq.jar:/system/framework/ QPerformance.jar:/system/framework/UxPerformance.jar:/system/framework/ WfdCommon.jar:/system/framework/telephony-ext.jar
08-23 06:05:11.338 31007 31007 I dex2oat32: dex2oat took 203.136ms (262.397ms cpu) (threads: 6) arena alloc=0B (0B) java alloc=302KB (309664B) native alloc=2568KB (2629848B) free=627KB (642856B)
08-23 06:05:11.412 30650 30650 W ziparchive: Unable to open '/data/user/0/com.upgadata.up7723/bzBox/data/app/com.willdev.ProjectDecay/ base.apk': No such file or directory
08-23 06:05:11.412 30650 30650 E upgadata.up772: Failed to open APK '/data/user/0/com.upgadata.up7723/bzBox/data/app/com.willdev.ProjectDecay/base.apk' I/O error
08-23 06:05:12.077 30650 30650 W RecyclerView: Cannot call this method in a scroll callback. Scroll callbacks mightbe run during a measure & layout pass where you cannot change theRecyclerView data. Any method call that might change the structureof the RecyclerView or the adapter contents should be postponed tothe next frame.
08-23 06:05:12.077 30650 30650 W RecyclerView: java.lang.IllegalStateException: androidx.recyclerview.widget.RecyclerView{853bb53 VFE...... ......ID 0,0-1080,2101 #7f090b37 app:id/recyclerView_tag_game}, adapter:com.upgadata.up7723.classic.NewClassicTagGameActivity$4@3ec3c90, layout:androidx.recyclerview.widget.LinearLayoutManager@d69d989, context:com.upgadata.up7723.classic.NewClassicTagGameActivity@3e454f6
08-23 06:05:12.077 30650 30650 W RecyclerView: at androidx.recyclerview.widget.RecyclerView.assertNotInLayoutOrScroll(RecyclerView.ja va:3061)
08-23 06:05:12.077 30650 30650 W RecyclerView: at androidx.recyclerview.widget.RecyclerView$RecyclerViewDataObserver.onItemRangeChang ed(RecyclerView.java:5547)
08-23 06:05:12.077 30650 30650 W RecyclerView: at androidx.recyclerview.widget.RecyclerView$AdapterDataObservable.notifyItemRangeChan ged(RecyclerView.java:12268)
08-23 06:05:12.077 30650 30650 W RecyclerView: at androidx.recyclerview.widget.RecyclerView$AdapterDataObservable.notifyItemRangeChan ged(RecyclerView.java:12258)
08-23 06:05:12.077 30650 30650 W RecyclerView: at androidx.recyclerview.widget.RecyclerView$Adapter.notifyItemChanged(RecyclerView.ja va:7370)
08-23 06:05:12.077 30650 30650 W RecyclerView: at com.upgadata.up7723.classic.GeneralTypeAdapter.setLoadingFoot(GeneralTypeAdapter.ja va:212)
08-23 06:05:12.077 30650 30650 W RecyclerView: at com.upgadata.up7723.classic.NewClassicTagGameActivity.getMoreGameData(NewClassicTag GameActivity.java:492)
08-23 06:05:12.077 30650 30650 W RecyclerView: at com.upgadata.up7723.classic.NewClassicTagGameActivity.access$1700(NewClassicTagGame Activity.java:43)
08-23 06:05:12.077 30650 30650 W RecyclerView: at com.upgadata.up7723.classic.NewClassicTagGameActivity$6.onScrolled(NewClassicTagGam eActivity.java:298)
08-23 06:05:12.077 30650 30650 W RecyclerView: at androidx.recyclerview.widget.RecyclerView.dispatchOnScrolled(RecyclerView.java:5173 )
08-23 06:05:12.077 30650 30650 W RecyclerView: at androidx.recyclerview.widget.RecyclerView$ViewFlinger.run(RecyclerView.java:5338)
08-23 06:05:12.077 30650 30650 W RecyclerView: at android.view.Choreographer$CallbackRecord.run(Choreographer.java:1076)
08-23 06:05:12.077 30650 30650 W RecyclerView: at android.view.Choreographer.doCallbacks(Choreographer.java:897)
08-23 06:05:12.077 30650 30650 W RecyclerView: at android.view.Choreographer.doFrame(Choreographer.java:822)
08-23 06:05:12.077 30650 30650 W RecyclerView: at android.view.Choreographer$FrameDisplayEventReceiver.run(Choreographer.java:1061)
08-23 06:05:12.077 30650 30650 W RecyclerView: at android.os.Handler.handleCallback(Handler.java:938)
08-23 06:05:12.077 30650 30650 W RecyclerView: at android.os.Handler.dispatchMessage(Handler.java:99)
08-23 06:05:12.077 30650 30650 W RecyclerView: at android.os.Looper.loop(Looper.java:236)
08-23 06:05:12.077 30650 30650 W RecyclerView: at android.app.ActivityThread.main(ActivityThread.java:8060)
08-23 06:05:12.077 30650 30650 W RecyclerView: at java.lang.reflect.Method.invoke(Native Method)
08-23 06:05:12.077 30650 30650 W RecyclerView: at com.android.internal.os.RuntimeInit$MethodAndArgsCaller.run(RuntimeInit.java:656)
08-23 06:05:12.077 30650 30650 W RecyclerView: at com.android.internal.os.ZygoteInit.main(ZygoteInit.java:967)
08-23 06:05:12.121 30650 30650 W ziparchive: Unable to open '/data/user/0/com.upgadata.up7723/bzBox/data/app/com.gss.us.police.dog.robot.shoppi ng.mall.crime.shooting.games/base.apk': No such file or directory
08-23 06:05:12.121 30650 30650 E upgadata.up772: Failed to open APK '/data/user/0/com.upgadata.up7723/bzBox/data/app/com.gss.us.police.dog.robot.shoppi ng.mall.crime.shooting.games/base.apk' I/O error
08-23 06:05:14.092 30650 30814 I efs.config: No update is required, less than 8h since the last update
08-23 06:05:14.101 30650 30818 D IdProviderImpl: getOAID
08-23 06:05:14.123 30650 30818 I MobclickAgent: module init:azioc
08-23 06:05:14.128 30650 30818 E upgadata.up772: Invalid ID 0x00000000.
08-23 06:05:14.995 30650 30650 I Timeline: Timeline: Activity_launch_request time:1205876084
08-23 06:05:15.016 30650 30818 W SQLiteLog: (28) double-quoted string literal: "
08-23 06:05:15.016 30650 30818 W SQLiteLog: (28) double-quoted string literal: "DEBF4768DF567CB800FA377D7320FD73"
08-23 06:05:15.019 30650 30650 D DecorView[]: getWindowModeFromSystem windowmode is 1
08-23 06:05:15.019 30650 30650 D DecorView: createDecorCaptionView windowingMode:1 mWindowMode 1 isFullscreen: true
08-23 06:05:15.025 30650 30862 D ViewContentFactory: initViewContentFetcherClass
08-23 06:05:15.025 30650 30862 I ContentCatcher: ViewContentFetcher : ViewContentFetcher
08-23 06:05:15.025 30650 30862 D ViewContentFactory: createInterceptor took 0ms
08-23 06:05:15.027 30650 30862 I ContentCatcher: Interceptor : Catcher list invalid for com.upgadata.up7723@com.upgadata.up7723.game.detail.DetailGameActivity@38622772
08-23 06:05:15.027 30650 30862 I ContentCatcher: Interceptor : Get featureInfo from config image_pick_mode
08-23 06:05:15.027 30650 30862 I ContentCatcher: Interceptor : Get featureInfo from config pick_mode
08-23 06:05:15.073 30650 30650 D DecorView: createDecorCaptionView windowingMode:1 mWindowMode 1 isFullscreen: true
08-23 06:05:15.105 30650 30650 I crashsdk: Unexp log not enabled, skip update unexp info!
08-23 06:05:15.105 30650 30650 E asdasdasd1: com.upgadata.up7723.game.detail.DetailGameActivity
08-23 06:05:15.107 30650 30650 E asdasdasd2: com.upgadata.up7723.game.detail.DetailGameActivity
08-23 06:05:15.125 30650 30650 E asdasdasd:: 0
08-23 06:05:15.126 30650 30650 D DecorView[]: getWindowModeFromSystem windowmode is 1
08-23 06:05:15.130 30650 30818 W SQLiteLog: (28) double-quoted string literal: "DEBF4768DF567CB800FA377D7320FD73"
08-23 06:05:15.130 30650 30818 W SQLiteLog: (28) double-quoted string literal: ""
08-23 06:05:15.130 30650 30818 W SQLiteLog: (28) double-quoted string literal: "DEBF4768DF567CB800FA377D7320FD73"
08-23 06:05:15.130 30650 30818 W SQLiteLog: (28) double-quoted string literal: "-1"
08-23 06:05:15.454 30650 30925 E upgadata.up772: Invalid ID 0x00000000.
08-23 06:05:15.454 30650 30925 W ResourceLoader: Received invalid resource id: 0
08-23 06:05:15.454 30650 30925 W ResourceLoader: android.content.res.Resources$NotFoundException: Unable to find resource ID #0x0
08-23 06:05:15.454 30650 30925 W ResourceLoader: at android.content.res.ResourcesImpl.getResourcePackageName(ResourcesImpl.java:286)
08-23 06:05:15.454 30650 30925 W ResourceLoader: at android.content.res.Resources.getResourcePackageName(Resources.java:2236)
08-23 06:05:15.454 30650 30925 W ResourceLoader: at com.bumptech.glide.load.model.ResourceLoader.getResourceUri(ResourceLoader.java:45)
08-23 06:05:15.454 30650 30925 W ResourceLoader: at com.bumptech.glide.load.model.ResourceLoader.buildLoadData(ResourceLoader.java:35)
08-23 06:05:15.454 30650 30925 W ResourceLoader: at com.bumptech.glide.load.model.ResourceLoader.buildLoadData(ResourceLoader.java:20)
08-23 06:05:15.454 30650 30925 W ResourceLoader: at com.bumptech.glide.load.engine.DecodeHelper.getLoadData(DecodeHelper.java:211)
08-23 06:05:15.454 30650 30925 W ResourceLoader: at com.bumptech.glide.load.engine.DecodeHelper.getCacheKeys(DecodeHelper.java:224)
08-23 06:05:15.454 30650 30925 W ResourceLoader: at com.bumptech.glide.load.engine.ResourceCacheGenerator.startNext(ResourceCacheGenera tor.java:44)
08-23 06:05:15.454 30650 30925 W ResourceLoader: at com.bumptech.glide.load.engine.DecodeJob.runGenerators(DecodeJob.java:310)
08-23 06:05:15.454 30650 30925 W ResourceLoader: at com.bumptech.glide.load.engine.DecodeJob.runWrapped(DecodeJob.java:276)
08-23 06:05:15.454 30650 30925 W ResourceLoader: at com.bumptech.glide.load.engine.DecodeJob.run(DecodeJob.java:234)
08-23 06:05:15.454 30650 30925 W ResourceLoader: at java.util.concurrent.ThreadPoolExecutor.runWorker(ThreadPoolExecutor.java:1167)
08-23 06:05:15.454 30650 30925 W ResourceLoader: at java.util.concurrent.ThreadPoolExecutor$Worker.run(ThreadPoolExecutor.java:641)
08-23 06:05:15.454 30650 30925 W ResourceLoader: at java.lang.Thread.run(Thread.java:923)
08-23 06:05:15.454 30650 30925 W ResourceLoader: at com.bumptech.glide.load.engine.executor.GlideExecutor$DefaultThreadFactory$1.run(Gl ideExecutor.java:393)
08-23 06:05:15.454 30650 30925 E upgadata.up772: Invalid ID 0x00000000.
08-23 06:05:15.454 30650 30925 W ResourceLoader: Received invalid resource id: 0
08-23 06:05:15.454 30650 30925 W ResourceLoader: android.content.res.Resources$NotFoundException: Unable to find resource ID #0x0
08-23 06:05:15.454 30650 30925 W ResourceLoader: at android.content.res.ResourcesImpl.getResourcePackageName(ResourcesImpl.java:286)
08-23 06:05:15.454 30650 30925 W ResourceLoader: at android.content.res.Resources.getResourcePackageName(Resources.java:2236)
08-23 06:05:15.454 30650 30925 W ResourceLoader: at com.bumptech.glide.load.model.ResourceLoader.getResourceUri(ResourceLoader.java:45)
08-23 06:05:15.454 30650 30925 W ResourceLoader: at com.bumptech.glide.load.model.ResourceLoader.buildLoadData(ResourceLoader.java:35)
08-23 06:05:15.454 30650 30925 W ResourceLoader: at com.bumptech.glide.load.model.ResourceLoader.buildLoadData(ResourceLoader.java:20)
08-23 06:05:15.454 30650 30925 W ResourceLoader: at com.bumptech.glide.load.engine.DecodeHelper.getLoadData(DecodeHelper.java:211)
08-23 06:05:15.454 30650 30925 W ResourceLoader: at com.bumptech.glide.load.engine.DecodeHelper.getCacheKeys(DecodeHelper.java:224)
08-23 06:05:15.454 30650 30925 W ResourceLoader: at com.bumptech.glide.load.engine.ResourceCacheGenerator.startNext(ResourceCacheGenera tor.java:44)
08-23 06:05:15.454 30650 30925 W ResourceLoader: at com.bumptech.glide.load.engine.DecodeJob.runGenerators(DecodeJob.java:310)
08-23 06:05:15.454 30650 30925 W ResourceLoader: at com.bumptech.glide.load.engine.DecodeJob.runWrapped(DecodeJob.java:276)
08-23 06:05:15.454 30650 30925 W ResourceLoader: at com.bumptech.glide.load.engine.DecodeJob.run(DecodeJob.java:234)
08-23 06:05:15.454 30650 30925 W ResourceLoader: at java.util.concurrent.ThreadPoolExecutor.runWorker(ThreadPoolExecutor.java:1167)
08-23 06:05:15.454 30650 30925 W ResourceLoader: at java.util.concurrent.ThreadPoolExecutor$Worker.run(ThreadPoolExecutor.java:641)
08-23 06:05:15.454 30650 30925 W ResourceLoader: at java.lang.Thread.run(Thread.java:923)
08-23 06:05:15.454 30650 30925 W ResourceLoader: at com.bumptech.glide.load.engine.executor.GlideExecutor$DefaultThreadFactory$1.run(Gl ideExecutor.java:393)
08-23 06:05:15.454 30650 30925 E upgadata.up772: Invalid ID 0x00000000.
08-23 06:05:15.454 30650 30925 W ResourceLoader: Received invalid resource id: 0
08-23 06:05:15.454 30650 30925 W ResourceLoader: android.content.res.Resources$NotFoundException: Unable to find resource ID #0x0
08-23 06:05:15.454 30650 30925 W ResourceLoader: at android.content.res.ResourcesImpl.getResourcePackageName(ResourcesImpl.java:286)
08-23 06:05:15.454 30650 30925 W ResourceLoader: at android.content.res.Resources.getResourcePackageName(Resources.java:2236)
08-23 06:05:15.454 30650 30925 W ResourceLoader: at com.bumptech.glide.load.model.ResourceLoader.getResourceUri(ResourceLoader.java:45)
08-23 06:05:15.454 30650 30925 W ResourceLoader: at com.bumptech.glide.load.model.ResourceLoader.buildLoadData(ResourceLoader.java:35)
08-23 06:05:15.454 30650 30925 W ResourceLoader: at com.bumptech.glide.load.model.ResourceLoader.buildLoadData(ResourceLoader.java:20)
08-23 06:05:15.454 30650 30925 W ResourceLoader: at com.bumptech.glide.load.engine.DecodeHelper.getLoadData(DecodeHelper.java:211)
08-23 06:05:15.454 30650 30925 W ResourceLoader: at com.bumptech.glide.load.engine.DecodeHelper.getCacheKeys(DecodeHelper.java:224)
08-23 06:05:15.454 30650 30925 W ResourceLoader: at com.bumptech.glide.load.engine.ResourceCacheGenerator.startNext(ResourceCacheGenera tor.java:44)
08-23 06:05:15.454 30650 30925 W ResourceLoader: at com.bumptech.glide.load.engine.DecodeJob.runGenerators(DecodeJob.java:310)
08-23 06:05:15.454 30650 30925 W ResourceLoader: at com.bumptech.glide.load.engine.DecodeJob.runWrapped(DecodeJob.java:276)
08-23 06:05:15.454 30650 30925 W ResourceLoader: at com.bumptech.glide.load.engine.DecodeJob.run(DecodeJob.java:234)
08-23 06:05:15.454 30650 30925 W ResourceLoader: at java.util.concurrent.ThreadPoolExecutor.runWorker(ThreadPoolExecutor.java:1167)
08-23 06:05:15.454 30650 30925 W ResourceLoader: at java.util.concurrent.ThreadPoolExecutor$Worker.run(ThreadPoolExecutor.java:641)
08-23 06:05:15.454 30650 30925 W ResourceLoader: at java.lang.Thread.run(Thread.java:923)
08-23 06:05:15.454 30650 30925 W ResourceLoader: at com.bumptech.glide.load.engine.executor.GlideExecutor$DefaultThreadFactory$1.run(Gl ideExecutor.java:393)
08-23 06:05:15.454 30650 30925 E upgadata.up772: Invalid ID 0x00000000.
08-23 06:05:15.455 30650 30925 W ResourceLoader: Received invalid resource id: 0
08-23 06:05:15.455 30650 30925 W ResourceLoader: android.content.res.Resources$NotFoundException: Unable to find resource ID #0x0
08-23 06:05:15.455 30650 30925 W ResourceLoader: at android.content.res.ResourcesImpl.getResourcePackageName(ResourcesImpl.java:286)
08-23 06:05:15.455 30650 30925 W ResourceLoader: at android.content.res.Resources.getResourcePackageName(Resources.java:2236)
08-23 06:05:15.455 30650 30925 W ResourceLoader: at com.bumptech.glide.load.model.ResourceLoader.getResourceUri(ResourceLoader.java:45)
08-23 06:05:15.455 30650 30925 W ResourceLoader: at com.bumptech.glide.load.model.ResourceLoader.buildLoadData(ResourceLoader.java:35)
08-23 06:05:15.455 30650 30925 W ResourceLoader: at com.bumptech.glide.load.model.ResourceLoader.buildLoadData(ResourceLoader.java:20)
08-23 06:05:15.455 30650 30925 W ResourceLoader: at com.bumptech.glide.load.engine.DecodeHelper.getLoadData(DecodeHelper.java:211)
08-23 06:05:15.455 30650 30925 W ResourceLoader: at com.bumptech.glide.load.engine.DecodeHelper.getCacheKeys(DecodeHelper.java:224)
08-23 06:05:15.455 30650 30925 W ResourceLoader: at com.bumptech.glide.load.engine.ResourceCacheGenerator.startNext(ResourceCacheGenera tor.java:44)
08-23 06:05:15.455 30650 30925 W ResourceLoader: at com.bumptech.glide.load.engine.DecodeJob.runGenerators(DecodeJob.java:310)
08-23 06:05:15.455 30650 30925 W ResourceLoader: at com.bumptech.glide.load.engine.DecodeJob.runWrapped(DecodeJob.java:276)
08-23 06:05:15.455 30650 30925 W ResourceLoader: at com.bumptech.glide.load.engine.DecodeJob.run(DecodeJob.java:234)
08-23 06:05:15.455 30650 30925 W ResourceLoader: at java.util.concurrent.ThreadPoolExecutor.runWorker(ThreadPoolExecutor.java:1167)
08-23 06:05:15.455 30650 30925 W ResourceLoader: at java.util.concurrent.ThreadPoolExecutor$Worker.run(ThreadPoolExecutor.java:641)
08-23 06:05:15.455 30650 30925 W ResourceLoader: at java.lang.Thread.run(Thread.java:923)
08-23 06:05:15.455 30650 30925 W ResourceLoader: at com.bumptech.glide.load.engine.executor.GlideExecutor$DefaultThreadFactory$1.run(Gl ideExecutor.java:393)
08-23 06:05:15.459 30650 30925 E upgadata.up772: Invalid ID 0x00000000.
08-23 06:05:15.459 30650 30925 W ResourceLoader: Received invalid resource id: 0
08-23 06:05:15.459 30650 30925 W ResourceLoader: android.content.res.Resources$NotFoundException: Unable to find resource ID #0x0
08-23 06:05:15.459 30650 30925 W ResourceLoader: at android.content.res.ResourcesImpl.getResourcePackageName(ResourcesImpl.java:286)
08-23 06:05:15.459 30650 30925 W ResourceLoader: at android.content.res.Resources.getResourcePackageName(Resources.java:2236)
08-23 06:05:15.459 30650 30925 W ResourceLoader: at com.bumptech.glide.load.model.ResourceLoader.getResourceUri(ResourceLoader.java:45)
08-23 06:05:15.459 30650 30925 W ResourceLoader: at com.bumptech.glide.load.model.ResourceLoader.buildLoadData(ResourceLoader.java:35)
08-23 06:05:15.459 30650 30925 W ResourceLoader: at com.bumptech.glide.load.model.ResourceLoader.buildLoadData(ResourceLoader.java:20)
08-23 06:05:15.459 30650 30925 W ResourceLoader: at com.bumptech.glide.load.engine.DecodeHelper.getLoadData(DecodeHelper.java:211)
08-23 06:05:15.459 30650 30925 W ResourceLoader: at com.bumptech.glide.load.engine.DecodeHelper.getCacheKeys(DecodeHelper.java:224)
08-23 06:05:15.459 30650 30925 W ResourceLoader: at com.bumptech.glide.load.engine.ResourceCacheGenerator.startNext(ResourceCacheGenera tor.java:44)
08-23 06:05:15.459 30650 30925 W ResourceLoader: at com.bumptech.glide.load.engine.DecodeJob.runGenerators(DecodeJob.java:310)
08-23 06:05:15.459 30650 30925 W ResourceLoader: at com.bumptech.glide.load.engine.DecodeJob.runWrapped(DecodeJob.java:276)
08-23 06:05:15.459 30650 30925 W ResourceLoader: at com.bumptech.glide.load.engine.DecodeJob.run(DecodeJob.java:234)
08-23 06:05:15.459 30650 30925 W ResourceLoader: at java.util.concurrent.ThreadPoolExecutor.runWorker(ThreadPoolExecutor.java:1167)
08-23 06:05:15.459 30650 30925 W ResourceLoader: at java.util.concurrent.ThreadPoolExecutor$Worker.run(ThreadPoolExecutor.java:641)
08-23 06:05:15.459 30650 30925 W ResourceLoader: at java.lang.Thread.run(Thread.java:923)
08-23 06:05:15.459 30650 30925 W ResourceLoader: at com.bumptech.glide.load.engine.executor.GlideExecutor$DefaultThreadFactory$1.run(Gl ideExecutor.java:393)
08-23 06:05:15.459 30650 30925 E upgadata.up772: Invalid ID 0x00000000.
08-23 06:05:15.459 30650 30925 W ResourceLoader: Received invalid resource id: 0
08-23 06:05:15.459 30650 30925 W ResourceLoader: android.content.res.Resources$NotFoundException: Unable to find resource ID #0x0
08-23 06:05:15.459 30650 30925 W ResourceLoader: at android.content.res.ResourcesImpl.getResourcePackageName(ResourcesImpl.java:286)
08-23 06:05:15.459 30650 30925 W ResourceLoader: at android.content.res.Resources.getResourcePackageName(Resources.java:2236)
08-23 06:05:15.459 30650 30925 W ResourceLoader: at com.bumptech.glide.load.model.ResourceLoader.getResourceUri(ResourceLoader.java:45)
08-23 06:05:15.459 30650 30925 W ResourceLoader: at com.bumptech.glide.load.model.ResourceLoader.buildLoadData(ResourceLoader.java:35)
08-23 06:05:15.459 30650 30925 W ResourceLoader: at com.bumptech.glide.load.model.ResourceLoader.buildLoadData(ResourceLoader.java:20)
08-23 06:05:15.459 30650 30925 W ResourceLoader: at com.bumptech.glide.load.engine.DecodeHelper.getLoadData(DecodeHelper.java:211)
08-23 06:05:15.459 30650 30925 W ResourceLoader: at com.bumptech.glide.load.engine.DecodeHelper.getCacheKeys(DecodeHelper.java:224)
08-23 06:05:15.459 30650 30925 W ResourceLoader: at com.bumptech.glide.load.engine.ResourceCacheGenerator.startNext(ResourceCacheGenera tor.java:44)
08-23 06:05:15.459 30650 30925 W ResourceLoader: at com.bumptech.glide.load.engine.DecodeJob.runGenerators(DecodeJob.java:310)
08-23 06:05:15.459 30650 30925 W ResourceLoader: at com.bumptech.glide.load.engine.DecodeJob.runWrapped(DecodeJob.java:276)
08-23 06:05:15.459 30650 30925 W ResourceLoader: at com.bumptech.glide.load.engine.DecodeJob.run(DecodeJob.java:234)
08-23 06:05:15.459 30650 30925 W ResourceLoader: at java.util.concurrent.ThreadPoolExecutor.runWorker(ThreadPoolExecutor.java:1167)
08-23 06:05:15.459 30650 30925 W ResourceLoader: at java.util.concurrent.ThreadPoolExecutor$Worker.run(ThreadPoolExecutor.java:641)
08-23 06:05:15.459 30650 30925 W ResourceLoader: at java.lang.Thread.run(Thread.java:923)
08-23 06:05:15.459 30650 30925 W ResourceLoader: at com.bumptech.glide.load.engine.executor.GlideExecutor$DefaultThreadFactory$1.run(Gl ideExecutor.java:393)
08-23 06:05:15.459 30650 30925 E upgadata.up772: Invalid ID 0x00000000.
08-23 06:05:15.459 30650 30925 W ResourceLoader: Received invalid resource id: 0
08-23 06:05:15.459 30650 30925 W ResourceLoader: android.content.res.Resources$NotFoundException: Unable to find resource ID #0x0
08-23 06:05:15.459 30650 30925 W ResourceLoader: at android.content.res.ResourcesImpl.getResourcePackageName(ResourcesImpl.java:286)
08-23 06:05:15.459 30650 30925 W ResourceLoader: at android.content.res.Resources.getResourcePackageName(Resources.java:2236)
08-23 06:05:15.459 30650 30925 W ResourceLoader: at com.bumptech.glide.load.model.ResourceLoader.getResourceUri(ResourceLoader.java:45)
08-23 06:05:15.459 30650 30925 W ResourceLoader: at com.bumptech.glide.load.model.ResourceLoader.buildLoadData(ResourceLoader.java:35)
08-23 06:05:15.459 30650 30925 W ResourceLoader: at com.bumptech.glide.load.model.ResourceLoader.buildLoadData(ResourceLoader.java:20)
08-23 06:05:15.459 30650 30925 W ResourceLoader: at com.bumptech.glide.load.engine.DecodeHelper.getLoadData(DecodeHelper.java:211)
08-23 06:05:15.459 30650 30925 W ResourceLoader: at com.bumptech.glide.load.engine.DecodeHelper.getCacheKeys(DecodeHelper.java:224)
08-23 06:05:15.459 30650 30925 W ResourceLoader: at com.bumptech.glide.load.engine.ResourceCacheGenerator.startNext(ResourceCacheGenera tor.java:44)
08-23 06:05:15.459 30650 30925 W ResourceLoader: at com.bumptech.glide.load.engine.DecodeJob.runGenerators(DecodeJob.java:310)
08-23 06:05:15.459 30650 30925 W ResourceLoader: at com.bumptech.glide.load.engine.DecodeJob.runWrapped(DecodeJob.java:276)
08-23 06:05:15.459 30650 30925 W ResourceLoader: at com.bumptech.glide.load.engine.DecodeJob.run(DecodeJob.java:234)
08-23 06:05:15.459 30650 30925 W ResourceLoader: at java.util.concurrent.ThreadPoolExecutor.runWorker(ThreadPoolExecutor.java:1167)
08-23 06:05:15.459 30650 30925 W ResourceLoader: at java.util.concurrent.ThreadPoolExecutor$Worker.run(ThreadPoolExecutor.java:641)
08-23 06:05:15.459 30650 30925 W ResourceLoader: at java.lang.Thread.run(Thread.java:923)
08-23 06:05:15.459 30650 30925 W ResourceLoader: at com.bumptech.glide.load.engine.executor.GlideExecutor$DefaultThreadFactory$1.run(Gl ideExecutor.java:393)
08-23 06:05:15.459 30650 30925 E upgadata.up772: Invalid ID 0x00000000.
08-23 06:05:15.460 30650 30925 W ResourceLoader: Received invalid resource id: 0
08-23 06:05:15.460 30650 30925 W ResourceLoader: android.content.res.Resources$NotFoundException: Unable to find resource ID #0x0
08-23 06:05:15.460 30650 30925 W ResourceLoader: at android.content.res.ResourcesImpl.getResourcePackageName(ResourcesImpl.java:286)
08-23 06:05:15.460 30650 30925 W ResourceLoader: at android.content.res.Resources.getResourcePackageName(Resources.java:2236)
08-23 06:05:15.460 30650 30925 W ResourceLoader: at com.bumptech.glide.load.model.ResourceLoader.getResourceUri(ResourceLoader.java:45)
08-23 06:05:15.460 30650 30925 W ResourceLoader: at com.bumptech.glide.load.model.ResourceLoader.buildLoadData(ResourceLoader.java:35)
08-23 06:05:15.460 30650 30925 W ResourceLoader: at com.bumptech.glide.load.model.ResourceLoader.buildLoadData(ResourceLoader.java:20)
08-23 06:05:15.460 30650 30925 W ResourceLoader: at com.bumptech.glide.load.engine.DecodeHelper.getLoadData(DecodeHelper.java:211)
08-23 06:05:15.460 30650 30925 W ResourceLoader: at com.bumptech.glide.load.engine.DecodeHelper.getCacheKeys(DecodeHelper.java:224)
08-23 06:05:15.460 30650 30925 W ResourceLoader: at com.bumptech.glide.load.engine.ResourceCacheGenerator.startNext(ResourceCacheGenera tor.java:44)
08-23 06:05:15.460 30650 30925 W ResourceLoader: at com.bumptech.glide.load.engine.DecodeJob.runGenerators(DecodeJob.java:310)
08-23 06:05:15.460 30650 30925 W ResourceLoader: at com.bumptech.glide.load.engine.DecodeJob.runWrapped(DecodeJob.java:276)
08-23 06:05:15.460 30650 30925 W ResourceLoader: at com.bumptech.glide.load.engine.DecodeJob.run(DecodeJob.java:234)
08-23 06:05:15.460 30650 30925 W ResourceLoader: at java.util.concurrent.ThreadPoolExecutor.runWorker(ThreadPoolExecutor.java:1167)
08-23 06:05:15.460 30650 30925 W ResourceLoader: at java.util.concurrent.ThreadPoolExecutor$Worker.run(ThreadPoolExecutor.java:641)
08-23 06:05:15.460 30650 30925 W ResourceLoader: at java.lang.Thread.run(Thread.java:923)
08-23 06:05:15.460 30650 30925 W ResourceLoader: at com.bumptech.glide.load.engine.executor.GlideExecutor$DefaultThreadFactory$1.run(Gl ideExecutor.java:393)
08-23 06:05:15.538 30650 30650 W ziparchive: Unable to open '/data/user/0/com.upgadata.up7723/bzBox/data/app/com.willdev.ProjectDecay/ base.apk': No such file or directory
08-23 06:05:15.538 30650 30650 E upgadata.up772: Failed to open APK '/data/user/0/com.upgadata.up7723/bzBox/data/app/com.willdev.ProjectDecay/base.apk' I/O error
08-23 06:05:15.675 30650 30650 W Glide : Load failed for 0 with size [5x5]
08-23 06:05:15.675 30650 30650 W Glide : class com.bumptech.glide.load.engine.GlideException: Failed to load resource
08-23 06:05:15.676 30650 30650 W Glide : Load failed for 0 with size [195x195]
08-23 06:05:15.676 30650 30650 W Glide : class com.bumptech.glide.load.engine.GlideException: Failed to load resource
08-23 06:05:18.277 30650 30650 D MIUIInput: [KeyEvent] ViewRootImpl KeyEvent { action=ACTION_DOWN, keyCode=KEYCODE_BACK, scanCode=0, metaState=0, flags=0x8, repeatCount=0, eventTime=1205879347, downTime=1205879347, deviceId=-1, source=0x101, displayId=0 }
08-23 06:05:18.286 30650 30650 D MIUIInput: [KeyEvent] ViewRootImpl KeyEvent { action=ACTION_UP, keyCode=KEYCODE_BACK, scanCode=0, metaState=0, flags=0x8, repeatCount=0, eventTime=1205879347, downTime=1205879347, deviceId=-1, source=0x101, displayId=0 }
08-23 06:05:18.287 30650 30650 I MediaPlayerManager: backPress
08-23 06:05:18.331 30650 30818 W SQLiteLog: (28) double-quoted string literal: "
08-23 06:05:18.331 30650 30818 W SQLiteLog: (28) double-quoted string literal: "DEBF4768DF567CB800FA377D7320FD73"
08-23 06:05:18.335 30650 30650 I crashsdk: Unexp log not enabled, skip update unexp info!
08-23 06:05:18.335 30650 30650 E asdasdasd1: com.upgadata.up7723.classic.NewClassicTagGameActivity
08-23 06:05:18.339 30650 30650 E asdasdasd2: com.upgadata.up7723.classic.NewClassicTagGameActivity
08-23 06:05:18.365 30650 30650 W ziparchive: Unable to open '/data/user/0/com.upgadata.up7723/bzBox/data/app/com.whitespiritgames.winter/ base.apk': No such file or directory
08-23 06:05:18.365 30650 30650 E upgadata.up772: Failed to open APK '/data/user/0/com.upgadata.up7723/bzBox/data/app/com.whitespiritgames.winter/ base.apk' I/O error
08-23 06:05:18.365 30650 30818 W SQLiteLog: (28) double-quoted string literal: "DEBF4768DF567CB800FA377D7320FD73"
08-23 06:05:18.365 30650 30818 W SQLiteLog: (28) double-quoted string literal: ""
08-23 06:05:18.366 30650 30818 W SQLiteLog: (28) double-quoted string literal: "DEBF4768DF567CB800FA377D7320FD73"
08-23 06:05:18.366 30650 30818 W SQLiteLog: (28) double-quoted string literal: "-1"
08-23 06:05:18.380 30650 30650 W ziparchive: Unable to open '/data/user/0/com.upgadata.up7723/bzBox/data/app/com.willdev.ProjectDecay/ base.apk': No such file or directory
08-23 06:05:18.380 30650 30650 E upgadata.up772: Failed to open APK '/data/user/0/com.upgadata.up7723/bzBox/data/app/com.willdev.ProjectDecay/base.apk' I/O error
08-23 06:05:18.416 30650 30650 W ziparchive: Unable to open '/data/user/0/com.upgadata.up7723/bzBox/data/app/com.gss.us.police.dog.robot.shoppi ng.mall.crime.shooting.games/base.apk': No such file or directory
08-23 06:05:18.416 30650 30650 E upgadata.up772: Failed to open APK '/data/user/0/com.upgadata.up7723/bzBox/data/app/com.gss.us.police.dog.robot.shoppi ng.mall.crime.shooting.games/base.apk' I/O error
08-23 06:05:18.806 30650 30650 D MediaPlayerManager: release
08-23 06:05:18.806 30650 30650 I MediaPlayerManager: updateState [IDLE]
08-23 06:05:19.237 30650 30650 W ziparchive: Unable to open '/data/user/0/com.upgadata.up7723/bzBox/data/app/com.DarkGamesSCB.Granma2/ base.apk': No such file or directory
08-23 06:05:19.237 30650 30650 E upgadata.up772: Failed to open APK '/data/user/0/com.upgadata.up7723/bzBox/data/app/com.DarkGamesSCB.Granma2/base.apk' I/O error
08-23 06:05:22.322 30650 30650 W Choreographer: Frame time is 0.164138 ms in the future! Check that graphics HAL is generating vsync timestamps using the correct timebase.
08-23 06:05:23.648 30650 30650 I Timeline: Timeline: Activity_launch_request time:1205884736
08-23 06:05:23.675 30650 30818 W SQLiteLog: (28) double-quoted string literal: "
08-23 06:05:23.675 30650 30818 W SQLiteLog: (28) double-quoted string literal: "DEBF4768DF567CB800FA377D7320FD73"
08-23 06:05:23.677 30650 30650 D DecorView[]: getWindowModeFromSystem windowmode is 1
08-23 06:05:23.677 30650 30650 D DecorView: createDecorCaptionView windowingMode:1 mWindowMode 1 isFullscreen: true
08-23 06:05:23.682 30650 30862 D ViewContentFactory: initViewContentFetcherClass
08-23 06:05:23.682 30650 30862 I ContentCatcher: ViewContentFetcher : ViewContentFetcher
08-23 06:05:23.682 30650 30862 D ViewContentFactory: createInterceptor took 0ms
08-23 06:05:23.683 30650 30862 I ContentCatcher: Interceptor : Catcher list invalid for com.upgadata.up7723@com.upgadata.up7723.game.detail.DetailGameActivity@40618461
08-23 06:05:23.683 30650 30862 I ContentCatcher: Interceptor : Get featureInfo from config image_pick_mode
08-23 06:05:23.683 30650 30862 I ContentCatcher: Interceptor : Get featureInfo from config pick_mode
08-23 06:05:23.726 30650 30650 D DecorView: createDecorCaptionView windowingMode:1 mWindowMode 1 isFullscreen: true
08-23 06:05:23.743 30650 30650 I crashsdk: Unexp log not enabled, skip update unexp info!
08-23 06:05:23.743 30650 30650 E asdasdasd1: com.upgadata.up7723.game.detail.DetailGameActivity
08-23 06:05:23.744 30650 30650 E asdasdasd2: com.upgadata.up7723.game.detail.DetailGameActivity
08-23 06:05:23.746 30650 30650 E asdasdasd:: 0
08-23 06:05:23.747 30650 30650 D DecorView[]: getWindowModeFromSystem windowmode is 1
08-23 06:05:23.753 30650 30818 W SQLiteLog: (28) double-quoted string literal: "DEBF4768DF567CB800FA377D7320FD73"
08-23 06:05:23.753 30650 30818 W SQLiteLog: (28) double-quoted string literal: ""
08-23 06:05:23.753 30650 30818 W SQLiteLog: (28) double-quoted string literal: "DEBF4768DF567CB800FA377D7320FD73"
08-23 06:05:23.753 30650 30818 W SQLiteLog: (28) double-quoted string literal: "-1"
08-23 06:05:24.024 30650 30805 I crashsdk: crashsdk uploading logs
08-23 06:05:24.555 30650 30925 E upgadata.up772: Invalid ID 0x00000000.
08-23 06:05:24.555 30650 30925 W ResourceLoader: Received invalid resource id: 0
08-23 06:05:24.555 30650 30925 W ResourceLoader: android.content.res.Resources$NotFoundException: Unable to find resource ID #0x0
08-23 06:05:24.555 30650 30925 W ResourceLoader: at android.content.res.ResourcesImpl.getResourcePackageName(ResourcesImpl.java:286)
08-23 06:05:24.555 30650 30925 W ResourceLoader: at android.content.res.Resources.getResourcePackageName(Resources.java:2236)
08-23 06:05:24.555 30650 30925 W ResourceLoader: at com.bumptech.glide.load.model.ResourceLoader.getResourceUri(ResourceLoader.java:45)
08-23 06:05:24.555 30650 30925 W ResourceLoader: at com.bumptech.glide.load.model.ResourceLoader.buildLoadData(ResourceLoader.java:35)
08-23 06:05:24.555 30650 30925 W ResourceLoader: at com.bumptech.glide.load.model.ResourceLoader.buildLoadData(ResourceLoader.java:20)
08-23 06:05:24.555 30650 30925 W ResourceLoader: at com.bumptech.glide.load.engine.DecodeHelper.getLoadData(DecodeHelper.java:211)
08-23 06:05:24.555 30650 30925 W ResourceLoader: at com.bumptech.glide.load.engine.DecodeHelper.getCacheKeys(DecodeHelper.java:224)
08-23 06:05:24.555 30650 30925 W ResourceLoader: at com.bumptech.glide.load.engine.ResourceCacheGenerator.startNext(ResourceCacheGenera tor.java:44)
08-23 06:05:24.555 30650 30925 W ResourceLoader: at com.bumptech.glide.load.engine.DecodeJob.runGenerators(DecodeJob.java:310)
08-23 06:05:24.555 30650 30925 W ResourceLoader: at com.bumptech.glide.load.engine.DecodeJob.runWrapped(DecodeJob.java:276)
08-23 06:05:24.555 30650 30925 W ResourceLoader: at com.bumptech.glide.load.engine.DecodeJob.run(DecodeJob.java:234)
08-23 06:05:24.555 30650 30925 W ResourceLoader: at java.util.concurrent.ThreadPoolExecutor.runWorker(ThreadPoolExecutor.java:1167)
08-23 06:05:24.555 30650 30925 W ResourceLoader: at java.util.concurrent.ThreadPoolExecutor$Worker.run(ThreadPoolExecutor.java:641)
08-23 06:05:24.555 30650 30925 W ResourceLoader: at java.lang.Thread.run(Thread.java:923)
08-23 06:05:24.555 30650 30925 W ResourceLoader: at com.bumptech.glide.load.engine.executor.GlideExecutor$DefaultThreadFactory$1.run(Gl ideExecutor.java:393)
08-23 06:05:24.555 30650 30925 E upgadata.up772: Invalid ID 0x00000000.
08-23 06:05:24.556 30650 30925 W ResourceLoader: Received invalid resource id: 0
08-23 06:05:24.556 30650 30925 W ResourceLoader: android.content.res.Resources$NotFoundException: Unable to find resource ID #0x0
08-23 06:05:24.556 30650 30925 W ResourceLoader: at android.content.res.ResourcesImpl.getResourcePackageName(ResourcesImpl.java:286)
08-23 06:05:24.556 30650 30925 W ResourceLoader: at android.content.res.Resources.getResourcePackageName(Resources.java:2236)
08-23 06:05:24.556 30650 30925 W ResourceLoader: at com.bumptech.glide.load.model.ResourceLoader.getResourceUri(ResourceLoader.java:45)
08-23 06:05:24.556 30650 30925 W ResourceLoader: at com.bumptech.glide.load.model.ResourceLoader.buildLoadData(ResourceLoader.java:35)
08-23 06:05:24.556 30650 30925 W ResourceLoader: at com.bumptech.glide.load.model.ResourceLoader.buildLoadData(ResourceLoader.java:20)
