We take content rights seriously. If you suspect this is your content, claim it here.
Available Formats
Download as TXT, PDF, TXT or read online on Scribd
You are on page 1/ 73
--------- beginning of main
08-23 06:05:08.337 30650 30650 V Tinker.SamplePatchListener: application
maxMemory:256
08-23 06:05:08.339 30650 30650 W Tinker.Tinker: tinker patch directory: /data/user/0/com.upgadata.up7723/tinker
08-23 06:05:08.341 30650 30650 I Tinker.Tinker: try to install tinker, isEnable: true, version: 1.9.14.18
08-23 06:05:08.341 30650 30650 I Tinker.TinkerLoadResult: parseTinkerResult loadCode:-2, process name:com.upgadata.up7723, main process:true, systemOTA:false, fingerPrint:Xiaomi/raphael/raphael:11/RKQ1.200826.002/V12.5.6.0.RFKCNXM:user/ release-keys, oatDir:null, useInterpretMode:false
08-23 06:05:08.341 30650 30650 W Tinker.TinkerLoadResult: can't find patch file, is ok, just return
08-23 06:05:08.342 30650 30650 I Tinker.DefaultLoadReporter: patch loadReporter onLoadResult: patch load result, path:/data/user/0/com.upgadata.up7723/tinker, code: -2, cost: 3ms
08-23 06:05:08.342 30650 30650 W Tinker.Tinker: tinker load fail!
08-23 06:05:08.387 30650 30650 I Zeus/init_pangle: ZeusManager init, context = com.upgadata.up7723.VApp@ebde316, hParam = com.bytedance.pangle.GlobalParam@b0e9497
08-23 06:05:08.390 30650 30650 E flipped : init succeeded.
08-23 06:05:08.391 30650 30695 E flipped : Attach current thread 0
08-23 06:05:08.391 30650 30695 E flipped : Detach current thread 0
08-23 06:05:08.391 30650 30696 E flipped : Attach current thread 0
08-23 06:05:08.392 30650 30696 E flipped : Detach current thread 0
08-23 06:05:08.393 30650 30650 W Zeus/init_pangle: ZeusManager disableApiWarningShownForAndroidP, true
08-23 06:05:08.396 30650 30650 I Zeus/provider_pangle: Need to init system provider info start [packageNam:=com.upgadata.up7723],[processName=com.upgadata.up7723], [authority:com.upgadata.up7723.pangle.provider.proxy.main]
08-23 06:05:08.397 30650 30650 I Zeus/provider_pangle: Init system provider info finish [packageNam:=com.upgadata.up7723],[processName=com.upgadata.up7723], [authority:com.upgadata.up7723.pangle.provider.proxy.main] --------- beginning of system
08-23 06:05:08.461 30650 30650 I ContentProviderMonitor: PerfMonitor installContentProviders : before publish content providers
08-23 06:05:08.465 30650 30650 D Tinker.DefaultAppLike: onCreate
08-23 06:05:08.467 30650 30650 D CompatibilityChangeReporter: Compat change id reported: 149924527; UID 10187; state: ENABLED
08-23 06:05:08.467 30650 30650 D CompatibilityChangeReporter: Compat change id reported: 132649864; UID 10187; state: DISABLED
08-23 06:05:08.487 30650 30650 D CompatibilityChangeReporter: Compat change id reported: 147798919; UID 10187; state: DISABLED
08-23 06:05:08.554 30650 30650 E asdasdasd channle: update
08-23 06:05:08.597 30650 30650 E asdasdasd channle: update
08-23 06:05:08.619 30650 30705 D IdProviderImpl: getOAID
08-23 06:05:08.620 30650 30703 I Pinger : Ping response: `ping ok`, pinged? true
08-23 06:05:08.620 30650 30700 I HttpProxyCacheServer: Proxy cache server started. Is it alive? true
08-23 06:05:08.630 30650 30705 D IdProviderImpl: getVAID
08-23 06:05:08.633 30650 30705 D IdProviderImpl: getAAID
08-23 06:05:08.653 30650 30650 I WebViewFactory: Loading com.google.android.webview version 122.0.6261.119 (code 626111933)
08-23 06:05:08.657 30650 30700 E SQLiteLog: (1) no such column: filemd5 in "UPDATE GameDownload SET channel_id=?,tencentId=?,simpleName=?,adName=?,extr10=?,extr11=?,extr12=?,extr13=?, extr14=?,extr15=?,extr16=?,extr17=?,extr18=?,extr19=?,extr20=?,gameId=?,le
08-23 06:05:08.658 30650 30700 E SQLiteLog: (1) no such column: filemd5 in "UPDATE GameDownload SET channel_id=?,tencentId=?,simpleName=?,adName=?,extr10=?,extr11=?,extr12=?,extr13=?, extr14=?,extr15=?,extr16=?,extr17=?,extr18=?,extr19=?,extr20=?,gameId=?,le
08-23 06:05:08.681 30650 30650 I cr_WVCFactoryProvider: Loaded version=122.0.6261.119 minSdkVersion=29 isBundle=true multiprocess=true packageId=2
08-23 06:05:08.694 30650 30650 I cr_LibraryLoader: Successfully loaded native library
08-23 06:05:08.695 30650 30650 I cr_CachingUmaRecorder: Flushed 5 samples from 5 histograms, 0 samples were dropped.
08-23 06:05:08.697 30650 30650 I TetheringManager: registerTetheringEventCallback:com.upgadata.up7723
08-23 06:05:08.703 30650 30650 I cr_CombinedPProvider: #registerProvider() provider:WV.z7@9fd53f8 isPolicyCacheEnabled:false policyProvidersSize:0
08-23 06:05:08.704 30650 30650 I cr_PolicyProvider: #setManagerAndSource() 0
08-23 06:05:08.717 30650 30650 I cr_CombinedPProvider: #linkNativeInternal() 1
08-23 06:05:08.717 30650 30650 I cr_AppResProvider: #getApplicationRestrictionsFromUserManager() Bundle[EMPTY_PARCEL]
08-23 06:05:08.717 30650 30650 I cr_PolicyProvider: #notifySettingsAvailable() 0
08-23 06:05:08.717 30650 30650 I cr_CombinedPProvider: #onSettingsAvailable() 0
08-23 06:05:08.717 30650 30650 I cr_CombinedPProvider: #flushPolicies()
08-23 06:05:08.750 30650 30650 E libc : Access denied finding property "ro.vendor.df.effect.conflict"
08-23 06:05:08.750 30650 30650 E libc : Access denied finding property "ro.vendor.knock.type"
08-23 06:05:08.731 30650 30650 W upgadata.up7723: type=1400 audit(0.0:2679442): avc: denied { read } for name="u:object_r:vendor_displayfeature_prop:s0" dev="tmpfs" ino=17797 scontext=u:r:untrusted_app_27:s0:c187,c256,c512,c768 tcontext=u:object_r:vendor_displayfeature_prop:s0 tclass=file permissive=0 app=com.upgadata.up7723
08-23 06:05:08.826 30650 30650 D EgretLoader: EgretLoader(Context context)
08-23 06:05:08.826 30650 30650 D EgretLoader: The context is not activity
08-23 06:05:08.913 30650 30770 D DexLoader: initTbsSettings - {use_speedy_classloader=true, use_dexloader_service=true}
08-23 06:05:08.913 30650 30770 D dexloader: Set base classLoader for DexClassLoader: dalvik.system.PathClassLoader[DexPathList[[zip file "/data/app/~~jWIcKG7ghd2TZ3oWsMlO8Q==/com.upgadata.up7723- Q2ZIwmXLk4YZK5XeD0DiXQ==/base.apk", dex file "/data/user/0/com.upgadata.up7723/files/prodexdir/00O000ll111l_0.dex", dex file "/data/user/0/com.upgadata.up7723/files/prodexdir/00O000ll111l_1.dex", dex file "/data/user/0/com.upgadata.up7723/files/prodexdir/00O000ll111l_2.dex", dex file "/data/user/0/com.upgadata.up7723/files/prodexdir/00O000ll111l_3.dex"],nativeLibrar yDirectories=[/data/app/~~jWIcKG7ghd2TZ3oWsMlO8Q==/com.upgadata.up7723- Q2ZIwmXLk4YZK5XeD0DiXQ==/lib/arm, /data/app/~~jWIcKG7ghd2TZ3oWsMlO8Q==/com.upgadata.up7723-Q2ZIwmXLk4YZK5XeD0DiXQ==/ base.apk!/lib/armeabi-v7a, /system/lib, /system/system_ext/lib]]]
08-23 06:05:08.917 30650 30770 I DexLoader: createDexClassLoader,old VerisonCode=4.9.7;newVersionCode=497oldVersionName4.9.7;newVersionName+4.9.7oldDisp layRKQ1.200826.002 test-keys;newDisplay=RKQ1.200826.002 test-keys
08-23 06:05:08.917 30650 30770 D dexloader: createDexClassLoader: /data/user/0/com.upgadata.up7723/app_tbs/core_share/tbs_sdk_extension_dex.jar
08-23 06:05:08.917 30650 30770 D dexloader: sync odex...new DexClassLoader
08-23 06:05:08.920 30650 30650 I eup : register native abi method success
08-23 06:05:08.922 30650 30770 W upgadata.up772: ClassLoaderContext classpath size mismatch. expected=8, found=4 (PCL[];PCL[/data/app/~~jWIcKG7ghd2TZ3oWsMlO8Q==/com.upgadata.up7723- Q2ZIwmXLk4YZK5XeD0DiXQ==/base.apk*972021261:/data/app/~~jWIcKG7ghd2TZ3oWsMlO8Q==/ com.upgadata.up7723-Q2ZIwmXLk4YZK5XeD0DiXQ==/base.apk!classes2.dex*635876487:/ data/app/~~jWIcKG7ghd2TZ3oWsMlO8Q==/com.upgadata.up7723-Q2ZIwmXLk4YZK5XeD0DiXQ==/ base.apk!classes3.dex*635876487:/data/app/~~jWIcKG7ghd2TZ3oWsMlO8Q==/ com.upgadata.up7723-Q2ZIwmXLk4YZK5XeD0DiXQ==/base.apk!classes4.dex*635876487:/ data/user/0/com.upgadata.up7723/files/prodexdir/00O000ll111l_0.dex*3198376930:/ data/user/0/com.upgadata.up7723/files/prodexdir/00O000ll111l_1.dex*2226430875:/ data/user/0/com.upgadata.up7723/files/prodexdir/00O000ll111l_2.dex*489739874:/ data/user/0/com.upgadata.up7723/files/prodexdir/00O000ll111l_3.dex*4103480731] {PCL[/system/framework/android.test.base.jar*2798937298]#PCL[/system/framework/ org.apache.http.legacy.jar*1721227950]} | PCL[];PCL[]{PCL[]#PCL[]})
08-23 06:05:08.922 30650 30770 D dexloader: createDexClassLoader result: dalvik.system.DexClassLoader[DexPathList[[zip file "/data/user/0/com.upgadata.up7723/app_tbs/core_share/tbs_sdk_extension_dex.jar"],na tiveLibraryDirectories=[/data/user/0/com.upgadata.up7723/app_tbs/core_share, /system/lib, /system/system_ext/lib]]]
08-23 06:05:08.934 30650 30650 I MMKV : page size:4096
08-23 06:05:08.934 30650 30650 I MMKV : root dir: /data/user/0/com.upgadata.up7723/files/mmkv
08-23 06:05:08.936 30650 30650 I MMKV : loading [mmkv.default] with 581700 size in total, file size is 1048576
08-23 06:05:08.938 30650 30650 I MMKV : loading [mmkv.default] with crc 2046734274 sequence 6
08-23 06:05:08.938 30650 30650 I MMKV : loaded [mmkv.default] with 102 values
08-23 06:05:08.954 30650 30770 D DexLoader: initTbsSettings - {use_speedy_classloader=true, use_dexloader_service=true}
08-23 06:05:08.954 30650 30770 D dexloader: Set base classLoader for DexClassLoader: dalvik.system.PathClassLoader[DexPathList[[zip file "/data/app/~~jWIcKG7ghd2TZ3oWsMlO8Q==/com.upgadata.up7723- Q2ZIwmXLk4YZK5XeD0DiXQ==/base.apk", dex file "/data/user/0/com.upgadata.up7723/files/prodexdir/00O000ll111l_0.dex", dex file "/data/user/0/com.upgadata.up7723/files/prodexdir/00O000ll111l_1.dex", dex file "/data/user/0/com.upgadata.up7723/files/prodexdir/00O000ll111l_2.dex", dex file "/data/user/0/com.upgadata.up7723/files/prodexdir/00O000ll111l_3.dex"],nativeLibrar yDirectories=[/data/app/~~jWIcKG7ghd2TZ3oWsMlO8Q==/com.upgadata.up7723- Q2ZIwmXLk4YZK5XeD0DiXQ==/lib/arm, /data/app/~~jWIcKG7ghd2TZ3oWsMlO8Q==/com.upgadata.up7723-Q2ZIwmXLk4YZK5XeD0DiXQ==/ base.apk!/lib/armeabi-v7a, /system/lib, /system/system_ext/lib]]]
08-23 06:05:08.955 30650 30770 I DexLoader: createDexClassLoader,old VerisonCode=4.9.7;newVersionCode=497oldVersionName4.9.7;newVersionName+4.9.7oldDisp layRKQ1.200826.002 test-keys;newDisplay=RKQ1.200826.002 test-keys
08-23 06:05:08.955 30650 30770 D dexloader: createDexClassLoader: /data/user/0/com.upgadata.up7723/app_tbs/core_share/apache_dex.jar
08-23 06:05:08.955 30650 30770 D dexloader: sync odex...new DexClassLoader
08-23 06:05:08.963 30650 30770 W upgadata.up772: ClassLoaderContext classpath size mismatch. expected=8, found=4 (PCL[];PCL[/data/app/~~jWIcKG7ghd2TZ3oWsMlO8Q==/com.upgadata.up7723- Q2ZIwmXLk4YZK5XeD0DiXQ==/base.apk*972021261:/data/app/~~jWIcKG7ghd2TZ3oWsMlO8Q==/ com.upgadata.up7723-Q2ZIwmXLk4YZK5XeD0DiXQ==/base.apk!classes2.dex*635876487:/ data/app/~~jWIcKG7ghd2TZ3oWsMlO8Q==/com.upgadata.up7723-Q2ZIwmXLk4YZK5XeD0DiXQ==/ base.apk!classes3.dex*635876487:/data/app/~~jWIcKG7ghd2TZ3oWsMlO8Q==/ com.upgadata.up7723-Q2ZIwmXLk4YZK5XeD0DiXQ==/base.apk!classes4.dex*635876487:/ data/user/0/com.upgadata.up7723/files/prodexdir/00O000ll111l_0.dex*3198376930:/ data/user/0/com.upgadata.up7723/files/prodexdir/00O000ll111l_1.dex*2226430875:/ data/user/0/com.upgadata.up7723/files/prodexdir/00O000ll111l_2.dex*489739874:/ data/user/0/com.upgadata.up7723/files/prodexdir/00O000ll111l_3.dex*4103480731] {PCL[/system/framework/android.test.base.jar*2798937298]#PCL[/system/framework/ org.apache.http.legacy.jar*1721227950]} | PCL[];PCL[]{PCL[]#PCL[]})
08-23 06:05:08.963 30650 30770 D dexloader: createDexClassLoader result: dalvik.system.DexClassLoader[DexPathList[[zip file "/data/user/0/com.upgadata.up7723/app_tbs/core_share/apache_dex.jar"],nativeLibrary Directories=[/data/user/0/com.upgadata.up7723/app_tbs/core_share, /data/user/0/com.upgadata.up7723/app_tbs/share/plugins/com.tencent.qb.plugin.videod ecode, /system/lib, /system/system_ext/lib]]]
08-23 06:05:08.964 30650 30770 I DexLoader: createDexClassLoader,old VerisonCode=4.9.7;newVersionCode=497oldVersionName4.9.7;newVersionName+4.9.7oldDisp layRKQ1.200826.002 test-keys;newDisplay=RKQ1.200826.002 test-keys
08-23 06:05:08.964 30650 30770 D dexloader: createDexClassLoader: /data/user/0/com.upgadata.up7723/app_tbs/core_share/tbs_jars_fusion_dex.jar
08-23 06:05:08.964 30650 30770 D dexloader: sync odex...new DexClassLoader
08-23 06:05:08.969 30650 30794 I UMCrash : get common. apm ctr flag is 0
08-23 06:05:08.970 30650 30650 I UMCrash : int apm. flag is 0
08-23 06:05:08.961 30650 30650 W tbs_preinit: type=1400 audit(0.0:2679443): avc: granted { execute } for path="/data/user/0/com.upgadata.up7723/app_tbs/core_share/libwebp_base.so" dev="sda31" ino=14813766 scontext=u:r:untrusted_app_27:s0:c187,c256,c512,c768 tcontext=u:object_r:app_data_file:s0:c187,c256,c512,c768 tclass=file app=com.upgadata.up7723
08-23 06:05:08.972 30650 30770 W upgadata.up772: ClassLoaderContext classpath size mismatch. expected=8, found=4 (PCL[];PCL[apache_dex.jar*2020980117];PCL[/data/app/~~jWIcKG7ghd2TZ3oWsMlO8Q==/ com.upgadata.up7723-Q2ZIwmXLk4YZK5XeD0DiXQ==/base.apk*972021261:/data/app/ ~~jWIcKG7ghd2TZ3oWsMlO8Q==/com.upgadata.up7723-Q2ZIwmXLk4YZK5XeD0DiXQ==/base.apk! classes2.dex*635876487:/data/app/~~jWIcKG7ghd2TZ3oWsMlO8Q==/com.upgadata.up7723- Q2ZIwmXLk4YZK5XeD0DiXQ==/base.apk!classes3.dex*635876487:/data/app/ ~~jWIcKG7ghd2TZ3oWsMlO8Q==/com.upgadata.up7723-Q2ZIwmXLk4YZK5XeD0DiXQ==/base.apk! classes4.dex*635876487:/data/user/0/com.upgadata.up7723/files/prodexdir/ 00O000ll111l_0.dex*3198376930:/data/user/0/com.upgadata.up7723/files/prodexdir/ 00O000ll111l_1.dex*2226430875:/data/user/0/com.upgadata.up7723/files/prodexdir/ 00O000ll111l_2.dex*489739874:/data/user/0/com.upgadata.up7723/files/prodexdir/ 00O000ll111l_3.dex*4103480731]{PCL[/system/framework/ android.test.base.jar*2798937298]#PCL[/system/framework/ org.apache.http.legacy.jar*1721227950]} | PCL[];PCL[];PCL[]{PCL[]#PCL[]})
08-23 06:05:08.972 30650 30770 D dexloader: createDexClassLoader result: dalvik.system.DexClassLoader[DexPathList[[zip file "/data/user/0/com.upgadata.up7723/app_tbs/core_share/tbs_jars_fusion_dex.jar"],nati veLibraryDirectories=[/data/user/0/com.upgadata.up7723/app_tbs/core_share, /data/user/0/com.upgadata.up7723/app_tbs/share/plugins/com.tencent.qb.plugin.videod ecode, /system/lib, /system/system_ext/lib]]]
08-23 06:05:08.975 30650 30650 I UMCrash : enable : java is true, native is true, anr is true
08-23 06:05:08.975 30650 30650 I UMCrash : crash rate domain is https://errnewlog.umeng.com
08-23 06:05:08.971 30789 30789 W dexoptanalyzer: type=1400 audit(0.0:2679444): avc: denied { read } for path="/data/app/~~jWIcKG7ghd2TZ3oWsMlO8Q==/com.upgadata.up7723- Q2ZIwmXLk4YZK5XeD0DiXQ==/base.apk" dev="sda31" ino=15597646 scontext=u:r:dexoptanalyzer:s0 tcontext=u:object_r:apk_data_file:s0 tclass=file permissive=0 app=com.upgadata.up7723
08-23 06:05:09.003 30650 30650 I crashsdk: version unique build id: 39efde0d
08-23 06:05:09.004 30650 30650 W crashsdk: Set: Unknown key 38
08-23 06:05:09.004 30650 30650 W crashsdk: Set: Unknown key 39
08-23 06:05:09.004 30650 30806 D crashsdk: Native log stat thread 30806 setup, waiting
08-23 06:05:08.991 30650 30650 W upgadata.up7723: type=1400 audit(0.0:2679445): avc: denied { read } for name="version" dev="proc" ino=4026532138 scontext=u:r:untrusted_app_27:s0:c187,c256,c512,c768 tcontext=u:object_r:proc_version:s0 tclass=file permissive=0 app=com.upgadata.up7723
08-23 06:05:09.006 30650 30650 I crashsdk: Catcher mask: 1000, 4096
08-23 06:05:09.006 30650 30650 I crashsdk: Catcher thread 30660
08-23 06:05:09.006 30650 30650 D crashsdk: Register ANR handler ...
08-23 06:05:09.006 30650 30650 I crashsdk: begin hack android.os.Process
08-23 06:05:09.006 30650 30650 I crashsdk: end hack android.os.Process
08-23 06:05:09.006 30650 30650 I crashsdk: LibcMalloc detail: disabled.
08-23 06:05:09.023 30650 30794 E upgadata.up772: Invalid ID 0x00000000.
08-23 06:05:09.026 30650 30811 E upgadata.up772: Invalid ID 0x00000000.
08-23 06:05:09.028 30650 30807 I common-logging: make_dir > path : /data/user/0/com.upgadata.up7723/filescommonCache/tbs/com.upgadata.up7723/ logging_cache/
08-23 06:05:09.028 30650 30807 I common-logging: make_dir > path : /storage/emulated/0/Android/data/com.upgadata.up7723/files/commonlog/tbs/ com.upgadata.up7723/
08-23 06:05:09.011 30650 30650 W logging-thread: type=1400 audit(0.0:2679446): avc: granted { execute } for path="/data/user/0/com.upgadata.up7723/app_tbs/core_share/libx5log.so" dev="sda31" ino=14813787 scontext=u:r:untrusted_app_27:s0:c187,c256,c512,c768 tcontext=u:object_r:app_data_file:s0:c187,c256,c512,c768 tclass=file app=com.upgadata.up7723
08-23 06:05:09.029 30650 30807 I common-logging: cpu_byteorder > system is a low byteorder
08-23 06:05:09.029 30650 30807 I common-logging: read_mmap_data > path's json length : 37
08-23 06:05:09.029 30650 30807 I common-logging: dir_json {"version":3,"file":"1724342400000"}
08-23 06:05:09.029 30650 30807 I common-logging: read_mmapdata_tbslog > dir , path and version : /storage/emulated/0/Android/data/com.upgadata.up7723/files/commonlog/tbs/ com.upgadata.up7723/ || 1724342400000 || 3.000000
08-23 06:05:09.029 30650 30807 I common-logging: write_mmap_data > buffer total length 0
08-23 06:05:09.029 30650 30807 I common-logging: log_init > logging init success
08-23 06:05:09.032 30650 30814 E ballack : initGlobalInfo called once.
08-23 06:05:09.035 30650 30794 D WpkPaConfig: un repeat check in 24 hour!
08-23 06:05:09.036 30650 30650 I UMCrash : inner config : net rate is 0
08-23 06:05:09.036 30650 30650 I UMCrash : inner config : net close.
08-23 06:05:09.036 30650 30650 I UMCrash : inner config : nativeH5Rate is 0
08-23 06:05:09.036 30650 30650 I UMCrash : inner config : h5 close.
08-23 06:05:09.036 30650 30650 I UMCrash : inner config : page rate is -1
08-23 06:05:09.038 30650 30794 I Matrix.AnrTracer: anrTrace, final mAnrBeatTime:400, mAnrBeatRate:400
08-23 06:05:09.043 30789 30789 W dexoptanalyzer: Could not get dex checksums for location /data/app/~~jWIcKG7ghd2TZ3oWsMlO8Q==/com.upgadata.up7723- Q2ZIwmXLk4YZK5XeD0DiXQ==/base.apk, fd=8
08-23 06:05:09.043 30789 30789 W dexoptanalyzer: Current thread not detached in Runtime shutdown
08-23 06:05:09.048 30650 30650 W Looper : PerfMonitor longMsg : seq=2 plan=06:05:07.843 late=3ms wall=1202ms running=634ms runnable=46ms io=15ms binder=106ms h=android.app.ActivityThread$H w=110 procState=2
08-23 06:05:09.056 30650 30814 W efs.send_log: tryFileLock start!
08-23 06:05:09.056 30650 30823 D IdProviderImpl: getOAID
08-23 06:05:09.076 30650 30770 E TBSBugly: init #00
08-23 06:05:09.076 30650 30770 E TBSBugly: init return can not use
08-23 06:05:09.080 30650 30814 I efs.config: delete old config is false
08-23 06:05:09.091 30650 30832 W efs.send_log: tryFileLock sendlock sucess! processname: com.upgadata.up7723
08-23 06:05:09.091 30650 30814 I efs.config: current config version (-1) is older than another (1723634419)
08-23 06:05:09.092 30650 30814 I efs.config: load config from storage and notify observer
08-23 06:05:09.096 30825 30825 W dex2oat32: Using default instruction set features for ARM CPU variant (cortex-a9) using conservative defaults
08-23 06:05:09.097 30825 30825 I dex2oat32: dex2oat of ppid 1415, cpu affinity is set to 0,1,4,5, success.
08-23 06:05:09.097 30825 30825 I dex2oat32: /apex/com.android.art/bin/dex2oat32 -- input-vdex-fd=-1 --output-vdex-fd=16 --call-from-installd=1 --updatable-bcp- packages-file=/system/etc/updatable-bcp-packages.txt --resolve-startup-const- strings=true --max-image-block-size=524288 --compiler-filter=verify -j6 -- classpath-dir=/data/user/0/com.upgadata.up7723/app_tbs/core_share --class-loader- context=PCL[];PCL[/data/app/~~jWIcKG7ghd2TZ3oWsMlO8Q==/com.upgadata.up7723- Q2ZIwmXLk4YZK5XeD0DiXQ==/base.apk:/data/user/0/com.upgadata.up7723/files/ prodexdir/00O000ll111l_0.dex:/data/user/0/com.upgadata.up7723/files/prodexdir/ 00O000ll111l_1.dex:/data/user/0/com.upgadata.up7723/files/prodexdir/ 00O000ll111l_2.dex:/data/user/0/com.upgadata.up7723/files/prodexdir/ 00O000ll111l_3.dex]{PCL[/system/framework/android.test.base.jar]#PCL[/system/ framework/org.apache.http.legacy.jar]} --class-loader-context- fds=8:9:10:11:12:13:14 --generate-mini-debug-info --compilation-reason=secondary
08-23 06:05:09.102 30825 30825 I dex2oat32: setting boot class path to /apex/com.android.art/javalib/core-oj.jar:/apex/com.android.art/javalib/core- libart.jar:/apex/com.android.art/javalib/core-icu4j.jar:/apex/com.android.art/ javalib/okhttp.jar:/apex/com.android.art/javalib/bouncycastle.jar:/apex/ com.android.art/javalib/apache-xml.jar:/system/framework/framework.jar:/system/ framework/[email protected]:/system/framework/[email protected]:/system/ framework/ext.jar:/system/framework/telephony-common.jar:/system/framework/voip- common.jar:/system/framework/ims-common.jar:/system/framework/framework-atb- backward-compatibility.jar:/system/framework/tcmiface.jar:/system/framework/ qcom.fmradio.jar:/system/framework/com.nxp.nfc.nq.jar:/system/framework/ QPerformance.jar:/system/framework/UxPerformance.jar:/system/framework/ WfdCommon.jar:/system/framework/telephony-ext.jar
08-23 06:05:09.104 30650 30821 E upgadata.up772: Invalid ID 0x00000000.
08-23 06:05:09.184 30650 30650 D DecorView[]: getWindowModeFromSystem windowmode is 1
08-23 06:05:09.184 30650 30650 D DecorView: createDecorCaptionView windowingMode:1 mWindowMode 1 isFullscreen: true
08-23 06:05:09.192 30650 30829 W upgadata.up772: ClassLoaderContext classpath size mismatch. expected=8, found=4 (PCL[];PCL[tbs_jars_fusion_dex.jar*3364459018];PCL[apache_dex.jar*2020980117];PCL[/ data/app/~~jWIcKG7ghd2TZ3oWsMlO8Q==/com.upgadata.up7723-Q2ZIwmXLk4YZK5XeD0DiXQ==/ base.apk*972021261:/data/app/~~jWIcKG7ghd2TZ3oWsMlO8Q==/com.upgadata.up7723- Q2ZIwmXLk4YZK5XeD0DiXQ==/base.apk!classes2.dex*635876487:/data/app/ ~~jWIcKG7ghd2TZ3oWsMlO8Q==/com.upgadata.up7723-Q2ZIwmXLk4YZK5XeD0DiXQ==/base.apk! classes3.dex*635876487:/data/app/~~jWIcKG7ghd2TZ3oWsMlO8Q==/com.upgadata.up7723- Q2ZIwmXLk4YZK5XeD0DiXQ==/base.apk!classes4.dex*635876487:/data/user/0/ com.upgadata.up7723/files/prodexdir/00O000ll111l_0.dex*3198376930:/data/user/0/ com.upgadata.up7723/files/prodexdir/00O000ll111l_1.dex*2226430875:/data/user/0/ com.upgadata.up7723/files/prodexdir/00O000ll111l_2.dex*489739874:/data/user/0/ com.upgadata.up7723/files/prodexdir/00O000ll111l_3.dex*4103480731]{PCL[/system/ framework/android.test.base.jar*2798937298]#PCL[/system/framework/ org.apache.http.legacy.jar*1721227950]} | PCL[];PCL[];PCL[];PCL[]{PCL[]#PCL[]})
08-23 06:05:09.195 30650 30829 E TbsPbProxy: TbsPbBridge Class.forName exception
08-23 06:05:09.201 30650 30821 E upgadata.up772: Invalid ID 0x00000000.
08-23 06:05:09.212 30650 30821 E upgadata.up772: Invalid ID 0x00000000.
08-23 06:05:09.191 30650 30650 W beacon-thread-1: type=1400 audit(0.0:2679447): avc: granted { execute } for path="/data/user/0/com.upgadata.up7723/app_tbs/core_share/libtbsbeaconid.so" dev="sda31" ino=14813748 scontext=u:r:untrusted_app_27:s0:c187,c256,c512,c768 tcontext=u:object_r:app_data_file:s0:c187,c256,c512,c768 tclass=file app=com.upgadata.up7723
08-23 06:05:09.201 30650 30650 W tbs_preinit: type=1400 audit(0.0:2679448): avc: granted { execute } for path="/data/user/0/com.upgadata.up7723/app_tbs/core_share/libmttwebview.so" dev="sda31" ino=14813716 scontext=u:r:untrusted_app_27:s0:c187,c256,c512,c768 tcontext=u:object_r:app_data_file:s0:c187,c256,c512,c768 tclass=file app=com.upgadata.up7723
08-23 06:05:09.219 30650 30853 W FileUtils: Failed to chmod(/data/user/0/com.tencent.mtt/app_tbs): android.system.ErrnoException: chmod failed: EACCES (Permission denied)
08-23 06:05:09.220 30650 30853 W FileUtils: Failed to chmod(/data/user/0/com.tencent.mtt/app_tbs_common_share): android.system.ErrnoException: chmod failed: EACCES (Permission denied)
08-23 06:05:09.231 30650 30821 E upgadata.up772: Invalid ID 0x00000000.
08-23 06:05:09.233 30650 30853 W FileUtils: Failed to chmod(/data/user/0/com.tencent.mm/app_tbs): android.system.ErrnoException: chmod failed: EACCES (Permission denied)
08-23 06:05:09.234 30650 30853 W FileUtils: Failed to chmod(/data/user/0/com.tencent.mm/app_tbs_common_share): android.system.ErrnoException: chmod failed: EACCES (Permission denied)
08-23 06:05:09.274 30650 30853 W FileUtils: Failed to chmod(/data/user/0/com.tencent.mobileqq/app_tbs): android.system.ErrnoException: chmod failed: EACCES (Permission denied)
08-23 06:05:09.274 30650 30853 W FileUtils: Failed to chmod(/data/user/0/com.tencent.mobileqq/app_tbs_common_share): android.system.ErrnoException: chmod failed: EACCES (Permission denied)
08-23 06:05:09.282 30650 30650 D SoLoader: init start
08-23 06:05:09.282 30650 30650 D SoLoader: adding system library source: /vendor/lib
08-23 06:05:09.283 30650 30650 D SoLoader: adding system library source: /system/lib
08-23 06:05:09.283 30650 30650 D SoLoader: adding application source: com.facebook.soloader.DirectorySoSource[root = /data/app/~~jWIcKG7ghd2TZ3oWsMlO8Q==/com.upgadata.up7723-Q2ZIwmXLk4YZK5XeD0DiXQ==/ lib/arm flags = 0]
08-23 06:05:09.285 30650 30650 D SoLoader: adding backup source from : com.facebook.soloader.ApkSoSource[root = /data/user/0/com.upgadata.up7723/lib-main flags = 1]
08-23 06:05:09.285 30650 30650 D SoLoader: Preparing SO source: com.facebook.soloader.DirectorySoSource[root = /system/lib flags = 2]
08-23 06:05:09.285 30650 30650 D SoLoader: Preparing SO source: com.facebook.soloader.DirectorySoSource[root = /vendor/lib flags = 2]
08-23 06:05:09.285 30650 30650 D SoLoader: Preparing SO source: com.facebook.soloader.DirectorySoSource[root = /data/app/~~jWIcKG7ghd2TZ3oWsMlO8Q==/com.upgadata.up7723-Q2ZIwmXLk4YZK5XeD0DiXQ==/ lib/arm flags = 0]
08-23 06:05:09.285 30650 30650 D SoLoader: Preparing SO source: com.facebook.soloader.ApkSoSource[root = /data/user/0/com.upgadata.up7723/lib-main flags = 1]
08-23 06:05:09.286 30650 30650 V fb-UnpackingSoSource: locked dso store /data/user/0/com.upgadata.up7723/lib-main
08-23 06:05:09.289 30650 30650 I fb-UnpackingSoSource: dso store is up-to-date: /data/user/0/com.upgadata.up7723/lib-main
08-23 06:05:09.289 30650 30650 V fb-UnpackingSoSource: releasing dso store lock for /data/user/0/com.upgadata.up7723/lib-main
08-23 06:05:09.289 30650 30650 D SoLoader: init finish: 4 SO sources prepared
08-23 06:05:09.289 30650 30650 D SoLoader: init exiting
08-23 06:05:09.302 30825 30825 I dex2oat32: dex2oat took 206.992ms (173.006ms cpu) (threads: 6) arena alloc=0B (0B) java alloc=130KB (133872B) native alloc=2473KB (2533232B) free=678KB (694416B)
08-23 06:05:09.303 30650 30650 I MMKV : loading [InterProcessKV] with 1491 size in total, file size is 4096
08-23 06:05:09.303 30650 30650 I MMKV : loading [InterProcessKV] with crc 4243242438 sequence 2
08-23 06:05:09.304 30650 30650 I MMKV : loaded [InterProcessKV] with 3 values
08-23 06:05:09.322 30650 30862 W upgadata.up772: Method Landroid/support/v4/media/c;.close is abstract, but the declaring class is neither abstract nor an interface in dex file /system/app/MiuiContentCatcher/MiuiContentCatcher.apk
08-23 06:05:09.322 30650 30862 W upgadata.up772: Method Landroid/support/v4/media/c;.e is abstract, but the declaring class is neither abstract nor an interface in dex file /system/app/MiuiContentCatcher/MiuiContentCatcher.apk
08-23 06:05:09.322 30650 30862 W upgadata.up772: Method Lb/b/b/b/b;.b is abstract, but the declaring class is neither abstract nor an interface in dex file /system/app/MiuiContentCatcher/MiuiContentCatcher.apk
08-23 06:05:09.323 30650 30862 W upgadata.up772: Method Lcom/google/common/collect/Maps$h;.g is abstract, but the declaring class is neither abstract nor an interface in dex file /system/app/MiuiContentCatcher/MiuiContentCatcher.apk
08-23 06:05:09.338 30650 30862 D ViewContentFactory: initViewContentFetcherClass
08-23 06:05:09.338 30650 30862 D ViewContentFactory: getInterceptorPackageInfo
08-23 06:05:09.338 30650 30862 D ViewContentFactory: getInitialApplication took 0ms
08-23 06:05:09.338 30650 30862 D ViewContentFactory: packageInfo.packageName: com.miui.catcherpatch
08-23 06:05:09.351 30650 30862 D ViewContentFactory: initViewContentFetcherClass took 13ms
08-23 06:05:09.351 30650 30862 I ContentCatcher: ViewContentFetcher : ViewContentFetcher
08-23 06:05:09.351 30650 30862 D ViewContentFactory: createInterceptor took 13ms
08-23 06:05:09.353 30650 30862 I ContentCatcher: Interceptor : Catcher list invalid for com.upgadata.up7723@com.upgadata.up7723.classic.NewClassicTagGameActivity@65295606
08-23 06:05:09.354 30650 30862 I ContentCatcher: Interceptor : Get featureInfo from config image_pick_mode
08-23 06:05:09.358 30650 30862 I ContentCatcher: Interceptor : Get featureInfo from config pick_mode
08-23 06:05:09.391 30650 30861 E memtrack: Couldn't load memtrack module
08-23 06:05:09.444 30884 30884 W dexoptanalyzer: Could not get dex checksums for location /data/app/~~jWIcKG7ghd2TZ3oWsMlO8Q==/com.upgadata.up7723- Q2ZIwmXLk4YZK5XeD0DiXQ==/base.apk, fd=8
08-23 06:05:09.445 30884 30884 W dexoptanalyzer: Current thread not detached in Runtime shutdown
08-23 06:05:09.513 30886 30886 W dex2oat32: Using default instruction set features for ARM CPU variant (cortex-a9) using conservative defaults
08-23 06:05:09.513 30886 30886 I dex2oat32: dex2oat of ppid 1415, cpu affinity is set to 0,1,4,5, success.
08-23 06:05:09.514 30886 30886 I dex2oat32: /apex/com.android.art/bin/dex2oat32 -- input-vdex-fd=-1 --output-vdex-fd=16 --call-from-installd=1 --updatable-bcp- packages-file=/system/etc/updatable-bcp-packages.txt --resolve-startup-const- strings=true --max-image-block-size=524288 --compiler-filter=verify -j6 -- classpath-dir=/data/user/0/com.upgadata.up7723/app_tbs/core_share --class-loader- context=PCL[];PCL[/data/app/~~jWIcKG7ghd2TZ3oWsMlO8Q==/com.upgadata.up7723- Q2ZIwmXLk4YZK5XeD0DiXQ==/base.apk:/data/user/0/com.upgadata.up7723/files/ prodexdir/00O000ll111l_0.dex:/data/user/0/com.upgadata.up7723/files/prodexdir/ 00O000ll111l_1.dex:/data/user/0/com.upgadata.up7723/files/prodexdir/ 00O000ll111l_2.dex:/data/user/0/com.upgadata.up7723/files/prodexdir/ 00O000ll111l_3.dex]{PCL[/system/framework/android.test.base.jar]#PCL[/system/ framework/org.apache.http.legacy.jar]} --class-loader-context- fds=8:9:10:11:12:13:14 --generate-mini-debug-info --compilation-reason=secondary
08-23 06:05:09.516 30886 30886 I dex2oat32: setting boot class path to /apex/com.android.art/javalib/core-oj.jar:/apex/com.android.art/javalib/core- libart.jar:/apex/com.android.art/javalib/core-icu4j.jar:/apex/com.android.art/ javalib/okhttp.jar:/apex/com.android.art/javalib/bouncycastle.jar:/apex/ com.android.art/javalib/apache-xml.jar:/system/framework/framework.jar:/system/ framework/[email protected]:/system/framework/[email protected]:/system/ framework/ext.jar:/system/framework/telephony-common.jar:/system/framework/voip- common.jar:/system/framework/ims-common.jar:/system/framework/framework-atb- backward-compatibility.jar:/system/framework/tcmiface.jar:/system/framework/ qcom.fmradio.jar:/system/framework/com.nxp.nfc.nq.jar:/system/framework/ QPerformance.jar:/system/framework/UxPerformance.jar:/system/framework/ WfdCommon.jar:/system/framework/telephony-ext.jar
08-23 06:05:09.608 30886 30886 I dex2oat32: dex2oat took 95.541ms (81.622ms cpu) (threads: 6) arena alloc=0B (0B) java alloc=226KB (231472B) native alloc=2091KB (2141360B) free=640KB (656208B)
08-23 06:05:09.696 30650 30650 E gtagid : -1|0|2
08-23 06:05:09.703 30650 30650 W Activity: Slow Operation: Activity com.upgadata.up7723/.classic.NewClassicTagGameActivity onCreate took 529ms
08-23 06:05:09.709 30650 30650 I crashsdk: Unexp log not enabled, skip update unexp info!
08-23 06:05:09.709 30650 30650 E asdasdasd1: com.upgadata.up7723.classic.NewClassicTagGameActivity
08-23 06:05:09.714 30650 30650 E asdasdasd2: com.upgadata.up7723.classic.NewClassicTagGameActivity
08-23 06:05:09.726 30650 30650 D DecorView[]: getWindowModeFromSystem windowmode is 1
08-23 06:05:09.733 30650 30650 W Looper : PerfMonitor looperActivity : package=com.upgadata.up7723/.classic.NewClassicTagGameActivity time=670ms latency=1210ms running=427ms procState=2 ClientTransaction{ callbacks=[android.app.servertransaction.LaunchActivityItem] lifecycleRequest=android.app.servertransaction.ResumeActivityItem } historyMsgCount=1 (msgIndex=1 wall=1202ms seq=2 running=634ms runnable=46ms io=15ms binder=106ms late=3ms h=android.app.ActivityThread$H w=110)
08-23 06:05:09.734 30650 30650 W Looper : PerfMonitor looperActivity : package=com.upgadata.up7723/.classic.NewClassicTagGameActivity time=1ms latency=1881ms running=0ms procState=2 ClientTransaction{ callbacks=[android.app.servertransaction.TopResumedActivityChang eItem] } historyMsgCount=2 (msgIndex=1 wall=1202ms seq=2 running=634ms runnable=46ms io=15ms binder=106ms late=3ms h=android.app.ActivityThread$H w=110) (msgIndex=2 wall=670ms seq=3 running=427ms runnable=23ms io=2ms binder=24ms late=1210ms h=android.app.ActivityThread$H w=159)
08-23 06:05:09.740 30650 30818 W SQLiteLog: (28) double-quoted string literal: "DEBF4768DF567CB800FA377D7320FD73"
08-23 06:05:09.740 30650 30818 W SQLiteLog: (28) double-quoted string literal: ""
08-23 06:05:09.740 30650 30818 W SQLiteLog: (28) double-quoted string literal: "DEBF4768DF567CB800FA377D7320FD73"
08-23 06:05:09.740 30650 30818 W SQLiteLog: (28) double-quoted string literal: "-1"
08-23 06:05:09.751 30896 30896 W dexoptanalyzer: Could not get dex checksums for location /data/app/~~jWIcKG7ghd2TZ3oWsMlO8Q==/com.upgadata.up7723- Q2ZIwmXLk4YZK5XeD0DiXQ==/base.apk, fd=9
08-23 06:05:09.752 30896 30896 W dexoptanalyzer: Current thread not detached in Runtime shutdown
08-23 06:05:09.753 30650 30650 I crashsdk: Unexp log not enabled, skip update unexp info!
08-23 06:05:09.754 30650 30650 I efs.config: --->>> configCallback key is apm_net_state ## value is 0
08-23 06:05:09.754 30650 30650 I efs.config: --->>> configCallback key is apm_native_h5_state ## value is 0
08-23 06:05:09.754 30650 30650 I efs.config: --->>> configCallback key is apm_crash_user_max_count ## value is 20
08-23 06:05:09.754 30650 30811 W efs.info.manager: network change: wifi
08-23 06:05:09.754 30650 30650 I efs.config: --->>> configCallback key is apm_crash_user_upload_type ## value is 1
08-23 06:05:09.756 30650 30650 I efs.config: --->>> configCallback key is apm_patrace_switch_rate ## value is 5
08-23 06:05:09.756 30650 30650 I efs.config: --->>> configCallback key is apm_startperf_sampling_rate ## value is 5
08-23 06:05:09.756 30650 30650 I efs.config: --->>> configCallback key is apm_memperf_sampling_rate ## value is 0
08-23 06:05:09.756 30650 30650 I efs.config: --->>> configCallback key is apm_memperf_collect_interval ## value is 5
08-23 06:05:09.756 30650 30650 I efs.config: --->>> configCallback key is apm_memperf_collect_max_period_sec ## value is 600
08-23 06:05:09.763 30650 30650 I MultiProcess: Fallback service has disabled
08-23 06:05:09.763 30650 30650 I MultiProcess: No sandbox if not isolated has enabled
08-23 06:05:09.763 30650 30650 I MultiProcess: Auto recovery has enabled
08-23 06:05:09.769 30650 30650 I MultiProcess: Type 0: 0 is chosen when multi- process is not enabled
08-23 06:05:09.786 30903 30903 W dex2oat32: Using default instruction set features for ARM CPU variant (cortex-a9) using conservative defaults
08-23 06:05:09.790 30903 30903 I dex2oat32: dex2oat of ppid 1415, cpu affinity is set to 0,1,4,5, success.
08-23 06:05:09.790 30903 30903 I dex2oat32: /apex/com.android.art/bin/dex2oat32 -- input-vdex-fd=-1 --output-vdex-fd=17 --call-from-installd=1 --updatable-bcp- packages-file=/system/etc/updatable-bcp-packages.txt --resolve-startup-const- strings=true --max-image-block-size=524288 --compiler-filter=verify -j6 -- classpath-dir=/data/user/0/com.upgadata.up7723/app_tbs/core_share --class-loader- context=PCL[];PCL[/data/user/0/com.upgadata.up7723/app_tbs/core_share/ apache_dex.jar];PCL[/data/app/~~jWIcKG7ghd2TZ3oWsMlO8Q==/com.upgadata.up7723- Q2ZIwmXLk4YZK5XeD0DiXQ==/base.apk:/data/user/0/com.upgadata.up7723/files/ prodexdir/00O000ll111l_0.dex:/data/user/0/com.upgadata.up7723/files/prodexdir/ 00O000ll111l_1.dex:/data/user/0/com.upgadata.up7723/files/prodexdir/ 00O000ll111l_2.dex:/data/user/0/com.upgadata.up7723/files/prodexdir/ 00O000ll111l_3.dex]{PCL[/system/framework/android.test.base.jar]#PCL[/system/ framework/org.apache.http.legacy.jar]} --class-loader-context- fds=8:9:10:11:12:13:14:15 --generate-mini-debug-info --compilation-reason=secondary
08-23 06:05:09.791 30650 30907 D IdProviderImpl: getOAID
08-23 06:05:09.794 30903 30903 I dex2oat32: setting boot class path to /apex/com.android.art/javalib/core-oj.jar:/apex/com.android.art/javalib/core- libart.jar:/apex/com.android.art/javalib/core-icu4j.jar:/apex/com.android.art/ javalib/okhttp.jar:/apex/com.android.art/javalib/bouncycastle.jar:/apex/ com.android.art/javalib/apache-xml.jar:/system/framework/framework.jar:/system/ framework/[email protected]:/system/framework/[email protected]:/system/ framework/ext.jar:/system/framework/telephony-common.jar:/system/framework/voip- common.jar:/system/framework/ims-common.jar:/system/framework/framework-atb- backward-compatibility.jar:/system/framework/tcmiface.jar:/system/framework/ qcom.fmradio.jar:/system/framework/com.nxp.nfc.nq.jar:/system/framework/ QPerformance.jar:/system/framework/UxPerformance.jar:/system/framework/ WfdCommon.jar:/system/framework/telephony-ext.jar
08-23 06:05:09.801 30650 30907 D IdProviderImpl: getVAID
08-23 06:05:09.803 30650 30907 D IdProviderImpl: getAAID
08-23 06:05:09.832 30650 30650 E KING_CARD: WebSettingsExtension getQProxyEnabled false
08-23 06:05:09.874 30650 30912 W System.err: java.io.FileNotFoundException: /data/user/0/com.upgadata.up7723/cache/optlist.ser: open failed: ENOENT (No such file or directory)
08-23 06:05:09.874 30650 30912 W System.err: at libcore.io.IoBridge.open(IoBridge.java:492)
08-23 06:05:09.874 30650 30912 W System.err: at java.io.FileInputStream.<init>(FileInputStream.java:160)
08-23 06:05:09.874 30650 30912 W System.err: at java.io.FileInputStream.<init>(FileInputStream.java:115)
08-23 06:05:09.874 30650 30912 W System.err: at com.tencent.smtt.net.b.b(TbsJavaCore:12)
08-23 06:05:09.874 30650 30912 W System.err: at com.tencent.smtt.net.b.c(TbsJavaCore:4)
08-23 06:05:09.874 30650 30912 W System.err: at com.tencent.smtt.net.NetworkSmttService.preconnectMainResources(TbsJavaCore:1)
08-23 06:05:09.874 30650 30912 W System.err: Caused by: android.system.ErrnoException: open failed: ENOENT (No such file or directory)
08-23 06:05:09.874 30650 30912 W System.err: at libcore.io.Linux.open(Native Method)
08-23 06:05:09.874 30650 30912 W System.err: at libcore.io.ForwardingOs.open(ForwardingOs.java:166)
08-23 06:05:09.874 30650 30912 W System.err: at libcore.io.BlockGuardOs.open(BlockGuardOs.java:254)
08-23 06:05:09.874 30650 30912 W System.err: at libcore.io.ForwardingOs.open(ForwardingOs.java:166)
08-23 06:05:09.874 30650 30912 W System.err: at android.app.ActivityThread$AndroidOs.open(ActivityThread.java:7933)
08-23 06:05:09.874 30650 30912 W System.err: at libcore.io.IoBridge.open(IoBridge.java:478)
08-23 06:05:09.874 30650 30912 W System.err: ... 5 more
08-23 06:05:09.898 30650 30650 V MiuiFrameworkFactory: get AllImpl object = android.common.MiuiFrameworkFactoryImpl@ae4c990
08-23 06:05:09.907 30650 30828 I AdrenoGLES-0: QUALCOMM build : 42297a4, I9e9b240040
08-23 06:05:09.907 30650 30828 I AdrenoGLES-0: Build Date : 03/19/21
08-23 06:05:09.907 30650 30828 I AdrenoGLES-0: OpenGL ES Shader Compiler Version: EV031.32.02.07
08-23 06:05:09.907 30650 30828 I AdrenoGLES-0: Local Branch :
08-23 06:05:09.907 30650 30828 I AdrenoGLES-0: Remote Branch : refs/tags/AU_LINUX_ANDROID_LA.UM.9.1.R1.11.00.00.604.070
08-23 06:05:09.907 30650 30828 I AdrenoGLES-0: Remote Branch : NONE
08-23 06:05:09.907 30650 30828 I AdrenoGLES-0: Reconstruct Branch : NOTHING
08-23 06:05:09.907 30650 30828 I AdrenoGLES-0: Build Config : S P 10.0.6 AArch32
08-23 06:05:09.907 30650 30828 I AdrenoGLES-0: Driver Path : /vendor/lib/egl/libGLESv2_adreno.so
08-23 06:05:09.915 30650 30898 E asdasdasd1 json : {"list": {"game_gu_response_f025ac5be7ed2ddf56a8e0a6cf09d9ea_0":"game_gu","game_ghr_response _a70f9ef8c38a222a2f24e7ef42a3c96f_0":"game_ghr","banner_gb_response_2008dbca03c928a ae195c270303e057e_0":"gb","game_ghm_response_a70f9ef8c38a222a2f24e7ef42a3c96f_0":"g ame_ghm","topic_tjs_response_805672743b2d33248796ead67c2e54eb_1":"topic_tjs","topmo del_gntml_response_c56ad5c371945229ecc218e054c5baad_0":"topmodel_gntml","game_mf_re sponse_b49103f029b792445e79d39e7fcc4bf9_1":"game_mf","topmodel_gntml_response_d1240 59f9eea2afd1a6e7510326559f5_0":"topmodel_gntml","wti_gt_response_a70f9ef8c38a222a2f 24e7ef42a3c96f_0":"wti_gt","game_gu_response_e736e6544a5452020587ba98c5d8e4ef_0":"g ame_gu","game_gu_response_19201e5670a07378f64bd5b8d6acaf7c_0":"game_gu","banner_gb_ response_2ef2fe2715844b706906bd55063df050_0":"gb","wti_fgc_response_a70f9ef8c38a222 a2f24e7ef42a3c96f_0":"wti_fgc","game_ggs_response_a70f9ef8c38a222a2f24e7ef42a3c96f_ 0":"game_ggs","topmodel_gntml_response_30892af9188826f3f25376ae03a98282_0":"topmode l_gntml","game_ngl_response_4db33037cbd5634f764ea06a96742ce4_1":"game_ngl","rss_gg_ response_217ffde49077e922ca6ab8308de108bb_1":"rss_gg","game_ggutd_response_d29c44a3 c26dbbac90e3319133c8f187_1":"game_ggutd","wti_gtwc_response_a70f9ef8c38a222a2f24e7e f42a3c96f_0":"wti_gtwc","game_gcc_response_a9f108b96409d85df6038a6832dd8515_1":"gam e_gcc","game_gcc_response_b30b09f30d1c81a071007237f857a207_1":"game_gcc","game_gcc_ response_74ccf9d5b36ef0345c625e56e4f576c0_1":"game_gcc","game_gcc_response_f234e12e f5dba2a27bc5724ddec2eb26_1":"game_gcc","game_gu_response_e1ebed75ce739c185b9f24818e 67aead_0":"game_gu","game_gcc_response_dba8625b905499392a29ada332d3b1eb_1":"game_gc c","game_gcc_response_a27d3a5566d7688eac8e4c5692b20392_1":"game_gcc","banner_gb_res ponse_2bc3411e6db3800a0852c52c0e1d7f16_0":"gb","topmodel_gntml_response_464a1b480ed d0dc454cfdcb884cf5a59_0":"topmodel_gntml","banner_gb_response_cfbcb2815e039ad3ca372 451bf9bd077_0":"gb","game_h5ngl_response_1aa0baf4840ffb1ba3969e16e2962df8_1":"game_ h5ngl","game_h5ngl_response_47cdd4e14d62b643a1fca5b86ed4376e_1":"game_h5ngl","game_ gcc_response_14ffc750bbc36fa3074e3dda37cfef49_1":"game_gcc","game_gcc_response_af0f b4e7ea017eef38cbaeeae5a30697_1":"game_gcc","game_gu_response_029c2ae764d453e8d7f384 2e52657198_0":"game_gu","game_gu_response_caf562e0ca76d34c1568d2073c236f36_0":"game _gu","game_gcc_response_996319cfd5235d25b1940eec1558bc2a_1":"game_gcc","game_gcc_re sponse_ec67e7a8356fa6ac9982bd5b0d5a2a69_1":"game_gcc","game_gcc_response_f975b2cf77 b9a2b3771f2b0f8964e344_1":"game_gcc","game_gcc_response_19d3e0b291b4f63f47bf4f6c89d ee316_1":"game_gcc","game_gu_response_cd27bbade30bfe9ba08ca03857e8a759_0":"game_gu" ,"game_gu_response_02e515ff3bfc7375abea5811b96ec56f_0":"game_gu","game_gu_response_ 266b9d723e6a5a86c5a15a17a81dc3bd_0":"game_gu","game_gu_response_de149c5430428bb47c5 b78764ecc6f88_0":"game_gu","game_gcc_response_53100045aaeb4c2e76aa6ca9e9ac119b_1":" game_gcc","game_gcc_response_69b2b0461f2c76d915d210840cd8fb85_1":"game_gcc","game_g cc_response_b63593d74c49ba51415e6df2d5580a96_1":"game_gcc","game_gcc_response_5efa2 1727763392391a573a2b8ec3e00_1":"game_gcc","game_gcc_response_09ceccf002aae750ab618c cc7235d605_1":"game_gcc","game_gu_response_4acb73c62708963f0a8bbb0283fdfaa7_0":"gam e_gu","game_gu_response_eace12952825ad833fb7c06e8e3461f4_0":"game_gu","gift_gl_resp onse_e4a18e2d8effad9d7ce51ddc515507fa_1":"gl","game_gu_response_a4b38d7d9f8812175a3 c7ea12b153093_0":"game_gu","game_gu_response_c0c6a212f04bb70d0622f8828a32be99_0":"g ame_gu","game_gcc_response_da881eba7109179afe4eada49aa1ed26_1":"game_gcc","game_gcc _response_b650794cb78f962f7270061c23459533_1":"game_gcc","game_gcc_response_e2091c3 4420542a5987e8ccf7ff38013_1":"game_gcc","game_gcc_response_2d8fc881ff1d4649f2b6eb85 847d04f0_1":"game_gcc","game_gcc_response_abb6f35d01fd4b7257da0fd8987610a2_1":"game _gcc","game_gcc_response_792420e41d609a99cb4d5a6c46d0f8b8_1":"game_gcc","game_gcc_r esponse_673f067b19a78c61f9e3986652992206_1":"game_gcc","game_gcc_response_e69b9f570 c2ec7775eb0c033c0361faa_1":"game_gcc","game_gcc_response
08-23 06:05:09.916 30650 30828 I AdrenoGLES-0: PFP: 0x016ee190, ME: 0x00000000
08-23 06:05:10.086 30926 30926 W ta.up7723:blac: Using default instruction set features for ARM CPU variant (cortex-a9) using conservative defaults
08-23 06:05:10.093 30926 30926 E ta.up7723:blac: Not starting debugger since process cannot load the jdwp agent.
08-23 06:05:10.118 30926 30926 D ApplicationLoaders: Returning zygote-cached class loader: /system/framework/android.test.base.jar
08-23 06:05:10.128 30926 30926 E LoadedApk: Unable to instantiate appComponentFactory
08-23 06:05:10.128 30926 30926 E LoadedApk: java.lang.ClassNotFoundException: Didn't find class "androidx.core.app.CoreComponentFactory" on path: DexPathList[[zip file "/data/app/~~jWIcKG7ghd2TZ3oWsMlO8Q==/com.upgadata.up7723- Q2ZIwmXLk4YZK5XeD0DiXQ==/base.apk"],nativeLibraryDirectories=[/data/app/ ~~jWIcKG7ghd2TZ3oWsMlO8Q==/com.upgadata.up7723-Q2ZIwmXLk4YZK5XeD0DiXQ==/lib/arm, /data/app/~~jWIcKG7ghd2TZ3oWsMlO8Q==/com.upgadata.up7723-Q2ZIwmXLk4YZK5XeD0DiXQ==/ base.apk!/lib/armeabi-v7a, /system/lib, /system/system_ext/lib]]
08-23 06:05:10.128 30926 30926 E LoadedApk: at dalvik.system.BaseDexClassLoader.findClass(BaseDexClassLoader.java:207)
08-23 06:05:10.128 30926 30926 E LoadedApk: at java.lang.ClassLoader.loadClass(ClassLoader.java:379)
08-23 06:05:10.128 30926 30926 E LoadedApk: at java.lang.ClassLoader.loadClass(ClassLoader.java:312)
08-23 06:05:10.128 30926 30926 E LoadedApk: at android.app.LoadedApk.createAppFactory(LoadedApk.java:262)
08-23 06:05:10.128 30926 30926 E LoadedApk: at android.app.LoadedApk.createOrUpdateClassLoaderLocked(LoadedApk.java:907)
08-23 06:05:10.128 30926 30926 E LoadedApk: at android.app.LoadedApk.getClassLoader(LoadedApk.java:960)
08-23 06:05:10.128 30926 30926 E LoadedApk: at android.app.LoadedApk.getResources(LoadedApk.java:1192)
08-23 06:05:10.128 30926 30926 E LoadedApk: at android.app.ContextImpl.createAppContext(ContextImpl.java:2671)
08-23 06:05:10.128 30926 30926 E LoadedApk: at android.app.ContextImpl.createAppContext(ContextImpl.java:2663)
08-23 06:05:10.128 30926 30926 E LoadedApk: at android.app.ActivityThread.handleBindApplication(ActivityThread.java:6847)
08-23 06:05:10.128 30926 30926 E LoadedApk: at android.app.ActivityThread.access$1500(ActivityThread.java:258)
08-23 06:05:10.128 30926 30926 E LoadedApk: at android.app.ActivityThread$H.handleMessage(ActivityThread.java:1983)
08-23 06:05:10.128 30926 30926 E LoadedApk: at android.os.Handler.dispatchMessage(Handler.java:106)
08-23 06:05:10.128 30926 30926 E LoadedApk: at android.os.Looper.loop(Looper.java:236)
08-23 06:05:10.128 30926 30926 E LoadedApk: at android.app.ActivityThread.main(ActivityThread.java:8060)
08-23 06:05:10.128 30926 30926 E LoadedApk: at java.lang.reflect.Method.invoke(Native Method)
08-23 06:05:10.128 30926 30926 E LoadedApk: at com.android.internal.os.RuntimeInit$MethodAndArgsCaller.run(RuntimeInit.java:656)
08-23 06:05:10.128 30926 30926 E LoadedApk: at com.android.internal.os.ZygoteInit.main(ZygoteInit.java:967)
08-23 06:05:10.131 30926 30926 I Perf : Connecting to perf service.
08-23 06:05:10.139 30926 30926 D NetworkSecurityConfig: Using Network Security Config from resource network_security_config debugBuild: false
08-23 06:05:10.140 30926 30926 D NetworkSecurityConfig: Using Network Security Config from resource network_security_config debugBuild: false
08-23 06:05:10.151 30926 30926 W ta.up7723:black: type=1400 audit(0.0:2679471): avc: denied { read } for name="dex2oat" dev="dm-0" ino=1535 scontext=u:r:untrusted_app_27:s0:c187,c256,c512,c768 tcontext=u:object_r:dex2oat_exec:s0 tclass=lnk_file permissive=0 app=com.upgadata.up7723
08-23 06:05:10.181 30926 30946 W ta.up7723:blac: Opening an oat file without a class loader. Are you using the deprecated DexFile APIs?
08-23 06:05:10.181 30926 30948 W ta.up7723:blac: Opening an oat file without a class loader. Are you using the deprecated DexFile APIs?
08-23 06:05:10.186 30926 30949 W ta.up7723:blac: Opening an oat file without a class loader. Are you using the deprecated DexFile APIs?
08-23 06:05:10.186 30926 30947 W ta.up7723:blac: Opening an oat file without a class loader. Are you using the deprecated DexFile APIs?
08-23 06:05:10.371 30903 30903 W dex2oat : type=1400 audit(0.0:2679472): avc: denied { search } for name="com.upgadata.up7723" dev="sda31" ino=14287833 scontext=u:r:dex2oat:s0 tcontext=u:object_r:app_data_file:s0:c187,c256,c512,c768 tclass=dir permissive=0 app=com.upgadata.up7723
08-23 06:05:10.371 30903 30903 W dex2oat : type=1400 audit(0.0:2679473): avc: denied { search } for name="com.upgadata.up7723" dev="sda31" ino=14287833 scontext=u:r:dex2oat:s0 tcontext=u:object_r:app_data_file:s0:c187,c256,c512,c768 tclass=dir permissive=0 app=com.upgadata.up7723
08-23 06:05:10.404 30926 30926 D Tinker.TinkerLoader: tryLoad test test
08-23 06:05:10.407 30926 30926 W Tinker.TinkerLoader: tryLoadPatchFiles:patch dir not exist:/data/user/0/com.upgadata.up7723/tinker
08-23 06:05:10.413 30926 30926 D Tinker.DefaultAppLike: onBaseContextAttached:
08-23 06:05:10.414 30926 30926 I MultiDex: VM with version 2.1.0 has multidex support
08-23 06:05:10.414 30926 30926 I MultiDex: Installing application
08-23 06:05:10.414 30926 30926 I MultiDex: VM has multidex support, MultiDex support library is disabled.
08-23 06:05:10.435 30926 30926 V Tinker.SamplePatchListener: application maxMemory:256
08-23 06:05:10.438 30926 30926 W Tinker.Tinker: tinker patch directory: /data/user/0/com.upgadata.up7723/tinker
08-23 06:05:10.439 30926 30926 I Tinker.Tinker: try to install tinker, isEnable: true, version: 1.9.14.18
