08-23 06:08:48.470 30650 30925 W ResourceLoader: at com.bumptech.glide.load.engine.DecodeJob.runGenerators(DecodeJob.java:310)
08-23 06:08:48.470 30650 30925 W ResourceLoader: at com.bumptech.glide.load.engine.DecodeJob.runWrapped(DecodeJob.java:276)
08-23 06:08:48.470 30650 30925 W ResourceLoader: at com.bumptech.glide.load.engine.DecodeJob.run(DecodeJob.java:234)
08-23 06:08:48.470 30650 30925 W ResourceLoader: at java.util.concurrent.ThreadPoolExecutor.runWorker(ThreadPoolExecutor.java:1167)
08-23 06:08:48.470 30650 30925 W ResourceLoader: at java.util.concurrent.ThreadPoolExecutor$Worker.run(ThreadPoolExecutor.java:641)
08-23 06:08:48.470 30650 30925 W ResourceLoader: at java.lang.Thread.run(Thread.java:923)
08-23 06:08:48.470 30650 30925 W ResourceLoader: at com.bumptech.glide.load.engine.executor.GlideExecutor$DefaultThreadFactory$1.run(Gl ideExecutor.java:393)
08-23 06:08:48.478 30650 30650 W Glide : Load failed for 0 with size [5x5]
08-23 06:08:48.478 30650 30650 W Glide : class com.bumptech.glide.load.engine.GlideException: Failed to load resource
08-23 06:08:48.478 30650 30650 W Glide : Load failed for 0 with size [195x195]
08-23 06:08:48.478 30650 30650 W Glide : class com.bumptech.glide.load.engine.GlideException: Failed to load resource
08-23 06:08:48.499 30650 30650 W Glide : Load failed for 0 with size [1080x550]
08-23 06:08:48.499 30650 30650 W Glide : class com.bumptech.glide.load.engine.GlideException: Failed to load resource
08-23 06:08:49.016 30650 30650 W ziparchive: Unable to open '/data/user/0/com.upgadata.up7723/bzBox/data/app/com.Microsoft.Horizon4/base.apk': No such file or directory
08-23 06:08:49.016 30650 30650 E upgadata.up772: Failed to open APK '/data/user/0/com.upgadata.up7723/bzBox/data/app/com.Microsoft.Horizon4/base.apk' I/O error
08-23 06:08:49.573 30650 30650 D VideoView: start [14385698]
08-23 06:08:49.573 30650 30650 D VideoView: play [14385698]
08-23 06:08:49.573 30650 30650 I MediaPlayerManager: updateState [IDLE]
08-23 06:08:49.575 30650 30650 W AudioManager: Use of stream types is deprecated for operations other than volume control
08-23 06:08:49.575 30650 30650 W AudioManager: See the documentation of requestAudioFocus() for what to use instead with android.media.AudioAttributes to qualify your playback use case
08-23 06:08:49.602 30650 30650 D MediaPlayerManager: addTextureView [129034864]
08-23 06:08:49.611 30650 30650 I MediaPlayerManager: onSurfaceTextureAvailable []
08-23 06:08:49.612 30650 30650 I MediaPlayerManager: updateState [PREPARING]
08-23 06:08:49.619 30650 30650 W MediaPlayer: Use of stream types is deprecated for operations other than volume control
08-23 06:08:49.619 30650 30650 W MediaPlayer: See the documentation of setAudioStreamType() for what to use instead with android.media.AudioAttributes to qualify your playback use case
08-23 06:08:49.619 30650 30650 W MediaPlayer: setScreenOnWhilePlaying(true) is ineffective without a SurfaceHolder
08-23 06:08:49.620 30650 30650 V MediaHTTPService: MediaHTTPService(android.media.MediaHTTPService@6221e9): Cookies: null
08-23 06:08:49.629 30650 30650 W MediaPlayer: setScreenOnWhilePlaying(true) is ineffective for Surface
08-23 06:08:49.629 30650 31038 V MediaHTTPService: makeHTTPConnection: CookieManager created: java.net.CookieManager@bf4290f
08-23 06:08:49.629 30650 31038 V MediaHTTPService: makeHTTPConnection(android.media.MediaHTTPService@6221e9): cookieHandler: java.net.CookieManager@bf4290f Cookies: null
08-23 06:08:51.428 30650 31798 E HttpProxyCacheServer: HttpProxyCacheServer error
08-23 06:08:51.428 30650 31798 E HttpProxyCacheServer: com.danikula.videocache.ProxyCacheException: Error closing socket input stream. Version: 1.0
08-23 06:08:51.428 30650 31798 E HttpProxyCacheServer: at com.danikula.videocache.HttpProxyCacheServer.closeSocketInput(HttpProxyCacheServer. java:287)
08-23 06:08:51.428 30650 31798 E HttpProxyCacheServer: at com.danikula.videocache.HttpProxyCacheServer.releaseSocket(HttpProxyCacheServer.jav a:272)
08-23 06:08:51.428 30650 31798 E HttpProxyCacheServer: at com.danikula.videocache.HttpProxyCacheServer.processSocket(HttpProxyCacheServer.jav a:245)
08-23 06:08:51.428 30650 31798 E HttpProxyCacheServer: at com.danikula.videocache.HttpProxyCacheServer.access$200(HttpProxyCacheServer.java:5 4)
08-23 06:08:51.428 30650 31798 E HttpProxyCacheServer: at com.danikula.videocache.HttpProxyCacheServer$SocketProcessorRunnable.run(HttpProxyC acheServer.java:340)
08-23 06:08:51.428 30650 31798 E HttpProxyCacheServer: at java.util.concurrent.Executors$RunnableAdapter.call(Executors.java:462)
08-23 06:08:51.428 30650 31798 E HttpProxyCacheServer: at java.util.concurrent.FutureTask.run(FutureTask.java:266)
08-23 06:08:51.428 30650 31798 E HttpProxyCacheServer: at java.util.concurrent.ThreadPoolExecutor.runWorker(ThreadPoolExecutor.java:1167)
08-23 06:08:51.428 30650 31798 E HttpProxyCacheServer: at java.util.concurrent.ThreadPoolExecutor$Worker.run(ThreadPoolExecutor.java:641)
08-23 06:08:51.428 30650 31798 E HttpProxyCacheServer: at java.lang.Thread.run(Thread.java:923)
08-23 06:08:51.428 30650 31798 E HttpProxyCacheServer: Caused by: java.io.IOException: shutdown failed: ENOTCONN (Transport endpoint is not connected)
08-23 06:08:51.428 30650 31798 E HttpProxyCacheServer: at java.net.PlainSocketImpl.socketShutdown(PlainSocketImpl.java:283)
08-23 06:08:51.428 30650 31798 E HttpProxyCacheServer: at java.net.AbstractPlainSocketImpl.shutdownInput(AbstractPlainSocketImpl.java:622)
08-23 06:08:51.428 30650 31798 E HttpProxyCacheServer: at java.net.Socket.shutdownInput(Socket.java:1570)
08-23 06:08:51.428 30650 31798 E HttpProxyCacheServer: at com.danikula.videocache.HttpProxyCacheServer.closeSocketInput(HttpProxyCacheServer. java:280)
08-23 06:08:51.428 30650 31798 E HttpProxyCacheServer: ... 9 more
08-23 06:08:51.428 30650 31798 E HttpProxyCacheServer: Caused by: android.system.ErrnoException: shutdown failed: ENOTCONN (Transport endpoint is not connected)
08-23 06:08:51.428 30650 31798 E HttpProxyCacheServer: at libcore.io.Linux.shutdown(Native Method)
08-23 06:08:51.428 30650 31798 E HttpProxyCacheServer: at libcore.io.ForwardingOs.shutdown(ForwardingOs.java:215)
08-23 06:08:51.428 30650 31798 E HttpProxyCacheServer: at libcore.io.ForwardingOs.shutdown(ForwardingOs.java:215)
08-23 06:08:51.428 30650 31798 E HttpProxyCacheServer: at java.net.PlainSocketImpl.socketShutdown(PlainSocketImpl.java:281)
08-23 06:08:51.428 30650 31798 E HttpProxyCacheServer: ... 12 more
08-23 06:08:51.430 30650 31798 W HttpProxyCacheServer: Failed to close socket on proxy side: shutdown failed: ENOTCONN (Transport endpoint is not connected). It seems client have already closed connection.
08-23 06:08:52.188 30650 31817 E HttpProxyCacheServer: HttpProxyCacheServer error
08-23 06:08:52.188 30650 31817 E HttpProxyCacheServer: com.danikula.videocache.ProxyCacheException: Error closing socket input stream. Version: 1.0
08-23 06:08:52.188 30650 31817 E HttpProxyCacheServer: at com.danikula.videocache.HttpProxyCacheServer.closeSocketInput(HttpProxyCacheServer. java:287)
08-23 06:08:52.188 30650 31817 E HttpProxyCacheServer: at com.danikula.videocache.HttpProxyCacheServer.releaseSocket(HttpProxyCacheServer.jav a:272)
08-23 06:08:52.188 30650 31817 E HttpProxyCacheServer: at com.danikula.videocache.HttpProxyCacheServer.processSocket(HttpProxyCacheServer.jav a:245)
08-23 06:08:52.188 30650 31817 E HttpProxyCacheServer: at com.danikula.videocache.HttpProxyCacheServer.access$200(HttpProxyCacheServer.java:5 4)
08-23 06:08:52.188 30650 31817 E HttpProxyCacheServer: at com.danikula.videocache.HttpProxyCacheServer$SocketProcessorRunnable.run(HttpProxyC acheServer.java:340)
08-23 06:08:52.188 30650 31817 E HttpProxyCacheServer: at java.util.concurrent.Executors$RunnableAdapter.call(Executors.java:462)
08-23 06:08:52.188 30650 31817 E HttpProxyCacheServer: at java.util.concurrent.FutureTask.run(FutureTask.java:266)
08-23 06:08:52.188 30650 31817 E HttpProxyCacheServer: at java.util.concurrent.ThreadPoolExecutor.runWorker(ThreadPoolExecutor.java:1167)
08-23 06:08:52.188 30650 31817 E HttpProxyCacheServer: at java.util.concurrent.ThreadPoolExecutor$Worker.run(ThreadPoolExecutor.java:641)
08-23 06:08:52.188 30650 31817 E HttpProxyCacheServer: at java.lang.Thread.run(Thread.java:923)
08-23 06:08:52.188 30650 31817 E HttpProxyCacheServer: Caused by: java.io.IOException: shutdown failed: ENOTCONN (Transport endpoint is not connected)
08-23 06:08:52.188 30650 31817 E HttpProxyCacheServer: at java.net.PlainSocketImpl.socketShutdown(PlainSocketImpl.java:283)
08-23 06:08:52.188 30650 31817 E HttpProxyCacheServer: at java.net.AbstractPlainSocketImpl.shutdownInput(AbstractPlainSocketImpl.java:622)
08-23 06:08:52.188 30650 31817 E HttpProxyCacheServer: at java.net.Socket.shutdownInput(Socket.java:1570)
08-23 06:08:52.188 30650 31817 E HttpProxyCacheServer: at com.danikula.videocache.HttpProxyCacheServer.closeSocketInput(HttpProxyCacheServer. java:280)
08-23 06:08:52.188 30650 31817 E HttpProxyCacheServer: ... 9 more
08-23 06:08:52.188 30650 31817 E HttpProxyCacheServer: Caused by: android.system.ErrnoException: shutdown failed: ENOTCONN (Transport endpoint is not connected)
08-23 06:08:52.188 30650 31817 E HttpProxyCacheServer: at libcore.io.Linux.shutdown(Native Method)
08-23 06:08:52.188 30650 31817 E HttpProxyCacheServer: at libcore.io.ForwardingOs.shutdown(ForwardingOs.java:215)
08-23 06:08:52.188 30650 31817 E HttpProxyCacheServer: at libcore.io.ForwardingOs.shutdown(ForwardingOs.java:215)
08-23 06:08:52.188 30650 31817 E HttpProxyCacheServer: at java.net.PlainSocketImpl.socketShutdown(PlainSocketImpl.java:281)
08-23 06:08:52.188 30650 31817 E HttpProxyCacheServer: ... 12 more
08-23 06:08:52.188 30650 31817 W HttpProxyCacheServer: Failed to close socket on proxy side: shutdown failed: ENOTCONN (Transport endpoint is not connected). It seems client have already closed connection.
08-23 06:08:53.077 30650 31821 E HttpProxyCacheServer: HttpProxyCacheServer error
08-23 06:08:53.077 30650 31821 E HttpProxyCacheServer: com.danikula.videocache.ProxyCacheException: Error closing socket input stream. Version: 1.0
08-23 06:08:53.077 30650 31821 E HttpProxyCacheServer: at com.danikula.videocache.HttpProxyCacheServer.closeSocketInput(HttpProxyCacheServer. java:287)
08-23 06:08:53.077 30650 31821 E HttpProxyCacheServer: at com.danikula.videocache.HttpProxyCacheServer.releaseSocket(HttpProxyCacheServer.jav a:272)
08-23 06:08:53.077 30650 31821 E HttpProxyCacheServer: at com.danikula.videocache.HttpProxyCacheServer.processSocket(HttpProxyCacheServer.jav a:245)
08-23 06:08:53.077 30650 31821 E HttpProxyCacheServer: at com.danikula.videocache.HttpProxyCacheServer.access$200(HttpProxyCacheServer.java:5 4)
08-23 06:08:53.077 30650 31821 E HttpProxyCacheServer: at com.danikula.videocache.HttpProxyCacheServer$SocketProcessorRunnable.run(HttpProxyC acheServer.java:340)
08-23 06:08:53.077 30650 31821 E HttpProxyCacheServer: at java.util.concurrent.Executors$RunnableAdapter.call(Executors.java:462)
08-23 06:08:53.077 30650 31821 E HttpProxyCacheServer: at java.util.concurrent.FutureTask.run(FutureTask.java:266)
08-23 06:08:53.077 30650 31821 E HttpProxyCacheServer: at java.util.concurrent.ThreadPoolExecutor.runWorker(ThreadPoolExecutor.java:1167)
08-23 06:08:53.077 30650 31821 E HttpProxyCacheServer: at java.util.concurrent.ThreadPoolExecutor$Worker.run(ThreadPoolExecutor.java:641)
08-23 06:08:53.077 30650 31821 E HttpProxyCacheServer: at java.lang.Thread.run(Thread.java:923)
08-23 06:08:53.077 30650 31821 E HttpProxyCacheServer: Caused by: java.io.IOException: shutdown failed: ENOTCONN (Transport endpoint is not connected)
08-23 06:08:53.077 30650 31821 E HttpProxyCacheServer: at java.net.PlainSocketImpl.socketShutdown(PlainSocketImpl.java:283)
08-23 06:08:53.077 30650 31821 E HttpProxyCacheServer: at java.net.AbstractPlainSocketImpl.shutdownInput(AbstractPlainSocketImpl.java:622)
08-23 06:08:53.077 30650 31821 E HttpProxyCacheServer: at java.net.Socket.shutdownInput(Socket.java:1570)
08-23 06:08:53.077 30650 31821 E HttpProxyCacheServer: at com.danikula.videocache.HttpProxyCacheServer.closeSocketInput(HttpProxyCacheServer. java:280)
08-23 06:08:53.077 30650 31821 E HttpProxyCacheServer: ... 9 more
08-23 06:08:53.077 30650 31821 E HttpProxyCacheServer: Caused by: android.system.ErrnoException: shutdown failed: ENOTCONN (Transport endpoint is not connected)
08-23 06:08:53.077 30650 31821 E HttpProxyCacheServer: at libcore.io.Linux.shutdown(Native Method)
08-23 06:08:53.077 30650 31821 E HttpProxyCacheServer: at libcore.io.ForwardingOs.shutdown(ForwardingOs.java:215)
08-23 06:08:53.077 30650 31821 E HttpProxyCacheServer: at libcore.io.ForwardingOs.shutdown(ForwardingOs.java:215)
08-23 06:08:53.077 30650 31821 E HttpProxyCacheServer: at java.net.PlainSocketImpl.socketShutdown(PlainSocketImpl.java:281)
08-23 06:08:53.077 30650 31821 E HttpProxyCacheServer: ... 12 more
08-23 06:08:53.077 30650 31821 W HttpProxyCacheServer: Failed to close socket on proxy side: shutdown failed: ENOTCONN (Transport endpoint is not connected). It seems client have already closed connection.
08-23 06:08:53.677 30650 30650 I MediaPlayerManager: updateState [PREPARED]
08-23 06:08:53.678 30650 30650 I MediaPlayerManager: updateState [PLAYING]
08-23 06:08:53.678 30650 30650 I MediaPlayerManager: startProgressTimer: [129034864]
08-23 06:08:53.853 30650 30671 W MediaPlayerNative: info/warning (3, 0)
08-23 06:09:01.809 30650 30650 D VideoView: pause [14385698]
08-23 06:09:01.810 30650 30650 I MediaPlayerManager: updateState [PAUSED]
08-23 06:09:01.810 30650 30650 I MediaPlayerManager: startProgressTimer: [129034864]
08-23 06:09:01.858 30650 30650 D VideoView: start [14385698]
08-23 06:09:01.860 30650 30650 I MediaPlayerManager: updateState [PLAYING]
08-23 06:09:01.860 30650 30650 I MediaPlayerManager: startProgressTimer: [129034864]
08-23 06:09:01.863 30650 30667 W MediaPlayerNative: info/warning (3, 0)
08-23 06:09:04.809 30650 30925 E upgadata.up772: Invalid ID 0x00000000.
08-23 06:09:04.810 30650 30925 W ResourceLoader: Received invalid resource id: 0
08-23 06:09:04.810 30650 30925 W ResourceLoader: android.content.res.Resources$NotFoundException: Unable to find resource ID #0x0
08-23 06:09:04.810 30650 30925 W ResourceLoader: at android.content.res.ResourcesImpl.getResourcePackageName(ResourcesImpl.java:286)
08-23 06:09:04.810 30650 30925 W ResourceLoader: at android.content.res.Resources.getResourcePackageName(Resources.java:2236)
08-23 06:09:04.810 30650 30925 W ResourceLoader: at com.bumptech.glide.load.model.ResourceLoader.getResourceUri(ResourceLoader.java:45)
08-23 06:09:04.810 30650 30925 W ResourceLoader: at com.bumptech.glide.load.model.ResourceLoader.buildLoadData(ResourceLoader.java:35)
08-23 06:09:04.810 30650 30925 W ResourceLoader: at com.bumptech.glide.load.model.ResourceLoader.buildLoadData(ResourceLoader.java:20)
08-23 06:09:04.810 30650 30925 W ResourceLoader: at com.bumptech.glide.load.engine.DecodeHelper.getLoadData(DecodeHelper.java:211)
08-23 06:09:04.810 30650 30925 W ResourceLoader: at com.bumptech.glide.load.engine.DecodeHelper.getCacheKeys(DecodeHelper.java:224)
08-23 06:09:04.810 30650 30925 W ResourceLoader: at com.bumptech.glide.load.engine.ResourceCacheGenerator.startNext(ResourceCacheGenera tor.java:44)
08-23 06:09:04.810 30650 30925 W ResourceLoader: at com.bumptech.glide.load.engine.DecodeJob.runGenerators(DecodeJob.java:310)
08-23 06:09:04.810 30650 30925 W ResourceLoader: at com.bumptech.glide.load.engine.DecodeJob.runWrapped(DecodeJob.java:276)
08-23 06:09:04.810 30650 30925 W ResourceLoader: at com.bumptech.glide.load.engine.DecodeJob.run(DecodeJob.java:234)
08-23 06:09:04.810 30650 30925 W ResourceLoader: at java.util.concurrent.ThreadPoolExecutor.runWorker(ThreadPoolExecutor.java:1167)
08-23 06:09:04.810 30650 30925 W ResourceLoader: at java.util.concurrent.ThreadPoolExecutor$Worker.run(ThreadPoolExecutor.java:641)
08-23 06:09:04.810 30650 30925 W ResourceLoader: at java.lang.Thread.run(Thread.java:923)
08-23 06:09:04.810 30650 30925 W ResourceLoader: at com.bumptech.glide.load.engine.executor.GlideExecutor$DefaultThreadFactory$1.run(Gl ideExecutor.java:393)
08-23 06:09:04.810 30650 30925 E upgadata.up772: Invalid ID 0x00000000.
08-23 06:09:04.810 30650 30925 W ResourceLoader: Received invalid resource id: 0
08-23 06:09:04.810 30650 30925 W ResourceLoader: android.content.res.Resources$NotFoundException: Unable to find resource ID #0x0
08-23 06:09:04.810 30650 30925 W ResourceLoader: at android.content.res.ResourcesImpl.getResourcePackageName(ResourcesImpl.java:286)
08-23 06:09:04.810 30650 30925 W ResourceLoader: at android.content.res.Resources.getResourcePackageName(Resources.java:2236)
08-23 06:09:04.810 30650 30925 W ResourceLoader: at com.bumptech.glide.load.model.ResourceLoader.getResourceUri(ResourceLoader.java:45)
08-23 06:09:04.810 30650 30925 W ResourceLoader: at com.bumptech.glide.load.model.ResourceLoader.buildLoadData(ResourceLoader.java:35)
08-23 06:09:04.810 30650 30925 W ResourceLoader: at com.bumptech.glide.load.model.ResourceLoader.buildLoadData(ResourceLoader.java:20)
08-23 06:09:04.810 30650 30925 W ResourceLoader: at com.bumptech.glide.load.engine.DecodeHelper.getLoadData(DecodeHelper.java:211)
08-23 06:09:04.810 30650 30925 W ResourceLoader: at com.bumptech.glide.load.engine.DecodeHelper.getCacheKeys(DecodeHelper.java:224)
08-23 06:09:04.810 30650 30925 W ResourceLoader: at com.bumptech.glide.load.engine.ResourceCacheGenerator.startNext(ResourceCacheGenera tor.java:44)
08-23 06:09:04.810 30650 30925 W ResourceLoader: at com.bumptech.glide.load.engine.DecodeJob.runGenerators(DecodeJob.java:310)
08-23 06:09:04.810 30650 30925 W ResourceLoader: at com.bumptech.glide.load.engine.DecodeJob.runWrapped(DecodeJob.java:276)
08-23 06:09:04.810 30650 30925 W ResourceLoader: at com.bumptech.glide.load.engine.DecodeJob.run(DecodeJob.java:234)
08-23 06:09:04.810 30650 30925 W ResourceLoader: at java.util.concurrent.ThreadPoolExecutor.runWorker(ThreadPoolExecutor.java:1167)
08-23 06:09:04.810 30650 30925 W ResourceLoader: at java.util.concurrent.ThreadPoolExecutor$Worker.run(ThreadPoolExecutor.java:641)
08-23 06:09:04.810 30650 30925 W ResourceLoader: at java.lang.Thread.run(Thread.java:923)
08-23 06:09:04.810 30650 30925 W ResourceLoader: at com.bumptech.glide.load.engine.executor.GlideExecutor$DefaultThreadFactory$1.run(Gl ideExecutor.java:393)
08-23 06:09:04.810 30650 30925 E upgadata.up772: Invalid ID 0x00000000.
08-23 06:09:04.810 30650 30925 W ResourceLoader: Received invalid resource id: 0
08-23 06:09:04.810 30650 30925 W ResourceLoader: android.content.res.Resources$NotFoundException: Unable to find resource ID #0x0
08-23 06:09:04.810 30650 30925 W ResourceLoader: at android.content.res.ResourcesImpl.getResourcePackageName(ResourcesImpl.java:286)
08-23 06:09:04.810 30650 30925 W ResourceLoader: at android.content.res.Resources.getResourcePackageName(Resources.java:2236)
08-23 06:09:04.810 30650 30925 W ResourceLoader: at com.bumptech.glide.load.model.ResourceLoader.getResourceUri(ResourceLoader.java:45)
08-23 06:09:04.810 30650 30925 W ResourceLoader: at com.bumptech.glide.load.model.ResourceLoader.buildLoadData(ResourceLoader.java:35)
08-23 06:09:04.810 30650 30925 W ResourceLoader: at com.bumptech.glide.load.model.ResourceLoader.buildLoadData(ResourceLoader.java:20)
08-23 06:09:04.810 30650 30925 W ResourceLoader: at com.bumptech.glide.load.engine.DecodeHelper.getLoadData(DecodeHelper.java:211)
08-23 06:09:04.810 30650 30925 W ResourceLoader: at com.bumptech.glide.load.engine.DecodeHelper.getCacheKeys(DecodeHelper.java:224)
08-23 06:09:04.810 30650 30925 W ResourceLoader: at com.bumptech.glide.load.engine.ResourceCacheGenerator.startNext(ResourceCacheGenera tor.java:44)
08-23 06:09:04.810 30650 30925 W ResourceLoader: at com.bumptech.glide.load.engine.DecodeJob.runGenerators(DecodeJob.java:310)
08-23 06:09:04.810 30650 30925 W ResourceLoader: at com.bumptech.glide.load.engine.DecodeJob.runWrapped(DecodeJob.java:276)
08-23 06:09:04.810 30650 30925 W ResourceLoader: at com.bumptech.glide.load.engine.DecodeJob.run(DecodeJob.java:234)
08-23 06:09:04.810 30650 30925 W ResourceLoader: at java.util.concurrent.ThreadPoolExecutor.runWorker(ThreadPoolExecutor.java:1167)
08-23 06:09:04.810 30650 30925 W ResourceLoader: at java.util.concurrent.ThreadPoolExecutor$Worker.run(ThreadPoolExecutor.java:641)
08-23 06:09:04.810 30650 30925 W ResourceLoader: at java.lang.Thread.run(Thread.java:923)
08-23 06:09:04.810 30650 30925 W ResourceLoader: at com.bumptech.glide.load.engine.executor.GlideExecutor$DefaultThreadFactory$1.run(Gl ideExecutor.java:393)
08-23 06:09:04.810 30650 30925 E upgadata.up772: Invalid ID 0x00000000.
08-23 06:09:04.810 30650 30925 W ResourceLoader: Received invalid resource id: 0
08-23 06:09:04.810 30650 30925 W ResourceLoader: android.content.res.Resources$NotFoundException: Unable to find resource ID #0x0
08-23 06:09:04.810 30650 30925 W ResourceLoader: at android.content.res.ResourcesImpl.getResourcePackageName(ResourcesImpl.java:286)
08-23 06:09:04.810 30650 30925 W ResourceLoader: at android.content.res.Resources.getResourcePackageName(Resources.java:2236)
08-23 06:09:04.810 30650 30925 W ResourceLoader: at com.bumptech.glide.load.model.ResourceLoader.getResourceUri(ResourceLoader.java:45)
08-23 06:09:04.810 30650 30925 W ResourceLoader: at com.bumptech.glide.load.model.ResourceLoader.buildLoadData(ResourceLoader.java:35)
08-23 06:09:04.810 30650 30925 W ResourceLoader: at com.bumptech.glide.load.model.ResourceLoader.buildLoadData(ResourceLoader.java:20)
08-23 06:09:04.810 30650 30925 W ResourceLoader: at com.bumptech.glide.load.engine.DecodeHelper.getLoadData(DecodeHelper.java:211)
08-23 06:09:04.810 30650 30925 W ResourceLoader: at com.bumptech.glide.load.engine.DecodeHelper.getCacheKeys(DecodeHelper.java:224)
08-23 06:09:04.810 30650 30925 W ResourceLoader: at com.bumptech.glide.load.engine.ResourceCacheGenerator.startNext(ResourceCacheGenera tor.java:44)
08-23 06:09:04.810 30650 30925 W ResourceLoader: at com.bumptech.glide.load.engine.DecodeJob.runGenerators(DecodeJob.java:310)
08-23 06:09:04.810 30650 30925 W ResourceLoader: at com.bumptech.glide.load.engine.DecodeJob.runWrapped(DecodeJob.java:276)
08-23 06:09:04.810 30650 30925 W ResourceLoader: at com.bumptech.glide.load.engine.DecodeJob.run(DecodeJob.java:234)
08-23 06:09:04.810 30650 30925 W ResourceLoader: at java.util.concurrent.ThreadPoolExecutor.runWorker(ThreadPoolExecutor.java:1167)
08-23 06:09:04.810 30650 30925 W ResourceLoader: at java.util.concurrent.ThreadPoolExecutor$Worker.run(ThreadPoolExecutor.java:641)
08-23 06:09:04.810 30650 30925 W ResourceLoader: at java.lang.Thread.run(Thread.java:923)
08-23 06:09:04.810 30650 30925 W ResourceLoader: at com.bumptech.glide.load.engine.executor.GlideExecutor$DefaultThreadFactory$1.run(Gl ideExecutor.java:393)
08-23 06:09:04.845 30650 30650 W Glide : Load failed for 0 with size [52x52]
08-23 06:09:04.845 30650 30650 W Glide : class com.bumptech.glide.load.engine.GlideException: Failed to load resource
08-23 06:09:05.183 30650 30650 D MIUIInput: [KeyEvent] ViewRootImpl KeyEvent { action=ACTION_DOWN, keyCode=KEYCODE_BACK, scanCode=0, metaState=0, flags=0x8, repeatCount=0, eventTime=1206064322, downTime=1206064322, deviceId=-1, source=0x101, displayId=0 }
08-23 06:09:05.187 30650 30650 D MIUIInput: [KeyEvent] ViewRootImpl KeyEvent { action=ACTION_UP, keyCode=KEYCODE_BACK, scanCode=0, metaState=0, flags=0x8, repeatCount=0, eventTime=1206064322, downTime=1206064322, deviceId=-1, source=0x101, displayId=0 }
08-23 06:09:05.188 30650 30650 I MediaPlayerManager: backPress
08-23 06:09:05.213 30650 30650 I MediaPlayerManager: updateState [PAUSED]
08-23 06:09:05.213 30650 30650 I MediaPlayerManager: startProgressTimer: [129034864]
08-23 06:09:05.225 30650 30818 W SQLiteLog: (28) double-quoted string literal: "
08-23 06:09:05.225 30650 30818 W SQLiteLog: (28) double-quoted string literal: "AF571FA909106A41DF84C56AC826E795"
08-23 06:09:05.238 30650 30650 I crashsdk: Unexp log not enabled, skip update unexp info!
08-23 06:09:05.238 30650 30650 E asdasdasd1: com.upgadata.up7723.classic.NewClassicTagGameActivity
08-23 06:09:05.241 30650 30650 E asdasdasd2: com.upgadata.up7723.classic.NewClassicTagGameActivity
08-23 06:09:05.250 30650 30818 W SQLiteLog: (28) double-quoted string literal: "AF571FA909106A41DF84C56AC826E795"
08-23 06:09:05.250 30650 30818 W SQLiteLog: (28) double-quoted string literal: ""
08-23 06:09:05.250 30650 30818 W SQLiteLog: (28) double-quoted string literal: "AF571FA909106A41DF84C56AC826E795"
08-23 06:09:05.250 30650 30818 W SQLiteLog: (28) double-quoted string literal: "-1"
08-23 06:09:05.659 30650 30650 I MediaPlayerManager: onSurfaceTextureDestroyed []
08-23 06:09:05.666 30650 30650 D MediaPlayerManager: release
08-23 06:09:05.666 30650 30650 V MediaPlayer: resetDrmState: mDrmInfo=null mDrmProvisioningThread=null mPrepareDrmInProgress=false mActiveDrmScheme=false
08-23 06:09:05.666 30650 30650 V MediaPlayer: cleanDrmObj: mDrmObj=null mDrmSessionId=null
08-23 06:09:05.706 30650 30650 I MediaPlayerManager: updateState [IDLE]
08-23 06:09:05.706 30650 30650 I MediaPlayerManager: updateState [IDLE]
08-23 06:09:09.469 30650 30650 I Timeline: Timeline: Activity_launch_request time:1206068614
08-23 06:09:09.493 30650 30818 W SQLiteLog: (28) double-quoted string literal: "
08-23 06:09:09.494 30650 30818 W SQLiteLog: (28) double-quoted string literal: "AF571FA909106A41DF84C56AC826E795"
08-23 06:09:09.497 30650 30650 D DecorView[]: getWindowModeFromSystem windowmode is 1
08-23 06:09:09.497 30650 30650 D DecorView: createDecorCaptionView windowingMode:1 mWindowMode 1 isFullscreen: true
08-23 06:09:09.501 30650 30862 D ViewContentFactory: initViewContentFetcherClass
08-23 06:09:09.501 30650 30862 I ContentCatcher: ViewContentFetcher : ViewContentFetcher
08-23 06:09:09.501 30650 30862 D ViewContentFactory: createInterceptor took 1ms
08-23 06:09:09.502 30650 30862 I ContentCatcher: Interceptor : Catcher list invalid for com.upgadata.up7723@com.upgadata.up7723.game.detail.DetailGameActivity@10647962
08-23 06:09:09.502 30650 30862 I ContentCatcher: Interceptor : Get featureInfo from config image_pick_mode
08-23 06:09:09.503 30650 30862 I ContentCatcher: Interceptor : Get featureInfo from config pick_mode
08-23 06:09:09.534 30650 30650 D DecorView: createDecorCaptionView windowingMode:1 mWindowMode 1 isFullscreen: true
08-23 06:09:09.544 30650 30650 I crashsdk: Unexp log not enabled, skip update unexp info!
08-23 06:09:09.544 30650 30650 E asdasdasd1: com.upgadata.up7723.game.detail.DetailGameActivity
08-23 06:09:09.545 30650 30650 E asdasdasd2: com.upgadata.up7723.game.detail.DetailGameActivity
08-23 06:09:09.546 30650 30650 E asdasdasd:: 0
08-23 06:09:09.547 30650 30650 D DecorView[]: getWindowModeFromSystem windowmode is 1
08-23 06:09:09.553 30650 30818 W SQLiteLog: (28) double-quoted string literal: "AF571FA909106A41DF84C56AC826E795"
08-23 06:09:09.553 30650 30818 W SQLiteLog: (28) double-quoted string literal: ""
08-23 06:09:09.553 30650 30818 W SQLiteLog: (28) double-quoted string literal: "AF571FA909106A41DF84C56AC826E795"
08-23 06:09:09.553 30650 30818 W SQLiteLog: (28) double-quoted string literal: "-1"
08-23 06:09:11.076 30650 30925 E upgadata.up772: Invalid ID 0x00000000.
08-23 06:09:11.076 30650 30925 W ResourceLoader: Received invalid resource id: 0
08-23 06:09:11.076 30650 30925 W ResourceLoader: android.content.res.Resources$NotFoundException: Unable to find resource ID #0x0
08-23 06:09:11.076 30650 30925 W ResourceLoader: at android.content.res.ResourcesImpl.getResourcePackageName(ResourcesImpl.java:286)
08-23 06:09:11.076 30650 30925 W ResourceLoader: at android.content.res.Resources.getResourcePackageName(Resources.java:2236)
08-23 06:09:11.076 30650 30925 W ResourceLoader: at com.bumptech.glide.load.model.ResourceLoader.getResourceUri(ResourceLoader.java:45)
08-23 06:09:11.076 30650 30925 W ResourceLoader: at com.bumptech.glide.load.model.ResourceLoader.buildLoadData(ResourceLoader.java:35)
08-23 06:09:11.076 30650 30925 W ResourceLoader: at com.bumptech.glide.load.model.ResourceLoader.buildLoadData(ResourceLoader.java:20)
08-23 06:09:11.076 30650 30925 W ResourceLoader: at com.bumptech.glide.load.engine.DecodeHelper.getLoadData(DecodeHelper.java:211)
08-23 06:09:11.076 30650 30925 W ResourceLoader: at com.bumptech.glide.load.engine.DecodeHelper.getCacheKeys(DecodeHelper.java:224)
08-23 06:09:11.076 30650 30925 W ResourceLoader: at com.bumptech.glide.load.engine.ResourceCacheGenerator.startNext(ResourceCacheGenera tor.java:44)
08-23 06:09:11.076 30650 30925 W ResourceLoader: at com.bumptech.glide.load.engine.DecodeJob.runGenerators(DecodeJob.java:310)
08-23 06:09:11.076 30650 30925 W ResourceLoader: at com.bumptech.glide.load.engine.DecodeJob.runWrapped(DecodeJob.java:276)
08-23 06:09:11.076 30650 30925 W ResourceLoader: at com.bumptech.glide.load.engine.DecodeJob.run(DecodeJob.java:234)
08-23 06:09:11.076 30650 30925 W ResourceLoader: at java.util.concurrent.ThreadPoolExecutor.runWorker(ThreadPoolExecutor.java:1167)
08-23 06:09:11.076 30650 30925 W ResourceLoader: at java.util.concurrent.ThreadPoolExecutor$Worker.run(ThreadPoolExecutor.java:641)
08-23 06:09:11.076 30650 30925 W ResourceLoader: at java.lang.Thread.run(Thread.java:923)
08-23 06:09:11.076 30650 30925 W ResourceLoader: at com.bumptech.glide.load.engine.executor.GlideExecutor$DefaultThreadFactory$1.run(Gl ideExecutor.java:393)
08-23 06:09:11.076 30650 30925 E upgadata.up772: Invalid ID 0x00000000.
08-23 06:09:11.076 30650 30925 W ResourceLoader: Received invalid resource id: 0
08-23 06:09:11.076 30650 30925 W ResourceLoader: android.content.res.Resources$NotFoundException: Unable to find resource ID #0x0
08-23 06:09:11.076 30650 30925 W ResourceLoader: at android.content.res.ResourcesImpl.getResourcePackageName(ResourcesImpl.java:286)
08-23 06:09:11.076 30650 30925 W ResourceLoader: at android.content.res.Resources.getResourcePackageName(Resources.java:2236)
08-23 06:09:11.076 30650 30925 W ResourceLoader: at com.bumptech.glide.load.model.ResourceLoader.getResourceUri(ResourceLoader.java:45)
08-23 06:09:11.076 30650 30925 W ResourceLoader: at com.bumptech.glide.load.model.ResourceLoader.buildLoadData(ResourceLoader.java:35)
08-23 06:09:11.076 30650 30925 W ResourceLoader: at com.bumptech.glide.load.model.ResourceLoader.buildLoadData(ResourceLoader.java:20)
08-23 06:09:11.076 30650 30925 W ResourceLoader: at com.bumptech.glide.load.engine.DecodeHelper.getLoadData(DecodeHelper.java:211)
08-23 06:09:11.076 30650 30925 W ResourceLoader: at com.bumptech.glide.load.engine.DecodeHelper.getCacheKeys(DecodeHelper.java:224)
08-23 06:09:11.076 30650 30925 W ResourceLoader: at com.bumptech.glide.load.engine.ResourceCacheGenerator.startNext(ResourceCacheGenera tor.java:44)
08-23 06:09:11.076 30650 30925 W ResourceLoader: at com.bumptech.glide.load.engine.DecodeJob.runGenerators(DecodeJob.java:310)
08-23 06:09:11.076 30650 30925 W ResourceLoader: at com.bumptech.glide.load.engine.DecodeJob.runWrapped(DecodeJob.java:276)
08-23 06:09:11.076 30650 30925 W ResourceLoader: at com.bumptech.glide.load.engine.DecodeJob.run(DecodeJob.java:234)
08-23 06:09:11.076 30650 30925 W ResourceLoader: at java.util.concurrent.ThreadPoolExecutor.runWorker(ThreadPoolExecutor.java:1167)
08-23 06:09:11.076 30650 30925 W ResourceLoader: at java.util.concurrent.ThreadPoolExecutor$Worker.run(ThreadPoolExecutor.java:641)
08-23 06:09:11.076 30650 30925 W ResourceLoader: at java.lang.Thread.run(Thread.java:923)
08-23 06:09:11.076 30650 30925 W ResourceLoader: at com.bumptech.glide.load.engine.executor.GlideExecutor$DefaultThreadFactory$1.run(Gl ideExecutor.java:393)
08-23 06:09:11.077 30650 30925 E upgadata.up772: Invalid ID 0x00000000.
08-23 06:09:11.077 30650 30925 W ResourceLoader: Received invalid resource id: 0
08-23 06:09:11.077 30650 30925 W ResourceLoader: android.content.res.Resources$NotFoundException: Unable to find resource ID #0x0
08-23 06:09:11.077 30650 30925 W ResourceLoader: at android.content.res.ResourcesImpl.getResourcePackageName(ResourcesImpl.java:286)
08-23 06:09:11.077 30650 30925 W ResourceLoader: at android.content.res.Resources.getResourcePackageName(Resources.java:2236)
08-23 06:09:11.077 30650 30925 W ResourceLoader: at com.bumptech.glide.load.model.ResourceLoader.getResourceUri(ResourceLoader.java:45)
08-23 06:09:11.077 30650 30925 W ResourceLoader: at com.bumptech.glide.load.model.ResourceLoader.buildLoadData(ResourceLoader.java:35)
08-23 06:09:11.077 30650 30925 W ResourceLoader: at com.bumptech.glide.load.model.ResourceLoader.buildLoadData(ResourceLoader.java:20)
08-23 06:09:11.077 30650 30925 W ResourceLoader: at com.bumptech.glide.load.engine.DecodeHelper.getLoadData(DecodeHelper.java:211)
08-23 06:09:11.077 30650 30925 W ResourceLoader: at com.bumptech.glide.load.engine.DecodeHelper.getCacheKeys(DecodeHelper.java:224)
08-23 06:09:11.077 30650 30925 W ResourceLoader: at com.bumptech.glide.load.engine.ResourceCacheGenerator.startNext(ResourceCacheGenera tor.java:44)
08-23 06:09:11.077 30650 30925 W ResourceLoader: at com.bumptech.glide.load.engine.DecodeJob.runGenerators(DecodeJob.java:310)
08-23 06:09:11.077 30650 30925 W ResourceLoader: at com.bumptech.glide.load.engine.DecodeJob.runWrapped(DecodeJob.java:276)
08-23 06:09:11.077 30650 30925 W ResourceLoader: at com.bumptech.glide.load.engine.DecodeJob.run(DecodeJob.java:234)
08-23 06:09:11.077 30650 30925 W ResourceLoader: at java.util.concurrent.ThreadPoolExecutor.runWorker(ThreadPoolExecutor.java:1167)
08-23 06:09:11.077 30650 30925 W ResourceLoader: at java.util.concurrent.ThreadPoolExecutor$Worker.run(ThreadPoolExecutor.java:641)
08-23 06:09:11.077 30650 30925 W ResourceLoader: at java.lang.Thread.run(Thread.java:923)
08-23 06:09:11.077 30650 30925 W ResourceLoader: at com.bumptech.glide.load.engine.executor.GlideExecutor$DefaultThreadFactory$1.run(Gl ideExecutor.java:393)
08-23 06:09:11.077 30650 30925 E upgadata.up772: Invalid ID 0x00000000.
08-23 06:09:11.077 30650 30925 W ResourceLoader: Received invalid resource id: 0
08-23 06:09:11.077 30650 30925 W ResourceLoader: android.content.res.Resources$NotFoundException: Unable to find resource ID #0x0
08-23 06:09:11.077 30650 30925 W ResourceLoader: at android.content.res.ResourcesImpl.getResourcePackageName(ResourcesImpl.java:286)
08-23 06:09:11.077 30650 30925 W ResourceLoader: at android.content.res.Resources.getResourcePackageName(Resources.java:2236)
08-23 06:09:11.077 30650 30925 W ResourceLoader: at com.bumptech.glide.load.model.ResourceLoader.getResourceUri(ResourceLoader.java:45)
08-23 06:09:11.077 30650 30925 W ResourceLoader: at com.bumptech.glide.load.model.ResourceLoader.buildLoadData(ResourceLoader.java:35)
08-23 06:09:11.077 30650 30925 W ResourceLoader: at com.bumptech.glide.load.model.ResourceLoader.buildLoadData(ResourceLoader.java:20)
08-23 06:09:11.077 30650 30925 W ResourceLoader: at com.bumptech.glide.load.engine.DecodeHelper.getLoadData(DecodeHelper.java:211)
08-23 06:09:11.077 30650 30925 W ResourceLoader: at com.bumptech.glide.load.engine.DecodeHelper.getCacheKeys(DecodeHelper.java:224)
08-23 06:09:11.077 30650 30925 W ResourceLoader: at com.bumptech.glide.load.engine.ResourceCacheGenerator.startNext(ResourceCacheGenera tor.java:44)
08-23 06:09:11.077 30650 30925 W ResourceLoader: at com.bumptech.glide.load.engine.DecodeJob.runGenerators(DecodeJob.java:310)
08-23 06:09:11.077 30650 30925 W ResourceLoader: at com.bumptech.glide.load.engine.DecodeJob.runWrapped(DecodeJob.java:276)
08-23 06:09:11.077 30650 30925 W ResourceLoader: at com.bumptech.glide.load.engine.DecodeJob.run(DecodeJob.java:234)
08-23 06:09:11.077 30650 30925 W ResourceLoader: at java.util.concurrent.ThreadPoolExecutor.runWorker(ThreadPoolExecutor.java:1167)
08-23 06:09:11.077 30650 30925 W ResourceLoader: at java.util.concurrent.ThreadPoolExecutor$Worker.run(ThreadPoolExecutor.java:641)
08-23 06:09:11.077 30650 30925 W ResourceLoader: at java.lang.Thread.run(Thread.java:923)
08-23 06:09:11.077 30650 30925 W ResourceLoader: at com.bumptech.glide.load.engine.executor.GlideExecutor$DefaultThreadFactory$1.run(Gl ideExecutor.java:393)
08-23 06:09:11.077 30650 30925 E upgadata.up772: Invalid ID 0x00000000.
08-23 06:09:11.077 30650 30925 W ResourceLoader: Received invalid resource id: 0
08-23 06:09:11.077 30650 30925 W ResourceLoader: android.content.res.Resources$NotFoundException: Unable to find resource ID #0x0
08-23 06:09:11.077 30650 30925 W ResourceLoader: at android.content.res.ResourcesImpl.getResourcePackageName(ResourcesImpl.java:286)
08-23 06:09:11.077 30650 30925 W ResourceLoader: at android.content.res.Resources.getResourcePackageName(Resources.java:2236)
08-23 06:09:11.077 30650 30925 W ResourceLoader: at com.bumptech.glide.load.model.ResourceLoader.getResourceUri(ResourceLoader.java:45)
08-23 06:09:11.077 30650 30925 W ResourceLoader: at com.bumptech.glide.load.model.ResourceLoader.buildLoadData(ResourceLoader.java:35)
08-23 06:09:11.077 30650 30925 W ResourceLoader: at com.bumptech.glide.load.model.ResourceLoader.buildLoadData(ResourceLoader.java:20)
08-23 06:09:11.077 30650 30925 W ResourceLoader: at com.bumptech.glide.load.engine.DecodeHelper.getLoadData(DecodeHelper.java:211)
08-23 06:09:11.077 30650 30925 W ResourceLoader: at com.bumptech.glide.load.engine.DecodeHelper.getCacheKeys(DecodeHelper.java:224)
08-23 06:09:11.077 30650 30925 W ResourceLoader: at com.bumptech.glide.load.engine.ResourceCacheGenerator.startNext(ResourceCacheGenera tor.java:44)
08-23 06:09:11.077 30650 30925 W ResourceLoader: at com.bumptech.glide.load.engine.DecodeJob.runGenerators(DecodeJob.java:310)
08-23 06:09:11.077 30650 30925 W ResourceLoader: at com.bumptech.glide.load.engine.DecodeJob.runWrapped(DecodeJob.java:276)
08-23 06:09:11.077 30650 30925 W ResourceLoader: at com.bumptech.glide.load.engine.DecodeJob.run(DecodeJob.java:234)
08-23 06:09:11.077 30650 30925 W ResourceLoader: at java.util.concurrent.ThreadPoolExecutor.runWorker(ThreadPoolExecutor.java:1167)
08-23 06:09:11.077 30650 30925 W ResourceLoader: at java.util.concurrent.ThreadPoolExecutor$Worker.run(ThreadPoolExecutor.java:641)
08-23 06:09:11.077 30650 30925 W ResourceLoader: at java.lang.Thread.run(Thread.java:923)
08-23 06:09:11.077 30650 30925 W ResourceLoader: at com.bumptech.glide.load.engine.executor.GlideExecutor$DefaultThreadFactory$1.run(Gl ideExecutor.java:393)
08-23 06:09:11.077 30650 30925 E upgadata.up772: Invalid ID 0x00000000.
08-23 06:09:11.078 30650 30925 W ResourceLoader: Received invalid resource id: 0
08-23 06:09:11.078 30650 30925 W ResourceLoader: android.content.res.Resources$NotFoundException: Unable to find resource ID #0x0
08-23 06:09:11.078 30650 30925 W ResourceLoader: at android.content.res.ResourcesImpl.getResourcePackageName(ResourcesImpl.java:286)
08-23 06:09:11.078 30650 30925 W ResourceLoader: at android.content.res.Resources.getResourcePackageName(Resources.java:2236)
08-23 06:09:11.078 30650 30925 W ResourceLoader: at com.bumptech.glide.load.model.ResourceLoader.getResourceUri(ResourceLoader.java:45)
08-23 06:09:11.078 30650 30925 W ResourceLoader: at com.bumptech.glide.load.model.ResourceLoader.buildLoadData(ResourceLoader.java:35)
08-23 06:09:11.078 30650 30925 W ResourceLoader: at com.bumptech.glide.load.model.ResourceLoader.buildLoadData(ResourceLoader.java:20)
08-23 06:09:11.078 30650 30925 W ResourceLoader: at com.bumptech.glide.load.engine.DecodeHelper.getLoadData(DecodeHelper.java:211)
08-23 06:09:11.078 30650 30925 W ResourceLoader: at com.bumptech.glide.load.engine.DecodeHelper.getCacheKeys(DecodeHelper.java:224)
08-23 06:09:11.078 30650 30925 W ResourceLoader: at com.bumptech.glide.load.engine.ResourceCacheGenerator.startNext(ResourceCacheGenera tor.java:44)
08-23 06:09:11.078 30650 30925 W ResourceLoader: at com.bumptech.glide.load.engine.DecodeJob.runGenerators(DecodeJob.java:310)
08-23 06:09:11.078 30650 30925 W ResourceLoader: at com.bumptech.glide.load.engine.DecodeJob.runWrapped(DecodeJob.java:276)
08-23 06:09:11.078 30650 30925 W ResourceLoader: at com.bumptech.glide.load.engine.DecodeJob.run(DecodeJob.java:234)
08-23 06:09:11.078 30650 30925 W ResourceLoader: at java.util.concurrent.ThreadPoolExecutor.runWorker(ThreadPoolExecutor.java:1167)
08-23 06:09:11.078 30650 30925 W ResourceLoader: at java.util.concurrent.ThreadPoolExecutor$Worker.run(ThreadPoolExecutor.java:641)
08-23 06:09:11.078 30650 30925 W ResourceLoader: at java.lang.Thread.run(Thread.java:923)
08-23 06:09:11.078 30650 30925 W ResourceLoader: at com.bumptech.glide.load.engine.executor.GlideExecutor$DefaultThreadFactory$1.run(Gl ideExecutor.java:393)
08-23 06:09:11.078 30650 30925 E upgadata.up772: Invalid ID 0x00000000.
08-23 06:09:11.078 30650 30925 W ResourceLoader: Received invalid resource id: 0
08-23 06:09:11.078 30650 30925 W ResourceLoader: android.content.res.Resources$NotFoundException: Unable to find resource ID #0x0
08-23 06:09:11.078 30650 30925 W ResourceLoader: at android.content.res.ResourcesImpl.getResourcePackageName(ResourcesImpl.java:286)
08-23 06:09:11.078 30650 30925 W ResourceLoader: at android.content.res.Resources.getResourcePackageName(Resources.java:2236)
08-23 06:09:11.078 30650 30925 W ResourceLoader: at com.bumptech.glide.load.model.ResourceLoader.getResourceUri(ResourceLoader.java:45)
08-23 06:09:11.078 30650 30925 W ResourceLoader: at com.bumptech.glide.load.model.ResourceLoader.buildLoadData(ResourceLoader.java:35)
08-23 06:09:11.078 30650 30925 W ResourceLoader: at com.bumptech.glide.load.model.ResourceLoader.buildLoadData(ResourceLoader.java:20)
08-23 06:09:11.078 30650 30925 W ResourceLoader: at com.bumptech.glide.load.engine.DecodeHelper.getLoadData(DecodeHelper.java:211)
08-23 06:09:11.078 30650 30925 W ResourceLoader: at com.bumptech.glide.load.engine.DecodeHelper.getCacheKeys(DecodeHelper.java:224)
08-23 06:09:11.078 30650 30925 W ResourceLoader: at com.bumptech.glide.load.engine.ResourceCacheGenerator.startNext(ResourceCacheGenera tor.java:44)
08-23 06:09:11.078 30650 30925 W ResourceLoader: at com.bumptech.glide.load.engine.DecodeJob.runGenerators(DecodeJob.java:310)
08-23 06:09:11.078 30650 30925 W ResourceLoader: at com.bumptech.glide.load.engine.DecodeJob.runWrapped(DecodeJob.java:276)
08-23 06:09:11.078 30650 30925 W ResourceLoader: at com.bumptech.glide.load.engine.DecodeJob.run(DecodeJob.java:234)
08-23 06:09:11.078 30650 30925 W ResourceLoader: at java.util.concurrent.ThreadPoolExecutor.runWorker(ThreadPoolExecutor.java:1167)
08-23 06:09:11.078 30650 30925 W ResourceLoader: at java.util.concurrent.ThreadPoolExecutor$Worker.run(ThreadPoolExecutor.java:641)
08-23 06:09:11.078 30650 30925 W ResourceLoader: at java.lang.Thread.run(Thread.java:923)
08-23 06:09:11.078 30650 30925 W ResourceLoader: at com.bumptech.glide.load.engine.executor.GlideExecutor$DefaultThreadFactory$1.run(Gl ideExecutor.java:393)
08-23 06:09:11.078 30650 30925 E upgadata.up772: Invalid ID 0x00000000.
08-23 06:09:11.078 30650 30925 W ResourceLoader: Received invalid resource id: 0
08-23 06:09:11.078 30650 30925 W ResourceLoader: android.content.res.Resources$NotFoundException: Unable to find resource ID #0x0
08-23 06:09:11.078 30650 30925 W ResourceLoader: at android.content.res.ResourcesImpl.getResourcePackageName(ResourcesImpl.java:286)
08-23 06:09:11.078 30650 30925 W ResourceLoader: at android.content.res.Resources.getResourcePackageName(Resources.java:2236)
08-23 06:09:11.078 30650 30925 W ResourceLoader: at com.bumptech.glide.load.model.ResourceLoader.getResourceUri(ResourceLoader.java:45)
08-23 06:09:11.078 30650 30925 W ResourceLoader: at com.bumptech.glide.load.model.ResourceLoader.buildLoadData(ResourceLoader.java:35)
08-23 06:09:11.078 30650 30925 W ResourceLoader: at com.bumptech.glide.load.model.ResourceLoader.buildLoadData(ResourceLoader.java:20)
08-23 06:09:11.078 30650 30925 W ResourceLoader: at com.bumptech.glide.load.engine.DecodeHelper.getLoadData(DecodeHelper.java:211)
08-23 06:09:11.078 30650 30925 W ResourceLoader: at com.bumptech.glide.load.engine.DecodeHelper.getCacheKeys(DecodeHelper.java:224)
08-23 06:09:11.078 30650 30925 W ResourceLoader: at com.bumptech.glide.load.engine.ResourceCacheGenerator.startNext(ResourceCacheGenera tor.java:44)
08-23 06:09:11.078 30650 30925 W ResourceLoader: at com.bumptech.glide.load.engine.DecodeJob.runGenerators(DecodeJob.java:310)
08-23 06:09:11.078 30650 30925 W ResourceLoader: at com.bumptech.glide.load.engine.DecodeJob.runWrapped(DecodeJob.java:276)
08-23 06:09:11.078 30650 30925 W ResourceLoader: at com.bumptech.glide.load.engine.DecodeJob.run(DecodeJob.java:234)
08-23 06:09:11.078 30650 30925 W ResourceLoader: at java.util.concurrent.ThreadPoolExecutor.runWorker(ThreadPoolExecutor.java:1167)
08-23 06:09:11.078 30650 30925 W ResourceLoader: at java.util.concurrent.ThreadPoolExecutor$Worker.run(ThreadPoolExecutor.java:641)
08-23 06:09:11.078 30650 30925 W ResourceLoader: at java.lang.Thread.run(Thread.java:923)
08-23 06:09:11.078 30650 30925 W ResourceLoader: at com.bumptech.glide.load.engine.executor.GlideExecutor$DefaultThreadFactory$1.run(Gl ideExecutor.java:393)
08-23 06:09:11.095 30650 30650 D MediaPlayerManager: release
08-23 06:09:11.099 30650 30650 V MediaPlayer: resetDrmState: mDrmInfo=null mDrmProvisioningThread=null mPrepareDrmInProgress=false mActiveDrmScheme=false
08-23 06:09:11.099 30650 30650 V MediaPlayer: cleanDrmObj: mDrmObj=null mDrmSessionId=null
08-23 06:09:11.099 30650 30650 I MediaPlayerManager: updateState [IDLE]
08-23 06:09:11.099 30650 30650 I MediaPlayerManager: updateState [IDLE]
08-23 06:09:11.116 30650 30703 I Pinger : Ping response: `ping ok`, pinged? true
08-23 06:09:11.186 30650 30925 E upgadata.up772: Invalid ID 0x00000000.
08-23 06:09:11.186 30650 30925 W ResourceLoader: Received invalid resource id: 0
08-23 06:09:11.186 30650 30925 W ResourceLoader: android.content.res.Resources$NotFoundException: Unable to find resource ID #0x0
08-23 06:09:11.186 30650 30925 W ResourceLoader: at android.content.res.ResourcesImpl.getResourcePackageName(ResourcesImpl.java:286)
08-23 06:09:11.186 30650 30925 W ResourceLoader: at android.content.res.Resources.getResourcePackageName(Resources.java:2236)
08-23 06:09:11.186 30650 30925 W ResourceLoader: at com.bumptech.glide.load.model.ResourceLoader.getResourceUri(ResourceLoader.java:45)
08-23 06:09:11.186 30650 30925 W ResourceLoader: at com.bumptech.glide.load.model.ResourceLoader.buildLoadData(ResourceLoader.java:35)
08-23 06:09:11.186 30650 30925 W ResourceLoader: at com.bumptech.glide.load.model.ResourceLoader.buildLoadData(ResourceLoader.java:20)
08-23 06:09:11.186 30650 30925 W ResourceLoader: at com.bumptech.glide.load.engine.DecodeHelper.getLoadData(DecodeHelper.java:211)
08-23 06:09:11.186 30650 30925 W ResourceLoader: at com.bumptech.glide.load.engine.DecodeHelper.getCacheKeys(DecodeHelper.java:224)
08-23 06:09:11.186 30650 30925 W ResourceLoader: at com.bumptech.glide.load.engine.ResourceCacheGenerator.startNext(ResourceCacheGenera tor.java:44)
08-23 06:09:11.186 30650 30925 W ResourceLoader: at com.bumptech.glide.load.engine.DecodeJob.runGenerators(DecodeJob.java:310)
08-23 06:09:11.186 30650 30925 W ResourceLoader: at com.bumptech.glide.load.engine.DecodeJob.runWrapped(DecodeJob.java:276)
08-23 06:09:11.186 30650 30925 W ResourceLoader: at com.bumptech.glide.load.engine.DecodeJob.run(DecodeJob.java:234)
08-23 06:09:11.186 30650 30925 W ResourceLoader: at java.util.concurrent.ThreadPoolExecutor.runWorker(ThreadPoolExecutor.java:1167)
08-23 06:09:11.186 30650 30925 W ResourceLoader: at java.util.concurrent.ThreadPoolExecutor$Worker.run(ThreadPoolExecutor.java:641)
08-23 06:09:11.186 30650 30925 W ResourceLoader: at java.lang.Thread.run(Thread.java:923)
08-23 06:09:11.186 30650 30925 W ResourceLoader: at com.bumptech.glide.load.engine.executor.GlideExecutor$DefaultThreadFactory$1.run(Gl ideExecutor.java:393)
08-23 06:09:11.186 30650 30925 E upgadata.up772: Invalid ID 0x00000000.
08-23 06:09:11.186 30650 30925 W ResourceLoader: Received invalid resource id: 0
08-23 06:09:11.186 30650 30925 W ResourceLoader: android.content.res.Resources$NotFoundException: Unable to find resource ID #0x0
08-23 06:09:11.186 30650 30925 W ResourceLoader: at android.content.res.ResourcesImpl.getResourcePackageName(ResourcesImpl.java:286)
08-23 06:09:11.186 30650 30925 W ResourceLoader: at android.content.res.Resources.getResourcePackageName(Resources.java:2236)
08-23 06:09:11.186 30650 30925 W ResourceLoader: at com.bumptech.glide.load.model.ResourceLoader.getResourceUri(ResourceLoader.java:45)
08-23 06:09:11.186 30650 30925 W ResourceLoader: at com.bumptech.glide.load.model.ResourceLoader.buildLoadData(ResourceLoader.java:35)
08-23 06:09:11.186 30650 30925 W ResourceLoader: at com.bumptech.glide.load.model.ResourceLoader.buildLoadData(ResourceLoader.java:20)
08-23 06:09:11.186 30650 30925 W ResourceLoader: at com.bumptech.glide.load.engine.DecodeHelper.getLoadData(DecodeHelper.java:211)
08-23 06:09:11.186 30650 30925 W ResourceLoader: at com.bumptech.glide.load.engine.DecodeHelper.getCacheKeys(DecodeHelper.java:224)
08-23 06:09:11.186 30650 30925 W ResourceLoader: at com.bumptech.glide.load.engine.ResourceCacheGenerator.startNext(ResourceCacheGenera tor.java:44)
08-23 06:09:11.186 30650 30925 W ResourceLoader: at com.bumptech.glide.load.engine.DecodeJob.runGenerators(DecodeJob.java:310)
08-23 06:09:11.186 30650 30925 W ResourceLoader: at com.bumptech.glide.load.engine.DecodeJob.runWrapped(DecodeJob.java:276)
08-23 06:09:11.186 30650 30925 W ResourceLoader: at com.bumptech.glide.load.engine.DecodeJob.run(DecodeJob.java:234)
08-23 06:09:11.186 30650 30925 W ResourceLoader: at java.util.concurrent.ThreadPoolExecutor.runWorker(ThreadPoolExecutor.java:1167)
