08-23 06:05:24.556 30650 30925 W ResourceLoader: at com.bumptech.glide.load.engine.DecodeHelper.getLoadData(DecodeHelper.java:211)
08-23 06:05:24.556 30650 30925 W ResourceLoader: at com.bumptech.glide.load.engine.DecodeHelper.getCacheKeys(DecodeHelper.java:224)
08-23 06:05:24.556 30650 30925 W ResourceLoader: at com.bumptech.glide.load.engine.ResourceCacheGenerator.startNext(ResourceCacheGenera tor.java:44)
08-23 06:05:24.556 30650 30925 W ResourceLoader: at com.bumptech.glide.load.engine.DecodeJob.runGenerators(DecodeJob.java:310)
08-23 06:05:24.556 30650 30925 W ResourceLoader: at com.bumptech.glide.load.engine.DecodeJob.runWrapped(DecodeJob.java:276)
08-23 06:05:24.556 30650 30925 W ResourceLoader: at com.bumptech.glide.load.engine.DecodeJob.run(DecodeJob.java:234)
08-23 06:05:24.556 30650 30925 W ResourceLoader: at java.util.concurrent.ThreadPoolExecutor.runWorker(ThreadPoolExecutor.java:1167)
08-23 06:05:24.556 30650 30925 W ResourceLoader: at java.util.concurrent.ThreadPoolExecutor$Worker.run(ThreadPoolExecutor.java:641)
08-23 06:05:24.556 30650 30925 W ResourceLoader: at java.lang.Thread.run(Thread.java:923)
08-23 06:05:24.556 30650 30925 W ResourceLoader: at com.bumptech.glide.load.engine.executor.GlideExecutor$DefaultThreadFactory$1.run(Gl ideExecutor.java:393)
08-23 06:05:24.556 30650 30925 E upgadata.up772: Invalid ID 0x00000000.
08-23 06:05:24.556 30650 30925 W ResourceLoader: Received invalid resource id: 0
08-23 06:05:24.556 30650 30925 W ResourceLoader: android.content.res.Resources$NotFoundException: Unable to find resource ID #0x0
08-23 06:05:24.556 30650 30925 W ResourceLoader: at android.content.res.ResourcesImpl.getResourcePackageName(ResourcesImpl.java:286)
08-23 06:05:24.556 30650 30925 W ResourceLoader: at android.content.res.Resources.getResourcePackageName(Resources.java:2236)
08-23 06:05:24.556 30650 30925 W ResourceLoader: at com.bumptech.glide.load.model.ResourceLoader.getResourceUri(ResourceLoader.java:45)
08-23 06:05:24.556 30650 30925 W ResourceLoader: at com.bumptech.glide.load.model.ResourceLoader.buildLoadData(ResourceLoader.java:35)
08-23 06:05:24.556 30650 30925 W ResourceLoader: at com.bumptech.glide.load.model.ResourceLoader.buildLoadData(ResourceLoader.java:20)
08-23 06:05:24.556 30650 30925 W ResourceLoader: at com.bumptech.glide.load.engine.DecodeHelper.getLoadData(DecodeHelper.java:211)
08-23 06:05:24.556 30650 30925 W ResourceLoader: at com.bumptech.glide.load.engine.DecodeHelper.getCacheKeys(DecodeHelper.java:224)
08-23 06:05:24.556 30650 30925 W ResourceLoader: at com.bumptech.glide.load.engine.ResourceCacheGenerator.startNext(ResourceCacheGenera tor.java:44)
08-23 06:05:24.556 30650 30925 W ResourceLoader: at com.bumptech.glide.load.engine.DecodeJob.runGenerators(DecodeJob.java:310)
08-23 06:05:24.556 30650 30925 W ResourceLoader: at com.bumptech.glide.load.engine.DecodeJob.runWrapped(DecodeJob.java:276)
08-23 06:05:24.556 30650 30925 W ResourceLoader: at com.bumptech.glide.load.engine.DecodeJob.run(DecodeJob.java:234)
08-23 06:05:24.556 30650 30925 W ResourceLoader: at java.util.concurrent.ThreadPoolExecutor.runWorker(ThreadPoolExecutor.java:1167)
08-23 06:05:24.556 30650 30925 W ResourceLoader: at java.util.concurrent.ThreadPoolExecutor$Worker.run(ThreadPoolExecutor.java:641)
08-23 06:05:24.556 30650 30925 W ResourceLoader: at java.lang.Thread.run(Thread.java:923)
08-23 06:05:24.556 30650 30925 W ResourceLoader: at com.bumptech.glide.load.engine.executor.GlideExecutor$DefaultThreadFactory$1.run(Gl ideExecutor.java:393)
08-23 06:05:24.556 30650 30925 E upgadata.up772: Invalid ID 0x00000000.
08-23 06:05:24.556 30650 30925 W ResourceLoader: Received invalid resource id: 0
08-23 06:05:24.556 30650 30925 W ResourceLoader: android.content.res.Resources$NotFoundException: Unable to find resource ID #0x0
08-23 06:05:24.556 30650 30925 W ResourceLoader: at android.content.res.ResourcesImpl.getResourcePackageName(ResourcesImpl.java:286)
08-23 06:05:24.556 30650 30925 W ResourceLoader: at android.content.res.Resources.getResourcePackageName(Resources.java:2236)
08-23 06:05:24.556 30650 30925 W ResourceLoader: at com.bumptech.glide.load.model.ResourceLoader.getResourceUri(ResourceLoader.java:45)
08-23 06:05:24.556 30650 30925 W ResourceLoader: at com.bumptech.glide.load.model.ResourceLoader.buildLoadData(ResourceLoader.java:35)
08-23 06:05:24.556 30650 30925 W ResourceLoader: at com.bumptech.glide.load.model.ResourceLoader.buildLoadData(ResourceLoader.java:20)
08-23 06:05:24.556 30650 30925 W ResourceLoader: at com.bumptech.glide.load.engine.DecodeHelper.getLoadData(DecodeHelper.java:211)
08-23 06:05:24.556 30650 30925 W ResourceLoader: at com.bumptech.glide.load.engine.DecodeHelper.getCacheKeys(DecodeHelper.java:224)
08-23 06:05:24.556 30650 30925 W ResourceLoader: at com.bumptech.glide.load.engine.ResourceCacheGenerator.startNext(ResourceCacheGenera tor.java:44)
08-23 06:05:24.556 30650 30925 W ResourceLoader: at com.bumptech.glide.load.engine.DecodeJob.runGenerators(DecodeJob.java:310)
08-23 06:05:24.556 30650 30925 W ResourceLoader: at com.bumptech.glide.load.engine.DecodeJob.runWrapped(DecodeJob.java:276)
08-23 06:05:24.556 30650 30925 W ResourceLoader: at com.bumptech.glide.load.engine.DecodeJob.run(DecodeJob.java:234)
08-23 06:05:24.556 30650 30925 W ResourceLoader: at java.util.concurrent.ThreadPoolExecutor.runWorker(ThreadPoolExecutor.java:1167)
08-23 06:05:24.556 30650 30925 W ResourceLoader: at java.util.concurrent.ThreadPoolExecutor$Worker.run(ThreadPoolExecutor.java:641)
08-23 06:05:24.556 30650 30925 W ResourceLoader: at java.lang.Thread.run(Thread.java:923)
08-23 06:05:24.556 30650 30925 W ResourceLoader: at com.bumptech.glide.load.engine.executor.GlideExecutor$DefaultThreadFactory$1.run(Gl ideExecutor.java:393)
08-23 06:05:24.556 30650 30925 E upgadata.up772: Invalid ID 0x00000000.
08-23 06:05:24.556 30650 30925 W ResourceLoader: Received invalid resource id: 0
08-23 06:05:24.556 30650 30925 W ResourceLoader: android.content.res.Resources$NotFoundException: Unable to find resource ID #0x0
08-23 06:05:24.556 30650 30925 W ResourceLoader: at android.content.res.ResourcesImpl.getResourcePackageName(ResourcesImpl.java:286)
08-23 06:05:24.556 30650 30925 W ResourceLoader: at android.content.res.Resources.getResourcePackageName(Resources.java:2236)
08-23 06:05:24.556 30650 30925 W ResourceLoader: at com.bumptech.glide.load.model.ResourceLoader.getResourceUri(ResourceLoader.java:45)
08-23 06:05:24.556 30650 30925 W ResourceLoader: at com.bumptech.glide.load.model.ResourceLoader.buildLoadData(ResourceLoader.java:35)
08-23 06:05:24.556 30650 30925 W ResourceLoader: at com.bumptech.glide.load.model.ResourceLoader.buildLoadData(ResourceLoader.java:20)
08-23 06:05:24.556 30650 30925 W ResourceLoader: at com.bumptech.glide.load.engine.DecodeHelper.getLoadData(DecodeHelper.java:211)
08-23 06:05:24.556 30650 30925 W ResourceLoader: at com.bumptech.glide.load.engine.DecodeHelper.getCacheKeys(DecodeHelper.java:224)
08-23 06:05:24.556 30650 30925 W ResourceLoader: at com.bumptech.glide.load.engine.ResourceCacheGenerator.startNext(ResourceCacheGenera tor.java:44)
08-23 06:05:24.556 30650 30925 W ResourceLoader: at com.bumptech.glide.load.engine.DecodeJob.runGenerators(DecodeJob.java:310)
08-23 06:05:24.556 30650 30925 W ResourceLoader: at com.bumptech.glide.load.engine.DecodeJob.runWrapped(DecodeJob.java:276)
08-23 06:05:24.556 30650 30925 W ResourceLoader: at com.bumptech.glide.load.engine.DecodeJob.run(DecodeJob.java:234)
08-23 06:05:24.556 30650 30925 W ResourceLoader: at java.util.concurrent.ThreadPoolExecutor.runWorker(ThreadPoolExecutor.java:1167)
08-23 06:05:24.556 30650 30925 W ResourceLoader: at java.util.concurrent.ThreadPoolExecutor$Worker.run(ThreadPoolExecutor.java:641)
08-23 06:05:24.556 30650 30925 W ResourceLoader: at java.lang.Thread.run(Thread.java:923)
08-23 06:05:24.556 30650 30925 W ResourceLoader: at com.bumptech.glide.load.engine.executor.GlideExecutor$DefaultThreadFactory$1.run(Gl ideExecutor.java:393)
08-23 06:05:24.556 30650 30925 E upgadata.up772: Invalid ID 0x00000000.
08-23 06:05:24.556 30650 30925 W ResourceLoader: Received invalid resource id: 0
08-23 06:05:24.556 30650 30925 W ResourceLoader: android.content.res.Resources$NotFoundException: Unable to find resource ID #0x0
08-23 06:05:24.556 30650 30925 W ResourceLoader: at android.content.res.ResourcesImpl.getResourcePackageName(ResourcesImpl.java:286)
08-23 06:05:24.556 30650 30925 W ResourceLoader: at android.content.res.Resources.getResourcePackageName(Resources.java:2236)
08-23 06:05:24.556 30650 30925 W ResourceLoader: at com.bumptech.glide.load.model.ResourceLoader.getResourceUri(ResourceLoader.java:45)
08-23 06:05:24.556 30650 30925 W ResourceLoader: at com.bumptech.glide.load.model.ResourceLoader.buildLoadData(ResourceLoader.java:35)
08-23 06:05:24.556 30650 30925 W ResourceLoader: at com.bumptech.glide.load.model.ResourceLoader.buildLoadData(ResourceLoader.java:20)
08-23 06:05:24.556 30650 30925 W ResourceLoader: at com.bumptech.glide.load.engine.DecodeHelper.getLoadData(DecodeHelper.java:211)
08-23 06:05:24.556 30650 30925 W ResourceLoader: at com.bumptech.glide.load.engine.DecodeHelper.getCacheKeys(DecodeHelper.java:224)
08-23 06:05:24.556 30650 30925 W ResourceLoader: at com.bumptech.glide.load.engine.ResourceCacheGenerator.startNext(ResourceCacheGenera tor.java:44)
08-23 06:05:24.556 30650 30925 W ResourceLoader: at com.bumptech.glide.load.engine.DecodeJob.runGenerators(DecodeJob.java:310)
08-23 06:05:24.556 30650 30925 W ResourceLoader: at com.bumptech.glide.load.engine.DecodeJob.runWrapped(DecodeJob.java:276)
08-23 06:05:24.556 30650 30925 W ResourceLoader: at com.bumptech.glide.load.engine.DecodeJob.run(DecodeJob.java:234)
08-23 06:05:24.556 30650 30925 W ResourceLoader: at java.util.concurrent.ThreadPoolExecutor.runWorker(ThreadPoolExecutor.java:1167)
08-23 06:05:24.556 30650 30925 W ResourceLoader: at java.util.concurrent.ThreadPoolExecutor$Worker.run(ThreadPoolExecutor.java:641)
08-23 06:05:24.556 30650 30925 W ResourceLoader: at java.lang.Thread.run(Thread.java:923)
08-23 06:05:24.556 30650 30925 W ResourceLoader: at com.bumptech.glide.load.engine.executor.GlideExecutor$DefaultThreadFactory$1.run(Gl ideExecutor.java:393)
08-23 06:05:24.556 30650 30925 E upgadata.up772: Invalid ID 0x00000000.
08-23 06:05:24.556 30650 30925 W ResourceLoader: Received invalid resource id: 0
08-23 06:05:24.556 30650 30925 W ResourceLoader: android.content.res.Resources$NotFoundException: Unable to find resource ID #0x0
08-23 06:05:24.556 30650 30925 W ResourceLoader: at android.content.res.ResourcesImpl.getResourcePackageName(ResourcesImpl.java:286)
08-23 06:05:24.556 30650 30925 W ResourceLoader: at android.content.res.Resources.getResourcePackageName(Resources.java:2236)
08-23 06:05:24.556 30650 30925 W ResourceLoader: at com.bumptech.glide.load.model.ResourceLoader.getResourceUri(ResourceLoader.java:45)
08-23 06:05:24.556 30650 30925 W ResourceLoader: at com.bumptech.glide.load.model.ResourceLoader.buildLoadData(ResourceLoader.java:35)
08-23 06:05:24.556 30650 30925 W ResourceLoader: at com.bumptech.glide.load.model.ResourceLoader.buildLoadData(ResourceLoader.java:20)
08-23 06:05:24.556 30650 30925 W ResourceLoader: at com.bumptech.glide.load.engine.DecodeHelper.getLoadData(DecodeHelper.java:211)
08-23 06:05:24.556 30650 30925 W ResourceLoader: at com.bumptech.glide.load.engine.DecodeHelper.getCacheKeys(DecodeHelper.java:224)
08-23 06:05:24.556 30650 30925 W ResourceLoader: at com.bumptech.glide.load.engine.ResourceCacheGenerator.startNext(ResourceCacheGenera tor.java:44)
08-23 06:05:24.556 30650 30925 W ResourceLoader: at com.bumptech.glide.load.engine.DecodeJob.runGenerators(DecodeJob.java:310)
08-23 06:05:24.556 30650 30925 W ResourceLoader: at com.bumptech.glide.load.engine.DecodeJob.runWrapped(DecodeJob.java:276)
08-23 06:05:24.556 30650 30925 W ResourceLoader: at com.bumptech.glide.load.engine.DecodeJob.run(DecodeJob.java:234)
08-23 06:05:24.556 30650 30925 W ResourceLoader: at java.util.concurrent.ThreadPoolExecutor.runWorker(ThreadPoolExecutor.java:1167)
08-23 06:05:24.556 30650 30925 W ResourceLoader: at java.util.concurrent.ThreadPoolExecutor$Worker.run(ThreadPoolExecutor.java:641)
08-23 06:05:24.556 30650 30925 W ResourceLoader: at java.lang.Thread.run(Thread.java:923)
08-23 06:05:24.556 30650 30925 W ResourceLoader: at com.bumptech.glide.load.engine.executor.GlideExecutor$DefaultThreadFactory$1.run(Gl ideExecutor.java:393)
08-23 06:05:24.556 30650 30925 E upgadata.up772: Invalid ID 0x00000000.
08-23 06:05:24.557 30650 30925 W ResourceLoader: Received invalid resource id: 0
08-23 06:05:24.557 30650 30925 W ResourceLoader: android.content.res.Resources$NotFoundException: Unable to find resource ID #0x0
08-23 06:05:24.557 30650 30925 W ResourceLoader: at android.content.res.ResourcesImpl.getResourcePackageName(ResourcesImpl.java:286)
08-23 06:05:24.557 30650 30925 W ResourceLoader: at android.content.res.Resources.getResourcePackageName(Resources.java:2236)
08-23 06:05:24.557 30650 30925 W ResourceLoader: at com.bumptech.glide.load.model.ResourceLoader.getResourceUri(ResourceLoader.java:45)
08-23 06:05:24.557 30650 30925 W ResourceLoader: at com.bumptech.glide.load.model.ResourceLoader.buildLoadData(ResourceLoader.java:35)
08-23 06:05:24.557 30650 30925 W ResourceLoader: at com.bumptech.glide.load.model.ResourceLoader.buildLoadData(ResourceLoader.java:20)
08-23 06:05:24.557 30650 30925 W ResourceLoader: at com.bumptech.glide.load.engine.DecodeHelper.getLoadData(DecodeHelper.java:211)
08-23 06:05:24.557 30650 30925 W ResourceLoader: at com.bumptech.glide.load.engine.DecodeHelper.getCacheKeys(DecodeHelper.java:224)
08-23 06:05:24.557 30650 30925 W ResourceLoader: at com.bumptech.glide.load.engine.ResourceCacheGenerator.startNext(ResourceCacheGenera tor.java:44)
08-23 06:05:24.557 30650 30925 W ResourceLoader: at com.bumptech.glide.load.engine.DecodeJob.runGenerators(DecodeJob.java:310)
08-23 06:05:24.557 30650 30925 W ResourceLoader: at com.bumptech.glide.load.engine.DecodeJob.runWrapped(DecodeJob.java:276)
08-23 06:05:24.557 30650 30925 W ResourceLoader: at com.bumptech.glide.load.engine.DecodeJob.run(DecodeJob.java:234)
08-23 06:05:24.557 30650 30925 W ResourceLoader: at java.util.concurrent.ThreadPoolExecutor.runWorker(ThreadPoolExecutor.java:1167)
08-23 06:05:24.557 30650 30925 W ResourceLoader: at java.util.concurrent.ThreadPoolExecutor$Worker.run(ThreadPoolExecutor.java:641)
08-23 06:05:24.557 30650 30925 W ResourceLoader: at java.lang.Thread.run(Thread.java:923)
08-23 06:05:24.557 30650 30925 W ResourceLoader: at com.bumptech.glide.load.engine.executor.GlideExecutor$DefaultThreadFactory$1.run(Gl ideExecutor.java:393)
08-23 06:05:24.702 30650 30650 W Glide : Load failed for 0 with size [5x5]
08-23 06:05:24.702 30650 30650 W Glide : class com.bumptech.glide.load.engine.GlideException: Failed to load resource
08-23 06:05:24.702 30650 30650 W Glide : Load failed for 0 with size [195x195]
08-23 06:05:24.702 30650 30650 W Glide : class com.bumptech.glide.load.engine.GlideException: Failed to load resource
08-23 06:05:25.991 30650 30650 W ziparchive: Unable to open '/data/user/0/com.upgadata.up7723/bzBox/data/app/shooter.online.warplanes/ base.apk': No such file or directory
08-23 06:05:25.991 30650 30650 E upgadata.up772: Failed to open APK '/data/user/0/com.upgadata.up7723/bzBox/data/app/shooter.online.warplanes/base.apk' I/O error
08-23 06:05:26.298 30650 30650 D DecorView: createDecorCaptionView windowingMode:1 mWindowMode 1 isFullscreen: true
08-23 06:05:27.253 30650 30650 D MIUIInput: [KeyEvent] ViewRootImpl KeyEvent { action=ACTION_DOWN, keyCode=KEYCODE_BACK, scanCode=0, metaState=0, flags=0x8, repeatCount=0, eventTime=1205888333, downTime=1205888333, deviceId=-1, source=0x101, displayId=0 }
08-23 06:05:27.255 30650 30650 D MIUIInput: [KeyEvent] ViewRootImpl KeyEvent { action=ACTION_UP, keyCode=KEYCODE_BACK, scanCode=0, metaState=0, flags=0x8, repeatCount=0, eventTime=1205888333, downTime=1205888333, deviceId=-1, source=0x101, displayId=0 }
08-23 06:05:29.466 30650 30650 D MIUIInput: [KeyEvent] ViewRootImpl KeyEvent { action=ACTION_DOWN, keyCode=KEYCODE_BACK, scanCode=0, metaState=0, flags=0x8, repeatCount=0, eventTime=1205890548, downTime=1205890548, deviceId=-1, source=0x101, displayId=0 }
08-23 06:05:29.472 30650 30650 D MIUIInput: [KeyEvent] ViewRootImpl KeyEvent { action=ACTION_UP, keyCode=KEYCODE_BACK, scanCode=0, metaState=0, flags=0x8, repeatCount=0, eventTime=1205890548, downTime=1205890548, deviceId=-1, source=0x101, displayId=0 }
08-23 06:05:29.474 30650 30650 I MediaPlayerManager: backPress
08-23 06:05:29.521 30650 30650 I crashsdk: Unexp log not enabled, skip update unexp info!
08-23 06:05:29.522 30650 30650 E asdasdasd1: com.upgadata.up7723.classic.NewClassicTagGameActivity
08-23 06:05:29.525 30650 30650 E asdasdasd2: com.upgadata.up7723.classic.NewClassicTagGameActivity
08-23 06:05:29.545 30650 30818 W SQLiteLog: (28) double-quoted string literal: "
08-23 06:05:29.545 30650 30818 W SQLiteLog: (28) double-quoted string literal: "DEBF4768DF567CB800FA377D7320FD73"
08-23 06:05:29.566 30650 30818 W SQLiteLog: (28) double-quoted string literal: "DEBF4768DF567CB800FA377D7320FD73"
08-23 06:05:29.566 30650 30818 W SQLiteLog: (28) double-quoted string literal: ""
08-23 06:05:29.566 30650 30818 W SQLiteLog: (28) double-quoted string literal: "DEBF4768DF567CB800FA377D7320FD73"
08-23 06:05:29.566 30650 30818 W SQLiteLog: (28) double-quoted string literal: "-1"
08-23 06:05:29.581 30650 30650 W ziparchive: Unable to open '/data/user/0/com.upgadata.up7723/bzBox/data/app/com.whitespiritgames.winter/ base.apk': No such file or directory
08-23 06:05:29.581 30650 30650 E upgadata.up772: Failed to open APK '/data/user/0/com.upgadata.up7723/bzBox/data/app/com.whitespiritgames.winter/ base.apk' I/O error
08-23 06:05:29.960 30650 30650 D MediaPlayerManager: release
08-23 06:05:29.960 30650 30650 I MediaPlayerManager: updateState [IDLE]
08-23 06:05:30.064 30650 30650 W ziparchive: Unable to open '/data/user/0/com.upgadata.up7723/bzBox/data/app/com.willdev.ProjectDecay/ base.apk': No such file or directory
08-23 06:05:30.064 30650 30650 E upgadata.up772: Failed to open APK '/data/user/0/com.upgadata.up7723/bzBox/data/app/com.willdev.ProjectDecay/base.apk' I/O error
08-23 06:05:30.789 30650 30650 W ziparchive: Unable to open '/data/user/0/com.upgadata.up7723/bzBox/data/app/com.gss.us.police.dog.robot.shoppi ng.mall.crime.shooting.games/base.apk': No such file or directory
08-23 06:05:30.789 30650 30650 E upgadata.up772: Failed to open APK '/data/user/0/com.upgadata.up7723/bzBox/data/app/com.gss.us.police.dog.robot.shoppi ng.mall.crime.shooting.games/base.apk' I/O error
08-23 06:05:32.698 30650 30650 W ziparchive: Unable to open '/data/user/0/com.upgadata.up7723/bzBox/data/app/com.DarkGamesSCB.Granma2/ base.apk': No such file or directory
08-23 06:05:32.698 30650 30650 E upgadata.up772: Failed to open APK '/data/user/0/com.upgadata.up7723/bzBox/data/app/com.DarkGamesSCB.Granma2/base.apk' I/O error
08-23 06:05:35.308 30650 30650 I Timeline: Timeline: Activity_launch_request time:1205896396
08-23 06:05:35.336 30650 30650 D DecorView[]: getWindowModeFromSystem windowmode is 1
08-23 06:05:35.336 30650 30650 D DecorView: createDecorCaptionView windowingMode:1 mWindowMode 1 isFullscreen: true
08-23 06:05:35.337 30650 30818 W SQLiteLog: (28) double-quoted string literal: "
08-23 06:05:35.337 30650 30818 W SQLiteLog: (28) double-quoted string literal: "DEBF4768DF567CB800FA377D7320FD73"
08-23 06:05:35.341 30650 30862 D ViewContentFactory: initViewContentFetcherClass
08-23 06:05:35.341 30650 30862 I ContentCatcher: ViewContentFetcher : ViewContentFetcher
08-23 06:05:35.341 30650 30862 D ViewContentFactory: createInterceptor took 0ms
08-23 06:05:35.342 30650 30862 I ContentCatcher: Interceptor : Catcher list invalid for com.upgadata.up7723@com.upgadata.up7723.game.detail.DetailGameActivity@79542452
08-23 06:05:35.342 30650 30862 I ContentCatcher: Interceptor : Get featureInfo from config image_pick_mode
08-23 06:05:35.342 30650 30862 I ContentCatcher: Interceptor : Get featureInfo from config pick_mode
08-23 06:05:35.379 30650 30650 D DecorView: createDecorCaptionView windowingMode:1 mWindowMode 1 isFullscreen: true
08-23 06:05:35.392 30650 30650 I crashsdk: Unexp log not enabled, skip update unexp info!
08-23 06:05:35.392 30650 30650 E asdasdasd1: com.upgadata.up7723.game.detail.DetailGameActivity
08-23 06:05:35.394 30650 30650 E asdasdasd2: com.upgadata.up7723.game.detail.DetailGameActivity
08-23 06:05:35.395 30650 30650 E asdasdasd:: 0
08-23 06:05:35.396 30650 30650 D DecorView[]: getWindowModeFromSystem windowmode is 1
08-23 06:05:35.401 30650 30818 W SQLiteLog: (28) double-quoted string literal: "DEBF4768DF567CB800FA377D7320FD73"
08-23 06:05:35.401 30650 30818 W SQLiteLog: (28) double-quoted string literal: ""
08-23 06:05:35.401 30650 30818 W SQLiteLog: (28) double-quoted string literal: "DEBF4768DF567CB800FA377D7320FD73"
08-23 06:05:35.401 30650 30818 W SQLiteLog: (28) double-quoted string literal: "-1"
08-23 06:05:35.772 30650 30925 E upgadata.up772: Invalid ID 0x00000000.
08-23 06:05:35.772 30650 30925 W ResourceLoader: Received invalid resource id: 0
08-23 06:05:35.772 30650 30925 W ResourceLoader: android.content.res.Resources$NotFoundException: Unable to find resource ID #0x0
08-23 06:05:35.772 30650 30925 W ResourceLoader: at android.content.res.ResourcesImpl.getResourcePackageName(ResourcesImpl.java:286)
08-23 06:05:35.772 30650 30925 W ResourceLoader: at android.content.res.Resources.getResourcePackageName(Resources.java:2236)
08-23 06:05:35.772 30650 30925 W ResourceLoader: at com.bumptech.glide.load.model.ResourceLoader.getResourceUri(ResourceLoader.java:45)
08-23 06:05:35.772 30650 30925 W ResourceLoader: at com.bumptech.glide.load.model.ResourceLoader.buildLoadData(ResourceLoader.java:35)
08-23 06:05:35.772 30650 30925 W ResourceLoader: at com.bumptech.glide.load.model.ResourceLoader.buildLoadData(ResourceLoader.java:20)
08-23 06:05:35.772 30650 30925 W ResourceLoader: at com.bumptech.glide.load.engine.DecodeHelper.getLoadData(DecodeHelper.java:211)
08-23 06:05:35.772 30650 30925 W ResourceLoader: at com.bumptech.glide.load.engine.DecodeHelper.getCacheKeys(DecodeHelper.java:224)
08-23 06:05:35.772 30650 30925 W ResourceLoader: at com.bumptech.glide.load.engine.ResourceCacheGenerator.startNext(ResourceCacheGenera tor.java:44)
08-23 06:05:35.772 30650 30925 W ResourceLoader: at com.bumptech.glide.load.engine.DecodeJob.runGenerators(DecodeJob.java:310)
08-23 06:05:35.772 30650 30925 W ResourceLoader: at com.bumptech.glide.load.engine.DecodeJob.runWrapped(DecodeJob.java:276)
08-23 06:05:35.772 30650 30925 W ResourceLoader: at com.bumptech.glide.load.engine.DecodeJob.run(DecodeJob.java:234)
08-23 06:05:35.772 30650 30925 W ResourceLoader: at java.util.concurrent.ThreadPoolExecutor.runWorker(ThreadPoolExecutor.java:1167)
08-23 06:05:35.772 30650 30925 W ResourceLoader: at java.util.concurrent.ThreadPoolExecutor$Worker.run(ThreadPoolExecutor.java:641)
08-23 06:05:35.772 30650 30925 W ResourceLoader: at java.lang.Thread.run(Thread.java:923)
08-23 06:05:35.772 30650 30925 W ResourceLoader: at com.bumptech.glide.load.engine.executor.GlideExecutor$DefaultThreadFactory$1.run(Gl ideExecutor.java:393)
08-23 06:05:35.772 30650 30925 E upgadata.up772: Invalid ID 0x00000000.
08-23 06:05:35.773 30650 30925 W ResourceLoader: Received invalid resource id: 0
08-23 06:05:35.773 30650 30925 W ResourceLoader: android.content.res.Resources$NotFoundException: Unable to find resource ID #0x0
08-23 06:05:35.773 30650 30925 W ResourceLoader: at android.content.res.ResourcesImpl.getResourcePackageName(ResourcesImpl.java:286)
08-23 06:05:35.773 30650 30925 W ResourceLoader: at android.content.res.Resources.getResourcePackageName(Resources.java:2236)
08-23 06:05:35.773 30650 30925 W ResourceLoader: at com.bumptech.glide.load.model.ResourceLoader.getResourceUri(ResourceLoader.java:45)
08-23 06:05:35.773 30650 30925 W ResourceLoader: at com.bumptech.glide.load.model.ResourceLoader.buildLoadData(ResourceLoader.java:35)
08-23 06:05:35.773 30650 30925 W ResourceLoader: at com.bumptech.glide.load.model.ResourceLoader.buildLoadData(ResourceLoader.java:20)
08-23 06:05:35.773 30650 30925 W ResourceLoader: at com.bumptech.glide.load.engine.DecodeHelper.getLoadData(DecodeHelper.java:211)
08-23 06:05:35.773 30650 30925 W ResourceLoader: at com.bumptech.glide.load.engine.DecodeHelper.getCacheKeys(DecodeHelper.java:224)
08-23 06:05:35.773 30650 30925 W ResourceLoader: at com.bumptech.glide.load.engine.ResourceCacheGenerator.startNext(ResourceCacheGenera tor.java:44)
08-23 06:05:35.773 30650 30925 W ResourceLoader: at com.bumptech.glide.load.engine.DecodeJob.runGenerators(DecodeJob.java:310)
08-23 06:05:35.773 30650 30925 W ResourceLoader: at com.bumptech.glide.load.engine.DecodeJob.runWrapped(DecodeJob.java:276)
08-23 06:05:35.773 30650 30925 W ResourceLoader: at com.bumptech.glide.load.engine.DecodeJob.run(DecodeJob.java:234)
08-23 06:05:35.773 30650 30925 W ResourceLoader: at java.util.concurrent.ThreadPoolExecutor.runWorker(ThreadPoolExecutor.java:1167)
08-23 06:05:35.773 30650 30925 W ResourceLoader: at java.util.concurrent.ThreadPoolExecutor$Worker.run(ThreadPoolExecutor.java:641)
08-23 06:05:35.773 30650 30925 W ResourceLoader: at java.lang.Thread.run(Thread.java:923)
08-23 06:05:35.773 30650 30925 W ResourceLoader: at com.bumptech.glide.load.engine.executor.GlideExecutor$DefaultThreadFactory$1.run(Gl ideExecutor.java:393)
08-23 06:05:35.773 30650 30925 E upgadata.up772: Invalid ID 0x00000000.
08-23 06:05:35.773 30650 30925 W ResourceLoader: Received invalid resource id: 0
08-23 06:05:35.773 30650 30925 W ResourceLoader: android.content.res.Resources$NotFoundException: Unable to find resource ID #0x0
08-23 06:05:35.773 30650 30925 W ResourceLoader: at android.content.res.ResourcesImpl.getResourcePackageName(ResourcesImpl.java:286)
08-23 06:05:35.773 30650 30925 W ResourceLoader: at android.content.res.Resources.getResourcePackageName(Resources.java:2236)
08-23 06:05:35.773 30650 30925 W ResourceLoader: at com.bumptech.glide.load.model.ResourceLoader.getResourceUri(ResourceLoader.java:45)
08-23 06:05:35.773 30650 30925 W ResourceLoader: at com.bumptech.glide.load.model.ResourceLoader.buildLoadData(ResourceLoader.java:35)
08-23 06:05:35.773 30650 30925 W ResourceLoader: at com.bumptech.glide.load.model.ResourceLoader.buildLoadData(ResourceLoader.java:20)
08-23 06:05:35.773 30650 30925 W ResourceLoader: at com.bumptech.glide.load.engine.DecodeHelper.getLoadData(DecodeHelper.java:211)
08-23 06:05:35.773 30650 30925 W ResourceLoader: at com.bumptech.glide.load.engine.DecodeHelper.getCacheKeys(DecodeHelper.java:224)
08-23 06:05:35.773 30650 30925 W ResourceLoader: at com.bumptech.glide.load.engine.ResourceCacheGenerator.startNext(ResourceCacheGenera tor.java:44)
08-23 06:05:35.773 30650 30925 W ResourceLoader: at com.bumptech.glide.load.engine.DecodeJob.runGenerators(DecodeJob.java:310)
08-23 06:05:35.773 30650 30925 W ResourceLoader: at com.bumptech.glide.load.engine.DecodeJob.runWrapped(DecodeJob.java:276)
08-23 06:05:35.773 30650 30925 W ResourceLoader: at com.bumptech.glide.load.engine.DecodeJob.run(DecodeJob.java:234)
08-23 06:05:35.773 30650 30925 W ResourceLoader: at java.util.concurrent.ThreadPoolExecutor.runWorker(ThreadPoolExecutor.java:1167)
08-23 06:05:35.773 30650 30925 W ResourceLoader: at java.util.concurrent.ThreadPoolExecutor$Worker.run(ThreadPoolExecutor.java:641)
08-23 06:05:35.773 30650 30925 W ResourceLoader: at java.lang.Thread.run(Thread.java:923)
08-23 06:05:35.773 30650 30925 W ResourceLoader: at com.bumptech.glide.load.engine.executor.GlideExecutor$DefaultThreadFactory$1.run(Gl ideExecutor.java:393)
08-23 06:05:35.773 30650 30925 E upgadata.up772: Invalid ID 0x00000000.
08-23 06:05:35.774 30650 30925 W ResourceLoader: Received invalid resource id: 0
08-23 06:05:35.774 30650 30925 W ResourceLoader: android.content.res.Resources$NotFoundException: Unable to find resource ID #0x0
08-23 06:05:35.774 30650 30925 W ResourceLoader: at android.content.res.ResourcesImpl.getResourcePackageName(ResourcesImpl.java:286)
08-23 06:05:35.774 30650 30925 W ResourceLoader: at android.content.res.Resources.getResourcePackageName(Resources.java:2236)
08-23 06:05:35.774 30650 30925 W ResourceLoader: at com.bumptech.glide.load.model.ResourceLoader.getResourceUri(ResourceLoader.java:45)
08-23 06:05:35.774 30650 30925 W ResourceLoader: at com.bumptech.glide.load.model.ResourceLoader.buildLoadData(ResourceLoader.java:35)
08-23 06:05:35.774 30650 30925 W ResourceLoader: at com.bumptech.glide.load.model.ResourceLoader.buildLoadData(ResourceLoader.java:20)
08-23 06:05:35.774 30650 30925 W ResourceLoader: at com.bumptech.glide.load.engine.DecodeHelper.getLoadData(DecodeHelper.java:211)
08-23 06:05:35.774 30650 30925 W ResourceLoader: at com.bumptech.glide.load.engine.DecodeHelper.getCacheKeys(DecodeHelper.java:224)
08-23 06:05:35.774 30650 30925 W ResourceLoader: at com.bumptech.glide.load.engine.ResourceCacheGenerator.startNext(ResourceCacheGenera tor.java:44)
08-23 06:05:35.774 30650 30925 W ResourceLoader: at com.bumptech.glide.load.engine.DecodeJob.runGenerators(DecodeJob.java:310)
08-23 06:05:35.774 30650 30925 W ResourceLoader: at com.bumptech.glide.load.engine.DecodeJob.runWrapped(DecodeJob.java:276)
08-23 06:05:35.774 30650 30925 W ResourceLoader: at com.bumptech.glide.load.engine.DecodeJob.run(DecodeJob.java:234)
08-23 06:05:35.774 30650 30925 W ResourceLoader: at java.util.concurrent.ThreadPoolExecutor.runWorker(ThreadPoolExecutor.java:1167)
08-23 06:05:35.774 30650 30925 W ResourceLoader: at java.util.concurrent.ThreadPoolExecutor$Worker.run(ThreadPoolExecutor.java:641)
08-23 06:05:35.774 30650 30925 W ResourceLoader: at java.lang.Thread.run(Thread.java:923)
08-23 06:05:35.774 30650 30925 W ResourceLoader: at com.bumptech.glide.load.engine.executor.GlideExecutor$DefaultThreadFactory$1.run(Gl ideExecutor.java:393)
08-23 06:05:35.774 30650 30925 E upgadata.up772: Invalid ID 0x00000000.
08-23 06:05:35.775 30650 30925 W ResourceLoader: Received invalid resource id: 0
08-23 06:05:35.775 30650 30925 W ResourceLoader: android.content.res.Resources$NotFoundException: Unable to find resource ID #0x0
08-23 06:05:35.775 30650 30925 W ResourceLoader: at android.content.res.ResourcesImpl.getResourcePackageName(ResourcesImpl.java:286)
08-23 06:05:35.775 30650 30925 W ResourceLoader: at android.content.res.Resources.getResourcePackageName(Resources.java:2236)
08-23 06:05:35.775 30650 30925 W ResourceLoader: at com.bumptech.glide.load.model.ResourceLoader.getResourceUri(ResourceLoader.java:45)
08-23 06:05:35.775 30650 30925 W ResourceLoader: at com.bumptech.glide.load.model.ResourceLoader.buildLoadData(ResourceLoader.java:35)
08-23 06:05:35.775 30650 30925 W ResourceLoader: at com.bumptech.glide.load.model.ResourceLoader.buildLoadData(ResourceLoader.java:20)
08-23 06:05:35.775 30650 30925 W ResourceLoader: at com.bumptech.glide.load.engine.DecodeHelper.getLoadData(DecodeHelper.java:211)
08-23 06:05:35.775 30650 30925 W ResourceLoader: at com.bumptech.glide.load.engine.DecodeHelper.getCacheKeys(DecodeHelper.java:224)
08-23 06:05:35.775 30650 30925 W ResourceLoader: at com.bumptech.glide.load.engine.ResourceCacheGenerator.startNext(ResourceCacheGenera tor.java:44)
08-23 06:05:35.775 30650 30925 W ResourceLoader: at com.bumptech.glide.load.engine.DecodeJob.runGenerators(DecodeJob.java:310)
08-23 06:05:35.775 30650 30925 W ResourceLoader: at com.bumptech.glide.load.engine.DecodeJob.runWrapped(DecodeJob.java:276)
08-23 06:05:35.775 30650 30925 W ResourceLoader: at com.bumptech.glide.load.engine.DecodeJob.run(DecodeJob.java:234)
08-23 06:05:35.775 30650 30925 W ResourceLoader: at java.util.concurrent.ThreadPoolExecutor.runWorker(ThreadPoolExecutor.java:1167)
08-23 06:05:35.775 30650 30925 W ResourceLoader: at java.util.concurrent.ThreadPoolExecutor$Worker.run(ThreadPoolExecutor.java:641)
08-23 06:05:35.775 30650 30925 W ResourceLoader: at java.lang.Thread.run(Thread.java:923)
08-23 06:05:35.775 30650 30925 W ResourceLoader: at com.bumptech.glide.load.engine.executor.GlideExecutor$DefaultThreadFactory$1.run(Gl ideExecutor.java:393)
08-23 06:05:35.775 30650 30925 E upgadata.up772: Invalid ID 0x00000000.
08-23 06:05:35.775 30650 30925 W ResourceLoader: Received invalid resource id: 0
08-23 06:05:35.775 30650 30925 W ResourceLoader: android.content.res.Resources$NotFoundException: Unable to find resource ID #0x0
08-23 06:05:35.775 30650 30925 W ResourceLoader: at android.content.res.ResourcesImpl.getResourcePackageName(ResourcesImpl.java:286)
08-23 06:05:35.775 30650 30925 W ResourceLoader: at android.content.res.Resources.getResourcePackageName(Resources.java:2236)
08-23 06:05:35.775 30650 30925 W ResourceLoader: at com.bumptech.glide.load.model.ResourceLoader.getResourceUri(ResourceLoader.java:45)
08-23 06:05:35.775 30650 30925 W ResourceLoader: at com.bumptech.glide.load.model.ResourceLoader.buildLoadData(ResourceLoader.java:35)
08-23 06:05:35.775 30650 30925 W ResourceLoader: at com.bumptech.glide.load.model.ResourceLoader.buildLoadData(ResourceLoader.java:20)
08-23 06:05:35.775 30650 30925 W ResourceLoader: at com.bumptech.glide.load.engine.DecodeHelper.getLoadData(DecodeHelper.java:211)
08-23 06:05:35.775 30650 30925 W ResourceLoader: at com.bumptech.glide.load.engine.DecodeHelper.getCacheKeys(DecodeHelper.java:224)
08-23 06:05:35.775 30650 30925 W ResourceLoader: at com.bumptech.glide.load.engine.ResourceCacheGenerator.startNext(ResourceCacheGenera tor.java:44)
08-23 06:05:35.775 30650 30925 W ResourceLoader: at com.bumptech.glide.load.engine.DecodeJob.runGenerators(DecodeJob.java:310)
08-23 06:05:35.775 30650 30925 W ResourceLoader: at com.bumptech.glide.load.engine.DecodeJob.runWrapped(DecodeJob.java:276)
08-23 06:05:35.775 30650 30925 W ResourceLoader: at com.bumptech.glide.load.engine.DecodeJob.run(DecodeJob.java:234)
08-23 06:05:35.775 30650 30925 W ResourceLoader: at java.util.concurrent.ThreadPoolExecutor.runWorker(ThreadPoolExecutor.java:1167)
08-23 06:05:35.775 30650 30925 W ResourceLoader: at java.util.concurrent.ThreadPoolExecutor$Worker.run(ThreadPoolExecutor.java:641)
08-23 06:05:35.775 30650 30925 W ResourceLoader: at java.lang.Thread.run(Thread.java:923)
08-23 06:05:35.775 30650 30925 W ResourceLoader: at com.bumptech.glide.load.engine.executor.GlideExecutor$DefaultThreadFactory$1.run(Gl ideExecutor.java:393)
08-23 06:05:35.775 30650 30925 E upgadata.up772: Invalid ID 0x00000000.
08-23 06:05:35.776 30650 30925 W ResourceLoader: Received invalid resource id: 0
08-23 06:05:35.776 30650 30925 W ResourceLoader: android.content.res.Resources$NotFoundException: Unable to find resource ID #0x0
08-23 06:05:35.776 30650 30925 W ResourceLoader: at android.content.res.ResourcesImpl.getResourcePackageName(ResourcesImpl.java:286)
08-23 06:05:35.776 30650 30925 W ResourceLoader: at android.content.res.Resources.getResourcePackageName(Resources.java:2236)
08-23 06:05:35.776 30650 30925 W ResourceLoader: at com.bumptech.glide.load.model.ResourceLoader.getResourceUri(ResourceLoader.java:45)
08-23 06:05:35.776 30650 30925 W ResourceLoader: at com.bumptech.glide.load.model.ResourceLoader.buildLoadData(ResourceLoader.java:35)
08-23 06:05:35.776 30650 30925 W ResourceLoader: at com.bumptech.glide.load.model.ResourceLoader.buildLoadData(ResourceLoader.java:20)
08-23 06:05:35.776 30650 30925 W ResourceLoader: at com.bumptech.glide.load.engine.DecodeHelper.getLoadData(DecodeHelper.java:211)
08-23 06:05:35.776 30650 30925 W ResourceLoader: at com.bumptech.glide.load.engine.DecodeHelper.getCacheKeys(DecodeHelper.java:224)
08-23 06:05:35.776 30650 30925 W ResourceLoader: at com.bumptech.glide.load.engine.ResourceCacheGenerator.startNext(ResourceCacheGenera tor.java:44)
08-23 06:05:35.776 30650 30925 W ResourceLoader: at com.bumptech.glide.load.engine.DecodeJob.runGenerators(DecodeJob.java:310)
08-23 06:05:35.776 30650 30925 W ResourceLoader: at com.bumptech.glide.load.engine.DecodeJob.runWrapped(DecodeJob.java:276)
08-23 06:05:35.776 30650 30925 W ResourceLoader: at com.bumptech.glide.load.engine.DecodeJob.run(DecodeJob.java:234)
08-23 06:05:35.776 30650 30925 W ResourceLoader: at java.util.concurrent.ThreadPoolExecutor.runWorker(ThreadPoolExecutor.java:1167)
08-23 06:05:35.776 30650 30925 W ResourceLoader: at java.util.concurrent.ThreadPoolExecutor$Worker.run(ThreadPoolExecutor.java:641)
08-23 06:05:35.776 30650 30925 W ResourceLoader: at java.lang.Thread.run(Thread.java:923)
08-23 06:05:35.776 30650 30925 W ResourceLoader: at com.bumptech.glide.load.engine.executor.GlideExecutor$DefaultThreadFactory$1.run(Gl ideExecutor.java:393)
08-23 06:05:35.776 30650 30925 E upgadata.up772: Invalid ID 0x00000000.
08-23 06:05:35.776 30650 30925 W ResourceLoader: Received invalid resource id: 0
08-23 06:05:35.776 30650 30925 W ResourceLoader: android.content.res.Resources$NotFoundException: Unable to find resource ID #0x0
08-23 06:05:35.776 30650 30925 W ResourceLoader: at android.content.res.ResourcesImpl.getResourcePackageName(ResourcesImpl.java:286)
08-23 06:05:35.776 30650 30925 W ResourceLoader: at android.content.res.Resources.getResourcePackageName(Resources.java:2236)
08-23 06:05:35.776 30650 30925 W ResourceLoader: at com.bumptech.glide.load.model.ResourceLoader.getResourceUri(ResourceLoader.java:45)
08-23 06:05:35.776 30650 30925 W ResourceLoader: at com.bumptech.glide.load.model.ResourceLoader.buildLoadData(ResourceLoader.java:35)
08-23 06:05:35.776 30650 30925 W ResourceLoader: at com.bumptech.glide.load.model.ResourceLoader.buildLoadData(ResourceLoader.java:20)
08-23 06:05:35.776 30650 30925 W ResourceLoader: at com.bumptech.glide.load.engine.DecodeHelper.getLoadData(DecodeHelper.java:211)
08-23 06:05:35.776 30650 30925 W ResourceLoader: at com.bumptech.glide.load.engine.DecodeHelper.getCacheKeys(DecodeHelper.java:224)
08-23 06:05:35.776 30650 30925 W ResourceLoader: at com.bumptech.glide.load.engine.ResourceCacheGenerator.startNext(ResourceCacheGenera tor.java:44)
08-23 06:05:35.776 30650 30925 W ResourceLoader: at com.bumptech.glide.load.engine.DecodeJob.runGenerators(DecodeJob.java:310)
08-23 06:05:35.776 30650 30925 W ResourceLoader: at com.bumptech.glide.load.engine.DecodeJob.runWrapped(DecodeJob.java:276)
08-23 06:05:35.776 30650 30925 W ResourceLoader: at com.bumptech.glide.load.engine.DecodeJob.run(DecodeJob.java:234)
08-23 06:05:35.776 30650 30925 W ResourceLoader: at java.util.concurrent.ThreadPoolExecutor.runWorker(ThreadPoolExecutor.java:1167)
08-23 06:05:35.776 30650 30925 W ResourceLoader: at java.util.concurrent.ThreadPoolExecutor$Worker.run(ThreadPoolExecutor.java:641)
08-23 06:05:35.776 30650 30925 W ResourceLoader: at java.lang.Thread.run(Thread.java:923)
08-23 06:05:35.776 30650 30925 W ResourceLoader: at com.bumptech.glide.load.engine.executor.GlideExecutor$DefaultThreadFactory$1.run(Gl ideExecutor.java:393)
08-23 06:05:35.894 30650 30650 W Glide : Load failed for 0 with size [5x5]
08-23 06:05:35.894 30650 30650 W Glide : class com.bumptech.glide.load.engine.GlideException: Failed to load resource
08-23 06:05:35.894 30650 30650 W Glide : Load failed for 0 with size [195x195]
08-23 06:05:35.894 30650 30650 W Glide : class com.bumptech.glide.load.engine.GlideException: Failed to load resource
08-23 06:05:36.696 30650 30650 W ziparchive: Unable to open '/data/user/0/com.upgadata.up7723/bzBox/data/app/com.bf.xkfyzol.aligames/base.apk': No such file or directory
08-23 06:05:36.696 30650 30650 E upgadata.up772: Failed to open APK '/data/user/0/com.upgadata.up7723/bzBox/data/app/com.bf.xkfyzol.aligames/base.apk' I/O error
08-23 06:05:36.702 30650 30650 W ziparchive: Unable to open '/data/user/0/com.upgadata.up7723/bzBox/data/app/com.nks.xjol.aligames/base.apk': No such file or directory
08-23 06:05:36.702 30650 30650 E upgadata.up772: Failed to open APK '/data/user/0/com.upgadata.up7723/bzBox/data/app/com.nks.xjol.aligames/base.apk' I/O error
08-23 06:05:37.606 30650 30650 D MIUIInput: [KeyEvent] ViewRootImpl KeyEvent { action=ACTION_DOWN, keyCode=KEYCODE_BACK, scanCode=0, metaState=0, flags=0x8, repeatCount=0, eventTime=1205898688, downTime=1205898688, deviceId=-1, source=0x101, displayId=0 }
08-23 06:05:37.609 30650 30650 D MIUIInput: [KeyEvent] ViewRootImpl KeyEvent { action=ACTION_UP, keyCode=KEYCODE_BACK, scanCode=0, metaState=0, flags=0x8, repeatCount=0, eventTime=1205898688, downTime=1205898688, deviceId=-1, source=0x101, displayId=0 }
08-23 06:05:37.614 30650 30650 I MediaPlayerManager: backPress
08-23 06:05:37.657 30650 30818 W SQLiteLog: (28) double-quoted string literal: "
08-23 06:05:37.657 30650 30818 W SQLiteLog: (28) double-quoted string literal: "DEBF4768DF567CB800FA377D7320FD73"
08-23 06:05:37.664 30650 30650 I crashsdk: Unexp log not enabled, skip update unexp info!
08-23 06:05:37.664 30650 30650 E asdasdasd1: com.upgadata.up7723.classic.NewClassicTagGameActivity
08-23 06:05:37.667 30650 30650 E asdasdasd2: com.upgadata.up7723.classic.NewClassicTagGameActivity
08-23 06:05:37.673 30650 30818 W SQLiteLog: (28) double-quoted string literal: "DEBF4768DF567CB800FA377D7320FD73"
08-23 06:05:37.673 30650 30818 W SQLiteLog: (28) double-quoted string literal: ""
08-23 06:05:37.674 30650 30818 W SQLiteLog: (28) double-quoted string literal: "DEBF4768DF567CB800FA377D7320FD73"
08-23 06:05:37.674 30650 30818 W SQLiteLog: (28) double-quoted string literal: "-1"
08-23 06:05:37.701 30650 30650 W ziparchive: Unable to open '/data/user/0/com.upgadata.up7723/bzBox/data/app/com.willdev.ProjectDecay/ base.apk': No such file or directory
08-23 06:05:37.701 30650 30650 E upgadata.up772: Failed to open APK '/data/user/0/com.upgadata.up7723/bzBox/data/app/com.willdev.ProjectDecay/base.apk' I/O error
08-23 06:05:37.728 30650 30650 W ziparchive: Unable to open '/data/user/0/com.upgadata.up7723/bzBox/data/app/com.gss.us.police.dog.robot.shoppi ng.mall.crime.shooting.games/base.apk': No such file or directory
08-23 06:05:37.728 30650 30650 E upgadata.up772: Failed to open APK '/data/user/0/com.upgadata.up7723/bzBox/data/app/com.gss.us.police.dog.robot.shoppi ng.mall.crime.shooting.games/base.apk' I/O error
08-23 06:05:37.743 30650 30650 W ziparchive: Unable to open '/data/user/0/com.upgadata.up7723/bzBox/data/app/com.DarkGamesSCB.Granma2/ base.apk': No such file or directory
08-23 06:05:37.744 30650 30650 E upgadata.up772: Failed to open APK '/data/user/0/com.upgadata.up7723/bzBox/data/app/com.DarkGamesSCB.Granma2/base.apk' I/O error
08-23 06:05:38.120 30650 30650 D MediaPlayerManager: release
08-23 06:05:38.120 30650 30650 I MediaPlayerManager: updateState [IDLE]
08-23 06:05:40.263 30650 30650 I Timeline: Timeline: Activity_launch_request time:1205901351
08-23 06:05:40.291 30650 30818 W SQLiteLog: (28) double-quoted string literal: "
08-23 06:05:40.291 30650 30818 W SQLiteLog: (28) double-quoted string literal: "DEBF4768DF567CB800FA377D7320FD73"
08-23 06:05:40.292 30650 30650 D DecorView[]: getWindowModeFromSystem windowmode is 1
08-23 06:05:40.292 30650 30650 D DecorView: createDecorCaptionView windowingMode:1 mWindowMode 1 isFullscreen: true
08-23 06:05:40.297 30650 30862 D ViewContentFactory: initViewContentFetcherClass
08-23 06:05:40.297 30650 30862 I ContentCatcher: ViewContentFetcher : ViewContentFetcher
08-23 06:05:40.297 30650 30862 D ViewContentFactory: createInterceptor took 0ms
08-23 06:05:40.298 30650 30862 I ContentCatcher: Interceptor : Catcher list invalid for com.upgadata.up7723@com.upgadata.up7723.game.detail.DetailGameActivity@226941009
08-23 06:05:40.298 30650 30862 I ContentCatcher: Interceptor : Get featureInfo from config image_pick_mode
08-23 06:05:40.298 30650 30862 I ContentCatcher: Interceptor : Get featureInfo from config pick_mode
08-23 06:05:40.333 30650 30650 D DecorView: createDecorCaptionView windowingMode:1 mWindowMode 1 isFullscreen: true
08-23 06:05:40.346 30650 30650 I crashsdk: Unexp log not enabled, skip update unexp info!
08-23 06:05:40.346 30650 30650 E asdasdasd1: com.upgadata.up7723.game.detail.DetailGameActivity
08-23 06:05:40.348 30650 30650 E asdasdasd2: com.upgadata.up7723.game.detail.DetailGameActivity
08-23 06:05:40.349 30650 30650 E asdasdasd:: 0
08-23 06:05:40.350 30650 30650 D DecorView[]: getWindowModeFromSystem windowmode is 1
08-23 06:05:40.356 30650 30818 W SQLiteLog: (28) double-quoted string literal: "DEBF4768DF567CB800FA377D7320FD73"
08-23 06:05:40.356 30650 30818 W SQLiteLog: (28) double-quoted string literal: ""
08-23 06:05:40.356 30650 30818 W SQLiteLog: (28) double-quoted string literal: "DEBF4768DF567CB800FA377D7320FD73"
08-23 06:05:40.356 30650 30818 W SQLiteLog: (28) double-quoted string literal: "-1"
08-23 06:05:40.781 30650 30925 E upgadata.up772: Invalid ID 0x00000000.
08-23 06:05:40.782 30650 30925 W ResourceLoader: Received invalid resource id: 0
08-23 06:05:40.782 30650 30925 W ResourceLoader: android.content.res.Resources$NotFoundException: Unable to find resource ID #0x0
08-23 06:05:40.782 30650 30925 W ResourceLoader: at android.content.res.ResourcesImpl.getResourcePackageName(ResourcesImpl.java:286)
08-23 06:05:40.782 30650 30925 W ResourceLoader: at android.content.res.Resources.getResourcePackageName(Resources.java:2236)
08-23 06:05:40.782 30650 30925 W ResourceLoader: at com.bumptech.glide.load.model.ResourceLoader.getResourceUri(ResourceLoader.java:45)
08-23 06:05:40.782 30650 30925 W ResourceLoader: at com.bumptech.glide.load.model.ResourceLoader.buildLoadData(ResourceLoader.java:35)
08-23 06:05:40.782 30650 30925 W ResourceLoader: at com.bumptech.glide.load.model.ResourceLoader.buildLoadData(ResourceLoader.java:20)
08-23 06:05:40.782 30650 30925 W ResourceLoader: at com.bumptech.glide.load.engine.DecodeHelper.getLoadData(DecodeHelper.java:211)
08-23 06:05:40.782 30650 30925 W ResourceLoader: at com.bumptech.glide.load.engine.DecodeHelper.getCacheKeys(DecodeHelper.java:224)
08-23 06:05:40.782 30650 30925 W ResourceLoader: at com.bumptech.glide.load.engine.ResourceCacheGenerator.startNext(ResourceCacheGenera tor.java:44)
08-23 06:05:40.782 30650 30925 W ResourceLoader: at com.bumptech.glide.load.engine.DecodeJob.runGenerators(DecodeJob.java:310)
08-23 06:05:40.782 30650 30925 W ResourceLoader: at com.bumptech.glide.load.engine.DecodeJob.runWrapped(DecodeJob.java:276)
08-23 06:05:40.782 30650 30925 W ResourceLoader: at com.bumptech.glide.load.engine.DecodeJob.run(DecodeJob.java:234)
08-23 06:05:40.782 30650 30925 W ResourceLoader: at java.util.concurrent.ThreadPoolExecutor.runWorker(ThreadPoolExecutor.java:1167)
08-23 06:05:40.782 30650 30925 W ResourceLoader: at java.util.concurrent.ThreadPoolExecutor$Worker.run(ThreadPoolExecutor.java:641)
08-23 06:05:40.782 30650 30925 W ResourceLoader: at java.lang.Thread.run(Thread.java:923)
08-23 06:05:40.782 30650 30925 W ResourceLoader: at com.bumptech.glide.load.engine.executor.GlideExecutor$DefaultThreadFactory$1.run(Gl ideExecutor.java:393)
08-23 06:05:40.782 30650 30925 E upgadata.up772: Invalid ID 0x00000000.
08-23 06:05:40.782 30650 30925 W ResourceLoader: Received invalid resource id: 0
08-23 06:05:40.782 30650 30925 W ResourceLoader: android.content.res.Resources$NotFoundException: Unable to find resource ID #0x0
08-23 06:05:40.782 30650 30925 W ResourceLoader: at android.content.res.ResourcesImpl.getResourcePackageName(ResourcesImpl.java:286)
08-23 06:05:40.782 30650 30925 W ResourceLoader: at android.content.res.Resources.getResourcePackageName(Resources.java:2236)
08-23 06:05:40.782 30650 30925 W ResourceLoader: at com.bumptech.glide.load.model.ResourceLoader.getResourceUri(ResourceLoader.java:45)
08-23 06:05:40.782 30650 30925 W ResourceLoader: at com.bumptech.glide.load.model.ResourceLoader.buildLoadData(ResourceLoader.java:35)
08-23 06:05:40.782 30650 30925 W ResourceLoader: at com.bumptech.glide.load.model.ResourceLoader.buildLoadData(ResourceLoader.java:20)
08-23 06:05:40.782 30650 30925 W ResourceLoader: at com.bumptech.glide.load.engine.DecodeHelper.getLoadData(DecodeHelper.java:211)
08-23 06:05:40.782 30650 30925 W ResourceLoader: at com.bumptech.glide.load.engine.DecodeHelper.getCacheKeys(DecodeHelper.java:224)
08-23 06:05:40.782 30650 30925 W ResourceLoader: at com.bumptech.glide.load.engine.ResourceCacheGenerator.startNext(ResourceCacheGenera tor.java:44)
08-23 06:05:40.782 30650 30925 W ResourceLoader: at com.bumptech.glide.load.engine.DecodeJob.runGenerators(DecodeJob.java:310)
08-23 06:05:40.782 30650 30925 W ResourceLoader: at com.bumptech.glide.load.engine.DecodeJob.runWrapped(DecodeJob.java:276)
08-23 06:05:40.782 30650 30925 W ResourceLoader: at com.bumptech.glide.load.engine.DecodeJob.run(DecodeJob.java:234)
08-23 06:05:40.782 30650 30925 W ResourceLoader: at java.util.concurrent.ThreadPoolExecutor.runWorker(ThreadPoolExecutor.java:1167)
08-23 06:05:40.782 30650 30925 W ResourceLoader: at java.util.concurrent.ThreadPoolExecutor$Worker.run(ThreadPoolExecutor.java:641)
08-23 06:05:40.782 30650 30925 W ResourceLoader: at java.lang.Thread.run(Thread.java:923)
08-23 06:05:40.782 30650 30925 W ResourceLoader: at com.bumptech.glide.load.engine.executor.GlideExecutor$DefaultThreadFactory$1.run(Gl ideExecutor.java:393)
08-23 06:05:40.782 30650 30925 E upgadata.up772: Invalid ID 0x00000000.
08-23 06:05:40.782 30650 30925 W ResourceLoader: Received invalid resource id: 0
08-23 06:05:40.782 30650 30925 W ResourceLoader: android.content.res.Resources$NotFoundException: Unable to find resource ID #0x0
08-23 06:05:40.782 30650 30925 W ResourceLoader: at android.content.res.ResourcesImpl.getResourcePackageName(ResourcesImpl.java:286)
08-23 06:05:40.782 30650 30925 W ResourceLoader: at android.content.res.Resources.getResourcePackageName(Resources.java:2236)
08-23 06:05:40.782 30650 30925 W ResourceLoader: at com.bumptech.glide.load.model.ResourceLoader.getResourceUri(ResourceLoader.java:45)
