We take content rights seriously. If you suspect this is your content, claim it here.
Available Formats
Download as TXT, PDF, TXT or read online on Scribd
You are on page 1/ 8
--------- beginning of main
05-21 12:33:31.360 21102 21102 E com.mbwhatsapp: Not starting debugger since
process cannot load the jdwp agent.
05-21 12:33:31.392 21102 21102 W System.err: android.system.ErrnoException: open failed: ENOENT (No such file or directory)
05-21 12:33:31.392 21102 21102 W System.err: at libcore.io.Linux.open(Native Method)
05-21 12:33:31.392 21102 21102 W System.err: at libcore.io.ForwardingOs.open(ForwardingOs.java:563)
05-21 12:33:31.393 21102 21102 W System.err: at libcore.io.BlockGuardOs.open(BlockGuardOs.java:274)
05-21 12:33:31.393 21102 21102 W System.err: at libcore.io.ForwardingOs.open(ForwardingOs.java:563)
05-21 12:33:31.393 21102 21102 W System.err: at android.app.ActivityThread$AndroidOs.open(ActivityThread.java:8200)
05-21 12:33:31.393 21102 21102 W System.err: at android.system.Os.open(Os.java:494)
05-21 12:33:31.393 21102 21102 W System.err: at android.os.perfdebug.PerfDebugMonitorImpl.monitorVersionControl(PerfDebugMonitorImp l.java:204)
05-21 12:33:31.393 21102 21102 W System.err: at android.os.perfdebug.PerfDebugMonitorImpl.prepareMonitor(PerfDebugMonitorImpl.java: 185)
05-21 12:33:31.393 21102 21102 W System.err: at android.app.ActivityThread.main(ActivityThread.java:8287)
05-21 12:33:31.393 21102 21102 W System.err: at java.lang.reflect.Method.invoke(Native Method)
05-21 12:33:31.393 21102 21102 W System.err: at com.android.internal.os.RuntimeInit$MethodAndArgsCaller.run(RuntimeInit.java:581)
05-21 12:33:31.393 21102 21102 W System.err: at com.android.internal.os.ZygoteInit.main(ZygoteInit.java:1028)
05-21 12:33:31.622 21102 21102 W System.err: java.lang.ClassNotFoundException: mbmodsd.mbmodsw.ui.views.btn.BtnBK
05-21 12:33:31.624 21102 21102 W System.err: at java.lang.Runtime.nativeLoad(Native Method)
05-21 12:33:31.624 21102 21102 W System.err: at java.lang.Runtime.nativeLoad(Runtime.java:1126)
05-21 12:33:31.624 21102 21102 W System.err: at java.lang.Runtime.loadLibrary0(Runtime.java:1080)
05-21 12:33:31.624 21102 21102 W System.err: at java.lang.Runtime.loadLibrary0(Runtime.java:1003)
05-21 12:33:31.624 21102 21102 W System.err: at java.lang.System.loadLibrary(System.java:1661)
05-21 12:33:31.624 21102 21102 W System.err: at arm.EpicVm.<clinit>(Unknown Source:2)
05-21 12:33:31.624 21102 21102 W System.err: at java.lang.Class.newInstance(Native Method)
05-21 12:33:31.624 21102 21102 W System.err: at android.app.AppComponentFactory.instantiateApplication(AppComponentFactory.java:76)
05-21 12:33:31.624 21102 21102 W System.err: at androidx.core.app.CoreComponentFactory.instantiateApplication(Unknown Source:0)
05-21 12:33:31.624 21102 21102 W System.err: at android.app.Instrumentation.newApplication(Instrumentation.java:1249)
05-21 12:33:31.624 21102 21102 W System.err: at android.app.LoadedApk.makeApplicationInner(LoadedApk.java:1493)
05-21 12:33:31.624 21102 21102 W System.err: at android.app.LoadedApk.makeApplicationInner(LoadedApk.java:1426)
05-21 12:33:31.624 21102 21102 W System.err: at android.app.ActivityThread.handleBindApplication(ActivityThread.java:7135)
05-21 12:33:31.624 21102 21102 W System.err: at android.app.ActivityThread.-$ $Nest$mhandleBindApplication(Unknown Source:0)
05-21 12:33:31.624 21102 21102 W System.err: at android.app.ActivityThread$H.handleMessage(ActivityThread.java:2262)
05-21 12:33:31.624 21102 21102 W System.err: at android.os.Handler.dispatchMessage(Handler.java:106)
05-21 12:33:31.624 21102 21102 W System.err: at android.os.Looper.loopOnce(Looper.java:211)
05-21 12:33:31.624 21102 21102 W System.err: at android.os.Looper.loop(Looper.java:300)
05-21 12:33:31.624 21102 21102 W System.err: at android.app.ActivityThread.main(ActivityThread.java:8324)
05-21 12:33:31.624 21102 21102 W System.err: at java.lang.reflect.Method.invoke(Native Method)
05-21 12:33:31.625 21102 21102 W System.err: at com.android.internal.os.RuntimeInit$MethodAndArgsCaller.run(RuntimeInit.java:581)
05-21 12:33:31.625 21102 21102 W System.err: at com.android.internal.os.ZygoteInit.main(ZygoteInit.java:1028)
05-21 12:33:31.718 21102 21102 E CustomActivityOnCrash: IMPORTANT WARNING! You already have an UncaughtExceptionHandler, are you sure this is correct? If you use a custom UncaughtExceptionHandler, you must initialize it AFTER CustomActivityOnCrash! Installing anyway, but your original handler will not be called.
05-21 12:33:32.177 21102 21145 W LibraryVersion: Failed to get app version for libraryName: firebase-iid
05-21 12:33:32.543 21179 21179 E com.mbwhatsapp: Not starting debugger since process cannot load the jdwp agent.
05-21 12:33:32.551 21179 21179 W System.err: android.system.ErrnoException: open failed: ENOENT (No such file or directory)
05-21 12:33:32.552 21179 21179 W System.err: at libcore.io.Linux.open(Native Method)
05-21 12:33:32.552 21179 21179 W System.err: at libcore.io.ForwardingOs.open(ForwardingOs.java:563)
05-21 12:33:32.552 21179 21179 W System.err: at libcore.io.BlockGuardOs.open(BlockGuardOs.java:274)
05-21 12:33:32.552 21179 21179 W System.err: at libcore.io.ForwardingOs.open(ForwardingOs.java:563)
05-21 12:33:32.552 21179 21179 W System.err: at android.app.ActivityThread$AndroidOs.open(ActivityThread.java:8200)
05-21 12:33:32.552 21179 21179 W System.err: at android.system.Os.open(Os.java:494)
05-21 12:33:32.552 21179 21179 W System.err: at android.os.perfdebug.PerfDebugMonitorImpl.monitorVersionControl(PerfDebugMonitorImp l.java:204)
05-21 12:33:32.552 21179 21179 W System.err: at android.os.perfdebug.PerfDebugMonitorImpl.prepareMonitor(PerfDebugMonitorImpl.java: 185)
05-21 12:33:32.552 21179 21179 W System.err: at android.app.ActivityThread.main(ActivityThread.java:8287)
05-21 12:33:32.552 21179 21179 W System.err: at java.lang.reflect.Method.invoke(Native Method)
05-21 12:33:32.552 21179 21179 W System.err: at com.android.internal.os.RuntimeInit$MethodAndArgsCaller.run(RuntimeInit.java:581)
05-21 12:33:32.552 21179 21179 W System.err: at com.android.internal.os.ZygoteInit.main(ZygoteInit.java:1028)
05-21 12:33:32.765 21179 21179 W System.err: java.lang.ClassNotFoundException: mbmodsd.mbmodsw.ui.views.btn.BtnBK
05-21 12:33:32.765 21179 21179 W System.err: at java.lang.Runtime.nativeLoad(Native Method)
05-21 12:33:32.765 21179 21179 W System.err: at java.lang.Runtime.nativeLoad(Runtime.java:1126)
05-21 12:33:32.765 21179 21179 W System.err: at java.lang.Runtime.loadLibrary0(Runtime.java:1080)
05-21 12:33:32.765 21179 21179 W System.err: at java.lang.Runtime.loadLibrary0(Runtime.java:1003)
05-21 12:33:32.765 21179 21179 W System.err: at java.lang.System.loadLibrary(System.java:1661)
05-21 12:33:32.765 21179 21179 W System.err: at arm.EpicVm.<clinit>(Unknown Source:2)
05-21 12:33:32.765 21179 21179 W System.err: at java.lang.Class.newInstance(Native Method)
05-21 12:33:32.765 21179 21179 W System.err: at android.app.AppComponentFactory.instantiateApplication(AppComponentFactory.java:76)
05-21 12:33:32.765 21179 21179 W System.err: at androidx.core.app.CoreComponentFactory.instantiateApplication(Unknown Source:0)
05-21 12:33:32.765 21179 21179 W System.err: at android.app.Instrumentation.newApplication(Instrumentation.java:1249)
05-21 12:33:32.765 21179 21179 W System.err: at android.app.LoadedApk.makeApplicationInner(LoadedApk.java:1493)
05-21 12:33:32.765 21179 21179 W System.err: at android.app.LoadedApk.makeApplicationInner(LoadedApk.java:1426)
05-21 12:33:32.765 21179 21179 W System.err: at android.app.ActivityThread.handleBindApplication(ActivityThread.java:7135)
05-21 12:33:32.765 21179 21179 W System.err: at android.app.ActivityThread.-$ $Nest$mhandleBindApplication(Unknown Source:0)
05-21 12:33:32.765 21179 21179 W System.err: at android.app.ActivityThread$H.handleMessage(ActivityThread.java:2262)
05-21 12:33:32.765 21179 21179 W System.err: at android.os.Handler.dispatchMessage(Handler.java:106)
05-21 12:33:32.765 21179 21179 W System.err: at android.os.Looper.loopOnce(Looper.java:211)
05-21 12:33:32.765 21179 21179 W System.err: at android.os.Looper.loop(Looper.java:300)
05-21 12:33:32.765 21179 21179 W System.err: at android.app.ActivityThread.main(ActivityThread.java:8324)
05-21 12:33:32.765 21179 21179 W System.err: at java.lang.reflect.Method.invoke(Native Method)
05-21 12:33:32.765 21179 21179 W System.err: at com.android.internal.os.RuntimeInit$MethodAndArgsCaller.run(RuntimeInit.java:581)
05-21 12:33:32.765 21179 21179 W System.err: at com.android.internal.os.ZygoteInit.main(ZygoteInit.java:1028)
05-21 12:33:32.808 21179 21179 E CustomActivityOnCrash: IMPORTANT WARNING! You already have an UncaughtExceptionHandler, are you sure this is correct? If you use a custom UncaughtExceptionHandler, you must initialize it AFTER CustomActivityOnCrash! Installing anyway, but your original handler will not be called.
05-21 12:33:32.850 21179 21206 W LibraryVersion: Failed to get app version for libraryName: firebase-iid
05-21 12:33:33.023 21179 21179 W com.mbwhatsapp: Accessing hidden method Lcom/android/org/conscrypt/OpenSSLSocketImpl;->setUseSessionTickets(Z)V (max- target-q,core-platform-api, reflection, denied)
05-21 12:33:33.023 21179 21179 W com.mbwhatsapp: Accessing hidden method Lcom/android/org/conscrypt/AbstractConscryptSocket;->setUseSessionTickets(Z)V (max- target-q, reflection, denied)
05-21 12:33:33.781 21179 21179 W com.mbwhatsapp: type=1400 audit(0.0:400496): avc: granted { execute } for path="/data/data/com.mbwhatsapp/files/decompressed/libs.spk.zst/libc++_shared.so" dev="dm-41" ino=143303 scontext=u:r:untrusted_app:s0:c85,c257,c512,c768 tcontext=u:object_r:app_data_file:s0:c85,c257,c512,c768 tclass=file app=com.mbwhatsapp
05-21 12:33:33.785 21179 21179 W com.mbwhatsapp: type=1400 audit(0.0:400497): avc: granted { execute } for path="/data/data/com.mbwhatsapp/files/decompressed/libs.spk.zst/libvlc.so" dev="dm- 41" ino=179038 scontext=u:r:untrusted_app:s0:c85,c257,c512,c768 tcontext=u:object_r:app_data_file:s0:c85,c257,c512,c768 tclass=file app=com.mbwhatsapp
05-21 12:33:33.789 21179 21179 W com.mbwhatsapp: type=1400 audit(0.0:400498): avc: granted { execute } for path="/data/data/com.mbwhatsapp/files/decompressed/libs.spk.zst/libwhatsapp.so" dev="dm-41" ino=169257 scontext=u:r:untrusted_app:s0:c85,c257,c512,c768 tcontext=u:object_r:app_data_file:s0:c85,c257,c512,c768 tclass=file app=com.mbwhatsapp
05-21 12:33:33.809 21179 21179 W com.mbwhatsapp: type=1400 audit(0.0:400499): avc: granted { execute } for path="/data/data/com.mbwhatsapp/files/decompressed/libs.spk.zst/libcurve25519.so" dev="dm-41" ino=158790 scontext=u:r:untrusted_app:s0:c85,c257,c512,c768 tcontext=u:object_r:app_data_file:s0:c85,c257,c512,c768 tclass=file app=com.mbwhatsapp
05-21 12:33:33.813 21179 21179 W com.mbwhatsapp: type=1400 audit(0.0:400500): avc: granted { execute } for path="/data/data/com.mbwhatsapp/files/decompressed/libs.spk.zst/libwhatsapp.so" dev="dm-41" ino=169257 scontext=u:r:untrusted_app:s0:c85,c257,c512,c768 tcontext=u:object_r:app_data_file:s0:c85,c257,c512,c768 tclass=file app=com.mbwhatsapp
05-21 12:33:33.813 21179 21179 W com.mbwhatsapp: type=1400 audit(0.0:400501): avc: granted { execute } for path="/data/data/com.mbwhatsapp/files/decompressed/libs.spk.zst/libwhatsapp.so" dev="dm-41" ino=169257 scontext=u:r:untrusted_app:s0:c85,c257,c512,c768 tcontext=u:object_r:app_data_file:s0:c85,c257,c512,c768 tclass=file app=com.mbwhatsapp
05-21 12:33:33.813 21179 21179 W com.mbwhatsapp: type=1400 audit(0.0:400502): avc: granted { execute } for path="/data/data/com.mbwhatsapp/files/decompressed/libs.spk.zst/libwhatsapp.so" dev="dm-41" ino=169257 scontext=u:r:untrusted_app:s0:c85,c257,c512,c768 tcontext=u:object_r:app_data_file:s0:c85,c257,c512,c768 tclass=file app=com.mbwhatsapp
05-21 12:33:33.813 21179 21179 W com.mbwhatsapp: type=1400 audit(0.0:400503): avc: denied { execmod } for path="/apex/com.android.runtime/lib64/bionic/libc.so" dev="loop10" ino=38 scontext=u:r:untrusted_app:s0:c85,c257,c512,c768 tcontext=u:object_r:system_lib_file:s0 tclass=file permissive=0 app=com.mbwhatsapp
05-21 12:33:33.873 21179 21254 W com.mbwhatsapp: Method void X.2rL.A03(java.lang.Integer) failed lock verification and will run slower.
05-21 12:33:33.873 21179 21254 W com.mbwhatsapp: Common causes for lock verification issues are non-optimized dex code
05-21 12:33:33.873 21179 21254 W com.mbwhatsapp: and incorrect proguard optimizations. --------- beginning of system
05-21 12:33:33.887 21179 21179 W Looper : PerfMonitor longMsg : seq=2 plan=12:33:32.563 late=9ms wall=1302ms h=android.app.ActivityThread$H w=110 procState=-1
05-21 12:33:33.914 21179 21179 W com.mbwhatsapp: Method void X.0eU.A0h(X.0tK, boolean) failed lock verification and will run slower.
05-21 12:33:34.134 21179 21179 W libc : Access denied finding property "ro.vendor.df.effect.conflict"
05-21 12:33:34.129 21179 21179 W com.mbwhatsapp: type=1400 audit(0.0:400504): avc: denied { read } for name="u:object_r:vendor_displayfeature_prop:s0" dev="tmpfs" ino=8119 scontext=u:r:untrusted_app:s0:c85,c257,c512,c768 tcontext=u:object_r:vendor_displayfeature_prop:s0 tclass=file permissive=0 app=com.mbwhatsapp
05-21 12:33:34.176 21179 21179 W Looper : PerfMonitor looperActivity : package=com.mbwhatsapp/.Icon0 time=288ms latency=1323ms procState=-1 historyMsgCount=2 (msgIndex=2 wall=1302ms seq=2 late=9ms h=android.app.ActivityThread$H w=110)
05-21 12:33:34.176 21179 21179 W Looper : PerfMonitor looperActivity : package=com.mbwhatsapp/.Icon0 time=0ms latency=1612ms procState=-1 historyMsgCount=3 (msgIndex=2 wall=1302ms seq=2 late=9ms h=android.app.ActivityThread$H w=110)
05-21 12:33:34.250 21179 21268 E QT : [QT]file does not exist
05-21 12:33:34.330 21179 21179 E com.mbwhatsapp: Invalid ID 0x00000000.
05-21 12:33:34.330 21179 21179 W System.err: android.content.res.Resources$NotFoundException: String resource ID #0x0
05-21 12:33:34.331 21179 21179 W System.err: at android.content.res.Resources.getText(Resources.java:480)
05-21 12:33:34.331 21179 21179 W System.err: at android.content.res.MiuiResources.getText(MiuiResources.java:106)
05-21 12:33:34.332 21179 21179 W System.err: at android.content.res.Resources.getString(Resources.java:573)
05-21 12:33:34.332 21179 21179 W System.err: at X.35t.A0E(Unknown Source:46)
05-21 12:33:34.332 21179 21179 W System.err: at com.mbwhatsapp.yo.yo.getString(Native Method)
05-21 12:33:34.332 21179 21179 W System.err: at com.mbwhatsapp.yo.yo.getString(Native Method)
05-21 12:33:34.332 21179 21179 W System.err: at com.mbwhatsapp.youbasha.task.utils.requestAllFilesAccess14(Native Method)
05-21 12:33:34.332 21179 21179 W System.err: at com.mbwhatsapp.yo.dep.showStoragePermissionRequest(Native Method)
05-21 12:33:34.332 21179 21179 W System.err: at com.mbwhatsapp.registration.EULA.onCreate(Unknown Source:248)
05-21 12:33:34.332 21179 21179 W System.err: at android.app.Activity.performCreate(Activity.java:8547)
05-21 12:33:34.332 21179 21179 W System.err: at android.app.Activity.performCreate(Activity.java:8511)
05-21 12:33:34.333 21179 21179 W System.err: at android.app.Instrumentation.callActivityOnCreate(Instrumentation.java:1437)
05-21 12:33:34.333 21179 21179 W System.err: at android.app.ActivityThread.performLaunchActivity(ActivityThread.java:3877)
05-21 12:33:34.333 21179 21179 W System.err: at android.app.ActivityThread.handleLaunchActivity(ActivityThread.java:4042)
05-21 12:33:34.333 21179 21179 W System.err: at android.app.servertransaction.LaunchActivityItem.execute(LaunchActivityItem.java:10 1)
05-21 12:33:34.333 21179 21179 W System.err: at android.app.servertransaction.TransactionExecutor.executeCallbacks(TransactionExecu tor.java:135)
05-21 12:33:34.333 21179 21179 W System.err: at android.app.servertransaction.TransactionExecutor.execute(TransactionExecutor.java: 95)
05-21 12:33:34.333 21179 21179 W System.err: at android.app.ActivityThread$H.handleMessage(ActivityThread.java:2436)
05-21 12:33:34.333 21179 21179 W System.err: at android.os.Handler.dispatchMessage(Handler.java:106)
05-21 12:33:34.334 21179 21179 W System.err: at android.os.Looper.loopOnce(Looper.java:211)
05-21 12:33:34.334 21179 21179 W System.err: at android.os.Looper.loop(Looper.java:300)
05-21 12:33:34.334 21179 21179 W System.err: at android.app.ActivityThread.main(ActivityThread.java:8324)
05-21 12:33:34.334 21179 21179 W System.err: at java.lang.reflect.Method.invoke(Native Method)
05-21 12:33:34.334 21179 21179 W System.err: at com.android.internal.os.RuntimeInit$MethodAndArgsCaller.run(RuntimeInit.java:581)
05-21 12:33:34.334 21179 21179 W System.err: at com.android.internal.os.ZygoteInit.main(ZygoteInit.java:1028)
05-21 12:33:34.454 21179 21179 W Activity: Can request only one set of permissions at a time
05-21 12:33:34.532 21179 21271 E RenderScript: Failed loading RS driver: dlopen failed: library "libRSDriver_mtk.so" not found
05-21 12:33:34.532 21179 21271 E RenderScript: Failed to load runtime libRSDriver_mtk.so, loading default
05-21 12:33:34.605 21179 21179 E ArmVmp : Match on catch block at 0x0a in for 0x7b7c85f04d
05-21 12:33:34.617 21179 21267 W libc : Access denied finding property "ro.vendor.display.iris_x7.support"
05-21 12:33:34.632 21179 21179 W Activity: PerfMonitor: Slow Operation: Activity com.mbwhatsapp/.registration.EULA onStart took 268ms
05-21 12:33:34.658 21179 21267 W libc : Access denied finding property "ro.vendor.display.iris_x7.support"
05-21 12:33:34.667 21179 21179 W Looper : PerfMonitor looperActivity : package=com.mbwhatsapp/.registration.EULA time=0ms latency=480ms procState=-1 historyMsgCount=2
05-21 12:33:34.667 21179 21179 W Looper : PerfMonitor looperActivity : package=com.mbwhatsapp/.registration.EULA time=1ms latency=343ms procState=-1 historyMsgCount=6
05-21 12:33:34.696 21179 21179 W Looper : PerfMonitor looperActivity : package=com.mbwhatsapp/.registration.EULA time=28ms latency=344ms procState=-1 historyMsgCount=7
05-21 12:33:34.793 21179 21267 E OpenGLRenderer: Device claims wide gamut support, cannot find matching config, error = EGL_SUCCESS
05-21 12:33:34.793 21179 21267 W OpenGLRenderer: Failed to initialize 101010-2 format, error = EGL_SUCCESS
05-21 12:33:34.820 21179 21267 W libc : Access denied finding property "vendor.migl.debug"
05-21 12:33:34.820 21179 21267 E libMiGL : libmigl:This GPU version is note support Variable Shading Rate
05-21 12:33:34.828 21179 21267 E libEGL : pre_cache appList: ,,
05-21 12:33:34.879 21179 21179 W libc : Access denied finding property "ro.vendor.display.iris_x7.support"
05-21 12:33:34.879 21179 21267 W FramePredict: "FramePredict won 't run in other process: com.mbwhatsapp"
05-21 12:33:34.976 21179 21267 W libc : Access denied finding property "ro.vendor.magt.mtk_magt_support"
05-21 12:33:34.992 21179 21267 W libc : Access denied finding property "ro.vendor.display.iris_x7.support"
05-21 12:33:35.002 21179 21267 E libEGL : pre_cache appList: ,,
05-21 12:33:35.062 21179 21267 E com.mbwhatsapp: DF open fail: No such file or directory
05-21 12:33:35.063 21179 21267 W com.mbwhatsapp: remote service is not exist
05-21 12:33:35.063 21179 21267 W libc : Access denied finding property "ro.vendor.display.iris_x7.support"
05-21 12:33:35.068 21179 21267 W libc : Access denied finding property "ro.vendor.display.iris_x7.support"
05-21 12:33:35.080 21179 21267 W Parcel : Expecting binder but got null!
05-21 12:33:35.608 21179 21267 W Parcel : Expecting binder but got null!
05-21 12:33:35.609 21179 21179 W Looper : PerfMonitor doFrame : time=907ms vsyncFrame=0 latency=77ms procState=-1 historyMsgCount=13
05-21 12:33:35.646 21179 21179 W Looper : PerfMonitor doFrame : time=30ms vsyncFrame=0 latency=908ms procState=-1 historyMsgCount=8 (msgIndex=1 wall=907ms seq=27 late=77ms h=android.view.Choreographer$FrameHandler c=android.view.Choreographer$FrameDisplayEventReceiver)
05-21 12:33:35.925 21179 21191 W com.mbwhatsapp: Cleared Reference was only reachable from finalizer (only reported once)
05-21 12:33:36.088 21179 21179 E com.mbwhatsapp: Invalid ID 0x00000000.
05-21 12:33:36.089 21179 21179 E com.mbwhatsapp: Invalid ID 0x00000000.
05-21 12:33:36.089 21179 21179 E com.mbwhatsapp: Invalid ID 0x00000000.
05-21 12:33:36.096 21179 21179 E com.mbwhatsapp: Invalid ID 0x00000000.
05-21 12:33:36.097 21179 21179 E com.mbwhatsapp: Invalid ID 0x00000000.
05-21 12:33:36.098 21179 21179 E com.mbwhatsapp: Invalid ID 0x00000000.
05-21 12:33:36.099 21179 21179 E com.mbwhatsapp: Invalid ID 0x00000000.
05-21 12:33:36.099 21179 21179 E com.mbwhatsapp: Invalid ID 0x00000000.
05-21 12:33:38.294 21179 21179 W Activity: Can request only one set of permissions at a time
05-21 12:33:38.295 21179 21179 W Activity: Can request only one set of permissions at a time
05-21 12:33:39.231 21179 21179 W MirrorManager: this model don't Support
05-21 12:33:39.255 21179 21179 E RippleDrawable: The RippleDrawable.STYLE_PATTERNED animation is not supported for a non-hardware accelerated Canvas. Skipping animation.
05-21 12:33:39.271 21179 21179 E RippleDrawable: The RippleDrawable.STYLE_PATTERNED animation is not supported for a non-hardware accelerated Canvas. Skipping animation.
05-21 12:33:39.287 21179 21179 E RippleDrawable: The RippleDrawable.STYLE_PATTERNED animation is not supported for a non-hardware accelerated Canvas. Skipping animation.
05-21 12:33:39.303 21179 21179 E RippleDrawable: The RippleDrawable.STYLE_PATTERNED animation is not supported for a non-hardware accelerated Canvas. Skipping animation.
05-21 12:33:39.320 21179 21179 E RippleDrawable: The RippleDrawable.STYLE_PATTERNED animation is not supported for a non-hardware accelerated Canvas. Skipping animation.
05-21 12:33:40.319 21179 21451 E ShortcutInfoCompatSaver: Failed to load saved values from file /data/user/0/com.mbwhatsapp/files/ShortcutInfoCompatSaver_share_targets/ targets.xml. Old state removed, new added
05-21 12:33:40.319 21179 21451 E ShortcutInfoCompatSaver: java.io.FileNotFoundException: /data/user/0/com.mbwhatsapp/files/ShortcutInfoCompatSaver_share_targets/ targets.xml: open failed: ENOENT (No such file or directory)
05-21 12:33:40.319 21179 21451 E ShortcutInfoCompatSaver: at libcore.io.IoBridge.open(IoBridge.java:574)
05-21 12:33:40.319 21179 21451 E ShortcutInfoCompatSaver: at java.io.FileInputStream.<init>(FileInputStream.java:160)
05-21 12:33:40.319 21179 21451 E ShortcutInfoCompatSaver: at X.0nz.run(Unknown Source:82)
05-21 12:33:40.319 21179 21451 E ShortcutInfoCompatSaver: at java.util.concurrent.Executors$RunnableAdapter.call(Executors.java:487)
05-21 12:33:40.319 21179 21451 E ShortcutInfoCompatSaver: at java.util.concurrent.FutureTask.run(FutureTask.java:264)
05-21 12:33:40.319 21179 21451 E ShortcutInfoCompatSaver: at java.util.concurrent.ThreadPoolExecutor.runWorker(ThreadPoolExecutor.java:1145)
05-21 12:33:40.319 21179 21451 E ShortcutInfoCompatSaver: at java.util.concurrent.ThreadPoolExecutor$Worker.run(ThreadPoolExecutor.java:644)
05-21 12:33:40.319 21179 21451 E ShortcutInfoCompatSaver: at java.lang.Thread.run(Thread.java:1012)
05-21 12:33:40.319 21179 21451 E ShortcutInfoCompatSaver: Caused by: android.system.ErrnoException: open failed: ENOENT (No such file or directory)
05-21 12:33:40.319 21179 21451 E ShortcutInfoCompatSaver: at libcore.io.Linux.open(Native Method)
05-21 12:33:40.319 21179 21451 E ShortcutInfoCompatSaver: at libcore.io.ForwardingOs.open(ForwardingOs.java:563)
05-21 12:33:40.319 21179 21451 E ShortcutInfoCompatSaver: at libcore.io.BlockGuardOs.open(BlockGuardOs.java:274)
05-21 12:33:40.319 21179 21451 E ShortcutInfoCompatSaver: at libcore.io.ForwardingOs.open(ForwardingOs.java:563)
05-21 12:33:40.319 21179 21451 E ShortcutInfoCompatSaver: at android.app.ActivityThread$AndroidOs.open(ActivityThread.java:8200)
05-21 12:33:40.319 21179 21451 E ShortcutInfoCompatSaver: at libcore.io.IoBridge.open(IoBridge.java:560)
05-21 12:33:40.319 21179 21451 E ShortcutInfoCompatSaver: ... 7 more
05-21 12:33:40.346 21179 21267 W libc : Access denied finding property "ro.vendor.display.iris_x7.support"
05-21 12:33:40.353 21179 21267 E FrameEvents: updateAcquireFence: Did not find frame.
05-21 12:33:40.359 21179 21267 W libc : Access denied finding property "ro.vendor.display.iris_x7.support"
05-21 12:33:40.365 21179 21267 E FrameEvents: updateAcquireFence: Did not find frame.
05-21 12:33:40.374 21179 21267 W libc : Access denied finding property "ro.vendor.display.iris_x7.support"
05-21 12:33:40.383 21179 21267 E FrameEvents: updateAcquireFence: Did not find frame. 05-21 12:33:40.3