03-20 21:51:51.912 21160 21510 I AXL : CKeyBoard::OnTouchEvent(3, 0, 2038, 990)
03-20 21:51:51.918 21160 21510 I AXL : CKeyBoard::OnTouchEvent(3, 0, 2038, 990)
03-20 21:51:51.923 21160 21510 I AXL : CKeyBoard::OnTouchEvent(1, 0, 2038, 990)
03-20 21:51:51.929 21160 21160 D Surface : lockCanvas
03-20 21:51:51.987 21160 21538 I AXL : RPC: ScrSetPlayerColor
03-20 21:51:52.026 21160 21538 I AXL : RPC: ServerJoin
03-20 21:51:52.026 21160 21538 I AXL : RPC: ScrSetPlayerName
03-20 21:51:52.026 21160 21538 I AXL : byteSuccess = 1
03-20 21:51:52.026 21160 21538 I AXL : RPC: ScrSetPlayerColor
03-20 21:51:52.273 21160 21538 I AXL : RPC: ServerJoin
03-20 21:51:52.273 21160 21538 I AXL : RPC: ScrSetPlayerName
03-20 21:51:52.273 21160 21538 I AXL : byteSuccess = 1
03-20 21:51:52.300 21160 21510 I AXL : CKeyBoard::OnTouchEvent(2, 0, 2267, 903)
03-20 21:51:52.311 21160 21510 I AXL : CKeyBoard::OnTouchEvent(3, 0, 2267, 903)
03-20 21:51:52.352 21160 21538 I AXL : RPC: ScrSetPlayerColor
03-20 21:51:52.362 21160 21510 I AXL : CKeyBoard::OnTouchEvent(3, 0, 2267, 903)
03-20 21:51:52.378 21160 21510 I AXL : CKeyBoard::OnTouchEvent(3, 0, 2267, 903)
03-20 21:51:52.383 21160 21510 I AXL : CKeyBoard::OnTouchEvent(1, 0, 2267, 903)
03-20 21:51:52.392 21160 21160 D Surface : lockCanvas
03-20 21:51:52.754 21160 21538 I AXL : RPC: ScrSetPlayerColor
03-20 21:51:52.754 21160 21538 I AXL : RPC: ScrSetPlayerColor
03-20 21:51:52.828 21160 21510 I AXL : CKeyBoard::OnTouchEvent(2, 0, 177, 1012)
03-20 21:51:52.897 21160 21538 I AXL : RPC: ScrSetPlayerColor
03-20 21:51:52.897 21160 21538 I AXL : RPC: StopObject
03-20 21:51:52.897 21160 21538 I AXL : RPC: ScrSetPlayerColor
03-20 21:51:52.905 21160 21510 I AXL : CKeyBoard::OnTouchEvent(3, 0, 177, 1012)
03-20 21:51:52.905 21160 21510 I AXL : CKeyBoard::OnTouchEvent(1, 0, 177, 1012)
03-20 21:51:52.922 21160 21160 D Surface : lockCanvas
03-20 21:51:53.282 21160 21510 I AXL : CKeyBoard::OnTouchEvent(2, 0, 1964, 934)
03-20 21:51:53.295 21160 21538 I AXL : RPC: ServerJoin
03-20 21:51:53.295 21160 21538 I AXL : RPC: ScrSetPlayerName
03-20 21:51:53.295 21160 21538 I AXL : byteSuccess = 1
03-20 21:51:53.295 21160 21538 I AXL : RPC: ScrSetPlayerColor
03-20 21:51:53.303 21160 21510 I AXL : CKeyBoard::OnTouchEvent(3, 0, 1964, 934)
03-20 21:51:53.318 21160 21510 I AXL : CKeyBoard::OnTouchEvent(3, 0, 1964, 934)
03-20 21:51:53.339 21160 21510 I AXL : CKeyBoard::OnTouchEvent(3, 0, 1964, 934)
03-20 21:51:53.354 21160 21510 I AXL : CKeyBoard::OnTouchEvent(3, 0, 1964, 934)
03-20 21:51:53.370 21160 21510 I AXL : CKeyBoard::OnTouchEvent(3, 0, 1964, 934)
03-20 21:51:53.377 21160 21538 I AXL : RPC: ScrSetPlayerColor
03-20 21:51:53.377 21160 21538 I AXL : RPC: StopObject
03-20 21:51:53.380 21160 21510 I AXL : CKeyBoard::OnTouchEvent(3, 0, 1964, 934)
03-20 21:51:53.385 21160 21510 I AXL : CKeyBoard::OnTouchEvent(1, 0, 1964, 934)
03-20 21:51:53.401 21160 21160 D Surface : lockCanvas
03-20 21:51:53.498 21160 21538 I AXL : RPC: ScrSetPlayerName
03-20 21:51:53.498 21160 21538 I AXL : byteSuccess = 1
03-20 21:51:54.269 21160 21515 D AudioTrack: [audioTrackData][fine] 45s(f:45003 m:0
s:0 k:0 z:0) : pid 21160 uid 10036 sessionId 2585 sr 48000 ch 2 fmt 5
03-20 21:51:54.286 21160 21510 I AXL : CKeyBoard::OnTouchEvent(2, 0, 1991, 945)
03-20 21:51:54.312 21160 21510 I AXL : CKeyBoard::OnTouchEvent(3, 0, 1991, 945)
03-20 21:51:54.349 21160 21510 I AXL : CKeyBoard::OnTouchEvent(3, 0, 1991, 945)
03-20 21:51:54.379 21160 21510 I AXL : CKeyBoard::OnTouchEvent(3, 0, 1991, 945)
03-20 21:51:54.385 21160 21510 I AXL : CKeyBoard::OnTouchEvent(1, 0, 1991, 945)
03-20 21:51:54.394 21160 21160 D Surface : lockCanvas
03-20 21:51:54.597 21160 21556 D AudioTrack: [audioTrackData][fine] 50s(f:50002 m:0
s:0 k:0 z:0) : pid 21160 uid 10036 sessionId 2593 sr 44100 ch 2 fmt 1
03-20 21:51:54.645 21160 21538 I AXL : RPC: ServerJoin
03-20 21:51:54.645 21160 21538 I AXL : RPC: ScrSetPlayerName
03-20 21:51:54.645 21160 21538 I AXL : byteSuccess = 1
03-20 21:51:54.645 21160 21538 I AXL : RPC: ScrSetPlayerColor
03-20 21:51:54.725 21160 21538 I AXL : RPC: ScrSetPlayerColor
03-20 21:51:54.931 21160 21160 W WindowOnBackDispatcher: sendCancelIfRunning:
isInProgress=falsecallback=android.view.ViewRootImpl$
$ExternalSyntheticLambda22@a27f000
03-20 21:51:54.932 21160 21160 D View : [Warning] assignParent to null: this =
android.widget.PopupWindow$PopupDecorView{d9785b9 V.E...... R.....ID 0,0-846,132}
03-20 21:51:55.004 21160 21510 I AXL : CKeyBoard::OnTouchEvent(2, 0, 2169, 992)
03-20 21:51:55.010 21160 21510 I AXL : CKeyBoard::OnTouchEvent(3, 0, 2169, 992)
03-20 21:51:55.025 21160 21510 I AXL : CKeyBoard::OnTouchEvent(3, 0, 2169, 992)
03-20 21:51:55.041 21160 21510 I AXL : CKeyBoard::OnTouchEvent(3, 0, 2169, 992)
03-20 21:51:55.077 21160 21510 I AXL : CKeyBoard::OnTouchEvent(3, 0, 2169, 992)
03-20 21:51:55.077 21160 21510 I AXL : CKeyBoard::OnTouchEvent(1, 0, 2169, 992)
03-20 21:51:55.089 21160 21160 D Surface : lockCanvas
03-20 21:51:55.219 21160 21538 I AXL : RPC: ScrSetPlayerColor
03-20 21:51:55.418 21160 21538 I AXL : RPC: ScrSetPlayerColor
03-20 21:51:55.484 21160 21538 I AXL : RPC: ServerJoin
03-20 21:51:55.485 21160 21538 I AXL : RPC: ScrSetPlayerName
03-20 21:51:55.485 21160 21538 I AXL : byteSuccess = 1
03-20 21:51:55.485 21160 21538 I AXL : RPC: ScrSetPlayerColor
03-20 21:51:55.485 21160 21538 I AXL : RPC: ServerJoin
03-20 21:51:55.485 21160 21538 I AXL : RPC: ScrSetPlayerName
03-20 21:51:55.485 21160 21538 I AXL : byteSuccess = 1
03-20 21:51:55.485 21160 21538 I AXL : RPC: ScrSetPlayerColor
03-20 21:51:55.533 21160 21538 I AXL : RPC: ServerJoin
03-20 21:51:55.533 21160 21538 I AXL : RPC: ScrSetPlayerName
03-20 21:51:55.533 21160 21538 I AXL : byteSuccess = 1
03-20 21:51:55.533 21160 21538 I AXL : RPC: ScrSetPlayerColor
03-20 21:51:55.566 21160 21538 I AXL : RPC: ScrSetPlayerColor
03-20 21:51:55.817 21160 21510 I AXL : CKeyBoard::OnTouchEvent(2, 0, 2283, 811)
03-20 21:51:55.853 21160 21510 I AXL : CKeyBoard::OnTouchEvent(3, 0, 2283, 811)
03-20 21:51:55.869 21160 21510 I AXL : CKeyBoard::OnTouchEvent(3, 0, 2283, 811)
03-20 21:51:55.884 21160 21510 I AXL : CKeyBoard::OnTouchEvent(3, 0, 2283, 811)
03-20 21:51:55.905 21160 21510 I AXL : CKeyBoard::OnTouchEvent(3, 0, 2283, 811)
03-20 21:51:55.915 21160 21510 I AXL : CKeyBoard::OnTouchEvent(3, 0, 2283, 811)
03-20 21:51:55.915 21160 21510 I AXL : CKeyBoard::OnTouchEvent(1, 0, 2283, 811)
03-20 21:51:55.916 21160 21160 D Surface : lockCanvas
03-20 21:51:56.211 21160 21538 I AXL : RPC: ServerJoin
03-20 21:51:56.211 21160 21538 I AXL : RPC: ScrSetPlayerName
03-20 21:51:56.211 21160 21538 I AXL : byteSuccess = 1
03-20 21:51:56.211 21160 21538 I AXL : RPC: ScrSetPlayerColor
03-20 21:51:56.575 21160 21538 I AXL : RPC: ScrSetPlayerColor
03-20 21:51:56.605 21160 21510 I AXL : CKeyBoard::OnTouchEvent(2, 0, 2293, 869)
03-20 21:51:56.616 21160 21510 I AXL : CKeyBoard::OnTouchEvent(3, 0, 2293, 869)
03-20 21:51:56.687 21160 21510 I AXL : CKeyBoard::OnTouchEvent(3, 0, 2293, 869)
03-20 21:51:56.692 21160 21538 I AXL : RPC: ScrSetPlayerName
03-20 21:51:56.692 21160 21538 I AXL : byteSuccess = 1
03-20 21:51:56.698 21160 21510 I AXL : CKeyBoard::OnTouchEvent(3, 0, 2293, 869)
03-20 21:51:56.698 21160 21510 I AXL : CKeyBoard::OnTouchEvent(1, 0, 2293, 869)
03-20 21:51:56.701 21160 21160 D Surface : lockCanvas
03-20 21:51:56.737 21160 21538 I AXL : RPC: ScrSetPlayerColor
03-20 21:51:56.737 21160 21538 I AXL : RPC: StopObject
03-20 21:51:56.737 21160 21538 I AXL : RPC: ScrSetPlayerColor
03-20 21:51:57.018 21160 21510 I AXL : CKeyBoard::OnTouchEvent(2, 0, 2293, 886)
03-20 21:51:57.028 21160 21510 I AXL : CKeyBoard::OnTouchEvent(3, 0, 2293, 886)
03-20 21:51:57.044 21160 21510 I AXL : CKeyBoard::OnTouchEvent(3, 0, 2293, 886)
03-20 21:51:57.059 21160 21510 I AXL : CKeyBoard::OnTouchEvent(3, 0, 2293, 886)
03-20 21:51:57.075 21160 21510 I AXL : CKeyBoard::OnTouchEvent(3, 0, 2293, 886)
03-20 21:51:57.096 21160 21510 I AXL : CKeyBoard::OnTouchEvent(3, 0, 2293, 886)
03-20 21:51:57.111 21160 21510 I AXL : CKeyBoard::OnTouchEvent(3, 0, 2293, 886)
03-20 21:51:57.127 21160 21510 I AXL : CKeyBoard::OnTouchEvent(3, 0, 2293, 886)
03-20 21:51:57.132 21160 21510 I AXL : CKeyBoard::OnTouchEvent(1, 0, 2293, 886)
03-20 21:51:57.141 21160 21160 D Surface : lockCanvas
03-20 21:51:57.152 21160 21538 I AXL : RPC: ServerJoin
03-20 21:51:57.152 21160 21538 I AXL : RPC: ScrSetPlayerName
03-20 21:51:57.152 21160 21538 I AXL : byteSuccess = 1
03-20 21:51:57.152 21160 21538 I AXL : RPC: ScrSetPlayerColor
03-20 21:51:57.320 21160 21538 I AXL : RPC: ScrApplyPlayerAnimation
03-20 21:51:57.320 21160 21538 I AXL : PED, FLOOR_hit_f
03-20 21:51:57.579 21160 21510 I AXL : CKeyBoard::OnTouchEvent(2, 0, 2205, 991)
03-20 21:51:57.619 21160 21160 I MiInputConsumer: optimized resample latency:
1185979 ns
03-20 21:51:57.621 21160 21510 I AXL : CKeyBoard::OnTouchEvent(3, 0, 2205, 991)
03-20 21:51:57.641 21160 21510 I AXL : CKeyBoard::OnTouchEvent(3, 0, 2205, 991)
03-20 21:51:57.657 21160 21510 I AXL : CKeyBoard::OnTouchEvent(3, 0, 2205, 991)
03-20 21:51:57.667 21160 21510 I AXL : CKeyBoard::OnTouchEvent(1, 0, 2205, 991)
03-20 21:51:57.670 21160 21160 D Surface : lockCanvas
03-20 21:51:57.681 21160 21538 I AXL : RPC: ScrSetPlayerColor
03-20 21:51:57.681 21160 21538 I AXL : RPC: ScrSetPlayerColor
03-20 21:51:57.681 21160 21538 I AXL : RPC: ServerJoin
03-20 21:51:57.681 21160 21538 I AXL : RPC: ScrSetPlayerName
03-20 21:51:57.681 21160 21538 I AXL : byteSuccess = 1
03-20 21:51:57.681 21160 21538 I AXL : RPC: ScrSetPlayerColor
03-20 21:51:57.681 21160 21538 I AXL : RPC: ScrSetPlayerName
03-20 21:51:57.681 21160 21538 I AXL : byteSuccess = 1
03-20 21:51:57.767 21160 21538 I AXL : RPC: ScrSetPlayerName
03-20 21:51:57.767 21160 21538 I AXL : byteSuccess = 1
03-20 21:51:58.226 21160 21510 I AXL : CKeyBoard::OnTouchEvent(2, 0, 2261, 836)
03-20 21:51:58.229 21160 21538 I AXL : RPC: ScrSetPlayerColor
03-20 21:51:58.252 21160 21510 I AXL : CKeyBoard::OnTouchEvent(3, 0, 2261, 836)
03-20 21:51:58.283 21160 21510 I AXL : CKeyBoard::OnTouchEvent(3, 0, 2261, 836)
03-20 21:51:58.304 21160 21510 I AXL : CKeyBoard::OnTouchEvent(3, 0, 2261, 836)
03-20 21:51:58.304 21160 21510 I AXL : CKeyBoard::OnTouchEvent(1, 0, 2261, 836)
03-20 21:51:58.316 21160 21160 D Surface : lockCanvas
03-20 21:51:58.886 21160 21510 I AXL : CKeyBoard::OnTouchEvent(2, 0, 2271, 919)
03-20 21:51:58.896 21160 21510 I AXL : CKeyBoard::OnTouchEvent(3, 0, 2271, 919)
03-20 21:51:58.921 21160 21538 I AXL : RPC: ServerJoin
03-20 21:51:58.921 21160 21538 I AXL : RPC: ScrSetPlayerName
03-20 21:51:58.921 21160 21538 I AXL : byteSuccess = 1
03-20 21:51:58.921 21160 21538 I AXL : RPC: ScrSetPlayerColor
03-20 21:51:58.979 21160 21510 I AXL : CKeyBoard::OnTouchEvent(3, 0, 2271, 919)
03-20 21:51:58.984 21160 21510 I AXL : CKeyBoard::OnTouchEvent(1, 0, 2271, 919)
03-20 21:51:58.995 21160 21160 D Surface : lockCanvas
03-20 21:51:59.266 21160 21515 D AudioTrack: [audioTrackData][fine] 50s(f:50000 m:0
s:0 k:0 z:0) : pid 21160 uid 10036 sessionId 2585 sr 48000 ch 2 fmt 5
03-20 21:51:59.315 21160 21510 I AXL : CKeyBoard::OnTouchEvent(2, 0, 2275, 882)
03-20 21:51:59.345 21160 21510 I AXL : CKeyBoard::OnTouchEvent(3, 0, 2275, 882)
03-20 21:51:59.376 21160 21510 I AXL : CKeyBoard::OnTouchEvent(3, 0, 2275, 882)
03-20 21:51:59.382 21160 21510 I AXL : CKeyBoard::OnTouchEvent(1, 0, 2275, 882)
03-20 21:51:59.392 21160 21160 D Surface : lockCanvas
03-20 21:51:59.605 21160 21538 I AXL : RPC: ScrSetPlayerColor
03-20 21:51:59.621 21160 21556 D AudioTrack: [audioTrackData][fine] 55s(f:55026 m:0
s:0 k:0 z:0) : pid 21160 uid 10036 sessionId 2593 sr 44100 ch 2 fmt 1
03-20 21:51:59.752 21160 21510 I AXL : CKeyBoard::OnTouchEvent(2, 0, 2210,
1041)
03-20 21:51:59.773 21160 21510 I AXL : CKeyBoard::OnTouchEvent(3, 0, 2210,
1041)
03-20 21:51:59.831 21160 21538 I AXL : RPC: ScrSetPlayerColor
03-20 21:51:59.840 21160 21510 I AXL : CKeyBoard::OnTouchEvent(3, 0, 2210,
1041)
03-20 21:51:59.871 21160 21510 I AXL : CKeyBoard::OnTouchEvent(3, 0, 2210,
1041)
03-20 21:51:59.871 21160 21510 I AXL : CKeyBoard::OnTouchEvent(1, 0, 2210,
1041)
03-20 21:51:59.888 21160 21160 D Surface : lockCanvas
03-20 21:52:00.100 21160 21538 I AXL : RPC: ScrSetPlayerColor
03-20 21:52:00.100 21160 21538 I AXL : RPC: ScrSetPlayerColor
03-20 21:52:00.182 21160 21538 I AXL : RPC: ScrSetPlayerColor
03-20 21:52:00.216 21160 21538 I AXL : RPC: ServerJoin
03-20 21:52:00.216 21160 21538 I AXL : RPC: ScrSetPlayerName
03-20 21:52:00.216 21160 21538 I AXL : byteSuccess = 1
03-20 21:52:00.216 21160 21538 I AXL : RPC: ScrSetPlayerColor
03-20 21:52:00.449 21160 21538 I AXL : RPC: ServerJoin
03-20 21:52:00.449 21160 21538 I AXL : RPC: ScrSetPlayerName
03-20 21:52:00.449 21160 21538 I AXL : byteSuccess = 1
03-20 21:52:00.449 21160 21538 I AXL : RPC: ScrSetPlayerColor
03-20 21:52:00.688 21160 21510 I AXL : CKeyBoard::OnTouchEvent(2, 0, 2327, 821)
03-20 21:52:00.724 21160 21538 I AXL : RPC: ServerJoin
03-20 21:52:00.724 21160 21538 I AXL : RPC: ScrSetPlayerName
03-20 21:52:00.724 21160 21538 I AXL : byteSuccess = 1
03-20 21:52:00.724 21160 21538 I AXL : RPC: ScrSetPlayerColor
03-20 21:52:00.724 21160 21538 I AXL : RPC: ScrSetPlayerName
03-20 21:52:00.724 21160 21538 I AXL : byteSuccess = 1
03-20 21:52:00.758 21160 21538 I AXL : RPC: ScrSetPlayerName
03-20 21:52:00.758 21160 21538 I AXL : byteSuccess = 1
03-20 21:52:00.792 21160 21510 I AXL : CKeyBoard::OnTouchEvent(3, 0, 2327, 821)
03-20 21:52:00.792 21160 21510 I AXL : CKeyBoard::OnTouchEvent(1, 0, 2327, 821)
03-20 21:52:00.799 21160 21160 D Surface : lockCanvas
03-20 21:52:01.142 21160 21538 I AXL : « Lilo_Scerty[40]: Сейчас пройдет МП
прятки с призовым фондом 1.300.000 вирт - /ivent »
03-20 21:52:01.143 21160 21160 I System.out: addChatViewMessage: {E0FFFF} |
 « Lilo_Scerty[40]: Сейчас пройдет МП прятки с&#
160;призовым фондом 1.300.000 вирт - /ivent »
03-20 21:52:01.170 21160 21160 D Surface : lockCanvas
03-20 21:52:01.233 21160 21160 D Surface : lockCanvas
03-20 21:52:01.260 21160 21538 I AXL : RPC: ScrSetPlayerName
03-20 21:52:01.260 21160 21538 I AXL : byteSuccess = 1
03-20 21:52:01.318 21160 21510 I AXL : CKeyBoard::OnTouchEvent(2, 0, 2349,
1003)
03-20 21:52:01.329 21160 21510 I AXL : CKeyBoard::OnTouchEvent(3, 0, 2349,
1003)
03-20 21:52:01.355 21160 21538 I AXL : RPC: ScrSetPlayerColor
03-20 21:52:01.355 21160 21538 I AXL : RPC: ScrSetPlayerColor
03-20 21:52:01.355 21160 21538 I AXL : RPC: ScrSetPlayerColor
03-20 21:52:01.396 21160 21510 I AXL : CKeyBoard::OnTouchEvent(3, 0, 2349,
1003)
03-20 21:52:01.411 21160 21510 I AXL : CKeyBoard::OnTouchEvent(3, 0, 2349,
1003)
03-20 21:52:01.417 21160 21510 I AXL : CKeyBoard::OnTouchEvent(1, 0, 2349,
1003)
03-20 21:52:01.417 21160 21160 D AutofillManager: view not autofillable - not
passing ime action check
03-20 21:52:01.428 21160 21160 D Surface : lockCanvas
03-20 21:52:01.486 21160 21538 I AXL : RPC: ScrSetPlayerColor
03-20 21:52:01.486 21160 21538 I AXL : RPC: ScrSetPlayerColor
03-20 21:52:01.705 21160 21538 I AXL : RPC: ServerJoin
03-20 21:52:01.705 21160 21538 I AXL : RPC: ScrSetPlayerName
03-20 21:52:01.705 21160 21538 I AXL : byteSuccess = 1
03-20 21:52:01.705 21160 21538 I AXL : RPC: ScrSetPlayerColor
03-20 21:52:02.486 21160 21160 D Surface : lockCanvas
03-20 21:52:02.503 21160 21160 E RippleDrawable: The RippleDrawable.STYLE_PATTERNED
animation is not supported for a non-hardware accelerated Canvas. Skipping
animation.
03-20 21:52:02.521 21160 21160 D AutofillManager: view not autofillable - not
passing ime action check
03-20 21:52:02.524 21160 21160 D Surface : lockCanvas
03-20 21:52:02.543 21160 21160 E RippleDrawable: The RippleDrawable.STYLE_PATTERNED
animation is not supported for a non-hardware accelerated Canvas. Skipping
animation.
03-20 21:52:02.557 21160 21160 D Surface : lockCanvas
03-20 21:52:02.880 21160 21538 I AXL : RPC: ScrSetPlayerColor
03-20 21:52:03.004 21160 21510 I AXL : CKeyBoard::OnTouchEvent(2, 0, 609, 274)
03-20 21:52:03.020 21160 21510 I AXL : CKeyBoard::OnTouchEvent(3, 0, 609, 274)
03-20 21:52:03.051 21160 21510 I AXL : CKeyBoard::OnTouchEvent(3, 0, 609, 274)
03-20 21:52:03.066 21160 21510 I AXL : CKeyBoard::OnTouchEvent(3, 0, 609, 274)
03-20 21:52:03.072 21160 21510 I AXL : CKeyBoard::OnTouchEvent(3, 0, 609, 274)
03-20 21:52:03.077 21160 21160 D AutofillManager: view not autofillable - not
passing ime action check
03-20 21:52:03.083 21160 21160 D Surface : lockCanvas
03-20 21:52:03.394 21160 21538 I AXL : RPC: ScrSetPlayerColor
03-20 21:52:03.394 21160 21538 I AXL : RPC: StopObject
03-20 21:52:03.727 21160 21160 D Surface : lockCanvas
03-20 21:52:03.744 21160 21160 E RippleDrawable: The RippleDrawable.STYLE_PATTERNED
animation is not supported for a non-hardware accelerated Canvas. Skipping
animation.
03-20 21:52:03.765 21160 21160 D AutofillManager: view not autofillable - not
passing ime action check
03-20 21:52:03.768 21160 21160 D Surface : lockCanvas
03-20 21:52:03.769 21160 21538 I AXL : RPC: ScrSetPlayerName
03-20 21:52:03.769 21160 21538 I AXL : byteSuccess = 1
03-20 21:52:03.769 21160 21538 I AXL : RPC: ServerJoin
03-20 21:52:03.770 21160 21538 I AXL : RPC: ScrSetPlayerName
03-20 21:52:03.770 21160 21538 I AXL : byteSuccess = 1
03-20 21:52:03.770 21160 21538 I AXL : RPC: ScrSetPlayerColor
03-20 21:52:03.788 21160 21160 E RippleDrawable: The RippleDrawable.STYLE_PATTERNED
animation is not supported for a non-hardware accelerated Canvas. Skipping
animation.
03-20 21:52:03.808 21160 21160 D Surface : lockCanvas
03-20 21:52:03.925 21160 21538 I AXL : RPC: ScrSetPlayerColor
03-20 21:52:04.108 21160 21510 I AXL : CKeyBoard::OnTouchEvent(2, 0, 546, 305)
03-20 21:52:04.155 21160 21510 I AXL : CKeyBoard::OnTouchEvent(3, 0, 546, 305)
03-20 21:52:04.160 21160 21160 D AutofillManager: view not autofillable - not
passing ime action check
03-20 21:52:04.175 21160 21160 D Surface : lockCanvas
03-20 21:52:04.255 21160 21538 I AXL : RPC: ScrSetPlayerColor
03-20 21:52:04.269 21160 21515 D AudioTrack: [audioTrackData][fine] 55s(f:55003 m:0
s:0 k:0 z:0) : pid 21160 uid 10036 sessionId 2585 sr 48000 ch 2 fmt 5
03-20 21:52:04.303 21160 21538 I AXL : RPC: ScrSetPlayerColor
03-20 21:52:04.336 21160 21538 I AXL : RPC: ScrSetPlayerColor
03-20 21:52:04.336 21160 21538 I AXL : RPC: StopObject
03-20 21:52:04.336 21160 21538 I AXL : RPC: ScrSetPlayerColor
03-20 21:52:04.535 21160 21538 I AXL : RPC: ScrSetPlayerColor
03-20 21:52:04.613 21160 21556 D AudioTrack: [audioTrackData][fine] 60s(f:60017 m:0
s:0 k:0 z:0) : pid 21160 uid 10036 sessionId 2593 sr 44100 ch 2 fmt 1
03-20 21:52:04.670 21160 21160 D Surface : lockCanvas
03-20 21:52:04.689 21160 21160 E RippleDrawable: The RippleDrawable.STYLE_PATTERNED
animation is not supported for a non-hardware accelerated Canvas. Skipping
animation.
03-20 21:52:04.709 21160 21160 D AutofillManager: view not autofillable - not
passing ime action check
03-20 21:52:04.713 21160 21160 D Surface : lockCanvas
03-20 21:52:04.732 21160 21160 E RippleDrawable: The RippleDrawable.STYLE_PATTERNED
animation is not supported for a non-hardware accelerated Canvas. Skipping
animation.
03-20 21:52:04.747 21160 21160 D Surface : lockCanvas
03-20 21:52:05.282 21160 21538 I AXL : RPC: ServerJoin
03-20 21:52:05.282 21160 21538 I AXL : RPC: ScrSetPlayerName
03-20 21:52:05.282 21160 21538 I AXL : byteSuccess = 1
03-20 21:52:05.282 21160 21538 I AXL : RPC: ScrSetPlayerColor
03-20 21:52:05.692 21160 21538 I AXL : RPC: ScrApplyPlayerAnimation
03-20 21:52:05.692 21160 21538 I AXL : PED, FLOOR_hit_f
03-20 21:52:05.725 21160 21538 I AXL : RPC: ServerJoin
03-20 21:52:05.725 21160 21538 I AXL : RPC: ScrSetPlayerName
03-20 21:52:05.725 21160 21538 I AXL : byteSuccess = 1
03-20 21:52:05.725 21160 21538 I AXL : RPC: ScrSetPlayerColor
03-20 21:52:05.933 21160 21510 I AXL : CKeyBoard::OnTouchEvent(2, 0, 185, 940)
03-20 21:52:05.964 21160 21510 I AXL : CKeyBoard::OnTouchEvent(3, 0, 185, 940)
03-20 21:52:05.994 21160 21510 I AXL : CKeyBoard::OnTouchEvent(3, 0, 185, 940)
03-20 21:52:06.015 21160 21510 I AXL : CKeyBoard::OnTouchEvent(3, 0, 185, 940)
03-20 21:52:06.030 21160 21510 I AXL : CKeyBoard::OnTouchEvent(3, 0, 185, 940)
03-20 21:52:06.036 21160 21510 I AXL : CKeyBoard::OnTouchEvent(3, 0, 185, 940)
03-20 21:52:06.036 21160 21510 I AXL : CKeyBoard::OnTouchEvent(1, 0, 185, 940)
03-20 21:52:06.157 21160 21538 I AXL : RPC: ScrSetPlayerColor
03-20 21:52:06.157 21160 21538 I AXL : RPC: StopObject
03-20 21:52:06.157 21160 21538 I AXL : RPC: ScrSetPlayerColor
03-20 21:52:06.271 21160 21538 I AXL : RPC: ScrSetPlayerColor
03-20 21:52:06.277 21160 21160 D Surface : lockCanvas
03-20 21:52:06.341 21160 21160 D Surface : lockCanvas
03-20 21:52:06.377 21160 21160 D Surface : lockCanvas
03-20 21:52:06.412 21160 21160 D Surface : lockCanvas
03-20 21:52:06.443 21160 21160 D Surface : lockCanvas
03-20 21:52:06.444 21160 21538 I AXL : RPC: ScrSetPlayerColor
03-20 21:52:06.444 21160 21538 I AXL : RPC: ServerJoin
03-20 21:52:06.444 21160 21538 I AXL : RPC: ScrSetPlayerName
03-20 21:52:06.444 21160 21538 I AXL : byteSuccess = 1
03-20 21:52:06.444 21160 21538 I AXL : RPC: ScrSetPlayerColor
03-20 21:52:06.475 21160 21160 D Surface : lockCanvas
03-20 21:52:06.502 21160 21510 I AXL : CKeyBoard::OnTouchEvent(2, 0, 185, 895)
03-20 21:52:06.509 21160 21160 D Surface : lockCanvas
03-20 21:52:06.512 21160 21510 I AXL : CKeyBoard::OnTouchEvent(3, 0, 185, 895)
03-20 21:52:06.530 21160 21160 D Surface : lockCanvas
03-20 21:52:06.554 21160 21510 I AXL : CKeyBoard::OnTouchEvent(3, 0, 185, 895)
03-20 21:52:06.559 21160 21510 I AXL : CKeyBoard::OnTouchEvent(1, 0, 185, 895)
03-20 21:52:06.923 21160 21510 I AXL : CKeyBoard::OnTouchEvent(2, 0, 334, 905)
03-20 21:52:06.939 21160 21510 I AXL : CKeyBoard::OnTouchEvent(3, 0, 334, 905)
03-20 21:52:06.959 21160 21510 I AXL : CKeyBoard::OnTouchEvent(3, 0, 334, 905)
03-20 21:52:06.990 21160 21510 I AXL : CKeyBoard::OnTouchEvent(3, 0, 334, 905)
03-20 21:52:07.005 21160 21510 I AXL : CKeyBoard::OnTouchEvent(3, 0, 334, 905)
03-20 21:52:07.011 21160 21510 I AXL : CKeyBoard::OnTouchEvent(1, 0, 334, 905)
03-20 21:52:07.284 21160 21538 I AXL : RPC: ScrApplyPlayerAnimation
03-20 21:52:07.284 21160 21538 I AXL : PED, FLOOR_hit_f
03-20 21:52:07.284 21160 21538 I AXL : RPC: ScrApplyPlayerAnimation
03-20 21:52:07.284 21160 21538 I AXL : PED, FLOOR_hit_f
03-20 21:52:07.364 21160 21538 I AXL : RPC: ScrSetPlayerColor
03-20 21:52:07.364 21160 21538 I AXL : RPC: ScrSetPlayerColor
03-20 21:52:07.364 21160 21538 I AXL : RPC: ScrApplyPlayerAnimation
03-20 21:52:07.364 21160 21538 I AXL : PED, FLOOR_hit_f
03-20 21:52:07.364 21160 21538 I AXL : RPC: ScrApplyPlayerAnimation
03-20 21:52:07.364 21160 21538 I AXL : PED, FLOOR_hit_f
03-20 21:52:07.630 21160 21538 I AXL : RPC: ScrSetPlayerColor
03-20 21:52:07.631 21160 21538 I AXL : RPC: ScrSetPlayerColor
03-20 21:52:07.746 21160 21538 I AXL : RPC: ScrSetPlayerName
03-20 21:52:07.746 21160 21538 I AXL : byteSuccess = 1
03-20 21:52:08.081 21160 21510 I AXL : CKeyBoard::OnTouchEvent(2, 0, 462, 286)
03-20 21:52:08.097 21160 21510 I AXL : CKeyBoard::OnTouchEvent(3, 0, 462, 286)
03-20 21:52:08.112 21160 21510 I AXL : CKeyBoard::OnTouchEvent(3, 0, 462, 286)
03-20 21:52:08.133 21160 21510 I AXL : CKeyBoard::OnTouchEvent(3, 0, 462, 286)
03-20 21:52:08.138 21160 21510 I AXL : CKeyBoard::OnTouchEvent(3, 0, 462, 286)
03-20 21:52:08.143 21160 21160 D AutofillManager: view not autofillable - not
passing ime action check
03-20 21:52:08.147 21160 21160 D Surface : lockCanvas
03-20 21:52:08.701 21160 21538 I AXL : RPC: ServerJoin
03-20 21:52:08.701 21160 21538 I AXL : RPC: ScrSetPlayerName
03-20 21:52:08.701 21160 21538 I AXL : byteSuccess = 1
03-20 21:52:08.701 21160 21538 I AXL : RPC: ScrSetPlayerColor
03-20 21:52:09.267 21160 21515 D AudioTrack: [audioTrackData][fine] 60s(f:60000 m:0
s:0 k:0 z:0) : pid 21160 uid 10036 sessionId 2585 sr 48000 ch 2 fmt 5
03-20 21:52:09.268 21160 21538 I AXL : RPC: ServerJoin
03-20 21:52:09.268 21160 21538 I AXL : RPC: ScrSetPlayerName
03-20 21:52:09.268 21160 21538 I AXL : byteSuccess = 1
03-20 21:52:09.268 21160 21538 I AXL : RPC: ScrSetPlayerColor
03-20 21:52:09.535 21160 21538 I AXL : RPC: ScrSetPlayerColor
03-20 21:52:09.611 21160 21538 I AXL : RPC: ScrSetPlayerColor
03-20 21:52:09.611 21160 21538 I AXL : RPC: ScrSetPlayerColor
03-20 21:52:09.619 21160 21160 D Surface : lockCanvas
03-20 21:52:09.620 21160 21556 D AudioTrack: [audioTrackData][fine] 5s(f:5008 m:0
s:0 k:0 z:0) : pid 21160 uid 10036 sessionId 2593 sr 44100 ch 2 fmt 1
03-20 21:52:09.636 21160 21160 E RippleDrawable: The RippleDrawable.STYLE_PATTERNED
animation is not supported for a non-hardware accelerated Canvas. Skipping
animation.
03-20 21:52:09.654 21160 21160 D AutofillManager: view not autofillable - not
passing ime action check
03-20 21:52:09.657 21160 21160 D Surface : lockCanvas
03-20 21:52:09.676 21160 21160 E RippleDrawable: The RippleDrawable.STYLE_PATTERNED
animation is not supported for a non-hardware accelerated Canvas. Skipping
animation.
03-20 21:52:09.690 21160 21160 D Surface : lockCanvas
03-20 21:52:10.073 21160 21510 I AXL : CKeyBoard::OnTouchEvent(2, 0, 513, 295)
03-20 21:52:10.083 21160 21510 I AXL : CKeyBoard::OnTouchEvent(3, 0, 513, 295)
03-20 21:52:10.099 21160 21510 I AXL : CKeyBoard::OnTouchEvent(3, 0, 513, 295)
03-20 21:52:10.119 21160 21510 I AXL : CKeyBoard::OnTouchEvent(3, 0, 513, 295)
03-20 21:52:10.134 21160 21510 I AXL : CKeyBoard::OnTouchEvent(3, 0, 513, 295)
03-20 21:52:10.140 21160 21160 D AutofillManager: view not autofillable - not
passing ime action check
03-20 21:52:10.149 21160 21160 D Surface : lockCanvas
03-20 21:52:10.711 21160 21160 D Surface : lockCanvas
03-20 21:52:10.727 21160 21160 E RippleDrawable: The RippleDrawable.STYLE_PATTERNED
animation is not supported for a non-hardware accelerated Canvas. Skipping
animation.
03-20 21:52:10.746 21160 21160 D AutofillManager: view not autofillable - not
passing ime action check
03-20 21:52:10.749 21160 21160 D Surface : lockCanvas
03-20 21:52:10.768 21160 21160 E RippleDrawable: The RippleDrawable.STYLE_PATTERNED
animation is not supported for a non-hardware accelerated Canvas. Skipping
animation.
03-20 21:52:10.782 21160 21160 D Surface : lockCanvas
03-20 21:52:10.993 21160 21538 I AXL : RPC: ScrSetPlayerColor
03-20 21:52:10.993 21160 21538 I AXL : RPC: StopObject
03-20 21:52:11.288 21160 21510 I AXL : CKeyBoard::OnTouchEvent(2, 0, 330, 930)
03-20 21:52:11.324 21160 21510 I AXL : CKeyBoard::OnTouchEvent(3, 0, 330, 930)
03-20 21:52:11.329 21160 21510 I AXL : CKeyBoard::OnTouchEvent(3, 0, 330, 930)
03-20 21:52:11.334 21160 21510 I AXL : CKeyBoard::OnTouchEvent(1, 0, 330, 930)
03-20 21:52:11.668 21160 21510 I AXL : CKeyBoard::OnTouchEvent(2, 0, 265, 920)
03-20 21:52:11.690 21160 21510 I AXL : CKeyBoard::OnTouchEvent(3, 0, 265, 920)
03-20 21:52:11.705 21160 21510 I AXL : CKeyBoard::OnTouchEvent(3, 0, 265, 920)
03-20 21:52:11.721 21160 21510 I AXL : CKeyBoard::OnTouchEvent(3, 0, 265, 920)
03-20 21:52:11.736 21160 21510 I AXL : CKeyBoard::OnTouchEvent(3, 0, 265, 920)
03-20 21:52:11.741 21160 21510 I AXL : CKeyBoard::OnTouchEvent(1, 0, 265, 920)
03-20 21:52:11.867 21160 21538 I AXL : RPC: ScrSetPlayerColor
03-20 21:52:11.867 21160 21538 I AXL : RPC: ScrSetPlayerColor
03-20 21:52:11.897 21160 21510 I AXL : CKeyBoard::OnTouchEvent(2, 0, 228, 930)
03-20 21:52:11.970 21160 21510 I AXL : CKeyBoard::OnTouchEvent(3, 0, 228, 930)
03-20 21:52:11.985 21160 21510 I AXL : CKeyBoard::OnTouchEvent(3, 0, 228, 930)
03-20 21:52:11.985 21160 21510 I AXL : CKeyBoard::OnTouchEvent(1, 0, 228, 930)
03-20 21:52:12.099 21160 21510 I AXL : CKeyBoard::OnTouchEvent(2, 0, 210, 996)
03-20 21:52:12.120 21160 21510 I AXL : CKeyBoard::OnTouchEvent(3, 0, 210, 996)
03-20 21:52:12.171 21160 21510 I AXL : CKeyBoard::OnTouchEvent(3, 0, 210, 996)
03-20 21:52:12.187 21160 21510 I AXL : CKeyBoard::OnTouchEvent(3, 0, 210, 996)
03-20 21:52:12.197 21160 21510 I AXL : CKeyBoard::OnTouchEvent(3, 0, 210, 996)
03-20 21:52:12.202 21160 21510 I AXL : CKeyBoard::OnTouchEvent(1, 0, 210, 996)
03-20 21:52:12.217 21160 21160 D Surface : lockCanvas
03-20 21:52:12.320 21160 21160 D Surface : lockCanvas
03-20 21:52:12.364 21160 21510 I AXL : CKeyBoard::OnTouchEvent(2, 0, 172, 981)
03-20 21:52:12.366 21160 21160 D Surface : lockCanvas
03-20 21:52:12.384 21160 21160 D Surface : lockCanvas
03-20 21:52:12.415 21160 21160 D Surface : lockCanvas
03-20 21:52:12.416 21160 21510 I AXL : CKeyBoard::OnTouchEvent(3, 0, 172, 981)
03-20 21:52:12.440 21160 21160 D Surface : lockCanvas
03-20 21:52:12.442 21160 21510 I AXL : CKeyBoard::OnTouchEvent(3, 0, 172, 981)
03-20 21:52:12.448 21160 21510 I AXL : CKeyBoard::OnTouchEvent(1, 0, 172, 981)
03-20 21:52:12.465 21160 21160 D Surface : lockCanvas
03-20 21:52:12.505 21160 21160 D Surface : lockCanvas
03-20 21:52:12.532 21160 21160 D Surface : lockCanvas
03-20 21:52:12.565 21160 21160 D Surface : lockCanvas
03-20 21:52:12.600 21160 21160 D Surface : lockCanvas
03-20 21:52:12.759 21160 21538 I AXL : RPC: ScrSetPlayerName
03-20 21:52:12.759 21160 21538 I AXL : byteSuccess = 1
03-20 21:52:12.876 21160 21538 I AXL : RPC: ScrSetPlayerColor
03-20 21:52:13.269 21160 21510 I AXL : CKeyBoard::OnTouchEvent(2, 0, 2320, 889)
03-20 21:52:13.285 21160 21538 I AXL : RPC: ServerJoin
03-20 21:52:13.285 21160 21538 I AXL : RPC: ScrSetPlayerName
03-20 21:52:13.285 21160 21538 I AXL : byteSuccess = 1
03-20 21:52:13.285 21160 21538 I AXL : RPC: ScrSetPlayerColor
03-20 21:52:13.285 21160 21538 I AXL : RPC: ServerJoin
03-20 21:52:13.285 21160 21538 I AXL : RPC: ScrSetPlayerName
03-20 21:52:13.285 21160 21538 I AXL : byteSuccess = 1
03-20 21:52:13.285 21160 21538 I AXL : RPC: ScrSetPlayerColor
03-20 21:52:13.295 21160 21510 I AXL : CKeyBoard::OnTouchEvent(3, 0, 2320, 889)
03-20 21:52:13.311 21160 21510 I AXL : CKeyBoard::OnTouchEvent(3, 0, 2320, 889)
03-20 21:52:13.357 21160 21510 I AXL : CKeyBoard::OnTouchEvent(1, 0, 2320, 889)
03-20 21:52:13.375 21160 21160 D Surface : lockCanvas
03-20 21:52:13.770 21160 21538 I AXL : RPC: ServerJoin
03-20 21:52:13.770 21160 21538 I AXL : RPC: ScrSetPlayerName
03-20 21:52:13.770 21160 21538 I AXL : byteSuccess = 1
03-20 21:52:13.818 21160 21538 I AXL : RPC: ScrSetPlayerColor
03-20 21:52:14.200 21160 21510 I AXL : CKeyBoard::OnTouchEvent(2, 0, 1925, 941)
03-20 21:52:14.206 21160 21510 I AXL : CKeyBoard::OnTouchEvent(3, 0, 1925, 941)
03-20 21:52:14.222 21160 21510 I AXL : CKeyBoard::OnTouchEvent(3, 0, 1925, 941)
03-20 21:52:14.237 21160 21510 I AXL : CKeyBoard::OnTouchEvent(3, 0, 1925, 941)
03-20 21:52:14.253 21160 21510 I AXL : CKeyBoard::OnTouchEvent(3, 0, 1925, 941)
03-20 21:52:14.269 21160 21515 D AudioTrack: [audioTrackData][fine] 5s(f:5003 m:0
s:0 k:0 z:0) : pid 21160 uid 10036 sessionId 2585 sr 48000 ch 2 fmt 5
03-20 21:52:14.273 21160 21510 I AXL : CKeyBoard::OnTouchEvent(3, 0, 1925, 941)
03-20 21:52:14.278 21160 21510 I AXL : CKeyBoard::OnTouchEvent(1, 0, 1925, 941)
03-20 21:52:14.285 21160 21160 D Surface : lockCanvas
03-20 21:52:14.546 21160 21538 I AXL : RPC: ScrSetPlayerColor
03-20 21:52:14.547 21160 21538 I AXL : RPC: StopObject
03-20 21:52:14.571 21160 21510 I AXL : CKeyBoard::OnTouchEvent(2, 0, 1946, 922)
03-20 21:52:14.602 21160 21510 I AXL : CKeyBoard::OnTouchEvent(3, 0, 1946, 922)
03-20 21:52:14.612 21160 21556 D AudioTrack: [audioTrackData][fine] 10s(f:10000 m:0
s:0 k:0 z:0) : pid 21160 uid 10036 sessionId 2593 sr 44100 ch 2 fmt 1
03-20 21:52:14.618 21160 21510 I AXL : CKeyBoard::OnTouchEvent(3, 0, 1946, 922)
03-20 21:52:14.623 21160 21510 I AXL : CKeyBoard::OnTouchEvent(1, 0, 1946, 922)
03-20 21:52:14.633 21160 21160 D Surface : lockCanvas
03-20 21:52:15.279 21160 21510 I AXL : CKeyBoard::OnTouchEvent(2, 0, 2298, 858)
03-20 21:52:15.299 21160 21510 I AXL : CKeyBoard::OnTouchEvent(3, 0, 2298, 858)
03-20 21:52:15.345 21160 21510 I AXL : CKeyBoard::OnTouchEvent(3, 0, 2298, 858)
03-20 21:52:15.361 21160 21510 I AXL : CKeyBoard::OnTouchEvent(3, 0, 2298, 858)
03-20 21:52:15.366 21160 21510 I AXL : CKeyBoard::OnTouchEvent(1, 0, 2298, 858)
03-20 21:52:15.377 21160 21160 D Surface : lockCanvas
03-20 21:52:15.557 21160 21510 I AXL : CKeyBoard::OnTouchEvent(2, 0, 2290, 868)
03-20 21:52:15.578 21160 21510 I AXL : CKeyBoard::OnTouchEvent(3, 0, 2290, 868)
03-20 21:52:15.660 21160 21510 I AXL : CKeyBoard::OnTouchEvent(3, 0, 2290, 868)
03-20 21:52:15.670 21160 21510 I AXL : CKeyBoard::OnTouchEvent(3, 0, 2290, 868)
03-20 21:52:15.670 21160 21510 I AXL : CKeyBoard::OnTouchEvent(1, 0, 2290, 868)
03-20 21:52:15.675 21160 21160 D Surface : lockCanvas
03-20 21:52:15.961 21160 21510 I AXL : CKeyBoard::OnTouchEvent(2, 0, 160, 802)
03-20 21:52:15.976 21160 21510 I AXL : CKeyBoard::OnTouchEvent(3, 0, 160, 802)
03-20 21:52:16.043 21160 21510 I AXL : CKeyBoard::OnTouchEvent(3, 0, 160, 802)
03-20 21:52:16.048 21160 21510 I AXL : CKeyBoard::OnTouchEvent(1, 0, 160, 802)
03-20 21:52:16.048 21160 21538 I AXL : RPC: ScrSetPlayerColor
03-20 21:52:16.048 21160 21538 I AXL : RPC: StopObject
03-20 21:52:16.055 21160 21160 D Surface : lockCanvas
03-20 21:52:16.342 21160 21510 I AXL : CKeyBoard::OnTouchEvent(2, 0, 1943, 904)
03-20 21:52:16.358 21160 21510 I AXL : CKeyBoard::OnTouchEvent(3, 0, 1943, 904)
03-20 21:52:16.404 21160 21510 I AXL : CKeyBoard::OnTouchEvent(3, 0, 1943, 904)
03-20 21:52:16.419 21160 21510 I AXL : CKeyBoard::OnTouchEvent(3, 0, 1943, 904)
03-20 21:52:16.435 21160 21510 I AXL : CKeyBoard::OnTouchEvent(3, 0, 1943, 904)
03-20 21:52:16.440 21160 21510 I AXL : CKeyBoard::OnTouchEvent(1, 0, 1943, 904)
03-20 21:52:16.453 21160 21160 D Surface : lockCanvas
03-20 21:52:16.599 21160 21538 I AXL : RPC: ScrSetPlayerColor
03-20 21:52:16.681 21160 21538 I AXL : RPC: ScrSetPlayerColor
03-20 21:52:16.681 21160 21538 I AXL : RPC: ScrSetPlayerColor
03-20 21:52:16.731 21160 21538 I AXL : RPC: ScrSetPlayerColor
03-20 21:52:16.855 21160 21510 I AXL : CKeyBoard::OnTouchEvent(2, 0, 2268, 857)
03-20 21:52:16.870 21160 21510 I AXL : CKeyBoard::OnTouchEvent(3, 0, 2268, 857)
03-20 21:52:16.886 21160 21510 I AXL : CKeyBoard::OnTouchEvent(3, 0, 2268, 857)
03-20 21:52:16.916 21160 21510 I AXL : CKeyBoard::OnTouchEvent(3, 0, 2268, 857)
03-20 21:52:16.937 21160 21510 I AXL : CKeyBoard::OnTouchEvent(3, 0, 2268, 857)
03-20 21:52:16.942 21160 21510 I AXL : CKeyBoard::OnTouchEvent(3, 0, 2268, 857)
03-20 21:52:16.947 21160 21510 I AXL : CKeyBoard::OnTouchEvent(1, 0, 2268, 857)
03-20 21:52:16.949 21160 21160 D Surface : lockCanvas
03-20 21:52:17.071 21160 21510 I AXL : CKeyBoard::OnTouchEvent(2, 0, 2260, 875)
03-20 21:52:17.102 21160 21510 I AXL : CKeyBoard::OnTouchEvent(3, 0, 2260, 875)
03-20 21:52:17.118 21160 21510 I AXL : CKeyBoard::OnTouchEvent(3, 0, 2260, 875)
03-20 21:52:17.123 21160 21510 I AXL : CKeyBoard::OnTouchEvent(3, 0, 2260, 875)
03-20 21:52:17.139 21160 21510 I AXL : CKeyBoard::OnTouchEvent(3, 0, 2260, 875)
03-20 21:52:17.164 21160 21510 I AXL : CKeyBoard::OnTouchEvent(1, 0, 2260, 875)
03-20 21:52:17.182 21160 21160 D Surface : lockCanvas
03-20 21:52:17.463 21160 21510 I AXL : CKeyBoard::OnTouchEvent(2, 0, 144, 840)
03-20 21:52:17.472 21160 21538 I AXL : RPC: ServerJoin
03-20 21:52:17.472 21160 21538 I AXL : RPC: ScrSetPlayerName
03-20 21:52:17.472 21160 21538 I AXL : byteSuccess = 1
03-20 21:52:17.472 21160 21538 I AXL : RPC: ScrSetPlayerColor
03-20 21:52:17.494 21160 21510 I AXL : CKeyBoard::OnTouchEvent(1, 0, 144, 840)
03-20 21:52:17.496 21160 21160 D Surface : lockCanvas
03-20 21:52:18.078 21160 21510 I AXL : UNKNOWN KEY
03-20 21:52:18.078 21160 21510 I AXL : CKeyBoard::OnTouchEvent(2, 0, 101, 781)
03-20 21:52:18.083 21160 21510 I AXL : UNKNOWN KEY
03-20 21:52:18.083 21160 21510 I AXL : CKeyBoard::OnTouchEvent(3, 0, 101, 781)
03-20 21:52:18.083 21160 21510 I AXL : CKeyBoard::OnTouchEvent(2, 1, 2282, 860)
03-20 21:52:18.088 21160 21510 I AXL : UNKNOWN KEY
03-20 21:52:18.088 21160 21510 I AXL : CKeyBoard::OnTouchEvent(3, 0, 101, 781)
03-20 21:52:18.088 21160 21510 I AXL : CKeyBoard::OnTouchEvent(3, 1, 2282, 860)
03-20 21:52:18.094 21160 21510 I AXL : UNKNOWN KEY
03-20 21:52:18.094 21160 21510 I AXL : CKeyBoard::OnTouchEvent(1, 0, 101, 781)
03-20 21:52:18.094 21160 21510 I AXL : CKeyBoard::OnTouchEvent(3, 1, 2282, 860)
03-20 21:52:18.094 21160 21510 I AXL : CKeyBoard::OnTouchEvent(3, 1, 2282, 860)
03-20 21:52:18.176 21160 21510 I AXL : CKeyBoard::OnTouchEvent(3, 1, 2282, 860)
03-20 21:52:18.181 21160 21510 I AXL : CKeyBoard::OnTouchEvent(1, 1, 2282, 860)
03-20 21:52:18.190 21160 21160 D Surface : lockCanvas
03-20 21:52:18.248 21160 21538 I AXL : RPC: ServerJoin
03-20 21:52:18.248 21160 21538 I AXL : RPC: ScrSetPlayerName
03-20 21:52:18.248 21160 21538 I AXL : byteSuccess = 1
03-20 21:52:18.248 21160 21538 I AXL : RPC: ScrSetPlayerColor
03-20 21:52:18.401 21160 21538 I AXL : RPC: ScrSetPlayerColor
03-20 21:52:18.618 21160 21538 I AXL : RPC: ScrSetPlayerColor
03-20 21:52:18.677 21160 21510 I AXL : UNKNOWN KEY
03-20 21:52:18.677 21160 21510 I AXL : CKeyBoard::OnTouchEvent(2, 0, 104, 767)
03-20 21:52:18.708 21160 21510 I AXL : UNKNOWN KEY
03-20 21:52:18.708 21160 21510 I AXL : CKeyBoard::OnTouchEvent(1, 0, 104, 767)
03-20 21:52:19.096 21160 21510 I AXL : UNKNOWN KEY
03-20 21:52:19.096 21160 21510 I AXL : CKeyBoard::OnTouchEvent(2, 0, 104, 775)
03-20 21:52:19.126 21160 21510 I AXL : UNKNOWN KEY
03-20 21:52:19.127 21160 21510 I AXL : CKeyBoard::OnTouchEvent(1, 0, 104, 775)
03-20 21:52:19.266 21160 21515 D AudioTrack: [audioTrackData][fine] 10s(f:10000 m:0
s:0 k:0 z:0) : pid 21160 uid 10036 sessionId 2585 sr 48000 ch 2 fmt 5
03-20 21:52:19.428 21160 21510 I AXL : CKeyBoard::OnTouchEvent(2, 0, 1984, 925)
03-20 21:52:19.449 21160 21510 I AXL : CKeyBoard::OnTouchEvent(3, 0, 1984, 925)
03-20 21:52:19.469 21160 21510 I AXL : CKeyBoard::OnTouchEvent(3, 0, 1984, 925)
03-20 21:52:19.485 21160 21510 I AXL : CKeyBoard::OnTouchEvent(3, 0, 1984, 925)
03-20 21:52:19.500 21160 21510 I AXL : CKeyBoard::OnTouchEvent(3, 0, 1984, 925)
03-20 21:52:19.500 21160 21510 I AXL : CKeyBoard::OnTouchEvent(1, 0, 1984, 925)
03-20 21:52:19.515 21160 21160 D Surface : lockCanvas
03-20 21:52:19.637 21160 21556 D AudioTrack: [audioTrackData][fine] 15s(f:15024 m:0
s:0 k:0 z:0) : pid 21160 uid 10036 sessionId 2593 sr 44100 ch 2 fmt 1
03-20 21:52:20.345 21160 21510 I AXL : UNKNOWN KEY
03-20 21:52:20.345 21160 21510 I AXL : CKeyBoard::OnTouchEvent(2, 0, 104, 761)
03-20 21:52:20.381 21160 21510 I AXL : UNKNOWN KEY
03-20 21:52:20.381 21160 21510 I AXL : CKeyBoard::OnTouchEvent(1, 0, 104, 761)
03-20 21:52:20.576 21160 21538 I AXL : RPC: ServerJoin
03-20 21:52:20.576 21160 21538 I AXL : RPC: ScrSetPlayerName
03-20 21:52:20.576 21160 21538 I AXL : byteSuccess = 1
03-20 21:52:20.577 21160 21538 I AXL : RPC: ScrSetPlayerColor
03-20 21:52:20.623 21160 21538 I AXL : RPC: ServerJoin
03-20 21:52:20.623 21160 21538 I AXL : RPC: ScrSetPlayerName
03-20 21:52:20.624 21160 21538 I AXL : byteSuccess = 1
03-20 21:52:20.624 21160 21538 I AXL : RPC: ScrSetPlayerColor
03-20 21:52:20.705 21160 21538 I AXL : RPC: ServerJoin
03-20 21:52:20.706 21160 21538 I AXL : RPC: ScrSetPlayerName
03-20 21:52:20.706 21160 21538 I AXL : byteSuccess = 1
03-20 21:52:20.706 21160 21538 I AXL : RPC: ScrSetPlayerColor
03-20 21:52:20.835 21160 21510 I AXL : CKeyBoard::OnTouchEvent(2, 0, 1916, 893)
03-20 21:52:20.863 21160 21538 I AXL : RPC: ScrSetPlayerName
03-20 21:52:20.864 21160 21538 I AXL : byteSuccess = 1
03-20 21:52:20.864 21160 21538 I AXL : RPC: ScrSetPlayerName
03-20 21:52:20.864 21160 21538 I AXL : byteSuccess = 1
03-20 21:52:20.891 21160 21510 I AXL : CKeyBoard::OnTouchEvent(3, 0, 1916, 893)
03-20 21:52:20.907 21160 21510 I AXL : CKeyBoard::OnTouchEvent(3, 0, 1916, 893)
03-20 21:52:20.912 21160 21510 I AXL : CKeyBoard::OnTouchEvent(1, 0, 1916, 893)
03-20 21:52:20.913 21160 21538 I AXL : RPC: ScrSetPlayerColor
03-20 21:52:20.921 21160 21160 D Surface : lockCanvas
03-20 21:52:21.266 21160 21538 I AXL : RPC: ScrSetPlayerColor
03-20 21:52:21.266 21160 21538 I AXL : RPC: ScrSetPlayerColor
03-20 21:52:21.478 21160 21510 I AXL : UNKNOWN KEY
03-20 21:52:21.478 21160 21510 I AXL : CKeyBoard::OnTouchEvent(2, 0, 117, 771)
03-20 21:52:21.508 21160 21510 I AXL : UNKNOWN KEY
03-20 21:52:21.508 21160 21510 I AXL : CKeyBoard::OnTouchEvent(1, 0, 117, 771)
03-20 21:52:21.631 21160 21538 I AXL : RPC: ScrSetPlayerColor
03-20 21:52:21.631 21160 21538 I AXL : RPC: ScrSetPlayerColor
03-20 21:52:21.786 21160 21510 I AXL : UNKNOWN KEY
03-20 21:52:21.786 21160 21510 I AXL : CKeyBoard::OnTouchEvent(2, 0, 114, 793)
03-20 21:52:21.822 21160 21510 I AXL : UNKNOWN KEY
03-20 21:52:21.822 21160 21510 I AXL : CKeyBoard::OnTouchEvent(1, 0, 114, 793)
03-20 21:52:22.037 21160 21510 I AXL : UNKNOWN KEY
03-20 21:52:22.037 21160 21510 I AXL : CKeyBoard::OnTouchEvent(2, 0, 120, 820)
03-20 21:52:22.055 21160 21538 I AXL : RPC: ScrSetPlayerName
03-20 21:52:22.055 21160 21538 I AXL : byteSuccess = 1
03-20 21:52:22.068 21160 21510 I AXL : UNKNOWN KEY
03-20 21:52:22.068 21160 21510 I AXL : CKeyBoard::OnTouchEvent(1, 0, 120, 820)
03-20 21:52:22.364 21160 21510 I AXL : CKeyBoard::OnTouchEvent(2, 0, 1907, 890)
03-20 21:52:22.380 21160 21510 I AXL : CKeyBoard::OnTouchEvent(3, 0, 1907, 890)
03-20 21:52:22.411 21160 21510 I AXL : CKeyBoard::OnTouchEvent(3, 0, 1907, 890)
03-20 21:52:22.431 21160 21510 I AXL : CKeyBoard::OnTouchEvent(3, 0, 1907, 890)
03-20 21:52:22.441 21160 21510 I AXL : CKeyBoard::OnTouchEvent(3, 0, 1907, 890)
03-20 21:52:22.447 21160 21510 I AXL : CKeyBoard::OnTouchEvent(1, 0, 1907, 890)
03-20 21:52:22.460 21160 21160 D Surface : lockCanvas
03-20 21:52:22.792 21160 21538 I AXL : RPC: ScrSetPlayerName
03-20 21:52:22.792 21160 21538 I AXL : byteSuccess = 1
03-20 21:52:22.987 21160 21538 I AXL : RPC: ScrSetPlayerColor
03-20 21:52:23.138 21160 21510 I AXL : CKeyBoard::OnTouchEvent(2, 0, 225, 891)
03-20 21:52:23.143 21160 21510 I AXL : CKeyBoard::OnTouchEvent(3, 0, 225, 891)
03-20 21:52:23.193 21160 21510 I AXL : CKeyBoard::OnTouchEvent(3, 0, 225, 891)
03-20 21:52:23.205 21160 21510 I AXL : CKeyBoard::OnTouchEvent(3, 0, 225, 891)
03-20 21:52:23.216 21160 21510 I AXL : CKeyBoard::OnTouchEvent(3, 0, 225, 891)
03-20 21:52:23.221 21160 21510 I AXL : CKeyBoard::OnTouchEvent(1, 0, 225, 891)
03-20 21:52:23.492 21160 21510 I AXL : CKeyBoard::OnTouchEvent(2, 0, 1906, 872)
03-20 21:52:23.503 21160 21510 I AXL : CKeyBoard::OnTouchEvent(3, 0, 1906, 872)
03-20 21:52:23.523 21160 21510 I AXL : CKeyBoard::OnTouchEvent(3, 0, 1906, 872)
03-20 21:52:23.565 21160 21510 I AXL : CKeyBoard::OnTouchEvent(3, 0, 1906, 872)
03-20 21:52:23.570 21160 21510 I AXL : CKeyBoard::OnTouchEvent(1, 0, 1906, 872)
03-20 21:52:23.585 21160 21160 D Surface : lockCanvas
03-20 21:52:23.783 21160 21538 I AXL : RPC: ScrSetPlayerColor
03-20 21:52:23.810 21160 21510 I AXL : CKeyBoard::OnTouchEvent(2, 0, 138, 868)
03-20 21:52:23.887 21160 21510 I AXL : CKeyBoard::OnTouchEvent(3, 0, 138, 868)
03-20 21:52:23.893 21160 21510 I AXL : CKeyBoard::OnTouchEvent(1, 0, 138, 868)
03-20 21:52:24.063 21160 21538 I AXL : RPC: ServerJoin
03-20 21:52:24.064 21160 21538 I AXL : RPC: ScrSetPlayerName
03-20 21:52:24.064 21160 21538 I AXL : byteSuccess = 1
03-20 21:52:24.064 21160 21538 I AXL : RPC: ScrSetPlayerColor
03-20 21:52:24.269 21160 21515 D AudioTrack: [audioTrackData][fine] 15s(f:15003 m:0
s:0 k:0 z:0) : pid 21160 uid 10036 sessionId 2585 sr 48000 ch 2 fmt 5
03-20 21:52:24.469 21160 21510 I AXL : CKeyBoard::OnTouchEvent(2, 0, 2263, 894)
03-20 21:52:24.488 21160 21538 I AXL : RPC: ScrSetPlayerColor
03-20 21:52:24.499 21160 21510 I AXL : CKeyBoard::OnTouchEvent(3, 0, 2263, 894)
03-20 21:52:24.515 21160 21510 I AXL : CKeyBoard::OnTouchEvent(3, 0, 2263, 894)
03-20 21:52:24.530 21160 21510 I AXL : CKeyBoard::OnTouchEvent(3, 0, 2263, 894)
03-20 21:52:24.546 21160 21510 I AXL : CKeyBoard::OnTouchEvent(3, 0, 2263, 894)
03-20 21:52:24.556 21160 21510 I AXL : CKeyBoard::OnTouchEvent(3, 0, 2263, 894)
03-20 21:52:24.561 21160 21510 I AXL : CKeyBoard::OnTouchEvent(1, 0, 2263, 894)
03-20 21:52:24.578 21160 21160 D Surface : lockCanvas
03-20 21:52:24.613 21160 21556 D AudioTrack: [audioTrackData][fine] 20s(f:20001 m:0
s:0 k:0 z:0) : pid 21160 uid 10036 sessionId 2593 sr 44100 ch 2 fmt 1
03-20 21:52:24.825 21160 21538 I AXL : RPC: ScrSetPlayerColor
03-20 21:52:25.058 21160 21538 I AXL : RPC: ScrSetPlayerColor
03-20 21:52:25.323 21160 21510 I AXL : CKeyBoard::OnTouchEvent(2, 0, 1932, 840)
03-20 21:52:25.334 21160 21510 I AXL : CKeyBoard::OnTouchEvent(3, 0, 1932, 840)
03-20 21:52:25.360 21160 21510 I AXL : CKeyBoard::OnTouchEvent(3, 0, 1932, 840)
03-20 21:52:25.375 21160 21510 I AXL : CKeyBoard::OnTouchEvent(3, 0, 1932, 840)
03-20 21:52:25.391 21160 21510 I AXL : CKeyBoard::OnTouchEvent(3, 0, 1932, 840)
03-20 21:52:25.391 21160 21510 I AXL : CKeyBoard::OnTouchEvent(1, 0, 1932, 840)
03-20 21:52:25.406 21160 21160 D Surface : lockCanvas
03-20 21:52:26.068 21160 21510 I AXL : UNKNOWN KEY
03-20 21:52:26.068 21160 21510 I AXL : CKeyBoard::OnTouchEvent(2, 0, 108, 797)
03-20 21:52:26.099 21160 21510 I AXL : UNKNOWN KEY
03-20 21:52:26.099 21160 21510 I AXL : CKeyBoard::OnTouchEvent(1, 0, 108, 797)
03-20 21:52:26.436 21160 21510 I AXL : CKeyBoard::OnTouchEvent(2, 0, 2290, 879)
03-20 21:52:26.451 21160 21510 I AXL : CKeyBoard::OnTouchEvent(3, 0, 2290, 879)
03-20 21:52:26.482 21160 21510 I AXL : CKeyBoard::OnTouchEvent(3, 0, 2290, 879)
03-20 21:52:26.497 21160 21510 I AXL : CKeyBoard::OnTouchEvent(3, 0, 2290, 879)
03-20 21:52:26.503 21160 21510 I AXL : CKeyBoard::OnTouchEvent(3, 0, 2290, 879)
03-20 21:52:26.508 21160 21510 I AXL : CKeyBoard::OnTouchEvent(1, 0, 2290, 879)
03-20 21:52:26.514 21160 21160 D Surface : lockCanvas
03-20 21:52:26.772 21160 21510 I AXL : CKeyBoard::OnTouchEvent(2, 0, 2255, 878)
03-20 21:52:26.844 21160 21510 I AXL : CKeyBoard::OnTouchEvent(3, 0, 2255, 878)
03-20 21:52:26.844 21160 21510 I AXL : CKeyBoard::OnTouchEvent(1, 0, 2255, 878)
03-20 21:52:26.845 21160 21160 D Surface : lockCanvas
03-20 21:52:26.975 21160 21538 I AXL : RPC: ServerJoin
03-20 21:52:26.976 21160 21538 I AXL : RPC: ScrSetPlayerName
03-20 21:52:26.976 21160 21538 I AXL : byteSuccess = 1
03-20 21:52:26.976 21160 21538 I AXL : RPC: ScrSetPlayerColor
03-20 21:52:27.023 21160 21538 I AXL : RPC: ScrSetPlayerColor
03-20 21:52:27.023 21160 21538 I AXL : RPC: StopObject
03-20 21:52:27.023 21160 21538 I AXL : RPC: ScrSetPlayerColor
03-20 21:52:27.046 21160 21510 I AXL : CKeyBoard::OnTouchEvent(2, 0, 2271, 865)
03-20 21:52:27.051 21160 21510 I AXL : CKeyBoard::OnTouchEvent(1, 0, 2271, 865)
03-20 21:52:27.060 21160 21160 D Surface : lockCanvas
03-20 21:52:27.200 21160 21510 I AXL : CKeyBoard::OnTouchEvent(2, 0, 2271, 865)
03-20 21:52:27.226 21160 21510 I AXL : CKeyBoard::OnTouchEvent(3, 0, 2271, 865)
03-20 21:52:27.262 21160 21510 I AXL : CKeyBoard::OnTouchEvent(3, 0, 2271, 865)
03-20 21:52:27.267 21160 21510 I AXL : CKeyBoard::OnTouchEvent(1, 0, 2271, 865)
03-20 21:52:27.275 21160 21160 D Surface : lockCanvas
03-20 21:52:27.354 21160 21538 I AXL : RPC: ScrSetPlayerColor
03-20 21:52:27.354 21160 21538 I AXL : RPC: ScrSetPlayerColor
03-20 21:52:27.354 21160 21538 I AXL : RPC: StopObject
03-20 21:52:27.680 21160 21510 I AXL : CKeyBoard::OnTouchEvent(2, 0, 1935, 921)
03-20 21:52:27.691 21160 21510 I AXL : CKeyBoard::OnTouchEvent(3, 0, 1935, 921)
03-20 21:52:27.706 21160 21510 I AXL : CKeyBoard::OnTouchEvent(3, 0, 1935, 921)
03-20 21:52:27.727 21160 21510 I AXL : CKeyBoard::OnTouchEvent(3, 0, 1935, 921)
03-20 21:52:27.742 21160 21510 I AXL : CKeyBoard::OnTouchEvent(3, 0, 1935, 921)
03-20 21:52:27.742 21160 21510 I AXL : CKeyBoard::OnTouchEvent(1, 0, 1935, 921)
03-20 21:52:27.756 21160 21160 D Surface : lockCanvas
03-20 21:52:28.099 21160 21510 I AXL : CKeyBoard::OnTouchEvent(2, 0, 1983, 942)
03-20 21:52:28.135 21160 21510 I AXL : CKeyBoard::OnTouchEvent(3, 0, 1983, 942)
03-20 21:52:28.140 21160 21510 I AXL : CKeyBoard::OnTouchEvent(1, 0, 1983, 942)
03-20 21:52:28.152 21160 21160 D Surface : lockCanvas
03-20 21:52:28.210 21160 21538 I AXL : RPC: ScrSetPlayerColor
03-20 21:52:28.210 21160 21538 I AXL : RPC: ScrSetPlayerColor
03-20 21:52:28.330 21160 21538 I AXL : RPC: ServerJoin
03-20 21:52:28.331 21160 21538 I AXL : RPC: ScrSetPlayerName
03-20 21:52:28.331 21160 21538 I AXL : byteSuccess = 1
03-20 21:52:28.331 21160 21538 I AXL : RPC: ScrSetPlayerColor
03-20 21:52:28.632 21160 21510 I AXL : CKeyBoard::OnTouchEvent(2, 0, 2265, 876)
03-20 21:52:28.653 21160 21510 I AXL : CKeyBoard::OnTouchEvent(3, 0, 2265, 876)
03-20 21:52:28.668 21160 21510 I AXL : CKeyBoard::OnTouchEvent(3, 0, 2265, 876)
03-20 21:52:28.720 21160 21510 I AXL : CKeyBoard::OnTouchEvent(3, 0, 2265, 876)
03-20 21:52:28.725 21160 21510 I AXL : CKeyBoard::OnTouchEvent(3, 0, 2265, 876)
03-20 21:52:28.731 21160 21510 I AXL : CKeyBoard::OnTouchEvent(1, 0, 2265, 876)
03-20 21:52:28.748 21160 21160 D Surface : lockCanvas
03-20 21:52:29.014 21160 21510 I AXL : UNKNOWN KEY
03-20 21:52:29.014 21160 21510 I AXL : CKeyBoard::OnTouchEvent(2, 0, 108, 799)
03-20 21:52:29.045 21160 21510 I AXL : UNKNOWN KEY
03-20 21:52:29.045 21160 21510 I AXL : CKeyBoard::OnTouchEvent(1, 0, 108, 799)
03-20 21:52:29.266 21160 21515 D AudioTrack: [audioTrackData][fine] 20s(f:20000 m:0
s:0 k:0 z:0) : pid 21160 uid 10036 sessionId 2585 sr 48000 ch 2 fmt 5
03-20 21:52:29.286 21160 21510 I AXL : UNKNOWN KEY
03-20 21:52:29.286 21160 21510 I AXL : CKeyBoard::OnTouchEvent(2, 0, 103, 812)
03-20 21:52:29.317 21160 21510 I AXL : UNKNOWN KEY
03-20 21:52:29.317 21160 21510 I AXL : CKeyBoard::OnTouchEvent(1, 0, 103, 812)
03-20 21:52:29.320 21160 21538 I AXL : RPC: ScrSetPlayerColor
03-20 21:52:29.621 21160 21556 D AudioTrack: [audioTrackData][fine] 25s(f:25009 m:0
s:0 k:0 z:0) : pid 21160 uid 10036 sessionId 2593 sr 44100 ch 2 fmt 1
03-20 21:52:30.002 21160 21538 I AXL : Объявление: LVN — Проходит кастинг на
должность «Стажер» » [GPS 5 » 13]. Прислал: Vova_Putin. Тел: 9409200
03-20 21:52:30.002 21160 21538 I AXL : Отредактировал сотрудник LV News:
Vova_Putin
03-20 21:52:30.002 21160 21160 I System.out: addChatViewMessage: {00D900} |
 Объявление: LVN —
 Проходит кастинг на должность «Стажер» » 
[GPS 5 » 13]. Прислал: Vova_Putin. Тел: 9409200
