03-20 21:51:00.366 21160 21549 I AXL : NvFOpen: AUDIO/SFX/GENRL.osw
03-20 21:51:00.371 21160 21549 I AXL : NvFOpen: AUDIO/SFX/GENRL.osw
03-20 21:51:00.376 21160 21549 I AXL : NvFOpen: AUDIO/SFX/GENRL.osw
03-20 21:51:00.391 21160 21549 I AXL : NvFOpen: AUDIO/SFX/GENRL.osw
03-20 21:51:00.394 21160 21538 I AXL : NvFOpen: DATA/DEFAULT.DAT
03-20 21:51:00.397 21160 21538 I AXL : NvFOpen: DATA/DEFAULT.IDE
03-20 21:51:00.401 21160 21549 I AXL : NvFOpen: AUDIO/SFX/GENRL.osw
03-20 21:51:00.403 21160 21538 I AXL : NvFOpen: DATA/VEHICLES.IDE
03-20 21:51:00.404 21160 21549 I AXL : NvFOpen: AUDIO/SFX/GENRL.osw
03-20 21:51:00.404 21160 21538 I AXL : AddVehicleModel: 400
03-20 21:51:00.405 21160 21538 I AXL : AddVehicleModel: 401
03-20 21:51:00.405 21160 21538 I AXL : AddVehicleModel: 402
03-20 21:51:00.405 21160 21538 I AXL : AddVehicleModel: 403
03-20 21:51:00.405 21160 21538 I AXL : AddVehicleModel: 404
03-20 21:51:00.406 21160 21538 I AXL : AddVehicleModel: 405
03-20 21:51:00.406 21160 21538 I AXL : AddVehicleModel: 406
03-20 21:51:00.406 21160 21549 I AXL : NvFOpen: AUDIO/SFX/GENRL.osw
03-20 21:51:00.406 21160 21538 I AXL : AddVehicleModel: 407
03-20 21:51:00.406 21160 21538 I AXL : AddVehicleModel: 408
03-20 21:51:00.406 21160 21538 I AXL : AddVehicleModel: 409
03-20 21:51:00.407 21160 21538 I AXL : AddVehicleModel: 410
03-20 21:51:00.407 21160 21538 I AXL : AddVehicleModel: 411
03-20 21:51:00.407 21160 21538 I AXL : AddVehicleModel: 412
03-20 21:51:00.407 21160 21538 I AXL : AddVehicleModel: 413
03-20 21:51:00.407 21160 21538 I AXL : AddVehicleModel: 414
03-20 21:51:00.407 21160 21538 I AXL : AddVehicleModel: 415
03-20 21:51:00.407 21160 21538 I AXL : AddVehicleModel: 416
03-20 21:51:00.408 21160 21538 I AXL : AddVehicleModel: 417
03-20 21:51:00.408 21160 21538 I AXL : AddVehicleModel: 418
03-20 21:51:00.408 21160 21538 I AXL : AddVehicleModel: 419
03-20 21:51:00.408 21160 21549 I AXL : NvFOpen: AUDIO/SFX/GENRL.osw
03-20 21:51:00.408 21160 21538 I AXL : AddVehicleModel: 420
03-20 21:51:00.408 21160 21538 I AXL : AddVehicleModel: 421
03-20 21:51:00.408 21160 21538 I AXL : AddVehicleModel: 422
03-20 21:51:00.409 21160 21538 I AXL : AddVehicleModel: 423
03-20 21:51:00.409 21160 21538 I AXL : AddVehicleModel: 424
03-20 21:51:00.409 21160 21538 I AXL : AddVehicleModel: 425
03-20 21:51:00.409 21160 21538 I AXL : AddVehicleModel: 426
03-20 21:51:00.409 21160 21538 I AXL : AddVehicleModel: 427
03-20 21:51:00.409 21160 21538 I AXL : AddVehicleModel: 428
03-20 21:51:00.409 21160 21538 I AXL : AddVehicleModel: 429
03-20 21:51:00.409 21160 21538 I AXL : AddVehicleModel: 430
03-20 21:51:00.409 21160 21538 I AXL : AddVehicleModel: 431
03-20 21:51:00.410 21160 21538 I AXL : AddVehicleModel: 432
03-20 21:51:00.410 21160 21538 I AXL : AddVehicleModel: 433
03-20 21:51:00.410 21160 21538 I AXL : AddVehicleModel: 434
03-20 21:51:00.410 21160 21538 I AXL : AddVehicleModel: 435
03-20 21:51:00.410 21160 21538 I AXL : AddVehicleModel: 436
03-20 21:51:00.410 21160 21538 I AXL : AddVehicleModel: 437
03-20 21:51:00.410 21160 21538 I AXL : AddVehicleModel: 438
03-20 21:51:00.410 21160 21538 I AXL : AddVehicleModel: 439
03-20 21:51:00.410 21160 21538 I AXL : AddVehicleModel: 440
03-20 21:51:00.410 21160 21538 I AXL : AddVehicleModel: 441
03-20 21:51:00.411 21160 21538 I AXL : AddVehicleModel: 442
03-20 21:51:00.411 21160 21538 I AXL : AddVehicleModel: 443
03-20 21:51:00.411 21160 21538 I AXL : AddVehicleModel: 444
03-20 21:51:00.411 21160 21538 I AXL : AddVehicleModel: 445
03-20 21:51:00.411 21160 21538 I AXL : AddVehicleModel: 446
03-20 21:51:00.411 21160 21538 I AXL : AddVehicleModel: 447
03-20 21:51:00.411 21160 21538 I AXL : AddVehicleModel: 448
03-20 21:51:00.411 21160 21538 I AXL : AddVehicleModel: 449
03-20 21:51:00.411 21160 21538 I AXL : AddVehicleModel: 450
03-20 21:51:00.411 21160 21538 I AXL : AddVehicleModel: 451
03-20 21:51:00.412 21160 21538 I AXL : AddVehicleModel: 452
03-20 21:51:00.412 21160 21538 I AXL : AddVehicleModel: 453
03-20 21:51:00.412 21160 21538 I AXL : AddVehicleModel: 454
03-20 21:51:00.412 21160 21538 I AXL : AddVehicleModel: 455
03-20 21:51:00.412 21160 21538 I AXL : AddVehicleModel: 456
03-20 21:51:00.413 21160 21538 I AXL : AddVehicleModel: 457
03-20 21:51:00.413 21160 21538 I AXL : AddVehicleModel: 458
03-20 21:51:00.413 21160 21538 I AXL : AddVehicleModel: 459
03-20 21:51:00.413 21160 21538 I AXL : AddVehicleModel: 460
03-20 21:51:00.413 21160 21538 I AXL : AddVehicleModel: 461
03-20 21:51:00.413 21160 21538 I AXL : AddVehicleModel: 462
03-20 21:51:00.413 21160 21538 I AXL : AddVehicleModel: 463
03-20 21:51:00.413 21160 21538 I AXL : AddVehicleModel: 464
03-20 21:51:00.414 21160 21538 I AXL : AddVehicleModel: 465
03-20 21:51:00.414 21160 21538 I AXL : AddVehicleModel: 466
03-20 21:51:00.414 21160 21538 I AXL : AddVehicleModel: 467
03-20 21:51:00.414 21160 21538 I AXL : AddVehicleModel: 468
03-20 21:51:00.414 21160 21538 I AXL : AddVehicleModel: 469
03-20 21:51:00.414 21160 21538 I AXL : AddVehicleModel: 470
03-20 21:51:00.414 21160 21538 I AXL : AddVehicleModel: 471
03-20 21:51:00.414 21160 21538 I AXL : AddVehicleModel: 472
03-20 21:51:00.414 21160 21538 I AXL : AddVehicleModel: 473
03-20 21:51:00.415 21160 21538 I AXL : AddVehicleModel: 474
03-20 21:51:00.415 21160 21538 I AXL : AddVehicleModel: 475
03-20 21:51:00.415 21160 21538 I AXL : AddVehicleModel: 476
03-20 21:51:00.415 21160 21538 I AXL : AddVehicleModel: 477
03-20 21:51:00.415 21160 21538 I AXL : AddVehicleModel: 478
03-20 21:51:00.415 21160 21538 I AXL : AddVehicleModel: 479
03-20 21:51:00.415 21160 21538 I AXL : AddVehicleModel: 480
03-20 21:51:00.415 21160 21538 I AXL : AddVehicleModel: 481
03-20 21:51:00.415 21160 21538 I AXL : AddVehicleModel: 482
03-20 21:51:00.415 21160 21538 I AXL : AddVehicleModel: 483
03-20 21:51:00.415 21160 21538 I AXL : AddVehicleModel: 484
03-20 21:51:00.416 21160 21538 I AXL : AddVehicleModel: 485
03-20 21:51:00.416 21160 21538 I AXL : AddVehicleModel: 486
03-20 21:51:00.416 21160 21549 I AXL : NvFOpen: AUDIO/SFX/GENRL.osw
03-20 21:51:00.416 21160 21538 I AXL : AddVehicleModel: 487
03-20 21:51:00.416 21160 21538 I AXL : AddVehicleModel: 488
03-20 21:51:00.416 21160 21538 I AXL : AddVehicleModel: 489
03-20 21:51:00.416 21160 21538 I AXL : AddVehicleModel: 490
03-20 21:51:00.416 21160 21538 I AXL : AddVehicleModel: 491
03-20 21:51:00.416 21160 21538 I AXL : AddVehicleModel: 492
03-20 21:51:00.416 21160 21538 I AXL : AddVehicleModel: 493
03-20 21:51:00.417 21160 21538 I AXL : AddVehicleModel: 494
03-20 21:51:00.417 21160 21538 I AXL : AddVehicleModel: 495
03-20 21:51:00.417 21160 21538 I AXL : AddVehicleModel: 496
03-20 21:51:00.417 21160 21538 I AXL : AddVehicleModel: 497
03-20 21:51:00.417 21160 21538 I AXL : AddVehicleModel: 498
03-20 21:51:00.417 21160 21538 I AXL : AddVehicleModel: 499
03-20 21:51:00.417 21160 21538 I AXL : AddVehicleModel: 500
03-20 21:51:00.417 21160 21538 I AXL : AddVehicleModel: 501
03-20 21:51:00.417 21160 21538 I AXL : AddVehicleModel: 502
03-20 21:51:00.417 21160 21538 I AXL : AddVehicleModel: 503
03-20 21:51:00.418 21160 21538 I AXL : AddVehicleModel: 504
03-20 21:51:00.418 21160 21538 I AXL : AddVehicleModel: 505
03-20 21:51:00.418 21160 21549 I AXL : NvFOpen: AUDIO/SFX/GENRL.osw
03-20 21:51:00.418 21160 21538 I AXL : AddVehicleModel: 506
03-20 21:51:00.418 21160 21538 I AXL : AddVehicleModel: 507
03-20 21:51:00.418 21160 21538 I AXL : AddVehicleModel: 508
03-20 21:51:00.418 21160 21538 I AXL : AddVehicleModel: 509
03-20 21:51:00.418 21160 21538 I AXL : AddVehicleModel: 510
03-20 21:51:00.418 21160 21538 I AXL : AddVehicleModel: 511
03-20 21:51:00.419 21160 21538 I AXL : AddVehicleModel: 512
03-20 21:51:00.419 21160 21538 I AXL : AddVehicleModel: 513
03-20 21:51:00.419 21160 21538 I AXL : AddVehicleModel: 514
03-20 21:51:00.419 21160 21538 I AXL : AddVehicleModel: 515
03-20 21:51:00.419 21160 21538 I AXL : AddVehicleModel: 516
03-20 21:51:00.419 21160 21538 I AXL : AddVehicleModel: 517
03-20 21:51:00.419 21160 21538 I AXL : AddVehicleModel: 518
03-20 21:51:00.419 21160 21538 I AXL : AddVehicleModel: 519
03-20 21:51:00.420 21160 21538 I AXL : AddVehicleModel: 520
03-20 21:51:00.420 21160 21538 I AXL : AddVehicleModel: 521
03-20 21:51:00.420 21160 21538 I AXL : AddVehicleModel: 522
03-20 21:51:00.420 21160 21538 I AXL : AddVehicleModel: 523
03-20 21:51:00.420 21160 21549 I AXL : NvFOpen: AUDIO/SFX/GENRL.osw
03-20 21:51:00.420 21160 21538 I AXL : AddVehicleModel: 524
03-20 21:51:00.420 21160 21538 I AXL : AddVehicleModel: 525
03-20 21:51:00.420 21160 21538 I AXL : AddVehicleModel: 526
03-20 21:51:00.421 21160 21538 I AXL : AddVehicleModel: 527
03-20 21:51:00.421 21160 21538 I AXL : AddVehicleModel: 528
03-20 21:51:00.421 21160 21538 I AXL : AddVehicleModel: 529
03-20 21:51:00.421 21160 21538 I AXL : AddVehicleModel: 530
03-20 21:51:00.421 21160 21538 I AXL : AddVehicleModel: 531
03-20 21:51:00.421 21160 21538 I AXL : AddVehicleModel: 532
03-20 21:51:00.421 21160 21538 I AXL : AddVehicleModel: 533
03-20 21:51:00.422 21160 21538 I AXL : AddVehicleModel: 534
03-20 21:51:00.422 21160 21538 I AXL : AddVehicleModel: 535
03-20 21:51:00.422 21160 21538 I AXL : AddVehicleModel: 536
03-20 21:51:00.422 21160 21538 I AXL : AddVehicleModel: 537
03-20 21:51:00.422 21160 21538 I AXL : AddVehicleModel: 538
03-20 21:51:00.422 21160 21538 I AXL : AddVehicleModel: 539
03-20 21:51:00.422 21160 21538 I AXL : AddVehicleModel: 540
03-20 21:51:00.422 21160 21538 I AXL : AddVehicleModel: 541
03-20 21:51:00.423 21160 21538 I AXL : AddVehicleModel: 542
03-20 21:51:00.423 21160 21538 I AXL : AddVehicleModel: 543
03-20 21:51:00.423 21160 21538 I AXL : AddVehicleModel: 544
03-20 21:51:00.423 21160 21538 I AXL : AddVehicleModel: 545
03-20 21:51:00.423 21160 21538 I AXL : AddVehicleModel: 546
03-20 21:51:00.423 21160 21538 I AXL : AddVehicleModel: 547
03-20 21:51:00.423 21160 21538 I AXL : AddVehicleModel: 548
03-20 21:51:00.423 21160 21538 I AXL : AddVehicleModel: 549
03-20 21:51:00.423 21160 21538 I AXL : AddVehicleModel: 550
03-20 21:51:00.424 21160 21538 I AXL : AddVehicleModel: 551
03-20 21:51:00.424 21160 21538 I AXL : AddVehicleModel: 552
03-20 21:51:00.424 21160 21538 I AXL : AddVehicleModel: 553
03-20 21:51:00.424 21160 21538 I AXL : AddVehicleModel: 554
03-20 21:51:00.424 21160 21538 I AXL : AddVehicleModel: 555
03-20 21:51:00.424 21160 21538 I AXL : AddVehicleModel: 556
03-20 21:51:00.424 21160 21538 I AXL : AddVehicleModel: 557
03-20 21:51:00.424 21160 21538 I AXL : AddVehicleModel: 558
03-20 21:51:00.424 21160 21538 I AXL : AddVehicleModel: 559
03-20 21:51:00.424 21160 21538 I AXL : AddVehicleModel: 560
03-20 21:51:00.425 21160 21538 I AXL : AddVehicleModel: 561
03-20 21:51:00.425 21160 21538 I AXL : AddVehicleModel: 562
03-20 21:51:00.425 21160 21538 I AXL : AddVehicleModel: 563
03-20 21:51:00.425 21160 21538 I AXL : AddVehicleModel: 564
03-20 21:51:00.425 21160 21549 I AXL : NvFOpen: AUDIO/SFX/GENRL.osw
03-20 21:51:00.425 21160 21538 I AXL : AddVehicleModel: 565
03-20 21:51:00.425 21160 21538 I AXL : AddVehicleModel: 566
03-20 21:51:00.425 21160 21538 I AXL : AddVehicleModel: 567
03-20 21:51:00.426 21160 21538 I AXL : AddVehicleModel: 568
03-20 21:51:00.426 21160 21538 I AXL : AddVehicleModel: 569
03-20 21:51:00.426 21160 21538 I AXL : AddVehicleModel: 570
03-20 21:51:00.426 21160 21538 I AXL : AddVehicleModel: 571
03-20 21:51:00.426 21160 21538 I AXL : AddVehicleModel: 572
03-20 21:51:00.426 21160 21538 I AXL : AddVehicleModel: 573
03-20 21:51:00.426 21160 21538 I AXL : AddVehicleModel: 574
03-20 21:51:00.426 21160 21538 I AXL : AddVehicleModel: 575
03-20 21:51:00.426 21160 21538 I AXL : AddVehicleModel: 576
03-20 21:51:00.426 21160 21538 I AXL : AddVehicleModel: 577
03-20 21:51:00.426 21160 21538 I AXL : AddVehicleModel: 578
03-20 21:51:00.426 21160 21538 I AXL : AddVehicleModel: 579
03-20 21:51:00.426 21160 21538 I AXL : AddVehicleModel: 580
03-20 21:51:00.426 21160 21538 I AXL : AddVehicleModel: 581
03-20 21:51:00.426 21160 21538 I AXL : AddVehicleModel: 582
03-20 21:51:00.426 21160 21538 I AXL : AddVehicleModel: 583
03-20 21:51:00.427 21160 21538 I AXL : AddVehicleModel: 584
03-20 21:51:00.427 21160 21538 I AXL : AddVehicleModel: 585
03-20 21:51:00.427 21160 21538 I AXL : AddVehicleModel: 586
03-20 21:51:00.427 21160 21538 I AXL : AddVehicleModel: 587
03-20 21:51:00.427 21160 21538 I AXL : AddVehicleModel: 588
03-20 21:51:00.427 21160 21538 I AXL : AddVehicleModel: 589
03-20 21:51:00.427 21160 21538 I AXL : AddVehicleModel: 590
03-20 21:51:00.427 21160 21538 I AXL : AddVehicleModel: 591
03-20 21:51:00.427 21160 21538 I AXL : AddVehicleModel: 592
03-20 21:51:00.427 21160 21538 I AXL : AddVehicleModel: 593
03-20 21:51:00.427 21160 21538 I AXL : AddVehicleModel: 594
03-20 21:51:00.427 21160 21549 I AXL : NvFOpen: AUDIO/SFX/GENRL.osw
03-20 21:51:00.427 21160 21538 I AXL : AddVehicleModel: 595
03-20 21:51:00.427 21160 21538 I AXL : AddVehicleModel: 596
03-20 21:51:00.427 21160 21538 I AXL : AddVehicleModel: 597
03-20 21:51:00.427 21160 21538 I AXL : AddVehicleModel: 598
03-20 21:51:00.427 21160 21538 I AXL : AddVehicleModel: 599
03-20 21:51:00.427 21160 21538 I AXL : AddVehicleModel: 600
03-20 21:51:00.428 21160 21538 I AXL : AddVehicleModel: 601
03-20 21:51:00.428 21160 21538 I AXL : AddVehicleModel: 602
03-20 21:51:00.428 21160 21538 I AXL : AddVehicleModel: 603
03-20 21:51:00.428 21160 21538 I AXL : AddVehicleModel: 604
03-20 21:51:00.428 21160 21538 I AXL : AddVehicleModel: 605
03-20 21:51:00.428 21160 21538 I AXL : AddVehicleModel: 606
03-20 21:51:00.428 21160 21538 I AXL : AddVehicleModel: 607
03-20 21:51:00.428 21160 21538 I AXL : AddVehicleModel: 608
03-20 21:51:00.428 21160 21538 I AXL : AddVehicleModel: 609
03-20 21:51:00.428 21160 21538 I AXL : AddVehicleModel: 610
03-20 21:51:00.428 21160 21538 I AXL : AddVehicleModel: 611
03-20 21:51:00.429 21160 21549 I AXL : NvFOpen: AUDIO/SFX/GENRL.osw
03-20 21:51:00.429 21160 21538 I AXL : NvFOpen: DATA/PEDS.IDE
03-20 21:51:00.431 21160 21549 I AXL : NvFOpen: AUDIO/SFX/GENRL.osw
03-20 21:51:00.449 21160 21538 I AXL : NvFOpen: MODELS/COLL/WEAPONS.COL
03-20 21:51:00.452 21160 21549 I AXL : NvFOpen: AUDIO/SFX/GENRL.osw
03-20 21:51:00.456 21160 21549 I AXL : NvFOpen: AUDIO/SFX/GENRL.osw
03-20 21:51:00.457 21160 21160 D Surface : lockCanvas
03-20 21:51:00.458 21160 21538 I AXL : NvFOpen: DATA/GTA.DAT
03-20 21:51:00.459 21160 21549 I AXL : NvFOpen: AUDIO/SFX/GENRL.osw
03-20 21:51:00.460 21160 21538 I AXL : NvFOpen: DATA/SCRIPT/SCRIPTV1.IMG
03-20 21:51:00.462 21160 21538 I AXL : NvFOpen: TEXDB/CUTSCENE.IMG
03-20 21:51:00.466 21160 21538 I AXL : NvFOpen: DATA/MAPS/generic/vegepart.IDE
03-20 21:51:00.475 21160 21538 I AXL : NvFOpen: DATA/MAPS/generic/barriers.IDE
03-20 21:51:00.481 21160 21549 I AXL : NvFOpen: AUDIO/SFX/GENRL.osw
03-20 21:51:00.483 21160 21538 I AXL : NvFOpen: DATA/MAPS/generic/dynamic.IDE
03-20 21:51:00.489 21160 21538 I AXL : NvFOpen: DATA/MAPS/generic/dynamic2.IDE
03-20 21:51:00.490 21160 21160 D Surface : lockCanvas
03-20 21:51:00.492 21160 21549 I AXL : NvFOpen: AUDIO/SFX/GENRL.osw
03-20 21:51:00.497 21160 21538 I AXL : NvFOpen: DATA/MAPS/generic/multiobj.IDE
03-20 21:51:00.506 21160 21549 I AXL : NvFOpen: AUDIO/SFX/GENRL.osw
03-20 21:51:00.507 21160 21538 I AXL : NvFOpen: DATA/MAPS/generic/procobj.IDE
03-20 21:51:00.513 21160 21538 I AXL : NvFOpen: DATA/MAPS/LA/LAn.IDE
03-20 21:51:00.517 21160 21549 I AXL : NvFOpen: AUDIO/SFX/GENRL.osw
03-20 21:51:00.524 21160 21538 I AXL : NvFOpen: DATA/MAPS/LA/LAn2.IDE
03-20 21:51:00.526 21160 21549 I AXL : NvFOpen: AUDIO/SFX/GENRL.osw
03-20 21:51:00.528 21160 21160 D Surface : lockCanvas
03-20 21:51:00.535 21160 21549 I AXL : NvFOpen: AUDIO/SFX/GENRL.osw
03-20 21:51:00.535 21160 21538 I AXL : NvFOpen: DATA/MAPS/LA/LAs.IDE
03-20 21:51:00.547 21160 21556 D AudioTrack: [audioTrackData][zero] 1s(f:0 m:0 s:0
k:0 z:1019) : pid 21160 uid 10036 sessionId 2593 sr 44100 ch 2 fmt 1
03-20 21:51:00.549 21160 21538 I AXL : NvFOpen: DATA/MAPS/LA/LAs2.IDE
03-20 21:51:00.557 21160 21160 D Surface : lockCanvas
03-20 21:51:00.561 21160 21538 I AXL : NvFOpen: DATA/MAPS/LA/LAe.IDE
03-20 21:51:00.561 21160 21549 I AXL : NvFOpen: AUDIO/SFX/GENRL.osw
03-20 21:51:00.571 21160 21538 I AXL : NvFOpen: DATA/MAPS/LA/LAe2.IDE
03-20 21:51:00.576 21160 21549 I AXL : NvFOpen: AUDIO/SFX/GENRL.osw
03-20 21:51:00.578 21160 21549 I AXL : NvFOpen: AUDIO/SFX/GENRL.osw
03-20 21:51:00.582 21160 21549 I AXL : NvFOpen: AUDIO/SFX/GENRL.osw
03-20 21:51:00.585 21160 21549 I AXL : NvFOpen: AUDIO/SFX/GENRL.osw
03-20 21:51:00.587 21160 21549 I AXL : NvFOpen: AUDIO/SFX/GENRL.osw
03-20 21:51:00.588 21160 21538 I AXL : NvFOpen: DATA/MAPS/LA/LAw2.IDE
03-20 21:51:00.591 21160 21549 I AXL : NvFOpen: AUDIO/SFX/GENRL.osw
03-20 21:51:00.593 21160 21160 D Surface : lockCanvas
03-20 21:51:00.593 21160 21549 I AXL : NvFOpen: AUDIO/SFX/GENRL.osw
03-20 21:51:00.596 21160 21549 I AXL : NvFOpen: AUDIO/SFX/GENRL.osw
03-20 21:51:00.598 21160 21549 I AXL : NvFOpen: AUDIO/SFX/GENRL.osw
03-20 21:51:00.601 21160 21549 I AXL : NvFOpen: AUDIO/SFX/GENRL.osw
03-20 21:51:00.605 21160 21549 I AXL : NvFOpen: AUDIO/SFX/GENRL.osw
03-20 21:51:00.608 21160 21538 I AXL : NvFOpen: DATA/MAPS/LA/LAw.IDE
03-20 21:51:00.613 21160 21549 I AXL : NvFOpen: AUDIO/SFX/GENRL.osw
03-20 21:51:00.620 21160 21538 I AXL : NvFOpen: DATA/MAPS/LA/LAwn.IDE
03-20 21:51:00.620 21160 21549 I AXL : NvFOpen: AUDIO/SFX/GENRL.osw
03-20 21:51:00.624 21160 21160 D Surface : lockCanvas
03-20 21:51:00.629 21160 21549 I AXL : NvFOpen: AUDIO/SFX/GENRL.osw
03-20 21:51:00.629 21160 21538 I AXL : NvFOpen: DATA/MAPS/LA/LAhills.IDE
03-20 21:51:00.637 21160 21549 I AXL : NvFOpen: AUDIO/SFX/GENRL.osw
03-20 21:51:00.639 21160 21538 I AXL : NvFOpen: DATA/MAPS/LA/LAxref.IDE
03-20 21:51:00.645 21160 21549 I AXL : NvFOpen: AUDIO/SFX/GENRL.osw
03-20 21:51:00.647 21160 21538 I AXL : NvFOpen: DATA/MAPS/SF/SFn.IDE
03-20 21:51:00.651 21160 21549 I AXL : NvFOpen: AUDIO/SFX/GENRL.osw
03-20 21:51:00.657 21160 21538 I AXL : NvFOpen: DATA/MAPS/SF/SFs.IDE
03-20 21:51:00.657 21160 21160 D Surface : lockCanvas
03-20 21:51:00.672 21160 21538 I AXL : NvFOpen: DATA/MAPS/SF/SFse.IDE
03-20 21:51:00.687 21160 21538 I AXL : NvFOpen: DATA/MAPS/SF/SFe.IDE
03-20 21:51:00.690 21160 21160 D Surface : lockCanvas
03-20 21:51:00.698 21160 21538 I AXL : NvFOpen: DATA/MAPS/SF/SFw.IDE
03-20 21:51:00.709 21160 21538 I AXL : NvFOpen: DATA/MAPS/SF/SFxref.IDE
03-20 21:51:00.715 21160 21538 I AXL : NvFOpen: DATA/MAPS/vegas/vegasN.IDE
03-20 21:51:00.723 21160 21160 D Surface : lockCanvas
03-20 21:51:00.730 21160 21538 I AXL : NvFOpen: DATA/MAPS/vegas/vegasS.IDE
03-20 21:51:00.741 21160 21538 I AXL : NvFOpen: DATA/MAPS/vegas/vegasE.IDE
03-20 21:51:00.758 21160 21160 D Surface : lockCanvas
03-20 21:51:00.759 21160 21538 I AXL : NvFOpen: DATA/MAPS/vegas/vegasW.IDE
03-20 21:51:00.773 21160 21538 I AXL : NvFOpen: DATA/MAPS/vegas/vegaxref.IDE
03-20 21:51:00.780 21160 21538 I AXL : NvFOpen: DATA/MAPS/country/countryN.IDE
03-20 21:51:00.790 21160 21160 D Surface : lockCanvas
03-20 21:51:00.791 21160 21538 I AXL : NvFOpen: DATA/MAPS/country/countN2.IDE
03-20 21:51:00.808 21160 21538 I AXL : NvFOpen: DATA/MAPS/country/countryS.IDE
03-20 21:51:00.817 21160 21538 I AXL : NvFOpen: DATA/MAPS/country/countryE.IDE
03-20 21:51:00.823 21160 21160 D Surface : lockCanvas
03-20 21:51:00.837 21160 21538 I AXL : NvFOpen: DATA/MAPS/country/countryW.IDE
03-20 21:51:00.848 21160 21538 I AXL : NvFOpen: DATA/MAPS/country/counxref.IDE
03-20 21:51:00.855 21160 21538 I AXL : NvFOpen: DATA/MAPS/interior/int_LA.IDE
03-20 21:51:00.857 21160 21160 D Surface : lockCanvas
03-20 21:51:00.863 21160 21538 I AXL : NvFOpen: DATA/MAPS/interior/int_SF.IDE
03-20 21:51:00.869 21160 21538 I AXL : NvFOpen: DATA/MAPS/interior/int_veg.IDE
03-20 21:51:00.875 21160 21538 I AXL : NvFOpen: DATA/MAPS/interior/int_cont.IDE
03-20 21:51:00.880 21160 21538 I AXL : NvFOpen: DATA/MAPS/leveldes/levelmap.IDE
03-20 21:51:00.887 21160 21538 I AXL : NvFOpen: DATA/MAPS/leveldes/levelxre.IDE
03-20 21:51:00.890 21160 21160 D Surface : lockCanvas
03-20 21:51:00.898 21160 21538 I AXL : NvFOpen: DATA/MAPS/interior/gen_int1.IDE
03-20 21:51:00.905 21160 21538 I AXL : NvFOpen: DATA/MAPS/interior/gen_int2.IDE
03-20 21:51:00.913 21160 21538 I AXL : NvFOpen: DATA/MAPS/interior/gen_intb.IDE
03-20 21:51:00.920 21160 21538 I AXL : NvFOpen: DATA/MAPS/interior/gen_int3.IDE
03-20 21:51:00.924 21160 21160 D Surface : lockCanvas
03-20 21:51:00.927 21160 21538 I AXL : NvFOpen: DATA/MAPS/interior/gen_int4.IDE
03-20 21:51:00.934 21160 21538 I AXL : NvFOpen: DATA/MAPS/interior/gen_int5.IDE
03-20 21:51:00.942 21160 21538 I AXL : NvFOpen: DATA/MAPS/interior/savehous.IDE
03-20 21:51:00.950 21160 21538 I AXL : NvFOpen: DATA/MAPS/interior/stadint.IDE
03-20 21:51:00.957 21160 21160 D Surface : lockCanvas
03-20 21:51:00.963 21160 21538 I AXL : NvFOpen: DATA/MAPS/leveldes/seabed.IDE
03-20 21:51:00.974 21160 21538 I AXL : NvFOpen: DATA/MAPS/interior/props.IDE
03-20 21:51:00.991 21160 21160 D Surface : lockCanvas
03-20 21:51:00.998 21160 21538 I AXL : NvFOpen: DATA/MAPS/interior/props2.IDE
03-20 21:51:01.016 21160 21538 I AXL : NvFOpen: DATA/MAPS/interior/propext.IDE
03-20 21:51:01.021 21160 21538 I AXL : NvFOpen: DATA/MAPS/veh_mods/veh_mods.IDE
03-20 21:51:01.024 21160 21160 D Surface : lockCanvas
03-20 21:51:01.028 21160 21538 I AXL : NvFOpen: DATA/TXDCUT.IDE
03-20 21:51:01.035 21160 21538 I AXL : NvFOpen: SAMP/samp.IDE
03-20 21:51:01.058 21160 21160 D Surface : lockCanvas
03-20 21:51:01.082 21160 21538 I AXL : NvFOpen: DATA/OBJECT.DAT
03-20 21:51:01.177 21160 21538 I AXL : NvFOpen: DATA/CARCOLS.DAT
03-20 21:51:01.182 21160 21160 D Surface : lockCanvas
03-20 21:51:01.205 21160 21538 I AXL : NvFOpen: DATA/CARMODS.DAT
03-20 21:51:01.213 21160 21160 D Surface : lockCanvas
03-20 21:51:01.293 21160 21160 D Surface : lockCanvas
03-20 21:51:01.321 21160 21538 I AXL : NvFOpen: TEXDB/GTA3.IMG
03-20 21:51:01.336 21160 21160 D Surface : lockCanvas
03-20 21:51:01.540 21160 21556 D AudioTrack: [audioTrackData][zero] 2s(f:0 m:0 s:0
k:0 z:2012) : pid 21160 uid 10036 sessionId 2593 sr 44100 ch 2 fmt 1
03-20 21:51:01.827 21160 21538 I AXL : NvFOpen: TEXDB/GTA_INT.IMG
03-20 21:51:01.900 21160 21538 I AXL : NvFOpen: TEXDB/SAMP.IMG
03-20 21:51:01.916 21160 21538 I AXL : NvFOpen: TEXDB/SAMPCOL.IMG
03-20 21:51:01.920 21160 21538 I AXL : NvFOpen: DATA/SCRIPT/SCRIPTV1.IMG
03-20 21:51:01.922 21160 21538 I AXL : NvFOpen: TEXDB/CUTSCENE.IMG
03-20 21:51:01.981 21160 21160 D Surface : lockCanvas
03-20 21:51:02.143 21160 21538 I AXL : NvFOpen: DATA/MAP.ZON
03-20 21:51:02.147 21160 21160 D Surface : lockCanvas
03-20 21:51:02.148 21160 21538 I AXL : NvFOpen: DATA/INFO.ZON
03-20 21:51:02.166 21160 21538 I AXL : NvFOpen: DATA/MAPS/LA/LAn.IPL
03-20 21:51:02.179 21160 21538 I AXL : NvFOpen: DATA/MAPS/LA/LAn2.IPL
03-20 21:51:02.181 21160 21160 D Surface : lockCanvas
03-20 21:51:02.198 21160 21538 I AXL : NvFOpen: DATA/MAPS/LA/LAs.IPL
03-20 21:51:02.211 21160 21538 I AXL : NvFOpen: DATA/MAPS/LA/LAs2.IPL
03-20 21:51:02.214 21160 21160 D Surface : lockCanvas
03-20 21:51:02.232 21160 21538 I AXL : NvFOpen: DATA/MAPS/LA/LAe.IPL
03-20 21:51:02.246 21160 21538 I AXL : NvFOpen: DATA/MAPS/LA/LAe2.IPL
03-20 21:51:02.247 21160 21160 D Surface : lockCanvas
03-20 21:51:02.263 21160 21538 I AXL : NvFOpen: DATA/MAPS/LA/LAw.IPL
03-20 21:51:02.275 21160 21538 I AXL : NvFOpen: DATA/MAPS/LA/LAwn.IPL
03-20 21:51:02.281 21160 21160 D Surface : lockCanvas
03-20 21:51:02.288 21160 21538 I AXL : NvFOpen: DATA/MAPS/LA/LAw2.IPL
03-20 21:51:02.302 21160 21538 I AXL : NvFOpen: DATA/MAPS/LA/LAhills.IPL
03-20 21:51:02.314 21160 21160 D Surface : lockCanvas
03-20 21:51:02.318 21160 21538 I AXL : NvFOpen: DATA/MAPS/SF/SFn.IPL
03-20 21:51:02.330 21160 21538 I AXL : NvFOpen: DATA/MAPS/SF/SFs.IPL
03-20 21:51:02.347 21160 21160 D Surface : lockCanvas
03-20 21:51:02.348 21160 21538 I AXL : NvFOpen: DATA/MAPS/SF/SFse.IPL
03-20 21:51:02.367 21160 21538 I AXL : NvFOpen: DATA/MAPS/SF/SFe.IPL
03-20 21:51:02.381 21160 21160 D Surface : lockCanvas
03-20 21:51:02.382 21160 21538 I AXL : NvFOpen: DATA/MAPS/SF/SFw.IPL
03-20 21:51:02.399 21160 21538 I AXL : NvFOpen: DATA/MAPS/vegas/vegasN.IPL
03-20 21:51:02.416 21160 21160 D Surface : lockCanvas
03-20 21:51:02.420 21160 21538 I AXL : NvFOpen: DATA/MAPS/vegas/vegasS.IPL
03-20 21:51:02.437 21160 21538 I AXL : NvFOpen: DATA/MAPS/vegas/vegasE.IPL
03-20 21:51:02.448 21160 21160 D Surface : lockCanvas
03-20 21:51:02.468 21160 21538 I AXL : NvFOpen: DATA/MAPS/vegas/vegasW.IPL
03-20 21:51:02.477 21160 21160 W WindowOnBackDispatcher: sendCancelIfRunning:
isInProgress=falsecallback=android.view.ViewRootImpl$
$ExternalSyntheticLambda22@c0c4e26
03-20 21:51:02.479 21160 21160 D View : [Warning] assignParent to null: this =
android.widget.PopupWindow$PopupDecorView{79ca1d1 V.E...... R.....ID 0,0-625,132}
03-20 21:51:02.489 21160 21160 D Surface : lockCanvas
03-20 21:51:02.491 21160 21538 I AXL : NvFOpen: DATA/MAPS/country/countryN.IPL
03-20 21:51:02.506 21160 21538 I AXL : NvFOpen: DATA/MAPS/country/countN2.IPL
03-20 21:51:02.512 21160 21160 W WindowOnBackDispatcher: sendCancelIfRunning:
isInProgress=falsecallback=android.view.ViewRootImpl$
$ExternalSyntheticLambda22@34e0980
03-20 21:51:02.513 21160 21160 D View : [Warning] assignParent to null: this =
android.widget.PopupWindow$PopupDecorView{fa4c436 V.E...... R.....ID 0,0-625,132}
03-20 21:51:02.521 21160 21160 W WindowOnBackDispatcher: sendCancelIfRunning:
isInProgress=falsecallback=android.view.ViewRootImpl$
$ExternalSyntheticLambda22@840da0a
03-20 21:51:02.522 21160 21160 D View : [Warning] assignParent to null: this =
android.widget.PopupWindow$PopupDecorView{4b42f37 V.E...... R.....ID 0,0-625,132}
03-20 21:51:02.526 21160 21538 I AXL : NvFOpen: DATA/MAPS/country/countrys.IPL
03-20 21:51:02.531 21160 21160 D Surface : lockCanvas
03-20 21:51:02.531 21160 21556 D AudioTrack: [audioTrackData][zero] 3s(f:0 m:0 s:0
k:0 z:3003) : pid 21160 uid 10036 sessionId 2593 sr 44100 ch 2 fmt 1
03-20 21:51:02.541 21160 21538 I AXL : NvFOpen: DATA/MAPS/country/countryE.IPL
03-20 21:51:02.559 21160 21160 D Surface : lockCanvas
03-20 21:51:02.566 21160 21538 I AXL : NvFOpen: DATA/MAPS/country/countryW.IPL
03-20 21:51:02.584 21160 21538 I AXL : NvFOpen: DATA/MAPS/interior/int_LA.IPL
03-20 21:51:02.590 21160 21538 I AXL : NvFOpen: DATA/MAPS/interior/int_SF.IPL
03-20 21:51:02.592 21160 21160 D Surface : lockCanvas
03-20 21:51:02.596 21160 21538 I AXL : NvFOpen: DATA/MAPS/interior/int_veg.IPL
03-20 21:51:02.606 21160 21538 I AXL : NvFOpen: DATA/MAPS/interior/int_cont.IPL
03-20 21:51:02.610 21160 21538 I AXL : NvFOpen: DATA/MAPS/interior/gen_int1.IPL
03-20 21:51:02.618 21160 21538 I AXL : NvFOpen: DATA/MAPS/interior/gen_int2.IPL
03-20 21:51:02.623 21160 21538 I AXL : NvFOpen: DATA/MAPS/interior/gen_intb.IPL
03-20 21:51:02.626 21160 21160 D Surface : lockCanvas
03-20 21:51:02.629 21160 21538 I AXL : NvFOpen: DATA/MAPS/interior/gen_int3.IPL
03-20 21:51:02.636 21160 21538 I AXL : NvFOpen: DATA/MAPS/interior/gen_int4.IPL
03-20 21:51:02.643 21160 21538 I AXL : NvFOpen: DATA/MAPS/interior/gen_int5.IPL
03-20 21:51:02.652 21160 21538 I AXL : NvFOpen: DATA/MAPS/interior/stadint.IPL
03-20 21:51:02.658 21160 21538 I AXL : NvFOpen: DATA/MAPS/interior/savehous.IPL
03-20 21:51:02.659 21160 21160 D Surface : lockCanvas
03-20 21:51:02.665 21160 21538 I AXL : NvFOpen: DATA/MAPS/leveldes/levelmap.IPL
03-20 21:51:02.676 21160 21538 I AXL : NvFOpen: DATA/MAPS/leveldes/seabed.IPL
03-20 21:51:02.686 21160 21538 I AXL : NvFOpen: DATA/MAPS/paths.ipl
03-20 21:51:02.692 21160 21160 D Surface : lockCanvas
03-20 21:51:02.699 21160 21538 I AXL : NvFOpen: DATA/MAPS/paths2.ipl
03-20 21:51:02.709 21160 21538 I AXL : NvFOpen: DATA/MAPS/paths3.ipl
03-20 21:51:02.719 21160 21538 I AXL : NvFOpen: DATA/MAPS/paths4.ipl
03-20 21:51:02.726 21160 21160 D Surface : lockCanvas
03-20 21:51:02.730 21160 21538 I AXL : NvFOpen: DATA/MAPS/paths5.ipl
03-20 21:51:02.743 21160 21538 I AXL : NvFOpen: DATA/MAPS/cull.ipl
03-20 21:51:02.759 21160 21160 D Surface : lockCanvas
03-20 21:51:02.790 21160 21538 I AXL : NvFOpen: DATA/MAPS/tunnels.ipl
03-20 21:51:02.793 21160 21160 D Surface : lockCanvas
03-20 21:51:02.793 21160 21538 I AXL : NvFOpen: DATA/MAPS/occluSF.ipl
03-20 21:51:02.802 21160 21538 I AXL : NvFOpen: DATA/MAPS/occluveg.ipl
03-20 21:51:02.809 21160 21538 I AXL : NvFOpen: DATA/MAPS/occluLA.ipl
03-20 21:51:02.817 21160 21538 I AXL : NvFOpen: DATA/MAPS/occluint.ipl
03-20 21:51:02.821 21160 21538 I AXL : NvFOpen: DATA/MAPS/audiozon.ipl
03-20 21:51:02.826 21160 21160 D Surface : lockCanvas
03-20 21:51:02.830 21160 21538 I AXL : NvFOpen: data/paths/tracks.dat
03-20 21:51:02.837 21160 21538 I AXL : NvFOpen: data/paths/tracks3.dat
03-20 21:51:02.844 21160 21538 I AXL : NvFOpen: TEXDB/PLAYER.IMG
03-20 21:51:02.847 21160 21538 I AXL : NvFOpen: DATA/CLOTHES.DAT
03-20 21:51:02.853 21160 21538 I AXL : NvFOpen: DATA/water.dat
03-20 21:51:02.859 21160 21160 D Surface : lockCanvas
03-20 21:51:02.893 21160 21160 D Surface : lockCanvas
03-20 21:51:02.907 21160 21538 I AXL : NvFOpen: ANIM/PED.IFP
03-20 21:51:02.946 21160 21538 I AXL : NvFOpen: DATA/PED.DAT
03-20 21:51:02.948 21160 21160 D Surface : lockCanvas
03-20 21:51:02.975 21160 21538 I AXL : NvFOpen: DATA/WEAPON.DAT
03-20 21:51:02.981 21160 21538 I AXL : NvFOpen: data/paths/roadblox.dat
03-20 21:51:02.981 21160 21160 D Surface : lockCanvas
03-20 21:51:02.986 21160 21538 I AXL : NvFOpen: DATA/PEDGRP.DAT
03-20 21:51:03.015 21160 21160 D Surface : lockCanvas
03-20 21:51:03.022 21160 21538 I AXL : NvFOpen: DATA/CARGRP.DAT
03-20 21:51:03.048 21160 21160 D Surface : lockCanvas
03-20 21:51:03.048 21160 21538 I AXL : NvFOpen: data/script/mainV1.scm
03-20 21:51:03.063 21160 21538 I AXL : NvFOpen: DATA/GRIDREF.DAT
03-20 21:51:03.066 21160 21538 I AXL : NvFOpen: DATA/AR_STATS.DAT
03-20 21:51:03.070 21160 21538 I AXL : NvFOpen: DATA/STATDISP.DAT
03-20 21:51:03.081 21160 21160 D Surface : lockCanvas
03-20 21:51:03.115 21160 21160 D Surface : lockCanvas
03-20 21:51:03.115 21160 21538 I AXL : NvFOpen: data/shopping.dat
03-20 21:51:03.159 21160 21160 D Surface : lockCanvas
03-20 21:51:03.162 21160 21549 I AXL : NvFOpen: AUDIO/SFX/GENRL.osw
03-20 21:51:03.163 21160 21538 I AXL : NvFOpen: data/script/mainV1.scm
03-20 21:51:03.166 21160 21549 I AXL : NvFOpen: AUDIO/SFX/GENRL.osw
03-20 21:51:03.171 21160 21549 I AXL : NvFOpen: AUDIO/SFX/GENRL.osw
03-20 21:51:03.171 21160 21538 I AXL : NvFOpen: data/furnitur.dat
03-20 21:51:03.181 21160 21549 I AXL : NvFOpen: AUDIO/SFX/GENRL.osw
03-20 21:51:03.186 21160 21549 I AXL : NvFOpen: AUDIO/SFX/GENRL.osw
03-20 21:51:03.190 21160 21549 I AXL : NvFOpen: AUDIO/SFX/GENRL.osw
03-20 21:51:03.194 21160 21160 D SurfaceView: UPDATE null, mIsCastMode = false
03-20 21:51:03.199 21160 21549 I AXL : NvFOpen: AUDIO/SFX/GENRL.osw
03-20 21:51:03.199 21160 21160 D BufferQueueConsumer: [](id:52a800000009,api:0,p:-
1,c:21160) connect: controlledByApp=false
03-20 21:51:03.201 21160 21538 I AXL : NvFOpen: data/procobj.dat
03-20 21:51:03.203 21160 21549 I AXL : NvFOpen: AUDIO/SFX/GENRL.osw
03-20 21:51:03.209 21160 21549 I AXL : NvFOpen: AUDIO/SFX/GENRL.osw
03-20 21:51:03.220 21160 21549 I AXL : NvFOpen: AUDIO/SFX/GENRL.osw
03-20 21:51:03.223 21160 21549 I AXL : NvFOpen: AUDIO/SFX/GENRL.osw
03-20 21:51:03.231 21160 21549 I AXL : NvFOpen: AUDIO/SFX/GENRL.osw
03-20 21:51:03.234 21160 21549 I AXL : NvFOpen: AUDIO/SFX/GENRL.osw
03-20 21:51:03.236 21160 21549 I AXL : NvFOpen: AUDIO/SFX/GENRL.osw
03-20 21:51:03.239 21160 21549 I AXL : NvFOpen: AUDIO/SFX/GENRL.osw
03-20 21:51:03.243 21160 21549 I AXL : NvFOpen: AUDIO/SFX/GENRL.osw
03-20 21:51:03.246 21160 21549 I AXL : NvFOpen: AUDIO/SFX/GENRL.osw
03-20 21:51:03.249 21160 21549 I AXL : NvFOpen: AUDIO/SFX/GENRL.osw
03-20 21:51:03.254 21160 21549 I AXL : NvFOpen: AUDIO/SFX/GENRL.osw
03-20 21:51:03.255 21160 21160 D Surface : lockCanvas
03-20 21:51:03.259 21160 21549 I AXL : NvFOpen: AUDIO/SFX/GENRL.osw
03-20 21:51:03.269 21160 21549 I AXL : NvFOpen: AUDIO/SFX/GENRL.osw
03-20 21:51:03.278 21160 21549 I AXL : NvFOpen: AUDIO/SFX/GENRL.osw
03-20 21:51:03.281 21160 21549 I AXL : NvFOpen: AUDIO/SFX/GENRL.osw
03-20 21:51:03.286 21160 21549 I AXL : NvFOpen: AUDIO/SFX/GENRL.osw
03-20 21:51:03.303 21160 21549 I AXL : NvFOpen: AUDIO/SFX/GENRL.osw
03-20 21:51:03.306 21160 21549 I AXL : NvFOpen: AUDIO/SFX/GENRL.osw
03-20 21:51:03.309 21160 21549 I AXL : NvFOpen: AUDIO/SFX/GENRL.osw
03-20 21:51:03.313 21160 21549 I AXL : NvFOpen: AUDIO/SFX/GENRL.osw
03-20 21:51:03.316 21160 21549 I AXL : NvFOpen: AUDIO/SFX/GENRL.osw
03-20 21:51:03.320 21160 21549 I AXL : NvFOpen: AUDIO/SFX/GENRL.osw
03-20 21:51:03.322 21160 21549 I AXL : NvFOpen: AUDIO/SFX/GENRL.osw
03-20 21:51:03.325 21160 21549 I AXL : NvFOpen: AUDIO/SFX/GENRL.osw
03-20 21:51:03.328 21160 21549 I AXL : NvFOpen: AUDIO/SFX/GENRL.osw
03-20 21:51:03.331 21160 21549 I AXL : NvFOpen: AUDIO/SFX/GENRL.osw
03-20 21:51:03.333 21160 21549 I AXL : NvFOpen: AUDIO/SFX/GENRL.osw
03-20 21:51:03.336 21160 21549 I AXL : NvFOpen: AUDIO/SFX/GENRL.osw
03-20 21:51:03.339 21160 21549 I AXL : NvFOpen: AUDIO/SFX/GENRL.osw
03-20 21:51:03.341 21160 21549 I AXL : NvFOpen: AUDIO/SFX/GENRL.osw
03-20 21:51:03.344 21160 21549 I AXL : NvFOpen: AUDIO/SFX/GENRL.osw
03-20 21:51:03.346 21160 21549 I AXL : NvFOpen: AUDIO/SFX/GENRL.osw
03-20 21:51:03.349 21160 21549 I AXL : NvFOpen: AUDIO/SFX/GENRL.osw
03-20 21:51:03.352 21160 21549 I AXL : NvFOpen: AUDIO/SFX/GENRL.osw
03-20 21:51:03.355 21160 21549 I AXL : NvFOpen: AUDIO/SFX/GENRL.osw
03-20 21:51:03.357 21160 21549 I AXL : NvFOpen: AUDIO/SFX/GENRL.osw
03-20 21:51:03.360 21160 21549 I AXL : NvFOpen: AUDIO/SFX/GENRL.osw
03-20 21:51:03.363 21160 21549 I AXL : NvFOpen: AUDIO/SFX/GENRL.osw
03-20 21:51:03.367 21160 21549 I AXL : NvFOpen: AUDIO/SFX/GENRL.osw
03-20 21:51:03.370 21160 21549 I AXL : NvFOpen: AUDIO/SFX/GENRL.osw
03-20 21:51:03.372 21160 21549 I AXL : NvFOpen: AUDIO/SFX/GENRL.osw
03-20 21:51:03.375 21160 21549 I AXL : NvFOpen: AUDIO/SFX/GENRL.osw
03-20 21:51:03.377 21160 21549 I AXL : NvFOpen: AUDIO/SFX/GENRL.osw
03-20 21:51:03.380 21160 21549 I AXL : NvFOpen: AUDIO/SFX/GENRL.osw
03-20 21:51:03.383 21160 21549 I AXL : NvFOpen: AUDIO/SFX/GENRL.osw
03-20 21:51:03.386 21160 21549 I AXL : NvFOpen: AUDIO/SFX/GENRL.osw
03-20 21:51:03.389 21160 21549 I AXL : NvFOpen: AUDIO/SFX/GENRL.osw
03-20 21:51:03.392 21160 21549 I AXL : NvFOpen: AUDIO/SFX/GENRL.osw
03-20 21:51:03.395 21160 21549 I AXL : NvFOpen: AUDIO/SFX/GENRL.osw
03-20 21:51:03.399 21160 21549 I AXL : NvFOpen: AUDIO/SFX/GENRL.osw
03-20 21:51:03.402 21160 21549 I AXL : NvFOpen: AUDIO/SFX/GENRL.osw
03-20 21:51:03.404 21160 21549 I AXL : NvFOpen: AUDIO/SFX/GENRL.osw
03-20 21:51:03.407 21160 21549 I AXL : NvFOpen: AUDIO/SFX/GENRL.osw
03-20 21:51:03.410 21160 21549 I AXL : NvFOpen: AUDIO/SFX/GENRL.osw
03-20 21:51:03.414 21160 21549 I AXL : NvFOpen: AUDIO/SFX/GENRL.osw
03-20 21:51:03.417 21160 21549 I AXL : NvFOpen: AUDIO/SFX/GENRL.osw
03-20 21:51:03.424 21160 21549 I AXL : NvFOpen: AUDIO/SFX/GENRL.osw
03-20 21:51:03.431 21160 21549 I AXL : NvFOpen: AUDIO/SFX/GENRL.osw
03-20 21:51:03.435 21160 21549 I AXL : NvFOpen: AUDIO/SFX/GENRL.osw
03-20 21:51:03.437 21160 21549 I AXL : NvFOpen: AUDIO/SFX/GENRL.osw
03-20 21:51:03.440 21160 21549 I AXL : NvFOpen: AUDIO/SFX/GENRL.osw
03-20 21:51:03.445 21160 21549 I AXL : NvFOpen: AUDIO/SFX/GENRL.osw
03-20 21:51:03.448 21160 21549 I AXL : NvFOpen: AUDIO/SFX/GENRL.osw
03-20 21:51:03.451 21160 21549 I AXL : NvFOpen: AUDIO/SFX/GENRL.osw
03-20 21:51:03.456 21160 21549 I AXL : NvFOpen: AUDIO/SFX/GENRL.osw
03-20 21:51:03.459 21160 21549 I AXL : NvFOpen: AUDIO/SFX/GENRL.osw
03-20 21:51:03.462 21160 21549 I AXL : NvFOpen: AUDIO/SFX/GENRL.osw
03-20 21:51:03.465 21160 21549 I AXL : NvFOpen: AUDIO/SFX/GENRL.osw
03-20 21:51:03.468 21160 21549 I AXL : NvFOpen: AUDIO/SFX/GENRL.osw
03-20 21:51:03.471 21160 21549 I AXL : NvFOpen: AUDIO/SFX/GENRL.osw
03-20 21:51:03.473 21160 21549 I AXL : NvFOpen: AUDIO/SFX/GENRL.osw
03-20 21:51:03.476 21160 21549 I AXL : NvFOpen: AUDIO/SFX/GENRL.osw
03-20 21:51:03.479 21160 21549 I AXL : NvFOpen: AUDIO/SFX/GENRL.osw
03-20 21:51:03.484 21160 21549 I AXL : NvFOpen: AUDIO/SFX/GENRL.osw
03-20 21:51:03.490 21160 21549 I AXL : NvFOpen: AUDIO/SFX/GENRL.osw
03-20 21:51:03.494 21160 21549 I AXL : NvFOpen: AUDIO/SFX/GENRL.osw
03-20 21:51:03.498 21160 21549 I AXL : NvFOpen: AUDIO/SFX/GENRL.osw
03-20 21:51:03.501 21160 21549 I AXL : NvFOpen: AUDIO/SFX/GENRL.osw
03-20 21:51:03.503 21160 21549 I AXL : NvFOpen: AUDIO/SFX/GENRL.osw
03-20 21:51:03.506 21160 21549 I AXL : NvFOpen: AUDIO/SFX/GENRL.osw
03-20 21:51:03.509 21160 21549 I AXL : NvFOpen: AUDIO/SFX/GENRL.osw
03-20 21:51:03.512 21160 21549 I AXL : NvFOpen: AUDIO/SFX/GENRL.osw
03-20 21:51:03.516 21160 21549 I AXL : NvFOpen: AUDIO/SFX/GENRL.osw
03-20 21:51:03.521 21160 21549 I AXL : NvFOpen: AUDIO/SFX/GENRL.osw
03-20 21:51:03.526 21160 21549 I AXL : NvFOpen: AUDIO/SFX/GENRL.osw
03-20 21:51:03.534 21160 21549 I AXL : NvFOpen: AUDIO/SFX/GENRL.osw
03-20 21:51:03.538 21160 21549 I AXL : NvFOpen: AUDIO/SFX/GENRL.osw
03-20 21:51:03.540 21160 21556 D AudioTrack: [audioTrackData][zero] 4s(f:0 m:0 s:0
k:0 z:4012) : pid 21160 uid 10036 sessionId 2593 sr 44100 ch 2 fmt 1
03-20 21:51:03.543 21160 21549 I AXL : NvFOpen: AUDIO/SFX/GENRL.osw
03-20 21:51:03.548 21160 21549 I AXL : NvFOpen: AUDIO/SFX/GENRL.osw
03-20 21:51:03.553 21160 21549 I AXL : NvFOpen: AUDIO/SFX/GENRL.osw
03-20 21:51:03.561 21160 21549 I AXL : NvFOpen: AUDIO/SFX/GENRL.osw
03-20 21:51:03.567 21160 21549 I AXL : NvFOpen: AUDIO/SFX/GENRL.osw
03-20 21:51:03.571 21160 21549 I AXL : NvFOpen: AUDIO/SFX/GENRL.osw
03-20 21:51:03.577 21160 21549 I AXL : NvFOpen: AUDIO/SFX/GENRL.osw
03-20 21:51:03.581 21160 21549 I AXL : NvFOpen: AUDIO/SFX/GENRL.osw
03-20 21:51:03.585 21160 21549 I AXL : NvFOpen: AUDIO/SFX/GENRL.osw
03-20 21:51:03.588 21160 21549 I AXL : NvFOpen: AUDIO/SFX/GENRL.osw
03-20 21:51:03.592 21160 21549 I AXL : NvFOpen: AUDIO/SFX/GENRL.osw
03-20 21:51:03.597 21160 21549 I AXL : NvFOpen: AUDIO/SFX/GENRL.osw
03-20 21:51:03.602 21160 21549 I AXL : NvFOpen: AUDIO/SFX/GENRL.osw
03-20 21:51:03.606 21160 21549 I AXL : NvFOpen: AUDIO/SFX/GENRL.osw
03-20 21:51:03.610 21160 21549 I AXL : NvFOpen: AUDIO/SFX/GENRL.osw
03-20 21:51:03.614 21160 21549 I AXL : NvFOpen: AUDIO/SFX/GENRL.osw
03-20 21:51:03.621 21160 21549 I AXL : NvFOpen: AUDIO/SFX/GENRL.osw
03-20 21:51:03.625 21160 21549 I AXL : NvFOpen: AUDIO/SFX/GENRL.osw
03-20 21:51:03.630 21160 21549 I AXL : NvFOpen: AUDIO/SFX/GENRL.osw
03-20 21:51:03.635 21160 21549 I AXL : NvFOpen: AUDIO/SFX/GENRL.osw
03-20 21:51:03.638 21160 21160 W Looper : PerfMonitor doFrame : time=446ms
vsyncFrame=0 latency=1ms procState=-1
03-20 21:51:03.639 21160 21160 I Choreographer: Skipped 39 frames! The application
may be doing too much work on its main thread.
03-20 21:51:03.640 21160 21160 D SurfaceView: UPDATE
Surface(name=SurfaceView[com.evolve.roleplay/com.evolve.roleplay.core.GTASA])/
@0xfb8a141, mIsProjectionMode = false
03-20 21:51:03.640 21160 21549 I AXL : NvFOpen: AUDIO/SFX/GENRL.osw
03-20 21:51:03.642 21160 21160 D Surface : lockCanvas
03-20 21:51:03.649 21160 21549 I AXL : NvFOpen: AUDIO/SFX/GENRL.osw
03-20 21:51:03.654 21160 21549 I AXL : NvFOpen: AUDIO/SFX/GENRL.osw
03-20 21:51:03.659 21160 21549 I AXL : NvFOpen: AUDIO/SFX/GENRL.osw
03-20 21:51:03.663 21160 21549 I AXL : NvFOpen: AUDIO/SFX/GENRL.osw
03-20 21:51:03.669 21160 21160 W Looper : PerfMonitor doFrame : time=30ms
vsyncFrame=0 latency=436ms procState=-1 historyMsgCount=1 (msgIndex=1 wall=446ms
seq=835 late=1ms h=android.view.Choreographer$FrameHandler
c=android.view.Choreographer$FrameDisplayEventReceiver)
03-20 21:51:03.672 21160 21549 I AXL : NvFOpen: AUDIO/SFX/GENRL.osw
03-20 21:51:03.674 21160 21160 D MediaPlayerNative: getMetadata
03-20 21:51:03.675 21160 21549 I AXL : NvFOpen: AUDIO/SFX/GENRL.osw
03-20 21:51:03.679 21160 21549 I AXL : NvFOpen: AUDIO/SFX/GENRL.osw
03-20 21:51:03.682 21160 21549 I AXL : NvFOpen: AUDIO/SFX/GENRL.osw
03-20 21:51:03.687 21160 21549 I AXL : NvFOpen: AUDIO/SFX/GENRL.osw
03-20 21:51:03.692 21160 21549 I AXL : NvFOpen: AUDIO/SFX/GENRL.osw
03-20 21:51:03.695 21160 21549 I AXL : NvFOpen: AUDIO/SFX/GENRL.osw
03-20 21:51:03.699 21160 21549 I AXL : NvFOpen: AUDIO/SFX/GENRL.osw
03-20 21:51:03.703 21160 21549 I AXL : NvFOpen: AUDIO/SFX/GENRL.osw
03-20 21:51:03.707 21160 21549 I AXL : NvFOpen: AUDIO/SFX/GENRL.osw
03-20 21:51:03.711 21160 21549 I AXL : NvFOpen: AUDIO/SFX/GENRL.osw
03-20 21:51:03.716 21160 21549 I AXL : NvFOpen: AUDIO/SFX/GENRL.osw
03-20 21:51:03.722 21160 21549 I AXL : NvFOpen: AUDIO/SFX/GENRL.osw
03-20 21:51:03.727 21160 21549 I AXL : NvFOpen: AUDIO/SFX/GENRL.osw
03-20 21:51:03.732 21160 21549 I AXL : NvFOpen: AUDIO/SFX/GENRL.osw
03-20 21:51:03.737 21160 21549 I AXL : NvFOpen: AUDIO/SFX/GENRL.osw
03-20 21:51:03.742 21160 21549 I AXL : NvFOpen: AUDIO/SFX/GENRL.osw
03-20 21:51:03.747 21160 21549 I AXL : NvFOpen: AUDIO/SFX/GENRL.osw
03-20 21:51:03.751 21160 21549 I AXL : NvFOpen: AUDIO/SFX/GENRL.osw
03-20 21:51:03.755 21160 21549 I AXL : NvFOpen: AUDIO/SFX/GENRL.osw
03-20 21:51:03.758 21160 21549 I AXL : NvFOpen: AUDIO/SFX/GENRL.osw
03-20 21:51:03.764 21160 21549 I AXL : NvFOpen: AUDIO/SFX/GENRL.osw
03-20 21:51:03.767 21160 21549 I AXL : NvFOpen: AUDIO/SFX/GENRL.osw
03-20 21:51:03.773 21160 21549 I AXL : NvFOpen: AUDIO/SFX/GENRL.osw
03-20 21:51:03.777 21160 21549 I AXL : NvFOpen: AUDIO/SFX/GENRL.osw
03-20 21:51:03.782 21160 21549 I AXL : NvFOpen: AUDIO/SFX/GENRL.osw
03-20 21:51:03.786 21160 21549 I AXL : NvFOpen: AUDIO/SFX/GENRL.osw
03-20 21:51:03.793 21160 21549 I AXL : NvFOpen: AUDIO/SFX/GENRL.osw
03-20 21:51:03.797 21160 21549 I AXL : NvFOpen: AUDIO/SFX/GENRL.osw
03-20 21:51:03.802 21160 21549 I AXL : NvFOpen: AUDIO/SFX/GENRL.osw
03-20 21:51:03.805 21160 21549 I AXL : NvFOpen: AUDIO/SFX/GENRL.osw
03-20 21:51:03.810 21160 21549 I AXL : NvFOpen: AUDIO/SFX/GENRL.osw
03-20 21:51:03.814 21160 21549 I AXL : NvFOpen: AUDIO/SFX/GENRL.osw
03-20 21:51:03.819 21160 21549 I AXL : NvFOpen: AUDIO/SFX/GENRL.osw
03-20 21:51:03.823 21160 21549 I AXL : NvFOpen: AUDIO/SFX/GENRL.osw
03-20 21:51:03.829 21160 21549 I AXL : NvFOpen: AUDIO/SFX/GENRL.osw
03-20 21:51:03.837 21160 21549 I AXL : NvFOpen: AUDIO/SFX/GENRL.osw
03-20 21:51:03.841 21160 21549 I AXL : NvFOpen: AUDIO/SFX/GENRL.osw
03-20 21:51:03.846 21160 21549 I AXL : NvFOpen: AUDIO/SFX/GENRL.osw
03-20 21:51:03.851 21160 21549 I AXL : NvFOpen: AUDIO/SFX/GENRL.osw
03-20 21:51:03.857 21160 21549 I AXL : NvFOpen: AUDIO/SFX/GENRL.osw
03-20 21:51:03.863 21160 21549 I AXL : NvFOpen: AUDIO/SFX/GENRL.osw
03-20 21:51:03.868 21160 21549 I AXL : NvFOpen: AUDIO/SFX/GENRL.osw
03-20 21:51:03.871 21160 21549 I AXL : NvFOpen: AUDIO/SFX/GENRL.osw
03-20 21:51:03.873 21160 21549 I AXL : NvFOpen: AUDIO/SFX/GENRL.osw
03-20 21:51:03.876 21160 21549 I AXL : NvFOpen: AUDIO/SFX/GENRL.osw
03-20 21:51:03.880 21160 21549 I AXL : NvFOpen: AUDIO/SFX/GENRL.osw
03-20 21:51:03.883 21160 21549 I AXL : NvFOpen: AUDIO/SFX/GENRL.osw
03-20 21:51:03.887 21160 21549 I AXL : NvFOpen: AUDIO/SFX/GENRL.osw
03-20 21:51:03.890 21160 21549 I AXL : NvFOpen: AUDIO/SFX/GENRL.osw
03-20 21:51:03.893 21160 21549 I AXL : NvFOpen: AUDIO/SFX/GENRL.osw
03-20 21:51:03.898 21160 21549 I AXL : NvFOpen: AUDIO/SFX/GENRL.osw
03-20 21:51:03.903 21160 21549 I AXL : NvFOpen: AUDIO/SFX/GENRL.osw
03-20 21:51:03.908 21160 21549 I AXL : NvFOpen: AUDIO/SFX/GENRL.osw
03-20 21:51:03.912 21160 21549 I AXL : NvFOpen: AUDIO/SFX/GENRL.osw
03-20 21:51:03.917 21160 21549 I AXL : NvFOpen: AUDIO/SFX/GENRL.osw
03-20 21:51:03.922 21160 21549 I AXL : NvFOpen: AUDIO/SFX/GENRL.osw
03-20 21:51:03.928 21160 21549 I AXL : NvFOpen: AUDIO/SFX/GENRL.osw
03-20 21:51:03.932 21160 21549 I AXL : NvFOpen: AUDIO/SFX/GENRL.osw
03-20 21:51:03.939 21160 21549 I AXL : NvFOpen: AUDIO/SFX/GENRL.osw
03-20 21:51:03.945 21160 21549 I AXL : NvFOpen: AUDIO/SFX/GENRL.osw
03-20 21:51:03.948 21160 21549 I AXL : NvFOpen: AUDIO/SFX/GENRL.osw
03-20 21:51:03.952 21160 21549 I AXL : NvFOpen: AUDIO/SFX/GENRL.osw
03-20 21:51:03.956 21160 21549 I AXL : NvFOpen: AUDIO/SFX/GENRL.osw
03-20 21:51:03.960 21160 21549 I AXL : NvFOpen: AUDIO/SFX/GENRL.osw
03-20 21:51:03.988 21160 21538 I AXL : NvFOpen: data/script/mainV1.scm
03-20 21:51:03.995 21160 21538 I AXL : Instance is not ok, deleting
03-20 21:51:03.995 21160 21538 I AXL : Deleted instance
03-20 21:51:04.006 21160 21538 I AXL : NvFOpen: TEXDB/PLAYER.IMG
03-20 21:51:04.531 21160 21556 D AudioTrack: [audioTrackData][zero] 5s(f:0 m:0 s:0
k:0 z:5003) : pid 21160 uid 10036 sessionId 2593 sr 44100 ch 2 fmt 1
03-20 21:51:04.623 21160 21538 I AXL : CGame: InitInGame
03-20 21:51:04.623 21160 21538 I AXL : Installing patches (ingame)..
03-20 21:51:04.623 21160 21538 I AXL : InGame patches successfully installed!
03-20 21:51:04.624 21160 21538 I AXL : Registering RPC's..
03-20 21:51:04.624 21160 21538 I AXL : Registering ScriptRPC's..
03-20 21:51:04.626 21160 21160 I System.out: addChatViewMessage: {BEBEBE} |
{ffffff}Клиент {EB2E4A}Evolve Role Play{ffffff} запущен
03-20 21:51:04.627 21160 21538 I AXL : {ffffff}Клиент {EB2E4A}Evolve Role
Play{ffffff} запущен
03-20 21:51:04.681 21160 21160 D Surface : lockCanvas
03-20 21:51:04.773 21160 21160 D Surface : lockCanvas
03-20 21:51:04.943 21160 21514 D BLASTBufferQueue:
[SurfaceView[com.evolve.roleplay/com.evolve.roleplay.core.GTASA]#9](f:0,a:1)
acquireNextBufferLocked size=1920x1080 mFrameNumber=1 applyTransaction=true
mTimestamp=20660908573000 mPendingTransactions.size=0
graphicBufferId=90881507983385 transform=0
03-20 21:51:04.943 21160 21512 W MediaPlayerNative: info/warning (3, 0)
03-20 21:51:07.093 21160 21175 D evolve.roleplay: PlayerBase::~PlayerBase()
03-20 21:51:07.650 21160 21538 I AXL : {ffffff}Соединение с сервером
03-20 21:51:07.650 21160 21160 I System.out: addChatViewMessage: {BEBEBE} |
{ffffff}Соединение с сервером
03-20 21:51:07.679 21160 21160 D Surface : lockCanvas
03-20 21:51:07.728 21160 21160 D Surface : lockCanvas
03-20 21:51:08.228 21160 21538 I AXL : Incoming packet: ID_AUTH_KEY
03-20 21:51:08.228 21160 21538 I AXL : [AUTH] 189D526D45067D5 ->
21E25728D2F55FF4B74015F757E1671067BB8079
03-20 21:51:08.266 21160 21538 I AXL : {ffffff}Соединено. Подготовка к игре...
03-20 21:51:08.266 21160 21538 I AXL : Send: 38101 2 0 0 0 0
03-20 21:51:08.266 21160 21160 I System.out: addChatViewMessage: {BEBEBE} |
{ffffff}Соединено. Подготовка к игре...
03-20 21:51:08.315 21160 21160 D Surface : lockCanvas
03-20 21:51:08.354 21160 21160 D Surface : lockCanvas
03-20 21:51:08.391 21160 21538 I AXL : RPC: ScrSetPlayerName
03-20 21:51:08.391 21160 21538 I AXL : byteSuccess = 1
03-20 21:51:08.408 21160 21538 I AXL : CPlayerPed::TogglePlayerControllable
03-20 21:51:08.418 21160 21538 I AXL : RPC: ScrSetPlayerColor
03-20 21:51:08.449 21160 21160 D Surface : lockCanvas
03-20 21:51:08.496 21160 21160 D Surface : lockCanvas
03-20 21:51:08.544 21160 21538 I AXL : RPC_SCRCREATEOBJECT(0) 13646
03-20 21:51:08.544 21160 21538 I AXL : RPC_SCRCREATEOBJECT(1) 10230
03-20 21:51:08.544 21160 21538 I AXL : RPC_SCRCREATEOBJECT(2) 10231
03-20 21:51:08.544 21160 21538 I AXL : RPC_SCRCREATEOBJECT(3) 10140
03-20 21:51:08.544 21160 21538 I AXL : RPC_SCRCREATEOBJECT(4) 19529
03-20 21:51:08.544 21160 21538 I AXL : RPC_SCRCREATEOBJECT(5) 8470
03-20 21:51:08.545 21160 21538 I AXL : RPC_SCRCREATEOBJECT(6) 18849
03-20 21:51:08.545 21160 21538 I AXL : RPC_SCRCREATEOBJECT(7) 18849
03-20 21:51:08.545 21160 21538 I AXL : RPC_SCRCREATEOBJECT(8) 18849
03-20 21:51:08.545 21160 21538 I AXL : RPC_SCRCREATEOBJECT(9) 18849
03-20 21:51:08.545 21160 21538 I AXL : RPC_SCRCREATEOBJECT(10) 18849
03-20 21:51:08.545 21160 21538 I AXL : RPC_SCRCREATEOBJECT(11) 18849
03-20 21:51:08.545 21160 21538 I AXL : RPC_SCRCREATEOBJECT(12) 18849
03-20 21:51:08.545 21160 21538 I AXL : RPC_SCRCREATEOBJECT(13) 18849
03-20 21:51:08.545 21160 21538 I AXL : RPC_SCRCREATEOBJECT(14) 18849
03-20 21:51:08.545 21160 21538 I AXL : RPC_SCRCREATEOBJECT(15) 18849
03-20 21:51:08.545 21160 21538 I AXL : RPC_SCRCREATEOBJECT(16) 18849
03-20 21:51:08.545 21160 21538 I AXL : RPC_SCRCREATEOBJECT(17) 18849
03-20 21:51:08.545 21160 21538 I AXL : RPC_SCRCREATEOBJECT(18) 18849
03-20 21:51:08.545 21160 21538 I AXL : RPC_SCRCREATEOBJECT(19) 18849
03-20 21:51:08.545 21160 21538 I AXL : RPC_SCRCREATEOBJECT(20) 18849
03-20 21:51:08.545 21160 21538 I AXL : RPC_SCRCREATEOBJECT(21) 18849
03-20 21:51:08.545 21160 21538 I AXL : RPC_SCRCREATEOBJECT(22) 18849
03-20 21:51:08.545 21160 21538 I AXL : RPC_SCRCREATEOBJECT(23) 18849
03-20 21:51:08.546 21160 21538 I AXL : RPC_SCRCREATEOBJECT(24) 18849
03-20 21:51:08.546 21160 21538 I AXL : RPC_SCRCREATEOBJECT(25) 18849
03-20 21:51:08.546 21160 21538 I AXL : RPC_SCRCREATEOBJECT(26) 19536
03-20 21:51:08.546 21160 21538 I AXL : RPC_SCRCREATEOBJECT(27) 19536
03-20 21:51:08.546 21160 21538 I AXL : RPC_SCRCREATEOBJECT(28) 19536
03-20 21:51:08.546 21160 21538 I AXL : RPC_SCRCREATEOBJECT(29) 19538
03-20 21:51:08.546 21160 21538 I AXL : RPC_SCRCREATEOBJECT(30) 7244
03-20 21:51:08.546 21160 21538 I AXL : RPC_SCRCREATEOBJECT(31) 18759
03-20 21:51:08.546 21160 21538 I AXL : RPC_SCRCREATEOBJECT(32) 19536
03-20 21:51:08.546 21160 21538 I AXL : RPC_SCRCREATEOBJECT(33) 19536
03-20 21:51:08.546 21160 21538 I AXL : RPC_SCRCREATEOBJECT(34) 19552
03-20 21:51:08.546 21160 21538 I AXL : RPC_SCRCREATEOBJECT(35) 19552
03-20 21:51:08.546 21160 21538 I AXL : RPC_SCRCREATEOBJECT(36) 19552
03-20 21:51:08.546 21160 21538 I AXL : RPC_SCRCREATEOBJECT(37) 19552
03-20 21:51:08.546 21160 21538 I AXL : RPC_SCRCREATEOBJECT(38) 19378
03-20 21:51:08.546 21160 21538 I AXL : RPC_SCRCREATEOBJECT(39) 8661
03-20 21:51:08.546 21160 21538 I AXL : RPC_SCRCREATEOBJECT(40) 19445
03-20 21:51:08.546 21160 21538 I AXL : RPC_SCRCREATEOBJECT(41) 18783
03-20 21:51:08.546 21160 21538 I AXL : RPC_SCRCREATEOBJECT(42) 19538
03-20 21:51:08.546 21160 21538 I AXL : RPC_SCRCREATEOBJECT(43) 19538
03-20 21:51:08.546 21160 21538 I AXL : RPC_SCRCREATEOBJECT(44) 8661
03-20 21:51:08.547 21160 21538 I AXL : RPC_SCRCREATEOBJECT(45) 19531
03-20 21:51:08.547 21160 21538 I AXL : RPC_SCRCREATEOBJECT(46) 19531
