03-20 21:50:40.340 20306 20893 I AXL : Error: Texture (radardisc_r) not found
in database (samp)
03-20 21:50:40.340 20306 20893 I AXL :6 20893 I AXL : Error: Texture
(radardisc_r) not found in database (samp)
03-20 21:50:40.340 20306 20893 I AXL : Initalizing KeyBoard..
03-20 21:50:40.340 20306 20893 I AXL : Size: 2460.000000, 594.000000. Pos:
0.000000, 486.000000
03-20 21:50:40.340 20306 20893 I AXL : font size: 70.000000. Key's height:
118.800003
03-20 21:50:40.340 20306 20893 I AXL : Initalizing KeyBoardHistory..
03-20 21:50:40.340 20306 20893 I AXL : InitENG
03-20 21:50:40.340 20306 20893 I AXL : InitRU
03-20 21:50:40.340 20306 20893 I AXL : InitNUM
03-20 21:50:40.341 20306 20893 I AXL : KeyBoard inited
03-20 21:50:40.341 20306 20893 I AXL : Loading afk_icon..
03-20 21:50:40.341 20306 20893 I AXL : KillList initialize
03-20 21:50:40.357 20306 20904 I AXL : NvFOpen: AUDIO/SFX/GENRL.osw
03-20 21:50:40.370 20306 20904 I AXL : NvFOpen: AUDIO/SFX/GENRL.osw
03-20 21:50:40.377 20306 20904 I AXL : NvFOpen: AUDIO/SFX/GENRL.osw
03-20 21:50:40.381 20306 20904 I AXL : NvFOpen: AUDIO/SFX/GENRL.osw
03-20 21:50:40.390 20306 20904 I AXL : NvFOpen: AUDIO/SFX/GENRL.osw
03-20 21:50:40.399 20306 20904 I AXL : NvFOpen: AUDIO/SFX/GENRL.osw
03-20 21:50:40.404 20306 20904 I AXL : NvFOpen: AUDIO/SFX/GENRL.osw
03-20 21:50:40.412 20306 20904 I AXL : NvFOpen: AUDIO/SFX/GENRL.osw
03-20 21:50:40.417 20306 20904 I AXL : NvFOpen: AUDIO/SFX/GENRL.osw
03-20 21:50:40.420 20306 20904 I AXL : NvFOpen: AUDIO/SFX/GENRL.osw
03-20 21:50:40.423 20306 20904 I AXL : NvFOpen: AUDIO/SFX/GENRL.osw
03-20 21:50:40.425 20306 20904 I AXL : NvFOpen: AUDIO/SFX/GENRL.osw
03-20 21:50:40.432 20306 20904 I AXL : NvFOpen: AUDIO/SFX/GENRL.osw
03-20 21:50:40.435 20306 20904 I AXL : NvFOpen: AUDIO/SFX/GENRL.osw
03-20 21:50:40.439 20306 20904 I AXL : NvFOpen: AUDIO/SFX/GENRL.osw
03-20 21:50:40.446 20306 20904 I AXL : NvFOpen: AUDIO/SFX/GENRL.osw
03-20 21:50:40.449 20306 20904 I AXL : NvFOpen: AUDIO/SFX/GENRL.osw
03-20 21:50:40.453 20306 20904 I AXL : NvFOpen: AUDIO/SFX/GENRL.osw
03-20 21:50:40.455 20306 20904 I AXL : NvFOpen: AUDIO/SFX/GENRL.osw
03-20 21:50:40.456 20306 20904 I AXL : NvFOpen: AUDIO/SFX/GENRL.osw
03-20 21:50:40.459 20306 20904 I AXL : NvFOpen: AUDIO/SFX/GENRL.osw
03-20 21:50:40.463 20306 20904 I AXL : NvFOpen: AUDIO/SFX/GENRL.osw
03-20 21:50:40.467 20306 20904 I AXL : NvFOpen: AUDIO/SFX/GENRL.osw
03-20 21:50:40.473 20306 20904 I AXL : NvFOpen: AUDIO/SFX/GENRL.osw
03-20 21:50:40.483 20306 20904 I AXL : NvFOpen: AUDIO/SFX/GENRL.osw
03-20 21:50:40.488 20306 20904 I AXL : NvFOpen: AUDIO/SFX/GENRL.osw
03-20 21:50:40.493 20306 20904 I AXL : NvFOpen: AUDIO/SFX/GENRL.osw
03-20 21:50:40.496 20306 20904 I AXL : NvFOpen: AUDIO/SFX/GENRL.osw
03-20 21:50:40.498 20306 20904 I AXL : NvFOpen: AUDIO/SFX/GENRL.osw
03-20 21:50:40.500 20306 20904 I AXL : NvFOpen: AUDIO/SFX/GENRL.osw
03-20 21:50:40.525 20306 20904 I AXL : NvFOpen: AUDIO/SFX/GENRL.osw
03-20 21:50:40.551 20306 20904 I AXL : NvFOpen: AUDIO/SFX/FEET.osw
03-20 21:50:40.553 20306 20904 I AXL : NvFOpen: AUDIO/SFX/FEET.osw
03-20 21:50:40.555 20306 20904 I AXL : NvFOpen: AUDIO/SFX/FEET.osw
03-20 21:50:40.557 20306 20904 I AXL : NvFOpen: AUDIO/SFX/FEET.osw
03-20 21:50:40.558 20306 20904 I AXL : NvFOpen: AUDIO/SFX/FEET.osw
03-20 21:50:40.560 20306 20904 I AXL : NvFOpen: AUDIO/SFX/FEET.osw
03-20 21:50:40.562 20306 20904 I AXL : NvFOpen: AUDIO/SFX/FEET.osw
03-20 21:50:40.563 20306 20904 I AXL : NvFOpen: AUDIO/SFX/FEET.osw
03-20 21:50:40.565 20306 20893 I AXL : GUI | CreateDeviceObjects.
03-20 21:50:40.566 20306 20904 I AXL : NvFOpen: AUDIO/SFX/FEET.osw
03-20 21:50:40.569 20306 20904 I AXL : NvFOpen: AUDIO/SFX/GENRL.osw
03-20 21:50:40.571 20306 20904 I AXL : NvFOpen: AUDIO/SFX/GENRL.osw
03-20 21:50:40.575 20306 20904 I AXL : NvFOpen: AUDIO/SFX/GENRL.osw
03-20 21:50:40.577 20306 20892 D BLASTBufferQueue:
[SurfaceView[com.evolve.roleplay/com.evolve.roleplay.core.GTASA]#7](f:0,a:1)
acquireNextBufferLocked size=2460x1080 mFrameNumber=1 applyTransacti Initalizing
KeyBoard..
03-20 21:50:40.340 20306 20893 I AXL : Size: 2460.000000, 594.000000. Pos:
0.000000, 486.000000
03-20 21:50:40.340 20306 20893 I AXL : font size: 70.000000. Key's height:
118.800003
03-20 21:50:40.340 20306 20893 I AXL : Initalizing KeyBoardHistory..
03-20 21:50:40.340 20306 20893 I AXL : InitENG
03-20 21:50:40.340 20306 20893 I AXL : InitRU
03-20 21:50:40.340 20306 20893 I AXL : InitNUM
03-20 21:50:40.341 20306 20893 I AXL : KeyBoard inited
03-20 21:50:40.341 20306 20893 I AXL : Loading afk_icon..
03-20 21:50:40.341 20306 20893 I AXL : KillList initialize
03-20 21:50:40.357 20306 20904 I AXL : NvFOpen: AUDIO/SFX/GENRL.osw
03-20 21:50:40.370 20306 20904 I AXL : NvFOpen: AUDIO/SFX/GENRL.osw
03-20 21:50:40.377 20306 20904 I AXL : NvFOpen: AUDIO/SFX/GENRL.osw
03-20 21:50:40.381 20306 20904 I AXL : NvFOpen: AUDIO/SFX/GENRL.osw
03-20 21:50:40.390 20306 20904 I AXL : NvFOpen: AUDIO/SFX/GENRL.osw
03-20 21:50:40.399 20306 20904 I AXL : NvFOpen: AUDIO/SFX/GENRL.osw
03-20 21:50:40.404 20306 20904 I AXL : NvFOpen: AUDIO/SFX/GENRL.osw
03-20 21:50:40.412 20306 20904 I AXL : NvFOpen: AUDIO/SFX/GENRL.osw
03-20 21:50:40.417 20306 20904 I AXL : NvFOpen: AUDIO/SFX/GENRL.osw
03-20 21:50:40.420 20306 20904 I AXL : NvFOpen: AUDIO/SFX/GENRL.osw
03-20 21:50:40.423 20306 20904 I AXL : NvFOpen: AUDIO/SFX/GENRL.osw
03-20 21:50:40.425 20306 20904 I AXL : NvFOpen: AUDIO/SFX/GENRL.osw
03-20 21:50:40.432 20306 20904 I AXL : NvFOpen: AUDIO/SFX/GENRL.osw
03-20 21:50:40.435 20306 20904 I AXL : NvFOpen: AUDIO/SFX/GENRL.osw
03-20 21:50:40.439 20306 20904 I AXL : NvFOpen: AUDIO/SFX/GENRL.osw
03-20 21:50:40.446 20306 20904 I AXL : NvFOpen: AUDIO/SFX/GENRL.osw
03-20 21:50:40.449 20306 20904 I AXL : NvFOpen: AUDIO/SFX/GENRL.osw
03-20 21:50:40.453 20306 20904 I AXL : NvFOpen: AUDIO/SFX/GENRL.osw
03-20 21:50:40.455 20306 20904 I AXL : NvFOpen: AUDIO/SFX/GENRL.osw
03-20 21:50:40.456 20306 20904 I AXL : NvFOpen: AUDIO/SFX/GENRL.osw
03-20 21:50:40.459 20306 20904 I AXL : NvFOpen: AUDIO/SFX/GENRL.osw
03-20 21:50:40.463 20306 20904 I AXL : NvFOpen: AUDIO/SFX/GENRL.osw
03-20 21:50:40.467 20306 20904 I AXL : NvFOpen: AUDIO/SFX/GENRL.osw
03-20 21:50:40.473 20306 20904 I AXL : NvFOpen: AUDIO/SFX/GENRL.osw
03-20 21:50:40.483 20306 20904 I AXL : NvFOpen: AUDIO/SFX/GENRL.osw
03-20 21:50:40.488 20306 20904 I AXL : NvFOpen: AUDIO/SFX/GENRL.osw
03-20 21:50:40.493 20306 20904 I AXL : NvFOpen: AUDIO/SFX/GENRL.osw
03-20 21:50:40.496 20306 20904 I AXL : NvFOpen: AUDIO/SFX/GENRL.osw
03-20 21:50:40.498 20306 20904 I AXL : NvFOpen: AUDIO/SFX/GENRL.osw
03-20 21:50:40.500 20306 20904 I AXL : NvFOpen: AUDIO/SFX/GENRL.osw
03-20 21:50:40.525 20306 20904 I AXL : NvFOpen: AUDIO/SFX/GENRL.osw
03-20 21:50:40.551 20306 20904 I AXL : NvFOpen: AUDIO/SFX/FEET.osw
03-20 21:50:40.553 20306 20904 I AXL : NvFOpen: AUDIO/SFX/FEET.osw
03-20 21:50:40.555 20306 20904 I AXL : NvFOpen: AUDIO/SFX/FEET.osw
03-20 21:50:40.557 20306 20904 I AXL : NvFOpen: AUDIO/SFX/FEET.osw
03-20 21:50:40.558 20306 20904 I AXL : NvFOpen: AUDIO/SFX/FEET.osw
03-20 21:50:40.560 20306 20904 I AXL : NvFOpen: AUDIO/SFX/FEET.osw
03-20 21:50:40.562 20306 20904 I AXL : NvFOpen: AUDIO/SFX/FEET.osw
03-20 21:50:40.563 20306 20904 I AXL : NvFOpen: AUDIO/SFX/FEET.osw
03-20 21:50:40.565 20306 20893 I AXL : GUI | CreateDeviceObjects.
03-20 21:50:40.566 20306 20904 I AXL : NvFOpen: AUDIO/SFX/FEET.osw
03-20 21:50:40.569 20306 20904 I AXL : NvFOpen: AUDIO/SFX/GENRL.osw
03-20 21:50:40.571 20306 20904 I AXL : NvFOpen: AUDIO/SFX/GENRL.osw
03-20 21:50:40.575 20306 20904 I AXL : NvFOpen: AUDIO/SFX/GENRL.osw
03-20 21:50:40.577 20306 20892 D BLASTBufferQueue:
[SurfaceView[com.evolve.roleplay/com.evolve.roleplay.core.GTASA]#7](f:0,a:1)
acquireNextBufferLocked size=2460x1080 mFrameNumber=1 applyTransaction=true
mTimestamp=20636543058614(auto) mPendingTransactions.size=0
graphicBufferId=87213605912591 transform=7
03-20 21:on=true mTimestamp=20636543058614(auto) mPendingTransactions.size=0
graphicBufferId=87213605912591 transform=7
03-20 21:50:40.578 20306 20904 I AXL : NvFOpen: AUDIO/SFX/GENRL.osw
03-20 21:50:40.580 20306 20904 I AXL : NvFOpen: AUDIO/SFX/GENRL.osw
03-20 21:50:40.583 20306 20904 I AXL : NvFOpen: AUDIO/SFX/GENRL.osw
03-20 21:50:40.585 20306 20904 I AXL : NvFOpen: AUDIO/SFX/GENRL.osw
03-20 21:50:40.588 20306 20904 I AXL : NvFOpen: AUDIO/SFX/GENRL.osw
03-20 21:50:40.590 20306 20904 I AXL : NvFOpen: AUDIO/SFX/GENRL.osw
03-20 21:50:40.595 20306 20904 I AXL : NvFOpen: AUDIO/SFX/GENRL.osw
03-20 21:50:40.598 20306 20904 I AXL : NvFOpen: AUDIO/SFX/GENRL.osw
03-20 21:50:40.603 20306 20904 I AXL : NvFOpen: AUDIO/SFX/GENRL.osw
03-20 21:50:40.603 20306 20893 I AXL : GUI | Font atlas width: 1024, height:
512, depth: 32
03-20 21:50:40.607 20306 20904 I AXL : NvFOpen: AUDIO/SFX/GENRL.osw
03-20 21:50:40.610 20306 20893 I AXL : GUI | Vertex buffer reallocated. Size:
30000
03-20 21:50:40.610 20306 20904 I AXL : NvFOpen: AUDIO/SFX/GENRL.osw
03-20 21:50:40.610 20306 20893 I AXL : NvFOpen: scache_small.txt
03-20 21:50:40.613 20306 20904 I AXL : NvFOpen: AUDIO/SFX/GENRL.osw
03-20 21:50:40.615 20306 20904 I AXL : NvFOpen: AUDIO/SFX/GENRL.osw
03-20 21:50:40.617 20306 20893 I AXL : NvFOpen: gta3.ini
03-20 21:50:40.619 20306 20893 I AXL : NvFOpen: DATA/ANIMGRP.DAT
03-20 21:50:40.621 20306 20904 I AXL : NvFOpen: AUDIO/SFX/GENRL.osw
03-20 21:50:40.623 20306 20893 I AXL : NvFOpen: TEXDB/GTA3.IMG
03-20 21:50:40.625 20306 20893 I AXL : NvFOpen: TEXDB/GTA_INT.IMG
03-20 21:50:40.626 20306 20904 I AXL : NvFOpen: AUDIO/SFX/GENRL.osw
03-20 21:50:40.629 20306 20893 I AXL : NvFOpen: TEXDB/SAMP.IMG
03-20 21:50:40.630 20306 20904 I AXL : NvFOpen: AUDIO/SFX/GENRL.osw
03-20 21:50:40.631 20306 20893 I AXL : NvFOpen: TEXDB/SAMPCOL.IMG
03-20 21:50:40.636 20306 20893 I AXL : NvFOpen: stream.ini
03-20 21:50:40.637 20306 20904 I AXL : NvFOpen: AUDIO/SFX/GENRL.osw
03-20 21:50:40.639 20306 20306 W Looper : PerfMonitor longMsg : seq=245
plan=21:50:38.522 late=436ms wall=1680ms h=android.os.Handler
c=retrofit2.ExecutorCallAdapterFactory$ExecutorCallbackCall$1$1 procState=-1
03-20 21:50:40.639 20306 20893 I AXL : NvFOpen: DATA/melee.dat
03-20 21:50:40.644 20306 20893 I AXL : NvFOpen: models/effects.fxp
03-20 21:50:40.645 20306 20904 I AXL : NvFOpen: AUDIO/SFX/GENRL.osw
03-20 21:50:40.650 20306 20904 I AXL : NvFOpen: AUDIO/SFX/GENRL.osw
03-20 21:50:40.662 20306 20904 I AXL : NvFOpen: AUDIO/SFX/GENRL.osw
03-20 21:50:40.671 20306 20904 I AXL : NvFOpen: AUDIO/SFX/GENRL.osw
03-20 21:50:40.677 20306 20904 I AXL : NvFOpen: AUDIO/SFX/GENRL.osw
03-20 21:50:40.681 20306 20904 I AXL : NvFOpen: AUDIO/SFX/GENRL.osw
03-20 21:50:40.686 20306 20904 I AXL : NvFOpen: AUDIO/SFX/GENRL.osw
03-20 21:50:40.692 20306 20904 I AXL : NvFOpen: AUDIO/SFX/GENRL.osw
03-20 21:50:40.705 20306 20904 I AXL : NvFOpen: AUDIO/SFX/GENRL.osw
03-20 21:50:40.709 20306 20904 I AXL : NvFOpen: AUDIO/SFX/GENRL.osw
03-20 21:50:40.720 20306 20904 I AXL : NvFOpen: AUDIO/SFX/GENRL.osw
03-20 21:50:40.725 20306 20904 I AXL : NvFOpen: AUDIO/SFX/GENRL.osw
03-20 21:50:40.739 20306 20904 I AXL : NvFOpen: AUDIO/SFX/GENRL.osw
03-20 21:50:40.742 20306 20904 I AXL : NvFOpen: AUDIO/SFX/GENRL.osw
03-20 21:50:40.748 20306 20904 I AXL : NvFOpen: AUDIO/SFX/GENRL.osw
03-20 21:50:40.751 20306 20904 I AXL : NvFOpen: AUDIO/SFX/GENRL.osw
03-20 21:50:40.755 20306 20904 I AXL : NvFOpen: AUDIO/SFX/GENRL.osw
03-20 21:50:40.760 20306 20904 I AXL : NvFOpen: AUDIO/SFX/GENRL.osw
03-20 21:50:40.763 20306 20904 I AXL : NvFOpen: AUDIO/SFX/GENRL.osw
03-20 21:50:40.767 20306 20904 I AXL : NvFOpen: AUDIO/SFX/GENRL.osw
03-20 21:50:40.772 20306 20904 I AXL : NvFOpen: AUDIO/SFX/GENRL.osw
03-20 21:50:40.777 20306 20904 I AXL : NvFOpen: AUDIO/SFX/GENRL.osw
03-20 21:50:40.781 20306 20904 I AXL : NvFOpen: AUDIO/SFX/GENRL.osw
03-20 21:50:40.788 20306 20904 I AX50:40.578 20306 20904 I AXL : NvFOpen:
AUDIO/SFX/GENRL.osw
03-20 21:50:40.580 20306 20904 I AXL : NvFOpen: AUDIO/SFX/GENRL.osw
03-20 21:50:40.583 20306 20904 I AXL : NvFOpen: AUDIO/SFX/GENRL.osw
03-20 21:50:40.585 20306 20904 I AXL : NvFOpen: AUDIO/SFX/GENRL.osw
03-20 21:50:40.588 20306 20904 I AXL : NvFOpen: AUDIO/SFX/GENRL.osw
03-20 21:50:40.590 20306 20904 I AXL : NvFOpen: AUDIO/SFX/GENRL.osw
03-20 21:50:40.595 20306 20904 I AXL : NvFOpen: AUDIO/SFX/GENRL.osw
03-20 21:50:40.598 20306 20904 I AXL : NvFOpen: AUDIO/SFX/GENRL.osw
03-20 21:50:40.603 20306 20904 I AXL : NvFOpen: AUDIO/SFX/GENRL.osw
03-20 21:50:40.603 20306 20893 I AXL : GUI | Font atlas width: 1024, height:
512, depth: 32
03-20 21:50:40.607 20306 20904 I AXL : NvFOpen: AUDIO/SFX/GENRL.osw
03-20 21:50:40.610 20306 20893 I AXL : GUI | Vertex buffer reallocated. Size:
30000
03-20 21:50:40.610 20306 20904 I AXL : NvFOpen: AUDIO/SFX/GENRL.osw
03-20 21:50:40.610 20306 20893 I AXL : NvFOpen: scache_small.txt
03-20 21:50:40.613 20306 20904 I AXL : NvFOpen: AUDIO/SFX/GENRL.osw
03-20 21:50:40.615 20306 20904 I AXL : NvFOpen: AUDIO/SFX/GENRL.osw
03-20 21:50:40.617 20306 20893 I AXL : NvFOpen: gta3.ini
03-20 21:50:40.619 20306 20893 I AXL : NvFOpen: DATA/ANIMGRP.DAT
03-20 21:50:40.621 20306 20904 I AXL : NvFOpen: AUDIO/SFX/GENRL.osw
03-20 21:50:40.623 20306 20893 I AXL : NvFOpen: TEXDB/GTA3.IMG
03-20 21:50:40.625 20306 20893 I AXL : NvFOpen: TEXDB/GTA_INT.IMG
03-20 21:50:40.626 20306 20904 I AXL : NvFOpen: AUDIO/SFX/GENRL.osw
03-20 21:50:40.629 20306 20893 I AXL : NvFOpen: TEXDB/SAMP.IMG
03-20 21:50:40.630 20306 20904 I AXL : NvFOpen: AUDIO/SFX/GENRL.osw
03-20 21:50:40.631 20306 20893 I AXL : NvFOpen: TEXDB/SAMPCOL.IMG
03-20 21:50:40.636 20306 20893 I AXL : NvFOpen: stream.ini
03-20 21:50:40.637 20306 20904 I AXL : NvFOpen: AUDIO/SFX/GENRL.osw
03-20 21:50:40.639 20306 20306 W Looper : PerfMonitor longMsg : seq=245
plan=21:50:38.522 late=436ms wall=1680ms h=android.os.Handler
c=retrofit2.ExecutorCallAdapterFactory$ExecutorCallbackCall$1$1 procState=-1
03-20 21:50:40.639 20306 20893 I AXL : NvFOpen: DATA/melee.dat
03-20 21:50:40.644 20306 20893 I AXL : NvFOpen: models/effects.fxp
03-20 21:50:40.645 20306 20904 I AXL : NvFOpen: AUDIO/SFX/GENRL.osw
03-20 21:50:40.650 20306 20904 I AXL : NvFOpen: AUDIO/SFX/GENRL.osw
03-20 21:50:40.662 20306 20904 I AXL : NvFOpen: AUDIO/SFX/GENRL.osw
03-20 21:50:40.671 20306 20904 I AXL : NvFOpen: AUDIO/SFX/GENRL.osw
03-20 21:50:40.677 20306 20904 I AXL : NvFOpen: AUDIO/SFX/GENRL.osw
03-20 21:50:40.681 20306 20904 I AXL : NvFOpen: AUDIO/SFX/GENRL.osw
03-20 21:50:40.686 20306 20904 I AXL : NvFOpen: AUDIO/SFX/GENRL.osw
03-20 21:50:40.692 20306 20904 I AXL : NvFOpen: AUDIO/SFX/GENRL.osw
03-20 21:50:40.705 20306 20904 I AXL : NvFOpen: AUDIO/SFX/GENRL.osw
03-20 21:50:40.709 20306 20904 I AXL : NvFOpen: AUDIO/SFX/GENRL.osw
03-20 21:50:40.720 20306 20904 I AXL : NvFOpen: AUDIO/SFX/GENRL.osw
03-20 21:50:40.725 20306 20904 I AXL : NvFOpen: AUDIO/SFX/GENRL.osw
03-20 21:50:40.739 20306 20904 I AXL : NvFOpen: AUDIO/SFX/GENRL.osw
03-20 21:50:40.742 20306 20904 I AXL : NvFOpen: AUDIO/SFX/GENRL.osw
03-20 21:50:40.748 20306 20904 I AXL : NvFOpen: AUDIO/SFX/GENRL.osw
03-20 21:50:40.751 20306 20904 I AXL : NvFOpen: AUDIO/SFX/GENRL.osw
03-20 21:50:40.755 20306 20904 I AXL : NvFOpen: AUDIO/SFX/GENRL.osw
03-20 21:50:40.760 20306 20904 I AXL : NvFOpen: AUDIO/SFX/GENRL.osw
03-20 21:50:40.763 20306 20904 I AXL : NvFOpen: AUDIO/SFX/GENRL.osw
03-20 21:50:40.767 20306 20904 I AXL : NvFOpen: AUDIO/SFX/GENRL.osw
03-20 21:50:40.772 20306 20904 I AXL : NvFOpen: AUDIO/SFX/GENRL.osw
03-20 21:50:40.777 20306 20904 I AXL : NvFOpen: AUDIO/SFX/GENRL.osw
03-20 21:50:40.781 20306 20904 I AXL : NvFOpen: AUDIO/SFX/GENRL.osw
03-20 21:50:40.788 20306 20904 I AXL : NvFOpen: AUDIO/SFX/GENRL.osw
03-20 21:50:40.795 20306 20904 I AXL : NvFOpen: AUDIO/SFX/GENRL.osw
03-20 21:50L : NvFOpen: AUDIO/SFX/GENRL.osw
03-20 21:50:40.795 20306 20904 I AXL : NvFOpen: AUDIO/SFX/GENRL.osw
03-20 21:50:40.800 20306 20904 I AXL : NvFOpen: AUDIO/SFX/GENRL.osw
03-20 21:50:40.806 20306 20904 I AXL : NvFOpen: AUDIO/SFX/GENRL.osw
03-20 21:50:40.812 20306 20904 I AXL : NvFOpen: AUDIO/SFX/GENRL.osw
03-20 21:50:40.815 20306 20904 I AXL : NvFOpen: AUDIO/SFX/GENRL.osw
03-20 21:50:40.820 20306 20904 I AXL : NvFOpen: AUDIO/SFX/GENRL.osw
03-20 21:50:40.824 20306 20904 I AXL : NvFOpen: AUDIO/SFX/GENRL.osw
03-20 21:50:40.837 20306 20904 I AXL : NvFOpen: AUDIO/SFX/GENRL.osw
03-20 21:50:40.849 20306 20904 I AXL : NvFOpen: AUDIO/SFX/GENRL.osw
03-20 21:50:40.851 20306 20904 I AXL : NvFOpen: AUDIO/SFX/GENRL.osw
03-20 21:50:40.854 20306 20904 I AXL : NvFOpen: AUDIO/SFX/GENRL.osw
03-20 21:50:40.856 20306 20904 I AXL : NvFOpen: AUDIO/SFX/GENRL.osw
03-20 21:50:40.859 20306 20904 I AXL : NvFOpen: AUDIO/SFX/GENRL.osw
03-20 21:50:40.861 20306 20904 I AXL : NvFOpen: AUDIO/SFX/GENRL.osw
03-20 21:50:40.862 20306 20904 I AXL : NvFOpen: AUDIO/SFX/GENRL.osw
03-20 21:50:40.865 20306 20904 I AXL : NvFOpen: AUDIO/SFX/GENRL.osw
03-20 21:50:40.867 20306 20904 I AXL : NvFOpen: AUDIO/SFX/GENRL.osw
03-20 21:50:40.869 20306 20904 I AXL : NvFOpen: AUDIO/SFX/GENRL.osw
03-20 21:50:40.871 20306 20904 I AXL : NvFOpen: AUDIO/SFX/GENRL.osw
03-20 21:50:40.875 20306 20893 I AXL : NvFOpen: DATA/DEFAULT.DAT
03-20 21:50:40.880 20306 20893 I AXL : NvFOpen: DATA/DEFAULT.IDE
03-20 21:50:40.883 20306 20904 I AXL : NvFOpen: AUDIO/SFX/GENRL.osw
03-20 21:50:40.889 20306 20904 I AXL : NvFOpen: AUDIO/SFX/GENRL.osw
03-20 21:50:40.889 20306 20893 I AXL : NvFOpen: DATA/VEHICLES.IDE
03-20 21:50:40.891 20306 20893 I AXL : AddVehicleModel: 400
03-20 21:50:40.891 20306 20904 I AXL : NvFOpen: AUDIO/SFX/GENRL.osw
03-20 21:50:40.891 20306 20893 I AXL : AddVehicleModel: 401
03-20 21:50:40.891 20306 20893 I AXL : AddVehicleModel: 402
03-20 21:50:40.891 20306 20893 I AXL : AddVehicleModel: 403
03-20 21:50:40.892 20306 20893 I AXL : AddVehicleModel: 404
03-20 21:50:40.892 20306 20893 I AXL : AddVehicleModel: 405
03-20 21:50:40.892 20306 20893 I AXL : AddVehicleModel: 406
03-20 21:50:40.892 20306 20893 I AXL : AddVehicleModel: 407
03-20 21:50:40.892 20306 20893 I AXL : AddVehicleModel: 408
03-20 21:50:40.892 20306 20893 I AXL : AddVehicleModel: 409
03-20 21:50:40.892 20306 20893 I AXL : AddVehicleModel: 410
03-20 21:50:40.892 20306 20893 I AXL : AddVehicleModel: 411
03-20 21:50:40.892 20306 20893 I AXL : AddVehicleModel: 412
03-20 21:50:40.892 20306 20893 I AXL : AddVehicleModel: 413
03-20 21:50:40.892 20306 20893 I AXL : AddVehicleModel: 414
03-20 21:50:40.892 20306 20893 I AXL : AddVehicleModel: 415
03-20 21:50:40.893 20306 20893 I AXL : AddVehicleModel: 416
03-20 21:50:40.893 20306 20893 I AXL : AddVehicleModel: 417
03-20 21:50:40.893 20306 20893 I AXL : AddVehicleModel: 418
03-20 21:50:40.893 20306 20893 I AXL : AddVehicleModel: 419
03-20 21:50:40.893 20306 20893 I AXL : AddVehicleModel: 420
03-20 21:50:40.893 20306 20893 I AXL : AddVehicleModel: 421
03-20 21:50:40.893 20306 20893 I AXL : AddVehicleModel: 422
03-20 21:50:40.893 20306 20893 I AXL : AddVehicleModel: 423
03-20 21:50:40.893 20306 20893 I AXL : AddVehicleModel: 424
03-20 21:50:40.893 20306 20893 I AXL : AddVehicleModel: 425
03-20 21:50:40.893 20306 20893 I AXL : AddVehicleModel: 426
03-20 21:50:40.893 20306 20893 I AXL : AddVehicleModel: 427
03-20 21:50:40.893 20306 20893 I AXL : AddVehicleModel: 428
03-20 21:50:40.893 20306 20893 I AXL : AddVehicleModel: 429
03-20 21:50:40.893 20306 20893 I AXL : AddVehicleModel: 430
03-20 21:50:40.894 20306 20893 I AXL : AddVehicleModel: 431
03-20 21:50:40.894 20306 20893 I AXL : AddVehicleModel: 432
03-20 21:50:40.894 20306 20893 I AXL : AddVehicleModel: 433
03-20 21:50:40.894 20306 20893 I AXL : AddVehicleModel: 434
03-20 21:50:40.894 20306 20:40.800 20306 20904 I AXL : NvFOpen:
AUDIO/SFX/GENRL.osw
03-20 21:50:40.806 20306 20904 I AXL : NvFOpen: AUDIO/SFX/GENRL.osw
03-20 21:50:40.812 20306 20904 I AXL : NvFOpen: AUDIO/SFX/GENRL.osw
03-20 21:50:40.815 20306 20904 I AXL : NvFOpen: AUDIO/SFX/GENRL.osw
03-20 21:50:40.820 20306 20904 I AXL : NvFOpen: AUDIO/SFX/GENRL.osw
03-20 21:50:40.824 20306 20904 I AXL : NvFOpen: AUDIO/SFX/GENRL.osw
03-20 21:50:40.837 20306 20904 I AXL : NvFOpen: AUDIO/SFX/GENRL.osw
03-20 21:50:40.849 20306 20904 I AXL : NvFOpen: AUDIO/SFX/GENRL.osw
03-20 21:50:40.851 20306 20904 I AXL : NvFOpen: AUDIO/SFX/GENRL.osw
03-20 21:50:40.854 20306 20904 I AXL : NvFOpen: AUDIO/SFX/GENRL.osw
03-20 21:50:40.856 20306 20904 I AXL : NvFOpen: AUDIO/SFX/GENRL.osw
03-20 21:50:40.859 20306 20904 I AXL : NvFOpen: AUDIO/SFX/GENRL.osw
03-20 21:50:40.861 20306 20904 I AXL : NvFOpen: AUDIO/SFX/GENRL.osw
03-20 21:50:40.862 20306 20904 I AXL : NvFOpen: AUDIO/SFX/GENRL.osw
03-20 21:50:40.865 20306 20904 I AXL : NvFOpen: AUDIO/SFX/GENRL.osw
03-20 21:50:40.867 20306 20904 I AXL : NvFOpen: AUDIO/SFX/GENRL.osw
03-20 21:50:40.869 20306 20904 I AXL : NvFOpen: AUDIO/SFX/GENRL.osw
03-20 21:50:40.871 20306 20904 I AXL : NvFOpen: AUDIO/SFX/GENRL.osw
03-20 21:50:40.875 20306 20893 I AXL : NvFOpen: DATA/DEFAULT.DAT
03-20 21:50:40.880 20306 20893 I AXL : NvFOpen: DATA/DEFAULT.IDE
03-20 21:50:40.883 20306 20904 I AXL : NvFOpen: AUDIO/SFX/GENRL.osw
03-20 21:50:40.889 20306 20904 I AXL : NvFOpen: AUDIO/SFX/GENRL.osw
03-20 21:50:40.889 20306 20893 I AXL : NvFOpen: DATA/VEHICLES.IDE
03-20 21:50:40.891 20306 20893 I AXL : AddVehicleModel: 400
03-20 21:50:40.891 20306 20904 I AXL : NvFOpen: AUDIO/SFX/GENRL.osw
03-20 21:50:40.891 20306 20893 I AXL : AddVehicleModel: 401
03-20 21:50:40.891 20306 20893 I AXL : AddVehicleModel: 402
03-20 21:50:40.891 20306 20893 I AXL : AddVehicleModel: 403
03-20 21:50:40.892 20306 20893 I AXL : AddVehicleModel: 404
03-20 21:50:40.892 20306 20893 I AXL : AddVehicleModel: 405
03-20 21:50:40.892 20306 20893 I AXL : AddVehicleModel: 406
03-20 21:50:40.892 20306 20893 I AXL : AddVehicleModel: 407
03-20 21:50:40.892 20306 20893 I AXL : AddVehicleModel: 408
03-20 21:50:40.892 20306 20893 I AXL : AddVehicleModel: 409
03-20 21:50:40.892 20306 20893 I AXL : AddVehicleModel: 410
03-20 21:50:40.892 20306 20893 I AXL : AddVehicleModel: 411
03-20 21:50:40.892 20306 20893 I AXL : AddVehicleModel: 412
03-20 21:50:40.892 20306 20893 I AXL : AddVehicleModel: 413
03-20 21:50:40.892 20306 20893 I AXL : AddVehicleModel: 414
03-20 21:50:40.892 20306 20893 I AXL : AddVehicleModel: 415
03-20 21:50:40.893 20306 20893 I AXL : AddVehicleModel: 416
03-20 21:50:40.893 20306 20893 I AXL : AddVehicleModel: 417
03-20 21:50:40.893 20306 20893 I AXL : AddVehicleModel: 418
03-20 21:50:40.893 20306 20893 I AXL : AddVehicleModel: 419
03-20 21:50:40.893 20306 20893 I AXL : AddVehicleModel: 420
03-20 21:50:40.893 20306 20893 I AXL : AddVehicleModel: 421
03-20 21:50:40.893 20306 20893 I AXL : AddVehicleModel: 422
03-20 21:50:40.893 20306 20893 I AXL : AddVehicleModel: 423
03-20 21:50:40.893 20306 20893 I AXL : AddVehicleModel: 424
03-20 21:50:40.893 20306 20893 I AXL : AddVehicleModel: 425
03-20 21:50:40.893 20306 20893 I AXL : AddVehicleModel: 426
03-20 21:50:40.893 20306 20893 I AXL : AddVehicleModel: 427
03-20 21:50:40.893 20306 20893 I AXL : AddVehicleModel: 428
03-20 21:50:40.893 20306 20893 I AXL : AddVehicleModel: 429
03-20 21:50:40.893 20306 20893 I AXL : AddVehicleModel: 430
03-20 21:50:40.894 20306 20893 I AXL : AddVehicleModel: 431
03-20 21:50:40.894 20306 20893 I AXL : AddVehicleModel: 432
03-20 21:50:40.894 20306 20893 I AXL : AddVehicleModel: 433
03-20 21:50:40.894 20306 20893 I AXL : AddVehicleModel: 434
03-20 21:50:40.894 20306 20893 I AXL : AddVehicleModel: 435
03-20 21:50:40.894 20306 20893 I AXL : AddVehicleModel: 436
03-20 21:50:40.894 893 I AXL : AddVehicleModel: 435
03-20 21:50:40.894 20306 20893 I AXL : AddVehicleModel: 436
03-20 21:50:40.894 20306 20893 I AXL : AddVehicleModel: 437
03-20 21:50:40.894 20306 20893 I AXL : AddVehicleModel: 438
03-20 21:50:40.894 20306 20893 I AXL : AddVehicleModel: 439
03-20 21:50:40.894 20306 20893 I AXL : AddVehicleModel: 440
03-20 21:50:40.894 20306 20893 I AXL : AddVehicleModel: 441
03-20 21:50:40.895 20306 20893 I AXL : AddVehicleModel: 442
03-20 21:50:40.895 20306 20893 I AXL : AddVehicleModel: 443
03-20 21:50:40.895 20306 20893 I AXL : AddVehicleModel: 444
03-20 21:50:40.895 20306 20893 I AXL : AddVehicleModel: 445
03-20 21:50:40.895 20306 20893 I AXL : AddVehicleModel: 446
03-20 21:50:40.895 20306 20893 I AXL : AddVehicleModel: 447
03-20 21:50:40.895 20306 20893 I AXL : AddVehicleModel: 448
03-20 21:50:40.895 20306 20893 I AXL : AddVehicleModel: 449
03-20 21:50:40.895 20306 20893 I AXL : AddVehicleModel: 450
03-20 21:50:40.895 20306 20893 I AXL : AddVehicleModel: 451
03-20 21:50:40.895 20306 20893 I AXL : AddVehicleModel: 452
03-20 21:50:40.895 20306 20893 I AXL : AddVehicleModel: 453
03-20 21:50:40.896 20306 20893 I AXL : AddVehicleModel: 454
03-20 21:50:40.896 20306 20893 I AXL : AddVehicleModel: 455
03-20 21:50:40.896 20306 20893 I AXL : AddVehicleModel: 456
03-20 21:50:40.896 20306 20893 I AXL : AddVehicleModel: 457
03-20 21:50:40.896 20306 20893 I AXL : AddVehicleModel: 458
03-20 21:50:40.896 20306 20893 I AXL : AddVehicleModel: 459
03-20 21:50:40.897 20306 20893 I AXL : AddVehicleModel: 460
03-20 21:50:40.898 20306 20893 I AXL : AddVehicleModel: 461
03-20 21:50:40.898 20306 20893 I AXL : AddVehicleModel: 462
03-20 21:50:40.898 20306 20893 I AXL : AddVehicleModel: 463
03-20 21:50:40.898 20306 20893 I AXL : AddVehicleModel: 464
03-20 21:50:40.899 20306 20893 I AXL : AddVehicleModel: 465
03-20 21:50:40.899 20306 20893 I AXL : AddVehicleModel: 466
03-20 21:50:40.899 20306 20893 I AXL : AddVehicleModel: 467
03-20 21:50:40.899 20306 20893 I AXL : AddVehicleModel: 468
03-20 21:50:40.900 20306 20893 I AXL : AddVehicleModel: 469
03-20 21:50:40.900 20306 20893 I AXL : AddVehicleModel: 470
03-20 21:50:40.900 20306 20893 I AXL : AddVehicleModel: 471
03-20 21:50:40.900 20306 20893 I AXL : AddVehicleModel: 472
03-20 21:50:40.900 20306 20893 I AXL : AddVehicleModel: 473
03-20 21:50:40.901 20306 20893 I AXL : AddVehicleModel: 474
03-20 21:50:40.901 20306 20893 I AXL : AddVehicleModel: 475
03-20 21:50:40.901 20306 20893 I AXL : AddVehicleModel: 476
03-20 21:50:40.901 20306 20893 I AXL : AddVehicleModel: 477
03-20 21:50:40.902 20306 20893 I AXL : AddVehicleModel: 478
03-20 21:50:40.902 20306 20893 I AXL : AddVehicleModel: 479
03-20 21:50:40.902 20306 20893 I AXL : AddVehicleModel: 480
03-20 21:50:40.902 20306 20893 I AXL : AddVehicleModel: 481
03-20 21:50:40.902 20306 20893 I AXL : AddVehicleModel: 482
03-20 21:50:40.902 20306 20893 I AXL : AddVehicleModel: 483
03-20 21:50:40.902 20306 20893 I AXL : AddVehicleModel: 484
03-20 21:50:40.903 20306 20893 I AXL : AddVehicleModel: 485
03-20 21:50:40.903 20306 20893 I AXL : AddVehicleModel: 486
03-20 21:50:40.903 20306 20893 I AXL : AddVehicleModel: 487
03-20 21:50:40.903 20306 20893 I AXL : AddVehicleModel: 488
03-20 21:50:40.903 20306 20893 I AXL : AddVehicleModel: 489
03-20 21:50:40.904 20306 20893 I AXL : AddVehicleModel: 490
03-20 21:50:40.904 20306 20893 I AXL : AddVehicleModel: 491
03-20 21:50:40.904 20306 20893 I AXL : AddVehicleModel: 492
03-20 21:50:40.904 20306 20893 I AXL : AddVehicleModel: 493
03-20 21:50:40.905 20306 20893 I AXL : AddVehicleModel: 494
03-20 21:50:40.905 20306 20893 I AXL : AddVehicleModel: 495
03-20 21:50:40.905 20306 20893 I AXL : AddVehicleModel: 496
03-20 21:50:40.905 20306 20893 I AXL : AddVehicleModel: 497
03-20 21:50:40.905 20306 20893 I AXL : AddVehicleModel: 498
03-20 21:50:40.905 20306 2020306 20893 I AXL : AddVehicleModel: 437
03-20 21:50:40.894 20306 20893 I AXL : AddVehicleModel: 438
03-20 21:50:40.894 20306 20893 I AXL : AddVehicleModel: 439
03-20 21:50:40.894 20306 20893 I AXL : AddVehicleModel: 440
03-20 21:50:40.894 20306 20893 I AXL : AddVehicleModel: 441
03-20 21:50:40.895 20306 20893 I AXL : AddVehicleModel: 442
03-20 21:50:40.895 20306 20893 I AXL : AddVehicleModel: 443
03-20 21:50:40.895 20306 20893 I AXL : AddVehicleModel: 444
03-20 21:50:40.895 20306 20893 I AXL : AddVehicleModel: 445
03-20 21:50:40.895 20306 20893 I AXL : AddVehicleModel: 446
03-20 21:50:40.895 20306 20893 I AXL : AddVehicleModel: 447
03-20 21:50:40.895 20306 20893 I AXL : AddVehicleModel: 448
03-20 21:50:40.895 20306 20893 I AXL : AddVehicleModel: 449
03-20 21:50:40.895 20306 20893 I AXL : AddVehicleModel: 450
03-20 21:50:40.895 20306 20893 I AXL : AddVehicleModel: 451
03-20 21:50:40.895 20306 20893 I AXL : AddVehicleModel: 452
03-20 21:50:40.895 20306 20893 I AXL : AddVehicleModel: 453
03-20 21:50:40.896 20306 20893 I AXL : AddVehicleModel: 454
03-20 21:50:40.896 20306 20893 I AXL : AddVehicleModel: 455
03-20 21:50:40.896 20306 20893 I AXL : AddVehicleModel: 456
03-20 21:50:40.896 20306 20893 I AXL : AddVehicleModel: 457
03-20 21:50:40.896 20306 20893 I AXL : AddVehicleModel: 458
03-20 21:50:40.896 20306 20893 I AXL : AddVehicleModel: 459
03-20 21:50:40.897 20306 20893 I AXL : AddVehicleModel: 460
03-20 21:50:40.898 20306 20893 I AXL : AddVehicleModel: 461
03-20 21:50:40.898 20306 20893 I AXL : AddVehicleModel: 462
03-20 21:50:40.898 20306 20893 I AXL : AddVehicleModel: 463
03-20 21:50:40.898 20306 20893 I AXL : AddVehicleModel: 464
03-20 21:50:40.899 20306 20893 I AXL : AddVehicleModel: 465
03-20 21:50:40.899 20306 20893 I AXL : AddVehicleModel: 466
03-20 21:50:40.899 20306 20893 I AXL : AddVehicleModel: 467
03-20 21:50:40.899 20306 20893 I AXL : AddVehicleModel: 468
03-20 21:50:40.900 20306 20893 I AXL : AddVehicleModel: 469
03-20 21:50:40.900 20306 20893 I AXL : AddVehicleModel: 470
03-20 21:50:40.900 20306 20893 I AXL : AddVehicleModel: 471
03-20 21:50:40.900 20306 20893 I AXL : AddVehicleModel: 472
03-20 21:50:40.900 20306 20893 I AXL : AddVehicleModel: 473
03-20 21:50:40.901 20306 20893 I AXL : AddVehicleModel: 474
03-20 21:50:40.901 20306 20893 I AXL : AddVehicleModel: 475
03-20 21:50:40.901 20306 20893 I AXL : AddVehicleModel: 476
03-20 21:50:40.901 20306 20893 I AXL : AddVehicleModel: 477
03-20 21:50:40.902 20306 20893 I AXL : AddVehicleModel: 478
03-20 21:50:40.902 20306 20893 I AXL : AddVehicleModel: 479
03-20 21:50:40.902 20306 20893 I AXL : AddVehicleModel: 480
03-20 21:50:40.902 20306 20893 I AXL : AddVehicleModel: 481
03-20 21:50:40.902 20306 20893 I AXL : AddVehicleModel: 482
03-20 21:50:40.902 20306 20893 I AXL : AddVehicleModel: 483
03-20 21:50:40.902 20306 20893 I AXL : AddVehicleModel: 484
03-20 21:50:40.903 20306 20893 I AXL : AddVehicleModel: 485
03-20 21:50:40.903 20306 20893 I AXL : AddVehicleModel: 486
03-20 21:50:40.903 20306 20893 I AXL : AddVehicleModel: 487
03-20 21:50:40.903 20306 20893 I AXL : AddVehicleModel: 488
03-20 21:50:40.903 20306 20893 I AXL : AddVehicleModel: 489
03-20 21:50:40.904 20306 20893 I AXL : AddVehicleModel: 490
03-20 21:50:40.904 20306 20893 I AXL : AddVehicleModel: 491
03-20 21:50:40.904 20306 20893 I AXL : AddVehicleModel: 492
03-20 21:50:40.904 20306 20893 I AXL : AddVehicleModel: 493
03-20 21:50:40.905 20306 20893 I AXL : AddVehicleModel: 494
03-20 21:50:40.905 20306 20893 I AXL : AddVehicleModel: 495
03-20 21:50:40.905 20306 20893 I AXL : AddVehicleModel: 496
03-20 21:50:40.905 20306 20893 I AXL : AddVehicleModel: 497
03-20 21:50:40.905 20306 20893 I AXL : AddVehicleModel: 498
03-20 21:50:40.905 20306 20893 I AXL : AddVehicleModel: 499
03-20 21:50:40.906 20306 20893 I AXL : AddVehicleModel: 500
03-20 21:50:40.906 893 I AXL : AddVehicleModel: 499
03-20 21:50:40.906 20306 20893 I AXL : AddVehicleModel: 500
03-20 21:50:40.906 20306 20893 I AXL : AddVehicleModel: 501
03-20 21:50:40.906 20306 20893 I AXL : AddVehicleModel: 502
03-20 21:50:40.906 20306 20893 I AXL : AddVehicleModel: 503
03-20 21:50:40.906 20306 20893 I AXL : AddVehicleModel: 504
03-20 21:50:40.906 20306 20893 I AXL : AddVehicleModel: 505
03-20 21:50:40.906 20306 20893 I AXL : AddVehicleModel: 506
03-20 21:50:40.906 20306 20893 I AXL : AddVehicleModel: 507
03-20 21:50:40.906 20306 20893 I AXL : AddVehicleModel: 508
03-20 21:50:40.906 20306 20893 I AXL : AddVehicleModel: 509
03-20 21:50:40.906 20306 20893 I AXL : AddVehicleModel: 510
03-20 21:50:40.906 20306 20893 I AXL : AddVehicleModel: 511
03-20 21:50:40.907 20306 20893 I AXL : AddVehicleModel: 512
03-20 21:50:40.907 20306 20893 I AXL : AddVehicleModel: 513
03-20 21:50:40.907 20306 20893 I AXL : AddVehicleModel: 514
03-20 21:50:40.907 20306 20893 I AXL : AddVehicleModel: 515
03-20 21:50:40.907 20306 20893 I AXL : AddVehicleModel: 516
03-20 21:50:40.907 20306 20893 I AXL : AddVehicleModel: 517
03-20 21:50:40.907 20306 20893 I AXL : AddVehicleModel: 518
03-20 21:50:40.907 20306 20893 I AXL : AddVehicleModel: 519
03-20 21:50:40.908 20306 20893 I AXL : AddVehicleModel: 520
03-20 21:50:40.908 20306 20893 I AXL : AddVehicleModel: 521
03-20 21:50:40.908 20306 20893 I AXL : AddVehicleModel: 522
03-20 21:50:40.909 20306 20893 I AXL : AddVehicleModel: 523
03-20 21:50:40.909 20306 20893 I AXL : AddVehicleModel: 524
03-20 21:50:40.909 20306 20893 I AXL : AddVehicleModel: 525
03-20 21:50:40.909 20306 20893 I AXL : AddVehicleModel: 526
03-20 21:50:40.909 20306 20893 I AXL : AddVehicleModel: 527
03-20 21:50:40.909 20306 20893 I AXL : AddVehicleModel: 528
03-20 21:50:40.910 20306 20893 I AXL : AddVehicleModel: 529
03-20 21:50:40.910 20306 20893 I AXL : AddVehicleModel: 530
03-20 21:50:40.910 20306 20893 I AXL : AddVehicleModel: 531
03-20 21:50:40.910 20306 20893 I AXL : AddVehicleModel: 532
03-20 21:50:40.910 20306 20893 I AXL : AddVehicleModel: 533
03-20 21:50:40.910 20306 20893 I AXL : AddVehicleModel: 534
03-20 21:50:40.910 20306 20893 I AXL : AddVehicleModel: 535
03-20 21:50:40.910 20306 20893 I AXL : AddVehicleModel: 536
03-20 21:50:40.910 20306 20893 I AXL : AddVehicleModel: 537
03-20 21:50:40.910 20306 20893 I AXL : AddVehicleModel: 538
03-20 21:50:40.910 20306 20893 I AXL : AddVehicleModel: 539
03-20 21:50:40.911 20306 20893 I AXL : AddVehicleModel: 540
03-20 21:50:40.911 20306 20893 I AXL : AddVehicleModel: 541
03-20 21:50:40.911 20306 20893 I AXL : AddVehicleModel: 542
03-20 21:50:40.911 20306 20893 I AXL : AddVehicleModel: 543
03-20 21:50:40.911 20306 20893 I AXL : AddVehicleModel: 544
03-20 21:50:40.911 20306 20893 I AXL : AddVehicleModel: 545
03-20 21:50:40.911 20306 20893 I AXL : AddVehicleModel: 546
03-20 21:50:40.911 20306 20893 I AXL : AddVehicleModel: 547
03-20 21:50:40.911 20306 20893 I AXL : AddVehicleModel: 548
03-20 21:50:40.911 20306 20893 I AXL : AddVehicleModel: 549
03-20 21:50:40.911 20306 20893 I AXL : AddVehicleModel: 550
03-20 21:50:40.912 20306 20893 I AXL : AddVehicleModel: 551
03-20 21:50:40.912 20306 20893 I AXL : AddVehicleModel: 552
03-20 21:50:40.912 20306 20893 I AXL : AddVehicleModel: 553
03-20 21:50:40.912 20306 20893 I AXL : AddVehicleModel: 554
03-20 21:50:40.912 20306 20893 I AXL : AddVehicleModel: 555
03-20 21:50:40.912 20306 20893 I AXL : AddVehicleModel: 556
03-20 21:50:40.912 20306 20893 I AXL : AddVehicleModel: 557
03-20 21:50:40.912 20306 20893 I AXL : AddVehicleModel: 558
03-20 21:50:40.912 20306 20893 I AXL : AddVehicleModel: 559
03-20 21:50:40.912 20306 20893 I AXL : AddVehicleModel: 560
03-20 21:50:40.912 20306 20893 I AXL : AddVehicleModel: 561
03-20 21:50:40.913 20306 20893 I AXL : AddVehicleModel: 562
03-20 21:50:40.913 20306 2020306 20893 I AXL : AddVehicleModel: 501
03-20 21:50:40.906 20306 20893 I AXL : AddVehicleModel: 502
03-20 21:50:40.906 20306 20893 I AXL : AddVehicleModel: 503
03-20 21:50:40.906 20306 20893 I AXL : AddVehicleModel: 504
03-20 21:50:40.906 20306 20893 I AXL : AddVehicleModel: 505
03-20 21:50:40.906 20306 20893 I AXL : AddVehicleModel: 506
03-20 21:50:40.906 20306 20893 I AXL : AddVehicleModel: 507
03-20 21:50:40.906 20306 20893 I AXL : AddVehicleModel: 508
03-20 21:50:40.906 20306 20893 I AXL : AddVehicleModel: 509
03-20 21:50:40.906 20306 20893 I AXL : AddVehicleModel: 510
03-20 21:50:40.906 20306 20893 I AXL : AddVehicleModel: 511
03-20 21:50:40.907 20306 20893 I AXL : AddVehicleModel: 512
03-20 21:50:40.907 20306 20893 I AXL : AddVehicleModel: 513
03-20 21:50:40.907 20306 20893 I AXL : AddVehicleModel: 514
03-20 21:50:40.907 20306 20893 I AXL : AddVehicleModel: 515
03-20 21:50:40.907 20306 20893 I AXL : AddVehicleModel: 516
03-20 21:50:40.907 20306 20893 I AXL : AddVehicleModel: 517
03-20 21:50:40.907 20306 20893 I AXL : AddVehicleModel: 518
03-20 21:50:40.907 20306 20893 I AXL : AddVehicleModel: 519
03-20 21:50:40.908 20306 20893 I AXL : AddVehicleModel: 520
03-20 21:50:40.908 20306 20893 I AXL : AddVehicleModel: 521
03-20 21:50:40.908 20306 20893 I AXL : AddVehicleModel: 522
03-20 21:50:40.909 20306 20893 I AXL : AddVehicleModel: 523
03-20 21:50:40.909 20306 20893 I AXL : AddVehicleModel: 524
03-20 21:50:40.909 20306 20893 I AXL : AddVehicleModel: 525
03-20 21:50:40.909 20306 20893 I AXL : AddVehicleModel: 526
03-20 21:50:40.909 20306 20893 I AXL : AddVehicleModel: 527
03-20 21:50:40.909 20306 20893 I AXL : AddVehicleModel: 528
03-20 21:50:40.910 20306 20893 I AXL : AddVehicleModel: 529
03-20 21:50:40.910 20306 20893 I AXL : AddVehicleModel: 530
03-20 21:50:40.910 20306 20893 I AXL : AddVehicleModel: 531
03-20 21:50:40.910 20306 20893 I AXL : AddVehicleModel: 532
03-20 21:50:40.910 20306 20893 I AXL : AddVehicleModel: 533
03-20 21:50:40.910 20306 20893 I AXL : AddVehicleModel: 534
03-20 21:50:40.910 20306 20893 I AXL : AddVehicleModel: 535
03-20 21:50:40.910 20306 20893 I AXL : AddVehicleModel: 536
03-20 21:50:40.910 20306 20893 I AXL : AddVehicleModel: 537
03-20 21:50:40.910 20306 20893 I AXL : AddVehicleModel: 538
03-20 21:50:40.910 20306 20893 I AXL : AddVehicleModel: 539
03-20 21:50:40.911 20306 20893 I AXL : AddVehicleModel: 540
03-20 21:50:40.911 20306 20893 I AXL : AddVehicleModel: 541
03-20 21:50:40.911 20306 20893 I AXL : AddVehicleModel: 542
03-20 21:50:40.911 20306 20893 I AXL : AddVehicleModel: 543
03-20 21:50:40.911 20306 20893 I AXL : AddVehicleModel: 544
03-20 21:50:40.911 20306 20893 I AXL : AddVehicleModel: 545
03-20 21:50:40.911 20306 20893 I AXL : AddVehicleModel: 546
03-20 21:50:40.911 20306 20893 I AXL : AddVehicleModel: 547
03-20 21:50:40.911 20306 20893 I AXL : AddVehicleModel: 548
03-20 21:50:40.911 20306 20893 I AXL : AddVehicleModel: 549
03-20 21:50:40.911 20306 20893 I AXL : AddVehicleModel: 550
03-20 21:50:40.912 20306 20893 I AXL : AddVehicleModel: 551
03-20 21:50:40.912 20306 20893 I AXL : AddVehicleModel: 552
03-20 21:50:40.912 20306 20893 I AXL : AddVehicleModel: 553
03-20 21:50:40.912 20306 20893 I AXL : AddVehicleModel: 554
03-20 21:50:40.912 20306 20893 I AXL : AddVehicleModel: 555
03-20 21:50:40.912 20306 20893 I AXL : AddVehicleModel: 556
03-20 21:50:40.912 20306 20893 I AXL : AddVehicleModel: 557
03-20 21:50:40.912 20306 20893 I AXL : AddVehicleModel: 558
03-20 21:50:40.912 20306 20893 I AXL : AddVehicleModel: 559
03-20 21:50:40.912 20306 20893 I AXL : AddVehicleModel: 560
03-20 21:50:40.912 20306 20893 I AXL : AddVehicleModel: 561
03-20 21:50:40.913 20306 20893 I AXL : AddVehicleModel: 562
03-20 21:50:40.913 20306 20893 I AXL : AddVehicleModel: 563
03-20 21:50:40.913 20306 20893 I AXL : AddVehicleModel: 564
03-20 21:50:40.913 893 I AXL : AddVehicleModel: 563
03-20 21:50:40.913 20306 20893 I AXL : AddVehicleModel: 564
03-20 21:50:40.913 20306 20893 I AXL : AddVehicleModel: 565
03-20 21:50:40.913 20306 20893 I AXL : AddVehicleModel: 566
03-20 21:50:40.913 20306 20893 I AXL : AddVehicleModel: 567
03-20 21:50:40.913 20306 20893 I AXL : AddVehicleModel: 568
03-20 21:50:40.913 20306 20893 I AXL : AddVehicleModel: 569
03-20 21:50:40.913 20306 20893 I AXL : AddVehicleModel: 570
03-20 21:50:40.913 20306 20893 I AXL : AddVehicleModel: 571
03-20 21:50:40.913 20306 20893 I AXL : AddVehicleModel: 572
03-20 21:50:40.913 20306 20893 I AXL : AddVehicleModel: 573
03-20 21:50:40.913 20306 20893 I AXL : AddVehicleModel: 574
03-20 21:50:40.913 20306 20893 I AXL : AddVehicleModel: 575
03-20 21:50:40.914 20306 20893 I AXL : AddVehicleModel: 576
03-20 21:50:40.914 20306 20893 I AXL : AddVehicleModel: 577
03-20 21:50:40.914 20306 20893 I AXL : AddVehicleModel: 578
03-20 21:50:40.914 20306 20893 I AXL : AddVehicleModel: 579
03-20 21:50:40.914 20306 20893 I AXL : AddVehicleModel: 580
03-20 21:50:40.914 20306 20893 I AXL : AddVehicleModel: 581
03-20 21:50:40.914 20306 20893 I AXL : AddVehicleModel: 582
03-20 21:50:40.914 20306 20893 I AXL : AddVehicleModel: 583
03-20 21:50:40.914 20306 20893 I AXL : AddVehicleModel: 584
03-20 21:50:40.914 20306 20893 I AXL : AddVehicleModel: 585
03-20 21:50:40.914 20306 20893 I AXL : AddVehicleModel: 586
03-20 21:50:40.914 20306 20893 I AXL : AddVehicleModel: 587
03-20 21:50:40.914 20306 20893 I AXL : AddVehicleModel: 588
03-20 21:50:40.914 20306 20893 I AXL : AddVehicleModel: 589
03-20 21:50:40.915 20306 20893 I AXL : AddVehicleModel: 590
03-20 21:50:40.915 20306 20893 I AXL : AddVehicleModel: 591
03-20 21:50:40.915 20306 20893 I AXL : AddVehicleModel: 592
03-20 21:50:40.915 20306 20893 I AXL : AddVehicleModel: 593
03-20 21:50:40.915 20306 20893 I AXL : AddVehicleModel: 594
03-20 21:50:40.915 20306 20893 I AXL : AddVehicleModel: 595
03-20 21:50:40.915 20306 20893 I AXL : AddVehicleModel: 596
03-20 21:50:40.915 20306 20893 I AXL : AddVehicleModel: 597
03-20 21:50:40.915 20306 20893 I AXL : AddVehicleModel: 598
03-20 21:50:40.915 20306 20893 I AXL : AddVehicleModel: 599
03-20 21:50:40.915 20306 20893 I AXL : AddVehicleModel: 600
03-20 21:50:40.915 20306 20893 I AXL : AddVehicleModel: 601
03-20 21:50:40.916 20306 20893 I AXL : AddVehicleModel: 602
03-20 21:50:40.916 20306 20893 I AXL : AddVehicleModel: 603
03-20 21:50:40.916 20306 20893 I AXL : AddVehicleModel: 604
03-20 21:50:40.916 20306 20893 I AXL : AddVehicleModel: 605
03-20 21:50:40.916 20306 20893 I AXL : AddVehicleModel: 606
03-20 21:50:40.916 20306 20893 I AXL : AddVehicleModel: 607
03-20 21:50:40.916 20306 20893 I AXL : AddVehicleModel: 608
03-20 21:50:40.916 20306 20893 I AXL : AddVehicleModel: 609
03-20 21:50:40.916 20306 20893 I AXL : AddVehicleModel: 610
03-20 21:50:40.917 20306 20893 I AXL : AddVehicleModel: 611
03-20 21:50:40.917 20306 20904 I AXL : NvFOpen: AUDIO/SFX/GENRL.osw
03-20 21:50:40.918 20306 20893 I AXL : NvFOpen: DATA/PEDS.IDE
03-20 21:50:40.923 20306 20904 I AXL : NvFOpen: AUDIO/SFX/GENRL.osw
03-20 21:50:40.929 20306 20893 I AXL : NvFOpen: MODELS/COLL/WEAPONS.COL
03-20 21:50:40.933 20306 20904 I AXL : NvFOpen: AUDIO/SFX/GENRL.osw
03-20 21:50:40.933 20306 20893 I AXL : NvFOpen: DATA/GTA.DAT
03-20 21:50:40.934 20306 20893 I AXL : NvFOpen: DATA/SCRIPT/SCRIPTV1.IMG
03-20 21:50:40.935 20306 20893 I AXL : NvFOpen: TEXDB/CUTSCENE.IMG
03-20 21:50:40.937 20306 20904 I AXL : NvFOpen: AUDIO/SFX/GENRL.osw
03-20 21:50:40.937 20306 20893 I AXL : NvFOpen: DATA/MAPS/generic/vegepart.IDE
03-20 21:50:40.941 20306 20904 I AXL : NvFOpen: AUDIO/SFX/GENRL.osw
03-20 21:50:40.943 20306 20893 I AXL : NvFOpen: DATA/MAPS/generic/barriers.IDE
03-20 21:50:40.945 20306 20904 I AXL : NvFOpen: AUDIO/SFX/GENRL.osw
03-20 21:50:40.947 20306 20893 I A20306 20893 I AXL : AddVehicleModel: 565
03-20 21:50:40.913 20306 20893 I AXL : AddVehicleModel: 566
03-20 21:50:40.913 20306 20893 I AXL : AddVehicleModel: 567
03-20 21:50:40.913 20306 20893 I AXL : AddVehicleModel: 568
03-20 21:50:40.913 20306 20893 I AXL : AddVehicleModel: 569
03-20 21:50:40.913 20306 20893 I AXL : AddVehicleModel: 570
03-20 21:50:40.913 20306 20893 I AXL : AddVehicleModel: 571
03-20 21:50:40.913 20306 20893 I AXL : AddVehicleModel: 572
03-20 21:50:40.913 20306 20893 I AXL : AddVehicleModel: 573
03-20 21:50:40.913 20306 20893 I AXL : AddVehicleModel: 574
03-20 21:50:40.913 20306 20893 I AXL : AddVehicleModel: 575
03-20 21:50:40.914 20306 20893 I AXL : AddVehicleModel: 576
03-20 21:50:40.914 20306 20893 I AXL : AddVehicleModel: 577
03-20 21:50:40.914 20306 20893 I AXL : AddVehicleModel: 578
03-20 21:50:40.914 20306 20893 I AXL : AddVehicleModel: 579
03-20 21:50:40.914 20306 20893 I AXL : AddVehicleModel: 580
03-20 21:50:40.914 20306 20893 I AXL : AddVehicleModel: 581
03-20 21:50:40.914 20306 20893 I AXL : AddVehicleModel: 582
03-20 21:50:40.914 20306 20893 I AXL : AddVehicleModel: 583
03-20 21:50:40.914 20306 20893 I AXL : AddVehicleModel: 584
03-20 21:50:40.914 20306 20893 I AXL : AddVehicleModel: 585
03-20 21:50:40.914 20306 20893 I AXL : AddVehicleModel: 586
03-20 21:50:40.914 20306 20893 I AXL : AddVehicleModel: 587
03-20 21:50:40.914 20306 20893 I AXL : AddVehicleModel: 588
03-20 21:50:40.914 20306 20893 I AXL : AddVehicleModel: 589
03-20 21:50:40.915 20306 20893 I AXL : AddVehicleModel: 590
03-20 21:50:40.915 20306 20893 I AXL : AddVehicleModel: 591
03-20 21:50:40.915 20306 20893 I AXL : AddVehicleModel: 592
03-20 21:50:40.915 20306 20893 I AXL : AddVehicleModel: 593
03-20 21:50:40.915 20306 20893 I AXL : AddVehicleModel: 594
03-20 21:50:40.915 20306 20893 I AXL : AddVehicleModel: 595
03-20 21:50:40.915 20306 20893 I AXL : AddVehicleModel: 596
03-20 21:50:40.915 20306 20893 I AXL : AddVehicleModel: 597
03-20 21:50:40.915 20306 20893 I AXL : AddVehicleModel: 598
03-20 21:50:40.915 20306 20893 I AXL : AddVehicleModel: 599
03-20 21:50:40.915 20306 20893 I AXL : AddVehicleModel: 600
03-20 21:50:40.915 20306 20893 I AXL : AddVehicleModel: 601
03-20 21:50:40.916 20306 20893 I AXL : AddVehicleModel: 602
03-20 21:50:40.916 20306 20893 I AXL : AddVehicleModel: 603
03-20 21:50:40.916 20306 20893 I AXL : AddVehicleModel: 604
03-20 21:50:40.916 20306 20893 I AXL : AddVehicleModel: 605
03-20 21:50:40.916 20306 20893 I AXL : AddVehicleModel: 606
03-20 21:50:40.916 20306 20893 I AXL : AddVehicleModel: 607
03-20 21:50:40.916 20306 20893 I AXL : AddVehicleModel: 608
03-20 21:50:40.916 20306 20893 I AXL : AddVehicleModel: 609
03-20 21:50:40.916 20306 20893 I AXL : AddVehicleModel: 610
03-20 21:50:40.917 20306 20893 I AXL : AddVehicleModel: 611
03-20 21:50:40.917 20306 20904 I AXL : NvFOpen: AUDIO/SFX/GENRL.osw
03-20 21:50:40.918 20306 20893 I AXL : NvFOpen: DATA/PEDS.IDE
03-20 21:50:40.923 20306 20904 I AXL : NvFOpen: AUDIO/SFX/GENRL.osw
03-20 21:50:40.929 20306 20893 I AXL : NvFOpen: MODELS/COLL/WEAPONS.COL
03-20 21:50:40.933 20306 20904 I AXL : NvFOpen: AUDIO/SFX/GENRL.osw
03-20 21:50:40.933 20306 20893 I AXL : NvFOpen: DATA/GTA.DAT
03-20 21:50:40.934 20306 20893 I AXL : NvFOpen: DATA/SCRIPT/SCRIPTV1.IMG
03-20 21:50:40.935 20306 20893 I AXL : NvFOpen: TEXDB/CUTSCENE.IMG
03-20 21:50:40.937 20306 20904 I AXL : NvFOpen: AUDIO/SFX/GENRL.osw
03-20 21:50:40.937 20306 20893 I AXL : NvFOpen: DATA/MAPS/generic/vegepart.IDE
03-20 21:50:40.941 20306 20904 I AXL : NvFOpen: AUDIO/SFX/GENRL.osw
03-20 21:50:40.943 20306 20893 I AXL : NvFOpen: DATA/MAPS/generic/barriers.IDE
03-20 21:50:40.945 20306 20904 I AXL : NvFOpen: AUDIO/SFX/GENRL.osw
03-20 21:50:40.947 20306 20893 I AXL : NvFOpen: DATA/MAPS/generic/dynamic.IDE
03-20 21:50:40.953 20306 20893 I AXL : NvFOpen: DATA/MAPS/generic/dyXL :
NvFOpen: DATA/MAPS/generic/dynamic.IDE
03-20 21:50:40.953 20306 20893 I AXL : NvFOpen: DATA/MAPS/generic/dynamic2.IDE
03-20 21:50:40.953 20306 20904 I AXL : NvFOpen: AUDIO/SFX/GENRL.osw
03-20 21:50:40.961 20306 20904 I AXL : NvFOpen: AUDIO/SFX/GENRL.osw
03-20 21:50:40.962 20306 20904 I AXL : NvFOpen: AUDIO/SFX/GENRL.osw
03-20 21:50:40.964 20306 20904 I AXL : NvFOpen: AUDIO/SFX/GENRL.osw
03-20 21:50:40.964 20306 20904 I AXL : NvFOpen: AUDIO/SFX/GENRL.osw
03-20 21:50:40.966 20306 20904 I AXL : NvFOpen: AUDIO/SFX/GENRL.osw
03-20 21:50:40.967 20306 20904 I AXL : NvFOpen: AUDIO/SFX/GENRL.osw
03-20 21:50:40.968 20306 20904 I AXL : NvFOpen: AUDIO/SFX/GENRL.osw
03-20 21:50:40.969 20306 20904 I AXL : NvFOpen: AUDIO/SFX/GENRL.osw
03-20 21:50:40.970 20306 20893 I AXL : NvFOpen: DATA/MAPS/generic/multiobj.IDE
03-20 21:50:40.971 20306 20904 I AXL : NvFOpen: AUDIO/SFX/GENRL.osw
03-20 21:50:40.972 20306 20904 I AXL : NvFOpen: AUDIO/SFX/GENRL.osw
03-20 21:50:40.973 20306 20904 I AXL : NvFOpen: AUDIO/SFX/GENRL.osw
03-20 21:50:40.978 20306 20904 I AXL : NvFOpen: AUDIO/SFX/GENRL.osw
03-20 21:50:40.983 20306 20904 I AXL : NvFOpen: AUDIO/SFX/GENRL.osw
03-20 21:50:40.986 20306 20904 I AXL : NvFOpen: AUDIO/SFX/GENRL.osw
03-20 21:50:40.989 20306 20904 I AXL : NvFOpen: AUDIO/SFX/GENRL.osw
03-20 21:50:40.990 20306 20893 I AXL : NvFOpen: DATA/MAPS/generic/procobj.IDE
03-20 21:50:40.992 20306 20904 I AXL : NvFOpen: AUDIO/SFX/GENRL.osw
03-20 21:50:40.996 20306 20904 I AXL : NvFOpen: AUDIO/SFX/GENRL.osw
03-20 21:50:41.010 20306 20893 I AXL : NvFOpen: DATA/MAPS/LA/LAn.IDE
03-20 21:50:41.021 20306 20893 I AXL : NvFOpen: DATA/MAPS/LA/LAn2.IDE
03-20 21:50:41.034 20306 20893 I AXL : NvFOpen: DATA/MAPS/LA/LAs.IDE
03-20 21:50:41.050 20306 20893 I AXL : NvFOpen: DATA/MAPS/LA/LAs2.IDE
03-20 21:50:41.067 20306 20893 I AXL : NvFOpen: DATA/MAPS/LA/LAe.IDE
03-20 21:50:41.083 20306 20893 I AXL : NvFOpen: DATA/MAPS/LA/LAe2.IDE
03-20 21:50:41.100 20306 20893 I AXL : NvFOpen: DATA/MAPS/LA/LAw2.IDE
03-20 21:50:41.117 20306 20893 I AXL : NvFOpen: DATA/MAPS/LA/LAw.IDE
03-20 21:50:41.134 20306 20893 I AXL : NvFOpen: DATA/MAPS/LA/LAwn.IDE
03-20 21:50:41.154 20306 20893 I AXL : NvFOpen: DATA/MAPS/LA/LAhills.IDE
03-20 21:50:41.172 20306 20893 I AXL : NvFOpen: DATA/MAPS/LA/LAxref.IDE
03-20 21:50:41.184 20306 20893 I AXL : NvFOpen: DATA/MAPS/SF/SFn.IDE
03-20 21:50:41.199 20306 20893 I AXL : NvFOpen: DATA/MAPS/SF/SFs.IDE
03-20 21:50:41.215 20306 20893 I AXL : NvFOpen: DATA/MAPS/SF/SFse.IDE
03-20 21:50:41.217 20306 20911 D AudioTrack: [audioTrackData][zero] 1s(f:0 m:0 s:0
k:0 z:1020) : pid 20306 uid 10036 sessionId 2561 sr 44100 ch 2 fmt 1
03-20 21:50:41.232 20306 20893 I AXL : NvFOpen: DATA/MAPS/SF/SFe.IDE
03-20 21:50:41.251 20306 20893 I AXL : NvFOpen: DATA/MAPS/SF/SFw.IDE
03-20 21:50:41.267 20306 20893 I AXL : NvFOpen: DATA/MAPS/SF/SFxref.IDE
03-20 21:50:41.281 20306 20893 I AXL : NvFOpen: DATA/MAPS/vegas/vegasN.IDE
03-20 21:50:41.298 20306 20893 I AXL : NvFOpen: DATA/MAPS/vegas/vegasS.IDE
03-20 21:50:41.315 20306 20893 I AXL : NvFOpen: DATA/MAPS/vegas/vegasE.IDE
03-20 21:50:41.338 20306 20893 I AXL : NvFOpen: DATA/MAPS/vegas/vegasW.IDE
03-20 21:50:41.365 20306 20893 I AXL : NvFOpen: DATA/MAPS/vegas/vegaxref.IDE
03-20 21:50:41.381 20306 20893 I AXL : NvFOpen: DATA/MAPS/country/countryN.IDE
03-20 21:50:41.397 20306 20893 I AXL : NvFOpen: DATA/MAPS/country/countN2.IDE
03-20 21:50:41.414 20306 20893 I AXL : NvFOpen: DATA/MAPS/country/countryS.IDE
03-20 21:50:41.430 20306 20893 I AXL : NvFOpen: DATA/MAPS/country/countryE.IDE
