03-20 21:48:10.582 17688 17867 I System.out: Build DISPLAY UP1A.231005.007
03-20 21:48:10.582 17688 17867 I System.out: Build CPU_ABI armeabi-v7a
03-20 21:48:10.582 17688 17867 I System.out: Build CPU_ABI2 armeabi
03-20 21:48:10.582 17688 17867 I System.out: Build HARDWARE mt6768
03-20 21:48:10.582 17688 17867 I System.out: Build MODEL 23053RN02Y
03-20 21:48:10.582 17688 17867 I System.out: Build PRODUCT heat_eea
03-20 21:48:10.582 17688 17867 I System.out: **** IsPhone
03-20 21:48:10.582 17688 17867 I System.out: **** GetAndroidBuildinfo
03-20 21:48:10.582 17688 17867 I System.out: **** GetAndroidBuildinfo
03-20 21:48:10.582 17688 17867 I System.out: Build info version device heat
03-20 21:48:10.582 17688 17867 I System.out: Build MANUFACTURER Xiaomi
03-20 21:48:10.583 17688 17867 I System.out: Build BOARD heat
03-20 21:48:10.583 17688 17867 I System.out: Build DISPLAY UP1A.231005.007
03-20 21:48:10.583 17688 17867 I System.out: Build CPU_ABI armeabi-v7a
03-20 21:48:10.583 17688 17867 I System.out: Build CPU_ABI2 armeabi
03-20 21:48:10.583 17688 17867 I System.out: Build HARDWARE mt6768
03-20 21:48:10.583 17688 17867 I System.out: Build MODEL 23053RN02Y
03-20 21:48:10.583 17688 17867 I System.out: Build PRODUCT heat_eea
03-20 21:48:10.583 17688 17867 I System.out: **** IsPhone
03-20 21:48:10.586 17688 17867 I System.out: **** FileGetArchiveName
03-20 21:48:10.586 17688 17867 I AXL : NvFOpen:
03-20 21:48:10.589 17688 17867 I AXL : NvFOpen: .idx
03-20 21:48:10.590 17688 17867 I System.out: **** FileGetArchiveName
03-20 21:48:10.590 17688 17867 I AXL : NvFOpen:
03-20 21:48:10.591 17688 17867 I AXL : NvFOpen: .idx
03-20 21:48:10.594 17688 17867 I System.out: **** GetDeviceLocale
03-20 21:48:10.594 17688 17896 D OSWrapper: AttachCurrentThread: 0, 0x0xe047ae00
03-20 21:48:10.594 17688 17867 I AXL : NvFOpen: TEXT/AMERICAN.GXT
03-20 21:48:10.604 17688 17867 I AXL : NvFOpen: gta_sa.set
03-20 21:48:10.607 17688 17867 I AXL : NvFOpen: TEXT/RUSSIAN.GXT
03-20 21:48:10.616 17688 17867 I AXL : NvFOpen: gtasatelem.set
03-20 21:48:10.621 17688 17897 D OSWrapper: AttachCurrentThread: 0, 0x0xae639c80
03-20 21:48:10.621 17688 17897 D libMEOW : meow new tls: 0xae925b00
03-20 21:48:10.621 17688 17897 D libMEOW : applied 1 plugins for
[com.evolve.roleplay]:
03-20 21:48:10.621 17688 17897 D libMEOW : plugin 1: [libMEOW_gift.so]:
0xed340800
03-20 21:48:10.622 17688 17897 D libMEOW : rebuild call chain: 0xae937780
03-20 21:48:10.623 17688 17867 I AXL : Loading "samp" cd..
03-20 21:48:10.623 17688 17867 I AXL : NvFOpen: models/coll/peds.col
03-20 21:48:10.627 17688 17867 I AXL : NvFOpen: texdb/mobile/mobile.txt
03-20 21:48:10.631 17688 17867 I AXL : NvFOpen: texdb/mobile/mobile.etc.tmb
03-20 21:48:10.634 17688 17867 I AXL : NvFOpen: texdb/mobile/mobile.etc.dat
03-20 21:48:10.636 17688 17867 I AXL : NvFOpen: texdb/mobile/mobile.etc.toc
03-20 21:48:10.655 17688 17867 I AXL : NvFOpen: texdb/txd/txd.txt
03-20 21:48:10.661 17688 17867 I AXL : NvFOpen: texdb/txd/txd.etc.tmb
03-20 21:48:10.666 17688 17867 I AXL : NvFOpen: texdb/txd/txd.etc.dat
03-20 21:48:10.668 17688 17867 I AXL : NvFOpen: texdb/txd/txd.etc.toc
03-20 21:48:10.671 17688 17867 I AXL : NvFOpen: texdb/gta3/gta3.txt
03-20 21:48:10.718 17688 17867 I AXL : NvFOpen: texdb/gta3/gta3.etc.tmb
03-20 21:48:10.727 17688 17867 I AXL : NvFOpen: texdb/gta3/gta3.etc.dat
03-20 21:48:10.729 17688 17867 I AXL : NvFOpen: texdb/gta3/gta3.etc_ABI
armeabi-v7a
03-20 21:48:10.582 17688 17867 I System.out: Build CPU_ABI2 armeabi
03-20 21:48:10.582 17688 17867 I System.out: Build HARDWARE mt6768
03-20 21:48:10.582 17688 17867 I System.out: Build MODEL 23053RN02Y
03-20 21:48:10.582 17688 17867 I System.out: Build PRODUCT heat_eea
03-20 21:48:10.582 17688 17867 I System.out: **** IsPhone
03-20 21:48:10.582 17688 17867 I System.out: **** GetAndroidBuildinfo
03-20 21:48:10.582 17688 17867 I System.out: **** GetAndroidBuildinfo
03-20 21:48:10.582 17688 17867 I System.out: Build info version device heat
03-20 21:48:10.582 17688 17867 I System.out: Build MANUFACTURER Xiaomi
03-20 21:48:10.583 17688 17867 I System.out: Build BOARD heat
03-20 21:48:10.583 17688 17867 I System.out: Build DISPLAY UP1A.231005.007
03-20 21:48:10.583 17688 17867 I System.out: Build CPU_ABI armeabi-v7a
03-20 21:48:10.583 17688 17867 I System.out: Build CPU_ABI2 armeabi
03-20 21:48:10.583 17688 17867 I System.out: Build HARDWARE mt6768
03-20 21:48:10.583 17688 17867 I System.out: Build MODEL 23053RN02Y
03-20 21:48:10.583 17688 17867 I System.out: Build PRODUCT heat_eea
03-20 21:48:10.583 17688 17867 I System.out: **** IsPhone
03-20 21:48:10.586 17688 17867 I System.out: **** FileGetArchiveName
03-20 21:48:10.586 17688 17867 I AXL : NvFOpen:
03-20 21:48:10.589 17688 17867 I AXL : NvFOpen: .idx
03-20 21:48:10.590 17688 17867 I System.out: **** FileGetArchiveName
03-20 21:48:10.590 17688 17867 I AXL : NvFOpen:
03-20 21:48:10.591 17688 17867 I AXL : NvFOpen: .idx
03-20 21:48:10.594 17688 17867 I System.out: **** GetDeviceLocale
03-20 21:48:10.594 17688 17896 D OSWrapper: AttachCurrentThread: 0, 0x0xe047ae00
03-20 21:48:10.594 17688 17867 I AXL : NvFOpen: TEXT/AMERICAN.GXT
03-20 21:48:10.604 17688 17867 I AXL : NvFOpen: gta_sa.set
03-20 21:48:10.607 17688 17867 I AXL : NvFOpen: TEXT/RUSSIAN.GXT
03-20 21:48:10.616 17688 17867 I AXL : NvFOpen: gtasatelem.set
03-20 21:48:10.621 17688 17897 D OSWrapper: AttachCurrentThread: 0, 0x0xae639c80
03-20 21:48:10.621 17688 17897 D libMEOW : meow new tls: 0xae925b00
03-20 21:48:10.621 17688 17897 D libMEOW : applied 1 plugins for
[com.evolve.roleplay]:
03-20 21:48:10.621 17688 17897 D libMEOW : plugin 1: [libMEOW_gift.so]:
0xed340800
03-20 21:48:10.622 17688 17897 D libMEOW : rebuild call chain: 0xae937780
03-20 21:48:10.623 17688 17867 I AXL : Loading "samp" cd..
03-20 21:48:10.623 17688 17867 I AXL : NvFOpen: models/coll/peds.col
03-20 21:48:10.627 17688 17867 I AXL : NvFOpen: texdb/mobile/mobile.txt
03-20 21:48:10.631 17688 17867 I AXL : NvFOpen: texdb/mobile/mobile.etc.tmb
03-20 21:48:10.634 17688 17867 I AXL : NvFOpen: texdb/mobile/mobile.etc.dat
03-20 21:48:10.636 17688 17867 I AXL : NvFOpen: texdb/mobile/mobile.etc.toc
03-20 21:48:10.655 17688 17867 I AXL : NvFOpen: texdb/txd/txd.txt
03-20 21:48:10.661 17688 17867 I AXL : NvFOpen: texdb/txd/txd.etc.tmb
03-20 21:48:10.666 17688 17867 I AXL : NvFOpen: texdb/txd/txd.etc.dat
03-20 21:48:10.668 17688 17867 I AXL : NvFOpen: texdb/txd/txd.etc.toc
03-20 21:48:10.671 17688 17867 I AXL : NvFOpen: texdb/gta3/gta3.txt
03-20 21:48:10.718 17688 17867 I AXL : NvFOpen: texdb/gta3/gta3.etc.tmb
03-20 21:48:10.727 17688 17867 I AXL : NvFOpen: texdb/gta3/gta3.etc.dat
03-20 21:48:10.729 17688 17867 I AXL : NvFOpen: texdb/gta3/gta3.etc.toc
03-20 21:48:10.741 17688 17867 I AXL : NvFOpen: texdb/gta_int/gta_int.txt
03-20 21:48:10.753 17688 17867 I AXL : NvFOpen: texdb/gta_int/gta_int.etc.tmb
03-20 21:48:10.758 17688 17867 I AXL : NvFOpen: texdb/gta_int/gta_int.etc.dat
03-20 21:48:10.760 17688 17867 I AXL : NvFOpen: texdb/gta_int/gta_int.etc.toc
03-20 21:48:10.764 17688 17867 I AXL : NvFOpen: texdb/cutscene/cutscene.txt
03-20 21:48:10.774 17688 17867 I AXL : NvFOpen: texdb/cutscene/cutscene.etc.tmb
03-20 21:48:10.777 17688 17867 I AXL : NvFOpen: texdb/cutscene/cutscene.etc.dat
03-20 21:48:10.779 17688 17867 I AXL : NvFOpen: texdb/cutscene/cutscene.etc.toc
03-20 21:48:10.782 17688 17867 I AXL :.toc
03-20 21:48:10.741 17688 17867 I AXL : NvFOpen: texdb/gta_int/gta_int.txt
03-20 21:48:10.753 17688 17867 I AXL : NvFOpen: texdb/gta_int/gta_int.etc.tmb
03-20 21:48:10.758 17688 17867 I AXL : NvFOpen: texdb/gta_int/gta_int.etc.dat
03-20 21:48:10.760 17688 17867 I AXL : NvFOpen: texdb/gta_int/gta_int.etc.toc
03-20 21:48:10.764 17688 17867 I AXL : NvFOpen: texdb/cutscene/cutscene.txt
03-20 21:48:10.774 17688 17867 I AXL : NvFOpen: texdb/cutscene/cutscene.etc.tmb
03-20 21:48:10.777 17688 17867 I AXL : NvFOpen: texdb/cutscene/cutscene.etc.dat
03-20 21:48:10.779 17688 17867 I AXL : NvFOpen: texdb/cutscene/cutscene.etc.toc
03-20 21:48:10.782 17688 17867 I AXL : NvFOpen: texdb/player/player.txt
03-20 21:48:10.787 17688 17867 I AXL : NvFOpen: texdb/player/player.pvr.tmb
03-20 21:48:10.790 17688 17867 I AXL : NvFOpen: texdb/player/player.pvr.dat
03-20 21:48:10.791 17688 17867 I AXL : NvFOpen: texdb/player/player.pvr.toc
03-20 21:48:10.795 17688 17867 I AXL : NvFOpen: texdb/menu/menu.txt
03-20 21:48:10.798 17688 17867 I AXL : NvFOpen: texdb/menu/menu.pvr.tmb
03-20 21:48:10.801 17688 17867 I AXL : NvFOpen: texdb/menu/menu.pvr.dat
03-20 21:48:10.802 17688 17867 I AXL : NvFOpen: texdb/menu/menu.pvr.toc
03-20 21:48:10.974 17688 17867 I AXL : NvFOpen: Textures/Fonts/RussianFont.met
03-20 21:48:10.987 17688 17867 I AXL : NvFOpen: Textures/Fonts/RussianFont.png
03-20 21:48:11.072 17688 17688 D Surface : lockCanvas
03-20 21:48:11.076 17688 17867 I AXL : NvFOpen: DATA/FONTS.DAT
03-20 21:48:11.087 17688 17867 I AXL : NvFOpen: texdb/samp/samp.txt
03-20 21:48:11.096 17688 17867 I AXL : NvFOpen: texdb/samp/samp.etc.tmb
03-20 21:48:11.099 17688 17867 I AXL : NvFOpen: texdb/samp/samp.etc.dat
03-20 21:48:11.101 17688 17867 I AXL : NvFOpen: texdb/samp/samp.etc.toc
03-20 21:48:11.105 17688 17688 D Surface : lockCanvas
03-20 21:48:11.107 17688 17898 D OSWrapper: AttachCurrentThread: 0, 0x0xec352080
03-20 21:48:11.110 17688 17898 I AXL : NvFOpen: TEXT/RUSSIAN.GXT
03-20 21:48:11.119 17688 17898 I AXL : NvFOpen:
data/TouchDefaultPhoneWidescreen.cfg
03-20 21:48:11.131 17688 17898 I AXL : NvFOpen: Adjustable.cfg
03-20 21:48:11.135 17688 17898 I AXL : NvFOpen: data/ShopUVs.dat
03-20 21:48:11.138 17688 17688 D Surface : lockCanvas
03-20 21:48:11.163 17688 17688 D Surface : lockCanvas
03-20 21:48:11.164 17688 17898 I AXL : NvFOpen: DATA/HANDLING.CFG
03-20 21:48:11.182 17688 17898 I AXL : NvFOpen: data/surface.dat
03-20 21:48:11.186 17688 17688 D Surface : lockCanvas
03-20 21:48:11.192 17688 17898 I AXL : NvFOpen: data/surfinfo.dat
03-20 21:48:11.204 17688 17898 I AXL : NvFOpen: data/surfaud.dat
03-20 21:48:11.212 17688 17898 I AXL : NvFOpen: DATA/PEDSTATS.DAT
03-20 21:48:11.218 17688 17688 D Surface : lockCanvas
03-20 21:48:11.223 17688 17898 I AXL : NvFOpen: data/decision/PedEvent.txt
03-20 21:48:11.231 17688 17898 I AXL : NvFOpen:
data/decision/allowed/RANDOM.ped
03-20 21:48:11.235 17688 17898 I AXL : NvFOpen:
data/decision/allowed/m_norm.ped
03-20 21:48:11.239 17688 17898 I AXL : NvFOpen:
data/decision/allowed/m_plyr.ped
03-20 21:48:11.242 17688 17688 D Surface : lockCanvas
03-20 21:48:11.244 17688 17898 I AXL : NvFOpen:
data/decision/allowed/RANDOM.grp
03-20 21:48:11.249 17688 17898 I AXL : NvFOpen:
data/decision/allowed/MISSION.grp
03-20 21:48:11.253 17688 17898 I AXL : NvFOpen:
data/decision/allowed/GangMbr.ped
03-20 21:48:11.257 17688 17898 I AXL : NvFOpen: data/decision/allowed/Cop.ped
03-20 21:48:11.261 17688 17898 I AXL : NvFOpen:
data/decision/allowed/R_Norm.ped
03-20 21:48:11.266 17688 17898 I AXL : NvFOpen:
data/decision/allowed/R_Tough.ped
03-20 21:48:11.270 17688 17898 I AXL : NvFOpen:
data/decision/allowed/R_Weak.ped
03-20 21:48:11.272 17688 17688 D Surface : lockCanvas
03-20 21:48:11.274 17688 17898 I AXL : NvFOpen:
data/decision/allowed/Fireman.ped
03-20 21:48:11.278 17688 17898 I AXL : NvFOpen:
data/decision/allowed/m_empty.ped
03-20 21:48:11.283 17688 17898 NvFOpen: texdb/player/player.txt
03-20 21:48:10.787 17688 17867 I AXL : NvFOpen: texdb/player/player.pvr.tmb
03-20 21:48:10.790 17688 17867 I AXL : NvFOpen: texdb/player/player.pvr.dat
03-20 21:48:10.791 17688 17867 I AXL : NvFOpen: texdb/player/player.pvr.toc
03-20 21:48:10.795 17688 17867 I AXL : NvFOpen: texdb/menu/menu.txt
03-20 21:48:10.798 17688 17867 I AXL : NvFOpen: texdb/menu/menu.pvr.tmb
03-20 21:48:10.801 17688 17867 I AXL : NvFOpen: texdb/menu/menu.pvr.dat
03-20 21:48:10.802 17688 17867 I AXL : NvFOpen: texdb/menu/menu.pvr.toc
03-20 21:48:10.974 17688 17867 I AXL : NvFOpen: Textures/Fonts/RussianFont.met
03-20 21:48:10.987 17688 17867 I AXL : NvFOpen: Textures/Fonts/RussianFont.png
03-20 21:48:11.072 17688 17688 D Surface : lockCanvas
03-20 21:48:11.076 17688 17867 I AXL : NvFOpen: DATA/FONTS.DAT
03-20 21:48:11.087 17688 17867 I AXL : NvFOpen: texdb/samp/samp.txt
03-20 21:48:11.096 17688 17867 I AXL : NvFOpen: texdb/samp/samp.etc.tmb
03-20 21:48:11.099 17688 17867 I AXL : NvFOpen: texdb/samp/samp.etc.dat
03-20 21:48:11.101 17688 17867 I AXL : NvFOpen: texdb/samp/samp.etc.toc
03-20 21:48:11.105 17688 17688 D Surface : lockCanvas
03-20 21:48:11.107 17688 17898 D OSWrapper: AttachCurrentThread: 0, 0x0xec352080
03-20 21:48:11.110 17688 17898 I AXL : NvFOpen: TEXT/RUSSIAN.GXT
03-20 21:48:11.119 17688 17898 I AXL : NvFOpen:
data/TouchDefaultPhoneWidescreen.cfg
03-20 21:48:11.131 17688 17898 I AXL : NvFOpen: Adjustable.cfg
03-20 21:48:11.135 17688 17898 I AXL : NvFOpen: data/ShopUVs.dat
03-20 21:48:11.138 17688 17688 D Surface : lockCanvas
03-20 21:48:11.163 17688 17688 D Surface : lockCanvas
03-20 21:48:11.164 17688 17898 I AXL : NvFOpen: DATA/HANDLING.CFG
03-20 21:48:11.182 17688 17898 I AXL : NvFOpen: data/surface.dat
03-20 21:48:11.186 17688 17688 D Surface : lockCanvas
03-20 21:48:11.192 17688 17898 I AXL : NvFOpen: data/surfinfo.dat
03-20 21:48:11.204 17688 17898 I AXL : NvFOpen: data/surfaud.dat
03-20 21:48:11.212 17688 17898 I AXL : NvFOpen: DATA/PEDSTATS.DAT
03-20 21:48:11.218 17688 17688 D Surface : lockCanvas
03-20 21:48:11.223 17688 17898 I AXL : NvFOpen: data/decision/PedEvent.txt
03-20 21:48:11.231 17688 17898 I AXL : NvFOpen:
data/decision/allowed/RANDOM.ped
03-20 21:48:11.235 17688 17898 I AXL : NvFOpen:
data/decision/allowed/m_norm.ped
03-20 21:48:11.239 17688 17898 I AXL : NvFOpen:
data/decision/allowed/m_plyr.ped
03-20 21:48:11.242 17688 17688 D Surface : lockCanvas
03-20 21:48:11.244 17688 17898 I AXL : NvFOpen:
data/decision/allowed/RANDOM.grp
03-20 21:48:11.249 17688 17898 I AXL : NvFOpen:
data/decision/allowed/MISSION.grp
03-20 21:48:11.253 17688 17898 I AXL : NvFOpen:
data/decision/allowed/GangMbr.ped
03-20 21:48:11.257 17688 17898 I AXL : NvFOpen: data/decision/allowed/Cop.ped
03-20 21:48:11.261 17688 17898 I AXL : NvFOpen:
data/decision/allowed/R_Norm.ped
03-20 21:48:11.266 17688 17898 I AXL : NvFOpen:
data/decision/allowed/R_Tough.ped
03-20 21:48:11.270 17688 17898 I AXL : NvFOpen:
data/decision/allowed/R_Weak.ped
03-20 21:48:11.272 17688 17688 D Surface : lockCanvas
03-20 21:48:11.274 17688 17898 I AXL : NvFOpen:
data/decision/allowed/Fireman.ped
03-20 21:48:11.278 17688 17898 I AXL : NvFOpen:
data/decision/allowed/m_empty.ped
03-20 21:48:11.283 17688 17898 I AXL : NvFOpen:
data/decision/allowed/Indoors.ped
03-20 21:48:11.287 17688 17898 I AXL : NvFOpen:
data/decision/allowed/RANDOM.grp
03-20 21:48:11.290 17688 17898 I AXL : NvFOpen:
data/decision/allowed/RANDOM2.grp
03-20 21:48:11.293 17688 17898 I AXL : NvFOpen: DATA/TIMECYC.DAT
03-20 21:48:11.296 17688 17688 D Surface : lockCanvas
03-20 21:48:11.314 17688 17898 I AXL : NvFOpen: data/colorcycle.dat
03-20 21:48:11.321 17688 17688 D Surface : lockCanvas
03-20 21:48:11.323 17688 17898 I AXL : NvFOpen: DATA/POPCYCLE.DAT
03-20 21:48:11.350 17688 17688 D Surface : lockCanvas
03-20 21:48:11.358 17688 17898 I AXL : NvFOpen: AUDIO/CONFIG/BANKSLOT.DAT
03-20 21:48:11.359 17688 I AXL : NvFOpen: data/decision/allowed/Indoors.ped
03-20 21:48:11.287 17688 17898 I AXL : NvFOpen:
data/decision/allowed/RANDOM.grp
03-20 21:48:11.290 17688 17898 I AXL : NvFOpen:
data/decision/allowed/RANDOM2.grp
03-20 21:48:11.293 17688 17898 I AXL : NvFOpen: DATA/TIMECYC.DAT
03-20 21:48:11.296 17688 17688 D Surface : lockCanvas
03-20 21:48:11.314 17688 17898 I AXL : NvFOpen: data/colorcycle.dat
03-20 21:48:11.321 17688 17688 D Surface : lockCanvas
03-20 21:48:11.323 17688 17898 I AXL : NvFOpen: DATA/POPCYCLE.DAT
03-20 21:48:11.350 17688 17688 D Surface : lockCanvas
03-20 21:48:11.358 17688 17898 I AXL : NvFOpen: AUDIO/CONFIG/BANKSLOT.DAT
03-20 21:48:11.359 17688 17910 D OSWrapper: AttachCurrentThread: 0, 0x0xad521800
03-20 21:48:11.372 17688 17898 I AXL : NvFOpen: AUDIO/CONFIG/BANKLKUP.DAT
03-20 21:48:11.377 17688 17898 I AXL : NvFOpen: AUDIO/CONFIG/PAKFILES.DAT
03-20 21:48:11.380 17688 17898 I AXL : NvFOpen: AUDIO/SFX/FEET.osw
03-20 21:48:11.383 17688 17898 I AXL : NvFOpen: AUDIO/SFX/FEET.osw.idx
03-20 21:48:11.386 17688 17898 I AXL : NvFOpen: AUDIO/SFX/GENRL.osw
03-20 21:48:11.388 17688 17898 I AXL : NvFOpen: AUDIO/SFX/GENRL.osw.idx
03-20 21:48:11.393 17688 17898 I AXL : NvFOpen: AUDIO/SFX/PAIN_A.osw
03-20 21:48:11.394 17688 17898 I AXL : NvFOpen: AUDIO/SFX/PAIN_A.osw.idx
03-20 21:48:11.398 17688 17898 I AXL : NvFOpen: AUDIO/SFX/SCRIPT.osw
03-20 21:48:11.398 17688 17898 I AXL : NvFOpen: AUDIO/SFX/SPC_EA.osw
03-20 21:48:11.399 17688 17898 I AXL : NvFOpen: AUDIO/SFX/SPC_FA.osw
03-20 21:48:11.399 17688 17898 I AXL : NvFOpen: AUDIO/SFX/SPC_GA.osw
03-20 21:48:11.400 17688 17898 I AXL : NvFOpen: AUDIO/SFX/SPC_NA.osw
03-20 21:48:11.400 17688 17898 I AXL : NvFOpen: AUDIO/SFX/SPC_PA.osw
03-20 21:48:11.401 17688 17898 I AXL : NvFOpen: AUDIO/CONFIG/SOUNDINF.DAT
03-20 21:48:11.403 17688 17898 I AXL : NvFOpen: AUDIO/CONFIG/STRMPAKS.DAT
03-20 21:48:11.407 17688 17898 I AXL : NvFOpen: AUDIO/CONFIG/TRAKLKUP.DAT
03-20 21:48:11.412 17688 17898 I AXL : NvFOpen: AUDIO/CONFIG/TRKHEAD.DAT
03-20 21:48:11.415 17688 17898 D evolve.roleplay: PlayerBase::PlayerBase()
03-20 21:48:11.415 17688 17898 D evolve.roleplay:
TrackPlayerBase::TrackPlayerBase()
03-20 21:48:11.415 17688 17898 I libOpenSLES: Emulating old channel mask behavior
(ignoring positional mask 0x3, using default mask 0x3 based on channel count of 2)
03-20 21:48:11.415 17688 17898 D AudioTrack: INSP:
type=audio,case=1,set=0xde6d8700,stream_type=-
1,sample_rate=44100,format=0x1,channel_mask=0x3,frame_count=0,flags=0x104,notificat
ion_frames=-2,session_id=2473,transfer_type=0,uid=-1,pid=-1
03-20 21:48:11.415 17688 17898 D AudioTrack: INSP:
type=audio,case=1,attributes=1,content_type=0,usage=1,source=0,flags=0x100
03-20 21:48:11.415 17688 17898 D AudioTrackStub: AudioTrackStub() create
03-20 21:48:11.416 17688 17898 I AudioTrackImpl: initAudioTrackImpl()
03-20 21:48:11.418 17688 17898 D AudioTrack: set: mPowerTrackStatus=0
03-20 21:48:11.433 17688 17898 D AudioTrack: createTrack_l(529): 0xde6d8700, mCblk
= 0xb33a5000, mLatency = 101, mAfLatency = 53, frameCount = 2127, mSampleRate =
44100, mFlags = 0, mReqFrameCount = 2127, mNotificationFramesAct = 709
03-20 21:48:11.435 17688 17898 I OpenAL_alSource.c: AL lib: (EE)
UpdateDeviceParams: Failed to set 22050hz, got 44100hz instead
03-20 21:48:11.436 17688 17898 D AudioTrack: start(529): 0xde6d8700, prior
state:STATE_STOPPED
03-20 21:48:11.454 17688 17898 I AXL : NvFOpen: AUDIO/CONFIG/STRMPAKS.DAT
03-20 21:48:11.457 17688 17898 I AXL : NvFOpen: AUDIO/CONFIG/TRAKLKUP.DAT
03-20 21:48:11.458 17688 17919 D OSWrapper: AttachCurrentThread: 0, 0x0xad521a00
03-20 21:48:11.460 17688 17898 I AXL : NvFOpen: AUDIO/CONFIG/TRKHEAD.DAT
03-20 21:48:11.461 17688 17898 I AXL : NvFOpen: AUDIO/CONFIG/EVENTVOL.DAT
03-20 21:48:11.465 17688 17910 I AXL : NvFOpen: AUDIO/SFX/GENRL.osw
03-20 21:48:11.470 17688 17910 I AXL : NvFOpen: AUDIO/SFX/GENRL.osw
03-20 21:48:11.474 17688 17910 I AXL : NvFOpen: AUDIO/SFX/GENRL.osw
03-20 21:48:11.481 17910 D OSWrapper: AttachCurrentThread: 0, 0x0xad521800
03-20 21:48:11.372 17688 17898 I AXL : NvFOpen: AUDIO/CONFIG/BANKLKUP.DAT
03-20 21:48:11.377 17688 17898 I AXL : NvFOpen: AUDIO/CONFIG/PAKFILES.DAT
03-20 21:48:11.380 17688 17898 I AXL : NvFOpen: AUDIO/SFX/FEET.osw
03-20 21:48:11.383 17688 17898 I AXL : NvFOpen: AUDIO/SFX/FEET.osw.idx
03-20 21:48:11.386 17688 17898 I AXL : NvFOpen: AUDIO/SFX/GENRL.osw
03-20 21:48:11.388 17688 17898 I AXL : NvFOpen: AUDIO/SFX/GENRL.osw.idx
03-20 21:48:11.393 17688 17898 I AXL : NvFOpen: AUDIO/SFX/PAIN_A.osw
03-20 21:48:11.394 17688 17898 I AXL : NvFOpen: AUDIO/SFX/PAIN_A.osw.idx
03-20 21:48:11.398 17688 17898 I AXL : NvFOpen: AUDIO/SFX/SCRIPT.osw
03-20 21:48:11.398 17688 17898 I AXL : NvFOpen: AUDIO/SFX/SPC_EA.osw
03-20 21:48:11.399 17688 17898 I AXL : NvFOpen: AUDIO/SFX/SPC_FA.osw
03-20 21:48:11.399 17688 17898 I AXL : NvFOpen: AUDIO/SFX/SPC_GA.osw
03-20 21:48:11.400 17688 17898 I AXL : NvFOpen: AUDIO/SFX/SPC_NA.osw
03-20 21:48:11.400 17688 17898 I AXL : NvFOpen: AUDIO/SFX/SPC_PA.osw
03-20 21:48:11.401 17688 17898 I AXL : NvFOpen: AUDIO/CONFIG/SOUNDINF.DAT
03-20 21:48:11.403 17688 17898 I AXL : NvFOpen: AUDIO/CONFIG/STRMPAKS.DAT
03-20 21:48:11.407 17688 17898 I AXL : NvFOpen: AUDIO/CONFIG/TRAKLKUP.DAT
03-20 21:48:11.412 17688 17898 I AXL : NvFOpen: AUDIO/CONFIG/TRKHEAD.DAT
03-20 21:48:11.415 17688 17898 D evolve.roleplay: PlayerBase::PlayerBase()
03-20 21:48:11.415 17688 17898 D evolve.roleplay:
TrackPlayerBase::TrackPlayerBase()
03-20 21:48:11.415 17688 17898 I libOpenSLES: Emulating old channel mask behavior
(ignoring positional mask 0x3, using default mask 0x3 based on channel count of 2)
03-20 21:48:11.415 17688 17898 D AudioTrack: INSP:
type=audio,case=1,set=0xde6d8700,stream_type=-
1,sample_rate=44100,format=0x1,channel_mask=0x3,frame_count=0,flags=0x104,notificat
ion_frames=-2,session_id=2473,transfer_type=0,uid=-1,pid=-1
03-20 21:48:11.415 17688 17898 D AudioTrack: INSP:
type=audio,case=1,attributes=1,content_type=0,usage=1,source=0,flags=0x100
03-20 21:48:11.415 17688 17898 D AudioTrackStub: AudioTrackStub() create
03-20 21:48:11.416 17688 17898 I AudioTrackImpl: initAudioTrackImpl()
03-20 21:48:11.418 17688 17898 D AudioTrack: set: mPowerTrackStatus=0
03-20 21:48:11.433 17688 17898 D AudioTrack: createTrack_l(529): 0xde6d8700, mCblk
= 0xb33a5000, mLatency = 101, mAfLatency = 53, frameCount = 2127, mSampleRate =
44100, mFlags = 0, mReqFrameCount = 2127, mNotificationFramesAct = 709
03-20 21:48:11.435 17688 17898 I OpenAL_alSource.c: AL lib: (EE)
UpdateDeviceParams: Failed to set 22050hz, got 44100hz instead
03-20 21:48:11.436 17688 17898 D AudioTrack: start(529): 0xde6d8700, prior
state:STATE_STOPPED
03-20 21:48:11.454 17688 17898 I AXL : NvFOpen: AUDIO/CONFIG/STRMPAKS.DAT
03-20 21:48:11.457 17688 17898 I AXL : NvFOpen: AUDIO/CONFIG/TRAKLKUP.DAT
03-20 21:48:11.458 17688 17919 D OSWrapper: AttachCurrentThread: 0, 0x0xad521a00
03-20 21:48:11.460 17688 17898 I AXL : NvFOpen: AUDIO/CONFIG/TRKHEAD.DAT
03-20 21:48:11.461 17688 17898 I AXL : NvFOpen: AUDIO/CONFIG/EVENTVOL.DAT
03-20 21:48:11.465 17688 17910 I AXL : NvFOpen: AUDIO/SFX/GENRL.osw
03-20 21:48:11.470 17688 17910 I AXL : NvFOpen: AUDIO/SFX/GENRL.osw
03-20 21:48:11.474 17688 17910 I AXL : NvFOpen: AUDIO/SFX/GENRL.osw
03-20 21:48:11.481 17688 17910 I AXL : NvFOpen: AUDIO/SFX/GENRL.osw
03-20 21:48:11.492 17688 17910 I AXL : NvFOpen: AUDIO/SFX/GENRL.osw
03-20 21:48:11.505 17688 17910 I AXL : NvFOpen: AUDIO/SFX/GENRL.osw
03-20 21:48:11.509 17688 17910 I AXL : NvFOpen: AUDIO/SFX/GENRL.osw
03-20 21:48:11.518 17688 17910 I AXL : NvFOpen: AUDIO/SFX/GENRL.osw
03-20 21:48:11.522 17688 17910 I AXL : NvFOpen: AUDIO/SFX/GENRL.osw
03-20 21:48:11.583 17688 17898 I AXL : NvFOpen: GTASAsf10.b
03-20 21:48:11.585 17688 17898 I AXL : Creating "MultiPlayer" button.. (struct:
0xACC70F9C)
03-20 21:48:11.586 17688 17910 I AXL : NvFOpen: AUDIO/SFX/GENRL.osw
03-20 21:48:11.603 17688 17910 I AXL : NvFOpen: AUDIO/17688 17910 I AXL :
NvFOpen: AUDIO/SFX/GENRL.osw
03-20 21:48:11.492 17688 17910 I AXL : NvFOpen: AUDIO/SFX/GENRL.osw
03-20 21:48:11.505 17688 17910 I AXL : NvFOpen: AUDIO/SFX/GENRL.osw
03-20 21:48:11.509 17688 17910 I AXL : NvFOpen: AUDIO/SFX/GENRL.osw
03-20 21:48:11.518 17688 17910 I AXL : NvFOpen: AUDIO/SFX/GENRL.osw
03-20 21:48:11.522 17688 17910 I AXL : NvFOpen: AUDIO/SFX/GENRL.osw
03-20 21:48:11.583 17688 17898 I AXL : NvFOpen: GTASAsf10.b
03-20 21:48:11.585 17688 17898 I AXL : Creating "MultiPlayer" button.. (struct:
0xACC70F9C)
03-20 21:48:11.586 17688 17910 I AXL : NvFOpen: AUDIO/SFX/GENRL.osw
03-20 21:48:11.603 17688 17910 I AXL : NvFOpen: AUDIO/SFX/GENRL.osw
03-20 21:48:11.604 17688 17898 I AXL : NvFOpen: scache.txt
03-20 21:48:11.607 17688 17897 D hw-ProcessState: Binder ioctl to enable oneway
spam detection failed: Invalid argument
03-20 21:48:11.627 17688 17910 I AXL : NvFOpen: AUDIO/SFX/GENRL.osw
03-20 21:48:11.641 17688 17910 I AXL : NvFOpen: AUDIO/SFX/GENRL.osw
03-20 21:48:11.653 17688 17910 I AXL : NvFOpen: AUDIO/SFX/GENRL.osw
03-20 21:48:11.661 17688 17910 I AXL : NvFOpen: AUDIO/SFX/GENRL.osw
03-20 21:48:11.670 17688 17910 I AXL : NvFOpen: AUDIO/SFX/GENRL.osw
03-20 21:48:11.674 17688 17910 I AXL : NvFOpen: AUDIO/SFX/GENRL.osw
03-20 21:48:11.680 17688 17910 I AXL : NvFOpen: AUDIO/SFX/GENRL.osw
03-20 21:48:11.687 17688 17910 I AXL : NvFOpen: AUDIO/SFX/GENRL.osw
03-20 21:48:11.696 17688 17910 I AXL : NvFOpen: AUDIO/SFX/GENRL.osw
03-20 21:48:11.702 17688 17910 I AXL : NvFOpen: AUDIO/SFX/GENRL.osw
03-20 21:48:11.707 17688 17910 I AXL : NvFOpen: AUDIO/SFX/GENRL.osw
03-20 21:48:11.712 17688 17910 I AXL : NvFOpen: AUDIO/SFX/GENRL.osw
03-20 21:48:11.718 17688 17910 I AXL : NvFOpen: AUDIO/SFX/GENRL.osw
03-20 21:48:11.722 17688 17910 I AXL : NvFOpen: AUDIO/SFX/GENRL.osw
03-20 21:48:11.727 17688 17910 I AXL : NvFOpen: AUDIO/SFX/GENRL.osw
03-20 21:48:11.735 17688 17910 I AXL : NvFOpen: AUDIO/SFX/GENRL.osw
03-20 21:48:11.741 17688 17910 I AXL : NvFOpen: AUDIO/SFX/GENRL.osw
03-20 21:48:11.747 17688 17910 I AXL : NvFOpen: AUDIO/SFX/GENRL.osw
03-20 21:48:11.752 17688 17910 I AXL : NvFOpen: AUDIO/SFX/GENRL.osw
03-20 21:48:11.757 17688 17910 I AXL : NvFOpen: AUDIO/SFX/GENRL.osw
03-20 21:48:11.762 17688 17910 I AXL : NvFOpen: AUDIO/SFX/GENRL.osw
03-20 21:48:11.767 17688 17910 I AXL : NvFOpen: AUDIO/SFX/GENRL.osw
03-20 21:48:11.769 17688 17910 I AXL : NvFOpen: AUDIO/SFX/GENRL.osw
03-20 21:48:11.773 17688 17910 I AXL : NvFOpen: AUDIO/SFX/GENRL.osw
03-20 21:48:11.778 17688 17910 I AXL : NvFOpen: AUDIO/SFX/GENRL.osw
03-20 21:48:11.784 17688 17910 I AXL : NvFOpen: AUDIO/SFX/GENRL.osw
03-20 21:48:11.790 17688 17910 I AXL : NvFOpen: AUDIO/SFX/GENRL.osw
03-20 21:48:11.799 17688 17910 I AXL : NvFOpen: AUDIO/SFX/GENRL.osw
03-20 21:48:11.813 17688 17910 I AXL : NvFOpen: AUDIO/SFX/GENRL.osw
03-20 21:48:11.825 17688 17910 I AXL : NvFOpen: AUDIO/SFX/GENRL.osw
03-20 21:48:11.832 17688 17910 I AXL : NvFOpen: AUDIO/SFX/GENRL.osw
03-20 21:48:11.839 17688 17910 I AXL : NvFOpen: AUDIO/SFX/GENRL.osw
03-20 21:48:11.846 17688 17910 I AXL : NvFOpen: AUDIO/SFX/GENRL.osw
03-20 21:48:11.861 17688 17897 E libEGL : pre_cache appList: ,,,,,,
03-20 21:48:11.908 17688 17910 I AXL : NvFOpen: AUDIO/SFX/GENRL.osw
03-20 21:48:11.943 17688 17910 I AXL : NvFOpen: AUDIO/SFX/FEET.osw
03-20 21:48:11.956 17688 17910 I AXL : NvFOpen: AUDIO/SFX/FEET.osw
03-20 21:48:11.960 17688 17910 I AXL : NvFOpen: AUDIO/SFX/FEET.osw
03-20 21:48:11.965 17688 17910 I AXL : NvFOpen: AUDIO/SFX/FEET.osw
03-20 21:48:11.968 17688 17910 I AXL : NvFOpen: AUDIO/SFX/FEET.osw
03-20 21:48:11.971 17688 17897 I System.out: swapBuffer wait
03-20 21:48:11.972 17688 17910 I AXL : NvFOpen: AUDIO/SFX/FEET.osw
03-20 21:48:11.973 17688 17898 I AXL : CGame: InitInMenu
03-20 21:48:11.973 17688 17898 I AXL : Installing patches..
03-20 21:48:11.976 17688 17910 I AXL : NvFOpen: AUDIO/SFX/FEET.SFX/GENRL.osw
03-20 21:48:11.604 17688 17898 I AXL : NvFOpen: scache.txt
03-20 21:48:11.607 17688 17897 D hw-ProcessState: Binder ioctl to enable oneway
spam detection failed: Invalid argument
03-20 21:48:11.627 17688 17910 I AXL : NvFOpen: AUDIO/SFX/GENRL.osw
03-20 21:48:11.641 17688 17910 I AXL : NvFOpen: AUDIO/SFX/GENRL.osw
03-20 21:48:11.653 17688 17910 I AXL : NvFOpen: AUDIO/SFX/GENRL.osw
03-20 21:48:11.661 17688 17910 I AXL : NvFOpen: AUDIO/SFX/GENRL.osw
03-20 21:48:11.670 17688 17910 I AXL : NvFOpen: AUDIO/SFX/GENRL.osw
03-20 21:48:11.674 17688 17910 I AXL : NvFOpen: AUDIO/SFX/GENRL.osw
03-20 21:48:11.680 17688 17910 I AXL : NvFOpen: AUDIO/SFX/GENRL.osw
03-20 21:48:11.687 17688 17910 I AXL : NvFOpen: AUDIO/SFX/GENRL.osw
03-20 21:48:11.696 17688 17910 I AXL : NvFOpen: AUDIO/SFX/GENRL.osw
03-20 21:48:11.702 17688 17910 I AXL : NvFOpen: AUDIO/SFX/GENRL.osw
03-20 21:48:11.707 17688 17910 I AXL : NvFOpen: AUDIO/SFX/GENRL.osw
03-20 21:48:11.712 17688 17910 I AXL : NvFOpen: AUDIO/SFX/GENRL.osw
03-20 21:48:11.718 17688 17910 I AXL : NvFOpen: AUDIO/SFX/GENRL.osw
03-20 21:48:11.722 17688 17910 I AXL : NvFOpen: AUDIO/SFX/GENRL.osw
03-20 21:48:11.727 17688 17910 I AXL : NvFOpen: AUDIO/SFX/GENRL.osw
03-20 21:48:11.735 17688 17910 I AXL : NvFOpen: AUDIO/SFX/GENRL.osw
03-20 21:48:11.741 17688 17910 I AXL : NvFOpen: AUDIO/SFX/GENRL.osw
03-20 21:48:11.747 17688 17910 I AXL : NvFOpen: AUDIO/SFX/GENRL.osw
03-20 21:48:11.752 17688 17910 I AXL : NvFOpen: AUDIO/SFX/GENRL.osw
03-20 21:48:11.757 17688 17910 I AXL : NvFOpen: AUDIO/SFX/GENRL.osw
03-20 21:48:11.762 17688 17910 I AXL : NvFOpen: AUDIO/SFX/GENRL.osw
03-20 21:48:11.767 17688 17910 I AXL : NvFOpen: AUDIO/SFX/GENRL.osw
03-20 21:48:11.769 17688 17910 I AXL : NvFOpen: AUDIO/SFX/GENRL.osw
03-20 21:48:11.773 17688 17910 I AXL : NvFOpen: AUDIO/SFX/GENRL.osw
03-20 21:48:11.778 17688 17910 I AXL : NvFOpen: AUDIO/SFX/GENRL.osw
03-20 21:48:11.784 17688 17910 I AXL : NvFOpen: AUDIO/SFX/GENRL.osw
03-20 21:48:11.790 17688 17910 I AXL : NvFOpen: AUDIO/SFX/GENRL.osw
03-20 21:48:11.799 17688 17910 I AXL : NvFOpen: AUDIO/SFX/GENRL.osw
03-20 21:48:11.813 17688 17910 I AXL : NvFOpen: AUDIO/SFX/GENRL.osw
03-20 21:48:11.825 17688 17910 I AXL : NvFOpen: AUDIO/SFX/GENRL.osw
03-20 21:48:11.832 17688 17910 I AXL : NvFOpen: AUDIO/SFX/GENRL.osw
03-20 21:48:11.839 17688 17910 I AXL : NvFOpen: AUDIO/SFX/GENRL.osw
03-20 21:48:11.846 17688 17910 I AXL : NvFOpen: AUDIO/SFX/GENRL.osw
03-20 21:48:11.861 17688 17897 E libEGL : pre_cache appList: ,,,,,,
03-20 21:48:11.908 17688 17910 I AXL : NvFOpen: AUDIO/SFX/GENRL.osw
03-20 21:48:11.943 17688 17910 I AXL : NvFOpen: AUDIO/SFX/FEET.osw
03-20 21:48:11.956 17688 17910 I AXL : NvFOpen: AUDIO/SFX/FEET.osw
03-20 21:48:11.960 17688 17910 I AXL : NvFOpen: AUDIO/SFX/FEET.osw
03-20 21:48:11.965 17688 17910 I AXL : NvFOpen: AUDIO/SFX/FEET.osw
03-20 21:48:11.968 17688 17910 I AXL : NvFOpen: AUDIO/SFX/FEET.osw
03-20 21:48:11.971 17688 17897 I System.out: swapBuffer wait
03-20 21:48:11.972 17688 17910 I AXL : NvFOpen: AUDIO/SFX/FEET.osw
03-20 21:48:11.973 17688 17898 I AXL : CGame: InitInMenu
03-20 21:48:11.973 17688 17898 I AXL : Installing patches..
03-20 21:48:11.976 17688 17910 I AXL : NvFOpen: AUDIO/SFX/FEET.osw
03-20 21:48:11.980 17688 17910 I AXL : NvFOpen: AUDIO/SFX/FEET.osw
03-20 21:48:11.982 17688 17898 I AXL : SetUpHook: 0xB20F59B0 -> 0xB2C70AB1
03-20 21:48:11.982 17688 17898 I AXL : SetUpHook: 0xB20F4338 -> 0xB2C70A41
03-20 21:48:11.982 17688 17898 I AXL : SetUpHook: 0xB20F5178 -> 0xB2C70A75
03-20 21:48:11.983 17688 17898 I AXL : SetUpHook: 0xB2240784 -> 0xB2C751D9
03-20 21:48:11.983 17688 17898 I AXL : SetUpHook: 0xB22407A0 -> 0xB2C7523D
03-20 21:48:11.983 17688 17898 I AXL : SetUpHook: 0xB211A47C -> 0xB2C75275
03-20 21:48:11.983 17688 17898 I AXL : SetUpHook: 0xB21A8528 -> 0xB2C74E61
03-20 21:48:11.984 17688 17898 I AXL : SetUpHook: 0xB23E79D8 -> 0xB2C75osw
03-20 21:48:11.980 17688 17910 I AXL : NvFOpen: AUDIO/SFX/FEET.osw
03-20 21:48:11.982 17688 17898 I AXL : SetUpHook: 0xB20F59B0 -> 0xB2C70AB1
03-20 21:48:11.982 17688 17898 I AXL : SetUpHook: 0xB20F4338 -> 0xB2C70A41
03-20 21:48:11.982 17688 17898 I AXL : SetUpHook: 0xB20F5178 -> 0xB2C70A75
03-20 21:48:11.983 17688 17898 I AXL : SetUpHook: 0xB2240784 -> 0xB2C751D9
03-20 21:48:11.983 17688 17898 I AXL : SetUpHook: 0xB22407A0 -> 0xB2C7523D
03-20 21:48:11.983 17688 17898 I AXL : SetUpHook: 0xB211A47C -> 0xB2C75275
03-20 21:48:11.983 17688 17898 I AXL : SetUpHook: 0xB21A8528 -> 0xB2C74E61
03-20 21:48:11.984 17688 17898 I AXL : SetUpHook: 0xB23E79D8 -> 0xB2C750A1
03-20 21:48:11.984 17688 17898 I AXL : SetUpHook: 0xB23D39AC -> 0xB2C74099
03-20 21:48:11.985 17688 17898 I AXL : SetUpHook: 0xB22EE6AC -> 0xB2C75165
03-20 21:48:11.985 17688 17898 I AXL : SetUpHook: 0xB2102398 -> 0xB2C72939
03-20 21:48:11.986 17688 17910 I AXL : NvFOpen: AUDIO/SFX/FEET.osw
03-20 21:48:11.986 17688 17898 I AXL : SetUpHook: 0xB2258CA8 -> 0xB2C70CE9
03-20 21:48:11.986 17688 17898 I AXL : SetUpHook: 0xB221BEF4 -> 0xB2C708C9
03-20 21:48:11.986 17688 17898 I AXL : SetUpHook: 0xB221C098 -> 0xB2C70A05
03-20 21:48:11.986 17688 17898 I AXL : SetUpHook: 0xB20BAD5C -> 0xB2C70D81
03-20 21:48:11.986 17688 17898 I AXL : SetUpHook: 0xB210F83C -> 0xB2C70F4D
03-20 21:48:11.986 17688 17898 I AXL : SetUpHook: 0xB21B7690 -> 0xB2C7107D
03-20 21:48:11.986 17688 17898 I AXL : SetUpHook: 0xB225CA88 -> 0xB2C71109
03-20 21:48:11.986 17688 17898 I AXL : SetUpHook: 0xB225BF84 -> 0xB2C7110D
03-20 21:48:11.986 17688 17898 I AXL : SetUpHook: 0xB225F9A8 -> 0xB2C71299
03-20 21:48:11.986 17688 17898 I AXL : SetUpHook: 0xB22480C0 -> 0xB2C74911
03-20 21:48:11.986 17688 17898 I AXL : SetUpHook: 0xB2303E60 -> 0xB2C713C1
03-20 21:48:11.986 17688 17898 I AXL : SetUpHook: 0xB23043CC -> 0xB2C713F1
03-20 21:48:11.986 17688 17898 I AXL : CodeInject: 0xB215A9F4 -> 0xb2c712fd
(register: r1)
03-20 21:48:11.986 17688 17898 I AXL : SetUpHook: 0xB21B7268 -> 0xB2C71BA5
03-20 21:48:11.986 17688 17898 I AXL : SetUpHook: 0xB23E8964 -> 0xB2C746C5
03-20 21:48:11.986 17688 17898 I AXL : SetUpHook: 0xB23E768C -> 0xB2C747E9
03-20 21:48:11.986 17688 17898 I AXL : SetUpHook: 0xB21B7618 -> 0xB2C71C29
03-20 21:48:11.986 17688 17898 I AXL : SetUpHook: 0xB2281390 -> 0xB2C71CD9
03-20 21:48:11.986 17688 17898 I AXL : SetUpHook: 0xB239DEF4 -> 0xB2C71CE5
03-20 21:48:11.986 17688 17898 I AXL : SetUpHook: 0xB21BEFF4 -> 0xB2C71CF5
03-20 21:48:11.986 17688 17898 I AXL : SetUpHook: 0xB210FB10 -> 0xB2C71D89
03-20 21:48:11.987 17688 17898 I AXL : SetUpHook: 0xB21BEA5C -> 0xB2C71B45
03-20 21:48:11.987 17688 17898 I AXL : SetUpHook: 0xB23B2118 -> 0xB2C71B59
03-20 21:48:11.987 17688 17898 I AXL : SetUpHook: 0xB202FCC0 -> 0xB2C71B2D
03-20 21:48:11.987 17688 17898 I AXL : SetUpHook: 0xB2160D30 -> 0xB2C71B6D
03-20 21:48:11.987 17688 17898 I AXL : SetUpHook: 0xB21BBD78 -> 0xB2C71B85
03-20 21:48:11.987 17688 17898 I AXL : SetUpHook: 0xB2391B08 -> 0xB2C74D19
03-20 21:48:11.987 17688 17898 I AXL : SetUpHook: 0xB2256894 -> 0xB2C71D95
03-20 21:48:11.987 17688 17898 I AXL : SetUpHook: 0xB20F7510 -> 0xB2C71EED
03-20 21:48:11.987 17688 17898 I AXL : SetUpHook: 0xB2242BF8 -> 0xB2C7202D
03-20 21:48:11.987 17688 17898 I AXL : SetUpHook: 0xB2216994 -> 0xB2C720B5
03-20 21:48:11.987 17688 17898 I AXL : SetUpHook: 0xB2212E20 -> 0xB2C72229
03-20 21:48:11.987 17688 17898 I AXL : SetUpHook: 0xB20D9910 -> 0xB2C727A9
03-20 21:48:11.987 17688 17898 I AXL : SetUpHook: 0xB222D114 -> 0xB2C727DD
03-20 21:48:11.987 17688 17898 I AXL : SetUpHook: 0xB21B6CC0 -> 0xB2C72885
03-20 21:48:11.987 17688 17898 I AXL : SetUpHook: 0xB203D314 -> 0xB2C72955
03-20 21:48:11.987 17688 17898 I AXL : SetUpHook: 0xB2029530 -> 0xB2C72A29
03-20 21:48:11.987 17688 17898 I AXL : SetUpHook: 0xB203AD74 -> 0xB2C72AAD
03-20 21:48:11.987 17688 17898 I AXL : SetUpHook: 0xB21B9CB0A1
03-20 21:48:11.984 17688 17898 I AXL : SetUpHook: 0xB23D39AC -> 0xB2C74099
03-20 21:48:11.985 17688 17898 I AXL : SetUpHook: 0xB22EE6AC -> 0xB2C75165
03-20 21:48:11.985 17688 17898 I AXL : SetUpHook: 0xB2102398 -> 0xB2C72939
03-20 21:48:11.986 17688 17910 I AXL : NvFOpen: AUDIO/SFX/FEET.osw
03-20 21:48:11.986 17688 17898 I AXL : SetUpHook: 0xB2258CA8 -> 0xB2C70CE9
03-20 21:48:11.986 17688 17898 I AXL : SetUpHook: 0xB221BEF4 -> 0xB2C708C9
03-20 21:48:11.986 17688 17898 I AXL : SetUpHook: 0xB221C098 -> 0xB2C70A05
03-20 21:48:11.986 17688 17898 I AXL : SetUpHook: 0xB20BAD5C -> 0xB2C70D81
03-20 21:48:11.986 17688 17898 I AXL : SetUpHook: 0xB210F83C -> 0xB2C70F4D
03-20 21:48:11.986 17688 17898 I AXL : SetUpHook: 0xB21B7690 -> 0xB2C7107D
03-20 21:48:11.986 17688 17898 I AXL : SetUpHook: 0xB225CA88 -> 0xB2C71109
03-20 21:48:11.986 17688 17898 I AXL : SetUpHook: 0xB225BF84 -> 0xB2C7110D
03-20 21:48:11.986 17688 17898 I AXL : SetUpHook: 0xB225F9A8 -> 0xB2C71299
03-20 21:48:11.986 17688 17898 I AXL : SetUpHook: 0xB22480C0 -> 0xB2C74911
03-20 21:48:11.986 17688 17898 I AXL : SetUpHook: 0xB2303E60 -> 0xB2C713C1
03-20 21:48:11.986 17688 17898 I AXL : SetUpHook: 0xB23043CC -> 0xB2C713F1
03-20 21:48:11.986 17688 17898 I AXL : CodeInject: 0xB215A9F4 -> 0xb2c712fd
(register: r1)
03-20 21:48:11.986 17688 17898 I AXL : SetUpHook: 0xB21B7268 -> 0xB2C71BA5
03-20 21:48:11.986 17688 17898 I AXL : SetUpHook: 0xB23E8964 -> 0xB2C746C5
03-20 21:48:11.986 17688 17898 I AXL : SetUpHook: 0xB23E768C -> 0xB2C747E9
03-20 21:48:11.986 17688 17898 I AXL : SetUpHook: 0xB21B7618 -> 0xB2C71C29
03-20 21:48:11.986 17688 17898 I AXL : SetUpHook: 0xB2281390 -> 0xB2C71CD9
03-20 21:48:11.986 17688 17898 I AXL : SetUpHook: 0xB239DEF4 -> 0xB2C71CE5
03-20 21:48:11.986 17688 17898 I AXL : SetUpHook: 0xB21BEFF4 -> 0xB2C71CF5
03-20 21:48:11.986 17688 17898 I AXL : SetUpHook: 0xB210FB10 -> 0xB2C71D89
03-20 21:48:11.987 17688 17898 I AXL : SetUpHook: 0xB21BEA5C -> 0xB2C71B45
03-20 21:48:11.987 17688 17898 I AXL : SetUpHook: 0xB23B2118 -> 0xB2C71B59
03-20 21:48:11.987 17688 17898 I AXL : SetUpHook: 0xB202FCC0 -> 0xB2C71B2D
03-20 21:48:11.987 17688 17898 I AXL : SetUpHook: 0xB2160D30 -> 0xB2C71B6D
03-20 21:48:11.987 17688 17898 I AXL : SetUpHook: 0xB21BBD78 -> 0xB2C71B85
03-20 21:48:11.987 17688 17898 I AXL : SetUpHook: 0xB2391B08 -> 0xB2C74D19
03-20 21:48:11.987 17688 17898 I AXL : SetUpHook: 0xB2256894 -> 0xB2C71D95
03-20 21:48:11.987 17688 17898 I AXL : SetUpHook: 0xB20F7510 -> 0xB2C71EED
03-20 21:48:11.987 17688 17898 I AXL : SetUpHook: 0xB2242BF8 -> 0xB2C7202D
03-20 21:48:11.987 17688 17898 I AXL : SetUpHook: 0xB2216994 -> 0xB2C720B5
03-20 21:48:11.987 17688 17898 I AXL : SetUpHook: 0xB2212E20 -> 0xB2C72229
03-20 21:48:11.987 17688 17898 I AXL : SetUpHook: 0xB20D9910 -> 0xB2C727A9
03-20 21:48:11.987 17688 17898 I AXL : SetUpHook: 0xB222D114 -> 0xB2C727DD
03-20 21:48:11.987 17688 17898 I AXL : SetUpHook: 0xB21B6CC0 -> 0xB2C72885
03-20 21:48:11.987 17688 17898 I AXL : SetUpHook: 0xB203D314 -> 0xB2C72955
03-20 21:48:11.987 17688 17898 I AXL : SetUpHook: 0xB2029530 -> 0xB2C72A29
03-20 21:48:11.987 17688 17898 I AXL : SetUpHook: 0xB203AD74 -> 0xB2C72AAD
03-20 21:48:11.987 17688 17898 I AXL : SetUpHook: 0xB21B9CBC -> 0xB2C72BC5
03-20 21:48:11.987 17688 17898 I AXL : SetUpHook: 0xB238EEF4 -> 0xB2C72C51
03-20 21:48:11.987 17688 17898 I AXL : SetUpHook: 0xB22196CC -> 0xB2C72D25
03-20 21:48:11.987 17688 17898 I AXL : SetUpHook: 0xB2232778 -> 0xB2C72FBD
03-20 21:48:11.988 17688 17898 I AXL : SetUpHook: 0xB2355A6C -> 0xB2C72FD5
03-20 21:48:11.988 17688 17898 I AXL : SetUpHook: 0xB2219334 -> 0xB2C7309D
03-20 21:48:11.988 17688 17898 I AXL : SetUpHook: 0xB23C76EC -> 0xB2C7314D
03-20 21:48:11.988 17688 17898 I AXL : SetUpHook: 0xB2399EC4 -> 0xB2C73399
03-20 21:48:11.988 17688 17898 I AXL : SetUpHook: 0xB236771C -> 0xB2C736A9
03-20 21:48:11.988 17688 17898 I AXL : SetUpHook: 0C -> 0xB2C72BC5
03-20 21:48:11.987 17688 17898 I AXL : SetUpHook: 0xB238EEF4 -> 0xB2C72C51
03-20 21:48:11.987 17688 17898 I AXL : SetUpHook: 0xB22196CC -> 0xB2C72D25
03-20 21:48:11.987 17688 17898 I AXL : SetUpHook: 0xB2232778 -> 0xB2C72FBD
03-20 21:48:11.988 17688 17898 I AXL : SetUpHook: 0xB2355A6C -> 0xB2C72FD5
03-20 21:48:11.988 17688 17898 I AXL : SetUpHook: 0xB2219334 -> 0xB2C7309D
03-20 21:48:11.988 17688 17898 I AXL : SetUpHook: 0xB23C76EC -> 0xB2C7314D
03-20 21:48:11.988 17688 17898 I AXL : SetUpHook: 0xB2399EC4 -> 0xB2C73399
03-20 21:48:11.988 17688 17898 I AXL : SetUpHook: 0xB236771C -> 0xB2C736A9
03-20 21:48:11.988 17688 17898 I AXL : SetUpHook: 0xB235D6E8 -> 0xB2C73685
03-20 21:48:11.988 17688 17898 I AXL : SetUpHook: 0xB2269D48 -> 0xB2C734C9
03-20 21:48:11.988 17688 17898 I AXL : SetUpHook: 0xB2269884 -> 0xB2C73615
03-20 21:48:11.988 17688 17898 I AXL : SetUpHook: 0xB22EDEF4 -> 0xB2C73795
03-20 21:48:11.988 17688 17898 I AXL : SetUpHook: 0xB225B86C -> 0xB2C737B9
03-20 21:48:11.988 17688 17898 I AXL : SetUpHook: 0xB23D39FC -> 0xB2C7382D
03-20 21:48:11.988 17688 17898 I AXL : SetUpHook: 0xB23B63B4 -> 0xB2C73B71
03-20 21:48:11.988 17688 17898 I AXL : SetUpHook: 0xB23D365C -> 0xB2C73E31
03-20 21:48:11.988 17688 17898 I AXL : SetUpHook: 0xB20FE8A8 -> 0xB2C73B45
03-20 21:48:11.988 17688 17898 I AXL : SetUpHook: 0xB20FDE88 -> 0xB2C74119
03-20 21:48:11.988 17688 17898 I AXL : SetUpHook: 0xB220AD74 -> 0xB2C74301
03-20 21:48:11.988 17688 17898 I AXL : SetUpHook: 0xB221EC68 -> 0xB2C74539
03-20 21:48:11.988 17688 17898 I AXL : SetUpHook: 0xB219C164 -> 0xB2C74659
03-20 21:48:11.988 17688 17898 I AXL : SetUpHook: 0xB22BB17C -> 0xB2C74695
03-20 21:48:11.988 17688 17898 I AXL : SetUpHook: 0xB2032808 -> 0xB2C751A1
03-20 21:48:11.989 17688 17898 I AXL : SetUpHook: 0xB2065AE4 -> 0xB2C751B5
03-20 21:48:11.989 17688 17898 I AXL : SetUpHook: 0xB22DB280 -> 0xB2C7A5AD
03-20 21:48:11.989 17688 17898 I AXL : SetUpHook: 0xB221E08C -> 0xB2C79B75
03-20 21:48:11.989 17688 17898 I AXL : SetUpHook: 0xB221E110 -> 0xB2C79BE1
03-20 21:48:11.989 17688 17898 I AXL : SetUpHook: 0xB221E54C -> 0xB2C7A241
03-20 21:48:11.989 17688 17898 I AXL : SetUpHook: 0xB221E528 -> 0xB2C7A2DD
03-20 21:48:11.989 17688 17898 I AXL : SetUpHook: 0xB221E344 -> 0xB2C7A379
03-20 21:48:11.989 17688 17898 I AXL : SetUpHook: 0xB221E368 -> 0xB2C7A3F1
03-20 21:48:11.989 17688 17898 I AXL : SetUpHook: 0xB221FAA4 -> 0xB2C79C4D
03-20 21:48:11.989 17688 17898 I AXL : SetUpHook: 0xB221F9B8 -> 0xB2C79CA1
03-20 21:48:11.989 17688 17898 I AXL : SetUpHook: 0xB221F96C -> 0xB2C79D1D
03-20 21:48:11.989 17688 17898 I AXL : SetUpHook: 0xB221F824 -> 0xB2C79D85
03-20 21:48:11.989 17688 17898 I AXL : SetUpHook: 0xB221F8C0 -> 0xB2C79DD9
03-20 21:48:11.989 17688 17898 I AXL : SetUpHook: 0xB221FA0C -> 0xB2C79E2D
03-20 21:48:11.989 17688 17898 I AXL : SetUpHook: 0xB221FA4C -> 0xB2C79E81
03-20 21:48:11.989 17688 17898 I AXL : SetUpHook: 0xB221ED9C -> 0xB2C79F05
03-20 21:48:11.989 17688 17898 I AXL : SetUpHook: 0xB221F038 -> 0xB2C7A955
03-20 21:48:11.989 17688 17898 I AXL : SetUpHook: 0xB221F498 -> 0xB2C7AA39
03-20 21:48:11.989 17688 17898 I AXL : SetUpHook: 0xB221F418 -> 0xB2C7AA01
03-20 21:48:11.989 17688 17898 I AXL : SetUpHook: 0xB2342748 -> 0xB2C7A9E1
03-20 21:48:11.989 17688 17898 I AXL : SetUpHook: 0xB221F7B0 -> 0xB2C79ED9
03-20 21:48:11.989 17688 17898 I AXL : SetUpHook: 0xB221EB50 -> 0xB2C79F79
03-20 21:48:11.989 17688 17898 I AXL : SetUpHook: 0xB221D9E4 -> 0xB2C79FC9
03-20 21:48:11.989 17688 17898 I AXL : SetUpHook: 0xB221DBF0 -> 0xB2C7A00D
03-20 21:48:11.989 17688 17898 I AXL : SetUpHook: 0xB221EB7C -> 0xB2C7A049
03-20 21:48:11.989 17688 17898 I AXL : SetUpHook: 0xB221E938 -> 0xB2C7A111
03-20 21:48:11.989 17688 17898 I AXL : SetUpHook: 0xB221E754 -> 0xB2C7A159
03-20 21:48:11.990 17688 17898 I AXL : SetUpHook: 0xB221E4F8 -> 0xB2C7A469
03-20 21:48:11.990 17688 17898 I AXL : SetUpHooxB235D6E8 -> 0xB2C73685
03-20 21:48:11.988 17688 17898 I AXL : SetUpHook: 0xB2269D48 -> 0xB2C734C9
03-20 21:48:11.988 17688 17898 I AXL : SetUpHook: 0xB2269884 -> 0xB2C73615
03-20 21:48:11.988 17688 17898 I AXL : SetUpHook: 0xB22EDEF4 -> 0xB2C73795
03-20 21:48:11.988 17688 17898 I AXL : SetUpHook: 0xB225B86C -> 0xB2C737B9
03-20 21:48:11.988 17688 17898 I AXL : SetUpHook: 0xB23D39FC -> 0xB2C7382D
03-20 21:48:11.988 17688 17898 I AXL : SetUpHook: 0xB23B63B4 -> 0xB2C73B71
03-20 21:48:11.988 17688 17898 I AXL : SetUpHook: 0xB23D365C -> 0xB2C73E31
03-20 21:48:11.988 17688 17898 I AXL : SetUpHook: 0xB20FE8A8 -> 0xB2C73B45
03-20 21:48:11.988 17688 17898 I AXL : SetUpHook: 0xB20FDE88 -> 0xB2C74119
03-20 21:48:11.988 17688 17898 I AXL : SetUpHook: 0xB220AD74 -> 0xB2C74301
03-20 21:48:11.988 17688 17898 I AXL : SetUpHook: 0xB221EC68 -> 0xB2C74539
03-20 21:48:11.988 17688 17898 I AXL : SetUpHook: 0xB219C164 -> 0xB2C74659
03-20 21:48:11.988 17688 17898 I AXL : SetUpHook: 0xB22BB17C -> 0xB2C74695
03-20 21:48:11.988 17688 17898 I AXL : SetUpHook: 0xB2032808 -> 0xB2C751A1
03-20 21:48:11.989 17688 17898 I AXL : SetUpHook: 0xB2065AE4 -> 0xB2C751B5
03-20 21:48:11.989 17688 17898 I AXL : SetUpHook: 0xB22DB280 -> 0xB2C7A5AD
03-20 21:48:11.989 17688 17898 I AXL : SetUpHook: 0xB221E08C -> 0xB2C79B75
03-20 21:48:11.989 17688 17898 I AXL : SetUpHook: 0xB221E110 -> 0xB2C79BE1
03-20 21:48:11.989 17688 17898 I AXL : SetUpHook: 0xB221E54C -> 0xB2C7A241
03-20 21:48:11.989 17688 17898 I AXL : SetUpHook: 0xB221E528 -> 0xB2C7A2DD
03-20 21:48:11.989 17688 17898 I AXL : SetUpHook: 0xB221E344 -> 0xB2C7A379
03-20 21:48:11.989 17688 17898 I AXL : SetUpHook: 0xB221E368 -> 0xB2C7A3F1
03-20 21:48:11.989 17688 17898 I AXL : SetUpHook: 0xB221FAA4 -> 0xB2C79C4D
03-20 21:48:11.989 17688 17898 I AXL : SetUpHook: 0xB221F9B8 -> 0xB2C79CA1
03-20 21:48:11.989 17688 17898 I AXL : SetUpHook: 0xB221F96C -> 0xB2C79D1D
03-20 21:48:11.989 17688 17898 I AXL : SetUpHook: 0xB221F824 -> 0xB2C79D85
03-20 21:48:11.989 17688 17898 I AXL : SetUpHook: 0xB221F8C0 -> 0xB2C79DD9
03-20 21:48:11.989 17688 17898 I AXL : SetUpHook: 0xB221FA0C -> 0xB2C79E2D
03-20 21:48:11.989 17688 17898 I AXL : SetUpHook: 0xB221FA4C -> 0xB2C79E81
03-20 21:48:11.989 17688 17898 I AXL : SetUpHook: 0xB221ED9C -> 0xB2C79F05
03-20 21:48:11.989 17688 17898 I AXL : SetUpHook: 0xB221F038 -> 0xB2C7A955
03-20 21:48:11.989 17688 17898 I AXL : SetUpHook: 0xB221F498 -> 0xB2C7AA39
03-20 21:48:11.989 17688 17898 I AXL : SetUpHook: 0xB221F418 -> 0xB2C7AA01
03-20 21:48:11.989 17688 17898 I AXL : SetUpHook: 0xB2342748 -> 0xB2C7A9E1
03-20 21:48:11.989 17688 17898 I AXL : SetUpHook: 0xB221F7B0 -> 0xB2C79ED9
03-20 21:48:11.989 17688 17898 I AXL : SetUpHook: 0xB221EB50 -> 0xB2C79F79
03-20 21:48:11.989 17688 17898 I AXL : SetUpHook: 0xB221D9E4 -> 0xB2C79FC9
03-20 21:48:11.989 17688 17898 I AXL : SetUpHook: 0xB221DBF0 -> 0xB2C7A00D
03-20 21:48:11.989 17688 17898 I AXL : SetUpHook: 0xB221EB7C -> 0xB2C7A049
03-20 21:48:11.989 17688 17898 I AXL : SetUpHook: 0xB221E938 -> 0xB2C7A111
03-20 21:48:11.989 17688 17898 I AXL : SetUpHook: 0xB221E754 -> 0xB2C7A159
03-20 21:48:11.990 17688 17898 I AXL : SetUpHook: 0xB221E4F8 -> 0xB2C7A469
03-20 21:48:11.990 17688 17898 I AXL : SetUpHook: 0xB221E4C8 -> 0xB2C7A1A1
03-20 21:48:11.990 17688 17898 I AXL : SetUpHook: 0xB221EA1C -> 0xB2C7A555
03-20 21:48:11.990 17688 17898 I AXL : SetUpHook: 0xB221ED30 -> 0xB2C7AC75
03-20 21:48:11.990 17688 17910 I AXL : NvFOpen: AUDIO/SFX/GENRL.osw
03-20 21:48:11.992 17688 17898 I AXL : GUI | Display size: 2460.000000,
1080.000000
03-20 21:48:11.992 17688 17898 I AXL : GUI | Scale factor: 1.281250, 1.000000
Font size: 30.000000
03-20 21:48:11.992 17688 17898 I AXL : GUI | Loading font: visby-round-cf-
extra-bold.ttf
03-20 21:48:11.997 17688 17910 I AXL : NvFOpen: AUDIO/SFX/GENRL.osw
03-20 21:48:11.997 17688 17898 I AXL : GUI | ImFont pointer = 0xE03C7A40
03-20 21:48:k: 0xB221E4C8 -> 0xB2C7A1A1
03-20 21:48:11.990 17688 17898 I AXL : SetUpHook: 0xB221EA1C -> 0xB2C7A555
03-20 21:48:11.990 17688 17898 I AXL : SetUpHook: 0xB221ED30 -> 0xB2C7AC75
03-20 21:48:11.990 17688 17910 I AXL : NvFOpen: AUDIO/SFX/GENRL.osw
03-20 21:48:11.992 17688 17898 I AXL : GUI | Display size: 2460.000000,
1080.000000
03-20 21:48:11.992 17688 17898 I AXL : GUI | Scale factor: 1.281250, 1.000000
Font size: 30.000000
03-20 21:48:11.992 17688 17898 I AXL : GUI | Loading font: visby-round-cf-
extra-bold.ttf
03-20 21:48:11.997 17688 17910 I AXL : NvFOpen: AUDIO/SFX/GENRL.osw
03-20 21:48:11.997 17688 17898 I AXL : GUI | ImFont pointer = 0xE03C7A40
03-20 21:48:12.000 17688 17898 I AXL : Error: Texture (splash_icon) not found
in database (txd)
03-20 21:48:12.000 17688 17898 I AXL : Error: Texture (radardisc_r) not found
in database (samp)
03-20 21:48:12.000 17688 17898 I AXL : Initalizing KeyBoard..
03-20 21:48:12.000 17688 17898 I AXL : Size: 2460.000000, 594.000000. Pos:
0.000000, 486.000000
03-20 21:48:12.000 17688 17898 I AXL : font size: 70.000000. Key's height:
118.800003
03-20 21:48:12.000 17688 17898 I AXL : Initalizing KeyBoardHistory..
03-20 21:48:12.000 17688 17898 I AXL : InitENG
03-20 21:48:12.000 17688 17898 I AXL : InitRU
03-20 21:48:12.001 17688 17898 I AXL : InitNUM
03-20 21:48:12.001 17688 17898 I AXL : KeyBoard inited
03-20 21:48:12.001 17688 17898 I AXL : Loading afk_icon..
03-20 21:48:12.002 17688 17898 I AXL : KillList initialize
03-20 21:48:12.002 17688 17910 I AXL : NvFOpen: AUDIO/SFX/GENRL.osw
03-20 21:48:12.007 17688 17910 I AXL : NvFOpen: AUDIO/SFX/GENRL.osw
03-20 21:48:12.012 17688 17910 I AXL : NvFOpen: AUDIO/SFX/GENRL.osw
03-20 21:48:12.018 17688 17910 I AXL : NvFOpen: AUDIO/SFX/GENRL.osw
03-20 21:48:12.023 17688 17910 I AXL : NvFOpen: AUDIO/SFX/GENRL.osw
03-20 21:48:12.031 17688 17910 I AXL : NvFOpen: AUDIO/SFX/GENRL.osw
03-20 21:48:12.036 17688 17910 I AXL : NvFOpen: AUDIO/SFX/GENRL.osw
03-20 21:48:12.046 17688 17910 I AXL : NvFOpen: AUDIO/SFX/GENRL.osw
03-20 21:48:12.052 17688 17910 I AXL : NvFOpen: AUDIO/SFX/GENRL.osw
03-20 21:48:12.062 17688 17910 I AXL : NvFOpen: AUDIO/SFX/GENRL.osw
03-20 21:48:12.066 17688 17910 I AXL : NvFOpen: AUDIO/SFX/GENRL.osw
03-20 21:48:12.072 17688 17910 I AXL : NvFOpen: AUDIO/SFX/GENRL.osw
03-20 21:48:12.081 17688 17910 I AXL : NvFOpen: AUDIO/SFX/GENRL.osw
03-20 21:48:12.087 17688 17910 I AXL : NvFOpen: AUDIO/SFX/GENRL.osw
03-20 21:48:12.095 17688 17910 I AXL : NvFOpen: AUDIO/SFX/GENRL.osw
03-20 21:48:12.104 17688 17910 I AXL : NvFOpen: AUDIO/SFX/GENRL.osw
03-20 21:48:12.110 17688 17910 I AXL : NvFOpen: AUDIO/SFX/GENRL.osw
03-20 21:48:12.112 17688 17910 I AXL : NvFOpen: AUDIO/SFX/GENRL.osw
03-20 21:48:12.119 17688 17910 I AXL : NvFOpen: AUDIO/SFX/GENRL.osw
03-20 21:48:12.123 17688 17910 I AXL : NvFOpen: AUDIO/SFX/GENRL.osw
03-20 21:48:12.132 17688 17910 I AXL : NvFOpen: AUDIO/SFX/GENRL.osw
03-20 21:48:12.138 17688 17910 I AXL : NvFOpen: AUDIO/SFX/GENRL.osw
03-20 21:48:12.149 17688 17910 I AXL : NvFOpen: AUDIO/SFX/GENRL.osw
03-20 21:48:12.157 17688 17910 I AXL : NvFOpen: AUDIO/SFX/GENRL.osw
03-20 21:48:12.160 17688 17910 I AXL : NvFOpen: AUDIO/SFX/GENRL.osw
03-20 21:48:12.168 17688 17910 I AXL : NvFOpen: AUDIO/SFX/GENRL.osw
03-20 21:48:12.177 17688 17910 I AXL : NvFOpen: AUDIO/SFX/GENRL.osw
03-20 21:48:12.182 17688 17910 I AXL : NvFOpen: AUDIO/SFX/GENRL.osw
03-20 21:48:12.189 17688 17910 I AXL : NvFOpen: AUDIO/SFX/GENRL.osw
03-20 21:48:12.198 17688 17910 I AXL : NvFOpen: AUDIO/SFX/GENRL.osw
