03-20 21:48:12.208 17688 17910 I AXL : NvFOpen: AUDIO/SFX/GENRL.osw
03-20 21:48:12.212 17688 17910 I AXL : NvFOpen: AUDIO/SFX/GENRL.osw
03-20 21:48:12.216 17688 17910 I AXL : NvFOpen: AUDIO/SFX/GENRL.osw
03-20 21:48:12.219 17688 17910 I AXL : NvFOpen: AUDIO/SFX/GENRL.osw
03-20 21:48:12.224 17688 17910 I AXL : NvFOpen: AUDIO/SFX/GENRL.osw
03-20 21:48:12.227 12.000 17688 17898 I AXL : Error: Texture (splash_icon) not
found in database (txd)
03-20 21:48:12.000 17688 17898 I AXL : Error: Texture (radardisc_r) not found
in database (samp)
03-20 21:48:12.000 17688 17898 I AXL : Initalizing KeyBoard..
03-20 21:48:12.000 17688 17898 I AXL : Size: 2460.000000, 594.000000. Pos:
0.000000, 486.000000
03-20 21:48:12.000 17688 17898 I AXL : font size: 70.000000. Key's height:
118.800003
03-20 21:48:12.000 17688 17898 I AXL : Initalizing KeyBoardHistory..
03-20 21:48:12.000 17688 17898 I AXL : InitENG
03-20 21:48:12.000 17688 17898 I AXL : InitRU
03-20 21:48:12.001 17688 17898 I AXL : InitNUM
03-20 21:48:12.001 17688 17898 I AXL : KeyBoard inited
03-20 21:48:12.001 17688 17898 I AXL : Loading afk_icon..
03-20 21:48:12.002 17688 17898 I AXL : KillList initialize
03-20 21:48:12.002 17688 17910 I AXL : NvFOpen: AUDIO/SFX/GENRL.osw
03-20 21:48:12.007 17688 17910 I AXL : NvFOpen: AUDIO/SFX/GENRL.osw
03-20 21:48:12.012 17688 17910 I AXL : NvFOpen: AUDIO/SFX/GENRL.osw
03-20 21:48:12.018 17688 17910 I AXL : NvFOpen: AUDIO/SFX/GENRL.osw
03-20 21:48:12.023 17688 17910 I AXL : NvFOpen: AUDIO/SFX/GENRL.osw
03-20 21:48:12.031 17688 17910 I AXL : NvFOpen: AUDIO/SFX/GENRL.osw
03-20 21:48:12.036 17688 17910 I AXL : NvFOpen: AUDIO/SFX/GENRL.osw
03-20 21:48:12.046 17688 17910 I AXL : NvFOpen: AUDIO/SFX/GENRL.osw
03-20 21:48:12.052 17688 17910 I AXL : NvFOpen: AUDIO/SFX/GENRL.osw
03-20 21:48:12.062 17688 17910 I AXL : NvFOpen: AUDIO/SFX/GENRL.osw
03-20 21:48:12.066 17688 17910 I AXL : NvFOpen: AUDIO/SFX/GENRL.osw
03-20 21:48:12.072 17688 17910 I AXL : NvFOpen: AUDIO/SFX/GENRL.osw
03-20 21:48:12.081 17688 17910 I AXL : NvFOpen: AUDIO/SFX/GENRL.osw
03-20 21:48:12.087 17688 17910 I AXL : NvFOpen: AUDIO/SFX/GENRL.osw
03-20 21:48:12.095 17688 17910 I AXL : NvFOpen: AUDIO/SFX/GENRL.osw
03-20 21:48:12.104 17688 17910 I AXL : NvFOpen: AUDIO/SFX/GENRL.osw
03-20 21:48:12.110 17688 17910 I AXL : NvFOpen: AUDIO/SFX/GENRL.osw
03-20 21:48:12.112 17688 17910 I AXL : NvFOpen: AUDIO/SFX/GENRL.osw
03-20 21:48:12.119 17688 17910 I AXL : NvFOpen: AUDIO/SFX/GENRL.osw
03-20 21:48:12.123 17688 17910 I AXL : NvFOpen: AUDIO/SFX/GENRL.osw
03-20 21:48:12.132 17688 17910 I AXL : NvFOpen: AUDIO/SFX/GENRL.osw
03-20 21:48:12.138 17688 17910 I AXL : NvFOpen: AUDIO/SFX/GENRL.osw
03-20 21:48:12.149 17688 17910 I AXL : NvFOpen: AUDIO/SFX/GENRL.osw
03-20 21:48:12.157 17688 17910 I AXL : NvFOpen: AUDIO/SFX/GENRL.osw
03-20 21:48:12.160 17688 17910 I AXL : NvFOpen: AUDIO/SFX/GENRL.osw
03-20 21:48:12.168 17688 17910 I AXL : NvFOpen: AUDIO/SFX/GENRL.osw
03-20 21:48:12.177 17688 17910 I AXL : NvFOpen: AUDIO/SFX/GENRL.osw
03-20 21:48:12.182 17688 17910 I AXL : NvFOpen: AUDIO/SFX/GENRL.osw
03-20 21:48:12.189 17688 17910 I AXL : NvFOpen: AUDIO/SFX/GENRL.osw
03-20 21:48:12.198 17688 17910 I AXL : NvFOpen: AUDIO/SFX/GENRL.osw
03-20 21:48:12.208 17688 17910 I AXL : NvFOpen: AUDIO/SFX/GENRL.osw
03-20 21:48:12.212 17688 17910 I AXL : NvFOpen: AUDIO/SFX/GENRL.osw
03-20 21:48:12.216 17688 17910 I AXL : NvFOpen: AUDIO/SFX/GENRL.osw
03-20 21:48:12.219 17688 17910 I AXL : NvFOpen: AUDIO/SFX/GENRL.osw
03-20 21:48:12.224 17688 17910 I AXL : NvFOpen: AUDIO/SFX/GENRL.osw
03-20 21:48:12.227 17688 17910 I AXL : NvFOpen: AUDIO/SFX/GENRL.osw
03-20 21:48:12.231 17688 17910 I AXL : NvFOpen: AUDIO/SFX/GENRL.osw
03-20 21:48:12.234 17688 17910 I AXL : NvFOpen: AUDIO/SFX/GENRL.osw
03-20 21:48:12.237 17688 17910 I AXL : NvFOpen: AUDIO/SFX/GENRL.osw
03-20 21:48:12.239 17688 17910 I AXL : NvFOpen: AUDIO/SFX/GENRL.osw
03-20 21:48:12.241 17688 17898 I AXL : GUI | CreateDeviceObjects.
03-20 21:48:12.244 17688 17910 I AXL : NvFOpen: AUDIO/SFX/GENRL.osw
03-20 21:48:12.250 17688 17897 D BLASTBufferQueue:
[SurfaceView[com.evolve.roleplay/com.evolve.roleplay.core.GTASA]#6](f:0,a:1)
acquireNextBufferLocked size=2460x1080 mFrameNumber=1 applyTransaction=true
mTimestamp=2048817688 17910 I AXL : NvFOpen: AUDIO/SFX/GENRL.osw
03-20 21:48:12.231 17688 17910 I AXL : NvFOpen: AUDIO/SFX/GENRL.osw
03-20 21:48:12.234 17688 17910 I AXL : NvFOpen: AUDIO/SFX/GENRL.osw
03-20 21:48:12.237 17688 17910 I AXL : NvFOpen: AUDIO/SFX/GENRL.osw
03-20 21:48:12.239 17688 17910 I AXL : NvFOpen: AUDIO/SFX/GENRL.osw
03-20 21:48:12.241 17688 17898 I AXL : GUI | CreateDeviceObjects.
03-20 21:48:12.244 17688 17910 I AXL : NvFOpen: AUDIO/SFX/GENRL.osw
03-20 21:48:12.250 17688 17897 D BLASTBufferQueue:
[SurfaceView[com.evolve.roleplay/com.evolve.roleplay.core.GTASA]#6](f:0,a:1)
acquireNextBufferLocked size=2460x1080 mFrameNumber=1 applyTransaction=true
mTimestamp=20488217826912(auto) mPendingTransactions.size=0
graphicBufferId=75969381531662 transform=7
03-20 21:48:12.253 17688 17910 I AXL : NvFOpen: AUDIO/SFX/GENRL.osw
03-20 21:48:12.257 17688 17910 I AXL : NvFOpen: AUDIO/SFX/GENRL.osw
03-20 21:48:12.261 17688 17910 I AXL : NvFOpen: AUDIO/SFX/GENRL.osw
03-20 21:48:12.265 17688 17910 I AXL : NvFOpen: AUDIO/SFX/GENRL.osw
03-20 21:48:12.270 17688 17910 I AXL : NvFOpen: AUDIO/SFX/GENRL.osw
03-20 21:48:12.276 17688 17910 I AXL : NvFOpen: AUDIO/SFX/GENRL.osw
03-20 21:48:12.281 17688 17688 D Surface : lockCanvas
03-20 21:48:12.283 17688 17910 I AXL : NvFOpen: AUDIO/SFX/GENRL.osw
03-20 21:48:12.284 17688 17898 I AXL : GUI | Font atlas width: 1024, height:
512, depth: 32
03-20 21:48:12.290 17688 17910 I AXL : NvFOpen: AUDIO/SFX/GENRL.osw
03-20 21:48:12.293 17688 17898 I AXL : GUI | Vertex buffer reallocated. Size:
30000
03-20 21:48:12.293 17688 17898 I AXL : NvFOpen: scache_small.txt
03-20 21:48:12.303 17688 17910 I AXL : NvFOpen: AUDIO/SFX/GENRL.osw
03-20 21:48:12.308 17688 17898 I AXL : NvFOpen: gta3.ini
03-20 21:48:12.311 17688 17898 I AXL : NvFOpen: DATA/ANIMGRP.DAT
03-20 21:48:12.317 17688 17910 I AXL : NvFOpen: AUDIO/SFX/GENRL.osw
03-20 21:48:12.318 17688 17898 I AXL : NvFOpen: TEXDB/GTA3.IMG
03-20 21:48:12.322 17688 17910 I AXL : NvFOpen: AUDIO/SFX/GENRL.osw
03-20 21:48:12.323 17688 17898 I AXL : NvFOpen: TEXDB/GTA_INT.IMG
03-20 21:48:12.324 17688 17910 I AXL : NvFOpen: AUDIO/SFX/GENRL.osw
03-20 21:48:12.325 17688 17898 I AXL : NvFOpen: TEXDB/SAMP.IMG
03-20 21:48:12.326 17688 17910 I AXL : NvFOpen: AUDIO/SFX/GENRL.osw
03-20 21:48:12.328 17688 17898 I AXL : NvFOpen: TEXDB/SAMPCOL.IMG
03-20 21:48:12.329 17688 17910 I AXL : NvFOpen: AUDIO/SFX/GENRL.osw
03-20 21:48:12.331 17688 17898 I AXL : NvFOpen: stream.ini
03-20 21:48:12.331 17688 17910 I AXL : NvFOpen: AUDIO/SFX/GENRL.osw
03-20 21:48:12.334 17688 17898 I AXL : NvFOpen: DATA/melee.dat
03-20 21:48:12.334 17688 17910 I AXL : NvFOpen: AUDIO/SFX/GENRL.osw
03-20 21:48:12.336 17688 17910 I AXL : NvFOpen: AUDIO/SFX/GENRL.osw
03-20 21:48:12.340 17688 17910 I AXL : NvFOpen: AUDIO/SFX/GENRL.osw
03-20 21:48:12.342 17688 17898 I AXL : NvFOpen: models/effects.fxp
03-20 21:48:12.343 17688 17910 I AXL : NvFOpen: AUDIO/SFX/GENRL.osw
03-20 21:48:12.345 17688 17910 I AXL : NvFOpen: AUDIO/SFX/GENRL.osw
03-20 21:48:12.376 17688 17910 I AXL : NvFOpen: AUDIO/SFX/GENRL.osw
03-20 21:48:12.382 17688 17910 I AXL : NvFOpen: AUDIO/SFX/GENRL.osw
03-20 21:48:12.386 17688 17910 I AXL : NvFOpen: AUDIO/SFX/GENRL.osw
03-20 21:48:12.410 17688 17910 I AXL : NvFOpen: AUDIO/SFX/GENRL.osw
03-20 21:48:12.426 17688 17910 I AXL : NvFOpen: AUDIO/SFX/GENRL.osw
03-20 21:48:12.444 17688 17910 I AXL : NvFOpen: AUDIO/SFX/GENRL.osw
03-20 21:48:12.454 17688 17910 I AXL : NvFOpen: AUDIO/SFX/GENRL.osw
03-20 21:48:12.462 17688 17910 I AXL : NvFOpen: AUDIO/SFX/GENRL.osw
03-20 21:48:12.470 17688 17910 I AXL : NvFOpen: AUDIO/SFX/GENRL.osw
03-20 21:48:12.495 17688 17910 I AXL : NvFOpen: AUDIO/SFX/GENRL.osw
03-20 21:48:12.514 17688 17910 I AXL : NvFOpen: AUDIO/SFX/GENRL.osw
03-20 21:48:12.516 17688 17910 I AXL : NvFOpen: AUDIO/SFX/GENRL.osw
03-20 21:48:12.519 17688 17910 I AXL : NvFOpen: AUDIO/SFX/GENRL.osw
03-20 21:48:12.521217826912(auto) mPendingTransactions.size=0
graphicBufferId=75969381531662 transform=7
03-20 21:48:12.253 17688 17910 I AXL : NvFOpen: AUDIO/SFX/GENRL.osw
03-20 21:48:12.257 17688 17910 I AXL : NvFOpen: AUDIO/SFX/GENRL.osw
03-20 21:48:12.261 17688 17910 I AXL : NvFOpen: AUDIO/SFX/GENRL.osw
03-20 21:48:12.265 17688 17910 I AXL : NvFOpen: AUDIO/SFX/GENRL.osw
03-20 21:48:12.270 17688 17910 I AXL : NvFOpen: AUDIO/SFX/GENRL.osw
03-20 21:48:12.276 17688 17910 I AXL : NvFOpen: AUDIO/SFX/GENRL.osw
03-20 21:48:12.281 17688 17688 D Surface : lockCanvas
03-20 21:48:12.283 17688 17910 I AXL : NvFOpen: AUDIO/SFX/GENRL.osw
03-20 21:48:12.284 17688 17898 I AXL : GUI | Font atlas width: 1024, height:
512, depth: 32
03-20 21:48:12.290 17688 17910 I AXL : NvFOpen: AUDIO/SFX/GENRL.osw
03-20 21:48:12.293 17688 17898 I AXL : GUI | Vertex buffer reallocated. Size:
30000
03-20 21:48:12.293 17688 17898 I AXL : NvFOpen: scache_small.txt
03-20 21:48:12.303 17688 17910 I AXL : NvFOpen: AUDIO/SFX/GENRL.osw
03-20 21:48:12.308 17688 17898 I AXL : NvFOpen: gta3.ini
03-20 21:48:12.311 17688 17898 I AXL : NvFOpen: DATA/ANIMGRP.DAT
03-20 21:48:12.317 17688 17910 I AXL : NvFOpen: AUDIO/SFX/GENRL.osw
03-20 21:48:12.318 17688 17898 I AXL : NvFOpen: TEXDB/GTA3.IMG
03-20 21:48:12.322 17688 17910 I AXL : NvFOpen: AUDIO/SFX/GENRL.osw
03-20 21:48:12.323 17688 17898 I AXL : NvFOpen: TEXDB/GTA_INT.IMG
03-20 21:48:12.324 17688 17910 I AXL : NvFOpen: AUDIO/SFX/GENRL.osw
03-20 21:48:12.325 17688 17898 I AXL : NvFOpen: TEXDB/SAMP.IMG
03-20 21:48:12.326 17688 17910 I AXL : NvFOpen: AUDIO/SFX/GENRL.osw
03-20 21:48:12.328 17688 17898 I AXL : NvFOpen: TEXDB/SAMPCOL.IMG
03-20 21:48:12.329 17688 17910 I AXL : NvFOpen: AUDIO/SFX/GENRL.osw
03-20 21:48:12.331 17688 17898 I AXL : NvFOpen: stream.ini
03-20 21:48:12.331 17688 17910 I AXL : NvFOpen: AUDIO/SFX/GENRL.osw
03-20 21:48:12.334 17688 17898 I AXL : NvFOpen: DATA/melee.dat
03-20 21:48:12.334 17688 17910 I AXL : NvFOpen: AUDIO/SFX/GENRL.osw
03-20 21:48:12.336 17688 17910 I AXL : NvFOpen: AUDIO/SFX/GENRL.osw
03-20 21:48:12.340 17688 17910 I AXL : NvFOpen: AUDIO/SFX/GENRL.osw
03-20 21:48:12.342 17688 17898 I AXL : NvFOpen: models/effects.fxp
03-20 21:48:12.343 17688 17910 I AXL : NvFOpen: AUDIO/SFX/GENRL.osw
03-20 21:48:12.345 17688 17910 I AXL : NvFOpen: AUDIO/SFX/GENRL.osw
03-20 21:48:12.376 17688 17910 I AXL : NvFOpen: AUDIO/SFX/GENRL.osw
03-20 21:48:12.382 17688 17910 I AXL : NvFOpen: AUDIO/SFX/GENRL.osw
03-20 21:48:12.386 17688 17910 I AXL : NvFOpen: AUDIO/SFX/GENRL.osw
03-20 21:48:12.410 17688 17910 I AXL : NvFOpen: AUDIO/SFX/GENRL.osw
03-20 21:48:12.426 17688 17910 I AXL : NvFOpen: AUDIO/SFX/GENRL.osw
03-20 21:48:12.444 17688 17910 I AXL : NvFOpen: AUDIO/SFX/GENRL.osw
03-20 21:48:12.454 17688 17910 I AXL : NvFOpen: AUDIO/SFX/GENRL.osw
03-20 21:48:12.462 17688 17910 I AXL : NvFOpen: AUDIO/SFX/GENRL.osw
03-20 21:48:12.470 17688 17910 I AXL : NvFOpen: AUDIO/SFX/GENRL.osw
03-20 21:48:12.495 17688 17910 I AXL : NvFOpen: AUDIO/SFX/GENRL.osw
03-20 21:48:12.514 17688 17910 I AXL : NvFOpen: AUDIO/SFX/GENRL.osw
03-20 21:48:12.516 17688 17910 I AXL : NvFOpen: AUDIO/SFX/GENRL.osw
03-20 21:48:12.519 17688 17910 I AXL : NvFOpen: AUDIO/SFX/GENRL.osw
03-20 21:48:12.521 17688 17910 I AXL : NvFOpen: AUDIO/SFX/GENRL.osw
03-20 21:48:12.523 17688 17910 I AXL : NvFOpen: AUDIO/SFX/GENRL.osw
03-20 21:48:12.525 17688 17910 I AXL : NvFOpen: AUDIO/SFX/GENRL.osw
03-20 21:48:12.527 17688 17910 I AXL : NvFOpen: AUDIO/SFX/GENRL.osw
03-20 21:48:12.528 17688 17910 I AXL : NvFOpen: AUDIO/SFX/GENRL.osw
03-20 21:48:12.538 17688 17910 I AXL : NvFOpen: AUDIO/SFX/GENRL.osw
03-20 21:48:12.539 17688 17910 I AXL : NvFOpen: AUDIO/SFX/GENRL.osw
03-20 21:48:12.541 17688 17910 I AXL : NvFOpen: AUDIO/SFX/GENRL.osw
03-20 21:48:12.547 17688 17910 I AXL : NvFOpen: AUDIO/SFX/GENRL.osw
03-20 21:48:12.552 17688 17910 I AXL : NvFOpen: AUDIO/SFX/GENRL.osw
0 17688 17910 I AXL : NvFOpen: AUDIO/SFX/GENRL.osw
03-20 21:48:12.523 17688 17910 I AXL : NvFOpen: AUDIO/SFX/GENRL.osw
03-20 21:48:12.525 17688 17910 I AXL : NvFOpen: AUDIO/SFX/GENRL.osw
03-20 21:48:12.527 17688 17910 I AXL : NvFOpen: AUDIO/SFX/GENRL.osw
03-20 21:48:12.528 17688 17910 I AXL : NvFOpen: AUDIO/SFX/GENRL.osw
03-20 21:48:12.538 17688 17910 I AXL : NvFOpen: AUDIO/SFX/GENRL.osw
03-20 21:48:12.539 17688 17910 I AXL : NvFOpen: AUDIO/SFX/GENRL.osw
03-20 21:48:12.541 17688 17910 I AXL : NvFOpen: AUDIO/SFX/GENRL.osw
03-20 21:48:12.547 17688 17910 I AXL : NvFOpen: AUDIO/SFX/GENRL.osw
03-20 21:48:12.552 17688 17910 I AXL : NvFOpen: AUDIO/SFX/GENRL.osw
03-20 21:48:12.558 17688 17910 I AXL : NvFOpen: AUDIO/SFX/GENRL.osw
03-20 21:48:12.564 17688 17910 I AXL : NvFOpen: AUDIO/SFX/GENRL.osw
03-20 21:48:12.574 17688 17910 I AXL : NvFOpen: AUDIO/SFX/GENRL.osw
03-20 21:48:12.580 17688 17910 I AXL : NvFOpen: AUDIO/SFX/GENRL.osw
03-20 21:48:12.625 17688 17688 W Looper : PerfMonitor doFrame : time=375ms
vsyncFrame=0 latency=1ms procState=-1
03-20 21:48:12.626 17688 17688 I Choreographer: Skipped 30 frames! The application
may be doing too much work on its main thread.
03-20 21:48:12.627 17688 17688 W Looper : PerfMonitor doFrame : time=1ms
vsyncFrame=0 latency=344ms procState=-1 historyMsgCount=2 (msgIndex=1 wall=375ms
seq=408 late=1ms h=android.view.Choreographer$FrameHandler
c=android.view.Choreographer$FrameDisplayEventReceiver)
03-20 21:48:12.716 17688 17898 I AXL : NvFOpen: DATA/DEFAULT.DAT
03-20 21:48:13.779 17688 17688 W WindowOnBackDispatcher: sendCancelIfRunning:
isInProgress=falsecallback=android.view.ViewRootImpl$
$ExternalSyntheticLambda22@bdd38ce
03-20 21:48:13.780 17688 17688 D View : [Warning] assignParent to null: this =
android.widget.PopupWindow$PopupDecorView{9027522 V.E...... R.....ID 0,0-666,132}
03-20 21:48:17.281 17688 17918 D AudioTrack: [audioTrackData][fine] 5s(f:5015 m:0
s:24 k:0 z:0) : pid 17688 uid 10036 sessionId 2473 sr 44100 ch 2 fmt 1
03-20 21:48:17.959 17688 17898 I AXL : NvFOpen: DATA/DEFAULT.IDE
03-20 21:48:17.969 17688 17898 I AXL : NvFOpen: DATA/VEHICLES.IDE
03-20 21:48:17.973 17688 17898 I AXL : AddVehicleModel: 400
03-20 21:48:17.975 17688 17898 I AXL : AddVehicleModel: 401
03-20 21:48:17.978 17688 17898 I AXL : AddVehicleModel: 402
03-20 21:48:17.980 17688 17898 I AXL : AddVehicleModel: 403
03-20 21:48:17.980 17688 17898 I AXL : AddVehicleModel: 404
03-20 21:48:17.980 17688 17898 I AXL : AddVehicleModel: 405
03-20 21:48:17.980 17688 17898 I AXL : AddVehicleModel: 406
03-20 21:48:17.980 17688 17898 I AXL : AddVehicleModel: 407
03-20 21:48:17.980 17688 17898 I AXL : AddVehicleModel: 408
03-20 21:48:17.981 17688 17898 I AXL : AddVehicleModel: 409
03-20 21:48:17.981 17688 17898 I AXL : AddVehicleModel: 410
03-20 21:48:17.981 17688 17898 I AXL : AddVehicleModel: 411
03-20 21:48:17.981 17688 17898 I AXL : AddVehicleModel: 412
03-20 21:48:17.981 17688 17898 I AXL : AddVehicleModel: 413
03-20 21:48:17.981 17688 17898 I AXL : AddVehicleModel: 414
03-20 21:48:17.981 17688 17898 I AXL : AddVehicleModel: 415
03-20 21:48:17.981 17688 17898 I AXL : AddVehicleModel: 416
03-20 21:48:17.982 17688 17898 I AXL : AddVehicleModel: 417
03-20 21:48:17.982 17688 17898 I AXL : AddVehicleModel: 418
03-20 21:48:17.982 17688 17898 I AXL : AddVehicleModel: 419
03-20 21:48:17.982 17688 17898 I AXL : AddVehicleModel: 420
03-20 21:48:17.982 17688 17898 I AXL : AddVehicleModel: 421
03-20 21:48:17.982 17688 17898 I AXL : AddVehicleModel: 422
03-20 21:48:17.982 17688 17898 I AXL : AddVehicleModel: 423
03-20 21:48:17.982 17688 17898 I AXL : AddVehicleModel: 424
03-20 21:48:17.982 17688 17898 I AXL : AddVehicleModel: 425
03-20 21:48:17.982 17688 17898 I AXL : AddVehicleModel: 426
03-20 21:48:17.982 17688 17898 I AXL : AddVehicleModel: 427
03-20 21:48:17.982 17688 17898 I AXL : AddVehicleModel: 428
03-20 21:48:17.983 17688 17898 I AXL : A3-20 21:48:12.558 17688 17910 I AXL
: NvFOpen: AUDIO/SFX/GENRL.osw
03-20 21:48:12.564 17688 17910 I AXL : NvFOpen: AUDIO/SFX/GENRL.osw
03-20 21:48:12.574 17688 17910 I AXL : NvFOpen: AUDIO/SFX/GENRL.osw
03-20 21:48:12.580 17688 17910 I AXL : NvFOpen: AUDIO/SFX/GENRL.osw
03-20 21:48:12.625 17688 17688 W Looper : PerfMonitor doFrame : time=375ms
vsyncFrame=0 latency=1ms procState=-1
03-20 21:48:12.626 17688 17688 I Choreographer: Skipped 30 frames! The application
may be doing too much work on its main thread.
03-20 21:48:12.627 17688 17688 W Looper : PerfMonitor doFrame : time=1ms
vsyncFrame=0 latency=344ms procState=-1 historyMsgCount=2 (msgIndex=1 wall=375ms
seq=408 late=1ms h=android.view.Choreographer$FrameHandler
c=android.view.Choreographer$FrameDisplayEventReceiver)
03-20 21:48:12.716 17688 17898 I AXL : NvFOpen: DATA/DEFAULT.DAT
03-20 21:48:13.779 17688 17688 W WindowOnBackDispatcher: sendCancelIfRunning:
isInProgress=falsecallback=android.view.ViewRootImpl$
$ExternalSyntheticLambda22@bdd38ce
03-20 21:48:13.780 17688 17688 D View : [Warning] assignParent to null: this =
android.widget.PopupWindow$PopupDecorView{9027522 V.E...... R.....ID 0,0-666,132}
03-20 21:48:17.281 17688 17918 D AudioTrack: [audioTrackData][fine] 5s(f:5015 m:0
s:24 k:0 z:0) : pid 17688 uid 10036 sessionId 2473 sr 44100 ch 2 fmt 1
03-20 21:48:17.959 17688 17898 I AXL : NvFOpen: DATA/DEFAULT.IDE
03-20 21:48:17.969 17688 17898 I AXL : NvFOpen: DATA/VEHICLES.IDE
03-20 21:48:17.973 17688 17898 I AXL : AddVehicleModel: 400
03-20 21:48:17.975 17688 17898 I AXL : AddVehicleModel: 401
03-20 21:48:17.978 17688 17898 I AXL : AddVehicleModel: 402
03-20 21:48:17.980 17688 17898 I AXL : AddVehicleModel: 403
03-20 21:48:17.980 17688 17898 I AXL : AddVehicleModel: 404
03-20 21:48:17.980 17688 17898 I AXL : AddVehicleModel: 405
03-20 21:48:17.980 17688 17898 I AXL : AddVehicleModel: 406
03-20 21:48:17.980 17688 17898 I AXL : AddVehicleModel: 407
03-20 21:48:17.980 17688 17898 I AXL : AddVehicleModel: 408
03-20 21:48:17.981 17688 17898 I AXL : AddVehicleModel: 409
03-20 21:48:17.981 17688 17898 I AXL : AddVehicleModel: 410
03-20 21:48:17.981 17688 17898 I AXL : AddVehicleModel: 411
03-20 21:48:17.981 17688 17898 I AXL : AddVehicleModel: 412
03-20 21:48:17.981 17688 17898 I AXL : AddVehicleModel: 413
03-20 21:48:17.981 17688 17898 I AXL : AddVehicleModel: 414
03-20 21:48:17.981 17688 17898 I AXL : AddVehicleModel: 415
03-20 21:48:17.981 17688 17898 I AXL : AddVehicleModel: 416
03-20 21:48:17.982 17688 17898 I AXL : AddVehicleModel: 417
03-20 21:48:17.982 17688 17898 I AXL : AddVehicleModel: 418
03-20 21:48:17.982 17688 17898 I AXL : AddVehicleModel: 419
03-20 21:48:17.982 17688 17898 I AXL : AddVehicleModel: 420
03-20 21:48:17.982 17688 17898 I AXL : AddVehicleModel: 421
03-20 21:48:17.982 17688 17898 I AXL : AddVehicleModel: 422
03-20 21:48:17.982 17688 17898 I AXL : AddVehicleModel: 423
03-20 21:48:17.982 17688 17898 I AXL : AddVehicleModel: 424
03-20 21:48:17.982 17688 17898 I AXL : AddVehicleModel: 425
03-20 21:48:17.982 17688 17898 I AXL : AddVehicleModel: 426
03-20 21:48:17.982 17688 17898 I AXL : AddVehicleModel: 427
03-20 21:48:17.982 17688 17898 I AXL : AddVehicleModel: 428
03-20 21:48:17.983 17688 17898 I AXL : AddVehicleModel: 429
03-20 21:48:17.983 17688 17898 I AXL : AddVehicleModel: 430
03-20 21:48:17.983 17688 17898 I AXL : AddVehicleModel: 431
03-20 21:48:17.983 17688 17898 I AXL : AddVehicleModel: 432
03-20 21:48:17.983 17688 17898 I AXL : AddVehicleModel: 433
03-20 21:48:17.983 17688 17898 I AXL : AddVehicleModel: 434
03-20 21:48:17.983 17688 17898 I AXL : AddVehicleModel: 435
03-20 21:48:17.983 17688 17898 I AXL : AddVehicleModel: 436
03-20 21:48:17.983 17688 17898 I AXL : AddVehicleModel: 437
03-20 21:48:17.984 17688 17898 I AXL : AddVehicleModel: 438
03-20 21:48:17.984 17688 17898 I AXL : AddVehicleModel: 439
03-20 21:48:17.984 17688 17898 I AXL : ddVehicleModel: 429
03-20 21:48:17.983 17688 17898 I AXL : AddVehicleModel: 430
03-20 21:48:17.983 17688 17898 I AXL : AddVehicleModel: 431
03-20 21:48:17.983 17688 17898 I AXL : AddVehicleModel: 432
03-20 21:48:17.983 17688 17898 I AXL : AddVehicleModel: 433
03-20 21:48:17.983 17688 17898 I AXL : AddVehicleModel: 434
03-20 21:48:17.983 17688 17898 I AXL : AddVehicleModel: 435
03-20 21:48:17.983 17688 17898 I AXL : AddVehicleModel: 436
03-20 21:48:17.983 17688 17898 I AXL : AddVehicleModel: 437
03-20 21:48:17.984 17688 17898 I AXL : AddVehicleModel: 438
03-20 21:48:17.984 17688 17898 I AXL : AddVehicleModel: 439
03-20 21:48:17.984 17688 17898 I AXL : AddVehicleModel: 440
03-20 21:48:17.984 17688 17898 I AXL : AddVehicleModel: 441
03-20 21:48:17.985 17688 17898 I AXL : AddVehicleModel: 442
03-20 21:48:17.985 17688 17898 I AXL : AddVehicleModel: 443
03-20 21:48:17.985 17688 17898 I AXL : AddVehicleModel: 444
03-20 21:48:17.985 17688 17898 I AXL : AddVehicleModel: 445
03-20 21:48:17.985 17688 17898 I AXL : AddVehicleModel: 446
03-20 21:48:17.985 17688 17898 I AXL : AddVehicleModel: 447
03-20 21:48:17.985 17688 17898 I AXL : AddVehicleModel: 448
03-20 21:48:17.985 17688 17898 I AXL : AddVehicleModel: 449
03-20 21:48:17.985 17688 17898 I AXL : AddVehicleModel: 450
03-20 21:48:17.985 17688 17898 I AXL : AddVehicleModel: 451
03-20 21:48:17.985 17688 17898 I AXL : AddVehicleModel: 452
03-20 21:48:17.986 17688 17898 I AXL : AddVehicleModel: 453
03-20 21:48:17.986 17688 17898 I AXL : AddVehicleModel: 454
03-20 21:48:17.986 17688 17898 I AXL : AddVehicleModel: 455
03-20 21:48:17.986 17688 17898 I AXL : AddVehicleModel: 456
03-20 21:48:17.986 17688 17898 I AXL : AddVehicleModel: 457
03-20 21:48:17.986 17688 17898 I AXL : AddVehicleModel: 458
03-20 21:48:17.987 17688 17898 I AXL : AddVehicleModel: 459
03-20 21:48:17.987 17688 17898 I AXL : AddVehicleModel: 460
03-20 21:48:17.988 17688 17898 I AXL : AddVehicleModel: 461
03-20 21:48:17.988 17688 17898 I AXL : AddVehicleModel: 462
03-20 21:48:17.988 17688 17898 I AXL : AddVehicleModel: 463
03-20 21:48:17.988 17688 17898 I AXL : AddVehicleModel: 464
03-20 21:48:17.989 17688 17898 I AXL : AddVehicleModel: 465
03-20 21:48:17.989 17688 17898 I AXL : AddVehicleModel: 466
03-20 21:48:17.990 17688 17898 I AXL : AddVehicleModel: 467
03-20 21:48:17.990 17688 17898 I AXL : AddVehicleModel: 468
03-20 21:48:17.991 17688 17898 I AXL : AddVehicleModel: 469
03-20 21:48:17.991 17688 17898 I AXL : AddVehicleModel: 470
03-20 21:48:17.992 17688 17898 I AXL : AddVehicleModel: 471
03-20 21:48:17.992 17688 17898 I AXL : AddVehicleModel: 472
03-20 21:48:17.992 17688 17898 I AXL : AddVehicleModel: 473
03-20 21:48:17.993 17688 17898 I AXL : AddVehicleModel: 474
03-20 21:48:17.993 17688 17898 I AXL : AddVehicleModel: 475
03-20 21:48:17.993 17688 17898 I AXL : AddVehicleModel: 476
03-20 21:48:17.993 17688 17898 I AXL : AddVehicleModel: 477
03-20 21:48:17.993 17688 17898 I AXL : AddVehicleModel: 478
03-20 21:48:17.993 17688 17898 I AXL : AddVehicleModel: 479
03-20 21:48:17.993 17688 17898 I AXL : AddVehicleModel: 480
03-20 21:48:17.993 17688 17898 I AXL : AddVehicleModel: 481
03-20 21:48:17.994 17688 17898 I AXL : AddVehicleModel: 482
03-20 21:48:17.994 17688 17898 I AXL : AddVehicleModel: 483
03-20 21:48:17.994 17688 17898 I AXL : AddVehicleModel: 484
03-20 21:48:17.994 17688 17898 I AXL : AddVehicleModel: 485
03-20 21:48:17.994 17688 17898 I AXL : AddVehicleModel: 486
03-20 21:48:17.994 17688 17898 I AXL : AddVehicleModel: 487
03-20 21:48:17.994 17688 17898 I AXL : AddVehicleModel: 488
03-20 21:48:17.995 17688 17898 I AXL : AddVehicleModel: 489
03-20 21:48:17.995 17688 17898 I AXL : AddVehicleModel: 490
03-20 21:48:17.995 17688 17898 I AXL : AddVehicleModel: 491
03-20 21:48:17.995 17688 17898 I AXL : AddVehicleModel: 492
03-20 21:48:17.995 17688 17898 I AXL : AAddVehicleModel: 440
03-20 21:48:17.984 17688 17898 I AXL : AddVehicleModel: 441
03-20 21:48:17.985 17688 17898 I AXL : AddVehicleModel: 442
03-20 21:48:17.985 17688 17898 I AXL : AddVehicleModel: 443
03-20 21:48:17.985 17688 17898 I AXL : AddVehicleModel: 444
03-20 21:48:17.985 17688 17898 I AXL : AddVehicleModel: 445
03-20 21:48:17.985 17688 17898 I AXL : AddVehicleModel: 446
03-20 21:48:17.985 17688 17898 I AXL : AddVehicleModel: 447
03-20 21:48:17.985 17688 17898 I AXL : AddVehicleModel: 448
03-20 21:48:17.985 17688 17898 I AXL : AddVehicleModel: 449
03-20 21:48:17.985 17688 17898 I AXL : AddVehicleModel: 450
03-20 21:48:17.985 17688 17898 I AXL : AddVehicleModel: 451
03-20 21:48:17.985 17688 17898 I AXL : AddVehicleModel: 452
03-20 21:48:17.986 17688 17898 I AXL : AddVehicleModel: 453
03-20 21:48:17.986 17688 17898 I AXL : AddVehicleModel: 454
03-20 21:48:17.986 17688 17898 I AXL : AddVehicleModel: 455
03-20 21:48:17.986 17688 17898 I AXL : AddVehicleModel: 456
03-20 21:48:17.986 17688 17898 I AXL : AddVehicleModel: 457
03-20 21:48:17.986 17688 17898 I AXL : AddVehicleModel: 458
03-20 21:48:17.987 17688 17898 I AXL : AddVehicleModel: 459
03-20 21:48:17.987 17688 17898 I AXL : AddVehicleModel: 460
03-20 21:48:17.988 17688 17898 I AXL : AddVehicleModel: 461
03-20 21:48:17.988 17688 17898 I AXL : AddVehicleModel: 462
03-20 21:48:17.988 17688 17898 I AXL : AddVehicleModel: 463
03-20 21:48:17.988 17688 17898 I AXL : AddVehicleModel: 464
03-20 21:48:17.989 17688 17898 I AXL : AddVehicleModel: 465
03-20 21:48:17.989 17688 17898 I AXL : AddVehicleModel: 466
03-20 21:48:17.990 17688 17898 I AXL : AddVehicleModel: 467
03-20 21:48:17.990 17688 17898 I AXL : AddVehicleModel: 468
03-20 21:48:17.991 17688 17898 I AXL : AddVehicleModel: 469
03-20 21:48:17.991 17688 17898 I AXL : AddVehicleModel: 470
03-20 21:48:17.992 17688 17898 I AXL : AddVehicleModel: 471
03-20 21:48:17.992 17688 17898 I AXL : AddVehicleModel: 472
03-20 21:48:17.992 17688 17898 I AXL : AddVehicleModel: 473
03-20 21:48:17.993 17688 17898 I AXL : AddVehicleModel: 474
03-20 21:48:17.993 17688 17898 I AXL : AddVehicleModel: 475
03-20 21:48:17.993 17688 17898 I AXL : AddVehicleModel: 476
03-20 21:48:17.993 17688 17898 I AXL : AddVehicleModel: 477
03-20 21:48:17.993 17688 17898 I AXL : AddVehicleModel: 478
03-20 21:48:17.993 17688 17898 I AXL : AddVehicleModel: 479
03-20 21:48:17.993 17688 17898 I AXL : AddVehicleModel: 480
03-20 21:48:17.993 17688 17898 I AXL : AddVehicleModel: 481
03-20 21:48:17.994 17688 17898 I AXL : AddVehicleModel: 482
03-20 21:48:17.994 17688 17898 I AXL : AddVehicleModel: 483
03-20 21:48:17.994 17688 17898 I AXL : AddVehicleModel: 484
03-20 21:48:17.994 17688 17898 I AXL : AddVehicleModel: 485
03-20 21:48:17.994 17688 17898 I AXL : AddVehicleModel: 486
03-20 21:48:17.994 17688 17898 I AXL : AddVehicleModel: 487
03-20 21:48:17.994 17688 17898 I AXL : AddVehicleModel: 488
03-20 21:48:17.995 17688 17898 I AXL : AddVehicleModel: 489
03-20 21:48:17.995 17688 17898 I AXL : AddVehicleModel: 490
03-20 21:48:17.995 17688 17898 I AXL : AddVehicleModel: 491
03-20 21:48:17.995 17688 17898 I AXL : AddVehicleModel: 492
03-20 21:48:17.995 17688 17898 I AXL : AddVehicleModel: 493
03-20 21:48:17.995 17688 17898 I AXL : AddVehicleModel: 494
03-20 21:48:17.995 17688 17898 I AXL : AddVehicleModel: 495
03-20 21:48:17.996 17688 17898 I AXL : AddVehicleModel: 496
03-20 21:48:17.996 17688 17898 I AXL : AddVehicleModel: 497
03-20 21:48:17.996 17688 17898 I AXL : AddVehicleModel: 498
03-20 21:48:17.998 17688 17898 I AXL : AddVehicleModel: 499
03-20 21:48:17.999 17688 17898 I AXL : AddVehicleModel: 500
03-20 21:48:17.999 17688 17898 I AXL : AddVehicleModel: 501
03-20 21:48:17.999 17688 17898 I AXL : AddVehicleModel: 502
03-20 21:48:17.999 17688 17898 I AXL : AddVehicleModel: 503
03-20 21:48:17.999 17688 17898 I AXL : AddVehicleModel: 504
03-20 21:48:17.999 17688 17898 I AXL : AddVehicleModel: 505
03-20 21:48:17.999 17688 17898 I AXL : AddVehicleModel: 506
03-20 21:48:17.999 17688 17898 I AXL : AddVehicleModel: 507
03-20 21:48:18.000 17688 17898 I AXL : AddVehicleModel: 508
03-20 21:48:18.000 17688 17898 I AXL : AddVehicleModel: 509
03-20 21:48:18.000 17688 17898 I AXL : AddVehicleModel: 510
03-20 21:48:18.000 17688 17898 I AXL : AddVehicleModel: 511
03-20 21:48:18.000 17688 17898 I AXL : AddVehicleModel: 512
03-20 21:48:18.001 17688 17898 I AXL : AddVehicleModel: 513
03-20 21:48:18.001 17688 17898 I AXL : AddVehicleModel: 514
03-20 21:48:18.001 17688 17898 I AXL : AddVehicleModel: 515
03-20 21:48:18.001 17688 17898 I AXL : AddVehicleModel: 516
03-20 21:48:18.001 17688 17898 I AXL : AddVehicleModel: 517
03-20 21:48:18.001 17688 17898 I AXL : AddVehicleModel: 518
03-20 21:48:18.001 17688 17898 I AXL : AddVehicleModel: 519
03-20 21:48:18.001 17688 17898 I AXL : AddVehicleModel: 520
03-20 21:48:18.001 17688 17898 I AXL : AddVehicleModel: 521
03-20 21:48:18.001 17688 17898 I AXL : AddVehicleModel: 522
03-20 21:48:18.001 17688 17898 I AXL : AddVehicleModel: 523
03-20 21:48:18.002 17688 17898 I AXL : AddVehicleModel: 524
03-20 21:48:18.002 17688 17898 I AXL : AddVehicleModel: 525
03-20 21:48:18.002 17688 17898 I AXL : AddVehicleModel: 526
03-20 21:48:18.002 17688 17898 I AXL : AddVehicleModel: 527
03-20 21:48:18.002 17688 17898 I AXL : AddVehicleModel: 528
03-20 21:48:18.002 17688 17898 I AXL : AddVehicleModel: 529
03-20 21:48:18.003 17688 17898 I AXL : AddVehicleModel: 530
03-20 21:48:18.003 17688 17898 I AXL : AddVehicleModel: 531
03-20 21:48:18.003 17688 17898 I AXL : AddVehicleModel: 532
03-20 21:48:18.003 17688 17898 I AXL : AddVehicleModel: 533
03-20 21:48:18.003 17688 17898 I AXL : AddVehicleModel: 534
03-20 21:48:18.003 17688 17898 I AXL : AddVehicleModel: 535
03-20 21:48:18.003 17688 17898 I AXL : AddVehicleModel: 536
03-20 21:48:18.003 17688 17898 I AXL : AddVehicleModel: 537
03-20 21:48:18.003 17688 17898 I AXL : AddVehicleModel: 538
03-20 21:48:18.003 17688 17898 I AXL : AddVehicleModel: 539
03-20 21:48:18.003 17688 17898 I AXL : AddVehicleModel: 540
03-20 21:48:18.004 17688 17898 I AXL : AddVehicleModel: 541
03-20 21:48:18.004 17688 17898 I AXL : AddVehicleModel: 542
03-20 21:48:18.004 17688 17898 I AXL : AddVehicleModel: 543
03-20 21:48:18.004 17688 17898 I AXL : AddVehicleModel: 544
03-20 21:48:18.004 17688 17898 I AXL : AddVehicleModel: 545
03-20 21:48:18.004 17688 17898 I AXL : AddVehicleModel: 546
03-20 21:48:18.004 17688 17898 I AXL : AddVehicleModel: 547
03-20 21:48:18.004 17688 17898 I AXL : AddVehicleModel: 548
03-20 21:48:18.004 17688 17898 I AXL : AddVehicleModel: 549
03-20 21:48:18.005 17688 17898 I AXL : AddVehicleModel: 550
03-20 21:48:18.005 17688 17898 I AXL : AddVehicleModel: 551
03-20 21:48:18.005 17688 17898 I AXL : AddVehicleModel: 552
03-20 21:48:18.005 17688 17898 I AXL : AddVehicleModel: 553
03-20 21:48:18.005 17688 17898 I AXL : AddVehicleModel: 554
03-20 21:48:18.005 17688 17898 I AXL : AddVehicleModel: 555
03-20 21:48:18.005 17688 17898 I AXL : AddVehicleModel: 556
03-20 21:48:18.005 17688 17898 I AXL : AddVehicleModel: 557
03-20 21:48:18.005 17688 17898 I AXL : AddVehicleModel: 558
03-20 21:48:18.005 17688 17898 I AXL : AddVehicleModel: 559
03-20 21:48:18.005 17688 17898 I AXL : AddVehicleModel: 560
03-20 21:48:18.005 17688 17898 I AXL : AddVehicleModel: 561
03-20 21:48:18.006 17688 17898 I AXL : AddVehicleModel: 562
03-20 21:48:18.006 17688 17898 I AXL : AddVehicleModel: 563
03-20 21:48:18.006 17688 17898 I AXL : AddVehicleModel: 564
03-20 21:48:18.006 17688 17898 I AXL : AddVehicleModel: 565
03-20 21:48:18.006 17688 17898 I AXL : AddVehicleModel: 566
03-20 21:48:18.006 17688 17898 I AXL : AddVehicleModel: 567
03-20 21:48:18.006 17688 17898 I AXL : ddVehicleModel: 493
03-20 21:48:17.995 17688 17898 I AXL : AddVehicleModel: 494
03-20 21:48:17.995 17688 17898 I AXL : AddVehicleModel: 495
03-20 21:48:17.996 17688 17898 I AXL : AddVehicleModel: 496
03-20 21:48:17.996 17688 17898 I AXL : AddVehicleModel: 497
03-20 21:48:17.996 17688 17898 I AXL : AddVehicleModel: 498
03-20 21:48:17.998 17688 17898 I AXL : AddVehicleModel: 499
03-20 21:48:17.999 17688 17898 I AXL : AddVehicleModel: 500
03-20 21:48:17.999 17688 17898 I AXL : AddVehicleModel: 501
03-20 21:48:17.999 17688 17898 I AXL : AddVehicleModel: 502
03-20 21:48:17.999 17688 17898 I AXL : AddVehicleModel: 503
03-20 21:48:17.999 17688 17898 I AXL : AddVehicleModel: 504
03-20 21:48:17.999 17688 17898 I AXL : AddVehicleModel: 505
03-20 21:48:17.999 17688 17898 I AXL : AddVehicleModel: 506
03-20 21:48:17.999 17688 17898 I AXL : AddVehicleModel: 507
03-20 21:48:18.000 17688 17898 I AXL : AddVehicleModel: 508
03-20 21:48:18.000 17688 17898 I AXL : AddVehicleModel: 509
03-20 21:48:18.000 17688 17898 I AXL : AddVehicleModel: 510
03-20 21:48:18.000 17688 17898 I AXL : AddVehicleModel: 511
03-20 21:48:18.000 17688 17898 I AXL : AddVehicleModel: 512
03-20 21:48:18.001 17688 17898 I AXL : AddVehicleModel: 513
03-20 21:48:18.001 17688 17898 I AXL : AddVehicleModel: 514
03-20 21:48:18.001 17688 17898 I AXL : AddVehicleModel: 515
03-20 21:48:18.001 17688 17898 I AXL : AddVehicleModel: 516
03-20 21:48:18.001 17688 17898 I AXL : AddVehicleModel: 517
03-20 21:48:18.001 17688 17898 I AXL : AddVehicleModel: 518
03-20 21:48:18.001 17688 17898 I AXL : AddVehicleModel: 519
03-20 21:48:18.001 17688 17898 I AXL : AddVehicleModel: 520
03-20 21:48:18.001 17688 17898 I AXL : AddVehicleModel: 521
03-20 21:48:18.001 17688 17898 I AXL : AddVehicleModel: 522
03-20 21:48:18.001 17688 17898 I AXL : AddVehicleModel: 523
03-20 21:48:18.002 17688 17898 I AXL : AddVehicleModel: 524
03-20 21:48:18.002 17688 17898 I AXL : AddVehicleModel: 525
03-20 21:48:18.002 17688 17898 I AXL : AddVehicleModel: 526
03-20 21:48:18.002 17688 17898 I AXL : AddVehicleModel: 527
03-20 21:48:18.002 17688 17898 I AXL : AddVehicleModel: 528
03-20 21:48:18.002 17688 17898 I AXL : AddVehicleModel: 529
03-20 21:48:18.003 17688 17898 I AXL : AddVehicleModel: 530
03-20 21:48:18.003 17688 17898 I AXL : AddVehicleModel: 531
03-20 21:48:18.003 17688 17898 I AXL : AddVehicleModel: 532
03-20 21:48:18.003 17688 17898 I AXL : AddVehicleModel: 533
03-20 21:48:18.003 17688 17898 I AXL : AddVehicleModel: 534
03-20 21:48:18.003 17688 17898 I AXL : AddVehicleModel: 535
03-20 21:48:18.003 17688 17898 I AXL : AddVehicleModel: 536
03-20 21:48:18.003 17688 17898 I AXL : AddVehicleModel: 537
03-20 21:48:18.003 17688 17898 I AXL : AddVehicleModel: 538
03-20 21:48:18.003 17688 17898 I AXL : AddVehicleModel: 539
03-20 21:48:18.003 17688 17898 I AXL : AddVehicleModel: 540
03-20 21:48:18.004 17688 17898 I AXL : AddVehicleModel: 541
03-20 21:48:18.004 17688 17898 I AXL : AddVehicleModel: 542
03-20 21:48:18.004 17688 17898 I AXL : AddVehicleModel: 543
03-20 21:48:18.004 17688 17898 I AXL : AddVehicleModel: 544
03-20 21:48:18.004 17688 17898 I AXL : AddVehicleModel: 545
03-20 21:48:18.004 17688 17898 I AXL : AddVehicleModel: 546
03-20 21:48:18.004 17688 17898 I AXL : AddVehicleModel: 547
03-20 21:48:18.004 17688 17898 I AXL : AddVehicleModel: 548
03-20 21:48:18.004 17688 17898 I AXL : AddVehicleModel: 549
03-20 21:48:18.005 17688 17898 I AXL : AddVehicleModel: 550
03-20 21:48:18.005 17688 17898 I AXL : AddVehicleModel: 551
03-20 21:48:18.005 17688 17898 I AXL : AddVehicleModel: 552
03-20 21:48:18.005 17688 17898 I AXL : AddVehicleModel: 553
03-20 21:48:18.005 17688 17898 I AXL : AddVehicleModel: 554
03-20 21:48:18.005 17688 17898 I AXL : AddVehicleModel: 555
03-20 21:48:18.005 17688 17898 I AXL : AddVehicleModel: 556
03-20 21:48:18.005 17688 17898 I AXL : AddVehicleModel: 557
03-20 21:48:18.005 17688 17898 I AXL : AddVehicleModel: 558
03-20 21:48:18.005 17688 17898 I AXL : AddVehicleModel: 559
03-20 21:48:18.005 17688 17898 I AXL : AddVehicleModel: 560
03-20 21:48:18.005 17688 17898 I AXL : AddVehicleModel: 561
03-20 21:48:18.006 17688 17898 I AXL : AddVehicleModel: 562
03-20 21:48:18.006 17688 17898 I AXL : AddVehicleModel: 563
03-20 21:48:18.006 17688 17898 I AXL : AddVehicleModel: 564
03-20 21:48:18.006 17688 17898 I AXL : AddVehicleModel: 565
03-20 21:48:18.006 17688 17898 I AXL : AddVehicleModel: 566
03-20 21:48:18.006 17688 17898 I AXL : AddVehicleModel: 567
03-20 21:48:18.006 17688 17898 I AXL : AddVehicleModel: 568
03-20 21:48:18.006 17688 17898 I AXL : AddVehicleModel: 569
03-20 21:48:18.006 17688 17898 I AXL : AddVehicleModel: 570
03-20 21:48:18.006 17688 17898 I AXL : AddVehicleModel: 571
03-20 21:48:18.006 17688 17898 I AXL : AddVehicleModel: 572
03-20 21:48:18.006 17688 17898 I AXL : AddVehicleModel: 573
03-20 21:48:18.007 17688 17898 I AXL : AddVehicleModel: 574
03-20 21:48:18.007 17688 17898 I AXL : AddVehicleModel: 575
03-20 21:48:18.007 17688 17898 I AXL : AddVehicleModel: 576
03-20 21:48:18.007 17688 17898 I AXL : AddVehicleModel: 577
03-20 21:48:18.007 17688 17898 I AXL : AddVehicleModel: 578
03-20 21:48:18.007 17688 17898 I AXL : AddVehicleModel: 579
03-20 21:48:18.007 17688 17898 I AXL : AddVehicleModel: 580
03-20 21:48:18.007 17688 17898 I AXL : AddVehicleModel: 581
03-20 21:48:18.007 17688 17898 I AXL : AddVehicleModel: 582
03-20 21:48:18.007 17688 17898 I AXL : AddVehicleModel: 583
03-20 21:48:18.007 17688 17898 I AXL : AddVehicleModel: 584
03-20 21:48:18.007 17688 17898 I AXL : AddVehicleModel: 585
03-20 21:48:18.007 17688 17898 I AXL : AddVehicleModel: 586
03-20 21:48:18.008 17688 17898 I AXL : AddVehicleModel: 587
03-20 21:48:18.008 17688 17898 I AXL : AddVehicleModel: 588
03-20 21:48:18.008 17688 17898 I AXL : AddVehicleModel: 589
03-20 21:48:18.008 17688 17898 I AXL : AddVehicleModel: 590
03-20 21:48:18.008 17688 17898 I AXL : AddVehicleModel: 591
03-20 21:48:18.008 17688 17898 I AXL : AddVehicleModel: 592
03-20 21:48:18.008 17688 17898 I AXL : AddVehicleModel: 593
03-20 21:48:18.008 17688 17898 I AXL : AddVehicleModel: 594
03-20 21:48:18.008 17688 17898 I AXL : AddVehicleModel: 595
03-20 21:48:18.008 17688 17898 I AXL : AddVehicleModel: 596
03-20 21:48:18.008 17688 17898 I AXL : AddVehicleModel: 597
03-20 21:48:18.009 17688 17898 I AXL : AddVehicleModel: 598
03-20 21:48:18.009 17688 17898 I AXL : AddVehicleModel: 599
03-20 21:48:18.009 17688 17898 I AXL : AddVehicleModel: 600
03-20 21:48:18.009 17688 17898 I AXL : AddVehicleModel: 601
03-20 21:48:18.009 17688 17898 I AXL : AddVehicleModel: 602
03-20 21:48:18.009 17688 17898 I AXL : AddVehicleModel: 603
03-20 21:48:18.009 17688 17898 I AXL : AddVehicleModel: 604
03-20 21:48:18.009 17688 17898 I AXL : AddVehicleModel: 605
03-20 21:48:18.009 17688 17898 I AXL : AddVehicleModel: 606
03-20 21:48:18.009 17688 17898 I AXL : AddVehicleModel: 607
03-20 21:48:18.010 17688 17898 I AXL : AddVehicleModel: 608
03-20 21:48:18.010 17688 17898 I AXL : AddVehicleModel: 609
03-20 21:48:18.010 17688 17898 I AXL : AddVehicleModel: 610
03-20 21:48:18.011 17688 17898 I AXL : AddVehicleModel: 611
03-20 21:48:18.013 17688 17898 I AXL : NvFOpen: DATA/PEDS.IDE
03-20 21:48:18.034 17688 17898 I AXL : NvFOpen: MODELS/COLL/WEAPONS.COL
03-20 21:48:18.044 17688 17898 I AXL : NvFOpen: DATA/GTA.DAT
03-20 21:48:18.046 17688 17688 D Surface : lockCanvas
03-20 21:48:18.047 17688 17898 I AXL : NvFOpen: DATA/SCRIPT/SCRIPTV1.IMG
03-20 21:48:18.051 17688 17898 I AXL : NvFOpen: TEXDB/CUTSCENE.IMG
03-20 21:48:18.073 17688 17898 I AXL : NvFOpen: DATA/MAPS/generic/vegepart.IDE
03-20 21:48:18.080 17688 17898 I AXL : NvFOpen: DATA/MAPS/generic/barriers.IDE
03-20 21:48:18.088 17688 17898 I AXL : NvAddVehicleModel: 568
03-20 21:48:18.006 17688 17898 I AXL : AddVehicleModel: 569
03-20 21:48:18.006 17688 17898 I AXL : AddVehicleModel: 570
03-20 21:48:18.006 17688 17898 I AXL : AddVehicleModel: 571
03-20 21:48:18.006 17688 17898 I AXL : AddVehicleModel: 572
03-20 21:48:18.006 17688 17898 I AXL : AddVehicleModel: 573
03-20 21:48:18.007 17688 17898 I AXL : AddVehicleModel: 574
03-20 21:48:18.007 17688 17898 I AXL : AddVehicleModel: 575
03-20 21:48:18.007 17688 17898 I AXL : AddVehicleModel: 576
03-20 21:48:18.007 17688 17898 I AXL : AddVehicleModel: 577
03-20 21:48:18.007 17688 17898 I AXL : AddVehicleModel: 578
03-20 21:48:18.007 17688 17898 I AXL : AddVehicleModel: 579
03-20 21:48:18.007 17688 17898 I AXL : AddVehicleModel: 580
03-20 21:48:18.007 17688 17898 I AXL : AddVehicleModel: 581
03-20 21:48:18.007 17688 17898 I AXL : AddVehicleModel: 582
03-20 21:48:18.007 17688 17898 I AXL : AddVehicleModel: 583
03-20 21:48:18.007 17688 17898 I AXL : AddVehicleModel: 584
03-20 21:48:18.007 17688 17898 I AXL : AddVehicleModel: 585
03-20 21:48:18.007 17688 17898 I AXL : AddVehicleModel: 586
03-20 21:48:18.008 17688 17898 I AXL : AddVehicleModel: 587
03-20 21:48:18.008 17688 17898 I AXL : AddVehicleModel: 588
03-20 21:48:18.008 17688 17898 I AXL : AddVehicleModel: 589
03-20 21:48:18.008 17688 17898 I AXL : AddVehicleModel: 590
03-20 21:48:18.008 17688 17898 I AXL : AddVehicleModel: 591
03-20 21:48:18.008 17688 17898 I AXL : AddVehicleModel: 592
03-20 21:48:18.008 17688 17898 I AXL : AddVehicleModel: 593
03-20 21:48:18.008 17688 17898 I AXL : AddVehicleModel: 594
03-20 21:48:18.008 17688 17898 I AXL : AddVehicleModel: 595
03-20 21:48:18.008 17688 17898 I AXL : AddVehicleModel: 596
03-20 21:48:18.008 17688 17898 I AXL : AddVehicleModel: 597
03-20 21:48:18.009 17688 17898 I AXL : AddVehicleModel: 598
03-20 21:48:18.009 17688 17898 I AXL : AddVehicleModel: 599
03-20 21:48:18.009 17688 17898 I AXL : AddVehicleModel: 600
03-20 21:48:18.009 17688 17898 I AXL : AddVehicleModel: 601
03-20 21:48:18.009 17688 17898 I AXL : AddVehicleModel: 602
03-20 21:48:18.009 17688 17898 I AXL : AddVehicleModel: 603
03-20 21:48:18.009 17688 17898 I AXL : AddVehicleModel: 604
03-20 21:48:18.009 17688 17898 I AXL : AddVehicleModel: 605
03-20 21:48:18.009 17688 17898 I AXL : AddVehicleModel: 606
03-20 21:48:18.009 17688 17898 I AXL : AddVehicleModel: 607
03-20 21:48:18.010 17688 17898 I AXL : AddVehicleModel: 608
03-20 21:48:18.010 17688 17898 I AXL : AddVehicleModel: 609
03-20 21:48:18.010 17688 17898 I AXL : AddVehicleModel: 610
03-20 21:48:18.011 17688 17898 I AXL : AddVehicleModel: 611
03-20 21:48:18.013 17688 17898 I AXL : NvFOpen: DATA/PEDS.IDE
03-20 21:48:18.034 17688 17898 I AXL : NvFOpen: MODELS/COLL/WEAPONS.COL
03-20 21:48:18.044 17688 17898 I AXL : NvFOpen: DATA/GTA.DAT
03-20 21:48:18.046 17688 17688 D Surface : lockCanvas
03-20 21:48:18.047 17688 17898 I AXL : NvFOpen: DATA/SCRIPT/SCRIPTV1.IMG
03-20 21:48:18.051 17688 17898 I AXL : NvFOpen: TEXDB/CUTSCENE.IMG
03-20 21:48:18.073 17688 17898 I AXL : NvFOpen: DATA/MAPS/generic/vegepart.IDE
03-20 21:48:18.080 17688 17898 I AXL : NvFOpen: DATA/MAPS/generic/barriers.IDE
03-20 21:48:18.088 17688 17898 I AXL : NvFOpen: DATA/MAPS/generic/dynamic.IDE
03-20 21:48:18.100 17688 17898 I AXL : NvFOpen: DATA/MAPS/generic/dynamic2.IDE
03-20 21:48:18.125 17688 17688 D Surface : lockCanvas
03-20 21:48:18.125 17688 17898 I AXL : NvFOpen: DATA/MAPS/generic/multiobj.IDE
03-20 21:48:18.145 17688 17898 I AXL : NvFOpen: DATA/MAPS/generic/procobj.IDE
03-20 21:48:18.153 17688 17898 I AXL : NvFOpen: DATA/MAPS/LA/LAn.IDE
03-20 21:48:18.153 17688 17688 D Surface : lockCanvas
03-20 21:48:18.163 17688 17898 I AXL : NvFOpen: DATA/MAPS/LA/LAn2.IDE
03-20 21:48:18.174 17688 17898 I AXL : NvFOpen: DATA/MAPS/LA/LAs.IDE
03-20 21:48:18.183 17688 17898 I AXL : NvFOpen: DATA/MAPS/LA/LAs2.IDE
03-20 21:48:18.1FOpen: DATA/MAPS/generic/dynamic.IDE
03-20 21:48:18.100 17688 17898 I AXL : NvFOpen: DATA/MAPS/generic/dynamic2.IDE
03-20 21:48:18.125 17688 17688 D Surface : lockCanvas
03-20 21:48:18.125 17688 17898 I AXL : NvFOpen: DATA/MAPS/generic/multiobj.IDE
03-20 21:48:18.145 17688 17898 I AXL : NvFOpen: DATA/MAPS/generic/procobj.IDE
03-20 21:48:18.153 17688 17898 I AXL : NvFOpen: DATA/MAPS/LA/LAn.IDE
03-20 21:48:18.153 17688 17688 D Surface : lockCanvas
03-20 21:48:18.163 17688 17898 I AXL : NvFOpen: DATA/MAPS/LA/LAn2.IDE
03-20 21:48:18.174 17688 17898 I AXL : NvFOpen: DATA/MAPS/LA/LAs.IDE
03-20 21:48:18.183 17688 17898 I AXL : NvFOpen: DATA/MAPS/LA/LAs2.IDE
03-20 21:48:18.193 17688 17898 I AXL : NvFOpen: DATA/MAPS/LA/LAe.IDE
03-20 21:48:18.198 17688 17688 D Surface : lockCanvas
03-20 21:48:18.203 17688 17898 I AXL : NvFOpen: DATA/MAPS/LA/LAe2.IDE
03-20 21:48:18.224 17688 17898 I AXL : NvFOpen: DATA/MAPS/LA/LAw2.IDE
03-20 21:48:18.235 17688 17688 D Surface : lockCanvas
03-20 21:48:18.235 17688 17898 I AXL : NvFOpen: DATA/MAPS/LA/LAw.IDE
03-20 21:48:18.247 17688 17898 I AXL : NvFOpen: DATA/MAPS/LA/LAwn.IDE
03-20 21:48:18.260 17688 17898 I AXL : NvFOpen: DATA/MAPS/LA/LAhills.IDE
03-20 21:48:18.265 17688 17688 D Surface : lockCanvas
03-20 21:48:18.271 17688 17898 I AXL : NvFOpen: DATA/MAPS/LA/LAxref.IDE
03-20 21:48:18.287 17688 17898 I AXL : NvFOpen: DATA/MAPS/SF/SFn.IDE
03-20 21:48:18.298 17688 17688 D Surface : lockCanvas
03-20 21:48:18.298 17688 17898 I AXL : NvFOpen: DATA/MAPS/SF/SFs.IDE
03-20 21:48:18.318 17688 17898 I AXL : NvFOpen: DATA/MAPS/SF/SFse.IDE
03-20 21:48:18.329 17688 17898 I AXL : NvFOpen: DATA/MAPS/SF/SFe.IDE
03-20 21:48:18.331 17688 17688 D Surface : lockCanvas
03-20 21:48:18.340 17688 17898 I AXL : NvFOpen: DATA/MAPS/SF/SFw.IDE
03-20 21:48:18.351 17688 17898 I AXL : NvFOpen: DATA/MAPS/SF/SFxref.IDE
03-20 21:48:18.357 17688 17898 I AXL : NvFOpen: DATA/MAPS/vegas/vegasN.IDE
03-20 21:48:18.364 17688 17688 D Surface : lockCanvas
03-20 21:48:18.371 17688 17898 I AXL : NvFOpen: DATA/MAPS/vegas/vegasS.IDE
03-20 21:48:18.386 17688 17898 I AXL : NvFOpen: DATA/MAPS/vegas/vegasE.IDE
03-20 21:48:18.398 17688 17688 D Surface : lockCanvas
03-20 21:48:18.401 17688 17898 I AXL : NvFOpen: DATA/MAPS/vegas/vegasW.IDE
03-20 21:48:18.415 17688 17898 I AXL : NvFOpen: DATA/MAPS/vegas/vegaxref.IDE
03-20 21:48:18.422 17688 17898 I AXL : NvFOpen: DATA/MAPS/country/countryN.IDE
03-20 21:48:18.428 17688 17898 I AXL : NvFOpen: DATA/MAPS/country/countN2.IDE
03-20 21:48:18.431 17688 17688 D Surface : lockCanvas
03-20 21:48:18.442 17688 17898 I AXL : NvFOpen: DATA/MAPS/country/countryS.IDE
03-20 21:48:18.451 17688 17898 I AXL : NvFOpen: DATA/MAPS/country/countryE.IDE
03-20 21:48:18.464 17688 17688 D Surface : lockCanvas
03-20 21:48:18.469 17688 17898 I AXL : NvFOpen: DATA/MAPS/country/countryW.IDE
03-20 21:48:18.483 17688 17898 I AXL : NvFOpen: DATA/MAPS/country/counxref.IDE
03-20 21:48:18.492 17688 17898 I AXL : NvFOpen: DATA/MAPS/interior/int_LA.IDE
03-20 21:48:18.497 17688 17898 I AXL : NvFOpen: DATA/MAPS/interior/int_SF.IDE
03-20 21:48:18.498 17688 17688 D Surface : lockCanvas
03-20 21:48:18.505 17688 17898 I AXL : NvFOpen: DATA/MAPS/interior/int_veg.IDE
03-20 21:48:18.512 17688 17898 I AXL : NvFOpen: DATA/MAPS/interior/int_cont.IDE
03-20 21:48:18.516 17688 17898 I AXL : NvFOpen: DATA/MAPS/leveldes/levelmap.IDE
03-20 21:48:18.521 17688 17898 I AXL : NvFOpen: DATA/MAPS/leveldes/levelxre.IDE
03-20 21:48:18.529 17688 17898 I AXL : NvFOpen: DATA/MAPS/interior/gen_int1.IDE
03-20 21:48:18.532 17688 17688 D Surface : lockCanvas
03-20 21:48:18.537 17688 17898 I AXL : NvFOpen: DATA/MAPS/interior/gen_int2.IDE
03-20 21:48:18.544 17688 17898 I AXL : NvFOpen: DATA/MAPS/interior/gen_intb.IDE
03-20 21:48:18.549 17688 17898 I AXL : NvFOpen: DATA/MAPS/interior/gen_int3.IDE
03-20 21:48:18.557 17688 17898 I AXL : NvFOpen: DATA/MAPS/interior/gen_int4.IDE
03-20 21:48:18.565 17688 17688 D Surfac93 17688 17898 I AXL : NvFOpen:
DATA/MAPS/LA/LAe.IDE
03-20 21:48:18.198 17688 17688 D Surface : lockCanvas
03-20 21:48:18.203 17688 17898 I AXL : NvFOpen: DATA/MAPS/LA/LAe2.IDE
03-20 21:48:18.224 17688 17898 I AXL : NvFOpen: DATA/MAPS/LA/LAw2.IDE
03-20 21:48:18.235 17688 17688 D Surface : lockCanvas
03-20 21:48:18.235 17688 17898 I AXL : NvFOpen: DATA/MAPS/LA/LAw.IDE
03-20 21:48:18.247 17688 17898 I AXL : NvFOpen: DATA/MAPS/LA/LAwn.IDE
03-20 21:48:18.260 17688 17898 I AXL : NvFOpen: DATA/MAPS/LA/LAhills.IDE
03-20 21:48:18.265 17688 17688 D Surface : lockCanvas
03-20 21:48:18.271 17688 17898 I AXL : NvFOpen: DATA/MAPS/LA/LAxref.IDE
03-20 21:48:18.287 17688 17898 I AXL : NvFOpen: DATA/MAPS/SF/SFn.IDE
03-20 21:48:18.298 17688 17688 D Surface : lockCanvas
03-20 21:48:18.298 17688 17898 I AXL : NvFOpen: DATA/MAPS/SF/SFs.IDE
03-20 21:48:18.318 17688 17898 I AXL : NvFOpen: DATA/MAPS/SF/SFse.IDE
03-20 21:48:18.329 17688 17898 I AXL : NvFOpen: DATA/MAPS/SF/SFe.IDE
03-20 21:48:18.331 17688 17688 D Surface : lockCanvas
03-20 21:48:18.340 17688 17898 I AXL : NvFOpen: DATA/MAPS/SF/SFw.IDE
03-20 21:48:18.351 17688 17898 I AXL : NvFOpen: DATA/MAPS/SF/SFxref.IDE
03-20 21:48:18.357 17688 17898 I AXL : NvFOpen: DATA/MAPS/vegas/vegasN.IDE
03-20 21:48:18.364 17688 17688 D Surface : lockCanvas
03-20 21:48:18.371 17688 17898 I AXL : NvFOpen: DATA/MAPS/vegas/vegasS.IDE
03-20 21:48:18.386 17688 17898 I AXL : NvFOpen: DATA/MAPS/vegas/vegasE.IDE
03-20 21:48:18.398 17688 17688 D Surface : lockCanvas
03-20 21:48:18.401 17688 17898 I AXL : NvFOpen: DATA/MAPS/vegas/vegasW.IDE
03-20 21:48:18.415 17688 17898 I AXL : NvFOpen: DATA/MAPS/vegas/vegaxref.IDE
03-20 21:48:18.422 17688 17898 I AXL : NvFOpen: DATA/MAPS/country/countryN.IDE
03-20 21:48:18.428 17688 17898 I AXL : NvFOpen: DATA/MAPS/country/countN2.IDE
03-20 21:48:18.431 17688 17688 D Surface : lockCanvas
03-20 21:48:18.442 17688 17898 I AXL : NvFOpen: DATA/MAPS/country/countryS.IDE
03-20 21:48:18.451 17688 17898 I AXL : NvFOpen: DATA/MAPS/country/countryE.IDE
03-20 21:48:18.464 17688 17688 D Surface : lockCanvas
03-20 21:48:18.469 17688 17898 I AXL : NvFOpen: DATA/MAPS/country/countryW.IDE
03-20 21:48:18.483 17688 17898 I AXL : NvFOpen: DATA/MAPS/country/counxref.IDE
03-20 21:48:18.492 17688 17898 I AXL : NvFOpen: DATA/MAPS/interior/int_LA.IDE
03-20 21:48:18.497 17688 17898 I AXL : NvFOpen: DATA/MAPS/interior/int_SF.IDE
03-20 21:48:18.498 17688 17688 D Surface : lockCanvas
03-20 21:48:18.505 17688 17898 I AXL : NvFOpen: DATA/MAPS/interior/int_veg.IDE
03-20 21:48:18.512 17688 17898 I AXL : NvFOpen: DATA/MAPS/interior/int_cont.IDE
03-20 21:48:18.516 17688 17898 I AXL : NvFOpen: DATA/MAPS/leveldes/levelmap.IDE
03-20 21:48:18.521 17688 17898 I AXL : NvFOpen: DATA/MAPS/leveldes/levelxre.IDE
03-20 21:48:18.529 17688 17898 I AXL : NvFOpen: DATA/MAPS/interior/gen_int1.IDE
03-20 21:48:18.532 17688 17688 D Surface : lockCanvas
03-20 21:48:18.537 17688 17898 I AXL : NvFOpen: DATA/MAPS/interior/gen_int2.IDE
03-20 21:48:18.544 17688 17898 I AXL : NvFOpen: DATA/MAPS/interior/gen_intb.IDE
03-20 21:48:18.549 17688 17898 I AXL : NvFOpen: DATA/MAPS/interior/gen_int3.IDE
