03-20 21:49:17.823 17688 17898 I AXL : На сервере включена акция
{FFFFFF}"Прокачка новичкам"{33AA33}. Подробнее: {FFFFFF}"/boostinfo"{33AA33}!
03-20 21:49:17.840 17688 17688 D Surface : lockCanvas
03-20 21:49:17.852 17688 17898 I AXL : RPC: ScrSetPlayerColor
03-20 21:49:17.852 17688 17898 I AXL : RPC: ScrSetSpawnInfo
03-20 21:49:17.852 17688 17898 I AXL : CPlayerPed::TogglePlayerControllable
03-20 21:49:17.852 17688 17898 I AXL : CPlayerPed::SetInitialState()
03-20 21:49:17.852 17688 17898 I AXL : RPC: ScrSetCameraBehindPlayer
03-20 21:49:17.853 176erHealth
03-20 21:49:17.823 17688 17898 I AXL : RPC: ScrSetPlayerArmour
03-20 21:49:17.823 17688 17898 I AXL : На сервере включена акция
{FFFFFF}"Прокачка новичкам"{33AA33}. Подробнее: {FFFFFF}"/boostinfo"{33AA33}!
03-20 21:49:17.840 17688 17688 D Surface : lockCanvas
03-20 21:49:17.852 17688 17898 I AXL : RPC: ScrSetPlayerColor
03-20 21:49:17.852 17688 17898 I AXL : RPC: ScrSetSpawnInfo
03-20 21:49:17.852 17688 17898 I AXL : CPlayerPed::TogglePlayerControllable
03-20 21:49:17.852 17688 17898 I AXL : CPlayerPed::SetInitialState()
03-20 21:49:17.852 17688 17898 I AXL : RPC: ScrSetCameraBehindPlayer
03-20 21:49:17.853 17688 17898 I AXL : RPC: ScrApplyPlayerAnimation
03-20 21:49:17.853 17688 17898 I AXL : INT_SHOP, null
03-20 21:49:17.873 17688 17898 I AXL : RPC: ScrApplyPlayerAnimation
03-20 21:49:17.874 17688 17898 I AXL : RAPPING, null
03-20 21:49:17.880 17688 17688 I System.out: addChatViewMessage: {33AA33} |
 На сервере включена акция 
{FFFFFF}"Прокачка новичкам"{33AA33}. Подробнее: {FFFFFF}"/
boostinfo"{33AA33}!
03-20 21:49:17.893 17688 17688 D Surface : lockCanvas
03-20 21:49:17.894 17688 17898 I AXL : RPC: ScrApplyPlayerAnimation
03-20 21:49:17.894 17688 17898 I AXL : SHOP, null
03-20 21:49:17.913 17688 17898 I AXL : RPC: ScrApplyPlayerAnimation
03-20 21:49:17.913 17688 17898 I AXL : BEACH, null
03-20 21:49:17.913 17688 17898 I AXL : RPC: ScrApplyPlayerAnimation
03-20 21:49:17.913 17688 17898 I AXL : SMOKING, null
03-20 21:49:17.913 17688 17898 I AXL : RPC: ScrApplyPlayerAnimation
03-20 21:49:17.913 17688 17898 I AXL : FOOD, null
03-20 21:49:17.931 17688 17898 I AXL : RPC: ScrApplyPlayerAnimation
03-20 21:49:17.932 17688 17898 I AXL : ON_LOOKERS, null
03-20 21:49:17.945 17688 17688 D Surface : lockCanvas
03-20 21:49:17.951 17688 17898 I AXL : RPC: ScrApplyPlayerAnimation
03-20 21:49:17.951 17688 17898 I AXL : DEALER, null
03-20 21:49:17.971 17688 17898 I AXL : RPC: ScrApplyPlayerAnimation
03-20 21:49:17.971 17688 17898 I AXL : CRACK, null
03-20 21:49:17.971 17688 17898 I AXL : RPC: ScrApplyPlayerAnimation
03-20 21:49:17.971 17688 17898 I AXL : COP_AMBIENT, null
03-20 21:49:17.990 17688 17898 I AXL : RPC: ScrApplyPlayerAnimation
03-20 21:49:17.990 17688 17898 I AXL : PARK, null
03-20 21:49:17.992 17688 17688 D Surface : lockCanvas
03-20 21:49:18.010 17688 17898 I AXL : RPC: ScrApplyPlayerAnimation
03-20 21:49:18.011 17688 17898 I AXL : INT_HOUSE, null
03-20 21:49:18.011 17688 17898 I AXL : RPC: ScrApplyPlayerAnimation
03-20 21:49:18.011 17688 17898 I AXL : GANGS, null
03-20 21:49:18.029 17688 17898 I AXL : RPC: ScrApplyPlayerAnimation
03-20 21:49:18.029 17688 17898 I AXL : KISSING, null
03-20 21:49:18.048 17688 17898 I AXL : RPC: ScrApplyPlayerAnimation
03-20 21:49:18.049 17688 17898 I AXL : CAR_CHAT, null
03-20 21:49:18.067 17688 17898 I AXL : RPC: ScrApplyPlayerAnimation
03-20 21:49:18.067 17688 17898 I AXL : DODGE, null
03-20 21:49:18.086 17688 17898 I AXL : RPC: ScrApplyPlayerAnimation
03-20 21:49:18.086 17688 17898 I AXL : MD_END, null
03-20 21:49:18.091 17688 17872 D AAudio : AAudioStream_requestStop(s#2) called
03-20 21:49:18.091 17688 17872 D AAudioStream: setState(s#2) from 4 to 9
03-20 21:49:18.091 17688 17872 D AudioTrack: stop(528): 0xea63e500, prior
state:STATE_ACTIVE
03-20 21:49:18.091 17688 17872 D AudioTrackShared: this(0xe030fb40),
mCblk(0xd1cb6000), front(2286848), mIsOut 1, interrupt() FUTEX_WAKE
03-20 21:49:18.092 17688 17872 D AudioTrack: stop(528): 0xea63e500 stop done
03-20 21:49:18.104 17688 17898 I AXL : RPC: ScrApplyPlayerAnimation
03-20 21:49:18.104 17688 17898 I AXL : MUSCULAR, null
03-20 21:49:18.123 17688 17898 I AXL : RPC: ScrApplyPlayerAnimation
03-20 21:49:18.123 17688 17898 I AXL : MD_CHASE, null
03-20 21:49:18.141 17688 17898 I AXL : RPC: ScrApplyPlayerAnimation
03-20 2188 17898 I AXL : RPC: ScrApplyPlayerAnimation
03-20 21:49:17.853 17688 17898 I AXL : INT_SHOP, null
03-20 21:49:17.873 17688 17898 I AXL : RPC: ScrApplyPlayerAnimation
03-20 21:49:17.874 17688 17898 I AXL : RAPPING, null
03-20 21:49:17.880 17688 17688 I System.out: addChatViewMessage: {33AA33} |
 На сервере включена акция 
{FFFFFF}"Прокачка новичкам"{33AA33}. Подробнее: {FFFFFF}"/
boostinfo"{33AA33}!
03-20 21:49:17.893 17688 17688 D Surface : lockCanvas
03-20 21:49:17.894 17688 17898 I AXL : RPC: ScrApplyPlayerAnimation
03-20 21:49:17.894 17688 17898 I AXL : SHOP, null
03-20 21:49:17.913 17688 17898 I AXL : RPC: ScrApplyPlayerAnimation
03-20 21:49:17.913 17688 17898 I AXL : BEACH, null
03-20 21:49:17.913 17688 17898 I AXL : RPC: ScrApplyPlayerAnimation
03-20 21:49:17.913 17688 17898 I AXL : SMOKING, null
03-20 21:49:17.913 17688 17898 I AXL : RPC: ScrApplyPlayerAnimation
03-20 21:49:17.913 17688 17898 I AXL : FOOD, null
03-20 21:49:17.931 17688 17898 I AXL : RPC: ScrApplyPlayerAnimation
03-20 21:49:17.932 17688 17898 I AXL : ON_LOOKERS, null
03-20 21:49:17.945 17688 17688 D Surface : lockCanvas
03-20 21:49:17.951 17688 17898 I AXL : RPC: ScrApplyPlayerAnimation
03-20 21:49:17.951 17688 17898 I AXL : DEALER, null
03-20 21:49:17.971 17688 17898 I AXL : RPC: ScrApplyPlayerAnimation
03-20 21:49:17.971 17688 17898 I AXL : CRACK, null
03-20 21:49:17.971 17688 17898 I AXL : RPC: ScrApplyPlayerAnimation
03-20 21:49:17.971 17688 17898 I AXL : COP_AMBIENT, null
03-20 21:49:17.990 17688 17898 I AXL : RPC: ScrApplyPlayerAnimation
03-20 21:49:17.990 17688 17898 I AXL : PARK, null
03-20 21:49:17.992 17688 17688 D Surface : lockCanvas
03-20 21:49:18.010 17688 17898 I AXL : RPC: ScrApplyPlayerAnimation
03-20 21:49:18.011 17688 17898 I AXL : INT_HOUSE, null
03-20 21:49:18.011 17688 17898 I AXL : RPC: ScrApplyPlayerAnimation
03-20 21:49:18.011 17688 17898 I AXL : GANGS, null
03-20 21:49:18.029 17688 17898 I AXL : RPC: ScrApplyPlayerAnimation
03-20 21:49:18.029 17688 17898 I AXL : KISSING, null
03-20 21:49:18.048 17688 17898 I AXL : RPC: ScrApplyPlayerAnimation
03-20 21:49:18.049 17688 17898 I AXL : CAR_CHAT, null
03-20 21:49:18.067 17688 17898 I AXL : RPC: ScrApplyPlayerAnimation
03-20 21:49:18.067 17688 17898 I AXL : DODGE, null
03-20 21:49:18.086 17688 17898 I AXL : RPC: ScrApplyPlayerAnimation
03-20 21:49:18.086 17688 17898 I AXL : MD_END, null
03-20 21:49:18.091 17688 17872 D AAudio : AAudioStream_requestStop(s#2) called
03-20 21:49:18.091 17688 17872 D AAudioStream: setState(s#2) from 4 to 9
03-20 21:49:18.091 17688 17872 D AudioTrack: stop(528): 0xea63e500, prior
state:STATE_ACTIVE
03-20 21:49:18.091 17688 17872 D AudioTrackShared: this(0xe030fb40),
mCblk(0xd1cb6000), front(2286848), mIsOut 1, interrupt() FUTEX_WAKE
03-20 21:49:18.092 17688 17872 D AudioTrack: stop(528): 0xea63e500 stop done
03-20 21:49:18.104 17688 17898 I AXL : RPC: ScrApplyPlayerAnimation
03-20 21:49:18.104 17688 17898 I AXL : MUSCULAR, null
03-20 21:49:18.123 17688 17898 I AXL : RPC: ScrApplyPlayerAnimation
03-20 21:49:18.123 17688 17898 I AXL : MD_CHASE, null
03-20 21:49:18.141 17688 17898 I AXL : RPC: ScrApplyPlayerAnimation
03-20 21:49:18.141 17688 17898 I AXL : FAT, null
03-20 21:49:18.159 17688 17898 I AXL : RPC: ScrApplyPlayerAnimation
03-20 21:49:18.159 17688 17898 I AXL : SCRATCHING, null
03-20 21:49:18.177 17688 17898 I AXL : RPC: ScrApplyPlayerAnimation
03-20 21:49:18.178 17688 17898 I AXL : BAR, null
03-20 21:49:18.196 17688 17898 I AXL : RPC: ScrApplyPlayerAnimation
03-20 21:49:18.196 17688 17898 I AXL : JST_BUISNESS, null
03-20 21:49:18.214 17688 17898 I AXL : RPC: ScrApplyPlayerAnimation
03-20 21:49:18.214 17688 17898 I AXL : CRIB, null
03-20 21:49:18.232 17688 17898 I AXL : RPC: ScrApplyPlayerAnimation
03-20 21:49:18.232 17688 17898 I AXL : BASEBALL, null
03-20 21:49:49:18.141 17688 17898 I AXL : FAT, null
03-20 21:49:18.159 17688 17898 I AXL : RPC: ScrApplyPlayerAnimation
03-20 21:49:18.159 17688 17898 I AXL : SCRATCHING, null
03-20 21:49:18.177 17688 17898 I AXL : RPC: ScrApplyPlayerAnimation
03-20 21:49:18.178 17688 17898 I AXL : BAR, null
03-20 21:49:18.196 17688 17898 I AXL : RPC: ScrApplyPlayerAnimation
03-20 21:49:18.196 17688 17898 I AXL : JST_BUISNESS, null
03-20 21:49:18.214 17688 17898 I AXL : RPC: ScrApplyPlayerAnimation
03-20 21:49:18.214 17688 17898 I AXL : CRIB, null
03-20 21:49:18.232 17688 17898 I AXL : RPC: ScrApplyPlayerAnimation
03-20 21:49:18.232 17688 17898 I AXL : BASEBALL, null
03-20 21:49:18.250 17688 17898 I AXL : RPC: ScrApplyPlayerAnimation
03-20 21:49:18.251 17688 17898 I AXL : CHAINSAW, null
03-20 21:49:18.270 17688 17898 I AXL : RPC: ScrApplyPlayerAnimation
03-20 21:49:18.270 17688 17898 I AXL : PED, null
03-20 21:49:18.270 17688 17898 I AXL : RPC: ScrApplyPlayerAnimation
03-20 21:49:18.270 17688 17898 I AXL : DAM_JUMP, null
03-20 21:49:18.288 17688 17898 I AXL : RPC: ScrApplyPlayerAnimation
03-20 21:49:18.288 17688 17898 I AXL : OTB, null
03-20 21:49:18.306 17688 17898 I AXL : RPC: ScrApplyPlayerAnimation
03-20 21:49:18.306 17688 17898 I AXL : Attractors, null
03-20 21:49:18.325 17688 17898 I AXL : RPC: ScrApplyPlayerAnimation
03-20 21:49:18.325 17688 17898 I AXL : TATTOOS, null
03-20 21:49:18.343 17688 17898 I AXL : RPC: ScrApplyPlayerAnimation
03-20 21:49:18.343 17688 17898 I AXL : RYDER, null
03-20 21:49:18.361 17688 17898 I AXL : RPC: ScrApplyPlayerAnimation
03-20 21:49:18.361 17688 17898 I AXL : BOMBER, null
03-20 21:49:18.379 17688 17898 I AXL : RPC: ScrApplyPlayerAnimation
03-20 21:49:18.379 17688 17898 I AXL : CASINO, null
03-20 21:49:18.398 17688 17898 I AXL : RPC: ScrApplyPlayerAnimation
03-20 21:49:18.398 17688 17898 I AXL : BD_FIRE, null
03-20 21:49:18.416 17688 17898 I AXL : RPC: ScrApplyPlayerAnimation
03-20 21:49:18.416 17688 17898 I AXL : benchpress, null
03-20 21:49:18.434 17688 17898 I AXL : RPC: ScrApplyPlayerAnimation
03-20 21:49:18.434 17688 17898 I AXL : Freeweights, null
03-20 21:49:18.452 17688 17898 I AXL : RPC: ScrApplyPlayerAnimation
03-20 21:49:18.453 17688 17898 I AXL : CLOTHES, null
03-20 21:49:18.471 17688 17898 I AXL : RPC: ScrApplyPlayerAnimation
03-20 21:49:18.471 17688 17898 I AXL : GHANDS, null
03-20 21:49:18.471 17688 17898 I AXL : RPC: ScrApplyPlayerAnimation
03-20 21:49:18.471 17688 17898 I AXL : HEIST9, null
03-20 21:49:18.489 17688 17898 I AXL : RPC: ScrApplyPlayerAnimation
03-20 21:49:18.489 17688 17898 I AXL : LOWRIDER, null
03-20 21:49:18.508 17688 17898 I AXL : RPC: ScrApplyPlayerAnimation
03-20 21:49:18.508 17688 17898 I AXL : MEDIC, null
03-20 21:49:18.526 17688 17898 I AXL : RPC: ScrApplyPlayerAnimation
03-20 21:49:18.526 17688 17898 I AXL : MISC, null
03-20 21:49:18.526 17688 17898 I AXL : RPC: ScrApplyPlayerAnimation
03-20 21:49:18.526 17688 17898 I AXL : PARACHUTE, null
03-20 21:49:18.545 17688 17898 I AXL : RPC: ScrApplyPlayerAnimation
03-20 21:49:18.545 17688 17898 I AXL : PAULNMAC, null
03-20 21:49:18.563 17688 17898 I AXL : RPC: ScrApplyPlayerAnimation
03-20 21:49:18.564 17688 17898 I AXL : PLAYIDLES, null
03-20 21:49:18.582 17688 17898 I AXL : RPC: ScrApplyPlayerAnimation
03-20 21:49:18.582 17688 17898 I AXL : POLICE, null
03-20 21:49:18.601 17688 17898 I AXL : RPC: ScrApplyPlayerAnimation
03-20 21:49:18.601 17688 17898 I AXL : RIOT, null
03-20 21:49:18.619 17688 17898 I AXL : RPC: ScrApplyPlayerAnimation
03-20 21:49:18.619 17688 17898 I AXL : ROB_BANK, null
03-20 21:49:18.637 17688 17898 I AXL : RPC: ScrApplyPlayerAnimation
03-20 21:49:18.638 17688 17898 I AXL : SUNBATHE, null
03-20 21:49:18.638 17688 17898 I AXL : RPC: ScrApplyPlayerAnimation
03-20 21:49:18.638 17688 17898 I AXL : SWAT, null
03-20 21:49:18.656 17688 17898 I AXL : RPC: ScrApply:18.250 17688 17898 I AXL
: RPC: ScrApplyPlayerAnimation
03-20 21:49:18.251 17688 17898 I AXL : CHAINSAW, null
03-20 21:49:18.270 17688 17898 I AXL : RPC: ScrApplyPlayerAnimation
03-20 21:49:18.270 17688 17898 I AXL : PED, null
03-20 21:49:18.270 17688 17898 I AXL : RPC: ScrApplyPlayerAnimation
03-20 21:49:18.270 17688 17898 I AXL : DAM_JUMP, null
03-20 21:49:18.288 17688 17898 I AXL : RPC: ScrApplyPlayerAnimation
03-20 21:49:18.288 17688 17898 I AXL : OTB, null
03-20 21:49:18.306 17688 17898 I AXL : RPC: ScrApplyPlayerAnimation
03-20 21:49:18.306 17688 17898 I AXL : Attractors, null
03-20 21:49:18.325 17688 17898 I AXL : RPC: ScrApplyPlayerAnimation
03-20 21:49:18.325 17688 17898 I AXL : TATTOOS, null
03-20 21:49:18.343 17688 17898 I AXL : RPC: ScrApplyPlayerAnimation
03-20 21:49:18.343 17688 17898 I AXL : RYDER, null
03-20 21:49:18.361 17688 17898 I AXL : RPC: ScrApplyPlayerAnimation
03-20 21:49:18.361 17688 17898 I AXL : BOMBER, null
03-20 21:49:18.379 17688 17898 I AXL : RPC: ScrApplyPlayerAnimation
03-20 21:49:18.379 17688 17898 I AXL : CASINO, null
03-20 21:49:18.398 17688 17898 I AXL : RPC: ScrApplyPlayerAnimation
03-20 21:49:18.398 17688 17898 I AXL : BD_FIRE, null
03-20 21:49:18.416 17688 17898 I AXL : RPC: ScrApplyPlayerAnimation
03-20 21:49:18.416 17688 17898 I AXL : benchpress, null
03-20 21:49:18.434 17688 17898 I AXL : RPC: ScrApplyPlayerAnimation
03-20 21:49:18.434 17688 17898 I AXL : Freeweights, null
03-20 21:49:18.452 17688 17898 I AXL : RPC: ScrApplyPlayerAnimation
03-20 21:49:18.453 17688 17898 I AXL : CLOTHES, null
03-20 21:49:18.471 17688 17898 I AXL : RPC: ScrApplyPlayerAnimation
03-20 21:49:18.471 17688 17898 I AXL : GHANDS, null
03-20 21:49:18.471 17688 17898 I AXL : RPC: ScrApplyPlayerAnimation
03-20 21:49:18.471 17688 17898 I AXL : HEIST9, null
03-20 21:49:18.489 17688 17898 I AXL : RPC: ScrApplyPlayerAnimation
03-20 21:49:18.489 17688 17898 I AXL : LOWRIDER, null
03-20 21:49:18.508 17688 17898 I AXL : RPC: ScrApplyPlayerAnimation
03-20 21:49:18.508 17688 17898 I AXL : MEDIC, null
03-20 21:49:18.526 17688 17898 I AXL : RPC: ScrApplyPlayerAnimation
03-20 21:49:18.526 17688 17898 I AXL : MISC, null
03-20 21:49:18.526 17688 17898 I AXL : RPC: ScrApplyPlayerAnimation
03-20 21:49:18.526 17688 17898 I AXL : PARACHUTE, null
03-20 21:49:18.545 17688 17898 I AXL : RPC: ScrApplyPlayerAnimation
03-20 21:49:18.545 17688 17898 I AXL : PAULNMAC, null
03-20 21:49:18.563 17688 17898 I AXL : RPC: ScrApplyPlayerAnimation
03-20 21:49:18.564 17688 17898 I AXL : PLAYIDLES, null
03-20 21:49:18.582 17688 17898 I AXL : RPC: ScrApplyPlayerAnimation
03-20 21:49:18.582 17688 17898 I AXL : POLICE, null
03-20 21:49:18.601 17688 17898 I AXL : RPC: ScrApplyPlayerAnimation
03-20 21:49:18.601 17688 17898 I AXL : RIOT, null
03-20 21:49:18.619 17688 17898 I AXL : RPC: ScrApplyPlayerAnimation
03-20 21:49:18.619 17688 17898 I AXL : ROB_BANK, null
03-20 21:49:18.637 17688 17898 I AXL : RPC: ScrApplyPlayerAnimation
03-20 21:49:18.638 17688 17898 I AXL : SUNBATHE, null
03-20 21:49:18.638 17688 17898 I AXL : RPC: ScrApplyPlayerAnimation
03-20 21:49:18.638 17688 17898 I AXL : SWAT, null
03-20 21:49:18.656 17688 17898 I AXL : RPC: ScrApplyPlayerAnimation
03-20 21:49:18.656 17688 17898 I AXL : WUZI, null
03-20 21:49:18.674 17688 17898 I AXL : RPC: ScrApplyPlayerAnimation
03-20 21:49:18.674 17688 17898 I AXL : SWEET, null
03-20 21:49:18.694 17688 17898 I AXL : RPC: ScrApplyPlayerAnimation
03-20 21:49:18.694 17688 17898 I AXL : CARRY, null
03-20 21:49:18.694 17688 17898 I AXL : RPC: ScrApplyPlayerAnimation
03-20 21:49:18.694 17688 17898 I AXL : PYTHON, null
03-20 21:49:18.712 17688 17898 I AXL : RPC: ScrApplyPlayerAnimation
03-20 21:49:18.712 17688 17898 I AXL : BUDDY, null
03-20 21:49:18.730 17688 17898 I AXL : RPC: ScrApplyPlayerAnimation
03-20 21:49:18.731 17688 17898 I AXL : UZI, nullPlayerAnimation
03-20 21:49:18.656 17688 17898 I AXL : WUZI, null
03-20 21:49:18.674 17688 17898 I AXL : RPC: ScrApplyPlayerAnimation
03-20 21:49:18.674 17688 17898 I AXL : SWEET, null
03-20 21:49:18.694 17688 17898 I AXL : RPC: ScrApplyPlayerAnimation
03-20 21:49:18.694 17688 17898 I AXL : CARRY, null
03-20 21:49:18.694 17688 17898 I AXL : RPC: ScrApplyPlayerAnimation
03-20 21:49:18.694 17688 17898 I AXL : PYTHON, null
03-20 21:49:18.712 17688 17898 I AXL : RPC: ScrApplyPlayerAnimation
03-20 21:49:18.712 17688 17898 I AXL : BUDDY, null
03-20 21:49:18.730 17688 17898 I AXL : RPC: ScrApplyPlayerAnimation
03-20 21:49:18.731 17688 17898 I AXL : UZI, null
03-20 21:49:18.749 17688 17898 I AXL : RPC: ScrApplyPlayerAnimation
03-20 21:49:18.749 17688 17898 I AXL : BOX, null
03-20 21:49:18.767 17688 17898 I AXL : RPC: ScrApplyPlayerAnimation
03-20 21:49:18.767 17688 17898 I AXL : SPRAYCAN, null
03-20 21:49:18.786 17688 17898 I AXL : RPC: ScrSetPlayerWantedLevel
03-20 21:49:18.786 17688 17898 I AXL : RPC: ScrSetPlayerHealth
03-20 21:49:18.786 17688 17898 I AXL : RPC: ScrSetPlayerArmour
03-20 21:49:18.786 17688 17898 I AXL : CPlayerPed::TogglePlayerControllable
03-20 21:49:18.786 17688 17898 I AXL : RPC: ScrApplyPlayerAnimation
03-20 21:49:18.786 17688 17898 I AXL : CARRY, crry_prtial
03-20 21:49:18.786 17688 17898 I AXL : RPC: ScrResetMoney
03-20 21:49:18.786 17688 17898 I AXL : RPC: ScrHaveSomeMoney
03-20 21:49:18.787 17688 17898 I AXL : RPC: ScrClearPlayerAnimations
03-20 21:49:18.787 17688 17898 I AXL : RPC: ScrSetPlayerSkin
03-20 21:49:18.787 17688 17898 I AXL : RPC: ScrSetPlayerPos
03-20 21:49:18.787 17688 17898 I AXL : RPC: ScrSetPlayerInterior
03-20 21:49:18.787 17688 17898 I AXL : RPC: ScrSetCameraBehindPlayer
03-20 21:49:18.788 17688 17898 I AXL : RPC: ScrSetPlayerColor
03-20 21:49:18.788 17688 17898 I AXL : id: 431
03-20 21:49:18.788 17688 17898 I AXL : id: 173
03-20 21:49:18.788 17688 17898 I AXL : id: 174
03-20 21:49:18.788 17688 17898 I AXL : id: 175
03-20 21:49:18.788 17688 17898 I AXL : id: 176
03-20 21:49:18.788 17688 17898 I AXL : id: 177
03-20 21:49:18.788 17688 17898 I AXL : id: 178
03-20 21:49:18.788 17688 17898 I AXL : id: 179
03-20 21:49:18.788 17688 17898 I AXL : id: 180
03-20 21:49:18.789 17688 17898 I AXL : id: 181
03-20 21:49:18.789 17688 17898 I AXL : id: 182
03-20 21:49:18.789 17688 17898 I AXL : id: 183
03-20 21:49:18.789 17688 17898 I AXL : id: 184
03-20 21:49:18.789 17688 17898 I AXL : id: 185
03-20 21:49:18.789 17688 17898 I AXL : id: 186
03-20 21:49:18.789 17688 17898 I AXL : id: 187
03-20 21:49:18.789 17688 17898 I AXL : id: 188
03-20 21:49:18.789 17688 17898 I AXL : id: 189
03-20 21:49:18.789 17688 17898 I AXL : id: 190
03-20 21:49:18.789 17688 17898 I AXL : id: 191
03-20 21:49:18.789 17688 17898 I AXL : id: 192
03-20 21:49:18.790 17688 17898 I AXL : id: 193
03-20 21:49:18.790 17688 17898 I AXL : id: 194
03-20 21:49:18.790 17688 17898 I AXL : id: 195
03-20 21:49:18.790 17688 17898 I AXL : id: 196
03-20 21:49:18.790 17688 17898 I AXL : id: 197
03-20 21:49:18.790 17688 17898 I AXL : id: 198
03-20 21:49:18.790 17688 17898 I AXL : id: 199
03-20 21:49:18.790 17688 17898 I AXL : id: 200
03-20 21:49:18.790 17688 17898 I AXL : id: 201
03-20 21:49:18.790 17688 17898 I AXL : id: 202
03-20 21:49:18.791 17688 17898 I AXL : id: 203
03-20 21:49:18.791 17688 17898 I AXL : id: 204
03-20 21:49:18.791 17688 17898 I AXL : id: 205
03-20 21:49:18.791 17688 17898 I AXL : id: 206
03-20 21:49:18.791 17688 17898 I AXL : id: 207
03-20 21:49:18.791 17688 17898 I AXL : id: 208
03-20 21:49:18.791 17688 17898 I AXL : id: 209
03-20 21:49:18.791 17688 17898 I AXL : id: 210
03-20 21:49:18.791 17688 17898 I AXL : id: 211
03-20 21:49:18.792 17688 17898 I AXL : id: 212
03-20 21:49:18.792 17688 17898 I AXL : id: 213
03-20 21:49:18.792 17688 17898 I AXL
03-20 21:49:18.749 17688 17898 I AXL : RPC: ScrApplyPlayerAnimation
03-20 21:49:18.749 17688 17898 I AXL : BOX, null
03-20 21:49:18.767 17688 17898 I AXL : RPC: ScrApplyPlayerAnimation
03-20 21:49:18.767 17688 17898 I AXL : SPRAYCAN, null
03-20 21:49:18.786 17688 17898 I AXL : RPC: ScrSetPlayerWantedLevel
03-20 21:49:18.786 17688 17898 I AXL : RPC: ScrSetPlayerHealth
03-20 21:49:18.786 17688 17898 I AXL : RPC: ScrSetPlayerArmour
03-20 21:49:18.786 17688 17898 I AXL : CPlayerPed::TogglePlayerControllable
03-20 21:49:18.786 17688 17898 I AXL : RPC: ScrApplyPlayerAnimation
03-20 21:49:18.786 17688 17898 I AXL : CARRY, crry_prtial
03-20 21:49:18.786 17688 17898 I AXL : RPC: ScrResetMoney
03-20 21:49:18.786 17688 17898 I AXL : RPC: ScrHaveSomeMoney
03-20 21:49:18.787 17688 17898 I AXL : RPC: ScrClearPlayerAnimations
03-20 21:49:18.787 17688 17898 I AXL : RPC: ScrSetPlayerSkin
03-20 21:49:18.787 17688 17898 I AXL : RPC: ScrSetPlayerPos
03-20 21:49:18.787 17688 17898 I AXL : RPC: ScrSetPlayerInterior
03-20 21:49:18.787 17688 17898 I AXL : RPC: ScrSetCameraBehindPlayer
03-20 21:49:18.788 17688 17898 I AXL : RPC: ScrSetPlayerColor
03-20 21:49:18.788 17688 17898 I AXL : id: 431
03-20 21:49:18.788 17688 17898 I AXL : id: 173
03-20 21:49:18.788 17688 17898 I AXL : id: 174
03-20 21:49:18.788 17688 17898 I AXL : id: 175
03-20 21:49:18.788 17688 17898 I AXL : id: 176
03-20 21:49:18.788 17688 17898 I AXL : id: 177
03-20 21:49:18.788 17688 17898 I AXL : id: 178
03-20 21:49:18.788 17688 17898 I AXL : id: 179
03-20 21:49:18.788 17688 17898 I AXL : id: 180
03-20 21:49:18.789 17688 17898 I AXL : id: 181
03-20 21:49:18.789 17688 17898 I AXL : id: 182
03-20 21:49:18.789 17688 17898 I AXL : id: 183
03-20 21:49:18.789 17688 17898 I AXL : id: 184
03-20 21:49:18.789 17688 17898 I AXL : id: 185
03-20 21:49:18.789 17688 17898 I AXL : id: 186
03-20 21:49:18.789 17688 17898 I AXL : id: 187
03-20 21:49:18.789 17688 17898 I AXL : id: 188
03-20 21:49:18.789 17688 17898 I AXL : id: 189
03-20 21:49:18.789 17688 17898 I AXL : id: 190
03-20 21:49:18.789 17688 17898 I AXL : id: 191
03-20 21:49:18.789 17688 17898 I AXL : id: 192
03-20 21:49:18.790 17688 17898 I AXL : id: 193
03-20 21:49:18.790 17688 17898 I AXL : id: 194
03-20 21:49:18.790 17688 17898 I AXL : id: 195
03-20 21:49:18.790 17688 17898 I AXL : id: 196
03-20 21:49:18.790 17688 17898 I AXL : id: 197
03-20 21:49:18.790 17688 17898 I AXL : id: 198
03-20 21:49:18.790 17688 17898 I AXL : id: 199
03-20 21:49:18.790 17688 17898 I AXL : id: 200
03-20 21:49:18.790 17688 17898 I AXL : id: 201
03-20 21:49:18.790 17688 17898 I AXL : id: 202
03-20 21:49:18.791 17688 17898 I AXL : id: 203
03-20 21:49:18.791 17688 17898 I AXL : id: 204
03-20 21:49:18.791 17688 17898 I AXL : id: 205
03-20 21:49:18.791 17688 17898 I AXL : id: 206
03-20 21:49:18.791 17688 17898 I AXL : id: 207
03-20 21:49:18.791 17688 17898 I AXL : id: 208
03-20 21:49:18.791 17688 17898 I AXL : id: 209
03-20 21:49:18.791 17688 17898 I AXL : id: 210
03-20 21:49:18.791 17688 17898 I AXL : id: 211
03-20 21:49:18.792 17688 17898 I AXL : id: 212
03-20 21:49:18.792 17688 17898 I AXL : id: 213
03-20 21:49:18.792 17688 17898 I AXL : id: 214
03-20 21:49:18.792 17688 17898 I AXL : id: 215
03-20 21:49:18.792 17688 17898 I AXL : id: 216
03-20 21:49:18.792 17688 17898 I AXL : id: 217
03-20 21:49:18.792 17688 17898 I AXL : id: 218
03-20 21:49:18.792 17688 17898 I AXL : id: 219
03-20 21:49:18.792 17688 17898 I AXL : id: 220
03-20 21:49:18.793 17688 17898 I AXL : id: 221
03-20 21:49:18.793 17688 17898 I AXL : id: 222
03-20 21:49:18.793 17688 17898 I AXL : id: 223
03-20 21:49:18.793 17688 17898 I AXL : id: 224
03-20 21:49:18.793 17688 17898 I AXL : id: 225
03-20 21:49:18.793 17688 17898 I AXL : id: 226
03-20 21:49:18.793 17688 17898 I AXL : id: 227
03-20 21:49:18.793 17688 17898 I AXL : id: 228
03-20 21:49:18.794 17688 17898 I AXL : id: 229
03-20 21:49:18.794 17688 17898 I AXL : id: 230
03-20 21:49:18.794 17688 17898 I AXL : id: 231
03-20 21:49:18.794 17688 17898 I AXL : id: 232
03-20 21:49:18.794 17688 17898 I AXL : id: 233
03-20 21:49:18.794 17688 17898 I AXL : id: 234
03-20 21:49:18.794 17688 17898 I AXL : id: 235
03-20 21:49:18.794 17688 17898 I AXL : id: 236
03-20 21:49:18.794 17688 17898 I AXL : id: 237
03-20 21:49:18.795 17688 17898 I AXL : id: 238
03-20 21:49:18.795 17688 17898 I AXL : id: 239
03-20 21:49:18.795 17688 17898 I AXL : id: 240
03-20 21:49:18.795 17688 17898 I AXL : id: 241
03-20 21:49:18.795 17688 17898 I AXL : id: 242
03-20 21:49:18.795 17688 17898 I AXL : id: 243
03-20 21:49:18.795 17688 17898 I AXL : id: 244
03-20 21:49:18.796 17688 17898 I AXL : id: 245
03-20 21:49:18.796 17688 17898 I AXL : id: 246
03-20 21:49:18.796 17688 17898 I AXL : id: 247
03-20 21:49:18.796 17688 17898 I AXL : id: 248
03-20 21:49:18.796 17688 17898 I AXL : id: 249
03-20 21:49:18.796 17688 17898 I AXL : id: 250
03-20 21:49:18.796 17688 17898 I AXL : id: 251
03-20 21:49:18.797 17688 17898 I AXL : id: 252
03-20 21:49:18.797 17688 17898 I AXL : id: 253
03-20 21:49:18.797 17688 17898 I AXL : id: 254
03-20 21:49:18.797 17688 17898 I AXL : id: 255
03-20 21:49:18.797 17688 17898 I AXL : id: 256
03-20 21:49:18.797 17688 17898 I AXL : id: 257
03-20 21:49:18.797 17688 17898 I AXL : id: 258
03-20 21:49:18.797 17688 17898 I AXL : id: 259
03-20 21:49:18.797 17688 17898 I AXL : id: 260
03-20 21:49:18.797 17688 17898 I AXL : id: 261
03-20 21:49:18.798 17688 17898 I AXL : id: 262
03-20 21:49:18.798 17688 17898 I AXL : id: 263
03-20 21:49:18.798 17688 17898 I AXL : id: 264
03-20 21:49:18.798 17688 17898 I AXL : id: 265
03-20 21:49:18.798 17688 17898 I AXL : id: 266
03-20 21:49:18.798 17688 17898 I AXL : id: 267
03-20 21:49:18.798 17688 17898 I AXL : id: 268
03-20 21:49:18.798 17688 17898 I AXL : id: 269
03-20 21:49:18.798 17688 17898 I AXL : id: 270
03-20 21:49:18.799 17688 17898 I AXL : id: 271
03-20 21:49:18.799 17688 17898 I AXL : id: 272
03-20 21:49:18.799 17688 17898 I AXL : id: 273
03-20 21:49:18.799 17688 17898 I AXL : id: 274
03-20 21:49:18.799 17688 17898 I AXL : id: 275
03-20 21:49:18.799 17688 17898 I AXL : id: 276
03-20 21:49:18.799 17688 17898 I AXL : id: 277
03-20 21:49:18.799 17688 17898 I AXL : id: 278
03-20 21:49:18.800 17688 17898 I AXL : id: 279
03-20 21:49:18.800 17688 17898 I AXL : id: 280
03-20 21:49:18.800 17688 17898 I AXL : id: 281
03-20 21:49:18.800 17688 17898 I AXL : id: 282
03-20 21:49:18.800 17688 17898 I AXL : id: 283
03-20 21:49:18.800 17688 17898 I AXL : id: 284
03-20 21:49:18.800 17688 17898 I AXL : id: 285
03-20 21:49:18.800 17688 17898 I AXL : id: 286
03-20 21:49:18.801 17688 17898 I AXL : id: 287
03-20 21:49:18.802 17688 17898 I AXL : id: 288
03-20 21:49:18.802 17688 17898 I AXL : id: 289
03-20 21:49:18.802 17688 17898 I AXL : id: 290
03-20 21:49:18.802 17688 17898 I AXL : id: 291
03-20 21:49:18.802 17688 17898 I AXL : id: 292
03-20 21:49:18.802 17688 17898 I AXL : id: 293
03-20 21:49:18.802 17688 17898 I AXL : id: 294
03-20 21:49:18.802 17688 17898 I AXL : id: 295
03-20 21:49:18.802 17688 17688 D Surface : lockCanvas
03-20 21:49:18.803 17688 17898 I AXL : id: 296
03-20 21:49:18.803 17688 17898 I AXL : id: 297
03-20 21:49:18.803 17688 17898 I AXL : id: 298
03-20 21:49:18.803 17688 17898 I AXL : id: 299
03-20 21:49:18.803 17688 17898 I AXL : id: 300
03-20 21:49:18.803 17688 17898 I AXL : id: 301
03-20 21:49:18.803 17688 17898 I AXL : id: 302
03-20 21:49:18.803 17688 17898 I AXL : id: 303
03-20 21:49:18.803 17688 17898 I AXL : id: 304
03-20 21:49:18.804 17688 17898 I AXL : id: 305
03-20 21:49:18.804 17688 17898 I AXL : id: 306
03-20 21:49:18.804 17688 17898 I AXL : id: 214
03-20 21:49:18.792 17688 17898 I AXL : id: 215
03-20 21:49:18.792 17688 17898 I AXL : id: 216
03-20 21:49:18.792 17688 17898 I AXL : id: 217
03-20 21:49:18.792 17688 17898 I AXL : id: 218
03-20 21:49:18.792 17688 17898 I AXL : id: 219
03-20 21:49:18.792 17688 17898 I AXL : id: 220
03-20 21:49:18.793 17688 17898 I AXL : id: 221
03-20 21:49:18.793 17688 17898 I AXL : id: 222
03-20 21:49:18.793 17688 17898 I AXL : id: 223
03-20 21:49:18.793 17688 17898 I AXL : id: 224
03-20 21:49:18.793 17688 17898 I AXL : id: 225
03-20 21:49:18.793 17688 17898 I AXL : id: 226
03-20 21:49:18.793 17688 17898 I AXL : id: 227
03-20 21:49:18.793 17688 17898 I AXL : id: 228
03-20 21:49:18.794 17688 17898 I AXL : id: 229
03-20 21:49:18.794 17688 17898 I AXL : id: 230
03-20 21:49:18.794 17688 17898 I AXL : id: 231
03-20 21:49:18.794 17688 17898 I AXL : id: 232
03-20 21:49:18.794 17688 17898 I AXL : id: 233
03-20 21:49:18.794 17688 17898 I AXL : id: 234
03-20 21:49:18.794 17688 17898 I AXL : id: 235
03-20 21:49:18.794 17688 17898 I AXL : id: 236
03-20 21:49:18.794 17688 17898 I AXL : id: 237
03-20 21:49:18.795 17688 17898 I AXL : id: 238
03-20 21:49:18.795 17688 17898 I AXL : id: 239
03-20 21:49:18.795 17688 17898 I AXL : id: 240
03-20 21:49:18.795 17688 17898 I AXL : id: 241
03-20 21:49:18.795 17688 17898 I AXL : id: 242
03-20 21:49:18.795 17688 17898 I AXL : id: 243
03-20 21:49:18.795 17688 17898 I AXL : id: 244
03-20 21:49:18.796 17688 17898 I AXL : id: 245
03-20 21:49:18.796 17688 17898 I AXL : id: 246
03-20 21:49:18.796 17688 17898 I AXL : id: 247
03-20 21:49:18.796 17688 17898 I AXL : id: 248
03-20 21:49:18.796 17688 17898 I AXL : id: 249
03-20 21:49:18.796 17688 17898 I AXL : id: 250
03-20 21:49:18.796 17688 17898 I AXL : id: 251
03-20 21:49:18.797 17688 17898 I AXL : id: 252
03-20 21:49:18.797 17688 17898 I AXL : id: 253
03-20 21:49:18.797 17688 17898 I AXL : id: 254
03-20 21:49:18.797 17688 17898 I AXL : id: 255
03-20 21:49:18.797 17688 17898 I AXL : id: 256
03-20 21:49:18.797 17688 17898 I AXL : id: 257
03-20 21:49:18.797 17688 17898 I AXL : id: 258
03-20 21:49:18.797 17688 17898 I AXL : id: 259
03-20 21:49:18.797 17688 17898 I AXL : id: 260
03-20 21:49:18.797 17688 17898 I AXL : id: 261
03-20 21:49:18.798 17688 17898 I AXL : id: 262
03-20 21:49:18.798 17688 17898 I AXL : id: 263
03-20 21:49:18.798 17688 17898 I AXL : id: 264
03-20 21:49:18.798 17688 17898 I AXL : id: 265
03-20 21:49:18.798 17688 17898 I AXL : id: 266
03-20 21:49:18.798 17688 17898 I AXL : id: 267
03-20 21:49:18.798 17688 17898 I AXL : id: 268
03-20 21:49:18.798 17688 17898 I AXL : id: 269
03-20 21:49:18.798 17688 17898 I AXL : id: 270
03-20 21:49:18.799 17688 17898 I AXL : id: 271
03-20 21:49:18.799 17688 17898 I AXL : id: 272
03-20 21:49:18.799 17688 17898 I AXL : id: 273
03-20 21:49:18.799 17688 17898 I AXL : id: 274
03-20 21:49:18.799 17688 17898 I AXL : id: 275
03-20 21:49:18.799 17688 17898 I AXL : id: 276
03-20 21:49:18.799 17688 17898 I AXL : id: 277
03-20 21:49:18.799 17688 17898 I AXL : id: 278
03-20 21:49:18.800 17688 17898 I AXL : id: 279
03-20 21:49:18.800 17688 17898 I AXL : id: 280
03-20 21:49:18.800 17688 17898 I AXL : id: 281
03-20 21:49:18.800 17688 17898 I AXL : id: 282
03-20 21:49:18.800 17688 17898 I AXL : id: 283
03-20 21:49:18.800 17688 17898 I AXL : id: 284
03-20 21:49:18.800 17688 17898 I AXL : id: 285
03-20 21:49:18.800 17688 17898 I AXL : id: 286
03-20 21:49:18.801 17688 17898 I AXL : id: 287
03-20 21:49:18.802 17688 17898 I AXL : id: 288
03-20 21:49:18.802 17688 17898 I AXL : id: 289
03-20 21:49:18.802 17688 17898 I AXL : id: 290
03-20 21:49:18.802 17688 17898 I AXL : id: 291
03-20 21:49:18.802 17688 17898 I AXL : id: 292
03-20 21:49:18.802 17688 17898 I AXL : id: 293
03-20 21:49:18.802 17688 17898 I AXL : id: 294
03- : id: 307
03-20 21:49:18.804 17688 17898 I AXL : id: 308
03-20 21:49:18.804 17688 17898 I AXL : id: 309
03-20 21:49:18.804 17688 17898 I AXL : id: 310
03-20 21:49:18.805 17688 17898 I AXL : id: 311
03-20 21:49:18.805 17688 17898 I AXL : id: 312
03-20 21:49:18.805 17688 17898 I AXL : id: 313
03-20 21:49:18.805 17688 17898 I AXL : id: 314
03-20 21:49:18.805 17688 17898 I AXL : id: 315
03-20 21:49:18.805 17688 17898 I AXL : id: 316
03-20 21:49:18.806 17688 17898 I AXL : id: 317
03-20 21:49:18.806 17688 17898 I AXL : id: 318
03-20 21:49:18.806 17688 17898 I AXL : id: 319
03-20 21:49:18.806 17688 17898 I AXL : id: 320
03-20 21:49:18.806 17688 17898 I AXL : id: 321
03-20 21:49:18.806 17688 17898 I AXL : id: 322
03-20 21:49:18.806 17688 17898 I AXL : id: 323
03-20 21:49:18.806 17688 17898 I AXL : id: 324
03-20 21:49:18.806 17688 17898 I AXL : id: 325
03-20 21:49:18.806 17688 17898 I AXL : id: 326
03-20 21:49:18.807 17688 17898 I AXL : id: 327
03-20 21:49:18.807 17688 17898 I AXL : id: 328
03-20 21:49:18.807 17688 17898 I AXL : id: 329
03-20 21:49:18.807 17688 17898 I AXL : id: 330
03-20 21:49:18.808 17688 17898 I AXL : id: 331
03-20 21:49:18.808 17688 17898 I AXL : id: 332
03-20 21:49:18.808 17688 17898 I AXL : id: 333
03-20 21:49:18.808 17688 17898 I AXL : id: 334
03-20 21:49:18.808 17688 17898 I AXL : id: 335
03-20 21:49:18.808 17688 17898 I AXL : id: 336
03-20 21:49:18.808 17688 17898 I AXL : id: 337
03-20 21:49:18.808 17688 17898 I AXL : id: 338
03-20 21:49:18.808 17688 17898 I AXL : id: 339
03-20 21:49:18.809 17688 17898 I AXL : id: 340
03-20 21:49:18.809 17688 17898 I AXL : id: 341
03-20 21:49:18.809 17688 17898 I AXL : id: 342
03-20 21:49:18.809 17688 17898 I AXL : id: 343
03-20 21:49:18.809 17688 17898 I AXL : id: 344
03-20 21:49:18.809 17688 17898 I AXL : id: 345
03-20 21:49:18.809 17688 17898 I AXL : id: 346
03-20 21:49:18.809 17688 17898 I AXL : id: 347
03-20 21:49:18.810 17688 17898 I AXL : id: 348
03-20 21:49:18.810 17688 17898 I AXL : id: 349
03-20 21:49:18.810 17688 17898 I AXL : id: 350
03-20 21:49:18.810 17688 17898 I AXL : id: 351
03-20 21:49:18.810 17688 17898 I AXL : id: 352
03-20 21:49:18.810 17688 17898 I AXL : id: 353
03-20 21:49:18.810 17688 17898 I AXL : id: 354
03-20 21:49:18.811 17688 17898 I AXL : id: 355
03-20 21:49:18.811 17688 17898 I AXL : id: 356
03-20 21:49:18.811 17688 17898 I AXL : id: 357
03-20 21:49:18.811 17688 17898 I AXL : id: 358
03-20 21:49:18.811 17688 17898 I AXL : id: 359
03-20 21:49:18.811 17688 17898 I AXL : id: 360
03-20 21:49:18.811 17688 17898 I AXL : id: 361
03-20 21:49:18.811 17688 17898 I AXL : id: 362
03-20 21:49:18.811 17688 17898 I AXL : id: 363
03-20 21:49:18.812 17688 17898 I AXL : id: 364
03-20 21:49:18.812 17688 17898 I AXL : id: 365
03-20 21:49:18.812 17688 17898 I AXL : id: 366
03-20 21:49:18.812 17688 17898 I AXL : id: 367
03-20 21:49:18.813 17688 17898 I AXL : id: 368
03-20 21:49:18.813 17688 17898 I AXL : id: 369
03-20 21:49:18.813 17688 17898 I AXL : id: 370
03-20 21:49:18.813 17688 17898 I AXL : id: 371
03-20 21:49:18.813 17688 17898 I AXL : id: 372
03-20 21:49:18.813 17688 17898 I AXL : id: 373
03-20 21:49:18.813 17688 17898 I AXL : id: 374
03-20 21:49:18.813 17688 17898 I AXL : id: 375
03-20 21:49:18.813 17688 17898 I AXL : id: 376
03-20 21:49:18.814 17688 17898 I AXL : id: 377
03-20 21:49:18.814 17688 17898 I AXL : id: 378
03-20 21:49:18.814 17688 17898 I AXL : id: 379
03-20 21:49:18.814 17688 17898 I AXL : id: 380
03-20 21:49:18.814 17688 17898 I AXL : id: 381
03-20 21:49:18.814 17688 17898 I AXL : id: 382
03-20 21:49:18.814 17688 17898 I AXL : id: 383
03-20 21:49:18.814 17688 17898 I AXL : id: 384
03-20 21:49:18.814 17688 17898 I AXL : id: 385
03-20 21:49:18.814 17688 17898 I AXL : id: 386
03-20 21:49:18.814 17688 17898 I AXL : id: 387
03-2020 21:49:18.802 17688 17898 I AXL : id: 295
03-20 21:49:18.802 17688 17688 D Surface : lockCanvas
03-20 21:49:18.803 17688 17898 I AXL : id: 296
03-20 21:49:18.803 17688 17898 I AXL : id: 297
03-20 21:49:18.803 17688 17898 I AXL : id: 298
03-20 21:49:18.803 17688 17898 I AXL : id: 299
03-20 21:49:18.803 17688 17898 I AXL : id: 300
03-20 21:49:18.803 17688 17898 I AXL : id: 301
03-20 21:49:18.803 17688 17898 I AXL : id: 302
03-20 21:49:18.803 17688 17898 I AXL : id: 303
03-20 21:49:18.803 17688 17898 I AXL : id: 304
03-20 21:49:18.804 17688 17898 I AXL : id: 305
03-20 21:49:18.804 17688 17898 I AXL : id: 306
03-20 21:49:18.804 17688 17898 I AXL : id: 307
03-20 21:49:18.804 17688 17898 I AXL : id: 308
03-20 21:49:18.804 17688 17898 I AXL : id: 309
03-20 21:49:18.804 17688 17898 I AXL : id: 310
03-20 21:49:18.805 17688 17898 I AXL : id: 311
03-20 21:49:18.805 17688 17898 I AXL : id: 312
03-20 21:49:18.805 17688 17898 I AXL : id: 313
03-20 21:49:18.805 17688 17898 I AXL : id: 314
03-20 21:49:18.805 17688 17898 I AXL : id: 315
03-20 21:49:18.805 17688 17898 I AXL : id: 316
03-20 21:49:18.806 17688 17898 I AXL : id: 317
03-20 21:49:18.806 17688 17898 I AXL : id: 318
03-20 21:49:18.806 17688 17898 I AXL : id: 319
03-20 21:49:18.806 17688 17898 I AXL : id: 320
03-20 21:49:18.806 17688 17898 I AXL : id: 321
03-20 21:49:18.806 17688 17898 I AXL : id: 322
03-20 21:49:18.806 17688 17898 I AXL : id: 323
03-20 21:49:18.806 17688 17898 I AXL : id: 324
03-20 21:49:18.806 17688 17898 I AXL : id: 325
03-20 21:49:18.806 17688 17898 I AXL : id: 326
03-20 21:49:18.807 17688 17898 I AXL : id: 327
03-20 21:49:18.807 17688 17898 I AXL : id: 328
03-20 21:49:18.807 17688 17898 I AXL : id: 329
03-20 21:49:18.807 17688 17898 I AXL : id: 330
03-20 21:49:18.808 17688 17898 I AXL : id: 331
03-20 21:49:18.808 17688 17898 I AXL : id: 332
03-20 21:49:18.808 17688 17898 I AXL : id: 333
03-20 21:49:18.808 17688 17898 I AXL : id: 334
03-20 21:49:18.808 17688 17898 I AXL : id: 335
03-20 21:49:18.808 17688 17898 I AXL : id: 336
03-20 21:49:18.808 17688 17898 I AXL : id: 337
03-20 21:49:18.808 17688 17898 I AXL : id: 338
03-20 21:49:18.808 17688 17898 I AXL : id: 339
03-20 21:49:18.809 17688 17898 I AXL : id: 340
03-20 21:49:18.809 17688 17898 I AXL : id: 341
03-20 21:49:18.809 17688 17898 I AXL : id: 342
03-20 21:49:18.809 17688 17898 I AXL : id: 343
03-20 21:49:18.809 17688 17898 I AXL : id: 344
03-20 21:49:18.809 17688 17898 I AXL : id: 345
03-20 21:49:18.809 17688 17898 I AXL : id: 346
03-20 21:49:18.809 17688 17898 I AXL : id: 347
03-20 21:49:18.810 17688 17898 I AXL : id: 348
03-20 21:49:18.810 17688 17898 I AXL : id: 349
03-20 21:49:18.810 17688 17898 I AXL : id: 350
03-20 21:49:18.810 17688 17898 I AXL : id: 351
03-20 21:49:18.810 17688 17898 I AXL : id: 352
03-20 21:49:18.810 17688 17898 I AXL : id: 353
03-20 21:49:18.810 17688 17898 I AXL : id: 354
03-20 21:49:18.811 17688 17898 I AXL : id: 355
03-20 21:49:18.811 17688 17898 I AXL : id: 356
03-20 21:49:18.811 17688 17898 I AXL : id: 357
03-20 21:49:18.811 17688 17898 I AXL : id: 358
03-20 21:49:18.811 17688 17898 I AXL : id: 359
03-20 21:49:18.811 17688 17898 I AXL : id: 360
03-20 21:49:18.811 17688 17898 I AXL : id: 361
03-20 21:49:18.811 17688 17898 I AXL : id: 362
03-20 21:49:18.811 17688 17898 I AXL : id: 363
03-20 21:49:18.812 17688 17898 I AXL : id: 364
03-20 21:49:18.812 17688 17898 I AXL : id: 365
03-20 21:49:18.812 17688 17898 I AXL : id: 366
03-20 21:49:18.812 17688 17898 I AXL : id: 367
03-20 21:49:18.813 17688 17898 I AXL : id: 368
03-20 21:49:18.813 17688 17898 I AXL : id: 369
03-20 21:49:18.813 17688 17898 I AXL : id: 370
03-20 21:49:18.813 17688 17898 I AXL : id: 371
03-20 21:49:18.813 17688 17898 I AXL : id: 372
03-20 21:49:18.813 17688 17898 I AXL : id: 373
03-20 21:49:18.8 21:49:18.815 17688 17898 I AXL : id: 388
03-20 21:49:18.815 17688 17898 I AXL : id: 389
03-20 21:49:18.815 17688 17898 I AXL : id: 390
03-20 21:49:18.815 17688 17898 I AXL : id: 391
03-20 21:49:18.815 17688 17898 I AXL : id: 392
03-20 21:49:18.815 17688 17898 I AXL : id: 393
03-20 21:49:18.815 17688 17898 I AXL : id: 394
03-20 21:49:18.816 17688 17898 I AXL : id: 395
03-20 21:49:18.816 17688 17898 I AXL : id: 396
03-20 21:49:18.816 17688 17898 I AXL : id: 397
03-20 21:49:18.816 17688 17898 I AXL : id: 398
03-20 21:49:18.816 17688 17898 I AXL : id: 399
03-20 21:49:18.816 17688 17898 I AXL : id: 400
03-20 21:49:18.816 17688 17898 I AXL : id: 401
03-20 21:49:18.816 17688 17898 I AXL : id: 402
03-20 21:49:18.816 17688 17898 I AXL : id: 403
03-20 21:49:18.817 17688 17898 I AXL : id: 404
03-20 21:49:18.817 17688 17898 I AXL : id: 405
03-20 21:49:18.817 17688 17898 I AXL : id: 406
03-20 21:49:18.817 17688 17898 I AXL : id: 407
03-20 21:49:18.817 17688 17898 I AXL : id: 408
03-20 21:49:18.817 17688 17898 I AXL : id: 409
03-20 21:49:18.817 17688 17898 I AXL : id: 410
03-20 21:49:18.817 17688 17898 I AXL : id: 411
03-20 21:49:18.817 17688 17898 I AXL : id: 412
03-20 21:49:18.818 17688 17898 I AXL : id: 413
03-20 21:49:18.818 17688 17898 I AXL : id: 414
03-20 21:49:18.818 17688 17898 I AXL : id: 415
03-20 21:49:18.818 17688 17898 I AXL : id: 416
03-20 21:49:18.819 17688 17898 I AXL : id: 417
03-20 21:49:18.819 17688 17898 I AXL : id: 418
03-20 21:49:18.819 17688 17898 I AXL : id: 419
03-20 21:49:18.819 17688 17898 I AXL : id: 420
03-20 21:49:18.819 17688 17898 I AXL : id: 421
03-20 21:49:18.819 17688 17898 I AXL : id: 422
03-20 21:49:18.819 17688 17898 I AXL : id: 423
03-20 21:49:18.819 17688 17898 I AXL : id: 424
03-20 21:49:18.819 17688 17898 I AXL : id: 425
03-20 21:49:18.819 17688 17898 I AXL : id: 426
03-20 21:49:18.820 17688 17898 I AXL : id: 427
03-20 21:49:18.820 17688 17898 I AXL : id: 428
03-20 21:49:18.820 17688 17898 I AXL : id: 429
03-20 21:49:18.820 17688 17898 I AXL : id: 430
03-20 21:49:18.820 17688 17898 I AXL : RPC_SCRCREATEOBJECT(94) 3805
03-20 21:49:18.820 17688 17898 I AXL : RPC_SCRCREATEOBJECT(95) 19859
03-20 21:49:18.820 17688 17898 I AXL : RPC_SCRCREATEOBJECT(96) 3805
03-20 21:49:18.820 17688 17898 I AXL : RPC_SCRCREATEOBJECT(97) 19859
03-20 21:49:18.820 17688 17898 I AXL : RPC_SCRCREATEOBJECT(98) 3805
03-20 21:49:18.820 17688 17898 I AXL : RPC_SCRCREATEOBJECT(99) 19859
03-20 21:49:18.820 17688 17898 I AXL : RPC_SCRCREATEOBJECT(100) 1317
03-20 21:49:18.820 17688 17898 I AXL : RPC_SCRCREATEOBJECT(101) 994
03-20 21:49:18.820 17688 17898 I AXL : RPC_SCRCREATEOBJECT(102) 18880
03-20 21:49:18.821 17688 17898 I AXL : RPC_SCRCREATEOBJECT(103) 18880
03-20 21:49:18.821 17688 17898 I AXL : RPC_SCRCREATEOBJECT(104) 19172
03-20 21:49:18.821 17688 17898 I AXL : RPC_SCRCREATEOBJECT(105) 19359
03-20 21:49:18.821 17688 17898 I AXL : RPC_SCRCREATEOBJECT(106) 19482
03-20 21:49:18.821 17688 17898 I AXL : RPC_SCRCREATEOBJECT(107) 19426
03-20 21:49:18.821 17688 17898 I AXL : RPC_SCRCREATEOBJECT(108) 18880
03-20 21:49:18.821 17688 17898 I AXL : RPC_SCRCREATEOBJECT(109) 2315
03-20 21:49:18.821 17688 17898 I AXL : RPC_SCRCREATEOBJECT(110) 18880
03-20 21:49:18.821 17688 17898 I AXL : RPC_SCRCREATEOBJECT(111) 2754
03-20 21:49:18.821 17688 17898 I AXL : RPC_SCRCREATEOBJECT(112) 7313
03-20 21:49:18.821 17688 17898 I AXL : RPC_SCRCREATEOBJECT(113) 7313
03-20 21:49:18.821 17688 17898 I AXL : SetMaterialText(���������� LS � ����
03-20 21:49:18.821 17688 17898 I AXL : ���������� LS � �����) | Ariel
03-20 21:49:18.822 17688 17898 I AXL : RPC_SCRCREATEOBJECT(114) 994
03-20 21:49:18.822 17688 17898 I AXL : RPC_SCRCREATEOBJECT(115) 19359
03-20 21:49:18.822 17688 17898 I AXL : RPC_SCRCREATEOBJECT(116) 19172
03-20 21:49:18.822 17688 17898 I AXL : RPC_SCRCREATEOBJECT(117) 113 17688 17898
I AXL : id: 374
03-20 21:49:18.813 17688 17898 I AXL : id: 375
03-20 21:49:18.813 17688 17898 I AXL : id: 376
03-20 21:49:18.814 17688 17898 I AXL : id: 377
03-20 21:49:18.814 17688 17898 I AXL : id: 378
03-20 21:49:18.814 17688 17898 I AXL : id: 379
03-20 21:49:18.814 17688 17898 I AXL : id: 380
03-20 21:49:18.814 17688 17898 I AXL : id: 381
03-20 21:49:18.814 17688 17898 I AXL : id: 382
03-20 21:49:18.814 17688 17898 I AXL : id: 383
03-20 21:49:18.814 17688 17898 I AXL : id: 384
03-20 21:49:18.814 17688 17898 I AXL : id: 385
03-20 21:49:18.814 17688 17898 I AXL : id: 386
03-20 21:49:18.814 17688 17898 I AXL : id: 387
03-20 21:49:18.815 17688 17898 I AXL : id: 388
03-20 21:49:18.815 17688 17898 I AXL : id: 389
03-20 21:49:18.815 17688 17898 I AXL : id: 390
03-20 21:49:18.815 17688 17898 I AXL : id: 391
03-20 21:49:18.815 17688 17898 I AXL : id: 392
03-20 21:49:18.815 17688 17898 I AXL : id: 393
03-20 21:49:18.815 17688 17898 I AXL : id: 394
03-20 21:49:18.816 17688 17898 I AXL : id: 395
03-20 21:49:18.816 17688 17898 I AXL : id: 396
03-20 21:49:18.816 17688 17898 I AXL : id: 397
03-20 21:49:18.816 17688 17898 I AXL : id: 398
03-20 21:49:18.816 17688 17898 I AXL : id: 399
03-20 21:49:18.816 17688 17898 I AXL : id: 400
03-20 21:49:18.816 17688 17898 I AXL : id: 401
03-20 21:49:18.816 17688 17898 I AXL : id: 402
03-20 21:49:18.816 17688 17898 I AXL : id: 403
03-20 21:49:18.817 17688 17898 I AXL : id: 404
03-20 21:49:18.817 17688 17898 I AXL : id: 405
03-20 21:49:18.817 17688 17898 I AXL : id: 406
03-20 21:49:18.817 17688 17898 I AXL : id: 407
03-20 21:49:18.817 17688 17898 I AXL : id: 408
03-20 21:49:18.817 17688 17898 I AXL : id: 409
03-20 21:49:18.817 17688 17898 I AXL : id: 410
03-20 21:49:18.817 17688 17898 I AXL : id: 411
03-20 21:49:18.817 17688 17898 I AXL : id: 412
03-20 21:49:18.818 17688 17898 I AXL : id: 413
03-20 21:49:18.818 17688 17898 I AXL : id: 414
03-20 21:49:18.818 17688 17898 I AXL : id: 415
03-20 21:49:18.818 17688 17898 I AXL : id: 416
03-20 21:49:18.819 17688 17898 I AXL : id: 417
03-20 21:49:18.819 17688 17898 I AXL : id: 418
03-20 21:49:18.819 17688 17898 I AXL : id: 419
03-20 21:49:18.819 17688 17898 I AXL : id: 420
03-20 21:49:18.819 17688 17898 I AXL : id: 421
03-20 21:49:18.819 17688 17898 I AXL : id: 422
03-20 21:49:18.819 17688 17898 I AXL : id: 423
03-20 21:49:18.819 17688 17898 I AXL : id: 424
03-20 21:49:18.819 17688 17898 I AXL : id: 425
03-20 21:49:18.819 17688 17898 I AXL : id: 426
03-20 21:49:18.820 17688 17898 I AXL : id: 427
03-20 21:49:18.820 17688 17898 I AXL : id: 428
03-20 21:49:18.820 17688 17898 I AXL : id: 429
03-20 21:49:18.820 17688 17898 I AXL : id: 430
03-20 21:49:18.820 17688 17898 I AXL : RPC_SCRCREATEOBJECT(94) 3805
03-20 21:49:18.820 17688 17898 I AXL : RPC_SCRCREATEOBJECT(95) 19859
03-20 21:49:18.820 17688 17898 I AXL : RPC_SCRCREATEOBJECT(96) 3805
03-20 21:49:18.820 17688 17898 I AXL : RPC_SCRCREATEOBJECT(97) 19859
03-20 21:49:18.820 17688 17898 I AXL : RPC_SCRCREATEOBJECT(98) 3805
03-20 21:49:18.820 17688 17898 I AXL : RPC_SCRCREATEOBJECT(99) 19859
03-20 21:49:18.820 17688 17898 I AXL : RPC_SCRCREATEOBJECT(100) 1317
03-20 21:49:18.820 17688 17898 I AXL : RPC_SCRCREATEOBJECT(101) 994
03-20 21:49:18.820 17688 17898 I AXL : RPC_SCRCREATEOBJECT(102) 18880
03-20 21:49:18.821 17688 17898 I AXL : RPC_SCRCREATEOBJECT(103) 18880
03-20 21:49:18.821 17688 17898 I AXL : RPC_SCRCREATEOBJECT(104) 19172
03-20 21:49:18.821 17688 17898 I AXL : RPC_SCRCREATEOBJECT(105) 19359
03-20 21:49:18.821 17688 17898 I AXL : RPC_SCRCREATEOBJECT(106) 19482
03-20 21:49:18.821 17688 17898 I AXL : RPC_SCRCREATEOBJECT(107) 19426
03-20 21:49:18.821 17688 17898 I AXL : RPC_SCRCREATEOBJECT(108) 18880
03-20 21:49:18.821 17688 17898 I AXL : RPC_SCRCREATEOBJECT(109) 2315
03-20 21:49:18.821 17688 17898 I AXL : RPC_SCRCREATEOBJECT(110) 18880
03-20 21:49:18.821 17688 17898 I AXL : RPC_SCRCREATEOBJECT(111) 2754
03-20 21:49:18.821 17688 17898 I AXL : RPC_SCRCREATEOBJECT(112) 7313
03-20 21:49:18.821 17688 17898 I AXL : RPC_SCRCREATEOBJECT(113) 7313
03-20 21:49:18.821 17688 17898 I AXL : SetMaterialText(���������� LS � ����
03-20 21:49:18.821 17688 17898 I AXL : ���������� LS � �����) | Ariel
03-20 21:49:18.822 17688 17898 I AXL : RPC_SCRCREATEOBJECT(114) 994
03-20 21:49:18.822 17688 17898 I AXL : RPC_SCRCREATEOBJECT(115) 19359
03-20 21:49:18.822 17688 17898 I AXL : RPC_SCRCREATEOBJECT(116) 19172
03-20 21:49:18.822 17688 17898 I AXL : RPC_SCRCREATEOBJECT(117) 19426
03-20 21:49:18.822 17688 17898 I AXL : RPC_SCRCREATEOBJECT(118) 19482
03-20 21:49:18.822 17688 17898 I AXL : RPC_SCRCREATEOBJECT(119) 18880
03-20 21:49:18.822 17688 17898 I AXL : RPC_SCRCREATEOBJECT(120) 2315
03-20 21:49:18.822 17688 17898 I AXL : RPC_SCRCREATEOBJECT(121) 18880
03-20 21:49:18.822 17688 17898 I AXL : RPC_SCRCREATEOBJECT(122) 994
03-20 21:49:18.822 17688 17898 I AXL : RPC_SCRCREATEOBJECT(123) 994
03-20 21:49:18.822 17688 17898 I AXL : RPC_SCRCREATEOBJECT(124) 994
03-20 21:49:18.822 17688 17898 I AXL : RPC_SCRCREATEOBJECT(125) 994
03-20 21:49:18.822 17688 17898 I AXL : RPC_SCRCREATEOBJECT(126) 982
03-20 21:49:18.822 17688 17898 I AXL : RPC_SCRCREATEOBJECT(127) 994
03-20 21:49:18.822 17688 17898 I AXL : RPC_SCRCREATEOBJECT(128) 984
03-20 21:49:18.823 17688 17898 I AXL : RPC_SCRCREATEOBJECT(129) 994
03-20 21:49:18.823 17688 17898 I AXL : RPC_SCRCREATEOBJECT(130) 19327
03-20 21:49:18.823 17688 17898 I AXL : RPC_SCRCREATEOBJECT(131) 19327
03-20 21:49:18.823 17688 17898 I AXL : SetMaterialText({ffff00}����������
�����) | Arial
03-20 21:49:18.823 17688 17898 I AXL : RPC_SCRCREATEOBJECT(132) 19327
03-20 21:49:18.823 17688 17898 I AXL : RPC_SCRCREATEOBJECT(133) 19327
03-20 21:49:18.823 17688 17898 I AXL : SetMaterialText({ffff00}����������
�����) | Arial
03-20 21:49:18.823 17688 17898 I AXL : RPC_SCRCREATEOBJECT(134) 18880
03-20 21:49:18.823 17688 17898 I AXL : RPC_SCRCREATEOBJECT(135) 19426
03-20 21:49:18.823 17688 17898 I AXL : RPC_SCRCREATEOBJECT(136) 7313
03-20 21:49:18.823 17688 17898 I AXL : SetMaterialText(���������� LS � �������
������) | Ariel
03-20 21:49:18.823 17688 17898 I AXL : RPC_SCRCREATEOBJECT(137) 7313
03-20 21:49:18.823 17688 17898 I AXL : RPC_SCRCREATEOBJECT(138) 18880
03-20 21:49:18.824 17688 17898 I AXL : RPC_SCRCREATEOBJECT(139) 2315
03-20 21:49:18.824 17688 17898 I AXL : RPC_SCRCREATEOBJECT(140) 994
03-20 21:49:18.824 17688 17898 I AXL : RPC_SCRCREATEOBJECT(141) 19172
03-20 21:49:18.824 17688 17898 I AXL : RPC_SCRCREATEOBJECT(142) 19359
03-20 21:49:18.824 17688 17898 I AXL : RPC_SCRCREATEOBJECT(143) 19482
03-20 21:49:18.824 17688 17898 I AXL : RPC_SCRCREATEOBJECT(144) 18880
03-20 21:49:18.824 17688 17898 I AXL : RPC_SCRCREATEOBJECT(145) 19426
03-20 21:49:18.824 17688 17898 I AXL : RPC_SCRCREATEOBJECT(146) 18880
03-20 21:49:18.824 17688 17898 I AXL : RPC_SCRCREATEOBJECT(147) 2315
03-20 21:49:18.824 17688 17898 I AXL : RPC_SCRCREATEOBJECT(148) 18880
03-20 21:49:18.824 17688 17898 I AXL : RPC_SCRCREATEOBJECT(149) 19359
03-20 21:49:18.824 17688 17898 I AXL : RPC_SCRCREATEOBJECT(150) 19172
03-20 21:49:18.824 17688 17898 I AXL : RPC_SCRCREATEOBJECT(151) 19482
03-20 21:49:18.825 17688 17898 I AXL : RPC_SCRCREATEOBJECT(152) 18880
03-20 21:49:18.825 17688 17898 I AXL : RPC_SCRCREATEOBJECT(153) 994
03-20 21:49:18.825 17688 17898 I AXL : RPC_SCRCREATEOBJECT(154) 982
03-20 21:49:18.825 17688 17898 I AXL : RPC_SCRCREATEOBJECT(155) 983
03-20 21:49:18.825 17688 17898 I AXL : RPC_SCRCREATEOBJECT(156) 19327
03-20 21:49:18.825 17688 17898 I AXL : RPC_SCRCREATEOBJECT(157) 19327
03-20 21:49:18.825 17688 17898 I AXL : SetMaterialText(E{FFFFFF}-CG) | Arial
