03-20 21:48:30.897 17688 17898 I AXL : RPC: ServerJoin
03-20 21:48:30.897 17688 17898 I AXL : RPC: ServerJoin
03-20 21:48:30.897 17688 17898 I AXL : RPC: ServerJoin
03-20 21:48:30.897 17688 17898 I AXL : RPC: ServerJoin
03-20 21:48:30.897 17688 17898 I AXL : RPC: ServerJoin
03-20 21:48:30.897 17688 17898 I AXL : RPC: ServerJoin
03-20 21:48:30.897 17688 17898 I AXL : RPC: ServerJoin
03-20 21:48:30.897 17688 17898 I AXL : RPC: ServerJoin
03-20 21:48:30.897 17688 17898 I AXL : RPC: ServerJoin
03-20 21:48:30.897 17688 17898 I AXL : RPC: ServerJoin
03-20 21:48:30.897 17688 17898 I AXL : RPC: ServerJoin
03-20 21:48:30.897 17688 17898 I AXL : RPC: ServerJoin
03-20 21:48:30.897 17688 17898 I AXL : RPC: ServerJoin
03-20 21:48:30.897 17688 17898 I AXL : RPC: ServerJoin
03-20 21:48:30.897 17688 17898 I AXL : RPC: ServerJoin
03-20 21:48:30.897 17688 17898 I AXL : RPC: ServerJoin
03-20 21:48:30.897 17688 17898 I AXL : RPC: ServerJoin
03-20 21:48:30.897 17688 17898 I AXL : RPC: ServerJoin
03-20 21:48:30.898 17688 17898 I AXL : RPC: ServerJoin
03-20 21:48:30.898 17688 17898 I AXL : RPC: ServerJoin
03-20 21:48:30.898 17688 17898 I AXL : RPC: ServerJoin
03-20 21:48:30.898 17688 17898 I AXL : RPC: ServerJoin
03-20 21:48:30.898 17688 17898 I AXL : RPC: ServerJoin
03-20 21:48:30.898 17688 17898 I AXL : RPC: ServerJoin
03-20 21:48:30.898 17688 17898 I AXL : RPC: ServerJoin
03-20 21:48:30.898 17688 17898 I AXL : RPC: ServerJoin
03-20 21:48:30.898 17688 17898 I AXL : RPC: ServerJoin
03-20 21:48:30.898 17688 17898 I AXL : RPC: ServerJoin
03-20 21:48:30.898 17688 17898 I AXL : RPC: ServerJoin
03-20 21:48:30.898 17688 17898 I AXL : RPC: ServerJoin
03-20 21:48:30.898 17688 17898 I AXL : RPC: ServerJoin
03-20 21:48:30.898 17688 17898 I AXL : RPC: ServerJoin
03-20 21:48:30.898 17688 17898 I AXL : RPC: ServerJoin
03-20 21:48:30.898 17688 17898 I AXL : RPC: ServerJoin
03-20 21:48:30.898 17688 17898 I AXL : RPC: ServerJoin
03-20 21:48:30.898 17688 17898 I AXL : RPC: ServerJoin
03-20 21:48:30.898 17688 17898 I AXL : RPC: ServerJoin
03-20 21:48:30.898 17688 17898 I AXL : RPC: ServerJoin
03-20 21:48:30.898 17688 17898 I AXL : RPC: ServerJoin
03-20 21:48:30.898 17688 17898 I AXL : RPC: ServerJoin
03-20 21:48:30.898 17688 17898 I AXL : RPC: ServerJoin
03-20 21:48:30.898 17688 17898 I AXL : RPC: ServerJoin
03-20 21:48:30.898 17688 17898 I AXL : RPC: ServerJoin
03-20 21:48:30.898 17688 17898 I AXL : RPC: ServerJoin
03-20 21:48:30.898 17688 17898 I AXL : RPC: ServerJoin
03-20 21:48:30.898 17688 17898 I AXL : RPC: ServerJoin
03-20 21:48:30.898 17688 17898 I AXL : RPC: ServerJoin
03-20 21:48:30.899 17688 17898 I AXL : RPC: ServerJoin
03-20 21:48:30.899 17688 17898 I AXL : RPC: ServerJoin
03-20 21:48:30.899 17688 17898 I AXL : RPC: ServerJoin
03-20 21:48:30.899 17688 17898 I AXL : RPC: ServerJoin
03-20 21:48:30.899 17688 17898 I AXL : RPC: ServerJoin
03-20 21:48:30.899 17688 17898 I AXL : RPC: ServerJoin
03-20 21:48:30.899 17688 17898 I AXL : RPC: ServerJoin
03-20 21:48:30.899 17688 17898 I AXL : RPC: ServerJoin
03-20 21:48:30.899 17688 17898 I AXL : RPC: ServerJoin
03-20 21:48:30.899 17688 17898 I AXL : RPC: ServerJoin
03-20 21:48:30.899 17688 17898 I AXL : RPC: ServerJoin
03-20 21:48:30.899 17688 17898 I AXL : RPC: ServerJoin
03-20 21:48:30.899 17688 17898 I AXL : RPC: ServerJoin
03-20 21:48:30.899 17688 17898 I AXL : RPC: ServerJoin
03-20 21:48:30.899 17688 17898 I AXL : RPC: ServerJoin
03-20 21:48:30.899 17688 17898 I AXL : RPC: ServerJoin
03-20 21:48:30.899 17688 17898 I AXL : RPC: ServerJoin
03-20 21:48:30.899 17688 17898 I AXL : RPC: ServerJoin
03-20 21:48:30.899 17688 17898 I AXL : RPC: ServerJoin
03-20 21:48:30.899 17688 17898 I AXL : RPC: ServerJoin
03-20 21:48:30.899 17688 17898 I AXL : RPC: ServerJoin
03-20 21:48:30.899 17688 17898 I AXL : RPC: ServerJoin
03-20 21:48:30.899 17688 17898 I AXL : RPC: ServerJoin
03-20 21:48:30.899 17688 17898 I AXL : RPC: ServerJoin
03-20 21:48:30.899 17688 17898 I AXL : RPC: ServerJoin
03-20 21:48:30.899 17688 17898 I AXL : RPC: ServerJoin
03-20 21:48:30.899 17688 17898 I AXL : RPC: ServerJoin
03-20 21:48:30.899 17688 17898 I AXL : RPC: ServerJoin
03-20 21:48:30.900 17688 17898 I AXL : RPC: ServerJoin
03-20 21:48:30.900 17688 17898 I AXL : RPC: ServerJoin
03-20 21:48:30.900 17688 17898 I AXL : RPC: ServerJoin
03-20 21:48:30.900 17688 17898 I AXL : RPC: ServerJoin
03-20 21:48:30.900 17688 17898 I AXL : RPC: ServerJoin
03-20 21:48:30.900 17688 17898 I AXL : RPC: ServerJoin
03-20 21:48:30.900 17688 17898 I AXL : RPC: ServerJoin
03-20 21:48:30.900 17688 17898 I AXL : RPC: ServerJoin
03-20 21:48:30.900 17688 17898 I AXL : RPC: ServerJoin
03-20 21:48:30.900 17688 17898 I AXL : RPC: ServerJoin
03-20 21:48:30.900 17688 17898 I AXL : RPC: ServerJoin
03-20 21:48:30.900 17688 17898 I AXL : RPC: ServerJoin
03-20 21:48:30.900 17688 17898 I AXL : RPC: ServerJoin
03-20 21:48:30.900 17688 17898 I AXL : RPC: ServerJoin
03-20 21:48:30.900 17688 17898 I AXL : RPC: ServerJoin
03-20 21:48:30.900 17688 17898 I AXL : RPC: ServerJoin
03-20 21:48:30.900 17688 17898 I AXL : RPC: ServerJoin
03-20 21:48:30.900 17688 17898 I AXL : RPC: ServerJoin
03-20 21:48:30.900 17688 17898 I AXL : RPC: ServerJoin
03-20 21:48:30.900 17688 17898 I AXL : RPC: ServerJoin
03-20 21:48:30.900 17688 17898 I AXL : RPC: ServerJoin
03-20 21:48:30.900 17688 17898 I AXL : RPC: ServerJoin
03-20 21:48:30.900 17688 17898 I AXL : RPC: ServerJoin
03-20 21:48:30.900 17688 17898 I AXL : RPC: ServerJoin
03-20 21:48:30.900 17688 17898 I AXL : RPC: ServerJoin
03-20 21:48:30.900 17688 17898 I AXL : RPC: ServerJoin
03-20 21:48:30.900 17688 17898 I AXL : RPC: ServerJoin
03-20 21:48:30.900 17688 17898 I AXL : RPC: ServerJoin
03-20 21:48:30.900 17688 17898 I AXL : RPC: ServerJoin
03-20 21:48:30.900 17688 17898 I AXL : RPC: ServerJoin
03-20 21:48:30.900 17688 17898 I AXL : RPC: ServerJoin
03-20 21:48:30.901 17688 17898 I AXL : RPC: ServerJoin
03-20 21:48:30.901 17688 17898 I AXL : RPC: ServerJoin
03-20 21:48:30.901 17688 17898 I AXL : RPC: ServerJoin
03-20 21:48:30.901 17688 17898 I AXL : RPC: ServerJoin
03-20 21:48:30.901 17688 17898 I AXL : RPC: ServerJoin
03-20 21:48:30.901 17688 17898 I AXL : RPC: ServerJoin
03-20 21:48:30.901 17688 17898 I AXL : RPC: ServerJoin
03-20 21:48:30.901 17688 17898 I AXL : RPC: ServerJoin
03-20 21:48:30.901 17688 17898 I AXL : RPC: ServerJoin
03-20 21:48:30.901 17688 17898 I AXL : RPC: ServerJoin
03-20 21:48:30.901 17688 17898 I AXL : RPC: ServerJoin
03-20 21:48:30.901 17688 17898 I AXL : RPC: ServerJoin
03-20 21:48:30.901 17688 17898 I AXL : RPC: ServerJoin
03-20 21:48:30.901 17688 17898 I AXL : RPC: ServerJoin
03-20 21:48:30.901 17688 17898 I AXL : RPC: ServerJoin
03-20 21:48:30.901 17688 17898 I AXL : RPC: ServerJoin
03-20 21:48:30.901 17688 17898 I AXL : RPC: ServerJoin
03-20 21:48:30.901 17688 17898 I AXL : RPC: ServerJoin
03-20 21:48:30.901 17688 17898 I AXL : RPC: ServerJoin
03-20 21:48:30.901 17688 17898 I AXL : RPC: ServerJoin
03-20 21:48:30.901 17688 17898 I AXL : RPC: ServerJoin
03-20 21:48:30.901 17688 17898 I AXL : RPC: ServerJoin
03-20 21:48:30.901 17688 17898 I AXL : RPC: ServerJoin
03-20 21:48:30.901 17688 17898 I AXL : RPC: ServerJoin
03-20 21:48:30.901 17688 17898 I AXL : RPC: ServerJoin
03-20 21:48:30.901 17688 17898 I AXL : RPC: ServerJoin
03-20 21:48:30.901 17688 17898 I AXL : RPC: ServerJoin
03-20 21:48:30.901 17688 17898 I AXL : RPC: ServerJoin
03-20 21:48:30.901 17688 17898 I AXL : RPC: ServerJoin
03-20 21:48:30.901 17688 17898 I AXL : RPC: ServerJoin
03-20 21:48:30.901 17688 17898 I AXL : RPC: ServerJoin
03-20 21:48:30.901 17688 17898 I AXL : RPC: ServerJoin
03-20 21:48:30.901 17688 17898 I AXL : RPC: ServerJoin
03-20 21:48:30.902 17688 17898 I AXL : RPC: ServerJoin
03-20 21:48:30.902 17688 17898 I AXL : RPC: ServerJoin
03-20 21:48:30.902 17688 17898 I AXL : RPC: ServerJoin
03-20 21:48:30.902 17688 17898 I AXL : RPC: ServerJoin
03-20 21:48:30.902 17688 17898 I AXL : RPC: ServerJoin
03-20 21:48:30.902 17688 17898 I AXL : RPC: ServerJoin
03-20 21:48:30.902 17688 17898 I AXL : RPC: ServerJoin
03-20 21:48:30.902 17688 17898 I AXL : RPC: ServerJoin
03-20 21:48:30.902 17688 17898 I AXL : RPC: ServerJoin
03-20 21:48:30.902 17688 17898 I AXL : RPC: ServerJoin
03-20 21:48:30.902 17688 17898 I AXL : RPC: ServerJoin
03-20 21:48:30.902 17688 17898 I AXL : RPC: ServerJoin
03-20 21:48:30.902 17688 17898 I AXL : RPC: ServerJoin
03-20 21:48:30.902 17688 17898 I AXL : RPC: ServerJoin
03-20 21:48:30.902 17688 17898 I AXL : RPC: ServerJoin
03-20 21:48:30.904 17688 17898 I AXL : RPC: ServerJoin
03-20 21:48:30.904 17688 17898 I AXL : RPC: ServerJoin
03-20 21:48:30.904 17688 17898 I AXL : RPC: ServerJoin
03-20 21:48:30.904 17688 17898 I AXL : RPC: ServerJoin
03-20 21:48:30.904 17688 17898 I AXL : RPC: ServerJoin
03-20 21:48:30.904 17688 17898 I AXL : RPC: ServerJoin
03-20 21:48:30.905 17688 17898 I AXL : RPC: ServerJoin
03-20 21:48:30.905 17688 17898 I AXL : RPC: ServerJoin
03-20 21:48:30.905 17688 17898 I AXL : RPC: ServerJoin
03-20 21:48:30.905 17688 17898 I AXL : RPC: ServerJoin
03-20 21:48:30.905 17688 17898 I AXL : RPC: ServerJoin
03-20 21:48:30.905 17688 17898 I AXL : RPC: ServerJoin
03-20 21:48:30.905 17688 17898 I AXL : RPC: ServerJoin
03-20 21:48:30.905 17688 17898 I AXL : RPC: ServerJoin
03-20 21:48:30.905 17688 17898 I AXL : RPC: ServerJoin
03-20 21:48:30.905 17688 17898 I AXL : RPC: ServerJoin
03-20 21:48:30.905 17688 17898 I AXL : RPC: ServerJoin
03-20 21:48:30.905 17688 17898 I AXL : RPC: ServerJoin
03-20 21:48:30.905 17688 17898 I AXL : RPC: ServerJoin
03-20 21:48:30.905 17688 17898 I AXL : RPC: ServerJoin
03-20 21:48:30.905 17688 17898 I AXL : RPC: ServerJoin
03-20 21:48:30.905 17688 17898 I AXL : RPC: ServerJoin
03-20 21:48:30.905 17688 17898 I AXL : RPC: ServerJoin
03-20 21:48:30.905 17688 17898 I AXL : RPC: ServerJoin
03-20 21:48:30.905 17688 17898 I AXL : RPC: ServerJoin
03-20 21:48:30.905 17688 17898 I AXL : RPC: ServerJoin
03-20 21:48:30.905 17688 17898 I AXL : RPC: ServerJoin
03-20 21:48:30.906 17688 17898 I AXL : RPC: ServerJoin
03-20 21:48:30.906 17688 17898 I AXL : RPC: ServerJoin
03-20 21:48:30.906 17688 17898 I AXL : RPC: ServerJoin
03-20 21:48:30.906 17688 17898 I AXL : RPC: ServerJoin
03-20 21:48:30.906 17688 17898 I AXL : RPC: ServerJoin
03-20 21:48:30.906 17688 17898 I AXL : RPC: ServerJoin
03-20 21:48:30.906 17688 17898 I AXL : RPC: ServerJoin
03-20 21:48:30.906 17688 17898 I AXL : RPC: ServerJoin
03-20 21:48:30.906 17688 17898 I AXL : RPC: ServerJoin
03-20 21:48:30.906 17688 17898 I AXL : RPC: ServerJoin
03-20 21:48:30.906 17688 17898 I AXL : RPC: ServerJoin
03-20 21:48:30.906 17688 17898 I AXL : RPC: ServerJoin
03-20 21:48:30.906 17688 17898 I AXL : RPC: ServerJoin
03-20 21:48:30.906 17688 17898 I AXL : RPC: ServerJoin
03-20 21:48:30.906 17688 17898 I AXL : RPC: ServerJoin
03-20 21:48:30.906 17688 17898 I AXL : RPC: ServerJoin
03-20 21:48:30.906 17688 17898 I AXL : RPC: ServerJoin
03-20 21:48:30.906 17688 17898 I AXL : RPC: ServerJoin
03-20 21:48:30.906 17688 17898 I AXL : RPC: ServerJoin
03-20 21:48:30.906 17688 17898 I AXL : RPC: ServerJoin
03-20 21:48:30.906 17688 17898 I AXL : RPC: ServerJoin
03-20 21:48:30.906 17688 17898 I AXL : RPC: ServerJoin
03-20 21:48:30.906 17688 17898 I AXL : RPC: ServerJoin
03-20 21:48:30.906 17688 17898 I AXL : RPC: ServerJoin
03-20 21:48:30.907 17688 17898 I AXL : RPC: ServerJoin
03-20 21:48:30.907 17688 17898 I AXL : RPC: ServerJoin
03-20 21:48:30.907 17688 17898 I AXL : RPC: ServerJoin
03-20 21:48:30.907 17688 17898 I AXL : RPC: ServerJoin
03-20 21:48:30.907 17688 17898 I AXL : RPC: ServerJoin
03-20 21:48:30.907 17688 17898 I AXL : RPC: ServerJoin
03-20 21:48:30.907 17688 17898 I AXL : RPC: ServerJoin
03-20 21:48:30.907 17688 17898 I AXL : RPC: ServerJoin
03-20 21:48:30.908 17688 17898 I AXL : RPC: ServerJoin
03-20 21:48:30.908 17688 17898 I AXL : RPC: ServerJoin
03-20 21:48:30.908 17688 17898 I AXL : RPC: ServerJoin
03-20 21:48:30.909 17688 17898 I AXL : RPC: ServerJoin
03-20 21:48:30.909 17688 17898 I AXL : RPC: ServerJoin
03-20 21:48:30.909 17688 17898 I AXL : RPC: ServerJoin
03-20 21:48:30.909 17688 17898 I AXL : RPC: ServerJoin
03-20 21:48:30.909 17688 17898 I AXL : RPC: ServerJoin
03-20 21:48:30.909 17688 17898 I AXL : RPC: ServerJoin
03-20 21:48:30.909 17688 17898 I AXL : RPC: ServerJoin
03-20 21:48:30.909 17688 17898 I AXL : RPC: ServerJoin
03-20 21:48:30.909 17688 17898 I AXL : RPC: ServerJoin
03-20 21:48:30.909 17688 17898 I AXL : RPC: ServerJoin
03-20 21:48:30.909 17688 17898 I AXL : RPC: ServerJoin
03-20 21:48:30.909 17688 17898 I AXL : RPC: ServerJoin
03-20 21:48:30.909 17688 17898 I AXL : RPC: ServerJoin
03-20 21:48:30.910 17688 17898 I AXL : RPC: ServerJoin
03-20 21:48:30.910 17688 17898 I AXL : RPC: ServerJoin
03-20 21:48:30.910 17688 17898 I AXL : RPC: ServerJoin
03-20 21:48:30.910 17688 17898 I AXL : RPC: ServerJoin
03-20 21:48:30.910 17688 17898 I AXL : RPC: ServerJoin
03-20 21:48:30.910 17688 17898 I AXL : RPC: ServerJoin
03-20 21:48:30.910 17688 17898 I AXL : RPC: ServerJoin
03-20 21:48:30.910 17688 17898 I AXL : RPC: ServerJoin
03-20 21:48:30.910 17688 17898 I AXL : RPC: ServerJoin
03-20 21:48:30.910 17688 17898 I AXL : RPC: ServerJoin
03-20 21:48:30.910 17688 17898 I AXL : RPC: ServerJoin
03-20 21:48:30.910 17688 17898 I AXL : RPC: ServerJoin
03-20 21:48:30.910 17688 17898 I AXL : RPC: ServerJoin
03-20 21:48:30.910 17688 17898 I AXL : RPC: ServerJoin
03-20 21:48:30.910 17688 17898 I AXL : RPC: ServerJoin
03-20 21:48:30.910 17688 17898 I AXL : RPC: ServerJoin
03-20 21:48:30.910 17688 17898 I AXL : RPC: ServerJoin
03-20 21:48:30.910 17688 17898 I AXL : RPC: ServerJoin
03-20 21:48:30.910 17688 17898 I AXL : RPC: ServerJoin
03-20 21:48:30.910 17688 17898 I AXL : RPC: ServerJoin
03-20 21:48:30.910 17688 17898 I AXL : RPC: ServerJoin
03-20 21:48:30.910 17688 17898 I AXL : RPC: ServerJoin
03-20 21:48:30.910 17688 17898 I AXL : RPC: ServerJoin
03-20 21:48:30.910 17688 17898 I AXL : RPC: ServerJoin
03-20 21:48:30.910 17688 17898 I AXL : RPC: ServerJoin
03-20 21:48:30.910 17688 17898 I AXL : RPC: ServerJoin
03-20 21:48:30.910 17688 17898 I AXL : RPC: ServerJoin
03-20 21:48:30.910 17688 17898 I AXL : RPC: ServerJoin
03-20 21:48:30.911 17688 17898 I AXL : RPC: ServerJoin
03-20 21:48:30.911 17688 17898 I AXL : RPC: ServerJoin
03-20 21:48:30.911 17688 17898 I AXL : RPC: ServerJoin
03-20 21:48:30.911 17688 17898 I AXL : RPC: ServerJoin
03-20 21:48:30.911 17688 17898 I AXL : RPC: ServerJoin
03-20 21:48:30.911 17688 17898 I AXL : RPC: ServerJoin
03-20 21:48:30.911 17688 17898 I AXL : RPC: ServerJoin
03-20 21:48:30.911 17688 17898 I AXL : RPC: ServerJoin
03-20 21:48:30.911 17688 17898 I AXL : RPC: ServerJoin
03-20 21:48:30.911 17688 17898 I AXL : RPC: ServerJoin
03-20 21:48:30.911 17688 17898 I AXL : RPC: ServerJoin
03-20 21:48:30.911 17688 17898 I AXL : RPC: ServerJoin
03-20 21:48:30.911 17688 17898 I AXL : RPC: ServerJoin
03-20 21:48:30.911 17688 17898 I AXL : RPC: ServerJoin
03-20 21:48:30.911 17688 17898 I AXL : RPC: ServerJoin
03-20 21:48:30.911 17688 17898 I AXL : RPC: ServerJoin
03-20 21:48:30.911 17688 17898 I AXL : RPC: ServerJoin
03-20 21:48:30.911 17688 17898 I AXL : RPC: ServerJoin
03-20 21:48:30.911 17688 17898 I AXL : RPC: ServerJoin
03-20 21:48:30.911 17688 17898 I AXL : RPC: ServerJoin
03-20 21:48:30.911 17688 17898 I AXL : RPC: ServerJoin
03-20 21:48:30.911 17688 17898 I AXL : RPC: ServerJoin
03-20 21:48:30.911 17688 17898 I AXL : RPC: ServerJoin
03-20 21:48:30.911 17688 17898 I AXL : RPC: ServerJoin
03-20 21:48:30.911 17688 17898 I AXL : RPC: ServerJoin
03-20 21:48:30.911 17688 17898 I AXL : RPC: ServerJoin
03-20 21:48:30.912 17688 17898 I AXL : RPC: ServerJoin
03-20 21:48:30.912 17688 17898 I AXL : RPC: ServerJoin
03-20 21:48:30.912 17688 17898 I AXL : RPC: ServerJoin
03-20 21:48:30.912 17688 17898 I AXL : RPC: ServerJoin
03-20 21:48:30.912 17688 17898 I AXL : RPC: ServerJoin
03-20 21:48:30.912 17688 17898 I AXL : RPC: ServerJoin
03-20 21:48:30.912 17688 17898 I AXL : RPC: ServerJoin
03-20 21:48:30.912 17688 17898 I AXL : RPC: ServerJoin
03-20 21:48:30.912 17688 17898 I AXL : RPC: ServerJoin
03-20 21:48:30.912 17688 17898 I AXL : RPC: ServerJoin
03-20 21:48:30.912 17688 17898 I AXL : RPC: ServerJoin
03-20 21:48:30.912 17688 17898 I AXL : RPC: ServerJoin
03-20 21:48:30.912 17688 17898 I AXL : RPC: ServerJoin
03-20 21:48:30.912 17688 17898 I AXL : RPC: ServerJoin
03-20 21:48:30.912 17688 17898 I AXL : RPC: ServerJoin
03-20 21:48:30.912 17688 17898 I AXL : RPC: ServerJoin
03-20 21:48:30.912 17688 17898 I AXL : RPC: ServerJoin
03-20 21:48:30.912 17688 17898 I AXL : RPC: ServerJoin
03-20 21:48:30.912 17688 17898 I AXL : RPC: ServerJoin
03-20 21:48:30.912 17688 17898 I AXL : RPC: ServerJoin
03-20 21:48:30.912 17688 17898 I AXL : RPC: ServerJoin
03-20 21:48:30.912 17688 17898 I AXL : RPC: ServerJoin
03-20 21:48:30.912 17688 17898 I AXL : RPC: ServerJoin
03-20 21:48:30.912 17688 17898 I AXL : RPC: ServerJoin
03-20 21:48:30.912 17688 17898 I AXL : RPC: ServerJoin
03-20 21:48:30.912 17688 17898 I AXL : RPC: ServerJoin
03-20 21:48:30.912 17688 17898 I AXL : RPC: ServerJoin
03-20 21:48:30.912 17688 17898 I AXL : RPC: ServerJoin
03-20 21:48:30.912 17688 17898 I AXL : RPC: ServerJoin
03-20 21:48:30.912 17688 17898 I AXL : RPC: ServerJoin
03-20 21:48:30.912 17688 17898 I AXL : RPC: ServerJoin
03-20 21:48:30.912 17688 17898 I AXL : RPC: ServerJoin
03-20 21:48:30.912 17688 17898 I AXL : RPC: ServerJoin
03-20 21:48:30.912 17688 17898 I AXL : RPC: ServerJoin
03-20 21:48:30.913 17688 17898 I AXL : RPC: ServerJoin
03-20 21:48:30.913 17688 17898 I AXL : RPC: ServerJoin
03-20 21:48:30.913 17688 17898 I AXL : RPC: ServerJoin
03-20 21:48:30.913 17688 17898 I AXL : RPC: ServerJoin
03-20 21:48:30.913 17688 17898 I AXL : RPC: ServerJoin
03-20 21:48:30.913 17688 17898 I AXL : RPC: ServerJoin
03-20 21:48:30.913 17688 17898 I AXL : RPC: ServerJoin
03-20 21:48:30.913 17688 17898 I AXL : RPC: ServerJoin
03-20 21:48:30.913 17688 17898 I AXL : RPC: ServerJoin
03-20 21:48:30.913 17688 17898 I AXL : RPC: ServerJoin
03-20 21:48:30.913 17688 17898 I AXL : RPC: ServerJoin
03-20 21:48:30.913 17688 17898 I AXL : RPC: ServerJoin
03-20 21:48:30.913 17688 17898 I AXL : RPC: ServerJoin
03-20 21:48:30.913 17688 17898 I AXL : RPC: ServerJoin
03-20 21:48:30.913 17688 17898 I AXL : RPC: ServerJoin
03-20 21:48:30.913 17688 17898 I AXL : RPC: ServerJoin
03-20 21:48:30.913 17688 17898 I AXL : RPC: ServerJoin
03-20 21:48:30.913 17688 17898 I AXL : RPC: ServerJoin
03-20 21:48:30.913 17688 17898 I AXL : RPC: ServerJoin
03-20 21:48:30.913 17688 17898 I AXL : RPC: ServerJoin
03-20 21:48:30.913 17688 17898 I AXL : RPC: ServerJoin
03-20 21:48:30.913 17688 17898 I AXL : RPC: ServerJoin
03-20 21:48:30.913 17688 17898 I AXL : RPC: ServerJoin
03-20 21:48:30.913 17688 17898 I AXL : RPC: ServerJoin
03-20 21:48:30.913 17688 17898 I AXL : RPC: ServerJoin
03-20 21:48:30.913 17688 17898 I AXL : RPC: ServerJoin
03-20 21:48:30.913 17688 17898 I AXL : RPC: ServerJoin
03-20 21:48:30.913 17688 17898 I AXL : RPC: ServerJoin
03-20 21:48:30.913 17688 17898 I AXL : RPC: ServerJoin
03-20 21:48:30.914 17688 17898 I AXL : RPC: ServerJoin
03-20 21:48:30.914 17688 17898 I AXL : RPC: ServerJoin
03-20 21:48:30.914 17688 17898 I AXL : RPC: ServerJoin
03-20 21:48:30.914 17688 17898 I AXL : RPC: ServerJoin
03-20 21:48:30.914 17688 17898 I AXL : RPC: ServerJoin
03-20 21:48:30.914 17688 17898 I AXL : RPC: ServerJoin
03-20 21:48:30.914 17688 17898 I AXL : RPC: ServerJoin
03-20 21:48:30.914 17688 17898 I AXL : RPC: ServerJoin
03-20 21:48:30.914 17688 17898 I AXL : RPC: ServerJoin
03-20 21:48:30.914 17688 17898 I AXL : RPC: ServerJoin
03-20 21:48:30.914 17688 17898 I AXL : RPC: ServerJoin
03-20 21:48:30.914 17688 17898 I AXL : RPC: ServerJoin
03-20 21:48:30.914 17688 17898 I AXL : RPC: ServerJoin
03-20 21:48:30.914 17688 17898 I AXL : RPC: ServerJoin
03-20 21:48:30.914 17688 17898 I AXL : RPC: ServerJoin
03-20 21:48:30.914 17688 17898 I AXL : RPC: ServerJoin
03-20 21:48:30.914 17688 17898 I AXL : RPC: ServerJoin
03-20 21:48:30.914 17688 17898 I AXL : RPC: ServerJoin
03-20 21:48:30.914 17688 17898 I AXL : RPC: ServerJoin
03-20 21:48:30.914 17688 17898 I AXL : RPC: ServerJoin
03-20 21:48:30.914 17688 17898 I AXL : RPC: ServerJoin
03-20 21:48:30.914 17688 17898 I AXL : RPC: ServerJoin
03-20 21:48:30.914 17688 17898 I AXL : RPC: ServerJoin
03-20 21:48:30.914 17688 17898 I AXL : RPC: ServerJoin
03-20 21:48:30.914 17688 17898 I AXL : RPC: ServerJoin
03-20 21:48:30.914 17688 17898 I AXL : RPC: ServerJoin
03-20 21:48:30.914 17688 17898 I AXL : RPC: ServerJoin
03-20 21:48:30.914 17688 17898 I AXL : RPC: ServerJoin
03-20 21:48:30.914 17688 17898 I AXL : RPC: ServerJoin
03-20 21:48:30.914 17688 17898 I AXL : RPC: ServerJoin
03-20 21:48:30.914 17688 17898 I AXL : RPC: ServerJoin
03-20 21:48:30.914 17688 17898 I AXL : RPC: ServerJoin
03-20 21:48:30.914 17688 17898 I AXL : RPC: ServerJoin
03-20 21:48:30.914 17688 17898 I AXL : RPC: ServerJoin
03-20 21:48:30.914 17688 17898 I AXL : RPC: ServerJoin
03-20 21:48:30.914 17688 17898 I AXL : RPC: ServerJoin
03-20 21:48:30.915 17688 17898 I AXL : RPC: ServerJoin
03-20 21:48:30.915 17688 17898 I AXL : RPC: ServerJoin
03-20 21:48:30.915 17688 17898 I AXL : RPC: ServerJoin
03-20 21:48:30.915 17688 17898 I AXL : RPC: ServerJoin
03-20 21:48:30.915 17688 17898 I AXL : RPC: ServerJoin
03-20 21:48:30.915 17688 17898 I AXL : RPC: ServerJoin
03-20 21:48:30.915 17688 17898 I AXL : RPC: ServerJoin
03-20 21:48:30.915 17688 17898 I AXL : RPC: ServerJoin
03-20 21:48:30.915 17688 17898 I AXL : RPC: ServerJoin
03-20 21:48:30.915 17688 17898 I AXL : RPC: ServerJoin
03-20 21:48:30.915 17688 17898 I AXL : RPC: ServerJoin
03-20 21:48:30.915 17688 17898 I AXL : RPC: ServerJoin
03-20 21:48:30.915 17688 17898 I AXL : RPC: ServerJoin
03-20 21:48:30.915 17688 17898 I AXL : RPC: ServerJoin
03-20 21:48:30.915 17688 17898 I AXL : RPC: ServerJoin
03-20 21:48:30.915 17688 17898 I AXL : RPC: ServerJoin
03-20 21:48:30.915 17688 17898 I AXL : RPC: ServerJoin
03-20 21:48:30.915 17688 17898 I AXL : RPC: ServerJoin
03-20 21:48:30.915 17688 17898 I AXL : RPC: ServerJoin
03-20 21:48:30.915 17688 17898 I AXL : RPC: ServerJoin
03-20 21:48:30.915 17688 17898 I AXL : RPC: ServerJoin
03-20 21:48:30.915 17688 17898 I AXL : RPC: ServerJoin
03-20 21:48:30.915 17688 17898 I AXL : RPC: ServerJoin
03-20 21:48:30.915 17688 17898 I AXL : RPC: ServerJoin
03-20 21:48:30.916 17688 17898 I AXL : RPC: ServerJoin
03-20 21:48:30.916 17688 17898 I AXL : RPC: ServerJoin
03-20 21:48:30.916 17688 17898 I AXL : RPC: ServerJoin
03-20 21:48:30.916 17688 17898 I AXL : RPC: ServerJoin
03-20 21:48:30.916 17688 17898 I AXL : RPC: ServerJoin
03-20 21:48:30.916 17688 17898 I AXL : RPC: ServerJoin
03-20 21:48:30.916 17688 17898 I AXL : RPC: ServerJoin
03-20 21:48:30.916 17688 17898 I AXL : RPC: ServerJoin
03-20 21:48:30.916 17688 17898 I AXL : RPC: ServerJoin
03-20 21:48:30.916 17688 17898 I AXL : RPC: ServerJoin
03-20 21:48:30.916 17688 17898 I AXL : RPC: ServerJoin
03-20 21:48:30.916 17688 17898 I AXL : RPC: ServerJoin
03-20 21:48:30.916 17688 17898 I AXL : RPC: ServerJoin
03-20 21:48:30.916 17688 17898 I AXL : RPC: ServerJoin
03-20 21:48:30.916 17688 17898 I AXL : RPC: ServerJoin
03-20 21:48:30.916 17688 17898 I AXL : RPC: ServerJoin
03-20 21:48:30.917 17688 17898 I AXL : RPC: ServerJoin
03-20 21:48:30.917 17688 17898 I AXL : RPC: ServerJoin
03-20 21:48:30.917 17688 17898 I AXL : RPC: ServerJoin
03-20 21:48:30.917 17688 17898 I AXL : RPC: ServerJoin
03-20 21:48:30.917 17688 17898 I AXL : RPC: ServerJoin
03-20 21:48:30.917 17688 17898 I AXL : RPC: ServerJoin
03-20 21:48:30.917 17688 17898 I AXL : RPC: ServerJoin
03-20 21:48:30.917 17688 17898 I AXL : RPC: ServerJoin
03-20 21:48:30.917 17688 17898 I AXL : RPC: ServerJoin
03-20 21:48:30.917 17688 17898 I AXL : RPC: ServerJoin
03-20 21:48:30.917 17688 17898 I AXL : RPC: ServerJoin
03-20 21:48:30.917 17688 17898 I AXL : RPC: ServerJoin
03-20 21:48:30.917 17688 17898 I AXL : RPC: ServerJoin
03-20 21:48:30.917 17688 17898 I AXL : RPC: ServerJoin
03-20 21:48:30.917 17688 17898 I AXL : RPC: ServerJoin
03-20 21:48:30.917 17688 17898 I AXL : RPC: ServerJoin
03-20 21:48:30.917 17688 17898 I AXL : RPC: ServerJoin
03-20 21:48:30.917 17688 17898 I AXL : RPC: ServerJoin
03-20 21:48:30.917 17688 17898 I AXL : RPC: ServerJoin
03-20 21:48:30.7688 17898 I AXL : RPC: ServerJoin
03-20 21:48:30.917 17688 17898 I AXL : RPC: ServerJoin
03-20 21:48:30.917 17688 17898 I AXL : RPC: ServerJoin
03-20 21:48:30.917 17688 17898 I AXL : RPC: ServerJoin
03-20 21:48:30.917 17688 17898 I AXL : RPC: ServerJoin
03-20 21:48:30.917 17688 17898 I AXL : RPC: ServerJoin
03-20 21:48:30.917 17688 17898 I AXL : RPC: ServerJoin
03-20 21:48:30.917 17688 17898 I AXL : RPC: ServerJoin
03-20 21:48:30.917 17688 17898 I AXL : RPC: ServerJoin
03-20 21:48:30.917 17688 17898 I AXL : RPC: ServerJoin
03-20 21:48:30.917 17688 17898 I AXL : RPC: ServerJoin
03-20 21:48:30.917 17688 17898 I AXL : RPC: ServerJoin
03-20 21:48:30.917 17688 17898 I AXL : RPC: ServerJoin
03-20 21:48:30.917 17688 17898 I AXL : RPC: ServerJoin
03-20 21:48:30.917 17688 17898 I AXL : RPC: ServerJoin
03-20 21:48:30.917 17688 17898 I AXL : RPC: ServerJoin
03-20 21:48:30.917 17688 17898 I AXL : RPC: ServerJoin
03-20 21:48:30.918 17688 17898 I AXL : RPC: ServerJoin
03-20 21:48:30.918 17688 17898 I AXL : RPC: ServerJoin
03-20 21:48:30.918 17688 17898 I AXL : RPC: ServerJoin
03-20 21:48:30.918 17688 17898 I AXL : RPC: ServerJoin
03-20 21:48:30.918 17688 17898 I AXL : RPC: ServerJoin
03-20 21:48:30.918 17688 17898 I AXL : RPC: ServerJoin
03-20 21:48:30.918 17688 17898 I AXL : RPC: ServerJoin
03-20 21:48:30.918 17688 17898 I AXL : RPC: ServerJoin
03-20 21:48:30.918 17688 17898 I AXL : RPC: ServerJoin
03-20 21:48:30.918 17688 17898 I AXL : RPC: ServerJoin
03-20 21:48:30.918 17688 17898 I AXL : RPC: ServerJoin
03-20 21:48:30.918 17688 17898 I AXL : RPC: ServerJoin
03-20 21:48:30.918 17688 17898 I AXL : RPC: ServerJoin
03-20 21:48:30.918 17688 17898 I AXL : RPC: ServerJoin
03-20 21:48:30.918 17688 17898 I AXL : RPC: ServerJoin
03-20 21:48:30.918 17688 17898 I AXL : RPC: ServerJoin
03-20 21:48:30.918 17688 17898 I AXL : RPC: ServerJoin
03-20 21:48:30.918 17688 17898 I AXL : RPC: ServerJoin
03-20 21:48:30.918 17688 17898 I AXL : RPC: ServerJoin
03-20 21:48:30.918 17688 17898 I AXL : RPC: ServerJoin
03-20 21:48:30.918 17688 17898 I AXL : RPC: ServerJoin
03-20 21:48:30.918 17688 17898 I AXL : RPC: ServerJoin
03-20 21:48:30.918 17688 17898 I AXL : RPC: ServerJoin
03-20 21:48:30.918 17688 17898 I AXL : RPC: ServerJoin
03-20 21:48:30.918 17688 17898 I AXL : RPC: ServerJoin
03-20 21:48:30.918 17688 17898 I AXL : RPC: ServerJoin
03-20 21:48:30.918 17688 17898 I AXL : RPC: ServerJoin
03-20 21:48:30.918 17688 17898 I AXL : RPC: ServerJoin
03-20 21:48:30.918 17688 17898 I AXL : RPC: ServerJoin
03-20 21:48:30.918 17688 17898 I AXL : RPC: ServerJoin
03-20 21:48:30.918 17688 17898 I AXL : RPC: ServerJoin
03-20 21:48:30.918 17688 17898 I AXL : RPC: ServerJoin
03-20 21:48:30.918 17688 17898 I AXL : RPC: ServerJoin
03-20 21:48:30.919 17688 17898 I AXL : RPC: ServerJoin
03-20 21:48:30.919 17688 17898 I AXL : RPC: ServerJoin
03-20 21:48:30.919 17688 17898 I AXL : RPC: ServerJoin
03-20 21:48:30.919 17688 17898 I AXL : RPC: ServerJoin
03-20 21:48:30.919 17688 17898 I AXL : RPC: ScrSetPlayerColor
03-20 21:48:31.006 17688 17688 D Surface : lockCanvas
03-20 21:48:31.122 17688 17898 I AXL :
03-20 21:48:31.122 17688 17688 I System.out: addChatViewMessage: {FFFFFF} |  
03-20 21:48:31.123 17688 17898 I AXL :
03-20 21:48:31.123 17688 17898 I AXL :
03-20 21:48:31.123 17688 17898 I AXL :
03-20 21:48:31.123 17688 17898 I AXL :
03-20 21:48:31.123 17688 17898 I AXL :
03-20 21:48:31.123 17688 17898 I AXL :
03-20 21:48:31.123 17688 17898 I AXL :
03-20 21:48:31.123 17688 17898 I AXL :
03-20 21:48:31.123 17688 17898 I AXL :
03-20 21:48:31.123 17688 17898 I AXL :
03-20 21:48:31.124 17688 17898 I AXL :
03-20 21:48:31.124 17688 17898 I AXL :
03-20 21:48:31.124 17688 17898 I AXL :
03-20 21:48:31.124 17688 17898 I AXL :
03-20 21:48:31.125 17688 17898 I AXL :
03-20 2917 17688 17898 I AXL : RPC: ServerJoin
03-20 21:48:30.917 17688 17898 I AXL : RPC: ServerJoin
03-20 21:48:30.917 17688 17898 I AXL : RPC: ServerJoin
03-20 21:48:30.917 17688 17898 I AXL : RPC: ServerJoin
03-20 21:48:30.917 17688 17898 I AXL : RPC: ServerJoin
03-20 21:48:30.918 17688 17898 I AXL : RPC: ServerJoin
03-20 21:48:30.918 17688 17898 I AXL : RPC: ServerJoin
03-20 21:48:30.918 17688 17898 I AXL : RPC: ServerJoin
03-20 21:48:30.918 17688 17898 I AXL : RPC: ServerJoin
03-20 21:48:30.918 17688 17898 I AXL : RPC: ServerJoin
03-20 21:48:30.918 17688 17898 I AXL : RPC: ServerJoin
03-20 21:48:30.918 17688 17898 I AXL : RPC: ServerJoin
03-20 21:48:30.918 17688 17898 I AXL : RPC: ServerJoin
03-20 21:48:30.918 17688 17898 I AXL : RPC: ServerJoin
03-20 21:48:30.918 17688 17898 I AXL : RPC: ServerJoin
03-20 21:48:30.918 17688 17898 I AXL : RPC: ServerJoin
03-20 21:48:30.918 17688 17898 I AXL : RPC: ServerJoin
03-20 21:48:30.918 17688 17898 I AXL : RPC: ServerJoin
03-20 21:48:30.918 17688 17898 I AXL : RPC: ServerJoin
03-20 21:48:30.918 17688 17898 I AXL : RPC: ServerJoin
03-20 21:48:30.918 17688 17898 I AXL : RPC: ServerJoin
03-20 21:48:30.918 17688 17898 I AXL : RPC: ServerJoin
03-20 21:48:30.918 17688 17898 I AXL : RPC: ServerJoin
03-20 21:48:30.918 17688 17898 I AXL : RPC: ServerJoin
03-20 21:48:30.918 17688 17898 I AXL : RPC: ServerJoin
03-20 21:48:30.918 17688 17898 I AXL : RPC: ServerJoin
03-20 21:48:30.918 17688 17898 I AXL : RPC: ServerJoin
03-20 21:48:30.918 17688 17898 I AXL : RPC: ServerJoin
03-20 21:48:30.918 17688 17898 I AXL : RPC: ServerJoin
03-20 21:48:30.918 17688 17898 I AXL : RPC: ServerJoin
03-20 21:48:30.918 17688 17898 I AXL : RPC: ServerJoin
03-20 21:48:30.918 17688 17898 I AXL : RPC: ServerJoin
03-20 21:48:30.918 17688 17898 I AXL : RPC: ServerJoin
03-20 21:48:30.918 17688 17898 I AXL : RPC: ServerJoin
03-20 21:48:30.918 17688 17898 I AXL : RPC: ServerJoin
03-20 21:48:30.918 17688 17898 I AXL : RPC: ServerJoin
03-20 21:48:30.918 17688 17898 I AXL : RPC: ServerJoin
03-20 21:48:30.918 17688 17898 I AXL : RPC: ServerJoin
03-20 21:48:30.919 17688 17898 I AXL : RPC: ServerJoin
03-20 21:48:30.919 17688 17898 I AXL : RPC: ServerJoin
03-20 21:48:30.919 17688 17898 I AXL : RPC: ServerJoin
03-20 21:48:30.919 17688 17898 I AXL : RPC: ServerJoin
03-20 21:48:30.919 17688 17898 I AXL : RPC: ScrSetPlayerColor
03-20 21:48:31.006 17688 17688 D Surface : lockCanvas
03-20 21:48:31.122 17688 17898 I AXL :
03-20 21:48:31.122 17688 17688 I System.out: addChatViewMessage: {FFFFFF} |  
03-20 21:48:31.123 17688 17898 I AXL :
03-20 21:48:31.123 17688 17898 I AXL :
03-20 21:48:31.123 17688 17898 I AXL :
03-20 21:48:31.123 17688 17898 I AXL :
03-20 21:48:31.123 17688 17898 I AXL :
03-20 21:48:31.123 17688 17898 I AXL :
03-20 21:48:31.123 17688 17898 I AXL :
03-20 21:48:31.123 17688 17898 I AXL :
03-20 21:48:31.123 17688 17898 I AXL :
03-20 21:48:31.123 17688 17898 I AXL :
03-20 21:48:31.124 17688 17898 I AXL :
03-20 21:48:31.124 17688 17898 I AXL :
03-20 21:48:31.124 17688 17898 I AXL :
03-20 21:48:31.124 17688 17898 I AXL :
03-20 21:48:31.125 17688 17898 I AXL :
03-20 21:48:31.125 17688 17898 I AXL :
03-20 21:48:31.126 17688 17898 I AXL :
03-20 21:48:31.126 17688 17898 I AXL :
03-20 21:48:31.126 17688 17898 I AXL :
03-20 21:48:31.126 17688 17898 I AXL :
03-20 21:48:31.126 17688 17898 I AXL :
03-20 21:48:31.126 17688 17898 I AXL :
03-20 21:48:31.127 17688 17898 I AXL :
03-20 21:48:31.127 17688 17898 I AXL :
03-20 21:48:31.127 17688 17898 I AXL :
03-20 21:48:31.127 17688 17898 I AXL :
03-20 21:48:31.127 17688 17898 I AXL :
03-20 21:48:31.127 17688 17898 I AXL :
03-20 21:48:31.127 17688 17898 I AXL :
03-20 21:48:31.127 17688 17898 I AXL :
03-20 21:48:31.127 17688 17898 I AXL :
03-20 21:48:31.127 17688 17898 I AXL :
03-20 21:48:31.128 17688 17898 I AXL :
03-20 21:48:31.128 17688 17898 I AXL :
03-20 21:48:31.128 17688 17898 I AXL :
03-20 21:48:31.128 17688 17898 I AXL :
03-20 21:48:31.128 17688 17898 I AXL :
03-20 21:48:31.129 17688 17898 I AXL :
03-20 21:48:31.129 17688 17898 I AXL :
03-20 21:48:31.129 17688 17898 I AXL : Добро пожаловать на {ae433d}Evolve Role
Play
03-20 21:48:31.129 17688 17898 I AXL : RPC: ScrTogglePlayerSpectating
03-20 21:48:31.129 17688 17898 I AXL : toggle: 1
03-20 21:48:31.129 17688 17898 I AXL : RPC: ScrApplyPlayerAnimation
03-20 21:48:31.129 17688 17898 I AXL : STRIP, null
03-20 21:48:31.148 17688 17688 D Surface : lockCanvas
03-20 21:48:31.156 17688 17898 I AXL : RPC: ScrApplyPlayerAnimation
03-20 21:48:31.156 17688 17898 I AXL : SMOKING, null
03-20 21:48:31.183 17688 17898 I AXL : RPC: ScrApplyPlayerAnimation
03-20 21:48:31.183 17688 17898 I AXL : CRACK, null
03-20 21:48:31.195 17688 17688 I System.out: addChatViewMessage: {FFFFFF} |  
03-20 21:48:31.196 17688 17688 I System.out: addChatViewMessage: {FFFFFF} |  
03-20 21:48:31.196 17688 17688 I System.out: addChatViewMessage: {FFFFFF} |  
03-20 21:48:31.196 17688 17688 I System.out: addChatViewMessage: {FFFFFF} |  
03-20 21:48:31.196 17688 17688 I System.out: addChatViewMessage: {FFFFFF} |  
03-20 21:48:31.196 17688 17688 I System.out: addChatViewMessage: {FFFFFF} |  
03-20 21:48:31.196 17688 17688 I System.out: addChatViewMessage: {FFFFFF} |  
03-20 21:48:31.196 17688 17688 I System.out: addChatViewMessage: {FFFFFF} |  
03-20 21:48:31.196 17688 17688 I System.out: addChatViewMessage: {FFFFFF} |  
03-20 21:48:31.196 17688 17688 I System.out: addChatViewMessage: {FFFFFF} |  
03-20 21:48:31.196 17688 17688 I System.out: addChatViewMessage: {FFFFFF} |  
03-20 21:48:31.196 17688 17688 I System.out: addChatViewMessage: {FFFFFF} |  
03-20 21:48:31.196 17688 17688 I System.out: addChatViewMessage: {FFFFFF} |  
03-20 21:48:31.196 17688 17688 I System.out: addChatViewMessage: {FFFFFF} |  
03-20 21:48:31.196 17688 17688 I System.out: addChatViewMessage: {FFFFFF} |  
03-20 21:48:31.197 17688 17688 I System.out: addChatViewMessage: {FFFFFF} |  
03-20 21:48:31.197 17688 17688 I System.out: addChatViewMessage: {FFFFFF} |  
03-20 21:48:31.197 17688 17688 I System.out: addChatViewMessage: {FFFFFF} |  
03-20 21:48:31.197 17688 17688 I System.out: addChatViewMessage: {FFFFFF} |  
03-20 21:48:31.197 17688 17688 I System.out: addChatViewMessage: {FFFFFF} |  
03-20 21:48:31.197 17688 17688 I System.out: addChatViewMessage: {FFFFFF} |  
03-20 21:48:31.197 17688 17688 I System.out: addChatViewMessage: {FFFFFF} |  
03-20 21:48:31.197 17688 17688 I System.out: addChatViewMessage: {FFFFFF} |  
03-20 21:48:31.197 17688 17688 I System.out: addChatViewMessage: {FFFFFF} |  
03-20 21:48:31.197 17688 17688 I System.out: addChatViewMessage: {FFFFFF} |  
03-20 21:48:31.197 17688 17688 I System.out: addChatViewMessage: {FFFFFF} |  
03-20 21:48:31.197 17688 17688 I System.out: addChatViewMessage: {FFFFFF} |  
03-20 21:48:31.197 17688 17688 I System.out: addChatViewMessage: {FFFFFF} |  
03-20 21:48:31.197 17688 17688 I System.out: addChatViewMessage: {FFFFFF} |  
03-20 21:48:31.197 17688 17688 I System.out: addChatViewMessage: {FFFFFF} |  
03-20 21:48:31.197 17688 17688 I System.out: addChatViewMessage: {FFFFFF} |  
03-20 21:48:31.197 17688 17688 I System.out: addChatViewMessage: {FFFFFF} |  
03-20 21:48:31.197 17688 17688 I System.out: addChatViewMessage: {FFFFFF} |  
03-20 21:48:31.198 17688 17688 I System.out: addChatViewMessage: {FFFFFF} |  
03-20 21:48:31.198 17688 17688 I System.out: addChatViewMessage: {FFFFFF} |  
03-20 21:48:31.198 17688 17688 I System.out: addChatViewMessage: {FFFFFF} |  
03-20 21:48:31.198 17688 17688 I System.out: addChatViewMessage: {FF1:48:31.125
17688 17898 I AXL :
03-20 21:48:31.126 17688 17898 I AXL :
03-20 21:48:31.126 17688 17898 I AXL :
03-20 21:48:31.126 17688 17898 I AXL :
03-20 21:48:31.126 17688 17898 I AXL :
03-20 21:48:31.126 17688 17898 I AXL :
03-20 21:48:31.126 17688 17898 I AXL :
03-20 21:48:31.127 17688 17898 I AXL :
03-20 21:48:31.127 17688 17898 I AXL :
03-20 21:48:31.127 17688 17898 I AXL :
03-20 21:48:31.127 17688 17898 I AXL :
03-20 21:48:31.127 17688 17898 I AXL :
03-20 21:48:31.127 17688 17898 I AXL :
03-20 21:48:31.127 17688 17898 I AXL :
03-20 21:48:31.127 17688 17898 I AXL :
03-20 21:48:31.127 17688 17898 I AXL :
03-20 21:48:31.127 17688 17898 I AXL :
03-20 21:48:31.128 17688 17898 I AXL :
03-20 21:48:31.128 17688 17898 I AXL :
03-20 21:48:31.128 17688 17898 I AXL :
03-20 21:48:31.128 17688 17898 I AXL :
03-20 21:48:31.128 17688 17898 I AXL :
03-20 21:48:31.129 17688 17898 I AXL :
03-20 21:48:31.129 17688 17898 I AXL :
03-20 21:48:31.129 17688 17898 I AXL : Добро пожаловать на {ae433d}Evolve Role
Play
03-20 21:48:31.129 17688 17898 I AXL : RPC: ScrTogglePlayerSpectating
03-20 21:48:31.129 17688 17898 I AXL : toggle: 1
03-20 21:48:31.129 17688 17898 I AXL : RPC: ScrApplyPlayerAnimation
03-20 21:48:31.129 17688 17898 I AXL : STRIP, null
03-20 21:48:31.148 17688 17688 D Surface : lockCanvas
03-20 21:48:31.156 17688 17898 I AXL : RPC: ScrApplyPlayerAnimation
03-20 21:48:31.156 17688 17898 I AXL : SMOKING, null
03-20 21:48:31.183 17688 17898 I AXL : RPC: ScrApplyPlayerAnimation
03-20 21:48:31.183 17688 17898 I AXL : CRACK, null
03-20 21:48:31.195 17688 17688 I System.out: addChatViewMessage: {FFFFFF} |  
03-20 21:48:31.196 17688 17688 I System.out: addChatViewMessage: {FFFFFF} |  
03-20 21:48:31.196 17688 17688 I System.out: addChatViewMessage: {FFFFFF} |  
03-20 21:48:31.196 17688 17688 I System.out: addChatViewMessage: {FFFFFF} |  
03-20 21:48:31.196 17688 17688 I System.out: addChatViewMessage: {FFFFFF} |  
03-20 21:48:31.196 17688 17688 I System.out: addChatViewMessage: {FFFFFF} |  
03-20 21:48:31.196 17688 17688 I System.out: addChatViewMessage: {FFFFFF} |  
03-20 21:48:31.196 17688 17688 I System.out: addChatViewMessage: {FFFFFF} |  
03-20 21:48:31.196 17688 17688 I System.out: addChatViewMessage: {FFFFFF} |  
03-20 21:48:31.196 17688 17688 I System.out: addChatViewMessage: {FFFFFF} |  
03-20 21:48:31.196 17688 17688 I System.out: addChatViewMessage: {FFFFFF} |  
03-20 21:48:31.196 17688 17688 I System.out: addChatViewMessage: {FFFFFF} |  
03-20 21:48:31.196 17688 17688 I System.out: addChatViewMessage: {FFFFFF} |  
03-20 21:48:31.196 17688 17688 I System.out: addChatViewMessage: {FFFFFF} |  
03-20 21:48:31.196 17688 17688 I System.out: addChatViewMessage: {FFFFFF} |  
03-20 21:48:31.197 17688 17688 I System.out: addChatViewMessage: {FFFFFF} |  
03-20 21:48:31.197 17688 17688 I System.out: addChatViewMessage: {FFFFFF} |  
03-20 21:48:31.197 17688 17688 I System.out: addChatViewMessage: {FFFFFF} |  
03-20 21:48:31.197 17688 17688 I System.out: addChatViewMessage: {FFFFFF} |  
03-20 21:48:31.197 17688 17688 I System.out: addChatViewMessage: {FFFFFF} |  
03-20 21:48:31.197 17688 17688 I System.out: addChatViewMessage: {FFFFFF} |  
03-20 21:48:31.197 17688 17688 I System.out: addChatViewMessage: {FFFFFF} |  
03-20 21:48:31.197 17688 17688 I System.out: addChatViewMessage: {FFFFFF} |  
03-20 21:48:31.197 17688 17688 I System.out: addChatViewMessage: {FFFFFF} |  
03-20 21:48:31.197 17688 17688 I System.out: addChatViewMessage: {FFFFFF} |  
03-20 21:48:31.197 17688 17688 I System.out: addChatViewMessage: {FFFFFF} |  
03-20 21:48:31.197 17688 17688 I System.out: addChatViewMessage: {FFFFFF} |  
03-20 21:48:31.197 17688 17688 I System.out: addChatViewMessage: {FFFFFF} |  
03-20 21:48:31.197 17688 17688 I System.out: addChatViewMessage: {FFFFFF} |  
03-20 21:48:31.197 17688 17688 I System.out: addChatViewMessage: {FFFFFF} |  
03-20 21:48:31.197 17688 17688 I System.out: addChatViewMessage: {FFFFFF} |  
03-20 21:48:31.197 17688 17688 I System.out: addChatViewMessage: {FFFFFF} |  
03-20 21:48:31.197 17688 17688 I System.out: addChatViewMessage: {FFFFFF} |  
03-20 21:48:31.198 17688 17688 I System.out: addChatViewMessage: {FFFFFF} |  
03-20 21:48:31.198 17688 17688 I System.out: addChatViewMessage: {FFFFFF} |  
03-20 21:48:31.198 17688 17688 I System.out: addChatViewMessage: {FFFFFF} |  
03-20 21:48:31.198 17688 17688 I System.out: addChatViewMessage: {FFFFFF} |  
03-20 21:48:31.198 17688 17688 I System.out: addChatViewMessage: {FFFFFF} |  
03-20 21:48:31.198 17688 17688 I System.out: addChatViewMessage: {FFFFFF} |  
03-20 21:48:31.198 17688 17688 I System.out: addChatViewMessage: {FFFFFF} |
 Добро пожаловать на {ae433d}Evolve Role Play
03-20 21:48:31.213 17688 17898 I AXL : RPC: ScrApplyPlayerAnimation
03-20 21:48:31.214 17688 17898 I AXL : MISC, null
03-20 21:48:31.240 17688 17688 D Surface : lockCanvas
03-20 21:48:31.240 17688 17898 I AXL : RPC: ScrApplyPlayerAnimation
03-20 21:48:31.241 17688 17898 I AXL : GHANDS, null
03-20 21:48:31.263 17688 17898 I AXL : RPC: ScrApplyPlayerAnimation
03-20 21:48:31.263 17688 17898 I AXL : SUNBATHE, null
03-20 21:48:31.282 17688 17898 I AXL : RPC: ScrApplyPlayerAnimation
03-20 21:48:31.282 17688 17898 I AXL : BSKTBALL, null
03-20 21:48:31.284 17688 17688 D Surface : lockCanvas
03-20 21:48:31.304 17688 17898 I AXL : CPlayerPed::TogglePlayerControllable
03-20 21:48:31.306 17688 17898 I AXL : RPC: ScrSetCameraPos
03-20 21:48:31.306 17688 17898 I AXL : RPC: ScrSetCameraLookAt
03-20 21:48:31.306 17688 17898 I AXL : RPC: ScrSetPlayerInterior
03-20 21:48:31.362 17688 17688 I System.out: ShowDialog: 32700 | 1 |
{FFFFFF}Регистрация | {ae433d}Создание пароля |
{FFFFFF}_______________________________________
03-20 21:48:31.362 17688 17688 I System.out:
03-20 21:48:31.362 17688 17688 I System.out: Добро пожаловать на сервер
{B4B5B7}Evolve-Rp{FFFFFF}
03-20 21:48:31.362 17688 17688 I System.out: Регистрация нового персонажа
03-20 21:48:31.363 17688 17688 I System.out:
03-20 21:48:31.363 17688 17688 I System.out: Логин: {B4B5B7}Terminato_popi{FFFFFF}
03-20 21:48:31.363 17688 17688 I System.out: Введите пароль:
03-20 21:48:31.363 17688 17688 I System.out:
03-20 21:48:31.363 17688 17688 I System.out:
_______________________________________ | » | x
03-20 21:48:31.423 17688 17871 D AAudioStream: setState(s#2) from 9 to 10
03-20 21:48:31.423 17688 17871 D AAudio : AAudioStream_requestStart(s#2) called
--------------
03-20 21:48:31.423 17688 17871 D AAudioStream: setState(s#2) from 10 to 3
03-20 21:48:31.424 17688 17871 D AudioTrack: start(528): 0xea63e500, prior
state:STATE_STOPPED
03-20 21:48:31.439 17688 17871 D AAudio : AAudioStream_requestStart(s#2) returned
0 ---------
03-20 21:48:31.440 17688 17869 D AudioTrack: [audioTrackData][zero] 22s(f:0 m:0 s:0
k:0 z:22384) : pid 17688 uid 10036 sessionId 2465 sr 48000 ch 2 fmt 5
03-20 21:48:31.448 17688 17705 D AudioStreamTrack: onAudioDeviceUpdate() audioIo 13
devId 3 => 3
03-20 21:48:31.452 17688 17869 D AAudioStream: setState(s#2) from 3 to 4
03-20 21:48:31.466 17688 17688 D Surface : lockCanvas
03-20 21:48:31.527 17688 17918 D AudioTrack: [audioTrackData][fine] 15s(f:15009 m:0
s:32 k:0 z:0) : pid 17688 uid 10036 sessionId 2473 sr 44100 ch 2 fmt 1
03-20 21:48:31.557 17688 17688 D Surface : lockCanvas
03-20 21:48:31.648 17688 17898 I AXL : RPC: ServerJoin
03-20 21:48:31.648 17688 17898 I AXL : RPC: ScrSetPlayerName
03-20 21:48:31.648 17688 17898 I AXL : byteSuccess = 1
03-20 21:48:31.648 17688 17898 I AXL : RPC: ScrSetPlayerColor
03-20 21:48:31.660 17688 17688 D Surface : lockCanvas
03-20 21:48:FFFF} |  
03-20 21:48:31.198 17688 17688 I System.out: addChatViewMessage: {FFFFFF} |  
03-20 21:48:31.198 17688 17688 I System.out: addChatViewMessage: {FFFFFF} |  
03-20 21:48:31.198 17688 17688 I System.out: addChatViewMessage: {FFFFFF} |
 Добро пожаловать на {ae433d}Evolve Role Play
03-20 21:48:31.213 17688 17898 I AXL : RPC: ScrApplyPlayerAnimation
03-20 21:48:31.214 17688 17898 I AXL : MISC, null
03-20 21:48:31.240 17688 17688 D Surface : lockCanvas
03-20 21:48:31.240 17688 17898 I AXL : RPC: ScrApplyPlayerAnimation
03-20 21:48:31.241 17688 17898 I AXL : GHANDS, null
03-20 21:48:31.263 17688 17898 I AXL : RPC: ScrApplyPlayerAnimation
03-20 21:48:31.263 17688 17898 I AXL : SUNBATHE, null
03-20 21:48:31.282 17688 17898 I AXL : RPC: ScrApplyPlayerAnimation
03-20 21:48:31.282 17688 17898 I AXL : BSKTBALL, null
03-20 21:48:31.284 17688 17688 D Surface : lockCanvas
03-20 21:48:31.304 17688 17898 I AXL : CPlayerPed::TogglePlayerControllable
03-20 21:48:31.306 17688 17898 I AXL : RPC: ScrSetCameraPos
03-20 21:48:31.306 17688 17898 I AXL : RPC: ScrSetCameraLookAt
03-20 21:48:31.306 17688 17898 I AXL : RPC: ScrSetPlayerInterior
03-20 21:48:31.362 17688 17688 I System.out: ShowDialog: 32700 | 1 |
{FFFFFF}Регистрация | {ae433d}Создание пароля |
{FFFFFF}_______________________________________
03-20 21:48:31.362 17688 17688 I System.out:
03-20 21:48:31.362 17688 17688 I System.out: Добро пожаловать на сервер
{B4B5B7}Evolve-Rp{FFFFFF}
03-20 21:48:31.362 17688 17688 I System.out: Регистрация нового персонажа
03-20 21:48:31.363 17688 17688 I System.out:
03-20 21:48:31.363 17688 17688 I System.out: Логин: {B4B5B7}Terminato_popi{FFFFFF}
03-20 21:48:31.363 17688 17688 I System.out: Введите пароль:
03-20 21:48:31.363 17688 17688 I System.out:
03-20 21:48:31.363 17688 17688 I System.out:
_______________________________________ | » | x
03-20 21:48:31.423 17688 17871 D AAudioStream: setState(s#2) from 9 to 10
03-20 21:48:31.423 17688 17871 D AAudio : AAudioStream_requestStart(s#2) called
--------------
03-20 21:48:31.423 17688 17871 D AAudioStream: setState(s#2) from 10 to 3
03-20 21:48:31.424 17688 17871 D AudioTrack: start(528): 0xea63e500, prior
state:STATE_STOPPED
03-20 21:48:31.439 17688 17871 D AAudio : AAudioStream_requestStart(s#2) returned
0 ---------
03-20 21:48:31.440 17688 17869 D AudioTrack: [audioTrackData][zero] 22s(f:0 m:0 s:0
k:0 z:22384) : pid 17688 uid 10036 sessionId 2465 sr 48000 ch 2 fmt 5
03-20 21:48:31.448 17688 17705 D AudioStreamTrack: onAudioDeviceUpdate() audioIo 13
devId 3 => 3
03-20 21:48:31.452 17688 17869 D AAudioStream: setState(s#2) from 3 to 4
03-20 21:48:31.466 17688 17688 D Surface : lockCanvas
03-20 21:48:31.527 17688 17918 D AudioTrack: [audioTrackData][fine] 15s(f:15009 m:0
s:32 k:0 z:0) : pid 17688 uid 10036 sessionId 2473 sr 44100 ch 2 fmt 1
03-20 21:48:31.557 17688 17688 D Surface : lockCanvas
03-20 21:48:31.648 17688 17898 I AXL : RPC: ServerJoin
03-20 21:48:31.648 17688 17898 I AXL : RPC: ScrSetPlayerName
03-20 21:48:31.648 17688 17898 I AXL : byteSuccess = 1
03-20 21:48:31.648 17688 17898 I AXL : RPC: ScrSetPlayerColor
03-20 21:48:31.660 17688 17688 D Surface : lockCanvas
03-20 21:48:31.715 17688 17688 D Surface : lockCanvas
03-20 21:48:31.761 17688 17688 D Surface : lockCanvas
03-20 21:48:31.815 17688 17688 D Surface : lockCanvas
03-20 21:48:31.870 17688 17688 D Surface : lockCanvas
03-20 21:48:31.937 17688 17688 D Surface : lockCanvas
03-20 21:48:32.009 17688 17688 D Surface : lockCanvas
03-20 21:48:32.073 17688 17688 D Surface : lockCanvas
03-20 21:48:32.130 17688 17688 D Surface : lockCanvas
03-20 21:48:32.205 17688 17688 D Surface : lockCanvas
03-20 21:48:32.220 17688 17898 I AXL : CreatePickup(19130, 23, 141, 40,
3381)
03-20 21:48:32.259 17688 17688 D Surface : lockCanvas
03-20 21:48:32.410 17688 17898 I AXL : CreatePickup(19130, 23, 141, 49,
3381)
03-2031.715 17688 17688 D Surface : lockCanvas
03-20 21:48:31.761 17688 17688 D Surface : lockCanvas
03-20 21:48:31.815 17688 17688 D Surface : lockCanvas
03-20 21:48:31.870 17688 17688 D Surface : lockCanvas
03-20 21:48:31.937 17688 17688 D Surface : lockCanvas
03-20 21:48:32.009 17688 17688 D Surface : lockCanvas
03-20 21:48:32.073 17688 17688 D Surface : lockCanvas
03-20 21:48:32.130 17688 17688 D Surface : lockCanvas
03-20 21:48:32.205 17688 17688 D Surface : lockCanvas
03-20 21:48:32.220 17688 17898 I AXL : CreatePickup(19130, 23, 141, 40,
3381)
03-20 21:48:32.259 17688 17688 D Surface : lockCanvas
03-20 21:48:32.410 17688 17898 I AXL : CreatePickup(19130, 23, 141, 49,
3381)
03-20 21:48:32.411 17688 17898 I AXL : RPC_SCRCREATEOBJECT(94) 2707
03-20 21:48:32.413 17688 17898 I AXL : RPC_SCRCREATEOBJECT(95) 2707
03-20 21:48:32.413 17688 17898 I AXL : RPC_SCRCREATEOBJECT(96) 2707
03-20 21:48:32.413 17688 17898 I AXL : RPC_SCRCREATEOBJECT(97) 2707
03-20 21:48:32.414 17688 17898 I AXL : RPC_SCRCREATEOBJECT(98) 2707
03-20 21:48:32.414 17688 17898 I AXL : RPC_SCRCREATEOBJECT(99) 2705
03-20 21:48:32.414 17688 17898 I AXL : RPC_SCRCREATEOBJECT(100) 2704
03-20 21:48:32.414 17688 17898 I AXL : RPC_SCRCREATEOBJECT(101) 2689
03-20 21:48:32.414 17688 17898 I AXL : RPC_SCRCREATEOBJECT(102) 2386
03-20 21:48:32.414 17688 17898 I AXL : RPC_SCRCREATEOBJECT(103) 2384
03-20 21:48:32.415 17688 17898 I AXL : RPC_SCRCREATEOBJECT(104) 2870
03-20 21:48:32.415 17688 17898 I AXL : RPC_SCRCREATEOBJECT(105) 14705
03-20 21:48:32.415 17688 17898 I AXL : RPC_SCRCREATEOBJECT(106) 19623
03-20 21:48:32.415 17688 17898 I AXL : RPC_SCRCREATEOBJECT(107) 2853
03-20 21:48:32.415 17688 17898 I AXL : RPC_SCRCREATEOBJECT(108) 19818
03-20 21:48:32.415 17688 17898 I AXL : RPC_SCRCREATEOBJECT(109) 19818
03-20 21:48:32.415 17688 17898 I AXL : RPC_SCRCREATEOBJECT(110) 19820
03-20 21:48:32.415 17688 17898 I AXL : RPC_SCRCREATEOBJECT(111) 2852
03-20 21:48:32.415 17688 17898 I AXL : RPC_SCRCREATEOBJECT(112) 18643
03-20 21:48:32.416 17688 17898 I AXL : RPC_SCRCREATEOBJECT(113) 18643
03-20 21:48:32.416 17688 17898 I AXL : RPC_SCRCREATEOBJECT(114) 18643
03-20 21:48:32.416 17688 17898 I AXL : RPC_SCRCREATEOBJECT(115) 11718
03-20 21:48:32.416 17688 17898 I AXL : RPC_SCRCREATEOBJECT(116) 11718
03-20 21:48:32.416 17688 17898 I AXL : RPC_SCRCREATEOBJECT(117) 11718
03-20 21:48:32.416 17688 17898 I AXL : RPC_SCRCREATEOBJECT(118) 2293
03-20 21:48:32.416 17688 17898 I AXL : RPC_SCRCREATEOBJECT(119) 2293
03-20 21:48:32.416 17688 17898 I AXL : RPC_SCRCREATEOBJECT(120) 948
03-20 21:48:32.416 17688 17898 I AXL : RPC_SCRCREATEOBJECT(121) 19173
03-20 21:48:32.417 17688 17898 I AXL : RPC_SCRCREATEOBJECT(122) 2705
03-20 21:48:32.417 17688 17898 I AXL : RPC_SCRCREATEOBJECT(123) 19087
03-20 21:48:32.417 17688 17898 I AXL : RPC_SCRCREATEOBJECT(124) 2828
03-20 21:48:32.417 17688 17898 I AXL : RPC_SCRCREATEOBJECT(125) 19940
