03-20 21:49:29.403 18846 18846 D SurfaceView: UPDATE null, mIsCastMode = false
03-20 21:49:29.406 18846 18846 D BufferQueueConsumer: [](id:499e00000008,api:0,p:-
1,c:18846) connect: controlledByApp=false
03-20 21:49:29.407 18846 18846 I System.out: systemInit.surfaceCreated
03-20 21:49:29.407 18846 18846 I System.out: Surface changed: 2460, 1080
03-20 21:49:29.410 18846 18846 D VRI[GTASA]: vri.Setup new sync=wmsSync-
VRI[GTASA]#19
03-20 21:49:29.411 18846 18846 D SurfaceView: UPDATE
Surface(name=SurfaceView[com.evolve.roleplay/com.evolve.roleplay.core.GTASA])/
@0x7070314, mIsProjectionMode = false
03-20 21:49:29.412 18846 18846 D Surface : lockCanvas
03-20 21:49:29.438 18846 18846 D BLASTBufferQueue: [VRI[GTASA]#7](f:0,a:1)
acquireNextBufferLocked size=2460x1080 mFrameNumber=1 applyTransaction=true
mTimestamp=20565405924071(auto) mPendingTransactions.size=0
graphicBufferId=80942953660426 transform=0
03-20 21:49:29.438 18846 18846 D VRI[GTASA]: vri.reportDrawFinished
03-20 21:49:29.438 18846 18846 W Looper : PerfMonitor doFrame : time=176ms
vsyncFrame=0 latency=465ms procState=-1 historyMsgCount=19 (msgIndex=1 wall=159ms
seq=138 late=127ms h=android.view.Choreographer$FrameHandler
c=android.view.Choreographer$FrameDisplayEventReceiver) (msgIndex=5 wall=337ms
seq=142 late=276ms h=android.app.ActivityThread$H w=159)
03-20 21:49:30.023 18846 19159 D AAudio : AAudioStream_requestStop(s#2) called
03-20 21:49:30.023 18846 19159 D AAudioStream: setState(s#2) from 4 to 9
03-20 21:49:30.023 18846 19159 D AudioTrack: stop(532): 0xd1cfcc00, prior
state:STATE_ACTIVE
03-20 21:49:30.023 18846 19159 D AudioTrackShared: this(0xd1b75e80),
mCblk(0xd1794000), front(46080), mIsOut 1, interrupt() FUTEX_WAKE
03-20 21:49:30.024 18846 19159 D AudioTrack: stop(532): 0xd1cfcc00 stop done
03-20 21:49:30.246 18846 19161 I System.out: Call from DoResumeEvent
03-20 21:49:30.246 18846 19154 I System.out: lnitEGLAndGLES2
03-20 21:49:30.247 18846 19154 D libMEOW : meow new tls: 0xd19b4280
03-20 21:49:30.247 18846 19154 D libMEOW : applied 1 plugins for
[com.evolve.roleplay]:
03-20 21:49:30.247 18846 19154 D libMEOW : plugin 1: [libMEOW_gift.so]:
0xed340800
03-20 21:49:30.247 18846 19154 D libMEOW : rebuild call chain: 0xd18a2700
03-20 21:49:30.247 18846 19154 I System.out: eglDisplay:
com.google.android.gles_jni.EGLDisplayImpl@ed58740f, errr: 12288
03-20 21:49:30.258 18846 19154 I System.out: EGLInitialize returned: true
03-20 21:49:30.258 18846 19154 I System.out: eglInitialize err: 12288
03-20 21:49:30.258 18846 19154 I System.out: eglChooseConfig err: 12288
03-20 21:49:30.258 18846 19154 I System.out: >>> EGL Config [0] R8G8B8A0 D24S8
03-20 21:49:30.258 18846 19154 I System.out: --------------------------
03-20 21:49:30.258 18846 19154 I System.out: New config chosen: 0
03-20 21:49:30.258 18846 19154 I System.out: setting 0, matches: 69
03-20 21:49:30.258 18846 19154 I System.out: setting 1, matches: 8
03-20 21:49:30.258 18846 19154 I System.out: setting 2, matches: 8
03-20 21:49:30.258 18846 19154 I System.out: setting 3, matches: 8
03-20 21:49:30.258 18846 19154 I System.out: setting 4, matches: 0
03-20 21:49:30.258 18846 19154 I System.out: setting 5, matches: 8
03-20 21:49:30.258 18846 19154 I System.out: setting 6, matches: 24
03-20 21:49:30.258 18846 19154 I System.out: >>> EGL Config [1] R8G8B8A0 D24S8
03-20 21:49:30.258 18846 19154 I System.out: >>> EGL Config [2] R8G8B8A0 D24S8
03-20 21:49:30.258 18846 19154 I System.out: >>> EGL Config [3] R8G8B8A0 D24S8
03-20 21:49:30.258 18846 19154 I System.out: >>> EGL Config [4] R8G8B8A8 D24S0
03-20 21:49:30.258 18846 19154 I System.out: >>> EGL Config [5] R8G8B8A8 D24S8
03-20 21:49:30.258 18846 19154 I System.out: >>> EGL Config [6] R8G8B8A8 D24S8
03-20 21:49:30.258 18846 19154 I System.out: >>> EGL Config [7] R8G8B8A8 D24S8
03-20 21:49:30.258 18846 19154 I System.out: >>> EGL Config [8] R8G8B8A8 D24S8
03-20 21:49:30.258 18846 19154 I System.out: >>> EGL Config [9] R5G6B5A0 D24S0
03-20 21:49:30.258 18846 19154 I System.out: --------------------------
03-20 21:49:30.258 18846 19154 I System.out: New config chosen: 9
03-20 21:49:30.258 18846 19154 I System.out: setting 0, matches: 69
03-20 21:49:30.259 18846 19154 I System.out: setting 1, matches: 5
03-20 21:49:30.259 18846 19154 I System.out: setting 2, matches: 6
03-20 21:49:30.259 18846 19154 I System.out: setting 3, matches: 5
03-20 21:49:30.259 18846 19154 I System.out: setting 4, matches: 0
03-20 21:49:30.259 18846 19154 I System.out: setting 5, matches: 0
03-20 21:49:30.259 18846 19154 I System.out: setting 6, matches: 24
03-20 21:49:30.259 18846 19154 I System.out: >>> EGL Config [10] R5G6B5A0 D24S8
03-20 21:49:30.259 18846 19154 I System.out: >>> EGL Config [11] R5G6B5A0 D24S8
03-20 21:49:30.259 18846 19154 I System.out: >>> EGL Config [12] R5G6B5A0 D24S8
03-20 21:49:30.259 18846 19154 I System.out: >>> EGL Config [13] R5G6B5A0 D24S8
03-20 21:49:30.260 18846 19154 I System.out: eglCreateContext: 12288
03-20 21:49:30.260 18846 19154 I System.out: Should we create a surface?
03-20 21:49:30.260 18846 19154 I System.out: Yes! Calling create surface
03-20 21:49:30.261 18846 19154 I System.out: eglSurface:
com.google.android.gles_jni.EGLSurfaceImpl@f01cc5ef, err: 12288
03-20 21:49:30.261 18846 19154 I System.out: checking glVendor == null?
03-20 21:49:30.261 18846 19154 I System.out: Making current and back
03-20 21:49:30.262 18846 19154 E linker : library "/system_ext/lib64/libmigl.so"
("/system_ext/lib64/libmigl.so") needed or dlopened by "/system/lib/libEGL.so" is
not accessible for the namespace: [name="(default)", ld_library_paths="",
default_library_paths="/system/lib:/system_ext/lib",
permitted_paths="/system/lib/drm:/system/lib/extractors:/system/lib/hw:/
system_ext/lib:/system/framework:/system/app:/system/priv-app:/system_ext/
framework:/system_ext/app:/system_ext/priv-app:/vendor/framework:/vendor/app:/
vendor/priv-app:/system/vendor/framework:/system/vendor/app:/system/vendor/priv-
app:/odm/framework:/odm/app:/odm/priv-app:/oem/app:/product/framework:/product/
app:/product/priv-app:/data:/mnt/expand:/apex/com.android.runtime/lib/bionic:/
system/lib/bootstrap"]
03-20 21:49:30.262 18846 19154 E libEGL : open /system_ext/lib64/libmigl.so
failed! dlopen - dlopen failed: library "/system_ext/lib64/libmigl.so" needed or
dlopened by "/system/lib/libEGL.so" is not accessible for the namespace "(default)"
03-20 21:49:30.263 18846 19154 I System.out: Vendor: ARM
03-20 21:49:30.263 18846 19154 I System.out: Extensions GL_EXT_debug_marker
GL_ARM_rgba8 GL_ARM_mali_shader_binary GL_OES_depth24 GL_OES_depth_texture
GL_OES_depth_texture_cube_map GL_OES_packed_depth_stencil GL_OES_rgb8_rgba8
GL_EXT_read_format_bgra GL_OES_compressed_paletted_texture
GL_OES_compressed_ETC1_RGB8_texture GL_OES_standard_derivatives GL_OES_EGL_image
GL_OES_EGL_image_external GL_OES_EGL_image_external_essl3 GL_OES_EGL_sync
GL_OES_texture_npot GL_OES_vertex_half_float GL_OES_required_internalformat
GL_OES_vertex_array_object GL_OES_mapbuffer GL_EXT_texture_format_BGRA8888
GL_EXT_texture_rg GL_EXT_texture_type_2_10_10_10_REV GL_OES_fbo_render_mipmap
GL_OES_element_index_uint GL_EXT_shadow_samplers GL_OES_texture_compression_astc
GL_KHR_texture_compression_astc_ldr GL_KHR_texture_compression_astc_hdr
GL_KHR_texture_compression_astc_sliced_3d
GL_EXT_texture_compression_astc_decode_mode
GL_EXT_texture_compression_astc_decode_mode_rgb9e5 GL_KHR_debug
GL_EXT_occlusion_query_boolean GL_EXT_disjoint_timer_query GL_EXT_blend_minmax
GL_EXT_discard_framebuffer GL_OES_get_program_binary GL_OES_texture_3D
GL_EXT_texture_storage GL_EXT_multisampled_render_to_texture
GL_EXT_multisampled_render_to_texture2 GL_OES_surfaceless_context
GL_OES_texture_stencil8 GL_EXT_shader_pixel_local_storage
GL_ARM_shader_framebuffer_fetch GL_ARM_shader_framebuffer_fetch_depth_stencil
GL_ARM_mali_program_binary GL_EXT_sRGB GL_EXT_sRGB_write_control
GL_EXT_texture_sRGB_decode GL_EXT_texture_sRGB_R8 GL_EXT_texture_sRGB_RG8
GL_KHR_blend_equation_advanced GL_KHR_blend_equation_advanced_coherent
GL_OES_texture_storage_multisample_2d_array GL_OES_shader_image_atomic
GL_EXT_robustness GL_EXT_draw_buffers_indexed GL_OES_draw_buffers_indexed
GL_EXT_texture_border_clamp GL_OES_texture_border_clamp
GL_EXT_texture_cube_map_array GL_OES_texture_cube_map_array GL_OES_sample_variables
GL_OES_sample_shading GL_OES_shader_multisample_interpolation
GL_EXT_shader_io_blocks GL_OES_shader_io_blocks GL_EXT_tessellation_shader
GL_OES_tessellation_shader GL_EXT_primitive_bounding_box
GL_OES_primitive_bounding_box GL_EXT_geometry_shader GL_OES_geometry_shader
GL_ANDROID_extension_pack_es31a GL_EXT_gpu_shader5 GL_OES_gpu_shader5
GL_EXT_texture_buffer GL_OES_texture_buffer GL_EXT_copy_image GL_OES_copy_image
GL_EXT_shader_non_constant_global_initializers GL_EXT_color_buffer_half_float
GL_EXT_unpack_subimage GL_EXT_color_buffer_float GL_EXT_YUV_target GL_OVR_multiview
GL_OVR_multiview2 GL_OVR_multiview_multisampled_render_to_texture GL_KHR_robustness
GL_KHR_robust_buffer_access_behavior GL_EXT_draw_elements_base_vertex
GL_OES_draw_elements_base_vertex GL_EXT_protected_textures GL_EXT_buffer_storage
GL_EXT_external_buffer GL_EXT_EGL_image_array GL_EXT_texture_filter_anisotropic
GL_ARM_texture_unnormalized_coordinates GL_EXT_shader_framebuffer_fetch
03-20 21:49:30.263 18846 19154 I System.out: Renderer: Mali-G52 MC2
03-20 21:49:30.263 18846 19154 I System.out: GIVersion: OpenGL ES 3.2 v1.r32p1-
01eac0.52688e0652bc37eab85ce86c674ab12f
03-20 21:49:30.263 18846 19154 I System.out: Done create EGL surface
03-20 21:49:30.263 18846 19154 I System.out: Done creating surface
03-20 21:49:30.263 18846 18846 W NVEvent : type=1400 audit(0.0:20454): avc: denied
{ read } for name="config.gz" dev="proc" ino=4026532247
scontext=u:r:untrusted_app_27:s0:c36,c256,c512,c768
tcontext=u:object_r:config_gz:s0 tclass=file permissive=0 app=com.evolve.roleplay
03-20 21:49:30.265 18846 19154 I System.out: Build info version device heat
03-20 21:49:30.265 18846 19154 I System.out: Build MANUFACTURER Xiaomi
03-20 21:49:30.265 18846 19154 I System.out: Build BOARD heat
03-20 21:49:30.265 18846 19154 I System.out: Build DISPLAY UP1A.231005.007
03-20 21:49:30.265 18846 19154 I System.out: Build CPU_ABI armeabi-v7a
03-20 21:49:30.265 18846 19154 I System.out: Build CPU_ABI2 armeabi
03-20 21:49:30.265 18846 19154 I System.out: Build HARDWARE mt6768
03-20 21:49:30.265 18846 19154 I System.out: Build MODEL 23053RN02Y
03-20 21:49:30.265 18846 19154 I System.out: Build PRODUCT heat_eea
03-20 21:49:30.265 18846 19154 I System.out: **** IsPhone
03-20 21:49:30.265 18846 19154 I System.out: **** GetAndroidBuildinfo
03-20 21:49:30.265 18846 19154 I System.out: **** GetAndroidBuildinfo
03-20 21:49:30.265 18846 19154 I System.out: Build info version device heat
03-20 21:49:30.265 18846 19154 I System.out: Build MANUFACTURER Xiaomi
03-20 21:49:30.265 18846 19154 I System.out: Build BOARD heat
03-20 21:49:30.265 18846 19154 I System.out: Build DISPLAY UP1A.231005.007
03-20 21:49:30.265 18846 19154 I System.out: Build CPU_ABI armeabi-v7a
03-20 21:49:30.265 18846 19154 I System.out: Build CPU_ABI2 armeabi
03-20 21:49:30.265 18846 19154 I System.out: Build HARDWARE mt6768
03-20 21:49:30.265 18846 19154 I System.out: Build MODEL 23053RN02Y
03-20 21:49:30.265 18846 19154 I System.out: Build PRODUCT heat_eea
03-20 21:49:30.265 18846 19154 I System.out: **** IsPhone
03-20 21:49:30.266 18846 19154 I System.out: **** FileGetArchiveName
03-20 21:49:30.266 18846 19154 I AXL : NvFOpen:
03-20 21:49:30.267 18846 19154 I AXL : NvFOpen: .idx
03-20 21:49:30.267 18846 19154 I System.out: **** FileGetArchiveName
03-20 21:49:30.267 18846 19154 I AXL : NvFOpen:
03-20 21:49:30.268 18846 19154 I AXL : NvFOpen: .idx
03-20 21:49:30.268 18846 19154 I System.out: **** GetDeviceLocale
03-20 21:49:30.268 18846 19154 I AXL : NvFOpen: TEXT/AMERICAN.GXT
03-20 21:49:30.268 18846 19175 D OSWrapper: AttachCurrentThread: 0, 0x0xc10f4500
03-20 21:49:30.275 18846 19154 I AXL : NvFOpen: gta_sa.set
03-20 21:49:30.276 18846 19154 I AXL : NvFOpen: TEXT/RUSSIAN.GXT
03-20 21:49:30.279 18846 19154 I AXL : NvFOpen: gtasatelem.set
03-20 21:49:30.281 18846 19176 D OSWrapper: AttachCurrentThread: 0, 0x0xc10f4700
03-20 21:49:30.281 18846 19176 D libMEOW : meow new tls: 0xab518200
03-20 21:49:30.282 18846 19176 D libMEOW : applied 1 plugins for
[com.evolve.roleplay]:
03-20 21:49:30.282 18846 19176 D libMEOW : plugin 1: [libMEOW_gift.so]:
0xed340800
03-20 21:49:30.282 18846 19176 D libMEOW : rebuild call chain: 0xab520e80
03-20 21:49:30.283 18846 19154 I AXL : Loading "samp" cd..
03-20 21:49:30.283 18846 19154 I AXL : NvFOpen: models/coll/peds.col
03-20 21:49:30.285 18846 19154 I AXL : NvFOpen: texdb/mobile/mobile.txt
03-20 21:49:30.287 18846 19154 I AXL : NvFOpen: texdb/mobile/mobile.etc.tmb
03-20 21:49:30.289 18846 19154 I AXL : NvFOpen: texdb/mobile/mobile.etc.dat
03-20 21:49:30.289 18846 19154 I AXL : NvFOpen: texdb/mobile/mobile.etc.toc
03-20 21:49:30.298 18846 19154 I AXL : NvFOpen: texdb/txd/txd.txt
03-20 21:49:30.300 18846 19154 I AXL : NvFOpen: texdb/txd/txd.etc.tmb
03-20 21:49:30.302 18846 19154 I AXL : NvFOpen: texdb/txd/txd.etc.dat
03-20 21:49:30.303 18846 19154 I AXL : NvFOpen: texdb/txd/txd.etc.toc
03-20 21:49:30.305 18846 19154 I AXL : NvFOpen: texdb/gta3/gta3.txt
03-20 21:49:30.331 18846 19154 I AXL : NvFOpen: texdb/gta3/gta3.etc.tmb
03-20 21:49:30.337 18846 19154 I AXL : NvFOpen: texdb/gta3/gta3.etc.dat
03-20 21:49:30.338 18846 19154 I AXL : NvFOpen: texdb/gta3/gta3.etc.toc
03-20 21:49:30.345 18846 19154 I AXL : NvFOpen: texdb/gta_int/gta_int.txt
03-20 21:49:30.351 18846 19154 I AXL : NvFOpen: texdb/gta_int/gta_int.etc.tmb
03-20 21:49:30.353 18846 19154 I AXL : NvFOpen: texdb/gta_int/gta_int.etc.dat
03-20 21:49:30.354 18846 19154 I AXL : NvFOpen: texdb/gta_int/gta_int.etc.toc
03-20 21:49:30.356 18846 19154 I AXL : NvFOpen: texdb/cutscene/cutscene.txt
03-20 21:49:30.358 18846 19154 I AXL : NvFOpen: texdb/cutscene/cutscene.etc.tmb
03-20 21:49:30.360 18846 19154 I AXL : NvFOpen: texdb/cutscene/cutscene.etc.dat
03-20 21:49:30.361 18846 19154 I AXL : NvFOpen: texdb/cutscene/cutscene.etc.toc
03-20 21:49:30.362 18846 19154 I AXL : NvFOpen: texdb/player/player.txt
03-20 21:49:30.364 18846 19154 I AXL : NvFOpen: texdb/player/player.pvr.tmb
03-20 21:49:30.366 18846 19154 I AXL : NvFOpen: texdb/player/player.pvr.dat
03-20 21:49:30.367 18846 19154 I AXL : NvFOpen: texdb/player/player.pvr.toc
03-20 21:49:30.368 18846 19154 I AXL : NvFOpen: texdb/menu/menu.txt
03-20 21:49:30.370 18846 19154 I AXL : NvFOpen: texdb/menu/menu.pvr.tmb
03-20 21:49:30.371 18846 19154 I AXL : NvFOpen: texdb/menu/menu.pvr.dat
03-20 21:49:30.372 18846 19154 I AXL : NvFOpen: texdb/menu/menu.pvr.toc
03-20 21:49:30.413 18846 19154 I AXL : NvFOpen: Textures/Fonts/RussianFont.met
03-20 21:49:30.420 18846 19154 I AXL : NvFOpen: Textures/Fonts/RussianFont.png
03-20 21:49:30.490 18846 19154 I AXL : NvFOpen: DATA/FONTS.DAT
03-20 21:49:30.492 18846 19154 I AXL : NvFOpen: texdb/samp/samp.txt
03-20 21:49:30.497 18846 19154 I AXL : NvFOpen: texdb/samp/samp.etc.tmb
03-20 21:49:30.499 18846 19154 I AXL : NvFOpen: texdb/samp/samp.etc.dat
03-20 21:49:30.500 18846 19154 I AXL : NvFOpen: texdb/samp/samp.etc.toc
03-20 21:49:30.503 18846 19177 D OSWrapper: AttachCurrentThread: 0, 0x0xcf55bf80
03-20 21:49:30.503 18846 19177 I AXL : NvFOpen: TEXT/RUSSIAN.GXT
03-20 21:49:30.508 18846 19177 I AXL : NvFOpen:
data/TouchDefaultPhoneWidescreen.cfg
03-20 21:49:30.516 18846 19177 I AXL : NvFOpen: Adjustable.cfg
03-20 21:49:30.518 18846 19177 I AXL : NvFOpen: data/ShopUVs.dat
03-20 21:49:30.539 18846 19177 I AXL : NvFOpen: DATA/HANDLING.CFG
03-20 21:49:30.553 18846 19177 I AXL : NvFOpen: data/surface.dat
03-20 21:49:30.555 18846 19177 I AXL : NvFOpen: data/surfinfo.dat
03-20 21:49:30.562 18846 19177 I AXL : NvFOpen: data/surfaud.dat
03-20 21:49:30.566 18846 19177 I AXL : NvFOpen: DATA/PEDSTATS.DAT
03-20 21:49:30.570 18846 19177 I AXL : NvFOpen: data/decision/PedEvent.txt
03-20 21:49:30.573 18846 19177 I AXL : NvFOpen:
data/decision/allowed/RANDOM.ped
03-20 21:49:30.575 18846 19177 I AXL : NvFOpen:
data/decision/allowed/m_norm.ped
03-20 21:49:30.577 18846 19177 I AXL : NvFOpen:
data/decision/allowed/m_plyr.ped
03-20 21:49:30.578 18846 19177 I AXL : NvFOpen:
data/decision/allowed/RANDOM.grp
03-20 21:49:30.581 18846 19177 I AXL : NvFOpen:
data/decision/allowed/MISSION.grp
03-20 21:49:30.582 18846 19177 I AXL : NvFOpen:
data/decision/allowed/GangMbr.ped
03-20 21:49:30.584 18846 19177 I AXL : NvFOpen: data/decision/allowed/Cop.ped
03-20 21:49:30.586 18846 19177 I AXL : NvFOpen:
data/decision/allowed/R_Norm.ped
03-20 21:49:30.588 18846 19177 I AXL : NvFOpen:
data/decision/allowed/R_Tough.ped
03-20 21:49:30.590 18846 19177 I AXL : NvFOpen:
data/decision/allowed/R_Weak.ped
03-20 21:49:30.592 18846 19177 I AXL : NvFOpen:
data/decision/allowed/Fireman.ped
03-20 21:49:30.594 18846 19177 I AXL : NvFOpen:
data/decision/allowed/m_empty.ped
03-20 21:49:30.596 18846 19177 I AXL : NvFOpen:
data/decision/allowed/Indoors.ped
03-20 21:49:30.597 18846 19177 I AXL : NvFOpen:
data/decision/allowed/RANDOM.grp
03-20 21:49:30.599 18846 19177 I AXL : NvFOpen:
data/decision/allowed/RANDOM2.grp
03-20 21:49:30.601 18846 19177 I AXL : NvFOpen: DATA/TIMECYC.DAT
03-20 21:49:30.612 18846 19177 I AXL : NvFOpen: data/colorcycle.dat
03-20 21:49:30.616 18846 19177 I AXL : NvFOpen: DATA/POPCYCLE.DAT
03-20 21:49:30.631 18846 19177 I AXL : NvFOpen: AUDIO/CONFIG/BANKSLOT.DAT
03-20 21:49:30.632 18846 19188 D OSWrapper: AttachCurrentThread: 0, 0x0xbfaa1e80
03-20 21:49:30.642 18846 19177 I AXL : NvFOpen: AUDIO/CONFIG/BANKLKUP.DAT
03-20 21:49:30.645 18846 19177 I AXL : NvFOpen: AUDIO/CONFIG/PAKFILES.DAT
03-20 21:49:30.647 18846 19177 I AXL : NvFOpen: AUDIO/SFX/FEET.osw
03-20 21:49:30.650 18846 19177 I AXL : NvFOpen: AUDIO/SFX/FEET.osw.idx
03-20 21:49:30.653 18846 19177 I AXL : NvFOpen: AUDIO/SFX/GENRL.osw
03-20 21:49:30.655 18846 19177 I AXL : NvFOpen: AUDIO/SFX/GENRL.osw.idx
03-20 21:49:30.660 18846 19177 I AXL : NvFOpen: AUDIO/SFX/PAIN_A.osw
03-20 21:49:30.662 18846 19177 I AXL : NvFOpen: AUDIO/SFX/PAIN_A.osw.idx
03-20 21:49:30.664 18846 19177 I AXL : NvFOpen: AUDIO/SFX/SCRIPT.osw
03-20 21:49:30.665 18846 19177 I AXL : NvFOpen: AUDIO/SFX/SPC_EA.osw
03-20 21:49:30.665 18846 19177 I AXL : NvFOpen: AUDIO/SFX/SPC_FA.osw
03-20 21:49:30.666 18846 19177 I AXL : NvFOpen: AUDIO/SFX/SPC_GA.osw
03-20 21:49:30.666 18846 19177 I AXL : NvFOpen: AUDIO/SFX/SPC_NA.osw
03-20 21:49:30.666 18846 19177 I AXL : NvFOpen: AUDIO/SFX/SPC_PA.osw
03-20 21:49:30.667 18846 19177 I AXL : NvFOpen: AUDIO/CONFIG/SOUNDINF.DAT
03-20 21:49:30.668 18846 19177 I AXL : NvFOpen: AUDIO/CONFIG/STRMPAKS.DAT
03-20 21:49:30.670 18846 19177 I AXL : NvFOpen: AUDIO/CONFIG/TRAKLKUP.DAT
03-20 21:49:30.672 18846 19177 I AXL : NvFOpen: AUDIO/CONFIG/TRKHEAD.DAT
03-20 21:49:30.674 18846 19177 D evolve.roleplay: PlayerBase::PlayerBase()
03-20 21:49:30.675 18846 19177 D evolve.roleplay:
TrackPlayerBase::TrackPlayerBase()
03-20 21:49:30.675 18846 19177 I libOpenSLES: Emulating old channel mask behavior
(ignoring positional mask 0x3, using default mask 0x3 based on channel count of 2)
03-20 21:49:30.675 18846 19177 D AudioTrack: INSP:
type=audio,case=1,set=0xcf417200,stream_type=-
1,sample_rate=44100,format=0x1,channel_mask=0x3,frame_count=0,flags=0x104,notificat
ion_frames=-2,session_id=2513,transfer_type=0,uid=-1,pid=-1
03-20 21:49:30.675 18846 19177 D AudioTrack: INSP:
type=audio,case=1,attributes=1,content_type=0,usage=1,source=0,flags=0x100
03-20 21:49:30.675 18846 19177 D AudioTrackStub: AudioTrackStub() create
03-20 21:49:30.676 18846 19177 I AudioTrackImpl: initAudioTrackImpl()
03-20 21:49:30.679 18846 19177 D AudioTrack: set: mPowerTrackStatus=0
03-20 21:49:30.691 18846 19177 D AudioTrack: createTrack_l(533): 0xcf417200, mCblk
= 0xa8563000, mLatency = 101, mAfLatency = 53, frameCount = 2127, mSampleRate =
44100, mFlags = 0, mReqFrameCount = 2127, mNotificationFramesAct = 709
03-20 21:49:30.694 18846 19177 I OpenAL_alSource.c: AL lib: (EE)
UpdateDeviceParams: Failed to set 22050hz, got 44100hz instead
03-20 21:49:30.695 18846 19177 D AudioTrack: start(533): 0xcf417200, prior
state:STATE_STOPPED
03-20 21:49:30.709 18846 19177 I AXL : NvFOpen: AUDIO/CONFIG/STRMPAKS.DAT
03-20 21:49:30.710 18846 19196 D OSWrapper: AttachCurrentThread: 0, 0x0xa868e080
03-20 21:49:30.713 18846 19177 I AXL : NvFOpen: AUDIO/CONFIG/TRAKLKUP.DAT
03-20 21:49:30.716 18846 19177 I AXL : NvFOpen: AUDIO/CONFIG/TRKHEAD.DAT
03-20 21:49:30.723 18846 19177 I AXL : NvFOpen: AUDIO/CONFIG/EVENTVOL.DAT
03-20 21:49:30.727 18846 19188 I AXL : NvFOpen: AUDIO/SFX/GENRL.osw
03-20 21:49:30.735 18846 19188 I AXL : NvFOpen: AUDIO/SFX/GENRL.osw
03-20 21:49:30.742 18846 19188 I AXL : NvFOpen: AUDIO/SFX/GENRL.osw
03-20 21:49:30.747 18846 19188 I AXL : NvFOpen: AUDIO/SFX/GENRL.osw
03-20 21:49:30.759 18846 19188 I AXL : NvFOpen: AUDIO/SFX/GENRL.osw
03-20 21:49:30.769 18846 19188 I AXL : NvFOpen: AUDIO/SFX/GENRL.osw
03-20 21:49:30.773 18846 19188 I AXL : NvFOpen: AUDIO/SFX/GENRL.osw
03-20 21:49:30.781 18846 19188 I AXL : NvFOpen: AUDIO/SFX/GENRL.osw
03-20 21:49:30.784 18846 19188 I AXL : NvFOpen: AUDIO/SFX/GENRL.osw
03-20 21:49:30.830 18846 19177 I AXL : NvFOpen: GTASAsf10.b
03-20 21:49:30.831 18846 19177 I AXL : Creating "MultiPlayer" button.. (struct:
0xA867DF9C)
03-20 21:49:30.840 18846 19188 I AXL : NvFOpen: AUDIO/SFX/GENRL.osw
03-20 21:49:30.848 18846 19177 I AXL : NvFOpen: scache.txt
03-20 21:49:30.850 18846 19176 D hw-ProcessState: Binder ioctl to enable oneway
spam detection failed: Invalid argument
03-20 21:49:30.858 18846 19176 E libEGL : pre_cache appList: ,,,,,,
03-20 21:49:30.863 18846 19188 I AXL : NvFOpen: AUDIO/SFX/GENRL.osw
03-20 21:49:30.876 18846 19188 I AXL : NvFOpen: AUDIO/SFX/GENRL.osw
03-20 21:49:30.879 18846 19176 I System.out: swapBuffer wait
03-20 21:49:30.879 18846 19177 I AXL : CGame: InitInMenu
03-20 21:49:30.879 18846 19177 I AXL : Installing patches..
03-20 21:49:30.882 18846 19177 I AXL : SetUpHook: 0xACEF69B0 -> 0xAC8F8AB1
03-20 21:49:30.882 18846 19177 I AXL : SetUpHook: 0xACEF5338 -> 0xAC8F8A41
03-20 21:49:30.882 18846 19177 I AXL : SetUpHook: 0xACEF6178 -> 0xAC8F8A75
03-20 21:49:30.882 18846 19177 I AXL : SetUpHook: 0xAD041784 -> 0xAC8FD1D9
03-20 21:49:30.882 18846 19177 I AXL : SetUpHook: 0xAD0417A0 -> 0xAC8FD23D
03-20 21:49:30.882 18846 19177 I AXL : SetUpHook: 0xACF1B47C -> 0xAC8FD275
03-20 21:49:30.882 18846 19177 I AXL : SetUpHook: 0xACFA9528 -> 0xAC8FCE61
03-20 21:49:30.882 18846 19177 I AXL : SetUpHook: 0xAD1E89D8 -> 0xAC8FD0A1
03-20 21:49:30.882 18846 19177 I AXL : SetUpHook: 0xAD1D49AC -> 0xAC8FC099
03-20 21:49:30.882 18846 19177 I AXL : SetUpHook: 0xAD0EF6AC -> 0xAC8FD165
03-20 21:49:30.882 18846 19177 I AXL : SetUpHook: 0xACF03398 -> 0xAC8FA939
03-20 21:49:30.882 18846 19177 I AXL : SetUpHook: 0xAD059CA8 -> 0xAC8F8CE9
03-20 21:49:30.883 18846 19177 I AXL : SetUpHook: 0xAD01CEF4 -> 0xAC8F88C9
03-20 21:49:30.883 18846 19177 I AXL : SetUpHook: 0xAD01D098 -> 0xAC8F8A05
03-20 21:49:30.883 18846 19177 I AXL : SetUpHook: 0xACEBBD5C -> 0xAC8F8D81
03-20 21:49:30.883 18846 19177 I AXL : SetUpHook: 0xACF1083C -> 0xAC8F8F4D
03-20 21:49:30.883 18846 19177 I AXL : SetUpHook: 0xACFB8690 -> 0xAC8F907D
03-20 21:49:30.883 18846 19177 I AXL : SetUpHook: 0xAD05DA88 -> 0xAC8F9109
03-20 21:49:30.883 18846 19177 I AXL : SetUpHook: 0xAD05CF84 -> 0xAC8F910D
03-20 21:49:30.883 18846 19177 I AXL : SetUpHook: 0xAD0609A8 -> 0xAC8F9299
03-20 21:49:30.883 18846 19177 I AXL : SetUpHook: 0xAD0490C0 -> 0xAC8FC911
03-20 21:49:30.883 18846 19177 I AXL : SetUpHook: 0xAD104E60 -> 0xAC8F93C1
03-20 21:49:30.883 18846 19177 I AXL : SetUpHook: 0xAD1053CC -> 0xAC8F93F1
03-20 21:49:30.883 18846 19177 I AXL : CodeInject: 0xACF5B9F4 -> 0xac8f92fd
(register: r1)
03-20 21:49:30.883 18846 19177 I AXL : SetUpHook: 0xACFB8268 -> 0xAC8F9BA5
03-20 21:49:30.883 18846 19177 I AXL : SetUpHook: 0xAD1E9964 -> 0xAC8FC6C5
03-20 21:49:30.883 18846 19177 I AXL : SetUpHook: 0xAD1E868C -> 0xAC8FC7E9
03-20 21:49:30.883 18846 19177 I AXL : SetUpHook: 0xACFB8618 -> 0xAC8F9C29
03-20 21:49:30.884 18846 19177 I AXL : SetUpHook: 0xAD082390 -> 0xAC8F9CD9
03-20 21:49:30.884 18846 19177 I AXL : SetUpHook: 0xAD19EEF4 -> 0xAC8F9CE5
03-20 21:49:30.884 18846 19177 I AXL : SetUpHook: 0xACFBFFF4 -> 0xAC8F9CF5
03-20 21:49:30.884 18846 19177 I AXL : SetUpHook: 0xACF10B10 -> 0xAC8F9D89
03-20 21:49:30.884 18846 19177 I AXL : SetUpHook: 0xACFBFA5C -> 0xAC8F9B45
03-20 21:49:30.884 18846 19177 I AXL : SetUpHook: 0xAD1B3118 -> 0xAC8F9B59
03-20 21:49:30.884 18846 19177 I AXL : SetUpHook: 0xACE30CC0 -> 0xAC8F9B2D
03-20 21:49:30.884 18846 19177 I AXL : SetUpHook: 0xACF61D30 -> 0xAC8F9B6D
03-20 21:49:30.884 18846 19177 I AXL : SetUpHook: 0xACFBCD78 -> 0xAC8F9B85
03-20 21:49:30.884 18846 19177 I AXL : SetUpHook: 0xAD192B08 -> 0xAC8FCD19
03-20 21:49:30.884 18846 19177 I AXL : SetUpHook: 0xAD057894 -> 0xAC8F9D95
03-20 21:49:30.884 18846 19177 I AXL : SetUpHook: 0xACEF8510 -> 0xAC8F9EED
03-20 21:49:30.884 18846 19177 I AXL : SetUpHook: 0xAD043BF8 -> 0xAC8FA02D
03-20 21:49:30.884 18846 19177 I AXL : SetUpHook: 0xAD017994 -> 0xAC8FA0B5
03-20 21:49:30.884 18846 19177 I AXL : SetUpHook: 0xAD013E20 -> 0xAC8FA229
03-20 21:49:30.885 18846 19177 I AXL : SetUpHook: 0xACEDA910 -> 0xAC8FA7A9
03-20 21:49:30.885 18846 19177 I AXL : SetUpHook: 0xAD02E114 -> 0xAC8FA7DD
03-20 21:49:30.885 18846 19177 I AXL : SetUpHook: 0xACFB7CC0 -> 0xAC8FA885
03-20 21:49:30.885 18846 19177 I AXL : SetUpHook: 0xACE3E314 -> 0xAC8FA955
03-20 21:49:30.885 18846 19177 I AXL : SetUpHook: 0xACE2A530 -> 0xAC8FAA29
03-20 21:49:30.885 18846 19177 I AXL : SetUpHook: 0xACE3BD74 -> 0xAC8FAAAD
03-20 21:49:30.885 18846 19177 I AXL : SetUpHook: 0xACFBACBC -> 0xAC8FABC5
03-20 21:49:30.885 18846 19177 I AXL : SetUpHook: 0xAD18FEF4 -> 0xAC8FAC51
03-20 21:49:30.885 18846 19177 I AXL : SetUpHook: 0xAD01A6CC -> 0xAC8FAD25
03-20 21:49:30.885 18846 19177 I AXL : SetUpHook: 0xAD033778 -> 0xAC8FAFBD
03-20 21:49:30.885 18846 19177 I AXL : SetUpHook: 0xAD156A6C -> 0xAC8FAFD5
03-20 21:49:30.885 18846 19177 I AXL : SetUpHook: 0xAD01A334 -> 0xAC8FB09D
03-20 21:49:30.885 18846 19177 I AXL : SetUpHook: 0xAD1C86EC -> 0xAC8FB14D
03-20 21:49:30.885 18846 19177 I AXL : SetUpHook: 0xAD19AEC4 -> 0xAC8FB399
03-20 21:49:30.885 18846 19177 I AXL : SetUpHook: 0xAD16871C -> 0xAC8FB6A9
03-20 21:49:30.885 18846 19177 I AXL : SetUpHook: 0xAD15E6E8 -> 0xAC8FB685
03-20 21:49:30.885 18846 19177 I AXL : SetUpHook: 0xAD06AD48 -> 0xAC8FB4C9
03-20 21:49:30.885 18846 19177 I AXL : SetUpHook: 0xAD06A884 -> 0xAC8FB615
03-20 21:49:30.885 18846 19177 I AXL : SetUpHook: 0xAD0EEEF4 -> 0xAC8FB795
03-20 21:49:30.886 18846 19177 I AXL : SetUpHook: 0xAD05C86C -> 0xAC8FB7B9
03-20 21:49:30.886 18846 19177 I AXL : SetUpHook: 0xAD1D49FC -> 0xAC8FB82D
03-20 21:49:30.886 18846 19177 I AXL : SetUpHook: 0xAD1B73B4 -> 0xAC8FBB71
03-20 21:49:30.886 18846 19177 I AXL : SetUpHook: 0xAD1D465C -> 0xAC8FBE31
03-20 21:49:30.886 18846 19177 I AXL : SetUpHook: 0xACEFF8A8 -> 0xAC8FBB45
03-20 21:49:30.892 18846 19177 I AXL : SetUpHook: 0xACEFEE88 -> 0xAC8FC119
03-20 21:49:30.892 18846 19177 I AXL : SetUpHook: 0xAD00BD74 -> 0xAC8FC301
03-20 21:49:30.892 18846 19177 I AXL : SetUpHook: 0xAD01FC68 -> 0xAC8FC539
03-20 21:49:30.892 18846 19177 I AXL : SetUpHook: 0xACF9D164 -> 0xAC8FC659
03-20 21:49:30.892 18846 19177 I AXL : SetUpHook: 0xAD0BC17C -> 0xAC8FC695
03-20 21:49:30.892 18846 19177 I AXL : SetUpHook: 0xACE33808 -> 0xAC8FD1A1
03-20 21:49:30.892 18846 19177 I AXL : SetUpHook: 0xACE66AE4 -> 0xAC8FD1B5
03-20 21:49:30.893 18846 19177 I AXL : SetUpHook: 0xAD0DC280 -> 0xAC9025AD
03-20 21:49:30.893 18846 19177 I AXL : SetUpHook: 0xAD01F08C -> 0xAC901B75
03-20 21:49:30.893 18846 19177 I AXL : SetUpHook: 0xAD01F110 -> 0xAC901BE1
03-20 21:49:30.893 18846 19177 I AXL : SetUpHook: 0xAD01F54C -> 0xAC902241
03-20 21:49:30.893 18846 19177 I AXL : SetUpHook: 0xAD01F528 -> 0xAC9022DD
03-20 21:49:30.893 18846 19177 I AXL : SetUpHook: 0xAD01F344 -> 0xAC902379
03-20 21:49:30.893 18846 19177 I AXL : SetUpHook: 0xAD01F368 -> 0xAC9023F1
03-20 21:49:30.893 18846 19177 I AXL : SetUpHook: 0xAD020AA4 -> 0xAC901C4D
03-20 21:49:30.893 18846 19177 I AXL : SetUpHook: 0xAD0209B8 -> 0xAC901CA1
03-20 21:49:30.893 18846 19177 I AXL : SetUpHook: 0xAD02096C -> 0xAC901D1D
03-20 21:49:30.893 18846 19177 I AXL : SetUpHook: 0xAD020824 -> 0xAC901D85
03-20 21:49:30.893 18846 19177 I AXL : SetUpHook: 0xAD0208C0 -> 0xAC901DD9
03-20 21:49:30.893 18846 19177 I AXL : SetUpHook: 0xAD020A0C -> 0xAC901E2D
03-20 21:49:30.893 18846 19177 I AXL : SetUpHook: 0xAD020A4C -> 0xAC901E81
03-20 21:49:30.893 18846 19177 I AXL : SetUpHook: 0xAD01FD9C -> 0xAC901F05
03-20 21:49:30.893 18846 19177 I AXL : SetUpHook: 0xAD020038 -> 0xAC902955
03-20 21:49:30.893 18846 19177 I AXL : SetUpHook: 0xAD020498 -> 0xAC902A39
03-20 21:49:30.893 18846 19177 I AXL : SetUpHook: 0xAD020418 -> 0xAC902A01
03-20 21:49:30.893 18846 19177 I AXL : SetUpHook: 0xAD143748 -> 0xAC9029E1
03-20 21:49:30.893 18846 19177 I AXL : SetUpHook: 0xAD0207B0 -> 0xAC901ED9
03-20 21:49:30.893 18846 19177 I AXL : SetUpHook: 0xAD01FB50 -> 0xAC901F79
03-20 21:49:30.893 18846 19177 I AXL : SetUpHook: 0xAD01E9E4 -> 0xAC901FC9
03-20 21:49:30.893 18846 19177 I AXL : SetUpHook: 0xAD01EBF0 -> 0xAC90200D
03-20 21:49:30.894 18846 19177 I AXL : SetUpHook: 0xAD01FB7C -> 0xAC902049
03-20 21:49:30.894 18846 19177 I AXL : SetUpHook: 0xAD01F938 -> 0xAC902111
03-20 21:49:30.894 18846 19177 I AXL : SetUpHook: 0xAD01F754 -> 0xAC902159
03-20 21:49:30.894 18846 19177 I AXL : SetUpHook: 0xAD01F4F8 -> 0xAC902469
03-20 21:49:30.894 18846 19177 I AXL : SetUpHook: 0xAD01F4C8 -> 0xAC9021A1
03-20 21:49:30.894 18846 19177 I AXL : SetUpHook: 0xAD01FA1C -> 0xAC902555
03-20 21:49:30.894 18846 19177 I AXL : SetUpHook: 0xAD01FD30 -> 0xAC902C75
03-20 21:49:30.894 18846 19177 I AXL : GUI | Display size: 2460.000000,
1080.000000
03-20 21:49:30.894 18846 19177 I AXL : GUI | Scale factor: 1.281250, 1.000000
Font size: 30.000000
03-20 21:49:30.894 18846 19177 I AXL : GUI | Loading font: visby-round-cf-
extra-bold.ttf
03-20 21:49:30.894 18846 19188 I AXL : NvFOpen: AUDIO/SFX/GENRL.osw
03-20 21:49:30.898 18846 19177 I AXL : GUI | ImFont pointer = 0xA96A17E0
03-20 21:49:30.901 18846 19177 I AXL : Error: Texture (splash_icon) not found
in database (txd)
03-20 21:49:30.902 18846 19177 I AXL : Error: Texture (radardisc_r) not found
in database (samp)
03-20 21:49:30.902 18846 19177 I AXL : Initalizing KeyBoard..
03-20 21:49:30.902 18846 19177 I AXL : Size: 2460.000000, 594.000000. Pos:
0.000000, 486.000000
03-20 21:49:30.902 18846 19177 I AXL : font size: 70.000000. Key's height:
118.800003
03-20 21:49:30.902 18846 19177 I AXL : Initalizing KeyBoardHistory..
03-20 21:49:30.902 18846 19177 I AXL : InitENG
03-20 21:49:30.902 18846 19177 I AXL : InitRU
03-20 21:49:30.902 18846 19177 I AXL : InitNUM
03-20 21:49:30.902 18846 19177 I AXL : KeyBoard inited
03-20 21:49:30.902 18846 19177 I AXL : Loading afk_icon..
03-20 21:49:30.902 18846 19177 I AXL : KillList initialize
03-20 21:49:30.917 18846 19188 I AXL : NvFOpen: AUDIO/SFX/GENRL.osw
03-20 21:49:30.930 18846 19188 I AXL : NvFOpen: AUDIO/SFX/GENRL.osw
03-20 21:49:30.944 18846 19188 I AXL : NvFOpen: AUDIO/SFX/GENRL.osw
03-20 21:49:30.950 18846 19188 I AXL : NvFOpen: AUDIO/SFX/GENRL.osw
03-20 21:49:30.954 18846 19188 I AXL : NvFOpen: AUDIO/SFX/GENRL.osw
03-20 21:49:30.961 18846 19188 I AXL : NvFOpen: AUDIO/SFX/GENRL.osw
03-20 21:49:30.967 18846 19188 I AXL : NvFOpen: AUDIO/SFX/GENRL.osw
03-20 21:49:30.971 18846 19188 I AXL : NvFOpen: AUDIO/SFX/GENRL.osw
03-20 21:49:30.975 18846 19188 I AXL : NvFOpen: AUDIO/SFX/GENRL.osw
03-20 21:49:30.979 18846 19188 I AXL : NvFOpen: AUDIO/SFX/GENRL.osw
03-20 21:49:30.984 18846 19188 I AXL : NvFOpen: AUDIO/SFX/GENRL.osw
03-20 21:49:30.988 18846 19188 I AXL : NvFOpen: AUDIO/SFX/GENRL.osw
03-20 21:49:30.992 18846 19188 I AXL : NvFOpen: AUDIO/SFX/GENRL.osw
03-20 21:49:30.996 18846 19188 I AXL : NvFOpen: AUDIO/SFX/GENRL.osw
03-20 21:49:31.000 18846 19188 I AXL : NvFOpen: AUDIO/SFX/GENRL.osw
03-20 21:49:31.005 18846 19188 I AXL : NvFOpen: AUDIO/SFX/GENRL.osw
03-20 21:49:31.009 18846 19188 I AXL : NvFOpen: AUDIO/SFX/GENRL.osw
03-20 21:49:31.012 18846 19188 I AXL : NvFOpen: AUDIO/SFX/GENRL.osw
03-20 21:49:31.016 18846 19188 I AXL : NvFOpen: AUDIO/SFX/GENRL.osw
03-20 21:49:31.020 18846 19188 I AXL : NvFOpen: AUDIO/SFX/GENRL.osw
03-20 21:49:31.022 18846 19188 I AXL : NvFOpen: AUDIO/SFX/GENRL.osw
03-20 21:49:31.026 18846 19188 I AXL : NvFOpen: AUDIO/SFX/GENRL.osw
03-20 21:49:31.029 18846 19188 I AXL : NvFOpen: AUDIO/SFX/GENRL.osw
03-20 21:49:31.033 18846 19188 I AXL : NvFOpen: AUDIO/SFX/GENRL.osw
03-20 21:49:31.037 18846 19188 I AXL : NvFOpen: AUDIO/SFX/GENRL.osw
03-20 21:49:31.042 18846 19188 I AXL : NvFOpen: AUDIO/SFX/GENRL.osw
03-20 21:49:31.052 18846 19188 I AXL : NvFOpen: AUDIO/SFX/GENRL.osw
03-20 21:49:31.060 18846 19188 I AXL : NvFOpen: AUDIO/SFX/GENRL.osw
03-20 21:49:31.065 18846 19188 I AXL : NvFOpen: AUDIO/SFX/GENRL.osw
03-20 21:49:31.071 18846 19188 I AXL : NvFOpen: AUDIO/SFX/GENRL.osw
03-20 21:49:31.078 18846 19188 I AXL : NvFOpen: AUDIO/SFX/GENRL.osw
03-20 21:49:31.114 18846 19188 I AXL : NvFOpen: AUDIO/SFX/GENRL.osw
03-20 21:49:31.122 18846 19177 I AXL : GUI | CreateDeviceObjects.
03-20 21:49:31.129 18846 19176 D BLASTBufferQueue:
[SurfaceView[com.evolve.roleplay/com.evolve.roleplay.core.GTASA]#8](f:0,a:1)
acquireNextBufferLocked size=2460x1080 mFrameNumber=1 applyTransaction=true
mTimestamp=20567096832379(auto) mPendingTransactions.size=0
graphicBufferId=80942953660427 transform=7
03-20 21:49:31.150 18846 18846 W Looper : PerfMonitor longMsg : seq=159
plan=21:49:28.797 late=642ms wall=1710ms h=android.os.Handler
c=retrofit2.ExecutorCallAdapterFactory$ExecutorCallbackCall$1$1 procState=-1
03-20 21:49:31.155 18846 19188 I AXL : NvFOpen: AUDIO/SFX/FEET.osw
03-20 21:49:31.156 18846 19177 I AXL : GUI | Font atlas width: 1024, height:
512, depth: 32
03-20 21:49:31.161 18846 19188 I AXL : NvFOpen: AUDIO/SFX/FEET.osw
03-20 21:49:31.164 18846 19177 I AXL : GUI | Vertex buffer reallocated. Size:
30000
03-20 21:49:31.164 18846 19177 I AXL : NvFOpen: scache_small.txt
03-20 21:49:31.165 18846 19188 I AXL : NvFOpen: AUDIO/SFX/FEET.osw
03-20 21:49:31.171 18846 19188 I AXL : NvFOpen: AUDIO/SFX/FEET.osw
03-20 21:49:31.175 18846 19177 I AXL : NvFOpen: gta3.ini
03-20 21:49:31.176 18846 19188 I AXL : NvFOpen: AUDIO/SFX/FEET.osw
03-20 21:49:31.181 18846 19177 I AXL : NvFOpen: DATA/ANIMGRP.DAT
03-20 21:49:31.184 18846 19188 I AXL : NvFOpen: AUDIO/SFX/FEET.osw
03-20 21:49:31.189 18846 19177 I AXL : NvFOpen: TEXDB/GTA3.IMG
03-20 21:49:31.190 18846 19188 I AXL : NvFOpen: AUDIO/SFX/FEET.osw
03-20 21:49:31.191 18846 19177 I AXL : NvFOpen: TEXDB/GTA_INT.IMG
03-20 21:49:31.193 18846 19177 I AXL : NvFOpen: TEXDB/SAMP.IMG
03-20 21:49:31.195 18846 19177 I AXL : NvFOpen: TEXDB/SAMPCOL.IMG
03-20 21:49:31.196 18846 19177 I AXL : NvFOpen: stream.ini
03-20 21:49:31.197 18846 19188 I AXL : NvFOpen: AUDIO/SFX/FEET.osw
03-20 21:49:31.200 18846 19177 I AXL : NvFOpen: DATA/melee.dat
03-20 21:49:31.201 18846 19188 I AXL : NvFOpen: AUDIO/SFX/FEET.osw
03-20 21:49:31.205 18846 19177 I AXL : NvFOpen: models/effects.fxp
03-20 21:49:31.212 18846 19188 I AXL : NvFOpen: AUDIO/SFX/GENRL.osw
03-20 21:49:31.218 18846 19188 I AXL : NvFOpen: AUDIO/SFX/GENRL.osw
03-20 21:49:31.225 18846 19188 I AXL : NvFOpen: AUDIO/SFX/GENRL.osw
03-20 21:49:31.231 18846 19188 I AXL : NvFOpen: AUDIO/SFX/GENRL.osw
03-20 21:49:31.233 18846 19188 I AXL : NvFOpen: AUDIO/SFX/GENRL.osw
03-20 21:49:31.239 18846 19188 I AXL : NvFOpen: AUDIO/SFX/GENRL.osw
03-20 21:49:31.244 18846 19188 I AXL : NvFOpen: AUDIO/SFX/GENRL.osw
03-20 21:49:31.249 18846 19188 I AXL : NvFOpen: AUDIO/SFX/GENRL.osw
03-20 21:49:31.253 18846 19188 I AXL : NvFOpen: AUDIO/SFX/GENRL.osw
03-20 21:49:31.262 18846 19188 I AXL : NvFOpen: AUDIO/SFX/GENRL.osw
03-20 21:49:31.270 18846 19188 I AXL : NvFOpen: AUDIO/SFX/GENRL.osw
03-20 21:49:31.280 18846 19188 I AXL : NvFOpen: AUDIO/SFX/GENRL.osw
03-20 21:49:31.285 18846 19188 I AXL : NvFOpen: AUDIO/SFX/GENRL.osw
03-20 21:49:31.291 18846 19188 I AXL : NvFOpen: AUDIO/SFX/GENRL.osw
03-20 21:49:31.297 18846 19188 I AXL : NvFOpen: AUDIO/SFX/GENRL.osw
03-20 21:49:31.302 18846 19188 I AXL : NvFOpen: AUDIO/SFX/GENRL.osw
03-20 21:49:31.311 18846 19188 I AXL : NvFOpen: AUDIO/SFX/GENRL.osw
03-20 21:49:31.320 18846 19188 I AXL : NvFOpen: AUDIO/SFX/GENRL.osw
03-20 21:49:31.324 18846 19188 I AXL : NvFOpen: AUDIO/SFX/GENRL.osw
03-20 21:49:31.327 18846 19188 I AXL : NvFOpen: AUDIO/SFX/GENRL.osw
03-20 21:49:31.335 18846 19188 I AXL : NvFOpen: AUDIO/SFX/GENRL.osw
03-20 21:49:31.340 18846 19188 I AXL : NvFOpen: AUDIO/SFX/GENRL.osw
03-20 21:49:31.350 18846 19188 I AXL : NvFOpen: AUDIO/SFX/GENRL.osw
03-20 21:49:31.357 18846 19188 I AXL : NvFOpen: AUDIO/SFX/GENRL.osw
03-20 21:49:31.366 18846 19188 I AXL : NvFOpen: AUDIO/SFX/GENRL.osw
03-20 21:49:31.370 18846 19188 I AXL : NvFOpen: AUDIO/SFX/GENRL.osw
03-20 21:49:31.373 18846 19188 I AXL : NvFOpen: AUDIO/SFX/GENRL.osw
03-20 21:49:31.381 18846 19188 I AXL : NvFOpen: AUDIO/SFX/GENRL.osw
03-20 21:49:31.392 18846 19188 I AXL : NvFOpen: AUDIO/SFX/GENRL.osw
03-20 21:49:31.397 18846 19188 I AXL : NvFOpen: AUDIO/SFX/GENRL.osw
03-20 21:49:31.404 18846 19188 I AXL : NvFOpen: AUDIO/SFX/GENRL.osw
03-20 21:49:31.412 18846 19188 I AXL : NvFOpen: AUDIO/SFX/GENRL.osw
03-20 21:49:31.424 18846 19188 I AXL : NvFOpen: AUDIO/SFX/GENRL.osw
03-20 21:49:31.427 18846 19177 I AXL : NvFOpen: DATA/DEFAULT.DAT
03-20 21:49:31.427 18846 19188 I AXL : NvFOpen: AUDIO/SFX/GENRL.osw
03-20 21:49:31.430 18846 19177 I AXL : NvFOpen: DATA/DEFAULT.IDE
03-20 21:49:31.430 18846 19188 I AXL : NvFOpen: AUDIO/SFX/GENRL.osw
03-20 21:49:31.432 18846 19188 I AXL : NvFOpen: AUDIO/SFX/GENRL.osw
03-20 21:49:31.434 18846 19177 I AXL : NvFOpen: DATA/VEHICLES.IDE
03-20 21:49:31.435 18846 19177 I AXL : AddVehicleModel: 400
03-20 21:49:31.436 18846 19177 I AXL : AddVehicleModel: 401
03-20 21:49:31.436 18846 19177 I AXL : AddVehicleModel: 402
03-20 21:49:31.436 18846 19177 I AXL : AddVehicleModel: 403
03-20 21:49:31.436 18846 19177 I AXL : AddVehicleModel: 404
03-20 21:49:31.436 18846 19177 I AXL : AddVehicleModel: 405
03-20 21:49:31.436 18846 19188 I AXL : NvFOpen: AUDIO/SFX/GENRL.osw
03-20 21:49:31.436 18846 19177 I AXL : AddVehicleModel: 406
03-20 21:49:31.436 18846 19177 I AXL : AddVehicleModel: 407
03-20 21:49:31.436 18846 19177 I AXL : AddVehicleModel: 408
03-20 21:49:31.436 18846 19177 I AXL : AddVehicleModel: 409
03-20 21:49:31.437 18846 19177 I AXL : AddVehicleModel: 410
03-20 21:49:31.437 18846 19177 I AXL : AddVehicleModel: 411
03-20 21:49:31.437 18846 19177 I AXL : AddVehicleModel: 412
03-20 21:49:31.437 18846 19177 I AXL : AddVehicleModel: 413
03-20 21:49:31.437 18846 19177 I AXL : AddVehicleModel: 414
03-20 21:49:31.437 18846 19177 I AXL : AddVehicleModel: 415
03-20 21:49:31.437 18846 19177 I AXL : AddVehicleModel: 416
03-20 21:49:31.437 18846 19177 I AXL : AddVehicleModel: 417
03-20 21:49:31.437 18846 19177 I AXL : AddVehicleModel: 418
03-20 21:49:31.437 18846 19177 I AXL : AddVehicleModel: 419
03-20 21:49:31.437 18846 19177 I AXL : AddVehicleModel: 420
03-20 21:49:31.437 18846 19177 I AXL : AddVehicleModel: 421
03-20 21:49:31.437 18846 19177 I AXL : AddVehicleModel: 422
03-20 21:49:31.437 18846 19177 I AXL : AddVehicleModel: 423
03-20 21:49:31.437 18846 19177 I AXL : AddVehicleModel: 424
03-20 21:49:31.438 18846 19177 I AXL : AddVehicleModel: 425
03-20 21:49:31.438 18846 19177 I AXL : AddVehicleModel: 426
03-20 21:49:31.438 18846 19177 I AXL : AddVehicleModel: 427
03-20 21:49:31.438 18846 19177 I AXL : AddVehicleModel: 428
03-20 21:49:31.438 18846 19177 I AXL : AddVehicleModel: 429
03-20 21:49:31.438 18846 19177 I AXL : AddVehicleModel: 430
03-20 21:49:31.438 18846 19177 I AXL : AddVehicleModel: 431
03-20 21:49:31.438 18846 19177 I AXL : AddVehicleModel: 432
03-20 21:49:31.438 18846 19177 I AXL : AddVehicleModel: 433
03-20 21:49:31.438 18846 19177 I AXL : AddVehicleModel: 434
03-20 21:49:31.438 18846 19177 I AXL : AddVehicleModel: 435
03-20 21:49:31.438 18846 19177 I AXL : AddVehicleModel: 436
03-20 21:49:31.438 18846 19177 I AXL : AddVehicleModel: 437
03-20 21:49:31.439 18846 19177 I AXL : AddVehicleModel: 438
03-20 21:49:31.439 18846 19177 I AXL : AddVehicleModel: 439
03-20 21:49:31.439 18846 19177 I AXL : AddVehicleModel: 440
03-20 21:49:31.439 18846 19177 I AXL : AddVehicleModel: 441
03-20 21:49:31.439 18846 19177 I AXL : AddVehicleModel: 442
03-20 21:49:31.439 18846 19177 I AXL : AddVehicleModel: 443
03-20 21:49:31.439 18846 19177 I AXL : AddVehicleModel: 444
03-20 21:49:31.439 18846 19177 I AXL : AddVehicleModel: 445
03-20 21:49:31.439 18846 19177 I AXL : AddVehicleModel: 446
03-20 21:49:31.439 18846 19177 I AXL : AddVehicleModel: 447
03-20 21:49:31.439 18846 19177 I AXL : AddVehicleModel: 448
03-20 21:49:31.439 18846 19177 I AXL : AddVehicleModel: 449
03-20 21:49:31.439 18846 19177 I AXL : AddVehicleModel: 450
03-20 21:49:31.439 18846 19177 I AXL : AddVehicleModel: 451
03-20 21:49:31.440 18846 19177 I AXL : AddVehicleModel: 452
03-20 21:49:31.440 18846 19177 I AXL : AddVehicleModel: 453
03-20 21:49:31.440 18846 19177 I AXL : AddVehicleModel: 454
03-20 21:49:31.440 18846 19177 I AXL : AddVehicleModel: 455
03-20 21:49:31.440 18846 19177 I AXL : AddVehicleModel: 456
03-20 21:49:31.440 18846 19177 I AXL : AddVehicleModel: 457
03-20 21:49:31.440 18846 19177 I AXL : AddVehicleModel: 458
03-20 21:49:31.440 18846 19177 I AXL : AddVehicleModel: 459
03-20 21:49:31.440 18846 19177 I AXL : AddVehicleModel: 460
03-20 21:49:31.440 18846 19177 I AXL : AddVehicleModel: 461
03-20 21:49:31.440 18846 19177 I AXL : AddVehicleModel: 462
03-20 21:49:31.440 18846 19177 I AXL : AddVehicleModel: 463
03-20 21:49:31.440 18846 19177 I AXL : AddVehicleModel: 464
03-20 21:49:31.441 18846 19177 I AXL : AddVehicleModel: 465
03-20 21:49:31.441 18846 19177 I AXL : AddVehicleModel: 466
03-20 21:49:31.441 18846 19177 I AXL : AddVehicleModel: 467
03-20 21:49:31.441 18846 19177 I AXL : AddVehicleModel: 468
03-20 21:49:31.441 18846 19177 I AXL : AddVehicleModel: 469
03-20 21:49:31.441 18846 19177 I AXL : AddVehicleModel: 470
03-20 21:49:31.441 18846 19177 I AXL : AddVehicleModel: 471
03-20 21:49:31.441 18846 19177 I AXL : AddVehicleModel: 472
03-20 21:49:31.441 18846 19177 I AXL : AddVehicleModel: 473
03-20 21:49:31.441 18846 19177 I AXL : AddVehicleModel: 474
03-20 21:49:31.441 18846 19177 I AXL : AddVehicleModel: 475
03-20 21:49:31.441 18846 19177 I AXL : AddVehicleModel: 476
03-20 21:49:31.441 18846 19177 I AXL : AddVehicleModel: 477
03-20 21:49:31.441 18846 19177 I AXL : AddVehicleModel: 478
03-20 21:49:31.441 18846 19177 I AXL : AddVehicleModel: 479
03-20 21:49:31.442 18846 19177 I AXL : AddVehicleModel: 480
03-20 21:49:31.442 18846 19177 I AXL : AddVehicleModel: 481
03-20 21:49:31.442 18846 19177 I AXL : AddVehicleModel: 482
03-20 21:49:31.442 18846 19188 I AXL : NvFOpen: AUDIO/SFX/GENRL.osw
03-20 21:49:31.442 18846 19177 I AXL : AddVehicleModel: 483
03-20 21:49:31.442 18846 19177 I AXL : AddVehicleModel: 484
03-20 21:49:31.442 18846 19177 I AXL : AddVehicleModel: 485
03-20 21:49:31.442 18846 19177 I AXL : AddVehicleModel: 486
03-20 21:49:31.442 18846 19177 I AXL : AddVehicleModel: 487
03-20 21:49:31.442 18846 19177 I AXL : AddVehicleModel: 488
03-20 21:49:31.442 18846 19177 I AXL : AddVehicleModel: 489
03-20 21:49:31.443 18846 19177 I AXL : AddVehicleModel: 490
03-20 21:49:31.443 18846 19177 I AXL : AddVehicleModel: 491
03-20 21:49:31.443 18846 19177 I AXL : AddVehicleModel: 492
03-20 21:49:31.443 18846 19177 I AXL : AddVehicleModel: 493
03-20 21:49:31.443 18846 19177 I AXL : AddVehicleModel: 494
03-20 21:49:31.443 18846 19177 I AXL : AddVehicleModel: 495
03-20 21:49:31.443 18846 19177 I AXL : AddVehicleModel: 496
03-20 21:49:31.443 18846 19177 I AXL : AddVehicleModel: 497
03-20 21:49:31.443 18846 19177 I AXL : AddVehicleModel: 498
03-20 21:49:31.443 18846 19177 I AXL : AddVehicleModel: 499
03-20 21:49:31.443 18846 19177 I AXL : AddVehicleModel: 500
03-20 21:49:31.443 18846 19177 I AXL : AddVehicleModel: 501
03-20 21:49:31.443 18846 19177 I AXL : AddVehicleModel: 502
03-20 21:49:31.443 18846 19177 I AXL : AddVehicleModel: 503
03-20 21:49:31.443 18846 19177 I AXL : AddVehicleModel: 504
03-20 21:49:31.443 18846 19177 I AXL : AddVehicleModel: 505
03-20 21:49:31.443 18846 19177 I AXL : AddVehicleModel: 506
03-20 21:49:31.443 18846 19177 I AXL : AddVehicleModel: 507
03-20 21:49:31.443 18846 19177 I AXL : AddVehicleModel: 508
03-20 21:49:31.443 18846 19177 I AXL : AddVehicleModel: 509
03-20 21:49:31.443 18846 19177 I AXL : AddVehicleModel: 510
03-20 21:49:31.443 18846 19177 I AXL : AddVehicleModel: 511
03-20 21:49:31.443 18846 19177 I AXL : AddVehicleModel: 512
03-20 21:49:31.443 18846 19177 I AXL : AddVehicleModel: 513
03-20 21:49:31.444 18846 19177 I AXL : AddVehicleModel: 514
03-20 21:49:31.444 18846 19177 I AXL : AddVehicleModel: 515
03-20 21:49:31.444 18846 19177 I AXL : AddVehicleModel: 516
03-20 21:49:31.444 18846 19177 I AXL : AddVehicleModel: 517
03-20 21:49:31.444 18846 19177 I AXL : AddVehicleModel: 518
03-20 21:49:31.444 18846 19177 I AXL : AddVehicleModel: 519
03-20 21:49:31.444 18846 19177 I AXL : AddVehicleModel: 520
03-20 21:49:31.444 18846 19177 I AXL : AddVehicleModel: 521
03-20 21:49:31.444 18846 19177 I AXL : AddVehicleModel: 522
03-20 21:49:31.444 18846 19177 I AXL : AddVehicleModel: 523
03-20 21:49:31.444 18846 19177 I AXL : AddVehicleModel: 524
03-20 21:49:31.444 18846 19177 I AXL : AddVehicleModel: 525
03-20 21:49:31.444 18846 19177 I AXL : AddVehicleModel: 526
03-20 21:49:31.444 18846 19177 I AXL : AddVehicleModel: 527
03-20 21:49:31.444 18846 19177 I AXL : AddVehicleModel: 528
03-20 21:49:31.444 18846 19177 I AXL : AddVehicleModel: 529
03-20 21:49:31.444 18846 19177 I AXL : AddVehicleModel: 530
03-20 21:49:31.444 18846 19177 I AXL : AddVehicleModel: 531
03-20 21:49:31.444 18846 19177 I AXL : AddVehicleModel: 532
03-20 21:49:31.444 18846 19177 I AXL : AddVehicleModel: 533
03-20 21:49:31.444 18846 19177 I AXL : AddVehicleModel: 534
03-20 21:49:31.444 18846 19177 I AXL : AddVehicleModel: 535
03-20 21:49:31.444 18846 19177 I AXL : AddVehicleModel: 536
03-20 21:49:31.445 18846 19177 I AXL : AddVehicleModel: 537
03-20 21:49:31.445 18846 19177 I AXL : AddVehicleModel: 538
03-20 21:49:31.445 18846 19177 I AXL : AddVehicleModel: 539
03-20 21:49:31.445 18846 19177 I AXL : AddVehicleModel: 540
03-20 21:49:31.445 18846 19177 I AXL : AddVehicleModel: 541
03-20 21:49:31.445 18846 19177 I AXL : AddVehicleModel: 542
03-20 21:49:31.445 18846 19177 I AXL : AddVehicleModel: 543
03-20 21:49:31.445 18846 19177 I AXL : AddVehicleModel: 544
03-20 21:49:31.445 18846 19177 I AXL : AddVehicleModel: 545
03-20 21:49:31.445 18846 19177 I AXL : AddVehicleModel: 546
03-20 21:49:31.445 18846 19177 I AXL : AddVehicleModel: 547
03-20 21:49:31.445 18846 19177 I AXL : AddVehicleModel: 548
03-20 21:49:31.445 18846 19177 I AXL : AddVehicleModel: 549
03-20 21:49:31.445 18846 19177 I AXL : AddVehicleModel: 550
03-20 21:49:31.445 18846 19177 I AXL : AddVehicleModel: 551
03-20 21:49:31.445 18846 19188 I AXL : NvFOpen: AUDIO/SFX/GENRL.osw
03-20 21:49:31.445 18846 19177 I AXL : AddVehicleModel: 552
03-20 21:49:31.445 18846 19177 I AXL : AddVehicleModel: 553
03-20 21:49:31.445 18846 19177 I AXL : AddVehicleModel: 554
03-20 21:49:31.445 18846 19177 I AXL : AddVehicleModel: 555
03-20 21:49:31.445 18846 19177 I AXL : AddVehicleModel: 556
03-20 21:49:31.445 18846 19177 I AXL : AddVehicleModel: 557
03-20 21:49:31.445 18846 19177 I AXL : AddVehicleModel: 558
03-20 21:49:31.446 18846 19177 I AXL : AddVehicleModel: 559
03-20 21:49:31.446 18846 19177 I AXL : AddVehicleModel: 560
03-20 21:49:31.446 18846 19177 I AXL : AddVehicleModel: 561
03-20 21:49:31.446 18846 19177 I AXL : AddVehicleModel: 562
03-20 21:49:31.446 18846 19177 I AXL : AddVehicleModel: 563
03-20 21:49:31.446 18846 19177 I AXL : AddVehicleModel: 564
03-20 21:49:31.446 18846 19177 I AXL : AddVehicleModel: 565
03-20 21:49:31.446 18846 19177 I AXL : AddVehicleModel: 566
03-20 21:49:31.446 18846 19177 I AXL : AddVehicleModel: 567
03-20 21:49:31.446 18846 19177 I AXL : AddVehicleModel: 568
03-20 21:49:31.446 18846 19177 I AXL : AddVehicleModel: 569
03-20 21:49:31.446 18846 19177 I AXL : AddVehicleModel: 570
03-20 21:49:31.446 18846 19177 I AXL : AddVehicleModel: 571
03-20 21:49:31.446 18846 19177 I AXL : AddVehicleModel: 572
03-20 21:49:31.446 18846 19177 I AXL : AddVehicleModel: 573
03-20 21:49:31.446 18846 19177 I AXL : AddVehicleModel: 574
03-20 21:49:31.446 18846 19177 I AXL : AddVehicleModel: 575
03-20 21:49:31.446 18846 19177 I AXL : AddVehicleModel: 576
03-20 21:49:31.446 18846 19177 I AXL : AddVehicleModel: 577
03-20 21:49:31.446 18846 19177 I AXL : AddVehicleModel: 578
03-20 21:49:31.446 18846 19177 I AXL : AddVehicleModel: 579
03-20 21:49:31.446 18846 19177 I AXL : AddVehicleModel: 580
03-20 21:49:31.446 18846 19177 I AXL : AddVehicleModel: 581
03-20 21:49:31.446 18846 19177 I AXL : AddVehicleModel: 582
03-20 21:49:31.446 18846 19177 I AXL : AddVehicleModel: 583
03-20 21:49:31.446 18846 19177 I AXL : AddVehicleModel: 584
03-20 21:49:31.447 18846 19177 I AXL : AddVehicleModel: 585
03-20 21:49:31.447 18846 19177 I AXL : AddVehicleModel: 586
03-20 21:49:31.447 18846 19177 I AXL : AddVehicleModel: 587
03-20 21:49:31.447 18846 19177 I AXL : AddVehicleModel: 588
03-20 21:49:31.447 18846 19177 I AXL : AddVehicleModel: 589
03-20 21:49:31.447 18846 19177 I AXL : AddVehicleModel: 590
03-20 21:49:31.447 18846 19177 I AXL : AddVehicleModel: 591
03-20 21:49:31.447 18846 19177 I AXL : AddVehicleModel: 592
03-20 21:49:31.447 18846 19177 I AXL : AddVehicleModel: 593
03-20 21:49:31.447 18846 19177 I AXL : AddVehicleModel: 594
03-20 21:49:31.447 18846 19177 I AXL : AddVehicleModel: 595
03-20 21:49:31.447 18846 19177 I AXL : AddVehicleModel: 596
03-20 21:49:31.447 18846 19177 I AXL : AddVehicleModel: 597
03-20 21:49:31.447 18846 19177 I AXL : AddVehicleModel: 598
