03-20 21:50:57.595 21160 21160 I AAudio : AAudioStreamBuilder_openStream() returns
0 = AAUDIO_OK for s#1 ----------------
03-20 21:50:57.595 21160 21160 D AAudio : AAudioStream_close(s#1) called
---------------
03-20 21:50:57.595 21160 21160 D AAudioStream: setState(s#1) from 2 to 11
03-20 21:50:57.595 21160 21160 D AudioTrack: stop(539): 0xe0373500, prior
state:STATE_STOPPED
03-20 21:50:57.596 21160 21160 D AudioTrackShared: this(0xd3613540),
mCblk(0xd1cc4000), front(0), mIsOut 1, interrupt() FUTEX_WAKE
03-20 21:50:57.596 21160 21160 D AudioTrack: ~AudioTrack(539): 0xe0373500
03-20 21:50:57.596 21160 21160 D AudioTrack: stop(539): 0xe0373500, prior
state:STATE_STOPPED
03-20 21:50:57.598 21160 21160 D AAudioStream: setState(s#1) from 11 to 12
03-20 21:50:57.598 21160 21160 D AAudioStream: ~AudioStream(s#1) mPlayerBase
strongCount = 2
03-20 21:50:57.598 21160 21160 D AAudio : AAudioStream_close(s#1) returned 0
---------
03-20 21:50:57.598 21160 21160 I AAudio : AAudioStreamBuilder_openStream() called
----------------------------------------
03-20 21:50:57.598 21160 21160 I AudioStreamBuilder: rate = 0, channels =
0, channelMask = 0, format = 0, sharing = SH, dir = OUTPUT
03-20 21:50:57.598 21160 21160 I AudioStreamBuilder: device = 0, sessionId = -
1, perfMode = 12, callback: ON with frames = 512, error callback: ON
03-20 21:50:57.598 21160 21160 I AudioStreamBuilder: usage = 1, contentType =
0, inputPreset = 0, allowedCapturePolicy = 0
03-20 21:50:57.598 21160 21160 I AudioStreamBuilder: privacy sensitive = false,
opPackageName = (null), attributionTag = (null)
03-20 21:50:57.598 21160 21160 D evolve.roleplay: PlayerBase::PlayerBase()
03-20 21:50:57.599 21160 21160 D AudioStreamTrack: open(), request
notificationFrames = 0, frameCount = 2048
03-20 21:50:57.599 21160 21160 D AudioTrack: INSP:
type=audio,case=1,set=0xe0373500,stream_type=-
1,sample_rate=0,format=0x5,channel_mask=0x3,frame_count=2048,flags=0x104,notificati
on_frames=0,session_id=0,transfer_type=1,uid=-1,pid=-1
03-20 21:50:57.599 21160 21160 D AudioTrack: INSP:
type=audio,case=1,attributes=1,content_type=2,usage=1,source=0,flags=0x100
03-20 21:50:57.599 21160 21160 D AudioTrackStub: AudioTrackStub() create
03-20 21:50:57.599 21160 21160 I AudioTrackImpl: initAudioTrackImpl()
03-20 21:50:57.600 21160 21160 D AudioTrack: set: mPowerTrackStatus=0
03-20 21:50:57.608 21160 21160 I AudioTrack: createTrack_l(0):
AUDIO_OUTPUT_FLAG_FAST successful; frameCount 2048 -> 2048
03-20 21:50:57.608 21160 21160 D AudioTrack: createTrack_l(540): 0xe0373500, mCblk
= 0xd1c8f000, mLatency = 84, mAfLatency = 42, frameCount = 2048, mSampleRate =
48000, mFlags = 0x4, mReqFrameCount = 2048, mNotificationFramesAct = 256
03-20 21:50:57.609 21160 21160 D AudioTrack: setVolume(540): 0xe0373500, left =
1.000000, right = 1.000000
03-20 21:50:57.609 21160 21160 D AudioStreamTrack: open() flags changed from
0x00000104 to 0x00000004
03-20 21:50:57.609 21160 21160 D AAudioStream: setState(s#2) from 0 to 2
03-20 21:50:57.610 21160 21160 I AAudio : AAudioStreamBuilder_openStream() returns
0 = AAUDIO_OK for s#2 ----------------
03-20 21:50:57.610 21160 21160 D AAudio : AAudioStream_requestStart(s#2) called
--------------
03-20 21:50:57.610 21160 21160 D AAudioStream: setState(s#2) from 2 to 3
03-20 21:50:57.610 21160 21160 D AudioTrack: start(540): 0xe0373500, prior
state:STATE_STOPPED
03-20 21:50:57.617 21160 21160 D AAudio : AAudioStream_requestStart(s#2) returned
0 ---------
03-20 21:50:57.617 21160 21512 D AudioStreamTrack: onAudioDeviceUpdate() audioIo 13
devId 3 => 3
03-20 21:50:57.619 21160 21160 I AXL : Client by vl4sov
03-20 21:50:57.619 21160 21160 I AXL : Storage:
/storage/emulated/0/EvolveRolePlay/files/
03-20 21:50:57.619 21160 21160 I AXL : Loading settings..
03-20 21:50:57.619 21160 21160 I AXL : Opening settings:
/storage/emulated/0/EvolveRolePlay/files/SAMP/settings.ini
03-20 21:50:57.622 21160 21160 I AXL : Initializing loader 2
03-20 21:50:57.623 21160 21160 I AXL : Localisation | Cannot initialise
03-20 21:50:57.626 21160 21160 I System.out: Called
03-20 21:50:57.632 21160 21160 I System.out: ln systemInit
03-20 21:50:57.635 21160 21160 D DecorView[]: getWindowModeFromSystem windowmode
is 1
03-20 21:50:57.655 21160 21515 D AAudioStream: setState(s#2) from 3 to 4
03-20 21:50:57.680 21160 21160 D CompatibilityChangeReporter: Compat change id
reported: 171228096; UID 10036; state: ENABLED
03-20 21:50:57.718 21160 21160 D ScrollerOptimizationManager:
registerConfigChangedListener
03-20 21:50:57.718 21160 21160 D ScrollerOptimizationManager:
registerConfigChangedListener
03-20 21:50:57.733 21160 21160 D ScrollerOptimizationManager:
registerConfigChangedListener
03-20 21:50:57.770 21160 21160 D ScrollerOptimizationManager:
registerConfigChangedListener
03-20 21:50:57.786 21160 21160 D ScrollerOptimizationManager:
registerConfigChangedListener
03-20 21:50:57.920 21160 21160 D ScrollerOptimizationManager:
registerConfigChangedListener
03-20 21:50:57.933 21160 21160 D ScrollerOptimizationManager:
registerConfigChangedListener
03-20 21:50:57.939 21160 21160 D ScrollerOptimizationManager:
registerConfigChangedListener
03-20 21:50:57.944 21160 21160 D ScrollerOptimizationManager:
registerConfigChangedListener
03-20 21:50:57.945 21160 21160 D ScrollerOptimizationManager:
registerConfigChangedListener
03-20 21:50:57.948 21160 21160 I System.out: GTASA onStart
03-20 21:50:57.950 21160 21160 I System.out: GTASA onResume
03-20 21:50:57.950 21160 21160 I System.out: **** onResume
03-20 21:50:57.951 21160 21160 I FIAM.Display: Binding to activity: core.GTASA
03-20 21:50:57.951 21160 21160 I FIAM.Headless: Setting display event component
03-20 21:50:57.967 21160 21160 W Looper : PerfMonitor looperActivity :
package=com.evolve.roleplay/.core.GTASA time=0ms latency=618ms procState=-1
historyMsgCount=9 (msgIndex=5 wall=98ms seq=147 late=88ms
h=android.view.Choreographer$FrameHandler
c=android.view.Choreographer$FrameDisplayEventReceiver) (msgIndex=9 wall=447ms
seq=151 late=173ms h=android.app.ActivityThread$H w=159)
03-20 21:50:57.968 21160 21160 I Choreographer: Skipped 46 frames! The application
may be doing too much work on its main thread.
03-20 21:50:57.969 21160 21160 D Surface : lockCanvas
03-20 21:50:58.078 21160 21160 D AutofillManager: view not autofillable - not
passing ime action check
03-20 21:50:58.096 21160 21160 D BufferQueueConsumer: [](id:52a800000006,api:0,p:-
1,c:21160) connect: controlledByApp=false
03-20 21:50:58.102 21160 21160 D VRI[GTASA]: vri.reportNextDraw
android.view.ViewRootImpl.performTraversals:4376
android.view.ViewRootImpl.doTraversal:2992
android.view.ViewRootImpl$TraversalRunnable.run:10469
android.view.Choreographer$CallbackRecord.run:1663
android.view.Choreographer$CallbackRecord.run:1672
03-20 21:50:58.102 21160 21160 D SurfaceView: UPDATE null, mIsCastMode = false
03-20 21:50:58.104 21160 21160 D BufferQueueConsumer: [](id:52a800000007,api:0,p:-
1,c:21160) connect: controlledByApp=false
03-20 21:50:58.104 21160 21160 I System.out: systemInit.surfaceCreated
03-20 21:50:58.104 21160 21160 I System.out: Surface changed: 2460, 1080
03-20 21:50:58.107 21160 21160 D VRI[GTASA]: vri.Setup new sync=wmsSync-
VRI[GTASA]#17
03-20 21:50:58.108 21160 21160 D SurfaceView: UPDATE
Surface(name=SurfaceView[com.evolve.roleplay/com.evolve.roleplay.core.GTASA])/
@0x3ef08a3, mIsProjectionMode = false
03-20 21:50:58.109 21160 21160 D Surface : lockCanvas
03-20 21:50:58.135 21160 21160 D BLASTBufferQueue: [VRI[GTASA]#6](f:0,a:1)
acquireNextBufferLocked size=2460x1080 mFrameNumber=1 applyTransaction=true
mTimestamp=20654103387538(auto) mPendingTransactions.size=0
graphicBufferId=90881507983372 transform=0
03-20 21:50:58.136 21160 21160 D VRI[GTASA]: vri.reportDrawFinished
03-20 21:50:58.136 21160 21160 W Looper : PerfMonitor doFrame : time=168ms
vsyncFrame=0 latency=516ms procState=-1 historyMsgCount=14 (msgIndex=1 wall=98ms
seq=147 late=88ms h=android.view.Choreographer$FrameHandler
c=android.view.Choreographer$FrameDisplayEventReceiver) (msgIndex=5 wall=447ms
seq=151 late=173ms h=android.app.ActivityThread$H w=159)
03-20 21:50:58.139 21160 21160 D Surface : lockCanvas
03-20 21:50:58.178 21160 21160 D Surface : lockCanvas
03-20 21:50:58.308 21160 21160 D Surface : lockCanvas
03-20 21:50:58.370 21160 21160 D BufferQueueConsumer: [](id:52a800000008,api:0,p:-
1,c:21160) connect: controlledByApp=false
03-20 21:50:58.403 21160 21160 D VRI[PopupWindow:6a1e815]: vri.reportNextDraw
android.view.ViewRootImpl.performTraversals:4376
android.view.ViewRootImpl.doTraversal:2992
android.view.ViewRootImpl$TraversalRunnable.run:10469
android.view.Choreographer$CallbackRecord.run:1663
android.view.Choreographer$CallbackRecord.run:1672
03-20 21:50:58.403 21160 21160 D VRI[PopupWindow:6a1e815]: vri.Setup new
sync=wmsSync-VRI[PopupWindow:6a1e815]#19
03-20 21:50:58.403 21160 21160 D VRI[PopupWindow:6a1e815]: vri.reportDrawFinished
03-20 21:50:58.406 21160 21160 D Surface : lockCanvas
03-20 21:50:58.426 21160 21160 I HandWritingStubImpl: refreshLastKeyboardType: 1
03-20 21:50:58.426 21160 21160 I HandWritingStubImpl: getCurrentKeyboardType: 1
03-20 21:50:58.432 21160 21160 D VRI[GTASA]: vri.reportNextDraw
android.view.ViewRootImpl.handleResized:2309 android.view.ViewRootImpl.-$
$Nest$mhandleResized:0
android.view.ViewRootImpl$ViewRootHandler.handleMessageImpl:6745
android.view.ViewRootImpl$ViewRootHandler.handleMessage:6714
android.os.Handler.dispatchMessage:106
03-20 21:50:58.446 21160 21160 D BLASTBufferQueue: [VRI[MainActivity]#1](f:0,a:1)
destructor()
03-20 21:50:58.446 21160 21160 D BufferQueueConsumer: [VRI[MainActivity]#1(BLAST
Consumer)1](id:52a800000001,api:0,p:-1,c:21160) disconnect
03-20 21:50:58.469 21160 21160 D BLASTBufferQueue: [VRI[PopupWindow:aab2e49]#5]
(f:0,a:1) destructor()
03-20 21:50:58.469 21160 21160 D BufferQueueConsumer:
[VRI[PopupWindow:aab2e49]#5(BLAST Consumer)5](id:52a800000005,api:0,p:-1,c:21160)
disconnect
03-20 21:50:58.477 21160 21160 D BLASTBufferQueue: [VRI[PopupWindow:5b2f4c6]#4]
(f:0,a:1) destructor()
03-20 21:50:58.477 21160 21160 D BufferQueueConsumer:
[VRI[PopupWindow:5b2f4c6]#4(BLAST Consumer)4](id:52a800000004,api:0,p:-1,c:21160)
disconnect
03-20 21:50:58.485 21160 21160 D BLASTBufferQueue: [VRI[PopupWindow:dce6df9]#3]
(f:0,a:1) destructor()
03-20 21:50:58.485 21160 21160 D BufferQueueConsumer:
[VRI[PopupWindow:dce6df9]#3(BLAST Consumer)3](id:52a800000003,api:0,p:-1,c:21160)
disconnect
03-20 21:50:58.495 21160 21160 D BLASTBufferQueue: [VRI[PopupWindow:e99d10b]#2]
(f:0,a:1) destructor()
03-20 21:50:58.495 21160 21160 D BufferQueueConsumer:
[VRI[PopupWindow:e99d10b]#2(BLAST Consumer)2](id:52a800000002,api:0,p:-1,c:21160)
disconnect
03-20 21:50:58.516 21160 21160 D VRI[GTASA]: vri.reportNextDraw
android.view.ViewRootImpl.performTraversals:3813
android.view.ViewRootImpl.doTraversal:2992
android.view.ViewRootImpl$TraversalRunnable.run:10469
android.view.Choreographer$CallbackRecord.run:1663
android.view.Choreographer$CallbackRecord.run:1672
03-20 21:50:58.516 21160 21160 D VRI[GTASA]: vri.Setup new sync=wmsSync-
VRI[GTASA]#21
03-20 21:50:58.517 21160 21160 D Surface : lockCanvas
03-20 21:50:58.536 21160 21160 D VRI[GTASA]: vri.reportDrawFinished
03-20 21:50:58.537 21160 21160 D VRI[PopupWindow:6a1e815]: vri.reportNextDraw
android.view.ViewRootImpl.handleResized:2309 android.view.ViewRootImpl.-$
$Nest$mhandleResized:0
android.view.ViewRootImpl$ViewRootHandler.handleMessageImpl:6745
android.view.ViewRootImpl$ViewRootHandler.handleMessage:6714
android.os.Handler.dispatchMessage:106
03-20 21:50:58.545 21160 21160 D VRI[PopupWindow:6a1e815]: vri.Setup new
sync=wmsSync-VRI[PopupWindow:6a1e815]#24
03-20 21:50:58.545 21160 21160 D VRI[PopupWindow:6a1e815]: vri.reportDrawFinished
03-20 21:50:58.620 21160 21515 D AudioTrack: [audioTrackData][zero] 1s(f:0 m:0 s:0
k:0 z:1003) : pid 21160 uid 10036 sessionId 2585 sr 48000 ch 2 fmt 5
03-20 21:50:58.621 21160 21517 D AAudio : AAudioStream_requestStop(s#2) called
03-20 21:50:58.621 21160 21517 D AAudioStream: setState(s#2) from 4 to 9
03-20 21:50:58.621 21160 21517 D AudioTrack: stop(540): 0xe0373500, prior
state:STATE_ACTIVE
03-20 21:50:58.621 21160 21517 D AudioTrackShared: this(0xd3613540),
mCblk(0xd1c8f000), front(46592), mIsOut 1, interrupt() FUTEX_WAKE
03-20 21:50:58.622 21160 21517 D AudioTrack: stop(540): 0xe0373500 stop done
03-20 21:50:58.947 21160 21519 I System.out: Call from DoResumeEvent
03-20 21:50:58.947 21160 21510 I System.out: lnitEGLAndGLES2
03-20 21:50:58.947 21160 21510 D libMEOW : meow new tls: 0xcf93bdc0
03-20 21:50:58.948 21160 21510 D libMEOW : applied 1 plugins for
[com.evolve.roleplay]:
03-20 21:50:58.948 21160 21510 D libMEOW : plugin 1: [libMEOW_gift.so]:
0xed340800
03-20 21:50:58.948 21160 21510 D libMEOW : rebuild call chain: 0xcf83e3c0
03-20 21:50:58.948 21160 21510 I System.out: eglDisplay:
com.google.android.gles_jni.EGLDisplayImpl@ed58740f, errr: 12288
03-20 21:50:58.956 21160 21510 I System.out: EGLInitialize returned: true
03-20 21:50:58.956 21160 21510 I System.out: eglInitialize err: 12288
03-20 21:50:58.956 21160 21510 I System.out: eglChooseConfig err: 12288
03-20 21:50:58.957 21160 21510 I System.out: >>> EGL Config [0] R8G8B8A0 D24S8
03-20 21:50:58.957 21160 21510 I System.out: --------------------------
03-20 21:50:58.957 21160 21510 I System.out: New config chosen: 0
03-20 21:50:58.957 21160 21510 I System.out: setting 0, matches: 69
03-20 21:50:58.957 21160 21510 I System.out: setting 1, matches: 8
03-20 21:50:58.957 21160 21510 I System.out: setting 2, matches: 8
03-20 21:50:58.957 21160 21510 I System.out: setting 3, matches: 8
03-20 21:50:58.957 21160 21510 I System.out: setting 4, matches: 0
03-20 21:50:58.957 21160 21510 I System.out: setting 5, matches: 8
03-20 21:50:58.957 21160 21510 I System.out: setting 6, matches: 24
03-20 21:50:58.957 21160 21510 I System.out: >>> EGL Config [1] R8G8B8A0 D24S8
03-20 21:50:58.957 21160 21510 I System.out: >>> EGL Config [2] R8G8B8A0 D24S8
03-20 21:50:58.957 21160 21510 I System.out: >>> EGL Config [3] R8G8B8A0 D24S8
03-20 21:50:58.957 21160 21510 I System.out: >>> EGL Config [4] R8G8B8A8 D24S0
03-20 21:50:58.957 21160 21510 I System.out: >>> EGL Config [5] R8G8B8A8 D24S8
03-20 21:50:58.957 21160 21510 I System.out: >>> EGL Config [6] R8G8B8A8 D24S8
03-20 21:50:58.957 21160 21510 I System.out: >>> EGL Config [7] R8G8B8A8 D24S8
03-20 21:50:58.957 21160 21510 I System.out: >>> EGL Config [8] R8G8B8A8 D24S8
03-20 21:50:58.957 21160 21510 I System.out: >>> EGL Config [9] R5G6B5A0 D24S0
03-20 21:50:58.957 21160 21510 I System.out: --------------------------
03-20 21:50:58.957 21160 21510 I System.out: New config chosen: 9
03-20 21:50:58.957 21160 21510 I System.out: setting 0, matches: 69
03-20 21:50:58.957 21160 21510 I System.out: setting 1, matches: 5
03-20 21:50:58.957 21160 21510 I System.out: setting 2, matches: 6
03-20 21:50:58.957 21160 21510 I System.out: setting 3, matches: 5
03-20 21:50:58.957 21160 21510 I System.out: setting 4, matches: 0
03-20 21:50:58.957 21160 21510 I System.out: setting 5, matches: 0
03-20 21:50:58.957 21160 21510 I System.out: setting 6, matches: 24
03-20 21:50:58.957 21160 21510 I System.out: >>> EGL Config [10] R5G6B5A0 D24S8
03-20 21:50:58.957 21160 21510 I System.out: >>> EGL Config [11] R5G6B5A0 D24S8
03-20 21:50:58.957 21160 21510 I System.out: >>> EGL Config [12] R5G6B5A0 D24S8
03-20 21:50:58.957 21160 21510 I System.out: >>> EGL Config [13] R5G6B5A0 D24S8
03-20 21:50:58.960 21160 21510 I System.out: eglCreateContext: 12288
03-20 21:50:58.960 21160 21510 I System.out: Should we create a surface?
03-20 21:50:58.960 21160 21510 I System.out: Yes! Calling create surface
03-20 21:50:58.960 21160 21510 I System.out: eglSurface:
com.google.android.gles_jni.EGLSurfaceImpl@e07fa20f, err: 12288
03-20 21:50:58.960 21160 21510 I System.out: checking glVendor == null?
03-20 21:50:58.960 21160 21510 I System.out: Making current and back
03-20 21:50:58.963 21160 21510 E linker : library "/system_ext/lib64/libmigl.so"
("/system_ext/lib64/libmigl.so") needed or dlopened by "/system/lib/libEGL.so" is
not accessible for the namespace: [name="(default)", ld_library_paths="",
default_library_paths="/system/lib:/system_ext/lib",
permitted_paths="/system/lib/drm:/system/lib/extractors:/system/lib/hw:/
system_ext/lib:/system/framework:/system/app:/system/priv-app:/system_ext/
framework:/system_ext/app:/system_ext/priv-app:/vendor/framework:/vendor/app:/
vendor/priv-app:/system/vendor/framework:/system/vendor/app:/system/vendor/priv-
app:/odm/framework:/odm/app:/odm/priv-app:/oem/app:/product/framework:/product/
app:/product/priv-app:/data:/mnt/expand:/apex/com.android.runtime/lib/bionic:/
system/lib/bootstrap"]
03-20 21:50:58.963 21160 21510 E libEGL : open /system_ext/lib64/libmigl.so
failed! dlopen - dlopen failed: library "/system_ext/lib64/libmigl.so" needed or
dlopened by "/system/lib/libEGL.so" is not accessible for the namespace "(default)"
03-20 21:50:58.963 21160 21510 I System.out: Vendor: ARM
03-20 21:50:58.963 21160 21510 I System.out: Extensions GL_EXT_debug_marker
GL_ARM_rgba8 GL_ARM_mali_shader_binary GL_OES_depth24 GL_OES_depth_texture
GL_OES_depth_texture_cube_map GL_OES_packed_depth_stencil GL_OES_rgb8_rgba8
GL_EXT_read_format_bgra GL_OES_compressed_paletted_texture
GL_OES_compressed_ETC1_RGB8_texture GL_OES_standard_derivatives GL_OES_EGL_image
GL_OES_EGL_image_external GL_OES_EGL_image_external_essl3 GL_OES_EGL_sync
GL_OES_texture_npot GL_OES_vertex_half_float GL_OES_required_internalformat
GL_OES_vertex_array_object GL_OES_mapbuffer GL_EXT_texture_format_BGRA8888
GL_EXT_texture_rg GL_EXT_texture_type_2_10_10_10_REV GL_OES_fbo_render_mipmap
GL_OES_element_index_uint GL_EXT_shadow_samplers GL_OES_texture_compression_astc
GL_KHR_texture_compression_astc_ldr GL_KHR_texture_compression_astc_hdr
GL_KHR_texture_compression_astc_sliced_3d
GL_EXT_texture_compression_astc_decode_mode
GL_EXT_texture_compression_astc_decode_mode_rgb9e5 GL_KHR_debug
GL_EXT_occlusion_query_boolean GL_EXT_disjoint_timer_query GL_EXT_blend_minmax
GL_EXT_discard_framebuffer GL_OES_get_program_binary GL_OES_texture_3D
GL_EXT_texture_storage GL_EXT_multisampled_render_to_texture
GL_EXT_multisampled_render_to_texture2 GL_OES_surfaceless_context
GL_OES_texture_stencil8 GL_EXT_shader_pixel_local_storage
GL_ARM_shader_framebuffer_fetch GL_ARM_shader_framebuffer_fetch_depth_stencil
GL_ARM_mali_program_binary GL_EXT_sRGB GL_EXT_sRGB_write_control
GL_EXT_texture_sRGB_decode GL_EXT_texture_sRGB_R8 GL_EXT_texture_sRGB_RG8
GL_KHR_blend_equation_advanced GL_KHR_blend_equation_advanced_coherent
GL_OES_texture_storage_multisample_2d_array GL_OES_shader_image_atomic
GL_EXT_robustness GL_EXT_draw_buffers_indexed GL_OES_draw_buffers_indexed
GL_EXT_texture_border_clamp GL_OES_texture_border_clamp
GL_EXT_texture_cube_map_array GL_OES_texture_cube_map_array GL_OES_sample_variables
GL_OES_sample_shading GL_OES_shader_multisample_interpolation
GL_EXT_shader_io_blocks GL_OES_shader_io_blocks GL_EXT_tessellation_shader
GL_OES_tessellation_shader GL_EXT_primitive_bounding_box
GL_OES_primitive_bounding_box GL_EXT_geometry_shader GL_OES_geometry_shader
GL_ANDROID_extension_pack_es31a GL_EXT_gpu_shader5 GL_OES_gpu_shader5
GL_EXT_texture_buffer GL_OES_texture_buffer GL_EXT_copy_image GL_OES_copy_image
GL_EXT_shader_non_constant_global_initializers GL_EXT_color_buffer_half_float
GL_EXT_unpack_subimage GL_EXT_color_buffer_float GL_EXT_YUV_target GL_OVR_multiview
GL_OVR_multiview2 GL_OVR_multiview_multisampled_render_to_texture GL_KHR_robustness
GL_KHR_robust_buffer_access_behavior GL_EXT_draw_elements_base_vertex
GL_OES_draw_elements_base_vertex GL_EXT_protected_textures GL_EXT_buffer_storage
GL_EXT_external_buffer GL_EXT_EGL_image_array GL_EXT_texture_filter_anisotropic
GL_ARM_texture_unnormalized_coordinates GL_EXT_shader_framebuffer_fetch
03-20 21:50:58.963 21160 21510 I System.out: Renderer: Mali-G52 MC2
03-20 21:50:58.963 21160 21510 I System.out: GIVersion: OpenGL ES 3.2 v1.r32p1-
01eac0.52688e0652bc37eab85ce86c674ab12f
03-20 21:50:58.963 21160 21510 I System.out: Done create EGL surface
03-20 21:50:58.963 21160 21510 I System.out: Done creating surface
03-20 21:50:58.963 21160 21160 W NVEvent : type=1400 audit(0.0:20570): avc: denied
{ read } for name="config.gz" dev="proc" ino=4026532247
scontext=u:r:untrusted_app_27:s0:c36,c256,c512,c768
tcontext=u:object_r:config_gz:s0 tclass=file permissive=0 app=com.evolve.roleplay
03-20 21:50:58.968 21160 21510 I System.out: Build info version device heat
03-20 21:50:58.968 21160 21510 I System.out: Build MANUFACTURER Xiaomi
03-20 21:50:58.969 21160 21510 I System.out: Build BOARD heat
03-20 21:50:58.969 21160 21510 I System.out: Build DISPLAY UP1A.231005.007
03-20 21:50:58.969 21160 21510 I System.out: Build CPU_ABI armeabi-v7a
03-20 21:50:58.969 21160 21510 I System.out: Build CPU_ABI2 armeabi
03-20 21:50:58.969 21160 21510 I System.out: Build HARDWARE mt6768
03-20 21:50:58.969 21160 21510 I System.out: Build MODEL 23053RN02Y
03-20 21:50:58.969 21160 21510 I System.out: Build PRODUCT heat_eea
03-20 21:50:58.969 21160 21510 I System.out: **** IsPhone
03-20 21:50:58.969 21160 21510 I System.out: **** GetAndroidBuildinfo
03-20 21:50:58.969 21160 21510 I System.out: **** GetAndroidBuildinfo
03-20 21:50:58.969 21160 21510 I System.out: Build info version device heat
03-20 21:50:58.969 21160 21510 I System.out: Build MANUFACTURER Xiaomi
03-20 21:50:58.969 21160 21510 I System.out: Build BOARD heat
03-20 21:50:58.969 21160 21510 I System.out: Build DISPLAY UP1A.231005.007
03-20 21:50:58.969 21160 21510 I System.out: Build CPU_ABI armeabi-v7a
03-20 21:50:58.969 21160 21510 I System.out: Build CPU_ABI2 armeabi
03-20 21:50:58.969 21160 21510 I System.out: Build HARDWARE mt6768
03-20 21:50:58.969 21160 21510 I System.out: Build MODEL 23053RN02Y
03-20 21:50:58.969 21160 21510 I System.out: Build PRODUCT heat_eea
03-20 21:50:58.969 21160 21510 I System.out: **** IsPhone
03-20 21:50:58.971 21160 21510 I System.out: **** FileGetArchiveName
03-20 21:50:58.971 21160 21510 I AXL : NvFOpen:
03-20 21:50:58.973 21160 21510 I AXL : NvFOpen: .idx
03-20 21:50:58.975 21160 21510 I System.out: **** FileGetArchiveName
03-20 21:50:58.975 21160 21510 I AXL : NvFOpen:
03-20 21:50:58.976 21160 21510 I AXL : NvFOpen: .idx
03-20 21:50:58.978 21160 21510 I System.out: **** GetDeviceLocale
03-20 21:50:58.978 21160 21534 D OSWrapper: AttachCurrentThread: 0, 0x0xd1703b80
03-20 21:50:58.978 21160 21510 I AXL : NvFOpen: TEXT/AMERICAN.GXT
03-20 21:50:58.985 21160 21510 I AXL : NvFOpen: gta_sa.set
03-20 21:50:58.987 21160 21510 I AXL : NvFOpen: TEXT/RUSSIAN.GXT
03-20 21:50:58.992 21160 21510 I AXL : NvFOpen: gtasatelem.set
03-20 21:50:58.995 21160 21535 D OSWrapper: AttachCurrentThread: 0, 0x0xd1f64880
03-20 21:50:58.996 21160 21535 D libMEOW : meow new tls: 0xb1b67900
03-20 21:50:58.996 21160 21535 D libMEOW : applied 1 plugins for
[com.evolve.roleplay]:
03-20 21:50:58.996 21160 21535 D libMEOW : plugin 1: [libMEOW_gift.so]:
0xed340800
03-20 21:50:58.996 21160 21535 D libMEOW : rebuild call chain: 0xb1b73f80
03-20 21:50:58.998 21160 21510 I AXL : Loading "samp" cd..
03-20 21:50:58.998 21160 21510 I AXL : NvFOpen: models/coll/peds.col
03-20 21:50:59.001 21160 21510 I AXL : NvFOpen: texdb/mobile/mobile.txt
03-20 21:50:59.004 21160 21510 I AXL : NvFOpen: texdb/mobile/mobile.etc.tmb
03-20 21:50:59.006 21160 21510 I AXL : NvFOpen: texdb/mobile/mobile.etc.dat
03-20 21:50:59.007 21160 21510 I AXL : NvFOpen: texdb/mobile/mobile.etc.toc
03-20 21:50:59.016 21160 21510 I AXL : NvFOpen: texdb/txd/txd.txt
03-20 21:50:59.020 21160 21510 I AXL : NvFOpen: texdb/txd/txd.etc.tmb
03-20 21:50:59.023 21160 21510 I AXL : NvFOpen: texdb/txd/txd.etc.dat
03-20 21:50:59.025 21160 21510 I AXL : NvFOpen: texdb/txd/txd.etc.toc
03-20 21:50:59.028 21160 21510 I AXL : NvFOpen: texdb/gta3/gta3.txt
03-20 21:50:59.075 21160 21510 I AXL : NvFOpen: texdb/gta3/gta3.etc.tmb
03-20 21:50:59.079 21160 21510 I AXL : NvFOpen: texdb/gta3/gta3.etc.dat
03-20 21:50:59.081 21160 21510 I AXL : NvFOpen: texdb/gta3/gta3.etc.toc
03-20 21:50:59.089 21160 21510 I AXL : NvFOpen: texdb/gta_int/gta_int.txt
03-20 21:50:59.096 21160 21510 I AXL : NvFOpen: texdb/gta_int/gta_int.etc.tmb
03-20 21:50:59.098 21160 21510 I AXL : NvFOpen: texdb/gta_int/gta_int.etc.dat
03-20 21:50:59.100 21160 21510 I AXL : NvFOpen: texdb/gta_int/gta_int.etc.toc
03-20 21:50:59.103 21160 21510 I AXL : NvFOpen: texdb/cutscene/cutscene.txt
03-20 21:50:59.105 21160 21510 I AXL : NvFOpen: texdb/cutscene/cutscene.etc.tmb
03-20 21:50:59.107 21160 21510 I AXL : NvFOpen: texdb/cutscene/cutscene.etc.dat
03-20 21:50:59.109 21160 21510 I AXL : NvFOpen: texdb/cutscene/cutscene.etc.toc
03-20 21:50:59.112 21160 21510 I AXL : NvFOpen: texdb/player/player.txt
03-20 21:50:59.115 21160 21510 I AXL : NvFOpen: texdb/player/player.pvr.tmb
03-20 21:50:59.117 21160 21510 I AXL : NvFOpen: texdb/player/player.pvr.dat
03-20 21:50:59.119 21160 21510 I AXL : NvFOpen: texdb/player/player.pvr.toc
03-20 21:50:59.121 21160 21510 I AXL : NvFOpen: texdb/menu/menu.txt
03-20 21:50:59.123 21160 21510 I AXL : NvFOpen: texdb/menu/menu.pvr.tmb
03-20 21:50:59.126 21160 21510 I AXL : NvFOpen: texdb/menu/menu.pvr.dat
03-20 21:50:59.127 21160 21510 I AXL : NvFOpen: texdb/menu/menu.pvr.toc
03-20 21:50:59.168 21160 21510 I AXL : NvFOpen: Textures/Fonts/RussianFont.met
03-20 21:50:59.170 21160 21510 I AXL : NvFOpen: Textures/Fonts/RussianFont.png
03-20 21:50:59.252 21160 21510 I AXL : NvFOpen: DATA/FONTS.DAT
03-20 21:50:59.256 21160 21510 I AXL : NvFOpen: texdb/samp/samp.txt
03-20 21:50:59.261 21160 21510 I AXL : NvFOpen: texdb/samp/samp.etc.tmb
03-20 21:50:59.265 21160 21510 I AXL : NvFOpen: texdb/samp/samp.etc.dat
03-20 21:50:59.267 21160 21510 I AXL : NvFOpen: texdb/samp/samp.etc.toc
03-20 21:50:59.271 21160 21538 D OSWrapper: AttachCurrentThread: 0, 0x0xd1703b00
03-20 21:50:59.271 21160 21538 I AXL : NvFOpen: TEXT/RUSSIAN.GXT
03-20 21:50:59.278 21160 21538 I AXL : NvFOpen:
data/TouchDefaultPhoneWidescreen.cfg
03-20 21:50:59.290 21160 21538 I AXL : NvFOpen: Adjustable.cfg
03-20 21:50:59.293 21160 21538 I AXL : NvFOpen: data/ShopUVs.dat
03-20 21:50:59.320 21160 21538 I AXL : NvFOpen: DATA/HANDLING.CFG
03-20 21:50:59.337 21160 21538 I AXL : NvFOpen: data/surface.dat
03-20 21:50:59.339 21160 21538 I AXL : NvFOpen: data/surfinfo.dat
03-20 21:50:59.350 21160 21538 I AXL : NvFOpen: data/surfaud.dat
03-20 21:50:59.356 21160 21538 I AXL : NvFOpen: DATA/PEDSTATS.DAT
03-20 21:50:59.361 21160 21538 I AXL : NvFOpen: data/decision/PedEvent.txt
03-20 21:50:59.364 21160 21538 I AXL : NvFOpen:
data/decision/allowed/RANDOM.ped
03-20 21:50:59.369 21160 21538 I AXL : NvFOpen:
data/decision/allowed/m_norm.ped
03-20 21:50:59.372 21160 21538 I AXL : NvFOpen:
data/decision/allowed/m_plyr.ped
03-20 21:50:59.374 21160 21538 I AXL : NvFOpen:
data/decision/allowed/RANDOM.grp
03-20 21:50:59.377 21160 21538 I AXL : NvFOpen:
data/decision/allowed/MISSION.grp
03-20 21:50:59.380 21160 21538 I AXL : NvFOpen:
data/decision/allowed/GangMbr.ped
03-20 21:50:59.384 21160 21538 I AXL : NvFOpen: data/decision/allowed/Cop.ped
03-20 21:50:59.386 21160 21538 I AXL : NvFOpen:
data/decision/allowed/R_Norm.ped
03-20 21:50:59.391 21160 21538 I AXL : NvFOpen:
data/decision/allowed/R_Tough.ped
03-20 21:50:59.394 21160 21538 I AXL : NvFOpen:
data/decision/allowed/R_Weak.ped
03-20 21:50:59.398 21160 21538 I AXL : NvFOpen:
data/decision/allowed/Fireman.ped
03-20 21:50:59.401 21160 21538 I AXL : NvFOpen:
data/decision/allowed/m_empty.ped
03-20 21:50:59.403 21160 21538 I AXL : NvFOpen:
data/decision/allowed/Indoors.ped
03-20 21:50:59.405 21160 21538 I AXL : NvFOpen:
data/decision/allowed/RANDOM.grp
03-20 21:50:59.408 21160 21538 I AXL : NvFOpen:
data/decision/allowed/RANDOM2.grp
03-20 21:50:59.411 21160 21538 I AXL : NvFOpen: DATA/TIMECYC.DAT
03-20 21:50:59.427 21160 21538 I AXL : NvFOpen: data/colorcycle.dat
03-20 21:50:59.433 21160 21538 I AXL : NvFOpen: DATA/POPCYCLE.DAT
03-20 21:50:59.454 21160 21538 I AXL : NvFOpen: AUDIO/CONFIG/BANKSLOT.DAT
03-20 21:50:59.455 21160 21549 D OSWrapper: AttachCurrentThread: 0, 0x0xbb1c3380
03-20 21:50:59.458 21160 21538 I AXL : NvFOpen: AUDIO/CONFIG/BANKLKUP.DAT
03-20 21:50:59.460 21160 21538 I AXL : NvFOpen: AUDIO/CONFIG/PAKFILES.DAT
03-20 21:50:59.463 21160 21538 I AXL : NvFOpen: AUDIO/SFX/FEET.osw
03-20 21:50:59.464 21160 21538 I AXL : NvFOpen: AUDIO/SFX/FEET.osw.idx
03-20 21:50:59.466 21160 21538 I AXL : NvFOpen: AUDIO/SFX/GENRL.osw
03-20 21:50:59.467 21160 21538 I AXL : NvFOpen: AUDIO/SFX/GENRL.osw.idx
03-20 21:50:59.470 21160 21538 I AXL : NvFOpen: AUDIO/SFX/PAIN_A.osw
03-20 21:50:59.472 21160 21538 I AXL : NvFOpen: AUDIO/SFX/PAIN_A.osw.idx
03-20 21:50:59.474 21160 21538 I AXL : NvFOpen: AUDIO/SFX/SCRIPT.osw
03-20 21:50:59.475 21160 21538 I AXL : NvFOpen: AUDIO/SFX/SPC_EA.osw
03-20 21:50:59.476 21160 21538 I AXL : NvFOpen: AUDIO/SFX/SPC_FA.osw
03-20 21:50:59.476 21160 21538 I AXL : NvFOpen: AUDIO/SFX/SPC_GA.osw
03-20 21:50:59.477 21160 21538 I AXL : NvFOpen: AUDIO/SFX/SPC_NA.osw
03-20 21:50:59.477 21160 21538 I AXL : NvFOpen: AUDIO/SFX/SPC_PA.osw
03-20 21:50:59.478 21160 21538 I AXL : NvFOpen: AUDIO/CONFIG/SOUNDINF.DAT
03-20 21:50:59.480 21160 21538 I AXL : NvFOpen: AUDIO/CONFIG/STRMPAKS.DAT
03-20 21:50:59.483 21160 21538 I AXL : NvFOpen: AUDIO/CONFIG/TRAKLKUP.DAT
03-20 21:50:59.485 21160 21538 I AXL : NvFOpen: AUDIO/CONFIG/TRKHEAD.DAT
03-20 21:50:59.487 21160 21538 D evolve.roleplay: PlayerBase::PlayerBase()
03-20 21:50:59.488 21160 21538 D evolve.roleplay:
TrackPlayerBase::TrackPlayerBase()
03-20 21:50:59.488 21160 21538 I libOpenSLES: Emulating old channel mask behavior
(ignoring positional mask 0x3, using default mask 0x3 based on channel count of 2)
03-20 21:50:59.488 21160 21538 D AudioTrack: INSP:
type=audio,case=1,set=0xb118b500,stream_type=-
1,sample_rate=44100,format=0x1,channel_mask=0x3,frame_count=0,flags=0x104,notificat
ion_frames=-2,session_id=2593,transfer_type=0,uid=-1,pid=-1
03-20 21:50:59.488 21160 21538 D AudioTrack: INSP:
type=audio,case=1,attributes=1,content_type=0,usage=1,source=0,flags=0x100
03-20 21:50:59.488 21160 21538 D AudioTrackStub: AudioTrackStub() create
03-20 21:50:59.489 21160 21538 I AudioTrackImpl: initAudioTrackImpl()
03-20 21:50:59.491 21160 21538 D AudioTrack: set: mPowerTrackStatus=0
03-20 21:50:59.505 21160 21538 D AudioTrack: createTrack_l(541): 0xb118b500, mCblk
= 0xb0779000, mLatency = 101, mAfLatency = 53, frameCount = 2127, mSampleRate =
44100, mFlags = 0, mReqFrameCount = 2127, mNotificationFramesAct = 709
03-20 21:50:59.509 21160 21538 I OpenAL_alSource.c: AL lib: (EE)
UpdateDeviceParams: Failed to set 22050hz, got 44100hz instead
03-20 21:50:59.509 21160 21538 D AudioTrack: start(541): 0xb118b500, prior
state:STATE_STOPPED
03-20 21:50:59.527 21160 21538 I AXL : NvFOpen: AUDIO/CONFIG/STRMPAKS.DAT
03-20 21:50:59.528 21160 21557 D OSWrapper: AttachCurrentThread: 0, 0x0xbb1c3580
03-20 21:50:59.530 21160 21538 I AXL : NvFOpen: AUDIO/CONFIG/TRAKLKUP.DAT
03-20 21:50:59.533 21160 21538 I AXL : NvFOpen: AUDIO/CONFIG/TRKHEAD.DAT
03-20 21:50:59.534 21160 21538 I AXL : NvFOpen: AUDIO/CONFIG/EVENTVOL.DAT
03-20 21:50:59.538 21160 21549 I AXL : NvFOpen: AUDIO/SFX/GENRL.osw
03-20 21:50:59.543 21160 21549 I AXL : NvFOpen: AUDIO/SFX/GENRL.osw
03-20 21:50:59.548 21160 21549 I AXL : NvFOpen: AUDIO/SFX/GENRL.osw
03-20 21:50:59.554 21160 21549 I AXL : NvFOpen: AUDIO/SFX/GENRL.osw
03-20 21:50:59.559 21160 21549 I AXL : NvFOpen: AUDIO/SFX/GENRL.osw
03-20 21:50:59.563 21160 21549 I AXL : NvFOpen: AUDIO/SFX/GENRL.osw
03-20 21:50:59.567 21160 21160 D Surface : lockCanvas
03-20 21:50:59.568 21160 21549 I AXL : NvFOpen: AUDIO/SFX/GENRL.osw
03-20 21:50:59.575 21160 21549 I AXL : NvFOpen: AUDIO/SFX/GENRL.osw
03-20 21:50:59.582 21160 21549 I AXL : NvFOpen: AUDIO/SFX/GENRL.osw
03-20 21:50:59.601 21160 21160 D Surface : lockCanvas
03-20 21:50:59.612 21160 21538 I AXL : NvFOpen: GTASAsf10.b
03-20 21:50:59.614 21160 21538 I AXL : Creating "MultiPlayer" button.. (struct:
0xADDDAF9C)
03-20 21:50:59.618 21160 21549 I AXL : NvFOpen: AUDIO/SFX/GENRL.osw
03-20 21:50:59.631 21160 21538 I AXL : NvFOpen: scache.txt
03-20 21:50:59.633 21160 21535 D hw-ProcessState: Binder ioctl to enable oneway
spam detection failed: Invalid argument
03-20 21:50:59.637 21160 21160 D Surface : lockCanvas
03-20 21:50:59.637 21160 21549 I AXL : NvFOpen: AUDIO/SFX/GENRL.osw
03-20 21:50:59.641 21160 21535 E libEGL : pre_cache appList: ,,,,,,
03-20 21:50:59.653 21160 21549 I AXL : NvFOpen: AUDIO/SFX/GENRL.osw
03-20 21:50:59.658 21160 21535 I System.out: swapBuffer wait
03-20 21:50:59.659 21160 21538 I AXL : CGame: InitInMenu
03-20 21:50:59.659 21160 21538 I AXL : Installing patches..
03-20 21:50:59.661 21160 21538 I AXL : SetUpHook: 0xAC4399B0 -> 0xAFAEFAB1
03-20 21:50:59.661 21160 21538 I AXL : SetUpHook: 0xAC438338 -> 0xAFAEFA41
03-20 21:50:59.661 21160 21538 I AXL : SetUpHook: 0xAC439178 -> 0xAFAEFA75
03-20 21:50:59.661 21160 21538 I AXL : SetUpHook: 0xAC584784 -> 0xAFAF41D9
03-20 21:50:59.661 21160 21538 I AXL : SetUpHook: 0xAC5847A0 -> 0xAFAF423D
03-20 21:50:59.661 21160 21538 I AXL : SetUpHook: 0xAC45E47C -> 0xAFAF4275
03-20 21:50:59.662 21160 21538 I AXL : SetUpHook: 0xAC4EC528 -> 0xAFAF3E61
03-20 21:50:59.662 21160 21538 I AXL : SetUpHook: 0xAC72B9D8 -> 0xAFAF40A1
03-20 21:50:59.662 21160 21538 I AXL : SetUpHook: 0xAC7179AC -> 0xAFAF3099
03-20 21:50:59.662 21160 21538 I AXL : SetUpHook: 0xAC6326AC -> 0xAFAF4165
03-20 21:50:59.662 21160 21538 I AXL : SetUpHook: 0xAC446398 -> 0xAFAF1939
03-20 21:50:59.662 21160 21538 I AXL : SetUpHook: 0xAC59CCA8 -> 0xAFAEFCE9
03-20 21:50:59.662 21160 21538 I AXL : SetUpHook: 0xAC55FEF4 -> 0xAFAEF8C9
03-20 21:50:59.662 21160 21538 I AXL : SetUpHook: 0xAC560098 -> 0xAFAEFA05
03-20 21:50:59.662 21160 21538 I AXL : SetUpHook: 0xAC3FED5C -> 0xAFAEFD81
03-20 21:50:59.662 21160 21538 I AXL : SetUpHook: 0xAC45383C -> 0xAFAEFF4D
03-20 21:50:59.662 21160 21538 I AXL : SetUpHook: 0xAC4FB690 -> 0xAFAF007D
03-20 21:50:59.662 21160 21538 I AXL : SetUpHook: 0xAC5A0A88 -> 0xAFAF0109
03-20 21:50:59.662 21160 21538 I AXL : SetUpHook: 0xAC59FF84 -> 0xAFAF010D
03-20 21:50:59.662 21160 21538 I AXL : SetUpHook: 0xAC5A39A8 -> 0xAFAF0299
03-20 21:50:59.663 21160 21538 I AXL : SetUpHook: 0xAC58C0C0 -> 0xAFAF3911
03-20 21:50:59.663 21160 21538 I AXL : SetUpHook: 0xAC647E60 -> 0xAFAF03C1
03-20 21:50:59.663 21160 21538 I AXL : SetUpHook: 0xAC6483CC -> 0xAFAF03F1
03-20 21:50:59.663 21160 21538 I AXL : CodeInject: 0xAC49E9F4 -> 0xafaf02fd
(register: r1)
03-20 21:50:59.663 21160 21538 I AXL : SetUpHook: 0xAC4FB268 -> 0xAFAF0BA5
03-20 21:50:59.663 21160 21538 I AXL : SetUpHook: 0xAC72C964 -> 0xAFAF36C5
03-20 21:50:59.663 21160 21538 I AXL : SetUpHook: 0xAC72B68C -> 0xAFAF37E9
03-20 21:50:59.663 21160 21538 I AXL : SetUpHook: 0xAC4FB618 -> 0xAFAF0C29
03-20 21:50:59.663 21160 21538 I AXL : SetUpHook: 0xAC5C5390 -> 0xAFAF0CD9
03-20 21:50:59.663 21160 21538 I AXL : SetUpHook: 0xAC6E1EF4 -> 0xAFAF0CE5
03-20 21:50:59.663 21160 21538 I AXL : SetUpHook: 0xAC502FF4 -> 0xAFAF0CF5
03-20 21:50:59.663 21160 21538 I AXL : SetUpHook: 0xAC453B10 -> 0xAFAF0D89
03-20 21:50:59.663 21160 21538 I AXL : SetUpHook: 0xAC502A5C -> 0xAFAF0B45
03-20 21:50:59.663 21160 21538 I AXL : SetUpHook: 0xAC6F6118 -> 0xAFAF0B59
03-20 21:50:59.663 21160 21538 I AXL : SetUpHook: 0xAC373CC0 -> 0xAFAF0B2D
03-20 21:50:59.664 21160 21538 I AXL : SetUpHook: 0xAC4A4D30 -> 0xAFAF0B6D
03-20 21:50:59.664 21160 21538 I AXL : SetUpHook: 0xAC4FFD78 -> 0xAFAF0B85
03-20 21:50:59.664 21160 21538 I AXL : SetUpHook: 0xAC6D5B08 -> 0xAFAF3D19
03-20 21:50:59.664 21160 21538 I AXL : SetUpHook: 0xAC59A894 -> 0xAFAF0D95
03-20 21:50:59.664 21160 21538 I AXL : SetUpHook: 0xAC43B510 -> 0xAFAF0EED
03-20 21:50:59.664 21160 21538 I AXL : SetUpHook: 0xAC586BF8 -> 0xAFAF102D
03-20 21:50:59.664 21160 21538 I AXL : SetUpHook: 0xAC55A994 -> 0xAFAF10B5
03-20 21:50:59.664 21160 21538 I AXL : SetUpHook: 0xAC556E20 -> 0xAFAF1229
03-20 21:50:59.664 21160 21538 I AXL : SetUpHook: 0xAC41D910 -> 0xAFAF17A9
03-20 21:50:59.664 21160 21538 I AXL : SetUpHook: 0xAC571114 -> 0xAFAF17DD
03-20 21:50:59.664 21160 21549 I AXL : NvFOpen: AUDIO/SFX/GENRL.osw
03-20 21:50:59.665 21160 21538 I AXL : SetUpHook: 0xAC4FACC0 -> 0xAFAF1885
03-20 21:50:59.665 21160 21538 I AXL : SetUpHook: 0xAC381314 -> 0xAFAF1955
03-20 21:50:59.665 21160 21538 I AXL : SetUpHook: 0xAC36D530 -> 0xAFAF1A29
03-20 21:50:59.665 21160 21538 I AXL : SetUpHook: 0xAC37ED74 -> 0xAFAF1AAD
03-20 21:50:59.665 21160 21538 I AXL : SetUpHook: 0xAC4FDCBC -> 0xAFAF1BC5
03-20 21:50:59.665 21160 21538 I AXL : SetUpHook: 0xAC6D2EF4 -> 0xAFAF1C51
03-20 21:50:59.665 21160 21538 I AXL : SetUpHook: 0xAC55D6CC -> 0xAFAF1D25
03-20 21:50:59.665 21160 21538 I AXL : SetUpHook: 0xAC576778 -> 0xAFAF1FBD
03-20 21:50:59.665 21160 21538 I AXL : SetUpHook: 0xAC699A6C -> 0xAFAF1FD5
03-20 21:50:59.665 21160 21538 I AXL : SetUpHook: 0xAC55D334 -> 0xAFAF209D
03-20 21:50:59.665 21160 21538 I AXL : SetUpHook: 0xAC70B6EC -> 0xAFAF214D
03-20 21:50:59.665 21160 21538 I AXL : SetUpHook: 0xAC6DDEC4 -> 0xAFAF2399
03-20 21:50:59.665 21160 21538 I AXL : SetUpHook: 0xAC6AB71C -> 0xAFAF26A9
03-20 21:50:59.666 21160 21538 I AXL : SetUpHook: 0xAC6A16E8 -> 0xAFAF2685
03-20 21:50:59.666 21160 21538 I AXL : SetUpHook: 0xAC5ADD48 -> 0xAFAF24C9
03-20 21:50:59.666 21160 21538 I AXL : SetUpHook: 0xAC5AD884 -> 0xAFAF2615
03-20 21:50:59.666 21160 21538 I AXL : SetUpHook: 0xAC631EF4 -> 0xAFAF2795
03-20 21:50:59.666 21160 21538 I AXL : SetUpHook: 0xAC59F86C -> 0xAFAF27B9
03-20 21:50:59.666 21160 21538 I AXL : SetUpHook: 0xAC7179FC -> 0xAFAF282D
03-20 21:50:59.666 21160 21538 I AXL : SetUpHook: 0xAC6FA3B4 -> 0xAFAF2B71
03-20 21:50:59.666 21160 21538 I AXL : SetUpHook: 0xAC71765C -> 0xAFAF2E31
03-20 21:50:59.666 21160 21538 I AXL : SetUpHook: 0xAC4428A8 -> 0xAFAF2B45
03-20 21:50:59.666 21160 21538 I AXL : SetUpHook: 0xAC441E88 -> 0xAFAF3119
03-20 21:50:59.666 21160 21538 I AXL : SetUpHook: 0xAC54ED74 -> 0xAFAF3301
03-20 21:50:59.666 21160 21538 I AXL : SetUpHook: 0xAC562C68 -> 0xAFAF3539
03-20 21:50:59.666 21160 21538 I AXL : SetUpHook: 0xAC4E0164 -> 0xAFAF3659
03-20 21:50:59.666 21160 21538 I AXL : SetUpHook: 0xAC5FF17C -> 0xAFAF3695
03-20 21:50:59.666 21160 21538 I AXL : SetUpHook: 0xAC376808 -> 0xAFAF41A1
03-20 21:50:59.666 21160 21538 I AXL : SetUpHook: 0xAC3A9AE4 -> 0xAFAF41B5
03-20 21:50:59.666 21160 21538 I AXL : SetUpHook: 0xAC61F280 -> 0xAFAF95AD
03-20 21:50:59.667 21160 21538 I AXL : SetUpHook: 0xAC56208C -> 0xAFAF8B75
03-20 21:50:59.667 21160 21538 I AXL : SetUpHook: 0xAC562110 -> 0xAFAF8BE1
03-20 21:50:59.667 21160 21538 I AXL : SetUpHook: 0xAC56254C -> 0xAFAF9241
03-20 21:50:59.667 21160 21538 I AXL : SetUpHook: 0xAC562528 -> 0xAFAF92DD
03-20 21:50:59.667 21160 21538 I AXL : SetUpHook: 0xAC562344 -> 0xAFAF9379
03-20 21:50:59.667 21160 21538 I AXL : SetUpHook: 0xAC562368 -> 0xAFAF93F1
03-20 21:50:59.667 21160 21538 I AXL : SetUpHook: 0xAC563AA4 -> 0xAFAF8C4D
03-20 21:50:59.667 21160 21538 I AXL : SetUpHook: 0xAC5639B8 -> 0xAFAF8CA1
03-20 21:50:59.667 21160 21538 I AXL : SetUpHook: 0xAC56396C -> 0xAFAF8D1D
03-20 21:50:59.667 21160 21538 I AXL : SetUpHook: 0xAC563824 -> 0xAFAF8D85
03-20 21:50:59.667 21160 21538 I AXL : SetUpHook: 0xAC5638C0 -> 0xAFAF8DD9
03-20 21:50:59.667 21160 21538 I AXL : SetUpHook: 0xAC563A0C -> 0xAFAF8E2D
03-20 21:50:59.667 21160 21538 I AXL : SetUpHook: 0xAC563A4C -> 0xAFAF8E81
03-20 21:50:59.667 21160 21160 D Surface : lockCanvas
03-20 21:50:59.667 21160 21538 I AXL : SetUpHook: 0xAC562D9C -> 0xAFAF8F05
03-20 21:50:59.667 21160 21538 I AXL : SetUpHook: 0xAC563038 -> 0xAFAF9955
03-20 21:50:59.667 21160 21538 I AXL : SetUpHook: 0xAC563498 -> 0xAFAF9A39
03-20 21:50:59.667 21160 21538 I AXL : SetUpHook: 0xAC563418 -> 0xAFAF9A01
03-20 21:50:59.667 21160 21538 I AXL : SetUpHook: 0xAC686748 -> 0xAFAF99E1
03-20 21:50:59.668 21160 21538 I AXL : SetUpHook: 0xAC5637B0 -> 0xAFAF8ED9
03-20 21:50:59.668 21160 21538 I AXL : SetUpHook: 0xAC562B50 -> 0xAFAF8F79
03-20 21:50:59.668 21160 21538 I AXL : SetUpHook: 0xAC5619E4 -> 0xAFAF8FC9
03-20 21:50:59.668 21160 21538 I AXL : SetUpHook: 0xAC561BF0 -> 0xAFAF900D
03-20 21:50:59.668 21160 21538 I AXL : SetUpHook: 0xAC562B7C -> 0xAFAF9049
03-20 21:50:59.668 21160 21538 I AXL : SetUpHook: 0xAC562938 -> 0xAFAF9111
03-20 21:50:59.668 21160 21538 I AXL : SetUpHook: 0xAC562754 -> 0xAFAF9159
03-20 21:50:59.668 21160 21538 I AXL : SetUpHook: 0xAC5624F8 -> 0xAFAF9469
03-20 21:50:59.668 21160 21538 I AXL : SetUpHook: 0xAC5624C8 -> 0xAFAF91A1
03-20 21:50:59.668 21160 21538 I AXL : SetUpHook: 0xAC562A1C -> 0xAFAF9555
03-20 21:50:59.668 21160 21538 I AXL : SetUpHook: 0xAC562D30 -> 0xAFAF9C75
03-20 21:50:59.668 21160 21538 I AXL : GUI | Display size: 2460.000000,
1080.000000
03-20 21:50:59.668 21160 21538 I AXL : GUI | Scale factor: 1.281250, 1.000000
Font size: 30.000000
03-20 21:50:59.669 21160 21538 I AXL : GUI | Loading font: visby-round-cf-
extra-bold.ttf
03-20 21:50:59.671 21160 21538 I AXL : GUI | ImFont pointer = 0xE07FC100
03-20 21:50:59.673 21160 21538 I AXL : Error: Texture (splash_icon) not found
in database (txd)
03-20 21:50:59.673 21160 21538 I AXL : Error: Texture (radardisc_r) not found
in database (samp)
03-20 21:50:59.673 21160 21538 I AXL : Initalizing KeyBoard..
03-20 21:50:59.673 21160 21538 I AXL : Size: 2460.000000, 594.000000. Pos:
0.000000, 486.000000
03-20 21:50:59.673 21160 21538 I AXL : font size: 70.000000. Key's height:
118.800003
03-20 21:50:59.673 21160 21538 I AXL : Initalizing KeyBoardHistory..
03-20 21:50:59.673 21160 21538 I AXL : InitENG
03-20 21:50:59.674 21160 21538 I AXL : InitRU
03-20 21:50:59.674 21160 21538 I AXL : InitNUM
03-20 21:50:59.674 21160 21538 I AXL : KeyBoard inited
03-20 21:50:59.674 21160 21538 I AXL : Loading afk_icon..
03-20 21:50:59.674 21160 21538 I AXL : KillList initialize
03-20 21:50:59.675 21160 21549 I AXL : NvFOpen: AUDIO/SFX/GENRL.osw
03-20 21:50:59.683 21160 21549 I AXL : NvFOpen: AUDIO/SFX/GENRL.osw
03-20 21:50:59.691 21160 21549 I AXL : NvFOpen: AUDIO/SFX/GENRL.osw
03-20 21:50:59.695 21160 21549 I AXL : NvFOpen: AUDIO/SFX/GENRL.osw
03-20 21:50:59.699 21160 21549 I AXL : NvFOpen: AUDIO/SFX/GENRL.osw
03-20 21:50:59.701 21160 21160 D Surface : lockCanvas
03-20 21:50:59.706 21160 21549 I AXL : NvFOpen: AUDIO/SFX/GENRL.osw
03-20 21:50:59.715 21160 21549 I AXL : NvFOpen: AUDIO/SFX/GENRL.osw
03-20 21:50:59.719 21160 21549 I AXL : NvFOpen: AUDIO/SFX/GENRL.osw
03-20 21:50:59.723 21160 21549 I AXL : NvFOpen: AUDIO/SFX/GENRL.osw
03-20 21:50:59.731 21160 21549 I AXL : NvFOpen: AUDIO/SFX/GENRL.osw
03-20 21:50:59.734 21160 21160 D Surface : lockCanvas
03-20 21:50:59.736 21160 21549 I AXL : NvFOpen: AUDIO/SFX/GENRL.osw
03-20 21:50:59.741 21160 21549 I AXL : NvFOpen: AUDIO/SFX/GENRL.osw
03-20 21:50:59.748 21160 21549 I AXL : NvFOpen: AUDIO/SFX/GENRL.osw
03-20 21:50:59.753 21160 21549 I AXL : NvFOpen: AUDIO/SFX/GENRL.osw
03-20 21:50:59.758 21160 21549 I AXL : NvFOpen: AUDIO/SFX/GENRL.osw
03-20 21:50:59.764 21160 21549 I AXL : NvFOpen: AUDIO/SFX/GENRL.osw
03-20 21:50:59.767 21160 21160 D Surface : lockCanvas
03-20 21:50:59.771 21160 21549 I AXL : NvFOpen: AUDIO/SFX/GENRL.osw
03-20 21:50:59.778 21160 21549 I AXL : NvFOpen: AUDIO/SFX/GENRL.osw
03-20 21:50:59.783 21160 21549 I AXL : NvFOpen: AUDIO/SFX/GENRL.osw
03-20 21:50:59.789 21160 21549 I AXL : NvFOpen: AUDIO/SFX/GENRL.osw
03-20 21:50:59.790 21160 21160 D Surface : lockCanvas
03-20 21:50:59.791 21160 21549 I AXL : NvFOpen: AUDIO/SFX/GENRL.osw
03-20 21:50:59.796 21160 21549 I AXL : NvFOpen: AUDIO/SFX/GENRL.osw
03-20 21:50:59.800 21160 21549 I AXL : NvFOpen: AUDIO/SFX/GENRL.osw
03-20 21:50:59.805 21160 21549 I AXL : NvFOpen: AUDIO/SFX/GENRL.osw
03-20 21:50:59.811 21160 21160 D Surface : lockCanvas
03-20 21:50:59.812 21160 21549 I AXL : NvFOpen: AUDIO/SFX/GENRL.osw
03-20 21:50:59.820 21160 21549 I AXL : NvFOpen: AUDIO/SFX/GENRL.osw
03-20 21:50:59.834 21160 21160 D Surface : lockCanvas
03-20 21:50:59.835 21160 21549 I AXL : NvFOpen: AUDIO/SFX/GENRL.osw
03-20 21:50:59.850 21160 21549 I AXL : NvFOpen: AUDIO/SFX/GENRL.osw
03-20 21:50:59.856 21160 21549 I AXL : NvFOpen: AUDIO/SFX/GENRL.osw
03-20 21:50:59.864 21160 21549 I AXL : NvFOpen: AUDIO/SFX/GENRL.osw
03-20 21:50:59.868 21160 21549 I AXL : NvFOpen: AUDIO/SFX/GENRL.osw
03-20 21:50:59.895 21160 21538 I AXL : GUI | CreateDeviceObjects.
03-20 21:50:59.903 21160 21535 D BLASTBufferQueue:
[SurfaceView[com.evolve.roleplay/com.evolve.roleplay.core.GTASA]#7](f:0,a:1)
acquireNextBufferLocked size=2460x1080 mFrameNumber=1 applyTransaction=true
mTimestamp=20655870213076(auto) mPendingTransactions.size=0
graphicBufferId=90881507983375 transform=7
03-20 21:50:59.918 21160 21549 I AXL : NvFOpen: AUDIO/SFX/GENRL.osw
03-20 21:50:59.920 21160 21160 D Surface : lockCanvas
03-20 21:50:59.955 21160 21549 I AXL : NvFOpen: AUDIO/SFX/FEET.osw
03-20 21:50:59.960 21160 21538 I AXL : GUI | Font atlas width: 1024, height:
512, depth: 32
03-20 21:50:59.962 21160 21549 I AXL : NvFOpen: AUDIO/SFX/FEET.osw
03-20 21:50:59.967 21160 21549 I AXL : NvFOpen: AUDIO/SFX/FEET.osw
03-20 21:50:59.969 21160 21538 I AXL : GUI | Vertex buffer reallocated. Size:
30000
03-20 21:50:59.969 21160 21538 I AXL : NvFOpen: scache_small.txt
03-20 21:50:59.972 21160 21549 I AXL : NvFOpen: AUDIO/SFX/FEET.osw
03-20 21:50:59.979 21160 21549 I AXL : NvFOpen: AUDIO/SFX/FEET.osw
03-20 21:50:59.982 21160 21538 I AXL : NvFOpen: gta3.ini
03-20 21:50:59.983 21160 21538 I AXL : NvFOpen: DATA/ANIMGRP.DAT
03-20 21:50:59.984 21160 21549 I AXL : NvFOpen: AUDIO/SFX/FEET.osw
03-20 21:50:59.988 21160 21538 I AXL : NvFOpen: TEXDB/GTA3.IMG
03-20 21:50:59.989 21160 21549 I AXL : NvFOpen: AUDIO/SFX/FEET.osw
03-20 21:50:59.992 21160 21549 I AXL : NvFOpen: AUDIO/SFX/FEET.osw
03-20 21:50:59.992 21160 21538 I AXL : NvFOpen: TEXDB/GTA_INT.IMG
03-20 21:50:59.995 21160 21538 I AXL : NvFOpen: TEXDB/SAMP.IMG
03-20 21:50:59.996 21160 21549 I AXL : NvFOpen: AUDIO/SFX/FEET.osw
03-20 21:50:59.997 21160 21538 I AXL : NvFOpen: TEXDB/SAMPCOL.IMG
03-20 21:51:00.001 21160 21549 I AXL : NvFOpen: AUDIO/SFX/GENRL.osw
03-20 21:51:00.006 21160 21538 I AXL : NvFOpen: stream.ini
03-20 21:51:00.008 21160 21538 I AXL : NvFOpen: DATA/melee.dat
03-20 21:51:00.011 21160 21549 I AXL : NvFOpen: AUDIO/SFX/GENRL.osw
03-20 21:51:00.014 21160 21538 I AXL : NvFOpen: models/effects.fxp
03-20 21:51:00.020 21160 21549 I AXL : NvFOpen: AUDIO/SFX/GENRL.osw
03-20 21:51:00.028 21160 21549 I AXL : NvFOpen: AUDIO/SFX/GENRL.osw
03-20 21:51:00.033 21160 21549 I AXL : NvFOpen: AUDIO/SFX/GENRL.osw
03-20 21:51:00.041 21160 21549 I AXL : NvFOpen: AUDIO/SFX/GENRL.osw
03-20 21:51:00.058 21160 21549 I AXL : NvFOpen: AUDIO/SFX/GENRL.osw
03-20 21:51:00.065 21160 21549 I AXL : NvFOpen: AUDIO/SFX/GENRL.osw
03-20 21:51:00.072 21160 21549 I AXL : NvFOpen: AUDIO/SFX/GENRL.osw
03-20 21:51:00.085 21160 21549 I AXL : NvFOpen: AUDIO/SFX/GENRL.osw
03-20 21:51:00.094 21160 21549 I AXL : NvFOpen: AUDIO/SFX/GENRL.osw
03-20 21:51:00.108 21160 21549 I AXL : NvFOpen: AUDIO/SFX/GENRL.osw
03-20 21:51:00.114 21160 21549 I AXL : NvFOpen: AUDIO/SFX/GENRL.osw
03-20 21:51:00.122 21160 21549 I AXL : NvFOpen: AUDIO/SFX/GENRL.osw
03-20 21:51:00.129 21160 21549 I AXL : NvFOpen: AUDIO/SFX/GENRL.osw
03-20 21:51:00.135 21160 21549 I AXL : NvFOpen: AUDIO/SFX/GENRL.osw
03-20 21:51:00.146 21160 21549 I AXL : NvFOpen: AUDIO/SFX/GENRL.osw
03-20 21:51:00.157 21160 21549 I AXL : NvFOpen: AUDIO/SFX/GENRL.osw
03-20 21:51:00.162 21160 21549 I AXL : NvFOpen: AUDIO/SFX/GENRL.osw
03-20 21:51:00.166 21160 21549 I AXL : NvFOpen: AUDIO/SFX/GENRL.osw
03-20 21:51:00.177 21160 21549 I AXL : NvFOpen: AUDIO/SFX/GENRL.osw
03-20 21:51:00.183 21160 21549 I AXL : NvFOpen: AUDIO/SFX/GENRL.osw
03-20 21:51:00.197 21160 21549 I AXL : NvFOpen: AUDIO/SFX/GENRL.osw
03-20 21:51:00.205 21160 21549 I AXL : NvFOpen: AUDIO/SFX/GENRL.osw
03-20 21:51:00.219 21160 21549 I AXL : NvFOpen: AUDIO/SFX/GENRL.osw
03-20 21:51:00.224 21160 21549 I AXL : NvFOpen: AUDIO/SFX/GENRL.osw
03-20 21:51:00.228 21160 21549 I AXL : NvFOpen: AUDIO/SFX/GENRL.osw
03-20 21:51:00.238 21160 21549 I AXL : NvFOpen: AUDIO/SFX/GENRL.osw
03-20 21:51:00.252 21160 21549 I AXL : NvFOpen: AUDIO/SFX/GENRL.osw
03-20 21:51:00.259 21160 21549 I AXL : NvFOpen: AUDIO/SFX/GENRL.osw
03-20 21:51:00.269 21160 21549 I AXL : NvFOpen: AUDIO/SFX/GENRL.osw
03-20 21:51:00.277 21160 21549 I AXL : NvFOpen: AUDIO/SFX/GENRL.osw
03-20 21:51:00.288 21160 21160 W Looper : PerfMonitor doFrame : time=387ms
vsyncFrame=0 latency=1ms procState=-1
03-20 21:51:00.288 21160 21160 I Choreographer: Skipped 33 frames! The application
may be doing too much work on its main thread.
03-20 21:51:00.289 21160 21160 W Looper : PerfMonitor doFrame : time=1ms
vsyncFrame=0 latency=367ms procState=-1 historyMsgCount=1 (msgIndex=1 wall=387ms
seq=346 late=1ms h=android.view.Choreographer$FrameHandler
c=android.view.Choreographer$FrameDisplayEventReceiver)
03-20 21:51:00.292 21160 21549 I AXL : NvFOpen: AUDIO/SFX/GENRL.osw
03-20 21:51:00.294 21160 21549 I AXL : NvFOpen: AUDIO/SFX/GENRL.osw
03-20 21:51:00.297 21160 21549 I AXL : NvFOpen: AUDIO/SFX/GENRL.osw
03-20 21:51:00.300 21160 21549 I AXL : NvFOpen: AUDIO/SFX/GENRL.osw
03-20 21:51:00.306 21160 21549 I AXL : NvFOpen: AUDIO/SFX/GENRL.osw
03-20 21:51:00.312 21160 21549 I AXL : NvFOpen: AUDIO/SFX/GENRL.osw
03-20 21:51:00.317 21160 21549 I AXL : NvFOpen: AUDIO/SFX/GENRL.osw
03-20 21:51:00.319 21160 21549 I AXL : NvFOpen: AUDIO/SFX/GENRL.osw
03-20 21:51:00.322 21160 21549 I AXL : NvFOpen: AUDIO/SFX/GENRL.osw
03-20 21:51:00.326 21160 21549 I AXL : NvFOpen: AUDIO/SFX/GENRL.osw
03-20 21:51:00.330 21160 21549 I AXL : NvFOpen: AUDIO/SFX/GENRL.osw
03-20 21:51:00.340 21160 21549 I AXL : NvFOpen: AUDIO/SFX/GENRL.osw
03-20 21:51:00.346 21160 21549 I AXL : NvFOpen: AUDIO/SFX/GENRL.osw
03-20 21:51:00.351 21160 21549 I AXL : NvFOpen: AUDIO/SFX/GENRL.osw
03-20 21:51:00.356 21160 21549 I AXL : NvFOpen: AUDIO/SFX/GENRL.osw
03-20 21:51:00.362 21160 21549 I AXL : NvFOpen: AUDIO/SFX/GENRL.osw
