03-20 21:48:18.557 17688 17898 I AXL : NvFOpen: DATA/MAPS/interior/gen_int4.IDE
03-20 21:48:18.565 17688 17688 D Surface : lockCanvas
03-20 21:48:18.569 17688 17898 I AXL : NvFOpen: DATA/MAPS/interior/gen_int5.IDE
03-20 21:48:18.581 17688 17898 I AXL : NvFOpen: DATA/MAPS/interior/savehous.IDE
03-20 21:48:18.590 17688 17898 I AXL : NvFOpen: DATA/MAPS/interior/stadint.IDE
03-20 21:48:18.598 17688 17688 D Surface : lockCanvas
03-20 21:48:18.602 17688 17898 I AXL : NvFOpen: DATA/MAPS/leveldes/seabed.IDE
03-20 21:48:18.616 17688 17898 I AXL : NvFOpen: DATA/MAPS/interior/props.IDE
03-20 21:48:18.631 17688 17688 D Surface : lockCanvas
03-20 21:48:18.636 17688 17898 I AXL : NvFOpen: DATA/MAPS/interior/props2.IDE
03-20 21:48:18.652 17688 17898 I AXL : NvFOpen: DATA/MAPS/interior/propext.IDE
0e : lockCanvas
03-20 21:48:18.569 17688 17898 I AXL : NvFOpen: DATA/MAPS/interior/gen_int5.IDE
03-20 21:48:18.581 17688 17898 I AXL : NvFOpen: DATA/MAPS/interior/savehous.IDE
03-20 21:48:18.590 17688 17898 I AXL : NvFOpen: DATA/MAPS/interior/stadint.IDE
03-20 21:48:18.598 17688 17688 D Surface : lockCanvas
03-20 21:48:18.602 17688 17898 I AXL : NvFOpen: DATA/MAPS/leveldes/seabed.IDE
03-20 21:48:18.616 17688 17898 I AXL : NvFOpen: DATA/MAPS/interior/props.IDE
03-20 21:48:18.631 17688 17688 D Surface : lockCanvas
03-20 21:48:18.636 17688 17898 I AXL : NvFOpen: DATA/MAPS/interior/props2.IDE
03-20 21:48:18.652 17688 17898 I AXL : NvFOpen: DATA/MAPS/interior/propext.IDE
03-20 21:48:18.659 17688 17898 I AXL : NvFOpen: DATA/MAPS/veh_mods/veh_mods.IDE
03-20 21:48:18.663 17688 17898 I AXL : NvFOpen: DATA/TXDCUT.IDE
03-20 21:48:18.665 17688 17688 D Surface : lockCanvas
03-20 21:48:18.670 17688 17898 I AXL : NvFOpen: SAMP/samp.IDE
03-20 21:48:18.699 17688 17688 D Surface : lockCanvas
03-20 21:48:18.744 17688 17898 I AXL : NvFOpen: DATA/OBJECT.DAT
03-20 21:48:18.831 17688 17898 I AXL : NvFOpen: DATA/CARCOLS.DAT
03-20 21:48:18.845 17688 17688 D Surface : lockCanvas
03-20 21:48:18.858 17688 17898 I AXL : NvFOpen: DATA/CARMODS.DAT
03-20 21:48:18.888 17688 17688 D Surface : lockCanvas
03-20 21:48:18.932 17688 17688 D Surface : lockCanvas
03-20 21:48:18.959 17688 17898 I AXL : NvFOpen: TEXDB/GTA3.IMG
03-20 21:48:18.965 17688 17688 D Surface : lockCanvas
03-20 21:48:18.999 17688 17688 D Surface : lockCanvas
03-20 21:48:19.345 17688 17898 I AXL : NvFOpen: TEXDB/GTA_INT.IMG
03-20 21:48:19.406 17688 17898 I AXL : NvFOpen: TEXDB/SAMP.IMG
03-20 21:48:19.418 17688 17898 I AXL : NvFOpen: TEXDB/SAMPCOL.IMG
03-20 21:48:19.422 17688 17898 I AXL : NvFOpen: DATA/SCRIPT/SCRIPTV1.IMG
03-20 21:48:19.424 17688 17898 I AXL : NvFOpen: TEXDB/CUTSCENE.IMG
03-20 21:48:19.476 17688 17688 D Surface : lockCanvas
03-20 21:48:19.659 17688 17898 I AXL : NvFOpen: DATA/MAP.ZON
03-20 21:48:19.664 17688 17898 I AXL : NvFOpen: DATA/INFO.ZON
03-20 21:48:19.666 17688 17688 D Surface : lockCanvas
03-20 21:48:19.672 17688 17898 I AXL : NvFOpen: DATA/MAPS/LA/LAn.IPL
03-20 21:48:19.680 17688 17898 I AXL : NvFOpen: DATA/MAPS/LA/LAn2.IPL
03-20 21:48:19.689 17688 17898 I AXL : NvFOpen: DATA/MAPS/LA/LAs.IPL
03-20 21:48:19.701 17688 17898 I AXL : NvFOpen: DATA/MAPS/LA/LAs2.IPL
03-20 21:48:19.716 17688 17688 D Surface : lockCanvas
03-20 21:48:19.732 17688 17898 I AXL : NvFOpen: DATA/MAPS/LA/LAe.IPL
03-20 21:48:19.757 17688 17898 I AXL : NvFOpen: DATA/MAPS/LA/LAe2.IPL
03-20 21:48:19.771 17688 17688 D Surface : lockCanvas
03-20 21:48:19.793 17688 17898 I AXL : NvFOpen: DATA/MAPS/LA/LAw.IPL
03-20 21:48:19.813 17688 17898 I AXL : NvFOpen: DATA/MAPS/LA/LAwn.IPL
03-20 21:48:19.822 17688 17688 D Surface : lockCanvas
03-20 21:48:19.835 17688 17898 I AXL : NvFOpen: DATA/MAPS/LA/LAw2.IPL
03-20 21:48:19.851 17688 17898 I AXL : NvFOpen: DATA/MAPS/LA/LAhills.IPL
03-20 21:48:19.856 17688 17688 D Surface : lockCanvas
03-20 21:48:19.867 17688 17898 I AXL : NvFOpen: DATA/MAPS/SF/SFn.IPL
03-20 21:48:19.882 17688 17898 I AXL : NvFOpen: DATA/MAPS/SF/SFs.IPL
03-20 21:48:19.889 17688 17688 D Surface : lockCanvas
03-20 21:48:19.905 17688 17898 I AXL : NvFOpen: DATA/MAPS/SF/SFse.IPL
03-20 21:48:19.921 17688 17688 D Surface : lockCanvas
03-20 21:48:19.925 17688 17898 I AXL : NvFOpen: DATA/MAPS/SF/SFe.IPL
03-20 21:48:19.949 17688 17898 I AXL : NvFOpen: DATA/MAPS/SF/SFw.IPL
03-20 21:48:19.966 17688 17898 I AXL : NvFOpen: DATA/MAPS/vegas/vegasN.IPL
03-20 21:48:19.988 17688 17898 I AXL : NvFOpen: DATA/MAPS/vegas/vegasS.IPL
03-20 21:48:19.989 17688 17688 D Surface : lockCanvas
03-20 21:48:20.008 17688 17898 I AXL : NvFOpen: DATA/MAPS/vegas/vegasE.IPL
03-20 21:48:20.022 17688 17688 D Surface : lockCanvas
03-20 21:48:20.052 17688 17898 I AXL : NvFOpen: DATA/MAPS/vegas/vegasW.IPL
03-20 21:48:20.058 17688 17688 D Surface : lockCanvas
03-20 21:48:20.119 176883-20 21:48:18.659 17688 17898 I AXL : NvFOpen:
DATA/MAPS/veh_mods/veh_mods.IDE
03-20 21:48:18.663 17688 17898 I AXL : NvFOpen: DATA/TXDCUT.IDE
03-20 21:48:18.665 17688 17688 D Surface : lockCanvas
03-20 21:48:18.670 17688 17898 I AXL : NvFOpen: SAMP/samp.IDE
03-20 21:48:18.699 17688 17688 D Surface : lockCanvas
03-20 21:48:18.744 17688 17898 I AXL : NvFOpen: DATA/OBJECT.DAT
03-20 21:48:18.831 17688 17898 I AXL : NvFOpen: DATA/CARCOLS.DAT
03-20 21:48:18.845 17688 17688 D Surface : lockCanvas
03-20 21:48:18.858 17688 17898 I AXL : NvFOpen: DATA/CARMODS.DAT
03-20 21:48:18.888 17688 17688 D Surface : lockCanvas
03-20 21:48:18.932 17688 17688 D Surface : lockCanvas
03-20 21:48:18.959 17688 17898 I AXL : NvFOpen: TEXDB/GTA3.IMG
03-20 21:48:18.965 17688 17688 D Surface : lockCanvas
03-20 21:48:18.999 17688 17688 D Surface : lockCanvas
03-20 21:48:19.345 17688 17898 I AXL : NvFOpen: TEXDB/GTA_INT.IMG
03-20 21:48:19.406 17688 17898 I AXL : NvFOpen: TEXDB/SAMP.IMG
03-20 21:48:19.418 17688 17898 I AXL : NvFOpen: TEXDB/SAMPCOL.IMG
03-20 21:48:19.422 17688 17898 I AXL : NvFOpen: DATA/SCRIPT/SCRIPTV1.IMG
03-20 21:48:19.424 17688 17898 I AXL : NvFOpen: TEXDB/CUTSCENE.IMG
03-20 21:48:19.476 17688 17688 D Surface : lockCanvas
03-20 21:48:19.659 17688 17898 I AXL : NvFOpen: DATA/MAP.ZON
03-20 21:48:19.664 17688 17898 I AXL : NvFOpen: DATA/INFO.ZON
03-20 21:48:19.666 17688 17688 D Surface : lockCanvas
03-20 21:48:19.672 17688 17898 I AXL : NvFOpen: DATA/MAPS/LA/LAn.IPL
03-20 21:48:19.680 17688 17898 I AXL : NvFOpen: DATA/MAPS/LA/LAn2.IPL
03-20 21:48:19.689 17688 17898 I AXL : NvFOpen: DATA/MAPS/LA/LAs.IPL
03-20 21:48:19.701 17688 17898 I AXL : NvFOpen: DATA/MAPS/LA/LAs2.IPL
03-20 21:48:19.716 17688 17688 D Surface : lockCanvas
03-20 21:48:19.732 17688 17898 I AXL : NvFOpen: DATA/MAPS/LA/LAe.IPL
03-20 21:48:19.757 17688 17898 I AXL : NvFOpen: DATA/MAPS/LA/LAe2.IPL
03-20 21:48:19.771 17688 17688 D Surface : lockCanvas
03-20 21:48:19.793 17688 17898 I AXL : NvFOpen: DATA/MAPS/LA/LAw.IPL
03-20 21:48:19.813 17688 17898 I AXL : NvFOpen: DATA/MAPS/LA/LAwn.IPL
03-20 21:48:19.822 17688 17688 D Surface : lockCanvas
03-20 21:48:19.835 17688 17898 I AXL : NvFOpen: DATA/MAPS/LA/LAw2.IPL
03-20 21:48:19.851 17688 17898 I AXL : NvFOpen: DATA/MAPS/LA/LAhills.IPL
03-20 21:48:19.856 17688 17688 D Surface : lockCanvas
03-20 21:48:19.867 17688 17898 I AXL : NvFOpen: DATA/MAPS/SF/SFn.IPL
03-20 21:48:19.882 17688 17898 I AXL : NvFOpen: DATA/MAPS/SF/SFs.IPL
03-20 21:48:19.889 17688 17688 D Surface : lockCanvas
03-20 21:48:19.905 17688 17898 I AXL : NvFOpen: DATA/MAPS/SF/SFse.IPL
03-20 21:48:19.921 17688 17688 D Surface : lockCanvas
03-20 21:48:19.925 17688 17898 I AXL : NvFOpen: DATA/MAPS/SF/SFe.IPL
03-20 21:48:19.949 17688 17898 I AXL : NvFOpen: DATA/MAPS/SF/SFw.IPL
03-20 21:48:19.966 17688 17898 I AXL : NvFOpen: DATA/MAPS/vegas/vegasN.IPL
03-20 21:48:19.988 17688 17898 I AXL : NvFOpen: DATA/MAPS/vegas/vegasS.IPL
03-20 21:48:19.989 17688 17688 D Surface : lockCanvas
03-20 21:48:20.008 17688 17898 I AXL : NvFOpen: DATA/MAPS/vegas/vegasE.IPL
03-20 21:48:20.022 17688 17688 D Surface : lockCanvas
03-20 21:48:20.052 17688 17898 I AXL : NvFOpen: DATA/MAPS/vegas/vegasW.IPL
03-20 21:48:20.058 17688 17688 D Surface : lockCanvas
03-20 21:48:20.119 17688 17898 I AXL : NvFOpen: DATA/MAPS/country/countryN.IPL
03-20 21:48:20.122 17688 17688 D Surface : lockCanvas
03-20 21:48:20.135 17688 17898 I AXL : NvFOpen: DATA/MAPS/country/countN2.IPL
03-20 21:48:20.155 17688 17688 D Surface : lockCanvas
03-20 21:48:20.174 17688 17898 I AXL : NvFOpen: DATA/MAPS/country/countrys.IPL
03-20 21:48:20.214 17688 17898 I AXL : NvFOpen: DATA/MAPS/country/countryE.IPL
03-20 21:48:20.223 17688 17688 D Surface : lockCanvas
03-20 21:48:20.258 17688 17898 I AXL : NvFOpen: DATA/MAPS/country/countryW.IPL
03-20 21:48:20.268 17688 17688 D Surface : lockCanvas
03-20 21:48:20.344 17688 17898 I AXL : NvFOpen: DATA/MAPS/interior/int_LA.IPL
03-20 21:48:20. 17898 I AXL : NvFOpen: DATA/MAPS/country/countryN.IPL
03-20 21:48:20.122 17688 17688 D Surface : lockCanvas
03-20 21:48:20.135 17688 17898 I AXL : NvFOpen: DATA/MAPS/country/countN2.IPL
03-20 21:48:20.155 17688 17688 D Surface : lockCanvas
03-20 21:48:20.174 17688 17898 I AXL : NvFOpen: DATA/MAPS/country/countrys.IPL
03-20 21:48:20.214 17688 17898 I AXL : NvFOpen: DATA/MAPS/country/countryE.IPL
03-20 21:48:20.223 17688 17688 D Surface : lockCanvas
03-20 21:48:20.258 17688 17898 I AXL : NvFOpen: DATA/MAPS/country/countryW.IPL
03-20 21:48:20.268 17688 17688 D Surface : lockCanvas
03-20 21:48:20.344 17688 17898 I AXL : NvFOpen: DATA/MAPS/interior/int_LA.IPL
03-20 21:48:20.361 17688 17898 I AXL : NvFOpen: DATA/MAPS/interior/int_SF.IPL
03-20 21:48:20.368 17688 17688 D Surface : lockCanvas
03-20 21:48:20.393 17688 17898 I AXL : NvFOpen: DATA/MAPS/interior/int_veg.IPL
03-20 21:48:20.426 17688 17688 D Surface : lockCanvas
03-20 21:48:20.445 17688 17898 I AXL : NvFOpen: DATA/MAPS/interior/int_cont.IPL
03-20 21:48:20.482 17688 17688 D Surface : lockCanvas
03-20 21:48:20.483 17688 17898 I AXL : NvFOpen: DATA/MAPS/interior/gen_int1.IPL
03-20 21:48:20.550 17688 17898 I AXL : NvFOpen: DATA/MAPS/interior/gen_int2.IPL
03-20 21:48:20.568 17688 17688 D Surface : lockCanvas
03-20 21:48:20.589 17688 17898 I AXL : NvFOpen: DATA/MAPS/interior/gen_intb.IPL
03-20 21:48:20.613 17688 17898 I AXL : NvFOpen: DATA/MAPS/interior/gen_int3.IPL
03-20 21:48:20.620 17688 17688 D Surface : lockCanvas
03-20 21:48:20.629 17688 17898 I AXL : NvFOpen: DATA/MAPS/interior/gen_int4.IPL
03-20 21:48:20.683 17688 17688 D Surface : lockCanvas
03-20 21:48:20.707 17688 17898 I AXL : NvFOpen: DATA/MAPS/interior/gen_int5.IPL
03-20 21:48:20.731 17688 17688 D Surface : lockCanvas
03-20 21:48:20.755 17688 17898 I AXL : NvFOpen: DATA/MAPS/interior/stadint.IPL
03-20 21:48:20.780 17688 17688 D Surface : lockCanvas
03-20 21:48:20.817 17688 17898 I AXL : NvFOpen: DATA/MAPS/interior/savehous.IPL
03-20 21:48:20.836 17688 17688 D Surface : lockCanvas
03-20 21:48:20.884 17688 17898 I AXL : NvFOpen: DATA/MAPS/leveldes/levelmap.IPL
03-20 21:48:20.912 17688 17898 I AXL : NvFOpen: DATA/MAPS/leveldes/seabed.IPL
03-20 21:48:20.919 17688 17688 D Surface : lockCanvas
03-20 21:48:21.001 17688 17898 I AXL : NvFOpen: DATA/MAPS/paths.ipl
03-20 21:48:21.009 17688 17898 I AXL : NvFOpen: DATA/MAPS/paths2.ipl
03-20 21:48:21.012 17688 17688 D Surface : lockCanvas
03-20 21:48:21.056 17688 17688 D Surface : lockCanvas
03-20 21:48:21.083 17688 17898 I AXL : NvFOpen: DATA/MAPS/paths3.ipl
03-20 21:48:21.115 17688 17688 D Surface : lockCanvas
03-20 21:48:21.117 17688 17898 I AXL : NvFOpen: DATA/MAPS/paths4.ipl
03-20 21:48:21.136 17688 17898 I AXL : NvFOpen: DATA/MAPS/paths5.ipl
03-20 21:48:21.159 17688 17688 D Surface : lockCanvas
03-20 21:48:21.174 17688 17898 I AXL : NvFOpen: DATA/MAPS/cull.ipl
03-20 21:48:21.227 17688 17898 I AXL : NvFOpen: DATA/MAPS/tunnels.ipl
03-20 21:48:21.234 17688 17688 D Surface : lockCanvas
03-20 21:48:21.240 17688 17898 I AXL : NvFOpen: DATA/MAPS/occluSF.ipl
03-20 21:48:21.256 17688 17898 I AXL : NvFOpen: DATA/MAPS/occluveg.ipl
03-20 21:48:21.267 17688 17688 D Surface : lockCanvas
03-20 21:48:21.279 17688 17898 I AXL : NvFOpen: DATA/MAPS/occluLA.ipl
03-20 21:48:21.301 17688 17688 D Surface : lockCanvas
03-20 21:48:21.307 17688 17898 I AXL : NvFOpen: DATA/MAPS/occluint.ipl
03-20 21:48:21.340 17688 17898 I AXL : NvFOpen: DATA/MAPS/audiozon.ipl
03-20 21:48:21.346 17688 17688 D Surface : lockCanvas
03-20 21:48:21.393 17688 17898 I AXL : NvFOpen: data/paths/tracks.dat
03-20 21:48:21.417 17688 17898 I AXL : NvFOpen: data/paths/tracks3.dat
03-20 21:48:21.433 17688 17898 I AXL : NvFOpen: TEXDB/PLAYER.IMG
03-20 21:48:21.440 17688 17688 D Surface : lockCanvas
03-20 21:48:21.442 17688 17898 I AXL : NvFOpen: DATA/CLOTHES.DAT
03-20 21:48:21.452 17688 17898 I AXL : NvFOpen: DATA/water.dat
03-20 21:48:21.479 17688 17688 D Surface : lockCanvas
03-20 361 17688 17898 I AXL : NvFOpen: DATA/MAPS/interior/int_SF.IPL
03-20 21:48:20.368 17688 17688 D Surface : lockCanvas
03-20 21:48:20.393 17688 17898 I AXL : NvFOpen: DATA/MAPS/interior/int_veg.IPL
03-20 21:48:20.426 17688 17688 D Surface : lockCanvas
03-20 21:48:20.445 17688 17898 I AXL : NvFOpen: DATA/MAPS/interior/int_cont.IPL
03-20 21:48:20.482 17688 17688 D Surface : lockCanvas
03-20 21:48:20.483 17688 17898 I AXL : NvFOpen: DATA/MAPS/interior/gen_int1.IPL
03-20 21:48:20.550 17688 17898 I AXL : NvFOpen: DATA/MAPS/interior/gen_int2.IPL
03-20 21:48:20.568 17688 17688 D Surface : lockCanvas
03-20 21:48:20.589 17688 17898 I AXL : NvFOpen: DATA/MAPS/interior/gen_intb.IPL
03-20 21:48:20.613 17688 17898 I AXL : NvFOpen: DATA/MAPS/interior/gen_int3.IPL
03-20 21:48:20.620 17688 17688 D Surface : lockCanvas
03-20 21:48:20.629 17688 17898 I AXL : NvFOpen: DATA/MAPS/interior/gen_int4.IPL
03-20 21:48:20.683 17688 17688 D Surface : lockCanvas
03-20 21:48:20.707 17688 17898 I AXL : NvFOpen: DATA/MAPS/interior/gen_int5.IPL
03-20 21:48:20.731 17688 17688 D Surface : lockCanvas
03-20 21:48:20.755 17688 17898 I AXL : NvFOpen: DATA/MAPS/interior/stadint.IPL
03-20 21:48:20.780 17688 17688 D Surface : lockCanvas
03-20 21:48:20.817 17688 17898 I AXL : NvFOpen: DATA/MAPS/interior/savehous.IPL
03-20 21:48:20.836 17688 17688 D Surface : lockCanvas
03-20 21:48:20.884 17688 17898 I AXL : NvFOpen: DATA/MAPS/leveldes/levelmap.IPL
03-20 21:48:20.912 17688 17898 I AXL : NvFOpen: DATA/MAPS/leveldes/seabed.IPL
03-20 21:48:20.919 17688 17688 D Surface : lockCanvas
03-20 21:48:21.001 17688 17898 I AXL : NvFOpen: DATA/MAPS/paths.ipl
03-20 21:48:21.009 17688 17898 I AXL : NvFOpen: DATA/MAPS/paths2.ipl
03-20 21:48:21.012 17688 17688 D Surface : lockCanvas
03-20 21:48:21.056 17688 17688 D Surface : lockCanvas
03-20 21:48:21.083 17688 17898 I AXL : NvFOpen: DATA/MAPS/paths3.ipl
03-20 21:48:21.115 17688 17688 D Surface : lockCanvas
03-20 21:48:21.117 17688 17898 I AXL : NvFOpen: DATA/MAPS/paths4.ipl
03-20 21:48:21.136 17688 17898 I AXL : NvFOpen: DATA/MAPS/paths5.ipl
03-20 21:48:21.159 17688 17688 D Surface : lockCanvas
03-20 21:48:21.174 17688 17898 I AXL : NvFOpen: DATA/MAPS/cull.ipl
03-20 21:48:21.227 17688 17898 I AXL : NvFOpen: DATA/MAPS/tunnels.ipl
03-20 21:48:21.234 17688 17688 D Surface : lockCanvas
03-20 21:48:21.240 17688 17898 I AXL : NvFOpen: DATA/MAPS/occluSF.ipl
03-20 21:48:21.256 17688 17898 I AXL : NvFOpen: DATA/MAPS/occluveg.ipl
03-20 21:48:21.267 17688 17688 D Surface : lockCanvas
03-20 21:48:21.279 17688 17898 I AXL : NvFOpen: DATA/MAPS/occluLA.ipl
03-20 21:48:21.301 17688 17688 D Surface : lockCanvas
03-20 21:48:21.307 17688 17898 I AXL : NvFOpen: DATA/MAPS/occluint.ipl
03-20 21:48:21.340 17688 17898 I AXL : NvFOpen: DATA/MAPS/audiozon.ipl
03-20 21:48:21.346 17688 17688 D Surface : lockCanvas
03-20 21:48:21.393 17688 17898 I AXL : NvFOpen: data/paths/tracks.dat
03-20 21:48:21.417 17688 17898 I AXL : NvFOpen: data/paths/tracks3.dat
03-20 21:48:21.433 17688 17898 I AXL : NvFOpen: TEXDB/PLAYER.IMG
03-20 21:48:21.440 17688 17688 D Surface : lockCanvas
03-20 21:48:21.442 17688 17898 I AXL : NvFOpen: DATA/CLOTHES.DAT
03-20 21:48:21.452 17688 17898 I AXL : NvFOpen: DATA/water.dat
03-20 21:48:21.479 17688 17688 D Surface : lockCanvas
03-20 21:48:21.530 17688 17898 I AXL : NvFOpen: ANIM/PED.IFP
03-20 21:48:21.536 17688 17688 D Surface : lockCanvas
03-20 21:48:21.596 17688 17688 D Surface : lockCanvas
03-20 21:48:21.609 17688 17898 I AXL : NvFOpen: DATA/PED.DAT
03-20 21:48:21.661 17688 17688 D Surface : lockCanvas
03-20 21:48:21.674 17688 17898 I AXL : NvFOpen: DATA/WEAPON.DAT
03-20 21:48:21.689 17688 17898 I AXL : NvFOpen: data/paths/roadblox.dat
03-20 21:48:21.700 17688 17898 I AXL : NvFOpen: DATA/PEDGRP.DAT
03-20 21:48:21.709 17688 17688 D Surface : lockCanvas
03-20 21:48:21.754 17688 17898 I AXL : NvFOpen: DATA/CARGRP.DAT
03-20 21:48:21.802 17688 17688 D Surface : lockCanvas
03-20 21:48:21.837 17688 176821:48:21.530 17688 17898 I AXL : NvFOpen:
ANIM/PED.IFP
03-20 21:48:21.536 17688 17688 D Surface : lockCanvas
03-20 21:48:21.596 17688 17688 D Surface : lockCanvas
03-20 21:48:21.609 17688 17898 I AXL : NvFOpen: DATA/PED.DAT
03-20 21:48:21.661 17688 17688 D Surface : lockCanvas
03-20 21:48:21.674 17688 17898 I AXL : NvFOpen: DATA/WEAPON.DAT
03-20 21:48:21.689 17688 17898 I AXL : NvFOpen: data/paths/roadblox.dat
03-20 21:48:21.700 17688 17898 I AXL : NvFOpen: DATA/PEDGRP.DAT
03-20 21:48:21.709 17688 17688 D Surface : lockCanvas
03-20 21:48:21.754 17688 17898 I AXL : NvFOpen: DATA/CARGRP.DAT
03-20 21:48:21.802 17688 17688 D Surface : lockCanvas
03-20 21:48:21.837 17688 17688 D Surface : lockCanvas
03-20 21:48:21.846 17688 17898 I AXL : NvFOpen: data/script/mainV1.scm
03-20 21:48:21.916 17688 17688 D Surface : lockCanvas
03-20 21:48:21.925 17688 17898 I AXL : NvFOpen: DATA/GRIDREF.DAT
03-20 21:48:21.947 17688 17898 I AXL : NvFOpen: DATA/AR_STATS.DAT
03-20 21:48:21.958 17688 17688 D Surface : lockCanvas
03-20 21:48:21.972 17688 17898 I AXL : NvFOpen: DATA/STATDISP.DAT
03-20 21:48:22.059 17688 17688 D Surface : lockCanvas
03-20 21:48:22.075 17688 17898 I AXL : NvFOpen: data/shopping.dat
03-20 21:48:22.136 17688 17688 D Surface : lockCanvas
03-20 21:48:22.140 17688 17910 I AXL : NvFOpen: AUDIO/SFX/GENRL.osw
03-20 21:48:22.146 17688 17898 I AXL : NvFOpen: data/script/mainV1.scm
03-20 21:48:22.148 17688 17910 I AXL : NvFOpen: AUDIO/SFX/GENRL.osw
03-20 21:48:22.155 17688 17910 I AXL : NvFOpen: AUDIO/SFX/GENRL.osw
03-20 21:48:22.164 17688 17898 I AXL : NvFOpen: data/furnitur.dat
03-20 21:48:22.175 17688 17688 D SurfaceView: UPDATE null, mIsCastMode = false
03-20 21:48:22.175 17688 17910 I AXL : NvFOpen: AUDIO/SFX/GENRL.osw
03-20 21:48:22.185 17688 17688 D BufferQueueConsumer: [](id:451800000008,api:0,p:-
1,c:17688) connect: controlledByApp=false
03-20 21:48:22.196 17688 17910 I AXL : NvFOpen: AUDIO/SFX/GENRL.osw
03-20 21:48:22.209 17688 17910 I AXL : NvFOpen: AUDIO/SFX/GENRL.osw
03-20 21:48:22.229 17688 17910 I AXL : NvFOpen: AUDIO/SFX/GENRL.osw
03-20 21:48:22.233 17688 17910 I AXL : NvFOpen: AUDIO/SFX/GENRL.osw
03-20 21:48:22.240 17688 17910 I AXL : NvFOpen: AUDIO/SFX/GENRL.osw
03-20 21:48:22.253 17688 17910 I AXL : NvFOpen: AUDIO/SFX/GENRL.osw
03-20 21:48:22.253 17688 17898 I AXL : NvFOpen: data/procobj.dat
03-20 21:48:22.257 17688 17910 I AXL : NvFOpen: AUDIO/SFX/GENRL.osw
03-20 21:48:22.271 17688 17910 I AXL : NvFOpen: AUDIO/SFX/GENRL.osw
03-20 21:48:22.273 17688 17910 I AXL : NvFOpen: AUDIO/SFX/GENRL.osw
03-20 21:48:22.286 17688 17910 I AXL : NvFOpen: AUDIO/SFX/GENRL.osw
03-20 21:48:22.292 17688 17918 D AudioTrack: [audioTrackData][fine] 10s(f:10018 m:0
s:32 k:0 z:0) : pid 17688 uid 10036 sessionId 2473 sr 44100 ch 2 fmt 1
03-20 21:48:22.300 17688 17910 I AXL : NvFOpen: AUDIO/SFX/GENRL.osw
03-20 21:48:22.313 17688 17910 I AXL : NvFOpen: AUDIO/SFX/GENRL.osw
03-20 21:48:22.318 17688 17910 I AXL : NvFOpen: AUDIO/SFX/GENRL.osw
03-20 21:48:22.321 17688 17910 I AXL : NvFOpen: AUDIO/SFX/GENRL.osw
03-20 21:48:22.327 17688 17910 I AXL : NvFOpen: AUDIO/SFX/GENRL.osw
03-20 21:48:22.338 17688 17910 I AXL : NvFOpen: AUDIO/SFX/GENRL.osw
03-20 21:48:22.355 17688 17910 I AXL : NvFOpen: AUDIO/SFX/GENRL.osw
03-20 21:48:22.374 17688 17910 I AXL : NvFOpen: AUDIO/SFX/GENRL.osw
03-20 21:48:22.389 17688 17910 I AXL : NvFOpen: AUDIO/SFX/GENRL.osw
03-20 21:48:22.399 17688 17910 I AXL : NvFOpen: AUDIO/SFX/GENRL.osw
03-20 21:48:22.421 17688 17910 I AXL : NvFOpen: AUDIO/SFX/GENRL.osw
03-20 21:48:22.428 17688 17910 I AXL : NvFOpen: AUDIO/SFX/GENRL.osw
03-20 21:48:22.437 17688 17910 I AXL : NvFOpen: AUDIO/SFX/GENRL.osw
03-20 21:48:22.465 17688 17910 I AXL : NvFOpen: AUDIO/SFX/GENRL.osw
03-20 21:48:22.474 17688 17910 I AXL : NvFOpen: AUDIO/SFX/GENRL.osw
03-20 21:48:22.480 17688 17688 D Surface : lockCanvas
03-20 21:48:22.483 17688 17910 I AXL : NvFOpen: AUDIO/SFX/GENRL.osw
03-20 21:48:8 D Surface : lockCanvas
03-20 21:48:21.846 17688 17898 I AXL : NvFOpen: data/script/mainV1.scm
03-20 21:48:21.916 17688 17688 D Surface : lockCanvas
03-20 21:48:21.925 17688 17898 I AXL : NvFOpen: DATA/GRIDREF.DAT
03-20 21:48:21.947 17688 17898 I AXL : NvFOpen: DATA/AR_STATS.DAT
03-20 21:48:21.958 17688 17688 D Surface : lockCanvas
03-20 21:48:21.972 17688 17898 I AXL : NvFOpen: DATA/STATDISP.DAT
03-20 21:48:22.059 17688 17688 D Surface : lockCanvas
03-20 21:48:22.075 17688 17898 I AXL : NvFOpen: data/shopping.dat
03-20 21:48:22.136 17688 17688 D Surface : lockCanvas
03-20 21:48:22.140 17688 17910 I AXL : NvFOpen: AUDIO/SFX/GENRL.osw
03-20 21:48:22.146 17688 17898 I AXL : NvFOpen: data/script/mainV1.scm
03-20 21:48:22.148 17688 17910 I AXL : NvFOpen: AUDIO/SFX/GENRL.osw
03-20 21:48:22.155 17688 17910 I AXL : NvFOpen: AUDIO/SFX/GENRL.osw
03-20 21:48:22.164 17688 17898 I AXL : NvFOpen: data/furnitur.dat
03-20 21:48:22.175 17688 17688 D SurfaceView: UPDATE null, mIsCastMode = false
03-20 21:48:22.175 17688 17910 I AXL : NvFOpen: AUDIO/SFX/GENRL.osw
03-20 21:48:22.185 17688 17688 D BufferQueueConsumer: [](id:451800000008,api:0,p:-
1,c:17688) connect: controlledByApp=false
03-20 21:48:22.196 17688 17910 I AXL : NvFOpen: AUDIO/SFX/GENRL.osw
03-20 21:48:22.209 17688 17910 I AXL : NvFOpen: AUDIO/SFX/GENRL.osw
03-20 21:48:22.229 17688 17910 I AXL : NvFOpen: AUDIO/SFX/GENRL.osw
03-20 21:48:22.233 17688 17910 I AXL : NvFOpen: AUDIO/SFX/GENRL.osw
03-20 21:48:22.240 17688 17910 I AXL : NvFOpen: AUDIO/SFX/GENRL.osw
03-20 21:48:22.253 17688 17910 I AXL : NvFOpen: AUDIO/SFX/GENRL.osw
03-20 21:48:22.253 17688 17898 I AXL : NvFOpen: data/procobj.dat
03-20 21:48:22.257 17688 17910 I AXL : NvFOpen: AUDIO/SFX/GENRL.osw
03-20 21:48:22.271 17688 17910 I AXL : NvFOpen: AUDIO/SFX/GENRL.osw
03-20 21:48:22.273 17688 17910 I AXL : NvFOpen: AUDIO/SFX/GENRL.osw
03-20 21:48:22.286 17688 17910 I AXL : NvFOpen: AUDIO/SFX/GENRL.osw
03-20 21:48:22.292 17688 17918 D AudioTrack: [audioTrackData][fine] 10s(f:10018 m:0
s:32 k:0 z:0) : pid 17688 uid 10036 sessionId 2473 sr 44100 ch 2 fmt 1
03-20 21:48:22.300 17688 17910 I AXL : NvFOpen: AUDIO/SFX/GENRL.osw
03-20 21:48:22.313 17688 17910 I AXL : NvFOpen: AUDIO/SFX/GENRL.osw
03-20 21:48:22.318 17688 17910 I AXL : NvFOpen: AUDIO/SFX/GENRL.osw
03-20 21:48:22.321 17688 17910 I AXL : NvFOpen: AUDIO/SFX/GENRL.osw
03-20 21:48:22.327 17688 17910 I AXL : NvFOpen: AUDIO/SFX/GENRL.osw
03-20 21:48:22.338 17688 17910 I AXL : NvFOpen: AUDIO/SFX/GENRL.osw
03-20 21:48:22.355 17688 17910 I AXL : NvFOpen: AUDIO/SFX/GENRL.osw
03-20 21:48:22.374 17688 17910 I AXL : NvFOpen: AUDIO/SFX/GENRL.osw
03-20 21:48:22.389 17688 17910 I AXL : NvFOpen: AUDIO/SFX/GENRL.osw
03-20 21:48:22.399 17688 17910 I AXL : NvFOpen: AUDIO/SFX/GENRL.osw
03-20 21:48:22.421 17688 17910 I AXL : NvFOpen: AUDIO/SFX/GENRL.osw
03-20 21:48:22.428 17688 17910 I AXL : NvFOpen: AUDIO/SFX/GENRL.osw
03-20 21:48:22.437 17688 17910 I AXL : NvFOpen: AUDIO/SFX/GENRL.osw
03-20 21:48:22.465 17688 17910 I AXL : NvFOpen: AUDIO/SFX/GENRL.osw
03-20 21:48:22.474 17688 17910 I AXL : NvFOpen: AUDIO/SFX/GENRL.osw
03-20 21:48:22.480 17688 17688 D Surface : lockCanvas
03-20 21:48:22.483 17688 17910 I AXL : NvFOpen: AUDIO/SFX/GENRL.osw
03-20 21:48:22.503 17688 17910 I AXL : NvFOpen: AUDIO/SFX/GENRL.osw
03-20 21:48:22.512 17688 17910 I AXL : NvFOpen: AUDIO/SFX/GENRL.osw
03-20 21:48:22.518 17688 17910 I AXL : NvFOpen: AUDIO/SFX/GENRL.osw
03-20 21:48:22.524 17688 17910 I AXL : NvFOpen: AUDIO/SFX/GENRL.osw
03-20 21:48:22.527 17688 17910 I AXL : NvFOpen: AUDIO/SFX/GENRL.osw
03-20 21:48:22.552 17688 17910 I AXL : NvFOpen: AUDIO/SFX/GENRL.osw
03-20 21:48:22.622 17688 17910 I AXL : NvFOpen: AUDIO/SFX/GENRL.osw
03-20 21:48:22.627 17688 17910 I AXL : NvFOpen: AUDIO/SFX/GENRL.osw
03-20 21:48:22.636 17688 17910 I AXL : NvFOpen: AUDIO/SFX/GENRL.osw
03-20 21:48:22.641 17688 17910 I AXL : NvFOpen: AUDIO/SFX/GENRL22.503 17688
17910 I AXL : NvFOpen: AUDIO/SFX/GENRL.osw
03-20 21:48:22.512 17688 17910 I AXL : NvFOpen: AUDIO/SFX/GENRL.osw
03-20 21:48:22.518 17688 17910 I AXL : NvFOpen: AUDIO/SFX/GENRL.osw
03-20 21:48:22.524 17688 17910 I AXL : NvFOpen: AUDIO/SFX/GENRL.osw
03-20 21:48:22.527 17688 17910 I AXL : NvFOpen: AUDIO/SFX/GENRL.osw
03-20 21:48:22.552 17688 17910 I AXL : NvFOpen: AUDIO/SFX/GENRL.osw
03-20 21:48:22.622 17688 17910 I AXL : NvFOpen: AUDIO/SFX/GENRL.osw
03-20 21:48:22.627 17688 17910 I AXL : NvFOpen: AUDIO/SFX/GENRL.osw
03-20 21:48:22.636 17688 17910 I AXL : NvFOpen: AUDIO/SFX/GENRL.osw
03-20 21:48:22.641 17688 17910 I AXL : NvFOpen: AUDIO/SFX/GENRL.osw
03-20 21:48:22.655 17688 17910 I AXL : NvFOpen: AUDIO/SFX/GENRL.osw
03-20 21:48:22.662 17688 17910 I AXL : NvFOpen: AUDIO/SFX/GENRL.osw
03-20 21:48:22.693 17688 17910 I AXL : NvFOpen: AUDIO/SFX/GENRL.osw
03-20 21:48:22.702 17688 17910 I AXL : NvFOpen: AUDIO/SFX/GENRL.osw
03-20 21:48:22.714 17688 17910 I AXL : NvFOpen: AUDIO/SFX/GENRL.osw
03-20 21:48:22.758 17688 17910 I AXL : NvFOpen: AUDIO/SFX/GENRL.osw
03-20 21:48:22.768 17688 17910 I AXL : NvFOpen: AUDIO/SFX/GENRL.osw
03-20 21:48:22.803 17688 17910 I AXL : NvFOpen: AUDIO/SFX/GENRL.osw
03-20 21:48:22.816 17688 17910 I AXL : NvFOpen: AUDIO/SFX/GENRL.osw
03-20 21:48:22.825 17688 17910 I AXL : NvFOpen: AUDIO/SFX/GENRL.osw
03-20 21:48:22.837 17688 17910 I AXL : NvFOpen: AUDIO/SFX/GENRL.osw
03-20 21:48:22.845 17688 17910 I AXL : NvFOpen: AUDIO/SFX/GENRL.osw
03-20 21:48:22.861 17688 17910 I AXL : NvFOpen: AUDIO/SFX/GENRL.osw
03-20 21:48:22.865 17688 17910 I AXL : NvFOpen: AUDIO/SFX/GENRL.osw
03-20 21:48:22.877 17688 17910 I AXL : NvFOpen: AUDIO/SFX/GENRL.osw
03-20 21:48:22.882 17688 17910 I AXL : NvFOpen: AUDIO/SFX/GENRL.osw
03-20 21:48:22.885 17688 17910 I AXL : NvFOpen: AUDIO/SFX/GENRL.osw
03-20 21:48:22.888 17688 17910 I AXL : NvFOpen: AUDIO/SFX/GENRL.osw
03-20 21:48:22.893 17688 17910 I AXL : NvFOpen: AUDIO/SFX/GENRL.osw
03-20 21:48:22.895 17688 17910 I AXL : NvFOpen: AUDIO/SFX/GENRL.osw
03-20 21:48:22.898 17688 17910 I AXL : NvFOpen: AUDIO/SFX/GENRL.osw
03-20 21:48:22.902 17688 17910 I AXL : NvFOpen: AUDIO/SFX/GENRL.osw
03-20 21:48:22.905 17688 17910 I AXL : NvFOpen: AUDIO/SFX/GENRL.osw
03-20 21:48:22.909 17688 17910 I AXL : NvFOpen: AUDIO/SFX/GENRL.osw
03-20 21:48:22.944 17688 17910 I AXL : NvFOpen: AUDIO/SFX/GENRL.osw
03-20 21:48:22.991 17688 17910 I AXL : NvFOpen: AUDIO/SFX/GENRL.osw
03-20 21:48:23.009 17688 17910 I AXL : NvFOpen: AUDIO/SFX/GENRL.osw
03-20 21:48:23.019 17688 17910 I AXL : NvFOpen: AUDIO/SFX/GENRL.osw
03-20 21:48:23.043 17688 17910 I AXL : NvFOpen: AUDIO/SFX/GENRL.osw
03-20 21:48:23.060 17688 17910 I AXL : NvFOpen: AUDIO/SFX/GENRL.osw
03-20 21:48:23.069 17688 17910 I AXL : NvFOpen: AUDIO/SFX/GENRL.osw
03-20 21:48:23.070 17688 17688 W Looper : PerfMonitor doFrame : time=898ms
vsyncFrame=0 latency=5ms procState=-1 historyMsgCount=10
03-20 21:48:23.072 17688 17688 I Choreographer: Skipped 80 frames! The application
may be doing too much work on its main thread.
03-20 21:48:23.073 17688 17688 D SurfaceView: UPDATE
Surface(name=SurfaceView[com.evolve.roleplay/com.evolve.roleplay.core.GTASA])/
@0x79ed8d5, mIsProjectionMode = false
03-20 21:48:23.076 17688 17688 D Surface : lockCanvas
03-20 21:48:23.077 17688 17910 I AXL : NvFOpen: AUDIO/SFX/GENRL.osw
03-20 21:48:23.086 17688 17910 I AXL : NvFOpen: AUDIO/SFX/GENRL.osw
03-20 21:48:23.106 17688 17910 I AXL : NvFOpen: AUDIO/SFX/GENRL.osw
03-20 21:48:23.112 17688 17910 I AXL : NvFOpen: AUDIO/SFX/GENRL.osw
03-20 21:48:23.122 17688 17688 W Looper : PerfMonitor doFrame : time=49ms
vsyncFrame=0 latency=894ms procState=-1 historyMsgCount=1 (msgIndex=1 wall=898ms
seq=991 late=5ms h=android.view.Choreographer$FrameHandler
c=android.view.Choreographer$FrameDisplayEventReceiver)
03-20 21:48:23.129 17688 17910 I AXL : NvFOpen: AUDIO/SFX/GENRL.osw
03-20 21:48:23.146 17688 17688 D Media.osw
03-20 21:48:22.655 17688 17910 I AXL : NvFOpen: AUDIO/SFX/GENRL.osw
03-20 21:48:22.662 17688 17910 I AXL : NvFOpen: AUDIO/SFX/GENRL.osw
03-20 21:48:22.693 17688 17910 I AXL : NvFOpen: AUDIO/SFX/GENRL.osw
03-20 21:48:22.702 17688 17910 I AXL : NvFOpen: AUDIO/SFX/GENRL.osw
03-20 21:48:22.714 17688 17910 I AXL : NvFOpen: AUDIO/SFX/GENRL.osw
03-20 21:48:22.758 17688 17910 I AXL : NvFOpen: AUDIO/SFX/GENRL.osw
03-20 21:48:22.768 17688 17910 I AXL : NvFOpen: AUDIO/SFX/GENRL.osw
03-20 21:48:22.803 17688 17910 I AXL : NvFOpen: AUDIO/SFX/GENRL.osw
03-20 21:48:22.816 17688 17910 I AXL : NvFOpen: AUDIO/SFX/GENRL.osw
03-20 21:48:22.825 17688 17910 I AXL : NvFOpen: AUDIO/SFX/GENRL.osw
03-20 21:48:22.837 17688 17910 I AXL : NvFOpen: AUDIO/SFX/GENRL.osw
03-20 21:48:22.845 17688 17910 I AXL : NvFOpen: AUDIO/SFX/GENRL.osw
03-20 21:48:22.861 17688 17910 I AXL : NvFOpen: AUDIO/SFX/GENRL.osw
03-20 21:48:22.865 17688 17910 I AXL : NvFOpen: AUDIO/SFX/GENRL.osw
03-20 21:48:22.877 17688 17910 I AXL : NvFOpen: AUDIO/SFX/GENRL.osw
03-20 21:48:22.882 17688 17910 I AXL : NvFOpen: AUDIO/SFX/GENRL.osw
03-20 21:48:22.885 17688 17910 I AXL : NvFOpen: AUDIO/SFX/GENRL.osw
03-20 21:48:22.888 17688 17910 I AXL : NvFOpen: AUDIO/SFX/GENRL.osw
03-20 21:48:22.893 17688 17910 I AXL : NvFOpen: AUDIO/SFX/GENRL.osw
03-20 21:48:22.895 17688 17910 I AXL : NvFOpen: AUDIO/SFX/GENRL.osw
03-20 21:48:22.898 17688 17910 I AXL : NvFOpen: AUDIO/SFX/GENRL.osw
03-20 21:48:22.902 17688 17910 I AXL : NvFOpen: AUDIO/SFX/GENRL.osw
03-20 21:48:22.905 17688 17910 I AXL : NvFOpen: AUDIO/SFX/GENRL.osw
03-20 21:48:22.909 17688 17910 I AXL : NvFOpen: AUDIO/SFX/GENRL.osw
03-20 21:48:22.944 17688 17910 I AXL : NvFOpen: AUDIO/SFX/GENRL.osw
03-20 21:48:22.991 17688 17910 I AXL : NvFOpen: AUDIO/SFX/GENRL.osw
03-20 21:48:23.009 17688 17910 I AXL : NvFOpen: AUDIO/SFX/GENRL.osw
03-20 21:48:23.019 17688 17910 I AXL : NvFOpen: AUDIO/SFX/GENRL.osw
03-20 21:48:23.043 17688 17910 I AXL : NvFOpen: AUDIO/SFX/GENRL.osw
03-20 21:48:23.060 17688 17910 I AXL : NvFOpen: AUDIO/SFX/GENRL.osw
03-20 21:48:23.069 17688 17910 I AXL : NvFOpen: AUDIO/SFX/GENRL.osw
03-20 21:48:23.070 17688 17688 W Looper : PerfMonitor doFrame : time=898ms
vsyncFrame=0 latency=5ms procState=-1 historyMsgCount=10
03-20 21:48:23.072 17688 17688 I Choreographer: Skipped 80 frames! The application
may be doing too much work on its main thread.
03-20 21:48:23.073 17688 17688 D SurfaceView: UPDATE
Surface(name=SurfaceView[com.evolve.roleplay/com.evolve.roleplay.core.GTASA])/
@0x79ed8d5, mIsProjectionMode = false
03-20 21:48:23.076 17688 17688 D Surface : lockCanvas
03-20 21:48:23.077 17688 17910 I AXL : NvFOpen: AUDIO/SFX/GENRL.osw
03-20 21:48:23.086 17688 17910 I AXL : NvFOpen: AUDIO/SFX/GENRL.osw
03-20 21:48:23.106 17688 17910 I AXL : NvFOpen: AUDIO/SFX/GENRL.osw
03-20 21:48:23.112 17688 17910 I AXL : NvFOpen: AUDIO/SFX/GENRL.osw
03-20 21:48:23.122 17688 17688 W Looper : PerfMonitor doFrame : time=49ms
vsyncFrame=0 latency=894ms procState=-1 historyMsgCount=1 (msgIndex=1 wall=898ms
seq=991 late=5ms h=android.view.Choreographer$FrameHandler
c=android.view.Choreographer$FrameDisplayEventReceiver)
03-20 21:48:23.129 17688 17910 I AXL : NvFOpen: AUDIO/SFX/GENRL.osw
03-20 21:48:23.146 17688 17688 D MediaPlayerNative: getMetadata
03-20 21:48:23.154 17688 17910 I AXL : NvFOpen: AUDIO/SFX/GENRL.osw
03-20 21:48:23.167 17688 17910 I AXL : NvFOpen: AUDIO/SFX/GENRL.osw
03-20 21:48:23.172 17688 17688 D Surface : lockCanvas
03-20 21:48:23.174 17688 17910 I AXL : NvFOpen: AUDIO/SFX/GENRL.osw
03-20 21:48:23.208 17688 17910 I AXL : NvFOpen: AUDIO/SFX/GENRL.osw
03-20 21:48:23.232 17688 17910 I AXL : NvFOpen: AUDIO/SFX/GENRL.osw
03-20 21:48:23.285 17688 17910 I AXL : NvFOpen: AUDIO/SFX/GENRL.osw
03-20 21:48:23.319 17688 17910 I AXL : NvFOpen: AUDIO/SFX/GENRL.osw
03-20 21:48:23.324 17688 17918 D AudioTrack: [audioTrackData][zero] 1s(f:10018 m:0
s:32 k:0 z:1000) : pid 17688 uid 100PlayerNative: getMetadata
03-20 21:48:23.154 17688 17910 I AXL : NvFOpen: AUDIO/SFX/GENRL.osw
03-20 21:48:23.167 17688 17910 I AXL : NvFOpen: AUDIO/SFX/GENRL.osw
03-20 21:48:23.172 17688 17688 D Surface : lockCanvas
03-20 21:48:23.174 17688 17910 I AXL : NvFOpen: AUDIO/SFX/GENRL.osw
03-20 21:48:23.208 17688 17910 I AXL : NvFOpen: AUDIO/SFX/GENRL.osw
03-20 21:48:23.232 17688 17910 I AXL : NvFOpen: AUDIO/SFX/GENRL.osw
03-20 21:48:23.285 17688 17910 I AXL : NvFOpen: AUDIO/SFX/GENRL.osw
03-20 21:48:23.319 17688 17910 I AXL : NvFOpen: AUDIO/SFX/GENRL.osw
03-20 21:48:23.324 17688 17918 D AudioTrack: [audioTrackData][zero] 1s(f:10018 m:0
s:32 k:0 z:1000) : pid 17688 uid 10036 sessionId 2473 sr 44100 ch 2 fmt 1
03-20 21:48:23.343 17688 17910 I AXL : NvFOpen: AUDIO/SFX/GENRL.osw
03-20 21:48:23.354 17688 17910 I AXL : NvFOpen: AUDIO/SFX/GENRL.osw
03-20 21:48:23.369 17688 17910 I AXL : NvFOpen: AUDIO/SFX/GENRL.osw
03-20 21:48:23.385 17688 17910 I AXL : NvFOpen: AUDIO/SFX/GENRL.osw
03-20 21:48:23.399 17688 17910 I AXL : NvFOpen: AUDIO/SFX/GENRL.osw
03-20 21:48:23.487 17688 17910 I AXL : NvFOpen: AUDIO/SFX/GENRL.osw
03-20 21:48:23.590 17688 17910 I AXL : NvFOpen: AUDIO/SFX/GENRL.osw
03-20 21:48:23.640 17688 17910 I AXL : NvFOpen: AUDIO/SFX/GENRL.osw
03-20 21:48:23.714 17688 17910 I AXL : NvFOpen: AUDIO/SFX/GENRL.osw
03-20 21:48:23.781 17688 17910 I AXL : NvFOpen: AUDIO/SFX/GENRL.osw
03-20 21:48:23.823 17688 17910 I AXL : NvFOpen: AUDIO/SFX/GENRL.osw
03-20 21:48:23.834 17688 17910 I AXL : NvFOpen: AUDIO/SFX/GENRL.osw
03-20 21:48:23.876 17688 17705 W MediaPlayerNative: info/warning (3, 0)
03-20 21:48:23.886 17688 17870 D BLASTBufferQueue:
[SurfaceView[com.evolve.roleplay/com.evolve.roleplay.core.GTASA]#8](f:0,a:1)
acquireNextBufferLocked size=1920x1080 mFrameNumber=1 applyTransaction=true
mTimestamp=20499842259000 mPendingTransactions.size=0
graphicBufferId=75969381531670 transform=0
03-20 21:48:23.923 17688 17910 I AXL : NvFOpen: AUDIO/SFX/GENRL.osw
03-20 21:48:24.094 17688 17910 I AXL : NvFOpen: AUDIO/SFX/GENRL.osw
03-20 21:48:24.111 17688 17910 I AXL : NvFOpen: AUDIO/SFX/GENRL.osw
03-20 21:48:24.138 17688 17910 I AXL : NvFOpen: AUDIO/SFX/GENRL.osw
03-20 21:48:24.228 17688 17703 D evolve.roleplay: PlayerBase::~PlayerBase()
03-20 21:48:24.240 17688 17910 I AXL : NvFOpen: AUDIO/SFX/GENRL.osw
03-20 21:48:24.254 17688 17910 I AXL : NvFOpen: AUDIO/SFX/GENRL.osw
03-20 21:48:24.260 17688 17910 I AXL : NvFOpen: AUDIO/SFX/GENRL.osw
03-20 21:48:24.275 17688 17910 I AXL : NvFOpen: AUDIO/SFX/GENRL.osw
03-20 21:48:24.279 17688 17910 I AXL : NvFOpen: AUDIO/SFX/GENRL.osw
03-20 21:48:24.284 17688 17910 I AXL : NvFOpen: AUDIO/SFX/GENRL.osw
03-20 21:48:24.297 17688 17910 I AXL : NvFOpen: AUDIO/SFX/GENRL.osw
03-20 21:48:24.305 17688 17910 I AXL : NvFOpen: AUDIO/SFX/GENRL.osw
03-20 21:48:24.314 17688 17910 I AXL : NvFOpen: AUDIO/SFX/GENRL.osw
03-20 21:48:24.325 17688 17910 I AXL : NvFOpen: AUDIO/SFX/GENRL.osw
03-20 21:48:24.335 17688 17910 I AXL : NvFOpen: AUDIO/SFX/GENRL.osw
03-20 21:48:24.343 17688 17918 D AudioTrack: [audioTrackData][zero] 2s(f:10018 m:0
s:32 k:0 z:2019) : pid 17688 uid 10036 sessionId 2473 sr 44100 ch 2 fmt 1
03-20 21:48:24.348 17688 17910 I AXL : NvFOpen: AUDIO/SFX/GENRL.osw
03-20 21:48:24.354 17688 17910 I AXL : NvFOpen: AUDIO/SFX/GENRL.osw
03-20 21:48:24.362 17688 17910 I AXL : NvFOpen: AUDIO/SFX/GENRL.osw
03-20 21:48:24.368 17688 17910 I AXL : NvFOpen: AUDIO/SFX/GENRL.osw
03-20 21:48:24.382 17688 17910 I AXL : NvFOpen: AUDIO/SFX/GENRL.osw
03-20 21:48:24.394 17688 17910 I AXL : NvFOpen: AUDIO/SFX/GENRL.osw
03-20 21:48:24.408 17688 17910 I AXL : NvFOpen: AUDIO/SFX/GENRL.osw
03-20 21:48:24.443 17688 17910 I AXL : NvFOpen: AUDIO/SFX/GENRL.osw
03-20 21:48:24.460 17688 17910 I AXL : NvFOpen: AUDIO/SFX/GENRL.osw
03-20 21:48:24.479 17688 17910 I AXL : NvFOpen: AUDIO/SFX/GENRL.osw
03-20 21:48:24.501 17688 17910 I AXL : NvFOpen: AUDIO/SFX/GENRL.osw
03-20 21:48:236 sessionId 2473 sr 44100 ch 2 fmt 1
03-20 21:48:23.343 17688 17910 I AXL : NvFOpen: AUDIO/SFX/GENRL.osw
03-20 21:48:23.354 17688 17910 I AXL : NvFOpen: AUDIO/SFX/GENRL.osw
03-20 21:48:23.369 17688 17910 I AXL : NvFOpen: AUDIO/SFX/GENRL.osw
03-20 21:48:23.385 17688 17910 I AXL : NvFOpen: AUDIO/SFX/GENRL.osw
03-20 21:48:23.399 17688 17910 I AXL : NvFOpen: AUDIO/SFX/GENRL.osw
03-20 21:48:23.487 17688 17910 I AXL : NvFOpen: AUDIO/SFX/GENRL.osw
03-20 21:48:23.590 17688 17910 I AXL : NvFOpen: AUDIO/SFX/GENRL.osw
03-20 21:48:23.640 17688 17910 I AXL : NvFOpen: AUDIO/SFX/GENRL.osw
03-20 21:48:23.714 17688 17910 I AXL : NvFOpen: AUDIO/SFX/GENRL.osw
03-20 21:48:23.781 17688 17910 I AXL : NvFOpen: AUDIO/SFX/GENRL.osw
03-20 21:48:23.823 17688 17910 I AXL : NvFOpen: AUDIO/SFX/GENRL.osw
03-20 21:48:23.834 17688 17910 I AXL : NvFOpen: AUDIO/SFX/GENRL.osw
03-20 21:48:23.876 17688 17705 W MediaPlayerNative: info/warning (3, 0)
03-20 21:48:23.886 17688 17870 D BLASTBufferQueue:
[SurfaceView[com.evolve.roleplay/com.evolve.roleplay.core.GTASA]#8](f:0,a:1)
acquireNextBufferLocked size=1920x1080 mFrameNumber=1 applyTransaction=true
mTimestamp=20499842259000 mPendingTransactions.size=0
graphicBufferId=75969381531670 transform=0
03-20 21:48:23.923 17688 17910 I AXL : NvFOpen: AUDIO/SFX/GENRL.osw
03-20 21:48:24.094 17688 17910 I AXL : NvFOpen: AUDIO/SFX/GENRL.osw
03-20 21:48:24.111 17688 17910 I AXL : NvFOpen: AUDIO/SFX/GENRL.osw
03-20 21:48:24.138 17688 17910 I AXL : NvFOpen: AUDIO/SFX/GENRL.osw
03-20 21:48:24.228 17688 17703 D evolve.roleplay: PlayerBase::~PlayerBase()
03-20 21:48:24.240 17688 17910 I AXL : NvFOpen: AUDIO/SFX/GENRL.osw
03-20 21:48:24.254 17688 17910 I AXL : NvFOpen: AUDIO/SFX/GENRL.osw
03-20 21:48:24.260 17688 17910 I AXL : NvFOpen: AUDIO/SFX/GENRL.osw
03-20 21:48:24.275 17688 17910 I AXL : NvFOpen: AUDIO/SFX/GENRL.osw
03-20 21:48:24.279 17688 17910 I AXL : NvFOpen: AUDIO/SFX/GENRL.osw
03-20 21:48:24.284 17688 17910 I AXL : NvFOpen: AUDIO/SFX/GENRL.osw
03-20 21:48:24.297 17688 17910 I AXL : NvFOpen: AUDIO/SFX/GENRL.osw
03-20 21:48:24.305 17688 17910 I AXL : NvFOpen: AUDIO/SFX/GENRL.osw
03-20 21:48:24.314 17688 17910 I AXL : NvFOpen: AUDIO/SFX/GENRL.osw
03-20 21:48:24.325 17688 17910 I AXL : NvFOpen: AUDIO/SFX/GENRL.osw
03-20 21:48:24.335 17688 17910 I AXL : NvFOpen: AUDIO/SFX/GENRL.osw
03-20 21:48:24.343 17688 17918 D AudioTrack: [audioTrackData][zero] 2s(f:10018 m:0
s:32 k:0 z:2019) : pid 17688 uid 10036 sessionId 2473 sr 44100 ch 2 fmt 1
03-20 21:48:24.348 17688 17910 I AXL : NvFOpen: AUDIO/SFX/GENRL.osw
03-20 21:48:24.354 17688 17910 I AXL : NvFOpen: AUDIO/SFX/GENRL.osw
03-20 21:48:24.362 17688 17910 I AXL : NvFOpen: AUDIO/SFX/GENRL.osw
03-20 21:48:24.368 17688 17910 I AXL : NvFOpen: AUDIO/SFX/GENRL.osw
03-20 21:48:24.382 17688 17910 I AXL : NvFOpen: AUDIO/SFX/GENRL.osw
03-20 21:48:24.394 17688 17910 I AXL : NvFOpen: AUDIO/SFX/GENRL.osw
03-20 21:48:24.408 17688 17910 I AXL : NvFOpen: AUDIO/SFX/GENRL.osw
03-20 21:48:24.443 17688 17910 I AXL : NvFOpen: AUDIO/SFX/GENRL.osw
03-20 21:48:24.460 17688 17910 I AXL : NvFOpen: AUDIO/SFX/GENRL.osw
03-20 21:48:24.479 17688 17910 I AXL : NvFOpen: AUDIO/SFX/GENRL.osw
03-20 21:48:24.501 17688 17910 I AXL : NvFOpen: AUDIO/SFX/GENRL.osw
03-20 21:48:24.521 17688 17910 I AXL : NvFOpen: AUDIO/SFX/GENRL.osw
03-20 21:48:24.542 17688 17910 I AXL : NvFOpen: AUDIO/SFX/GENRL.osw
03-20 21:48:24.579 17688 17910 I AXL : NvFOpen: AUDIO/SFX/GENRL.osw
03-20 21:48:24.625 17688 17910 I AXL : NvFOpen: AUDIO/SFX/GENRL.osw
03-20 21:48:24.674 17688 17910 I AXL : NvFOpen: AUDIO/SFX/GENRL.osw
03-20 21:48:24.712 17688 17910 I AXL : NvFOpen: AUDIO/SFX/GENRL.osw
03-20 21:48:24.746 17688 17910 I AXL : NvFOpen: AUDIO/SFX/GENRL.osw
03-20 21:48:24.771 17688 17910 I AXL : NvFOpen: AUDIO/SFX/GENRL.osw
03-20 21:48:24.797 17688 17910 I AXL : NvFOpen: AUDIO/SFX/GENRL.osw
03-20 21:48:24.834 17688 17910 I AXL : NvFOpen: AUDIO/SFX/GENRL.4.521 17688
17910 I AXL : NvFOpen: AUDIO/SFX/GENRL.osw
03-20 21:48:24.542 17688 17910 I AXL : NvFOpen: AUDIO/SFX/GENRL.osw
03-20 21:48:24.579 17688 17910 I AXL : NvFOpen: AUDIO/SFX/GENRL.osw
03-20 21:48:24.625 17688 17910 I AXL : NvFOpen: AUDIO/SFX/GENRL.osw
03-20 21:48:24.674 17688 17910 I AXL : NvFOpen: AUDIO/SFX/GENRL.osw
03-20 21:48:24.712 17688 17910 I AXL : NvFOpen: AUDIO/SFX/GENRL.osw
03-20 21:48:24.746 17688 17910 I AXL : NvFOpen: AUDIO/SFX/GENRL.osw
03-20 21:48:24.771 17688 17910 I AXL : NvFOpen: AUDIO/SFX/GENRL.osw
03-20 21:48:24.797 17688 17910 I AXL : NvFOpen: AUDIO/SFX/GENRL.osw
03-20 21:48:24.834 17688 17910 I AXL : NvFOpen: AUDIO/SFX/GENRL.osw
03-20 21:48:24.842 17688 17910 I AXL : NvFOpen: AUDIO/SFX/GENRL.osw
03-20 21:48:24.862 17688 17910 I AXL : NvFOpen: AUDIO/SFX/GENRL.osw
03-20 21:48:24.883 17688 17910 I AXL : NvFOpen: AUDIO/SFX/GENRL.osw
03-20 21:48:24.900 17688 17910 I AXL : NvFOpen: AUDIO/SFX/GENRL.osw
03-20 21:48:24.925 17688 17910 I AXL : NvFOpen: AUDIO/SFX/GENRL.osw
03-20 21:48:24.937 17688 17910 I AXL : NvFOpen: AUDIO/SFX/GENRL.osw
03-20 21:48:24.955 17688 17910 I AXL : NvFOpen: AUDIO/SFX/GENRL.osw
03-20 21:48:24.990 17688 17910 I AXL : NvFOpen: AUDIO/SFX/GENRL.osw
03-20 21:48:24.999 17688 17910 I AXL : NvFOpen: AUDIO/SFX/GENRL.osw
03-20 21:48:25.015 17688 17910 I AXL : NvFOpen: AUDIO/SFX/GENRL.osw
03-20 21:48:25.054 17688 17910 I AXL : NvFOpen: AUDIO/SFX/GENRL.osw
03-20 21:48:25.087 17688 17910 I AXL : NvFOpen: AUDIO/SFX/GENRL.osw
03-20 21:48:25.182 17688 17910 I AXL : NvFOpen: AUDIO/SFX/GENRL.osw
03-20 21:48:25.242 17688 17910 I AXL : NvFOpen: AUDIO/SFX/GENRL.osw
03-20 21:48:25.278 17688 17910 I AXL : NvFOpen: AUDIO/SFX/GENRL.osw
03-20 21:48:25.305 17688 17910 I AXL : NvFOpen: AUDIO/SFX/GENRL.osw
03-20 21:48:25.310 17688 17910 I AXL : NvFOpen: AUDIO/SFX/GENRL.osw
03-20 21:48:25.322 17688 17910 I AXL : NvFOpen: AUDIO/SFX/GENRL.osw
03-20 21:48:25.324 17688 17918 D AudioTrack: [audioTrackData][zero] 3s(f:10018 m:0
s:32 k:0 z:3000) : pid 17688 uid 10036 sessionId 2473 sr 44100 ch 2 fmt 1
03-20 21:48:25.331 17688 17910 I AXL : NvFOpen: AUDIO/SFX/GENRL.osw
03-20 21:48:25.344 17688 17910 I AXL : NvFOpen: AUDIO/SFX/GENRL.osw
03-20 21:48:25.374 17688 17910 I AXL : NvFOpen: AUDIO/SFX/GENRL.osw
03-20 21:48:25.407 17688 17910 I AXL : NvFOpen: AUDIO/SFX/GENRL.osw
03-20 21:48:25.415 17688 17910 I AXL : NvFOpen: AUDIO/SFX/GENRL.osw
03-20 21:48:25.437 17688 17910 I AXL : NvFOpen: AUDIO/SFX/GENRL.osw
03-20 21:48:25.453 17688 17910 I AXL : NvFOpen: AUDIO/SFX/GENRL.osw
03-20 21:48:25.484 17688 17910 I AXL : NvFOpen: AUDIO/SFX/GENRL.osw
03-20 21:48:25.496 17688 17910 I AXL : NvFOpen: AUDIO/SFX/GENRL.osw
03-20 21:48:25.513 17688 17910 I AXL : NvFOpen: AUDIO/SFX/GENRL.osw
03-20 21:48:25.543 17688 17910 I AXL : NvFOpen: AUDIO/SFX/GENRL.osw
03-20 21:48:25.561 17688 17910 I AXL : NvFOpen: AUDIO/SFX/GENRL.osw
03-20 21:48:25.579 17688 17910 I AXL : NvFOpen: AUDIO/SFX/GENRL.osw
03-20 21:48:25.592 17688 17910 I AXL : NvFOpen: AUDIO/SFX/GENRL.osw
03-20 21:48:25.598 17688 17910 I AXL : NvFOpen: AUDIO/SFX/GENRL.osw
03-20 21:48:25.606 17688 17910 I AXL : NvFOpen: AUDIO/SFX/GENRL.osw
03-20 21:48:25.613 17688 17910 I AXL : NvFOpen: AUDIO/SFX/GENRL.osw
03-20 21:48:25.630 17688 17910 I AXL : NvFOpen: AUDIO/SFX/GENRL.osw
03-20 21:48:25.638 17688 17910 I AXL : NvFOpen: AUDIO/SFX/GENRL.osw
03-20 21:48:25.644 17688 17910 I AXL : NvFOpen: AUDIO/SFX/GENRL.osw
03-20 21:48:25.652 17688 17910 I AXL : NvFOpen: AUDIO/SFX/GENRL.osw
03-20 21:48:25.663 17688 17910 I AXL : NvFOpen: AUDIO/SFX/GENRL.osw
03-20 21:48:25.672 17688 17910 I AXL : NvFOpen: AUDIO/SFX/GENRL.osw
03-20 21:48:25.687 17688 17910 I AXL : NvFOpen: AUDIO/SFX/GENRL.osw
03-20 21:48:25.699 17688 17910 I AXL : NvFOpen: AUDIO/SFX/GENRL.osw
03-20 21:48:25.707 17688 17910 I AXL : NvFOpen: AUDIO/SFX/GENRL.osw
03-20 21:48:25.717 17688 17910 I AXL : NvFOpen: AUDIO/SFX/GEosw
03-20 21:48:24.842 17688 17910 I AXL : NvFOpen: AUDIO/SFX/GENRL.osw
03-20 21:48:24.862 17688 17910 I AXL : NvFOpen: AUDIO/SFX/GENRL.osw
03-20 21:48:24.883 17688 17910 I AXL : NvFOpen: AUDIO/SFX/GENRL.osw
03-20 21:48:24.900 17688 17910 I AXL : NvFOpen: AUDIO/SFX/GENRL.osw
03-20 21:48:24.925 17688 17910 I AXL : NvFOpen: AUDIO/SFX/GENRL.osw
03-20 21:48:24.937 17688 17910 I AXL : NvFOpen: AUDIO/SFX/GENRL.osw
03-20 21:48:24.955 17688 17910 I AXL : NvFOpen: AUDIO/SFX/GENRL.osw
03-20 21:48:24.990 17688 17910 I AXL : NvFOpen: AUDIO/SFX/GENRL.osw
03-20 21:48:24.999 17688 17910 I AXL : NvFOpen: AUDIO/SFX/GENRL.osw
03-20 21:48:25.015 17688 17910 I AXL : NvFOpen: AUDIO/SFX/GENRL.osw
03-20 21:48:25.054 17688 17910 I AXL : NvFOpen: AUDIO/SFX/GENRL.osw
03-20 21:48:25.087 17688 17910 I AXL : NvFOpen: AUDIO/SFX/GENRL.osw
03-20 21:48:25.182 17688 17910 I AXL : NvFOpen: AUDIO/SFX/GENRL.osw
03-20 21:48:25.242 17688 17910 I AXL : NvFOpen: AUDIO/SFX/GENRL.osw
03-20 21:48:25.278 17688 17910 I AXL : NvFOpen: AUDIO/SFX/GENRL.osw
03-20 21:48:25.305 17688 17910 I AXL : NvFOpen: AUDIO/SFX/GENRL.osw
03-20 21:48:25.310 17688 17910 I AXL : NvFOpen: AUDIO/SFX/GENRL.osw
03-20 21:48:25.322 17688 17910 I AXL : NvFOpen: AUDIO/SFX/GENRL.osw
03-20 21:48:25.324 17688 17918 D AudioTrack: [audioTrackData][zero] 3s(f:10018 m:0
s:32 k:0 z:3000) : pid 17688 uid 10036 sessionId 2473 sr 44100 ch 2 fmt 1
03-20 21:48:25.331 17688 17910 I AXL : NvFOpen: AUDIO/SFX/GENRL.osw
03-20 21:48:25.344 17688 17910 I AXL : NvFOpen: AUDIO/SFX/GENRL.osw
03-20 21:48:25.374 17688 17910 I AXL : NvFOpen: AUDIO/SFX/GENRL.osw
03-20 21:48:25.407 17688 17910 I AXL : NvFOpen: AUDIO/SFX/GENRL.osw
03-20 21:48:25.415 17688 17910 I AXL : NvFOpen: AUDIO/SFX/GENRL.osw
03-20 21:48:25.437 17688 17910 I AXL : NvFOpen: AUDIO/SFX/GENRL.osw
03-20 21:48:25.453 17688 17910 I AXL : NvFOpen: AUDIO/SFX/GENRL.osw
03-20 21:48:25.484 17688 17910 I AXL : NvFOpen: AUDIO/SFX/GENRL.osw
03-20 21:48:25.496 17688 17910 I AXL : NvFOpen: AUDIO/SFX/GENRL.osw
03-20 21:48:25.513 17688 17910 I AXL : NvFOpen: AUDIO/SFX/GENRL.osw
03-20 21:48:25.543 17688 17910 I AXL : NvFOpen: AUDIO/SFX/GENRL.osw
03-20 21:48:25.561 17688 17910 I AXL : NvFOpen: AUDIO/SFX/GENRL.osw
03-20 21:48:25.579 17688 17910 I AXL : NvFOpen: AUDIO/SFX/GENRL.osw
03-20 21:48:25.592 17688 17910 I AXL : NvFOpen: AUDIO/SFX/GENRL.osw
03-20 21:48:25.598 17688 17910 I AXL : NvFOpen: AUDIO/SFX/GENRL.osw
03-20 21:48:25.606 17688 17910 I AXL : NvFOpen: AUDIO/SFX/GENRL.osw
03-20 21:48:25.613 17688 17910 I AXL : NvFOpen: AUDIO/SFX/GENRL.osw
03-20 21:48:25.630 17688 17910 I AXL : NvFOpen: AUDIO/SFX/GENRL.osw
03-20 21:48:25.638 17688 17910 I AXL : NvFOpen: AUDIO/SFX/GENRL.osw
03-20 21:48:25.644 17688 17910 I AXL : NvFOpen: AUDIO/SFX/GENRL.osw
03-20 21:48:25.652 17688 17910 I AXL : NvFOpen: AUDIO/SFX/GENRL.osw
03-20 21:48:25.663 17688 17910 I AXL : NvFOpen: AUDIO/SFX/GENRL.osw
03-20 21:48:25.672 17688 17910 I AXL : NvFOpen: AUDIO/SFX/GENRL.osw
03-20 21:48:25.687 17688 17910 I AXL : NvFOpen: AUDIO/SFX/GENRL.osw
03-20 21:48:25.699 17688 17910 I AXL : NvFOpen: AUDIO/SFX/GENRL.osw
03-20 21:48:25.707 17688 17910 I AXL : NvFOpen: AUDIO/SFX/GENRL.osw
03-20 21:48:25.717 17688 17910 I AXL : NvFOpen: AUDIO/SFX/GENRL.osw
03-20 21:48:25.725 17688 17910 I AXL : NvFOpen: AUDIO/SFX/GENRL.osw
03-20 21:48:25.733 17688 17910 I AXL : NvFOpen: AUDIO/SFX/GENRL.osw
03-20 21:48:25.738 17688 17910 I AXL : NvFOpen: AUDIO/SFX/GENRL.osw
03-20 21:48:25.744 17688 17910 I AXL : NvFOpen: AUDIO/SFX/GENRL.osw
03-20 21:48:25.752 17688 17910 I AXL : NvFOpen: AUDIO/SFX/GENRL.osw
03-20 21:48:25.768 17688 17910 I AXL : NvFOpen: AUDIO/SFX/GENRL.osw
03-20 21:48:25.774 17688 17910 I AXL : NvFOpen: AUDIO/SFX/GENRL.osw
03-20 21:48:25.781 17688 17910 I AXL : NvFOpen: AUDIO/SFX/GENRL.osw
03-20 21:48:25.787 17688 17910 I AXL : NvFOpen: AUDIO/SFX/GENRL.osw
03-20 21:48:25.835 17688 17898 I AXL : NvFOpen: data/script/mainV1.scm
03-20 21:48:25.846 17688 17898 I AXL : Instance is not ok, deleting
03-20 21:48:25.847 17688 17898 I AXL : Deleted instance
03-20 21:48:25.860 17688 17898 I AXL : NvFOpen: TEXDB/PLAYER.IMG
03-20 21:48:26.344 17688 17918 D AudioTrack: [audioTrackData][zero] 4s(f:10018 m:0
s:32 k:0 z:4020) : pid 17688 uid 10036 sessionId 2473 sr 44100 ch 2 fmt 1
03-20 21:48:26.705 17688 17898 I AXL : CGame: InitInGame
03-20 21:48:26.705 17688 17898 I AXL : Installing patches (ingame)..
03-20 21:48:26.705 17688 17898 I AXL : InGame patches successfully installed!
03-20 21:48:26.708 17688 17898 I AXL : Registering RPC's..
03-20 21:48:26.708 17688 17898 I AXL : Registering ScriptRPC's..
03-20 21:48:26.710 17688 17688 I System.out: addChatViewMessage: {BEBEBE} |
{ffffff}Клиент {EB2E4A}Evolve Role Play{ffffff} запущен
03-20 21:48:26.715 17688 17898 I AXL : {ffffff}Клиент {EB2E4A}Evolve Role
Play{ffffff} запущен
03-20 21:48:26.751 17688 17688 D CompatibilityChangeReporter: Compat change id
reported: 247079863; UID 10036; state: DISABLED
03-20 21:48:26.775 17688 17688 D Surface : lockCanvas
03-20 21:48:26.888 17688 17688 D Surface : lockCanvas
03-20 21:48:29.717 17688 17898 I AXL : {ffffff}Соединение с сервером
03-20 21:48:29.725 17688 17688 I System.out: addChatViewMessage: {BEBEBE} |
{ffffff}Соединение с сервером
03-20 21:48:29.786 17688 17688 D Surface : lockCanvas
03-20 21:48:29.837 17688 17688 D Surface : lockCanvas
03-20 21:48:30.469 17688 17898 I AXL : Incoming packet: ID_AUTH_KEY
03-20 21:48:30.469 17688 17898 I AXL : [AUTH] 703D6DD73F304FFB ->
30DA1733BF140404D21DE745B3CF731BA99CB49B
03-20 21:48:30.559 17688 17898 I AXL : {ffffff}Соединено. Подготовка к игре...
03-20 21:48:30.560 17688 17898 I AXL : Send: 38101 2 0 0 0 0
03-20 21:48:30.561 17688 17688 I System.out: addChatViewMessage: {BEBEBE} |
{ffffff}Соединено. Подготовка к игре...
03-20 21:48:30.620 17688 17898 I AXL : RPC: ScrSetPlayerName
03-20 21:48:30.620 17688 17898 I AXL : byteSuccess = 1
03-20 21:48:30.627 17688 17688 D Surface : lockCanvas
03-20 21:48:30.632 17688 17898 I AXL : CPlayerPed::TogglePlayerControllable
03-20 21:48:30.638 17688 17898 I AXL : RPC: ScrSetPlayerColor
