03-20 21:50:39.833 20306 20867 I System.out: setting 0, matches: 69
03-20 21:50:39.833 20306 20867 I System.out: setting 1, matches: 5
03-20 21:50:39.833 20306 20867 I System.out: setting 2, matches: 6
03-20 21:50:39.833 20306 20867 I System.out: setting 3, matches: 5
03-20 21:50:39.833 20306 20867 I System.out: setting 4, matches: 0
03-20 21:50:39.833 20306 20867 I System.out: setting 5, matches: 0
03-20 21:50:39.833 20306 20867 I System.out: setting 6, matches: 24
03-20 21:50:39.833 20306 20867 I System.out: >>> EGL Config [10] R5G6B5A0 D24S8
03-20 21:50:39.833 20306 20867 I System.out: >>> EGL Config [11] R5G6B5A0 D24S8
03-20 21:50:39.833 20306 20867 I System.out: >>> EGL Config [12] R5G6B5A0 D24S8
03-20 21:50:39.833 20306 20867 I System.out: >>> EGL Config [13] R5G6B5A0 D24S8
03-20 21:50:39.834 20306 20867 I System.out: eglCreateContext: 12288
03-20 21:50:39.834 20306 20867 I System.out: Should we create a surface?
03-20 21:50:39.834 20306 20867 I System.out: Yes! Calling create surface
03-20 21:50:39.835 20306 20867 I System.out: eglSurface:
com.google.android.gles_jni.EGLSurfaceImpl@d5be80af, err: 12288
03-20 21:50:39.835 20306 20867 I System.out: checking glVendor == null?
03-20 21:50:39.835 20306 20867 I System.out: Making current and back
03-20 21:50:39.836 20306 20867 E linker : library "/system_ext/lib64/libmigl.so"
("/system_ext/lib64/libmigl.so") needed or dlopened by "/system/lib/libEGL.so" is
not accessible for the namespace: [name="(default)", ld_library_paths="",
default_library_paths="/system/lib:/system_ext/lib",
permitted_paths="/system/lib/drm:/system/lib/extractors:/system/lib/hw:/
system_ext/lib:/system/framework:/system/app:/system/priv-app:/system_ext/
framework:/system_ext/app:/system_ext/priv-app:/vendor/framework:/vendor/app:/
vendor/priv-app:/system/vendor/framework:/system/vendor/app:/system/vendor/priv-
app:/odm/framework:/odm/app:/odm/priv-app:/oem/app:/product/framework:/product/
app:/product/priv-app:/data:/mnt/expand:/apex/com.android.runtime/lib/bionic:/
system/lib/bootstrap"]
03-20 21:50:39.836 20306 20867 E libEGL : open /system_ext/lib64/libmigl.so
failed! dlopen - dlopen failed: library "/system_ext/lib64/libmigl.so" needed or
dlopened by "/system/lib/libEGL.so" is not accessible for the namespace "(default)"
03-20 21:50:39.836 20306 20867 I System.out: Vendor: ARM
03-20 21:50:39.837 20306 20867 I System.out: Extensions GL_EXT_debug_marker
GL_ARM_rgba8 GL_ARM_mali_shader_binary GL_OES_depth24 GL_OES_depth_texture
GL_OES_depth_texture_cube_map GL_OES_packed_depth_stencil GL_OES_rgb8_rgba8
GL_EXT_read_format_bgra GL_OES_compressed_paletted_texture
GL_OES_compressed_ETC1_RGB8_texture GL_OES_standard_derivatives GL_OES_EGL_image
GL_OES_EGL_image_external GL_OES_EGL_image_external_essl3 GL_OES_EGL_sync
GL_OES_texture_npot GL_OES_vertex_half_float GL_OES_required_internalformat
GL_OES_vertex_array_object GL_OES_mapbuffer GL_EXT_texture_format_BGRA8888
GL_EXT_texture_rg GL_EXT_texture_type_2_10_10_10_REV GL_OES_fbo_render_mipmap
GL_OES_element_index_uint GL_EXT_shadow_samplers GL_OES_texture_compression_astc
GL_KHR_texture_compression_astc_ldr GL_KHR_texture_compression_astc_hdr
GL_KHR_texture_compression_astc_sliced_3d
GL_EXT_texture_compression_astc_decode_mode
GL_EXT_texture_compression_astc_decode_mode_rgb9e5 GL_KHR_debug
GL_EXT_occlusion_query_boolean GL_EXT_disjoint_timer_query GL_EXT_blend_minmax
GL_EXT_discard_framebuffer GL_OES_get_program_binary GL_OES_texture_3D
GL_EXT_texture_storage GL_EXT_multisampled_render_to_texture
GL_EXT_multisampled_render_to_texture2 GL_OES_surfaceless_context
GL_OES_texture_stencil8 GL_EXT_shader_pixel_local_storage
GL_ARM_shader_framebuffer_fetch GL_ARM_shader_framebuffer_fetch_depth_stencil
GL_ARM_mali_program_binary GL_EXT_sRGB GL_EXT_sRGB_write_control
GL_EXT_texture_sRGB_decode GL_EXT_texture_sRGB_R8 GL_EXT_texture_sRGB_RG8
GL_KHR_blend_equation_advanced GL_KHR_blend_equation_advanced_coherent
GL_OES_texture_storage_multisample_2d_array GL_OES_shader_image_atomic
GL_EXT_robustness GL_EXT_draw_buffers_indexed GL_OES_draw_buffers_indexed
GL_EXT_texture_border_clamp GL_OES_texture_border_clamp
GL_EXT_texture_cube_map_array GL_OES_texture_cube_map_array GL_OES_sample_variables
GL_OES_sample_shading GL_OES_shader_multisample_interpolation
GL_EXT_shader_io_blocks GL_OES_shader_io_blocks GL_EXT_tessellation_shader
GL_OES_tessellation_shader GL_EXT_primitive_bounding_box
GL_OES_primitive_bounding_box GL_EXT_geometry_shader GL_OES_geometry_shader
GL_ANDROID_extension_pack_es31a GL_EXT_gpu_shader5 GL_OES_gpu_shader5
GL_EXT_texture_buffer GL_OES_texture_buffer GL_EXT_copy_image GL_OES_copy_image
GL_EXT_shader_non_constant_global_initializers GL_EXT_color_buffer_half_float
GL_EXT_unpack_subimage GL_EXT_color_buffer_float GL_EXT_YUV_target GL_OVR_multiview
GL_OVR_multiview2 GL_OVR_multiview_multisampled_render_to_texture GL_KHR_robustness
GL_KHR_robust_buffer_access_behavior GL_EXT_draw_elements_base_vertex
GL_OES_draw_elements_base_vertex GL_EXT_protected_textures GL_EXT_buffer_storage
GL_EXT_external_buffer GL_EXT_EGL_image_array GL_EXT_texture_filter_anisotropic
GL_ARM_texture_unnormalized_coordinates GL_EXT_shader_framebuffer_fetch
03-20 21:50:39.837 20306 20867 I System.out: Renderer: Mali-G52 MC2
03-20 21:50:39.837 20306 20867 I System.out: GIVersion: OpenGL ES 3.2 v1.r32p1-
01eac0.52688e0652bc37eab85ce86c674ab12f
03-20 21:50:39.837 20306 20867 I System.out: Done create EGL surface
03-20 21:50:39.837 20306 20867 I System.out: Done creating surface
03-20 21:50:39.835 20306 20306 W NVEvent : type=1400 audit(0.0:20551): avc: denied
{ read } for name="config.gz" dev="proc" ino=4026532247
scontext=u:r:untrusted_app_27:s0:c36,c256,c512,c768
tcontext=u:object_r:config_gz:s0 tclass=file permissive=0 app=com.evolve.roleplay
03-20 21:50:39.838 20306 20867 I System.out: Build info version device heat
03-20 21:50:39.838 20306 20867 I System.out: Build MANUFACTURER Xiaomi
03-20 21:50:39.838 20306 20867 I System.out: Build BOARD heat
03-20 21:50:39.838 20306 20867 I System.out: Build DISPLAY UP1A.231005.007
03-20 21:50:39.838 20306 20867 I System.out: Build CPU_ABI armeabi-v7a
03-20 21:50:39.838 20306 20867 I System.out: Build CPU_ABI2 armeabi
03-20 21:50:39.838 20306 20867 I System.out: Build HARDWARE mt6768
03-20 21:50:39.838 20306 20867 I System.out: Build MODEL 23053RN02Y
03-20 21:50:39.838 20306 20867 I System.out: Build PRODUCT heat_eea
03-20 21:50:39.838 20306 20867 I System.out: **** IsPhone
03-20 21:50:39.838 20306 20867 I System.out: **** GetAndroidBuildinfo
03-20 21:50:39.838 20306 20867 I System.out: **** GetAndroidBuildinfo
03-20 21:50:39.838 20306 20867 I System.out: Build info version device heat
03-20 21:50:39.838 20306 20867 I System.out: Build MANUFACTURER Xiaomi
03-20 21:50:39.838 20306 20867 I System.out: Build BOARD heat
03-20 21:50:39.ompressed_ETC1_RGB8_texture GL_OES_standard_derivatives
GL_OES_EGL_image GL_OES_EGL_image_external GL_OES_EGL_image_external_essl3
GL_OES_EGL_sync GL_OES_texture_npot GL_OES_vertex_half_float
GL_OES_required_internalformat GL_OES_vertex_array_object GL_OES_mapbuffer
GL_EXT_texture_format_BGRA8888 GL_EXT_texture_rg GL_EXT_texture_type_2_10_10_10_REV
GL_OES_fbo_render_mipmap GL_OES_element_index_uint GL_EXT_shadow_samplers
GL_OES_texture_compression_astc GL_KHR_texture_compression_astc_ldr
GL_KHR_texture_compression_astc_hdr GL_KHR_texture_compression_astc_sliced_3d
GL_EXT_texture_compression_astc_decode_mode
GL_EXT_texture_compression_astc_decode_mode_rgb9e5 GL_KHR_debug
GL_EXT_occlusion_query_boolean GL_EXT_disjoint_timer_query GL_EXT_blend_minmax
GL_EXT_discard_framebuffer GL_OES_get_program_binary GL_OES_texture_3D
GL_EXT_texture_storage GL_EXT_multisampled_render_to_texture
GL_EXT_multisampled_render_to_texture2 GL_OES_surfaceless_context
GL_OES_texture_stencil8 GL_EXT_shader_pixel_local_storage
GL_ARM_shader_framebuffer_fetch GL_ARM_shader_framebuffer_fetch_depth_stencil
GL_ARM_mali_program_binary GL_EXT_sRGB GL_EXT_sRGB_write_control
GL_EXT_texture_sRGB_decode GL_EXT_texture_sRGB_R8 GL_EXT_texture_sRGB_RG8
GL_KHR_blend_equation_advanced GL_KHR_blend_equation_advanced_coherent
GL_OES_texture_storage_multisample_2d_array GL_OES_shader_image_atomic
GL_EXT_robustness GL_EXT_draw_buffers_indexed GL_OES_draw_buffers_indexed
GL_EXT_texture_border_clamp GL_OES_texture_border_clamp
GL_EXT_texture_cube_map_array GL_OES_texture_cube_map_array GL_OES_sample_variables
GL_OES_sample_shading GL_OES_shader_multisample_interpolation
GL_EXT_shader_io_blocks GL_OES_shader_io_blocks GL_EXT_tessellation_shader
GL_OES_tessellation_shader GL_EXT_primitive_bounding_box
GL_OES_primitive_bounding_box GL_EXT_geometry_shader GL_OES_geometry_shader
GL_ANDROID_extension_pack_es31a GL_EXT_gpu_shader5 GL_OES_gpu_shader5
GL_EXT_texture_buffer GL_OES_texture_buffer GL_EXT_copy_image GL_OES_copy_image
GL_EXT_shader_non_constant_global_initializers GL_EXT_color_buffer_half_float
GL_EXT_unpack_subimage GL_EXT_color_buffer_float GL_EXT_YUV_target GL_OVR_multiview
GL_OVR_multiview2 GL_OVR_multiview_multisampled_render_to_texture GL_KHR_robustness
GL_KHR_robust_buffer_access_behavior GL_EXT_draw_elements_base_vertex
GL_OES_draw_elements_base_vertex GL_EXT_protected_textures GL_EXT_buffer_storage
GL_EXT_external_buffer GL_EXT_EGL_image_array GL_EXT_texture_filter_anisotropic
GL_ARM_texture_unnormalized_coordinates GL_EXT_shader_framebuffer_fetch
03-20 21:50:39.837 20306 20867 I System.out: Renderer: Mali-G52 MC2
03-20 21:50:39.837 20306 20867 I System.out: GIVersion: OpenGL ES 3.2 v1.r32p1-
01eac0.52688e0652bc37eab85ce86c674ab12f
03-20 21:50:39.837 20306 20867 I System.out: Done create EGL surface
03-20 21:50:39.837 20306 20867 I System.out: Done creating surface
03-20 21:50:39.835 20306 20306 W NVEvent : type=1400 audit(0.0:20551): avc: denied
{ read } for name="config.gz" dev="proc" ino=4026532247
scontext=u:r:untrusted_app_27:s0:c36,c256,c512,c768
tcontext=u:object_r:config_gz:s0 tclass=file permissive=0 app=com.evolve.roleplay
03-20 21:50:39.838 20306 20867 I System.out: Build info version device heat
03-20 21:50:39.838 20306 20867 I System.out: Build MANUFACTURER Xiaomi
03-20 21:50:39.838 20306 20867 I System.out: Build BOARD heat
03-20 21:50:39.838 20306 20867 I System.out: Build DISPLAY UP1A.231005.007
03-20 21:50:39.838 20306 20867 I System.out: Build CPU_ABI armeabi-v7a
03-20 21:50:39.838 20306 20867 I System.out: Build CPU_ABI2 armeabi
03-20 21:50:39.838 20306 20867 I System.out: Build HARDWARE mt6768
03-20 21:50:39.838 20306 20867 I System.out: Build MODEL 23053RN02Y
03-20 21:50:39.838 20306 20867 I System.out: Build PRODUCT heat_eea
03-20 21:50:39.838 20306 20867 I System.out: **** IsPhone
03-20 21:50:39.838 20306 20867 I System.out: **** GetAndroidBuildinfo
03-20 21:50:39.838 20306 20867 I System.out: **** GetAndroidBuildinfo
03-20 21:50:39.838 20306 20867 I System.out: Build info version device heat
03-20 21:50:39.838 20306 20867 I System.out: Build MANUFACTURER Xiaomi
03-20 21:50:39.838 20306 20867 I System.out: Build BOARD heat
03-20 21:50:39.838 20306 20867 I System.out: Build DISPLAY UP1A.231005.007
03-20 21:50:39.838 20306 20867 I System.out: Build CPU_ABI armeabi-v7a
03-20 21:50:39.838 20306 20867 I System.out: Build CPU_ABI2 armeabi
03-20 21:50:39.838 20306 20867 I System.out: Build HARDWARE mt6768
03-20 21:50:39.838 20306 20867 I System.out: Build MODEL 23053RN02Y
03-20 21:50:39.838 20306 20867 I System.out: Build PRODUCT heat_eea
03-20 21:50:39.839 20306 20867 I System.out: **** IsPhone
03-20 21:50:39.839 20306 20867 I System.out: **** FileGetArchiveName
03-20 21:50:39.839 20306 20867 I AXL : NvFOpen:
03-20 21:50:39.840 20306 20867 I AXL : NvFOpen: .idx
03-20 21:50:39.841 20306 20867 I System.out: **** FileGetArchiveName
03-20 21:50:39.841 20306 20867 I AXL : NvFOpen:
03-20 21:50:39.842 20306 20867 I AXL : NvFOpen: .idx
03-20 21:50:39.842 20306 20867 I System.out: **** GetDeviceLocale
03-20 21:50:39.842 20306 20867 I AXL : NvFOpen: TEXT/AMERICAN.GXT
03-20 21:50:39.842 20306 20891 D OSWrapper: AttachCurrentThread: 0, 0x0xadab1800
03-20 21:50:39.846 20306 20867 I AXL : NvFOpen: gta_sa.set
03-20 21:50:39.847 20306 20867 I AXL : NvFOpen: TEXT/RUSSIAN.GXT
03-20 21:50:39.850 20306 20867 I AXL : NvFOpen: gtasatelem.set
03-20 21:50:39.852 20306 20892 D OSWrapper: AttachCurrentThread: 0, 0x0xd35a8700
03-20 21:50:39.852 20306 20892 D libMEOW : meow new tls: 0xadbbbe00
03-20 21:50:39.852 20306 20892 D libMEOW : applied 1 plugins for
[com.evolve.roleplay]:
03-20 21:50:39.852 20306 20892 D libMEOW : plugin 1: [libMEOW_gift.so]:
0xed340800
03-20 21:50:39.852 20306 20892 D libMEOW : rebuild call chain: 0xadbc3300
03-20 21:50:39.853 20306 20867 I AXL : Loading "samp" cd..
03-20 21:50:39.853 20306 20867 I AXL : NvFOpen: models/coll/peds.col
03-20 21:50:39.854 20306 20867 I AXL : NvFOpen: texdb/mobile/mobile.txt
03-20 21:50:39.856 20306 20867 I AXL : NvFOpen: texdb/mobile/mobile.etc.tmb
03-20 21:50:39.857 20306 20867 I AXL : NvFOpen: texdb/mobile/mobile.etc.dat
03-20 21:50:39.858 20306 20867 I AXL : NvFOpen: texdb/mobile/mobile.etc.toc
03-20 21:50:39.861 20306 20867 I AXL : NvFOpen: texdb/txd/txd.txt
03-20 21:50:39.863 20306 20867 I AXL : NvFOpen: texdb/txd/txd.etc.tmb
03-20 21:50:39.864 20306 20867 I AXL : NvFOpen: texdb/txd/txd.etc.dat
03-20 21:50:39.865 20306 20867 I AXL : NvFOpen: texdb/txd/txd.etc.toc
03-20 21:50:39.867 20306 20867 I AXL : NvFOpen: texdb/gta3/gta3.txt
03-20 21:50:39.886 20306 20867 I AXL : NvFOpen: texdb/gta3/gta3.etc.tmb
03-20 21:50:39.890 20306 20867 I AXL : NvFOpen: texdb/gta3/gta3.etc.dat
03-20 21:50:39.892 20306 20867 I AXL : NvFOpen: texdb/gta3/gta3.etc.toc
03-20 21:50:39.897 20306 20867 I AXL : NvFOpen: texdb/gta_int/gta_int.txt
03-20 21:50:39.902 20306 20867 I AXL : NvFOpen: texdb/gta_int/gta_int.etc.tmb
03-20 21:50:39.904 20306 20867 I AXL : NvFOpen: texdb/gta_int/gta_int.etc.dat
03-20 21:50:39.905 20306 20867 I AXL : NvFOpen: texdb/gta_int/gta_int.etc.toc
03-20 21:50:39.907 20306 20867 I AXL : NvFOpen: texdb/cutscene/cutscene.txt
03-20 21:50:39.908 20306 20867 I AXL : NvFOpen: texdb/cutscene/cutscene.etc.tmb
03-20 21:50:39.910 20306 20867 I AXL : NvFOpen: texdb/cutscene/cutscene.etc.dat
03-20 21:50:39.911 20306 20867 I AXL : NvFOpen: texdb/cutscene/cutscene.etc.toc
03-20 21:50:39.912 20306 20867 I AXL : NvFOpen: texdb/player/player.txt
03-20 21:50:39.914 20306 20867 I AXL : NvFOpen: texdb/player/player.pvr.tmb
03-20 21:50:39.915 20306 20867 I AXL : NvFOpen: texdb/player/player.pvr.dat
03-20 21:50:39.916 20306 20867 I AXL : NvFOpen: texdb/player/player.pvr.toc
03-20 21:50:39.917 20306 20867 I AXL : NvFOpen: texdb/menu/menu.txt
03-20 21:50:39.918 20306 20867 I AXL : NvFOpen: texdb/menu/menu.pvr.tmb
03-20 21:50:39.919 20306 20867 I AXL : NvFOpen: texdb/menu/menu.pvr.dat
03-20 21:50:39.920 20306 20867 I AXL : NvFOpen: texdb/menu/menu.pvr.toc
03-20 21:50:39.943 20306838 20306 20867 I System.out: Build DISPLAY
UP1A.231005.007
03-20 21:50:39.838 20306 20867 I System.out: Build CPU_ABI armeabi-v7a
03-20 21:50:39.838 20306 20867 I System.out: Build CPU_ABI2 armeabi
03-20 21:50:39.838 20306 20867 I System.out: Build HARDWARE mt6768
03-20 21:50:39.838 20306 20867 I System.out: Build MODEL 23053RN02Y
03-20 21:50:39.838 20306 20867 I System.out: Build PRODUCT heat_eea
03-20 21:50:39.839 20306 20867 I System.out: **** IsPhone
03-20 21:50:39.839 20306 20867 I System.out: **** FileGetArchiveName
03-20 21:50:39.839 20306 20867 I AXL : NvFOpen:
03-20 21:50:39.840 20306 20867 I AXL : NvFOpen: .idx
03-20 21:50:39.841 20306 20867 I System.out: **** FileGetArchiveName
03-20 21:50:39.841 20306 20867 I AXL : NvFOpen:
03-20 21:50:39.842 20306 20867 I AXL : NvFOpen: .idx
03-20 21:50:39.842 20306 20867 I System.out: **** GetDeviceLocale
03-20 21:50:39.842 20306 20867 I AXL : NvFOpen: TEXT/AMERICAN.GXT
03-20 21:50:39.842 20306 20891 D OSWrapper: AttachCurrentThread: 0, 0x0xadab1800
03-20 21:50:39.846 20306 20867 I AXL : NvFOpen: gta_sa.set
03-20 21:50:39.847 20306 20867 I AXL : NvFOpen: TEXT/RUSSIAN.GXT
03-20 21:50:39.850 20306 20867 I AXL : NvFOpen: gtasatelem.set
03-20 21:50:39.852 20306 20892 D OSWrapper: AttachCurrentThread: 0, 0x0xd35a8700
03-20 21:50:39.852 20306 20892 D libMEOW : meow new tls: 0xadbbbe00
03-20 21:50:39.852 20306 20892 D libMEOW : applied 1 plugins for
[com.evolve.roleplay]:
03-20 21:50:39.852 20306 20892 D libMEOW : plugin 1: [libMEOW_gift.so]:
0xed340800
03-20 21:50:39.852 20306 20892 D libMEOW : rebuild call chain: 0xadbc3300
03-20 21:50:39.853 20306 20867 I AXL : Loading "samp" cd..
03-20 21:50:39.853 20306 20867 I AXL : NvFOpen: models/coll/peds.col
03-20 21:50:39.854 20306 20867 I AXL : NvFOpen: texdb/mobile/mobile.txt
03-20 21:50:39.856 20306 20867 I AXL : NvFOpen: texdb/mobile/mobile.etc.tmb
03-20 21:50:39.857 20306 20867 I AXL : NvFOpen: texdb/mobile/mobile.etc.dat
03-20 21:50:39.858 20306 20867 I AXL : NvFOpen: texdb/mobile/mobile.etc.toc
03-20 21:50:39.861 20306 20867 I AXL : NvFOpen: texdb/txd/txd.txt
03-20 21:50:39.863 20306 20867 I AXL : NvFOpen: texdb/txd/txd.etc.tmb
03-20 21:50:39.864 20306 20867 I AXL : NvFOpen: texdb/txd/txd.etc.dat
03-20 21:50:39.865 20306 20867 I AXL : NvFOpen: texdb/txd/txd.etc.toc
03-20 21:50:39.867 20306 20867 I AXL : NvFOpen: texdb/gta3/gta3.txt
03-20 21:50:39.886 20306 20867 I AXL : NvFOpen: texdb/gta3/gta3.etc.tmb
03-20 21:50:39.890 20306 20867 I AXL : NvFOpen: texdb/gta3/gta3.etc.dat
03-20 21:50:39.892 20306 20867 I AXL : NvFOpen: texdb/gta3/gta3.etc.toc
03-20 21:50:39.897 20306 20867 I AXL : NvFOpen: texdb/gta_int/gta_int.txt
03-20 21:50:39.902 20306 20867 I AXL : NvFOpen: texdb/gta_int/gta_int.etc.tmb
03-20 21:50:39.904 20306 20867 I AXL : NvFOpen: texdb/gta_int/gta_int.etc.dat
03-20 21:50:39.905 20306 20867 I AXL : NvFOpen: texdb/gta_int/gta_int.etc.toc
03-20 21:50:39.907 20306 20867 I AXL : NvFOpen: texdb/cutscene/cutscene.txt
03-20 21:50:39.908 20306 20867 I AXL : NvFOpen: texdb/cutscene/cutscene.etc.tmb
03-20 21:50:39.910 20306 20867 I AXL : NvFOpen: texdb/cutscene/cutscene.etc.dat
03-20 21:50:39.911 20306 20867 I AXL : NvFOpen: texdb/cutscene/cutscene.etc.toc
03-20 21:50:39.912 20306 20867 I AXL : NvFOpen: texdb/player/player.txt
03-20 21:50:39.914 20306 20867 I AXL : NvFOpen: texdb/player/player.pvr.tmb
03-20 21:50:39.915 20306 20867 I AXL : NvFOpen: texdb/player/player.pvr.dat
03-20 21:50:39.916 20306 20867 I AXL : NvFOpen: texdb/player/player.pvr.toc
03-20 21:50:39.917 20306 20867 I AXL : NvFOpen: texdb/menu/menu.txt
03-20 21:50:39.918 20306 20867 I AXL : NvFOpen: texdb/menu/menu.pvr.tmb
03-20 21:50:39.919 20306 20867 I AXL : NvFOpen: texdb/menu/menu.pvr.dat
03-20 21:50:39.920 20306 20867 I AXL : NvFOpen: texdb/menu/menu.pvr.toc
03-20 21:50:39.943 20306 20867 I AXL : NvFOpen: Textures/Fonts/RussianFont.met
03-20 21:50:39.945 20306 20867 I AXL : NvFOpen: Textures/ 20867 I AXL :
NvFOpen: Textures/Fonts/RussianFont.met
03-20 21:50:39.945 20306 20867 I AXL : NvFOpen: Textures/Fonts/RussianFont.png
03-20 21:50:39.998 20306 20867 I AXL : NvFOpen: DATA/FONTS.DAT
03-20 21:50:40.000 20306 20867 I AXL : NvFOpen: texdb/samp/samp.txt
03-20 21:50:40.003 20306 20867 I AXL : NvFOpen: texdb/samp/samp.etc.tmb
03-20 21:50:40.005 20306 20867 I AXL : NvFOpen: texdb/samp/samp.etc.dat
03-20 21:50:40.006 20306 20867 I AXL : NvFOpen: texdb/samp/samp.etc.toc
03-20 21:50:40.008 20306 20893 D OSWrapper: AttachCurrentThread: 0, 0x0xadab1780
03-20 21:50:40.009 20306 20893 I AXL : NvFOpen: TEXT/RUSSIAN.GXT
03-20 21:50:40.014 20306 20893 I AXL : NvFOpen:
data/TouchDefaultPhoneWidescreen.cfg
03-20 21:50:40.022 20306 20893 I AXL : NvFOpen: Adjustable.cfg
03-20 21:50:40.024 20306 20893 I AXL : NvFOpen: data/ShopUVs.dat
03-20 21:50:40.043 20306 20893 I AXL : NvFOpen: DATA/HANDLING.CFG
03-20 21:50:40.055 20306 20893 I AXL : NvFOpen: data/surface.dat
03-20 21:50:40.057 20306 20893 I AXL : NvFOpen: data/surfinfo.dat
03-20 21:50:40.065 20306 20893 I AXL : NvFOpen: data/surfaud.dat
03-20 21:50:40.069 20306 20893 I AXL : NvFOpen: DATA/PEDSTATS.DAT
03-20 21:50:40.072 20306 20893 I AXL : NvFOpen: data/decision/PedEvent.txt
03-20 21:50:40.075 20306 20893 I AXL : NvFOpen:
data/decision/allowed/RANDOM.ped
03-20 21:50:40.078 20306 20893 I AXL : NvFOpen:
data/decision/allowed/m_norm.ped
03-20 21:50:40.081 20306 20893 I AXL : NvFOpen:
data/decision/allowed/m_plyr.ped
03-20 21:50:40.083 20306 20893 I AXL : NvFOpen:
data/decision/allowed/RANDOM.grp
03-20 21:50:40.085 20306 20893 I AXL : NvFOpen:
data/decision/allowed/MISSION.grp
03-20 21:50:40.087 20306 20893 I AXL : NvFOpen:
data/decision/allowed/GangMbr.ped
03-20 21:50:40.089 20306 20893 I AXL : NvFOpen: data/decision/allowed/Cop.ped
03-20 21:50:40.092 20306 20893 I AXL : NvFOpen:
data/decision/allowed/R_Norm.ped
03-20 21:50:40.094 20306 20893 I AXL : NvFOpen:
data/decision/allowed/R_Tough.ped
03-20 21:50:40.097 20306 20893 I AXL : NvFOpen:
data/decision/allowed/R_Weak.ped
03-20 21:50:40.099 20306 20893 I AXL : NvFOpen:
data/decision/allowed/Fireman.ped
03-20 21:50:40.101 20306 20893 I AXL : NvFOpen:
data/decision/allowed/m_empty.ped
03-20 21:50:40.103 20306 20893 I AXL : NvFOpen:
data/decision/allowed/Indoors.ped
03-20 21:50:40.105 20306 20893 I AXL : NvFOpen:
data/decision/allowed/RANDOM.grp
03-20 21:50:40.107 20306 20893 I AXL : NvFOpen:
data/decision/allowed/RANDOM2.grp
03-20 21:50:40.109 20306 20893 I AXL : NvFOpen: DATA/TIMECYC.DAT
03-20 21:50:40.121 20306 20893 I AXL : NvFOpen: data/colorcycle.dat
03-20 21:50:40.126 20306 20893 I AXL : NvFOpen: DATA/POPCYCLE.DAT
03-20 21:50:40.141 20306 20893 I AXL : NvFOpen: AUDIO/CONFIG/BANKSLOT.DAT
03-20 21:50:40.142 20306 20904 D OSWrapper: AttachCurrentThread: 0, 0x0xbfdee700
03-20 21:50:40.144 20306 20893 I AXL : NvFOpen: AUDIO/CONFIG/BANKLKUP.DAT
03-20 21:50:40.146 20306 20893 I AXL : NvFOpen: AUDIO/CONFIG/PAKFILES.DAT
03-20 21:50:40.147 20306 20893 I AXL : NvFOpen: AUDIO/SFX/FEET.osw
03-20 21:50:40.149 20306 20893 I AXL : NvFOpen: AUDIO/SFX/FEET.osw.idx
03-20 21:50:40.150 20306 20893 I AXL : NvFOpen: AUDIO/SFX/GENRL.osw
03-20 21:50:40.151 20306 20893 I AXL : NvFOpen: AUDIO/SFX/GENRL.osw.idx
03-20 21:50:40.153 20306 20893 I AXL : NvFOpen: AUDIO/SFX/PAIN_A.osw
03-20 21:50:40.154 20306 20893 I AXL : NvFOpen: AUDIO/SFX/PAIN_A.osw.idx
03-20 21:50:40.156 20306 20893 I AXL : NvFOpen: AUDIO/SFX/SCRIPT.osw
03-20 21:50:40.157 20306 20893 I AXL : NvFOpen: AUDIO/SFX/SPC_EA.osw
03-20 21:50:40.157 20306 20893 I AXL : NvFOpen: AUDIO/SFX/SPC_FA.osw
03-20 21:50:40.157 20306 20893 I AXL : NvFOpen: AUDIO/SFX/SPC_GA.osw
03-20 21:50:40.158 20306 20893 I AXL : NvFOpen: AUDIO/SFX/SPC_NA.osw
03-20 21:50:40.158 20306 20893 I AXL : NvFOpen: AUDIO/SFX/SPC_PA.osw
03-20 21:50:40.158 20306 20893 I AXL : NvFOpen: AUDIO/CONFIG/SOUNDINF.DAT
03-20 21:50:40.160 2Fonts/RussianFont.png
03-20 21:50:39.998 20306 20867 I AXL : NvFOpen: DATA/FONTS.DAT
03-20 21:50:40.000 20306 20867 I AXL : NvFOpen: texdb/samp/samp.txt
03-20 21:50:40.003 20306 20867 I AXL : NvFOpen: texdb/samp/samp.etc.tmb
03-20 21:50:40.005 20306 20867 I AXL : NvFOpen: texdb/samp/samp.etc.dat
03-20 21:50:40.006 20306 20867 I AXL : NvFOpen: texdb/samp/samp.etc.toc
03-20 21:50:40.008 20306 20893 D OSWrapper: AttachCurrentThread: 0, 0x0xadab1780
03-20 21:50:40.009 20306 20893 I AXL : NvFOpen: TEXT/RUSSIAN.GXT
03-20 21:50:40.014 20306 20893 I AXL : NvFOpen:
data/TouchDefaultPhoneWidescreen.cfg
03-20 21:50:40.022 20306 20893 I AXL : NvFOpen: Adjustable.cfg
03-20 21:50:40.024 20306 20893 I AXL : NvFOpen: data/ShopUVs.dat
03-20 21:50:40.043 20306 20893 I AXL : NvFOpen: DATA/HANDLING.CFG
03-20 21:50:40.055 20306 20893 I AXL : NvFOpen: data/surface.dat
03-20 21:50:40.057 20306 20893 I AXL : NvFOpen: data/surfinfo.dat
03-20 21:50:40.065 20306 20893 I AXL : NvFOpen: data/surfaud.dat
03-20 21:50:40.069 20306 20893 I AXL : NvFOpen: DATA/PEDSTATS.DAT
03-20 21:50:40.072 20306 20893 I AXL : NvFOpen: data/decision/PedEvent.txt
03-20 21:50:40.075 20306 20893 I AXL : NvFOpen:
data/decision/allowed/RANDOM.ped
03-20 21:50:40.078 20306 20893 I AXL : NvFOpen:
data/decision/allowed/m_norm.ped
03-20 21:50:40.081 20306 20893 I AXL : NvFOpen:
data/decision/allowed/m_plyr.ped
03-20 21:50:40.083 20306 20893 I AXL : NvFOpen:
data/decision/allowed/RANDOM.grp
03-20 21:50:40.085 20306 20893 I AXL : NvFOpen:
data/decision/allowed/MISSION.grp
03-20 21:50:40.087 20306 20893 I AXL : NvFOpen:
data/decision/allowed/GangMbr.ped
03-20 21:50:40.089 20306 20893 I AXL : NvFOpen: data/decision/allowed/Cop.ped
03-20 21:50:40.092 20306 20893 I AXL : NvFOpen:
data/decision/allowed/R_Norm.ped
03-20 21:50:40.094 20306 20893 I AXL : NvFOpen:
data/decision/allowed/R_Tough.ped
03-20 21:50:40.097 20306 20893 I AXL : NvFOpen:
data/decision/allowed/R_Weak.ped
03-20 21:50:40.099 20306 20893 I AXL : NvFOpen:
data/decision/allowed/Fireman.ped
03-20 21:50:40.101 20306 20893 I AXL : NvFOpen:
data/decision/allowed/m_empty.ped
03-20 21:50:40.103 20306 20893 I AXL : NvFOpen:
data/decision/allowed/Indoors.ped
03-20 21:50:40.105 20306 20893 I AXL : NvFOpen:
data/decision/allowed/RANDOM.grp
03-20 21:50:40.107 20306 20893 I AXL : NvFOpen:
data/decision/allowed/RANDOM2.grp
03-20 21:50:40.109 20306 20893 I AXL : NvFOpen: DATA/TIMECYC.DAT
03-20 21:50:40.121 20306 20893 I AXL : NvFOpen: data/colorcycle.dat
03-20 21:50:40.126 20306 20893 I AXL : NvFOpen: DATA/POPCYCLE.DAT
03-20 21:50:40.141 20306 20893 I AXL : NvFOpen: AUDIO/CONFIG/BANKSLOT.DAT
03-20 21:50:40.142 20306 20904 D OSWrapper: AttachCurrentThread: 0, 0x0xbfdee700
03-20 21:50:40.144 20306 20893 I AXL : NvFOpen: AUDIO/CONFIG/BANKLKUP.DAT
03-20 21:50:40.146 20306 20893 I AXL : NvFOpen: AUDIO/CONFIG/PAKFILES.DAT
03-20 21:50:40.147 20306 20893 I AXL : NvFOpen: AUDIO/SFX/FEET.osw
03-20 21:50:40.149 20306 20893 I AXL : NvFOpen: AUDIO/SFX/FEET.osw.idx
03-20 21:50:40.150 20306 20893 I AXL : NvFOpen: AUDIO/SFX/GENRL.osw
03-20 21:50:40.151 20306 20893 I AXL : NvFOpen: AUDIO/SFX/GENRL.osw.idx
03-20 21:50:40.153 20306 20893 I AXL : NvFOpen: AUDIO/SFX/PAIN_A.osw
03-20 21:50:40.154 20306 20893 I AXL : NvFOpen: AUDIO/SFX/PAIN_A.osw.idx
03-20 21:50:40.156 20306 20893 I AXL : NvFOpen: AUDIO/SFX/SCRIPT.osw
03-20 21:50:40.157 20306 20893 I AXL : NvFOpen: AUDIO/SFX/SPC_EA.osw
03-20 21:50:40.157 20306 20893 I AXL : NvFOpen: AUDIO/SFX/SPC_FA.osw
03-20 21:50:40.157 20306 20893 I AXL : NvFOpen: AUDIO/SFX/SPC_GA.osw
03-20 21:50:40.158 20306 20893 I AXL : NvFOpen: AUDIO/SFX/SPC_NA.osw
03-20 21:50:40.158 20306 20893 I AXL : NvFOpen: AUDIO/SFX/SPC_PA.osw
03-20 21:50:40.158 20306 20893 I AXL : NvFOpen: AUDIO/CONFIG/SOUNDINF.DAT
03-20 21:50:40.160 20306 20893 I AXL : NvFOpen: AUDIO/CONFIG/STRMPAKS.DAT
03-20 21:50:40.162 20306 20893 I AXL : NvFOpen: AUDIO/CONF0306 20893 I
AXL : NvFOpen: AUDIO/CONFIG/STRMPAKS.DAT
03-20 21:50:40.162 20306 20893 I AXL : NvFOpen: AUDIO/CONFIG/TRAKLKUP.DAT
03-20 21:50:40.163 20306 20893 I AXL : NvFOpen: AUDIO/CONFIG/TRKHEAD.DAT
03-20 21:50:40.165 20306 20893 D evolve.roleplay: PlayerBase::PlayerBase()
03-20 21:50:40.165 20306 20893 D evolve.roleplay:
TrackPlayerBase::TrackPlayerBase()
03-20 21:50:40.165 20306 20893 I libOpenSLES: Emulating old channel mask behavior
(ignoring positional mask 0x3, using default mask 0x3 based on channel count of 2)
03-20 21:50:40.166 20306 20893 D AudioTrack: INSP:
type=audio,case=1,set=0xaf803200,stream_type=-
1,sample_rate=44100,format=0x1,channel_mask=0x3,frame_count=0,flags=0x104,notificat
ion_frames=-2,session_id=2561,transfer_type=0,uid=-1,pid=-1
03-20 21:50:40.166 20306 20893 D AudioTrack: INSP:
type=audio,case=1,attributes=1,content_type=0,usage=1,source=0,flags=0x100
03-20 21:50:40.166 20306 20893 D AudioTrackStub: AudioTrackStub() create
03-20 21:50:40.167 20306 20893 I AudioTrackImpl: initAudioTrackImpl()
03-20 21:50:40.168 20306 20893 D AudioTrack: set: mPowerTrackStatus=0
03-20 21:50:40.179 20306 20893 D AudioTrack: createTrack_l(537): 0xaf803200, mCblk
= 0xb2387000, mLatency = 101, mAfLatency = 53, frameCount = 2127, mSampleRate =
44100, mFlags = 0, mReqFrameCount = 2127, mNotificationFramesAct = 709
03-20 21:50:40.183 20306 20893 I OpenAL_alSource.c: AL lib: (EE)
UpdateDeviceParams: Failed to set 22050hz, got 44100hz instead
03-20 21:50:40.183 20306 20893 D AudioTrack: start(537): 0xaf803200, prior
state:STATE_STOPPED
03-20 21:50:40.196 20306 20893 I AXL : NvFOpen: AUDIO/CONFIG/STRMPAKS.DAT
03-20 21:50:40.198 20306 20912 D OSWrapper: AttachCurrentThread: 0, 0x0xbfdee900
03-20 21:50:40.199 20306 20893 I AXL : NvFOpen: AUDIO/CONFIG/TRAKLKUP.DAT
03-20 21:50:40.201 20306 20893 I AXL : NvFOpen: AUDIO/CONFIG/TRKHEAD.DAT
03-20 21:50:40.202 20306 20893 I AXL : NvFOpen: AUDIO/CONFIG/EVENTVOL.DAT
03-20 21:50:40.207 20306 20904 I AXL : NvFOpen: AUDIO/SFX/GENRL.osw
03-20 21:50:40.213 20306 20904 I AXL : NvFOpen: AUDIO/SFX/GENRL.osw
03-20 21:50:40.216 20306 20904 I AXL : NvFOpen: AUDIO/SFX/GENRL.osw
03-20 21:50:40.220 20306 20904 I AXL : NvFOpen: AUDIO/SFX/GENRL.osw
03-20 21:50:40.226 20306 20904 I AXL : NvFOpen: AUDIO/SFX/GENRL.osw
03-20 21:50:40.234 20306 20904 I AXL : NvFOpen: AUDIO/SFX/GENRL.osw
03-20 21:50:40.237 20306 20904 I AXL : NvFOpen: AUDIO/SFX/GENRL.osw
03-20 21:50:40.240 20306 20904 I AXL : NvFOpen: AUDIO/SFX/GENRL.osw
03-20 21:50:40.243 20306 20904 I AXL : NvFOpen: AUDIO/SFX/GENRL.osw
03-20 21:50:40.269 20306 20893 I AXL : NvFOpen: GTASAsf10.b
03-20 21:50:40.269 20306 20893 I AXL : Creating "MultiPlayer" button.. (struct:
0xA7CBCF9C)
03-20 21:50:40.279 20306 20904 I AXL : NvFOpen: AUDIO/SFX/GENRL.osw
03-20 21:50:40.289 20306 20893 I AXL : NvFOpen: scache.txt
03-20 21:50:40.291 20306 20892 D hw-ProcessState: Binder ioctl to enable oneway
spam detection failed: Invalid argument
03-20 21:50:40.297 20306 20904 I AXL : NvFOpen: AUDIO/SFX/GENRL.osw
03-20 21:50:40.302 20306 20892 E libEGL : pre_cache appList: ,,,,,,
03-20 21:50:40.312 20306 20904 I AXL : NvFOpen: AUDIO/SFX/GENRL.osw
03-20 21:50:40.317 20306 20893 I AXL : CGame: InitInMenu
03-20 21:50:40.317 20306 20893 I AXL : Installing patches..
03-20 21:50:40.318 20306 20892 I System.out: swapBuffer wait
03-20 21:50:40.320 20306 20893 I AXL : SetUpHook: 0xBDFFC9B0 -> 0xBC95BAB1
03-20 21:50:40.320 20306 20893 I AXL : SetUpHook: 0xBDFFB338 -> 0xBC95BA41
03-20 21:50:40.321 20306 20893 I AXL : SetUpHook: 0xBDFFC178 -> 0xBC95BA75
03-20 21:50:40.321 20306 20893 I AXL : SetUpHook: 0xBE147784 -> 0xBC9601D9
03-20 21:50:40.321 20306 20893 I AXL : SetUpHook: 0xBE1477A0 -> 0xBC96023D
03-20 21:50:40.321 20306 20893 I AXL : SetUpHook: 0xBE02147C -> 0xBC960275
03-20 21:50:40.321 20306 20893 I AXL : SetUpHook: 0xBE0AF528 -> 0xBC95FE61
03-20 21:50:40.321 20306 20893 I AXL : SetUpHook: 0xBE2EE9D8 -> 0xBC9600A1
03-20 21:50:40.321 20306 20893 I AXLIG/TRAKLKUP.DAT
03-20 21:50:40.163 20306 20893 I AXL : NvFOpen: AUDIO/CONFIG/TRKHEAD.DAT
03-20 21:50:40.165 20306 20893 D evolve.roleplay: PlayerBase::PlayerBase()
03-20 21:50:40.165 20306 20893 D evolve.roleplay:
TrackPlayerBase::TrackPlayerBase()
03-20 21:50:40.165 20306 20893 I libOpenSLES: Emulating old channel mask behavior
(ignoring positional mask 0x3, using default mask 0x3 based on channel count of 2)
03-20 21:50:40.166 20306 20893 D AudioTrack: INSP:
type=audio,case=1,set=0xaf803200,stream_type=-
1,sample_rate=44100,format=0x1,channel_mask=0x3,frame_count=0,flags=0x104,notificat
ion_frames=-2,session_id=2561,transfer_type=0,uid=-1,pid=-1
03-20 21:50:40.166 20306 20893 D AudioTrack: INSP:
type=audio,case=1,attributes=1,content_type=0,usage=1,source=0,flags=0x100
03-20 21:50:40.166 20306 20893 D AudioTrackStub: AudioTrackStub() create
03-20 21:50:40.167 20306 20893 I AudioTrackImpl: initAudioTrackImpl()
03-20 21:50:40.168 20306 20893 D AudioTrack: set: mPowerTrackStatus=0
03-20 21:50:40.179 20306 20893 D AudioTrack: createTrack_l(537): 0xaf803200, mCblk
= 0xb2387000, mLatency = 101, mAfLatency = 53, frameCount = 2127, mSampleRate =
44100, mFlags = 0, mReqFrameCount = 2127, mNotificationFramesAct = 709
03-20 21:50:40.183 20306 20893 I OpenAL_alSource.c: AL lib: (EE)
UpdateDeviceParams: Failed to set 22050hz, got 44100hz instead
03-20 21:50:40.183 20306 20893 D AudioTrack: start(537): 0xaf803200, prior
state:STATE_STOPPED
03-20 21:50:40.196 20306 20893 I AXL : NvFOpen: AUDIO/CONFIG/STRMPAKS.DAT
03-20 21:50:40.198 20306 20912 D OSWrapper: AttachCurrentThread: 0, 0x0xbfdee900
03-20 21:50:40.199 20306 20893 I AXL : NvFOpen: AUDIO/CONFIG/TRAKLKUP.DAT
03-20 21:50:40.201 20306 20893 I AXL : NvFOpen: AUDIO/CONFIG/TRKHEAD.DAT
03-20 21:50:40.202 20306 20893 I AXL : NvFOpen: AUDIO/CONFIG/EVENTVOL.DAT
03-20 21:50:40.207 20306 20904 I AXL : NvFOpen: AUDIO/SFX/GENRL.osw
03-20 21:50:40.213 20306 20904 I AXL : NvFOpen: AUDIO/SFX/GENRL.osw
03-20 21:50:40.216 20306 20904 I AXL : NvFOpen: AUDIO/SFX/GENRL.osw
03-20 21:50:40.220 20306 20904 I AXL : NvFOpen: AUDIO/SFX/GENRL.osw
03-20 21:50:40.226 20306 20904 I AXL : NvFOpen: AUDIO/SFX/GENRL.osw
03-20 21:50:40.234 20306 20904 I AXL : NvFOpen: AUDIO/SFX/GENRL.osw
03-20 21:50:40.237 20306 20904 I AXL : NvFOpen: AUDIO/SFX/GENRL.osw
03-20 21:50:40.240 20306 20904 I AXL : NvFOpen: AUDIO/SFX/GENRL.osw
03-20 21:50:40.243 20306 20904 I AXL : NvFOpen: AUDIO/SFX/GENRL.osw
03-20 21:50:40.269 20306 20893 I AXL : NvFOpen: GTASAsf10.b
03-20 21:50:40.269 20306 20893 I AXL : Creating "MultiPlayer" button.. (struct:
0xA7CBCF9C)
03-20 21:50:40.279 20306 20904 I AXL : NvFOpen: AUDIO/SFX/GENRL.osw
03-20 21:50:40.289 20306 20893 I AXL : NvFOpen: scache.txt
03-20 21:50:40.291 20306 20892 D hw-ProcessState: Binder ioctl to enable oneway
spam detection failed: Invalid argument
03-20 21:50:40.297 20306 20904 I AXL : NvFOpen: AUDIO/SFX/GENRL.osw
03-20 21:50:40.302 20306 20892 E libEGL : pre_cache appList: ,,,,,,
03-20 21:50:40.312 20306 20904 I AXL : NvFOpen: AUDIO/SFX/GENRL.osw
03-20 21:50:40.317 20306 20893 I AXL : CGame: InitInMenu
03-20 21:50:40.317 20306 20893 I AXL : Installing patches..
03-20 21:50:40.318 20306 20892 I System.out: swapBuffer wait
03-20 21:50:40.320 20306 20893 I AXL : SetUpHook: 0xBDFFC9B0 -> 0xBC95BAB1
03-20 21:50:40.320 20306 20893 I AXL : SetUpHook: 0xBDFFB338 -> 0xBC95BA41
03-20 21:50:40.321 20306 20893 I AXL : SetUpHook: 0xBDFFC178 -> 0xBC95BA75
03-20 21:50:40.321 20306 20893 I AXL : SetUpHook: 0xBE147784 -> 0xBC9601D9
03-20 21:50:40.321 20306 20893 I AXL : SetUpHook: 0xBE1477A0 -> 0xBC96023D
03-20 21:50:40.321 20306 20893 I AXL : SetUpHook: 0xBE02147C -> 0xBC960275
03-20 21:50:40.321 20306 20893 I AXL : SetUpHook: 0xBE0AF528 -> 0xBC95FE61
03-20 21:50:40.321 20306 20893 I AXL : SetUpHook: 0xBE2EE9D8 -> 0xBC9600A1
03-20 21:50:40.321 20306 20893 I AXL : SetUpHook: 0xBE2DA9AC -> 0xBC95F099
03-20 21:50:40.321 20306 20893 I AXL : SetUpHook: 0xBE1F56AC -> 0xBC960165
03-20 21:50:40.321 20306 20893 I AXL : SetUpHook: 0xBE009398 -> 0xBC95D939
03-20 21:50:40.321 20306 20893 I AXL : SetUpHook: 0xBE15FCA8 -> 0xBC95BCE9
03-20 21:50:40.321 20306 20893 I AXL : SetUpHook: 0xBE122EF4 -> 0xBC95B8C9
03-20 21:50:40.321 20306 20893 I AXL : SetUpHook: 0xBE123098 -> 0xBC95BA05
03-20 21:50:40.321 20306 20893 I AXL : SetUpHook: 0xBDFC1D5C -> 0xBC95BD81
03-20 21:50:40.321 20306 20893 I AXL : SetUpHook: 0xBE01683C -> 0xBC95BF4D
03-20 21:50:40.321 20306 20893 I AXL : SetUpHook: 0xBE0BE690 -> 0xBC95C07D
03-20 21:50:40.321 20306 20893 I AXL : SetUpHook: 0xBE163A88 -> 0xBC95C109
03-20 21:50:40.321 20306 20893 I AXL : SetUpHook: 0xBE162F84 -> 0xBC95C10D
03-20 21:50:40.321 20306 20893 I AXL : SetUpHook: 0xBE1669A8 -> 0xBC95C299
03-20 21:50:40.322 20306 20893 I AXL : SetUpHook: 0xBE14F0C0 -> 0xBC95F911
03-20 21:50:40.322 20306 20893 I AXL : SetUpHook: 0xBE20AE60 -> 0xBC95C3C1
03-20 21:50:40.322 20306 20893 I AXL : SetUpHook: 0xBE20B3CC -> 0xBC95C3F1
03-20 21:50:40.322 20306 20893 I AXL : CodeInject: 0xBE0619F4 -> 0xbc95c2fd
(register: r1)
03-20 21:50:40.322 20306 20893 I AXL : SetUpHook: 0xBE0BE268 -> 0xBC95CBA5
03-20 21:50:40.322 20306 20893 I AXL : SetUpHook: 0xBE2EF964 -> 0xBC95F6C5
03-20 21:50:40.322 20306 20893 I AXL : SetUpHook: 0xBE2EE68C -> 0xBC95F7E9
03-20 21:50:40.322 20306 20893 I AXL : SetUpHook: 0xBE0BE618 -> 0xBC95CC29
03-20 21:50:40.322 20306 20893 I AXL : SetUpHook: 0xBE188390 -> 0xBC95CCD9
03-20 21:50:40.322 20306 20893 I AXL : SetUpHook: 0xBE2A4EF4 -> 0xBC95CCE5
03-20 21:50:40.322 20306 20893 I AXL : SetUpHook: 0xBE0C5FF4 -> 0xBC95CCF5
03-20 21:50:40.322 20306 20893 I AXL : SetUpHook: 0xBE016B10 -> 0xBC95CD89
03-20 21:50:40.322 20306 20893 I AXL : SetUpHook: 0xBE0C5A5C -> 0xBC95CB45
03-20 21:50:40.322 20306 20893 I AXL : SetUpHook: 0xBE2B9118 -> 0xBC95CB59
03-20 21:50:40.322 20306 20893 I AXL : SetUpHook: 0xBDF36CC0 -> 0xBC95CB2D
03-20 21:50:40.323 20306 20893 I AXL : SetUpHook: 0xBE067D30 -> 0xBC95CB6D
03-20 21:50:40.323 20306 20893 I AXL : SetUpHook: 0xBE0C2D78 -> 0xBC95CB85
03-20 21:50:40.323 20306 20893 I AXL : SetUpHook: 0xBE298B08 -> 0xBC95FD19
03-20 21:50:40.323 20306 20893 I AXL : SetUpHook: 0xBE15D894 -> 0xBC95CD95
03-20 21:50:40.323 20306 20893 I AXL : SetUpHook: 0xBDFFE510 -> 0xBC95CEED
03-20 21:50:40.323 20306 20893 I AXL : SetUpHook: 0xBE149BF8 -> 0xBC95D02D
03-20 21:50:40.323 20306 20893 I AXL : SetUpHook: 0xBE11D994 -> 0xBC95D0B5
03-20 21:50:40.323 20306 20893 I AXL : SetUpHook: 0xBE119E20 -> 0xBC95D229
03-20 21:50:40.323 20306 20893 I AXL : SetUpHook: 0xBDFE0910 -> 0xBC95D7A9
03-20 21:50:40.325 20306 20893 I AXL : SetUpHook: 0xBE134114 -> 0xBC95D7DD
03-20 21:50:40.325 20306 20893 I AXL : SetUpHook: 0xBE0BDCC0 -> 0xBC95D885
03-20 21:50:40.325 20306 20893 I AXL : SetUpHook: 0xBDF44314 -> 0xBC95D955
03-20 21:50:40.325 20306 20893 I AXL : SetUpHook: 0xBDF30530 -> 0xBC95DA29
03-20 21:50:40.325 20306 20893 I AXL : SetUpHook: 0xBDF41D74 -> 0xBC95DAAD
03-20 21:50:40.325 20306 20893 I AXL : SetUpHook: 0xBE0C0CBC -> 0xBC95DBC5
03-20 21:50:40.325 20306 20893 I AXL : SetUpHook: 0xBE295EF4 -> 0xBC95DC51
03-20 21:50:40.325 20306 20893 I AXL : SetUpHook: 0xBE1206CC -> 0xBC95DD25
03-20 21:50:40.325 20306 20893 I AXL : SetUpHook: 0xBE139778 -> 0xBC95DFBD
03-20 21:50:40.325 20306 20893 I AXL : SetUpHook: 0xBE25CA6C -> 0xBC95DFD5
03-20 21:50:40.325 20306 20893 I AXL : SetUpHook: 0xBE120334 -> 0xBC95E09D
03-20 21:50:40.325 20306 20893 I AXL : SetUpHook: 0xBE2CE6EC -> 0xBC95E14D
03-20 21:50:40.325 20306 20893 I AXL : SetUpHook: 0xBE2A0EC4 -> 0xBC95E399
03-20 21:50:40.325 20306 20893 I AXL : SetUpHook: 0xBE26E71C -> 0xBC95E6A9
03-20 21:50:40.326 20306 20893 I AXL : SetUpHook: 0xBE2646E8 -> 0xBC95E685
03-20 21:50:40.326 20306 20893 I AXL : SetUpHook: 0xBE170D48 -> 0xBC95E4C9
03-20 21:50:40.326 20306 20893 I AXL : SetUpHook: 0xBE170884 -> 0xBC95E615
03-20 21:50:40.326 20306 20893 I AXL : SetUpH : SetUpHook: 0xBE2DA9AC ->
0xBC95F099
03-20 21:50:40.321 20306 20893 I AXL : SetUpHook: 0xBE1F56AC -> 0xBC960165
03-20 21:50:40.321 20306 20893 I AXL : SetUpHook: 0xBE009398 -> 0xBC95D939
03-20 21:50:40.321 20306 20893 I AXL : SetUpHook: 0xBE15FCA8 -> 0xBC95BCE9
03-20 21:50:40.321 20306 20893 I AXL : SetUpHook: 0xBE122EF4 -> 0xBC95B8C9
03-20 21:50:40.321 20306 20893 I AXL : SetUpHook: 0xBE123098 -> 0xBC95BA05
03-20 21:50:40.321 20306 20893 I AXL : SetUpHook: 0xBDFC1D5C -> 0xBC95BD81
03-20 21:50:40.321 20306 20893 I AXL : SetUpHook: 0xBE01683C -> 0xBC95BF4D
03-20 21:50:40.321 20306 20893 I AXL : SetUpHook: 0xBE0BE690 -> 0xBC95C07D
03-20 21:50:40.321 20306 20893 I AXL : SetUpHook: 0xBE163A88 -> 0xBC95C109
03-20 21:50:40.321 20306 20893 I AXL : SetUpHook: 0xBE162F84 -> 0xBC95C10D
03-20 21:50:40.321 20306 20893 I AXL : SetUpHook: 0xBE1669A8 -> 0xBC95C299
03-20 21:50:40.322 20306 20893 I AXL : SetUpHook: 0xBE14F0C0 -> 0xBC95F911
03-20 21:50:40.322 20306 20893 I AXL : SetUpHook: 0xBE20AE60 -> 0xBC95C3C1
03-20 21:50:40.322 20306 20893 I AXL : SetUpHook: 0xBE20B3CC -> 0xBC95C3F1
03-20 21:50:40.322 20306 20893 I AXL : CodeInject: 0xBE0619F4 -> 0xbc95c2fd
(register: r1)
03-20 21:50:40.322 20306 20893 I AXL : SetUpHook: 0xBE0BE268 -> 0xBC95CBA5
03-20 21:50:40.322 20306 20893 I AXL : SetUpHook: 0xBE2EF964 -> 0xBC95F6C5
03-20 21:50:40.322 20306 20893 I AXL : SetUpHook: 0xBE2EE68C -> 0xBC95F7E9
03-20 21:50:40.322 20306 20893 I AXL : SetUpHook: 0xBE0BE618 -> 0xBC95CC29
03-20 21:50:40.322 20306 20893 I AXL : SetUpHook: 0xBE188390 -> 0xBC95CCD9
03-20 21:50:40.322 20306 20893 I AXL : SetUpHook: 0xBE2A4EF4 -> 0xBC95CCE5
03-20 21:50:40.322 20306 20893 I AXL : SetUpHook: 0xBE0C5FF4 -> 0xBC95CCF5
03-20 21:50:40.322 20306 20893 I AXL : SetUpHook: 0xBE016B10 -> 0xBC95CD89
03-20 21:50:40.322 20306 20893 I AXL : SetUpHook: 0xBE0C5A5C -> 0xBC95CB45
03-20 21:50:40.322 20306 20893 I AXL : SetUpHook: 0xBE2B9118 -> 0xBC95CB59
03-20 21:50:40.322 20306 20893 I AXL : SetUpHook: 0xBDF36CC0 -> 0xBC95CB2D
03-20 21:50:40.323 20306 20893 I AXL : SetUpHook: 0xBE067D30 -> 0xBC95CB6D
03-20 21:50:40.323 20306 20893 I AXL : SetUpHook: 0xBE0C2D78 -> 0xBC95CB85
03-20 21:50:40.323 20306 20893 I AXL : SetUpHook: 0xBE298B08 -> 0xBC95FD19
03-20 21:50:40.323 20306 20893 I AXL : SetUpHook: 0xBE15D894 -> 0xBC95CD95
03-20 21:50:40.323 20306 20893 I AXL : SetUpHook: 0xBDFFE510 -> 0xBC95CEED
03-20 21:50:40.323 20306 20893 I AXL : SetUpHook: 0xBE149BF8 -> 0xBC95D02D
03-20 21:50:40.323 20306 20893 I AXL : SetUpHook: 0xBE11D994 -> 0xBC95D0B5
03-20 21:50:40.323 20306 20893 I AXL : SetUpHook: 0xBE119E20 -> 0xBC95D229
03-20 21:50:40.323 20306 20893 I AXL : SetUpHook: 0xBDFE0910 -> 0xBC95D7A9
03-20 21:50:40.325 20306 20893 I AXL : SetUpHook: 0xBE134114 -> 0xBC95D7DD
03-20 21:50:40.325 20306 20893 I AXL : SetUpHook: 0xBE0BDCC0 -> 0xBC95D885
03-20 21:50:40.325 20306 20893 I AXL : SetUpHook: 0xBDF44314 -> 0xBC95D955
03-20 21:50:40.325 20306 20893 I AXL : SetUpHook: 0xBDF30530 -> 0xBC95DA29
03-20 21:50:40.325 20306 20893 I AXL : SetUpHook: 0xBDF41D74 -> 0xBC95DAAD
03-20 21:50:40.325 20306 20893 I AXL : SetUpHook: 0xBE0C0CBC -> 0xBC95DBC5
03-20 21:50:40.325 20306 20893 I AXL : SetUpHook: 0xBE295EF4 -> 0xBC95DC51
03-20 21:50:40.325 20306 20893 I AXL : SetUpHook: 0xBE1206CC -> 0xBC95DD25
03-20 21:50:40.325 20306 20893 I AXL : SetUpHook: 0xBE139778 -> 0xBC95DFBD
03-20 21:50:40.325 20306 20893 I AXL : SetUpHook: 0xBE25CA6C -> 0xBC95DFD5
03-20 21:50:40.325 20306 20893 I AXL : SetUpHook: 0xBE120334 -> 0xBC95E09D
03-20 21:50:40.325 20306 20893 I AXL : SetUpHook: 0xBE2CE6EC -> 0xBC95E14D
03-20 21:50:40.325 20306 20893 I AXL : SetUpHook: 0xBE2A0EC4 -> 0xBC95E399
03-20 21:50:40.325 20306 20893 I AXL : SetUpHook: 0xBE26E71C -> 0xBC95E6A9
03-20 21:50:40.326 20306 20893 I AXL : SetUpHook: 0xBE2646E8 -> 0xBC95E685
03-20 21:50:40.326 20306 20893 I AXL : SetUpHook: 0xBE170D48 -> 0xBC95E4C9
03-20 21:50:40.326 20306 20893 I AXL : SetUpHook: 0xBE170884 -> 0xBC95E615
03-20 21:50:40.326 20306 20893 I AXL : SetUpHook: 0xBE1F4EF4 -> 0xBC95E795
03-20 21:50:40.326 20306 20893 I AXL : SetUpHook: 0xBE16286C -> 0xBC95E7B9
03-20 21:50:40.326 20306 20893 I AXL : SetUpHook: 0xBE2DA9FC -> 0xBC95E82D
03-20 21:50:40.326 20306 20893 I AXL : SetUpHook: 0xBE2BD3B4 -> 0xBC95EB71
03-20 21:50:40.326 20306 20893 I AXL : SetUpHook: 0xBE2DA65C -> 0xBC95EE31
03-20 21:50:40.326 20306 20893 I AXL : SetUpHook: 0xBE0058A8 -> 0xBC95EB45
03-20 21:50:40.326 20306 20893 I AXL : SetUpHook: 0xBE004E88 -> 0xBC95F119
03-20 21:50:40.326 20306 20893 I AXL : SetUpHook: 0xBE111D74 -> 0xBC95F301
03-20 21:50:40.326 20306 20893 I AXL : SetUpHook: 0xBE125C68 -> 0xBC95F539
03-20 21:50:40.326 20306 20893 I AXL : SetUpHook: 0xBE0A3164 -> 0xBC95F659
03-20 21:50:40.326 20306 20893 I AXL : SetUpHook: 0xBE1C217C -> 0xBC95F695
03-20 21:50:40.327 20306 20893 I AXL : SetUpHook: 0xBDF39808 -> 0xBC9601A1
03-20 21:50:40.327 20306 20893 I AXL : SetUpHook: 0xBDF6CAE4 -> 0xBC9601B5
03-20 21:50:40.327 20306 20893 I AXL : SetUpHook: 0xBE1E2280 -> 0xBC9655AD
03-20 21:50:40.327 20306 20893 I AXL : SetUpHook: 0xBE12508C -> 0xBC964B75
03-20 21:50:40.327 20306 20893 I AXL : SetUpHook: 0xBE125110 -> 0xBC964BE1
03-20 21:50:40.327 20306 20893 I AXL : SetUpHook: 0xBE12554C -> 0xBC965241
03-20 21:50:40.327 20306 20893 I AXL : SetUpHook: 0xBE125528 -> 0xBC9652DD
03-20 21:50:40.327 20306 20893 I AXL : SetUpHook: 0xBE125344 -> 0xBC965379
03-20 21:50:40.327 20306 20893 I AXL : SetUpHook: 0xBE125368 -> 0xBC9653F1
03-20 21:50:40.327 20306 20893 I AXL : SetUpHook: 0xBE126AA4 -> 0xBC964C4D
03-20 21:50:40.327 20306 20893 I AXL : SetUpHook: 0xBE1269B8 -> 0xBC964CA1
03-20 21:50:40.327 20306 20893 I AXL : SetUpHook: 0xBE12696C -> 0xBC964D1D
03-20 21:50:40.327 20306 20893 I AXL : SetUpHook: 0xBE126824 -> 0xBC964D85
03-20 21:50:40.327 20306 20893 I AXL : SetUpHook: 0xBE1268C0 -> 0xBC964DD9
03-20 21:50:40.327 20306 20893 I AXL : SetUpHook: 0xBE126A0C -> 0xBC964E2D
03-20 21:50:40.327 20306 20893 I AXL : SetUpHook: 0xBE126A4C -> 0xBC964E81
03-20 21:50:40.328 20306 20893 I AXL : SetUpHook: 0xBE125D9C -> 0xBC964F05
03-20 21:50:40.328 20306 20893 I AXL : SetUpHook: 0xBE126038 -> 0xBC965955
03-20 21:50:40.328 20306 20893 I AXL : SetUpHook: 0xBE126498 -> 0xBC965A39
03-20 21:50:40.328 20306 20893 I AXL : SetUpHook: 0xBE126418 -> 0xBC965A01
03-20 21:50:40.328 20306 20893 I AXL : SetUpHook: 0xBE249748 -> 0xBC9659E1
03-20 21:50:40.328 20306 20893 I AXL : SetUpHook: 0xBE1267B0 -> 0xBC964ED9
03-20 21:50:40.328 20306 20893 I AXL : SetUpHook: 0xBE125B50 -> 0xBC964F79
03-20 21:50:40.328 20306 20893 I AXL : SetUpHook: 0xBE1249E4 -> 0xBC964FC9
03-20 21:50:40.328 20306 20893 I AXL : SetUpHook: 0xBE124BF0 -> 0xBC96500D
03-20 21:50:40.328 20306 20893 I AXL : SetUpHook: 0xBE125B7C -> 0xBC965049
03-20 21:50:40.328 20306 20893 I AXL : SetUpHook: 0xBE125938 -> 0xBC965111
03-20 21:50:40.328 20306 20893 I AXL : SetUpHook: 0xBE125754 -> 0xBC965159
03-20 21:50:40.328 20306 20893 I AXL : SetUpHook: 0xBE1254F8 -> 0xBC965469
03-20 21:50:40.328 20306 20893 I AXL : SetUpHook: 0xBE1254C8 -> 0xBC9651A1
03-20 21:50:40.328 20306 20893 I AXL : SetUpHook: 0xBE125A1C -> 0xBC965555
03-20 21:50:40.328 20306 20893 I AXL : SetUpHook: 0xBE125D30 -> 0xBC965C75
03-20 21:50:40.329 20306 20893 I AXL : GUI | Display size: 2460.000000,
1080.000000
03-20 21:50:40.329 20306 20893 I AXL : GUI | Scale factor: 1.281250, 1.000000
Font size: 30.000000
03-20 21:50:40.329 20306 20893 I AXL : GUI | Loading font: visby-round-cf-
extra-bold.ttf
03-20 21:50:40.331 20306 20904 I AXL : NvFOpen: AUDIO/SFX/GENRL.osw
03-20 21:50:40.332 20306 20893 I AXL : GUI | ImFont pointer = 0xD5BE8C20
03-20 21:50:40.339 20306 20904 I AXL : NvFOpen: AUDIO/SFX/GENRL.osw
03-20 21:50:40.340 20306 20893 I AXL : Error: Texture (splash_icon) not found
in database (txd)
03-20 21:50:40.340 2030ook: 0xBE1F4EF4 -> 0xBC95E795
03-20 21:50:40.326 20306 20893 I AXL : SetUpHook: 0xBE16286C -> 0xBC95E7B9
03-20 21:50:40.326 20306 20893 I AXL : SetUpHook: 0xBE2DA9FC -> 0xBC95E82D
03-20 21:50:40.326 20306 20893 I AXL : SetUpHook: 0xBE2BD3B4 -> 0xBC95EB71
03-20 21:50:40.326 20306 20893 I AXL : SetUpHook: 0xBE2DA65C -> 0xBC95EE31
03-20 21:50:40.326 20306 20893 I AXL : SetUpHook: 0xBE0058A8 -> 0xBC95EB45
03-20 21:50:40.326 20306 20893 I AXL : SetUpHook: 0xBE004E88 -> 0xBC95F119
03-20 21:50:40.326 20306 20893 I AXL : SetUpHook: 0xBE111D74 -> 0xBC95F301
03-20 21:50:40.326 20306 20893 I AXL : SetUpHook: 0xBE125C68 -> 0xBC95F539
03-20 21:50:40.326 20306 20893 I AXL : SetUpHook: 0xBE0A3164 -> 0xBC95F659
03-20 21:50:40.326 20306 20893 I AXL : SetUpHook: 0xBE1C217C -> 0xBC95F695
03-20 21:50:40.327 20306 20893 I AXL : SetUpHook: 0xBDF39808 -> 0xBC9601A1
03-20 21:50:40.327 20306 20893 I AXL : SetUpHook: 0xBDF6CAE4 -> 0xBC9601B5
03-20 21:50:40.327 20306 20893 I AXL : SetUpHook: 0xBE1E2280 -> 0xBC9655AD
03-20 21:50:40.327 20306 20893 I AXL : SetUpHook: 0xBE12508C -> 0xBC964B75
03-20 21:50:40.327 20306 20893 I AXL : SetUpHook: 0xBE125110 -> 0xBC964BE1
03-20 21:50:40.327 20306 20893 I AXL : SetUpHook: 0xBE12554C -> 0xBC965241
03-20 21:50:40.327 20306 20893 I AXL : SetUpHook: 0xBE125528 -> 0xBC9652DD
03-20 21:50:40.327 20306 20893 I AXL : SetUpHook: 0xBE125344 -> 0xBC965379
03-20 21:50:40.327 20306 20893 I AXL : SetUpHook: 0xBE125368 -> 0xBC9653F1
03-20 21:50:40.327 20306 20893 I AXL : SetUpHook: 0xBE126AA4 -> 0xBC964C4D
03-20 21:50:40.327 20306 20893 I AXL : SetUpHook: 0xBE1269B8 -> 0xBC964CA1
03-20 21:50:40.327 20306 20893 I AXL : SetUpHook: 0xBE12696C -> 0xBC964D1D
03-20 21:50:40.327 20306 20893 I AXL : SetUpHook: 0xBE126824 -> 0xBC964D85
03-20 21:50:40.327 20306 20893 I AXL : SetUpHook: 0xBE1268C0 -> 0xBC964DD9
03-20 21:50:40.327 20306 20893 I AXL : SetUpHook: 0xBE126A0C -> 0xBC964E2D
03-20 21:50:40.327 20306 20893 I AXL : SetUpHook: 0xBE126A4C -> 0xBC964E81
03-20 21:50:40.328 20306 20893 I AXL : SetUpHook: 0xBE125D9C -> 0xBC964F05
03-20 21:50:40.328 20306 20893 I AXL : SetUpHook: 0xBE126038 -> 0xBC965955
03-20 21:50:40.328 20306 20893 I AXL : SetUpHook: 0xBE126498 -> 0xBC965A39
03-20 21:50:40.328 20306 20893 I AXL : SetUpHook: 0xBE126418 -> 0xBC965A01
03-20 21:50:40.328 20306 20893 I AXL : SetUpHook: 0xBE249748 -> 0xBC9659E1
03-20 21:50:40.328 20306 20893 I AXL : SetUpHook: 0xBE1267B0 -> 0xBC964ED9
03-20 21:50:40.328 20306 20893 I AXL : SetUpHook: 0xBE125B50 -> 0xBC964F79
03-20 21:50:40.328 20306 20893 I AXL : SetUpHook: 0xBE1249E4 -> 0xBC964FC9
03-20 21:50:40.328 20306 20893 I AXL : SetUpHook: 0xBE124BF0 -> 0xBC96500D
03-20 21:50:40.328 20306 20893 I AXL : SetUpHook: 0xBE125B7C -> 0xBC965049
03-20 21:50:40.328 20306 20893 I AXL : SetUpHook: 0xBE125938 -> 0xBC965111
03-20 21:50:40.328 20306 20893 I AXL : SetUpHook: 0xBE125754 -> 0xBC965159
03-20 21:50:40.328 20306 20893 I AXL : SetUpHook: 0xBE1254F8 -> 0xBC965469
03-20 21:50:40.328 20306 20893 I AXL : SetUpHook: 0xBE1254C8 -> 0xBC9651A1
03-20 21:50:40.328 20306 20893 I AXL : SetUpHook: 0xBE125A1C -> 0xBC965555
03-20 21:50:40.328 20306 20893 I AXL : SetUpHook: 0xBE125D30 -> 0xBC965C75
03-20 21:50:40.329 20306 20893 I AXL : GUI | Display size: 2460.000000,
1080.000000
03-20 21:50:40.329 20306 20893 I AXL : GUI | Scale factor: 1.281250, 1.000000
Font size: 30.000000
03-20 21:50:40.329 20306 20893 I AXL : GUI | Loading font: visby-round-cf-
extra-bold.ttf
03-20 21:50:40.331 20306 20904 I AXL : NvFOpen: AUDIO/SFX/GENRL.osw
03-20 21:50:40.332 20306 20893 I AXL : GUI | ImFont pointer = 0xD5BE8C20
03-20 21:50:40.339 20306 20904 I AXL : NvFOpen: AUDIO/SFX/GENRL.osw
03-20 21:50:40.340 20306 20893 I AXL : Error: Texture (splash_icon) not found
in database (txd)
