03-20 21:48:30.733 17688 17688 D Surface : lockCanvas
03-20 21:48:30.839 17688 17688 D Surface : lockCanvas
03-20 21:48:30.862 17688 17898 I AXL : RPC_SCRCREATEOBJECT(0) 13646
03-20 21:48:30.862 17688 17898 I AXL : RPC_SCRCREATEOBJECT(1) 10230
03-20 21:48:30.863 17688 17898 I AXL : RPC_SCRCREATEOBJECT(2) 10231
03-20 21:48:30.863 17688 17898 I AXL : RPC_SCRCREATEOBJECT(3) 10140
03-20 21:48:30.863 17688 17898 I AXL : RPC_SCRCREATEOBJECT(4) 19529
03-20 21:48:30.864 17688 17898 I AXL : RPC_SCRCREATEOBJECT(5) 8470
03-20 21:48:30.867 17688 17898 I AXL : RPC_SCRCREATEOBJECT(6) 18849
03-20 21:48:30.870 17688 17898 I AXL : RPC_SCRCREATEOBJECT(7) 18849
03-20 21:48:30.870 17688 17898 I AXL : RPC_SCRCREATEOBJECT(8) 18849
03-20 21:48:30.871 17688 17898 I AXL : RPC_SCRCREATEOBJECT(9) 18849
03-20 21:48:30.871 17688 17898 I AXL : RPC_SCRCREATEOBJECT(10) 18849
03-20 21:48:30.871 17688 17898 I AXL : RPC_SCRCREATEOBJECT(11) 18849
03-20 21:48:30.871 17688 17898 I AXL : RPC_SCRCREATEOBJECT(12) 18849
03-20 21:48:30.871 17688 17898 I AXL : RPC_SCRCREATEOBJECT(13) 18849
03-20 21:48:30.871 17688 17898 I AXL : RPC_SCRCREATEOBJECT(14) 18849
03-20 21:48:30.871 17688 17898 I AXL : RPC_SCRCREATEOBJECT(15) 18849
03-20 21:48:30.871 17688 17898 I AXL : RPC_SCRCREATEOBJECT(16) 18849
03-20 21:48:30.871 17688 17898 I AXL : RPC_SCRCREATEOBJECT(17) 18849
03-20 21:48:30.872 17688 17898 I AXL : RPC_SCRCREATEOBJECT(18) 18849
03-20 21:48:30.873 17688 17898 I AXL : RPC_SCRCREATEOBJECT(19) 18849
03-20 21:48:30.873 17688 17898 I AXL : RPC_SCRCREATEOBJECT(20) 18849
03-20 21:48:30.873 17688 17898 I AXL : RPC_SCRCREATEOBJECT(21) 18849
03-20 21:48:30.873 17688 17898 I AXL : RPC_SCRCREATEOBJECT(22) 18849
03-20 21:48:30.873 17688 17898 I AXL : RPC_SCRCREATEOBJECT(23) 18849
03-20 21:48:30.873 17688 17898 I AXL : RPC_SCRCREATEOBJECT(24) 18849
03-20 21:48:30.873 17688 17898 I AXL : RPC_SCRCREATEOBJECT(25) 18849
03-20 21:48:30.874 17688 17898 I AXL : RPC_SCRCREATEOBJECT(26) 19536
03-20 21:48:30.874 17688 17898 I AXL : RPC_SCRCREATEOBJECT(27) 19536
03-20 21:48:30.876 17688 17898 I AXL : RPC_SCRCREATEOBJECT(28) 19536
03-20 21:48:30.876 17688 17898 I AXL : RPC_SCRCREATEOBJECT(29) 19538
03-20 21:48:30.877 17688 17898 I AXL : RPC_SCRCREATEOBJECT(30) 7244
03-20 21:48:30.877 17688 17898 I AXL : RPC_SCRCREATEOBJECT(31) 18759
03-20 21:48:30.877 17688 17898 I AXL : RPC_SCRCREATEOBJECT(32) 19536
03-20 21:48:30.877 17688 17898 I AXL : RPC_SCRCREATEOBJECT(33) 19536
03-20 21:48:30.877 17688 17898 I AXL : RPC_SCRCREATEOBJECT(34) 19552
03-20 21:48:30.877 17688 17898 I AXL : RPC_SCRCREATEOBJECT(35) 19552
03-20 21:48:30.877 17688 17898 I AXL : RPC_SCRCREATEOBJECT(36) 19552
03-20 21:48:30.877 17688 17898 I AXL : RPC_SCRCREATEOBJECT(37) 19552
03-20 21:48:30.877 17688 17898 I AXL : RPC_SCRCREATEOBJECT(38) 19378
03-20 21:48:30.877 17688 17898 I AXL : RPC_SCRCREATEOBJECT(39) 8661
03-20 21:48:30.878 17688 17898 I AXL : RPC_SCRCREATEOBJECT(40) 19445
03-20 21:48:30.878 17688 17898 I AXL : RPC_SCRCREATEOBJECT(41) 18783
03-20 21:48:30.878 17688 17898 I AXL : RPC_SCRCREATEOBJECT(42) 19538
03-20 21:48:30.878 17688 17898 I AXL : RPC_SCRCREATEOBJECT(43) 19538
03-20 21:48:30.879 17688 17898 I AXL : RPC_SCRCREATEOBJECT(44) 8661
03-20 21:48:30.879 17688 17898 I AXL : RPC_SCRCREATEOBJECT(45) 19531
03-20 21:48:30.879 17688 17898 I AXL : RPC_SCRCREATEOBJECT(46) 19531
03-20 21:48:30.879 17688 17898 I AXL : RPC_SCRCREATEOBJECT(47) 19531
03-20 21:48:30.880 17688 17898 I AXL : RPC_SCRCREATEOBJECT(48) 19531
03-20 21:48:30.880 17688 17898 I AXL : RPC_SCRCREATEOBJECT(49) 19538
03-20 21:48:30.881 17688 17898 I AXL : RPC_SCRCREATEOBJECT(50) 19531
03-20 21:48:30.882 17688 17898 I AXL : RPC_SCRCREATEOBJECT(51) 10847
03-20 21:48:30.882 17688 17898 I AXL : RPC_SCRCREATEOBJECT(52) 11692
03-20 21:48:30.882 17688 17898 I AXL : RPC_SCRCREATEOBJECT(53) 8661
03-20 21:48:30.882 17688 17898 I AXL : RPC_SCRCREATEOBJECT(54) 8661
03-20 21:48:30.883 17688 17898 I AXL : RPC_SCRCREATEOBJECT(55) 8661
03-20 21:48:30.883 17688 17898 I AXL : RPC_SCRCREATEOBJECT(56) 8661
03-20 21:48:30.883 17688 17898 I AXL : RPC_SCRCREATEOBJECT(57) 8661
03-20 21:48:30.884 17688 17898 I AXL : RPC_SCRCREATEOBJECT(58) 8661
03-20 21:48:30.885 17688 17898 I AXL : RPC_SCRCREATEOBJECT(59) 8661
03-20 21:48:30.885 17688 17898 I AXL : RPC_SCRCREATEOBJECT(60) 8661
03-20 21:48:30.885 17688 17898 I AXL : RPC_SCRCREATEOBJECT(61) 8661
03-20 21:48:30.885 17688 17898 I AXL : RPC_SCRCREATEOBJECT(62) 19272
03-20 21:48:30.885 17688 17898 I AXL : RPC_SCRCREATEOBJECT(63) 19538
03-20 21:48:30.885 17688 17898 I AXL : RPC_SCRCREATEOBJECT(64) 19538
03-20 21:48:30.885 17688 17898 I AXL : RPC_SCRCREATEOBJECT(65) 19538
03-20 21:48:30.886 17688 17898 I AXL : RPC_SCRCREATEOBJECT(66) 11083
03-20 21:48:30.887 17688 17898 I AXL : RPC_SCRCREATEOBJECT(67) 11083
03-20 21:48:30.887 17688 17898 I AXL : RPC_SCRCREATEOBJECT(68) 11083
03-20 21:48:30.888 17688 17898 I AXL : RPC_SCRCREATEOBJECT(69) 11083
03-20 21:48:30.888 17688 17898 I AXL : RPC_SCRCREATEOBJECT(70) 8172
03-20 21:48:30.888 17688 17898 I AXL : RPC_SCRCREATEOBJECT(71) 19531
03-20 21:48:30.888 17688 17898 I AXL : RPC_SCRCREATEOBJECT(72) 8661
03-20 21:48:30.888 17688 17898 I AXL : RPC_SCRCREATEOBJECT(73) 19531
03-20 21:48:30.888 17688 17898 I AXL : RPC_SCRCREATEOBJECT(74) 19531
03-20 21:48:30.888 17688 17898 I AXL : RPC_SCRCREATEOBJECT(75) 8661
03-20 21:48:30.889 17688 17898 I AXL : RPC_SCRCREATEOBJECT(76) 19531
03-20 21:48:30.889 17688 17898 I AXL : RPC_SCRCREATEOBJECT(77) 8661
03NRL.osw
03-20 21:48:25.725 17688 17910 I AXL : NvFOpen: AUDIO/SFX/GENRL.osw
03-20 21:48:25.733 17688 17910 I AXL : NvFOpen: AUDIO/SFX/GENRL.osw
03-20 21:48:25.738 17688 17910 I AXL : NvFOpen: AUDIO/SFX/GENRL.osw
03-20 21:48:25.744 17688 17910 I AXL : NvFOpen: AUDIO/SFX/GENRL.osw
03-20 21:48:25.752 17688 17910 I AXL : NvFOpen: AUDIO/SFX/GENRL.osw
03-20 21:48:25.768 17688 17910 I AXL : NvFOpen: AUDIO/SFX/GENRL.osw
03-20 21:48:25.774 17688 17910 I AXL : NvFOpen: AUDIO/SFX/GENRL.osw
03-20 21:48:25.781 17688 17910 I AXL : NvFOpen: AUDIO/SFX/GENRL.osw
03-20 21:48:25.787 17688 17910 I AXL : NvFOpen: AUDIO/SFX/GENRL.osw
03-20 21:48:25.835 17688 17898 I AXL : NvFOpen: data/script/mainV1.scm
03-20 21:48:25.846 17688 17898 I AXL : Instance is not ok, deleting
03-20 21:48:25.847 17688 17898 I AXL : Deleted instance
03-20 21:48:25.860 17688 17898 I AXL : NvFOpen: TEXDB/PLAYER.IMG
03-20 21:48:26.344 17688 17918 D AudioTrack: [audioTrackData][zero] 4s(f:10018 m:0
s:32 k:0 z:4020) : pid 17688 uid 10036 sessionId 2473 sr 44100 ch 2 fmt 1
03-20 21:48:26.705 17688 17898 I AXL : CGame: InitInGame
03-20 21:48:26.705 17688 17898 I AXL : Installing patches (ingame)..
03-20 21:48:26.705 17688 17898 I AXL : InGame patches successfully installed!
03-20 21:48:26.708 17688 17898 I AXL : Registering RPC's..
03-20 21:48:26.708 17688 17898 I AXL : Registering ScriptRPC's..
03-20 21:48:26.710 17688 17688 I System.out: addChatViewMessage: {BEBEBE} |
{ffffff}Клиент {EB2E4A}Evolve Role Play{ffffff} запущен
03-20 21:48:26.715 17688 17898 I AXL : {ffffff}Клиент {EB2E4A}Evolve Role
Play{ffffff} запущен
03-20 21:48:26.751 17688 17688 D CompatibilityChangeReporter: Compat change id
reported: 247079863; UID 10036; state: DISABLED
03-20 21:48:26.775 17688 17688 D Surface : lockCanvas
03-20 21:48:26.888 17688 17688 D Surface : lockCanvas
03-20 21:48:29.717 17688 17898 I AXL : {ffffff}Соединение с сервером
03-20 21:48:29.725 17688 17688 I System.out: addChatViewMessage: {BEBEBE} |
{ffffff}Соединение с сервером
03-20 21:48:29.786 17688 17688 D Surface : lockCanvas
03-20 21:48:29.837 17688 17688 D Surface : lockCanvas
03-20 21:48:30.469 17688 17898 I AXL : Incoming packet: ID_AUTH_KEY
03-20 21:48:30.469 17688 17898 I AXL : [AUTH] 703D6DD73F304FFB ->
30DA1733BF140404D21DE745B3CF731BA99CB49B
03-20 21:48:30.559 17688 17898 I AXL : {ffffff}Соединено. Подготовка к игре...
03-20 21:48:30.560 17688 17898 I AXL : Send: 38101 2 0 0 0 0
03-20 21:48:30.561 17688 17688 I System.out: addChatViewMessage: {BEBEBE} |
{ffffff}Соединено. Подготовка к игре...
03-20 21:48:30.620 17688 17898 I AXL : RPC: ScrSetPlayerName
03-20 21:48:30.620 17688 17898 I AXL : byteSuccess = 1
03-20 21:48:30.627 17688 17688 D Surface : lockCanvas
03-20 21:48:30.632 17688 17898 I AXL : CPlayerPed::TogglePlayerControllable
03-20 21:48:30.638 17688 17898 I AXL : RPC: ScrSetPlayerColor
03-20 21:48:30.733 17688 17688 D Surface : lockCanvas
03-20 21:48:30.839 17688 17688 D Surface : lockCanvas
03-20 21:48:30.862 17688 17898 I AXL : RPC_SCRCREATEOBJECT(0) 13646
03-20 21:48:30.862 17688 17898 I AXL : RPC_SCRCREATEOBJECT(1) 10230
03-20 21:48:30.863 17688 17898 I AXL : RPC_SCRCREATEOBJECT(2) 10231
03-20 21:48:30.863 17688 17898 I AXL : RPC_SCRCREATEOBJECT(3) 10140
03-20 21:48:30.863 17688 17898 I AXL : RPC_SCRCREATEOBJECT(4) 19529
03-20 21:48:30.864 17688 17898 I AXL : RPC_SCRCREATEOBJECT(5) 8470
03-20 21:48:30.867 17688 17898 I AXL : RPC_SCRCREATEOBJECT(6) 18849
03-20 21:48:30.870 17688 17898 I AXL : RPC_SCRCREATEOBJECT(7) 18849
03-20 21:48:30.870 17688 17898 I AXL : RPC_SCRCREATEOBJECT(8) 18849
03-20 21:48:30.871 17688 17898 I AXL : RPC_SCRCREATEOBJECT(9) 18849
03-20 21:48:30.871 17688 17898 I AXL : RPC_SCRCREATEOBJECT(10) 18849
03-20 21:48:30.871 17688 17898 I AXL : RPC_SCRCREATEOBJECT(11) 18849
03-20-20 21:48:30.889 17688 17898 I AXL : RPC_SCRCREATEOBJECT(78) 8661
03-20 21:48:30.889 17688 17898 I AXL : RPC_SCRCREATEOBJECT(79) 19552
03-20 21:48:30.889 17688 17898 I AXL : RPC_SCRCREATEOBJECT(80) 19552
03-20 21:48:30.889 17688 17898 I AXL : RPC_SCRCREATEOBJECT(81) 19552
03-20 21:48:30.889 17688 17898 I AXL : RPC_SCRCREATEOBJECT(82) 8661
03-20 21:48:30.890 17688 17688 D Surface : lockCanvas
03-20 21:48:30.891 17688 17898 I AXL : RPC_SCRCREATEOBJECT(83) 19552
03-20 21:48:30.891 17688 17898 I AXL : RPC_SCRCREATEOBJECT(84) 19552
03-20 21:48:30.892 17688 17898 I AXL : RPC_SCRCREATEOBJECT(85) 19538
03-20 21:48:30.892 17688 17898 I AXL : RPC_SCRCREATEOBJECT(86) 19538
03-20 21:48:30.892 17688 17898 I AXL : RPC_SCRCREATEOBJECT(87) 19538
03-20 21:48:30.892 17688 17898 I AXL : RPC_SCRCREATEOBJECT(88) 19538
03-20 21:48:30.892 17688 17898 I AXL : RPC_SCRCREATEOBJECT(89) 19538
03-20 21:48:30.892 17688 17898 I AXL : RPC_SCRCREATEOBJECT(90) 12959
03-20 21:48:30.892 17688 17898 I AXL : RPC_SCRCREATEOBJECT(91) 19536
03-20 21:48:30.893 17688 17898 I AXL : RPC_SCRCREATEOBJECT(92) 11083
03-20 21:48:30.893 17688 17898 I AXL : RPC_SCRCREATEOBJECT(93) 19531
03-20 21:48:30.893 17688 17898 I AXL : RPC: InitGame
03-20 21:48:30.893 17688 17898 I AXL : Count = 455
03-20 21:48:30.893 17688 17898 I AXL : CPlayerPed::SetInitialState()
03-20 21:48:30.893 17688 17898 I AXL : CPlayerPed::TogglePlayerControllable
03-20 21:48:30.893 17688 17898 I AXL : RPC: ServerJoin
03-20 21:48:30.893 17688 17898 I AXL : RPC: ServerJoin
03-20 21:48:30.893 17688 17898 I AXL : RPC: ServerJoin
03-20 21:48:30.893 17688 17898 I AXL : RPC: ServerJoin
03-20 21:48:30.893 17688 17898 I AXL : RPC: ServerJoin
03-20 21:48:30.893 17688 17898 I AXL : RPC: ServerJoin
03-20 21:48:30.893 17688 17898 I AXL : RPC: ServerJoin
03-20 21:48:30.893 17688 17898 I AXL : RPC: ServerJoin
03-20 21:48:30.893 17688 17898 I AXL : RPC: ServerJoin
03-20 21:48:30.893 17688 17898 I AXL : RPC: ServerJoin
03-20 21:48:30.893 17688 17898 I AXL : RPC: ServerJoin
03-20 21:48:30.893 17688 17898 I AXL : RPC: ServerJoin
03-20 21:48:30.893 17688 17898 I AXL : RPC: ServerJoin
03-20 21:48:30.894 17688 17898 I AXL : RPC: ServerJoin
03-20 21:48:30.894 17688 17898 I AXL : RPC: ServerJoin
03-20 21:48:30.894 17688 17898 I AXL : RPC: ServerJoin
03-20 21:48:30.894 17688 17898 I AXL : RPC: ServerJoin
03-20 21:48:30.894 17688 17898 I AXL : RPC: ServerJoin
03-20 21:48:30.894 17688 17898 I AXL : RPC: ServerJoin
03-20 21:48:30.894 17688 17898 I AXL : RPC: ServerJoin
03-20 21:48:30.894 17688 17898 I AXL : RPC: ServerJoin
03-20 21:48:30.894 17688 17898 I AXL : RPC: ServerJoin
03-20 21:48:30.894 17688 17898 I AXL : RPC: ServerJoin
03-20 21:48:30.894 17688 17898 I AXL : RPC: ServerJoin
03-20 21:48:30.894 17688 17898 I AXL : RPC: ServerJoin
03-20 21:48:30.894 17688 17898 I AXL : RPC: ServerJoin
03-20 21:48:30.894 17688 17898 I AXL : RPC: ServerJoin
03-20 21:48:30.894 17688 17898 I AXL : RPC: ServerJoin
03-20 21:48:30.894 17688 17898 I AXL : RPC: ServerJoin
03-20 21:48:30.894 17688 17898 I AXL : RPC: ServerJoin
03-20 21:48:30.894 17688 17898 I AXL : RPC: ServerJoin
03-20 21:48:30.894 17688 17898 I AXL : RPC: ServerJoin
03-20 21:48:30.894 17688 17898 I AXL : RPC: ServerJoin
03-20 21:48:30.894 17688 17898 I AXL : RPC: ServerJoin
03-20 21:48:30.894 17688 17898 I AXL : RPC: ServerJoin
03-20 21:48:30.894 17688 17898 I AXL : RPC: ServerJoin
03-20 21:48:30.894 17688 17898 I AXL : RPC: ServerJoin
03-20 21:48:30.894 17688 17898 I AXL : RPC: ServerJoin
03-20 21:48:30.894 17688 17898 I AXL : RPC: ServerJoin
03-20 21:48:30.894 17688 17898 I AXL : RPC: ServerJoin
03-20 21:48:30.894 17688 17898 I AXL : RPC: ServerJoin
03-20 21:48:30.894 17688 17898 I AXL : RPC: ServerJoin
03-20 21:48:30.894 17688 17898 I AXL : RPC: ServerJoin
03-20 21:48:30.894 17688 17898 I AXL : RPC: ServerJoin
03-20 21:48:30.89 21:48:30.871 17688 17898 I AXL : RPC_SCRCREATEOBJECT(12)
18849
03-20 21:48:30.871 17688 17898 I AXL : RPC_SCRCREATEOBJECT(13) 18849
03-20 21:48:30.871 17688 17898 I AXL : RPC_SCRCREATEOBJECT(14) 18849
03-20 21:48:30.871 17688 17898 I AXL : RPC_SCRCREATEOBJECT(15) 18849
03-20 21:48:30.871 17688 17898 I AXL : RPC_SCRCREATEOBJECT(16) 18849
03-20 21:48:30.871 17688 17898 I AXL : RPC_SCRCREATEOBJECT(17) 18849
03-20 21:48:30.872 17688 17898 I AXL : RPC_SCRCREATEOBJECT(18) 18849
03-20 21:48:30.873 17688 17898 I AXL : RPC_SCRCREATEOBJECT(19) 18849
03-20 21:48:30.873 17688 17898 I AXL : RPC_SCRCREATEOBJECT(20) 18849
03-20 21:48:30.873 17688 17898 I AXL : RPC_SCRCREATEOBJECT(21) 18849
03-20 21:48:30.873 17688 17898 I AXL : RPC_SCRCREATEOBJECT(22) 18849
03-20 21:48:30.873 17688 17898 I AXL : RPC_SCRCREATEOBJECT(23) 18849
03-20 21:48:30.873 17688 17898 I AXL : RPC_SCRCREATEOBJECT(24) 18849
03-20 21:48:30.873 17688 17898 I AXL : RPC_SCRCREATEOBJECT(25) 18849
03-20 21:48:30.874 17688 17898 I AXL : RPC_SCRCREATEOBJECT(26) 19536
03-20 21:48:30.874 17688 17898 I AXL : RPC_SCRCREATEOBJECT(27) 19536
03-20 21:48:30.876 17688 17898 I AXL : RPC_SCRCREATEOBJECT(28) 19536
03-20 21:48:30.876 17688 17898 I AXL : RPC_SCRCREATEOBJECT(29) 19538
03-20 21:48:30.877 17688 17898 I AXL : RPC_SCRCREATEOBJECT(30) 7244
03-20 21:48:30.877 17688 17898 I AXL : RPC_SCRCREATEOBJECT(31) 18759
03-20 21:48:30.877 17688 17898 I AXL : RPC_SCRCREATEOBJECT(32) 19536
03-20 21:48:30.877 17688 17898 I AXL : RPC_SCRCREATEOBJECT(33) 19536
03-20 21:48:30.877 17688 17898 I AXL : RPC_SCRCREATEOBJECT(34) 19552
03-20 21:48:30.877 17688 17898 I AXL : RPC_SCRCREATEOBJECT(35) 19552
03-20 21:48:30.877 17688 17898 I AXL : RPC_SCRCREATEOBJECT(36) 19552
03-20 21:48:30.877 17688 17898 I AXL : RPC_SCRCREATEOBJECT(37) 19552
03-20 21:48:30.877 17688 17898 I AXL : RPC_SCRCREATEOBJECT(38) 19378
03-20 21:48:30.877 17688 17898 I AXL : RPC_SCRCREATEOBJECT(39) 8661
03-20 21:48:30.878 17688 17898 I AXL : RPC_SCRCREATEOBJECT(40) 19445
03-20 21:48:30.878 17688 17898 I AXL : RPC_SCRCREATEOBJECT(41) 18783
03-20 21:48:30.878 17688 17898 I AXL : RPC_SCRCREATEOBJECT(42) 19538
03-20 21:48:30.878 17688 17898 I AXL : RPC_SCRCREATEOBJECT(43) 19538
03-20 21:48:30.879 17688 17898 I AXL : RPC_SCRCREATEOBJECT(44) 8661
03-20 21:48:30.879 17688 17898 I AXL : RPC_SCRCREATEOBJECT(45) 19531
03-20 21:48:30.879 17688 17898 I AXL : RPC_SCRCREATEOBJECT(46) 19531
03-20 21:48:30.879 17688 17898 I AXL : RPC_SCRCREATEOBJECT(47) 19531
03-20 21:48:30.880 17688 17898 I AXL : RPC_SCRCREATEOBJECT(48) 19531
03-20 21:48:30.880 17688 17898 I AXL : RPC_SCRCREATEOBJECT(49) 19538
03-20 21:48:30.881 17688 17898 I AXL : RPC_SCRCREATEOBJECT(50) 19531
03-20 21:48:30.882 17688 17898 I AXL : RPC_SCRCREATEOBJECT(51) 10847
03-20 21:48:30.882 17688 17898 I AXL : RPC_SCRCREATEOBJECT(52) 11692
03-20 21:48:30.882 17688 17898 I AXL : RPC_SCRCREATEOBJECT(53) 8661
03-20 21:48:30.882 17688 17898 I AXL : RPC_SCRCREATEOBJECT(54) 8661
03-20 21:48:30.883 17688 17898 I AXL : RPC_SCRCREATEOBJECT(55) 8661
03-20 21:48:30.883 17688 17898 I AXL : RPC_SCRCREATEOBJECT(56) 8661
03-20 21:48:30.883 17688 17898 I AXL : RPC_SCRCREATEOBJECT(57) 8661
03-20 21:48:30.884 17688 17898 I AXL : RPC_SCRCREATEOBJECT(58) 8661
03-20 21:48:30.885 17688 17898 I AXL : RPC_SCRCREATEOBJECT(59) 8661
03-20 21:48:30.885 17688 17898 I AXL : RPC_SCRCREATEOBJECT(60) 8661
03-20 21:48:30.885 17688 17898 I AXL : RPC_SCRCREATEOBJECT(61) 8661
03-20 21:48:30.885 17688 17898 I AXL : RPC_SCRCREATEOBJECT(62) 19272
03-20 21:48:30.885 17688 17898 I AXL : RPC_SCRCREATEOBJECT(63) 19538
03-20 21:48:30.885 17688 17898 I AXL : RPC_SCRCREATEOBJECT(64) 19538
03-20 21:48:30.885 17688 17898 I AXL : RPC_SCRCREATEOBJECT(65) 19538
03-20 21:48:30.886 17688 17898 I AXL : RPC_SCRCREATEOBJECT(66) 11083
03-20 21:48:30.887 17688 17898 I AXL : RPC_SCRCREATEOBJECT(67) 11083
03-20 21:48:30.887 17688 17898 I AXL : RPC_SCRCREATEOBJECT(68) 11083
03-20 21:48:30.888 17688 17898 I AXL : RPC_SCRCREATEOBJECT(69) 11083
03-20 21:48:30.888 17688 17898 I AXL : RPC_SCRCREATEOBJECT(70) 8172
03-20 21:48:30.888 17688 17898 I AXL : RPC_SCRCREATEOBJECT(71) 19531
03-20 21:48:30.888 17688 17898 I AXL : RPC_SCRCREATEOBJECT(72) 8661
03-20 21:48:30.888 17688 17898 I AXL : RPC_SCRCREATEOBJECT(73) 19531
03-20 21:48:30.888 17688 17898 I AXL : RPC_SCRCREATEOBJECT(74) 19531
03-20 21:48:30.888 17688 17898 I AXL : RPC_SCRCREATEOBJECT(75) 8661
03-20 21:48:30.889 17688 17898 I AXL : RPC_SCRCREATEOBJECT(76) 19531
03-20 21:48:30.889 17688 17898 I AXL : RPC_SCRCREATEOBJECT(77) 8661
03-20 21:48:30.889 17688 17898 I AXL : RPC_SCRCREATEOBJECT(78) 8661
03-20 21:48:30.889 17688 17898 I AXL : RPC_SCRCREATEOBJECT(79) 19552
03-20 21:48:30.889 17688 17898 I AXL : RPC_SCRCREATEOBJECT(80) 19552
03-20 21:48:30.889 17688 17898 I AXL : RPC_SCRCREATEOBJECT(81) 19552
03-20 21:48:30.889 17688 17898 I AXL : RPC_SCRCREATEOBJECT(82) 8661
03-20 21:48:30.890 17688 17688 D Surface : lockCanvas
03-20 21:48:30.891 17688 17898 I AXL : RPC_SCRCREATEOBJECT(83) 19552
03-20 21:48:30.891 17688 17898 I AXL : RPC_SCRCREATEOBJECT(84) 19552
03-20 21:48:30.892 17688 17898 I AXL : RPC_SCRCREATEOBJECT(85) 19538
03-20 21:48:30.892 17688 17898 I AXL : RPC_SCRCREATEOBJECT(86) 19538
03-20 21:48:30.892 17688 17898 I AXL : RPC_SCRCREATEOBJECT(87) 19538
03-20 21:48:30.892 17688 17898 I AXL : RPC_SCRCREATEOBJECT(88) 19538
03-20 21:48:30.892 17688 17898 I AXL : RPC_SCRCREATEOBJECT(89) 19538
03-20 21:48:30.892 17688 17898 I AXL : RPC_SCRCREATEOBJECT(90) 12959
03-20 21:48:30.892 17688 17898 I AXL : RPC_SCRCREATEOBJECT(91) 19536
03-20 21:48:30.893 17688 17898 I AXL : RPC_SCRCREATEOBJECT(92) 11083
03-20 21:48:30.893 17688 17898 I AXL : RPC_SCRCREATEOBJECT(93) 19531
03-20 21:48:30.893 17688 17898 I AXL : RPC: InitGame
03-20 21:48:30.893 17688 17898 I AXL : Count = 455
03-20 21:48:30.893 17688 17898 I AXL : CPlayerPed::SetInitialState()
03-20 21:48:30.893 17688 17898 I AXL : CPlayerPed::TogglePlayerControllable
03-20 21:48:30.893 17688 17898 I AXL : RPC: ServerJoin
03-20 21:48:30.893 17688 17898 I AXL : RPC: ServerJoin
03-20 21:48:30.893 17688 17898 I AXL : RPC: ServerJoin
03-20 21:48:30.893 17688 17898 I AXL : RPC: ServerJoin
03-20 21:48:30.893 17688 17898 I AXL : RPC: ServerJoin
03-20 21:48:30.893 17688 17898 I AXL : RPC: ServerJoin
03-20 21:48:30.893 17688 17898 I AXL : RPC: ServerJoin
03-20 21:48:30.893 17688 17898 I AXL : RPC: ServerJoin
03-20 21:48:30.893 17688 17898 I AXL : RPC: ServerJoin
03-20 21:48:30.893 17688 17898 I AXL : RPC: ServerJoin
03-20 21:48:30.893 17688 17898 I AXL : RPC: ServerJoin
03-20 21:48:30.893 17688 17898 I AXL : RPC: ServerJoin
03-20 21:48:30.893 17688 17898 I AXL : RPC: ServerJoin
03-20 21:48:30.894 17688 17898 I AXL : RPC: ServerJoin
03-20 21:48:30.894 17688 17898 I AXL : RPC: ServerJoin
03-20 21:48:30.894 17688 17898 I AXL : RPC: ServerJoin
03-20 21:48:30.894 17688 17898 I AXL : RPC: ServerJoin
03-20 21:48:30.894 17688 17898 I AXL : RPC: ServerJoin
03-20 21:48:30.894 17688 17898 I AXL : RPC: ServerJoin
03-20 21:48:30.894 17688 17898 I AXL : RPC: ServerJoin
03-20 21:48:30.894 17688 17898 I AXL : RPC: ServerJoin
03-20 21:48:30.894 17688 17898 I AXL : RPC: ServerJoin
03-20 21:48:30.894 17688 17898 I AXL : RPC: ServerJoin
03-20 21:48:30.894 17688 17898 I AXL : RPC: ServerJoin
03-20 21:48:30.894 17688 17898 I AXL : RPC: ServerJoin
03-20 21:48:30.894 17688 17898 I AXL : RPC: ServerJoin
03-20 21:48:30.894 17688 17898 I AXL : RPC: ServerJoin
03-20 21:48:30.894 17688 17898 I AXL : RPC: ServerJoin
03-20 21:48:30.894 17688 17898 I AXL : RPC: ServerJoin
03-20 21:48:30.894 17688 17898 I AXL : RPC: ServerJoin
03-20 21:48:30.894 17688 17898 I AXL : RPC: ServerJoin
03-20 21:48:30.894 17688 17898 I AXL : RPC: ServerJoin
03-20 21:48:30.894 17688 17898 I AXL : RPC: ServerJoin
03-20 21:48:30.894 17688 17898 I AXL : RPC: ServerJoin
03-20 21:48:30.894 17688 17898 I AXL : RPC: ServerJoin
03-20 21:48:30.894 17688 17898 I AXL : RPC: ServerJoin
03-20 21:48:30.894 17688 17898 I AXL : RPC: ServerJoin
03-20 21:48:30.894 17688 17898 I AXL : RPC: ServerJoin
03-20 21:48:30.894 17688 17898 I AXL : RPC: ServerJoin
03-20 21:48:30.894 17688 17898 I AXL : RPC: ServerJoin
03-20 21:48:30.894 17688 17898 I AXL : RPC: ServerJoin
03-20 21:48:30.894 17688 17898 I AXL : RPC: ServerJoin
03-20 21:48:30.894 17688 17898 I AXL : RPC: ServerJoin
03-20 21:48:30.894 17688 17898 I AXL : RPC: ServerJoin
03-20 21:48:30.895 17688 17898 I AXL : RPC: ServerJoin
03-20 21:48:30.895 17688 17898 I AXL : RPC: ServerJoin
03-20 21:48:30.895 17688 17898 I AXL : RPC: ServerJoin
03-20 21:48:30.895 17688 17898 I AXL : RPC: ServerJoin
03-20 21:48:30.895 17688 17898 I AXL : RPC: ServerJoin
03-20 21:48:30.895 17688 17898 I AXL : RPC: ServerJoin
03-20 21:48:30.895 17688 17898 I AXL : RPC: ServerJoin
03-20 21:48:30.895 17688 17898 I AXL : RPC: ServerJoin
03-20 21:48:30.895 17688 17898 I AXL : RPC: ServerJoin
03-20 21:48:30.895 17688 17898 I AXL : RPC: ServerJoin
03-20 21:48:30.895 17688 17898 I AXL : RPC: ServerJoin
03-20 21:48:30.895 17688 17898 I AXL : RPC: ServerJoin
03-20 21:48:30.895 17688 17898 I AXL : RPC: ServerJoin
03-20 21:48:30.895 17688 17898 I AXL : RPC: ServerJoin
03-20 21:48:30.895 17688 17898 I AXL : RPC: ServerJoin
03-20 21:48:30.895 17688 17898 I AXL : RPC: ServerJoin
03-20 21:48:30.895 17688 17898 I AXL : RPC: ServerJoin
03-20 21:48:30.895 17688 17898 I AXL : RPC: ServerJoin
03-20 21:48:30.896 17688 17898 I AXL : RPC: ServerJoin
03-20 21:48:30.896 17688 17898 I AXL : RPC: ServerJoin
03-20 21:48:30.896 17688 17898 I AXL : RPC: ServerJoin
03-20 21:48:30.896 17688 17898 I AXL : RPC: ServerJoin
03-20 21:48:30.896 17688 17898 I AXL : RPC: ServerJoin
03-20 21:48:30.896 17688 17898 I AXL : RPC: ServerJoin
03-20 21:48:30.896 17688 17898 I AXL : RPC: ServerJoin
03-20 21:48:30.896 17688 17898 I AXL : RPC: ServerJoin
03-20 21:48:30.896 17688 17898 I AXL : RPC: ServerJoin
03-20 21:48:30.896 17688 17898 I AXL : RPC: ServerJoin
03-20 21:48:30.896 17688 17898 I AXL : RPC: ServerJoin
03-20 21:48:30.896 17688 17898 I AXL : RPC: ServerJoin
03-20 21:48:30.896 17688 17898 I AXL : RPC: ServerJoin
03-20 21:48:30.896 17688 17898 I AXL : RPC: ServerJoin
03-20 21:48:30.896 17688 17898 I AXL : RPC: ServerJoin
03-20 21:48:30.896 17688 17898 I AXL : RPC: ServerJoin
03-20 21:48:30.897 17688 17898 I AXL : RPC: ServerJoin
03-20 21:48:30.897 17688 17898 I AXL : RPC: ServerJoin
03-20 21:48:30.897 17688 17898 I AXL : RPC: ServerJoin
03-20 21:48:30.897 17688 17898 I AXL : RPC: ServerJoin
03-20 21:48:30.897 17688 17898 I AXL : RPC: ServerJoin
03-20 21:48:30.897 17688 17898 I AXL : RPC: ServerJoin
03-20 21:48:30.897 17688 17898 I AXL : RPC: ServerJoin
03-20 21:48:30.897 17688 17898 I AXL : RPC: ServerJoin
03-20 21:48:30.897 17688 17898 I AXL : RPC: ServerJoin
03-20 21:48:30.897 17688 17898 I AXL : RPC: ServerJoin
03-20 21:48:30.897 17688 17898 I AXL : RPC: ServerJoin
03-20 21:48:30.897 17688 17898 I AXL : RPC: ServerJoin
03-20 21:48:30.897 17688 17898 I AXL : RPC: ServerJoin
03-20 21:48:30.897 17688 17898 I AXL : RPC: ServerJoin
03-20 21:48:30.897 17688 17898 I AXL : RPC: ServerJoin
03-20 21:48:30.897 17688 17898 I AXL : RPC: ServerJoin
03-20 21:48:30.897 17688 17898 I AXL : RPC: ServerJoin
03-20 21:48:30.897 17688 17898 I AXL : RPC: ServerJoin
03-20 21:48:30.897 17688 17898 I AXL : RPC: ServerJoin
03-20 21:48:30.897 17688 17898 I AXL : RPC: ServerJoin
03-20 21:48:30.897 17688 17898 I AXL : RPC: ServerJoin
03-20 21:48:30.897 17688 17898 I AXL : RPC: ServerJoin
03-20 21:48:30.897 17688 17898 I AXL : RPC: ServerJoin
03-20 21:48:30.897 17688 17898 I AXL : RPC: ServerJoin
03-20 21:48:30.897 17688 17898 I AXL : RPC: ServerJoin
03-20 21:48:30.897 17688 17898 I AXL : RPC: ServerJoin
03-20 21:48:30.897 17688 17898 I AXL : RPC: ServerJoin
03-20 21:48:30.897 17688 17898 I AXL : RPC: ServerJoin
03-20 21:48:30.897 17688 17898 I AXL : RPC: ServerJoin
03-20 21:48:30.898 17688 17898 I AXL : RPC: ServerJoin
03-20 21:48:30.898 17688 17898 I AXL : RPC: ServerJoin
03-20 21:48:30.898 17688 17898 I AXL : RPC: ServerJoin
03-20 21:48:30.898 17688 17898 I AXL : RPC: ServerJoin
03-20 21:48:30.898 17688 17898 I AXL : RPC: ServerJoin
03-20 21:48:30.898 17688 17898 I AXL : RPC: ServerJoin
03-20 21:48:30.898 17688 17898 I AXL : RPC: ServerJoin
03-20 21:48:30.898 17688 17898 I AXL : RPC: ServerJoin
03-20 21:48:30.898 17688 17898 I AXL : RPC: ServerJoin
03-20 21:48:30.898 17688 17898 I AXL : RPC: ServerJoin
03-20 21:48:30.898 17688 17898 I AXL : RPC: ServerJoin
03-20 21:48:30.898 17688 17898 I AXL : RPC: ServerJoin
03-20 21:48:30.898 17688 17898 I AXL : RPC: ServerJoin
03-20 21:48:30.898 17688 17898 I AXL : RPC: ServerJoin
03-20 21:48:30.898 17688 17898 I AXL : RPC: ServerJoin
03-20 21:48:30.898 17688 17898 I AXL : RPC: ServerJoin
03-20 21:48:30.898 17688 17898 I AXL : RPC: ServerJoin
03-20 21:48:30.898 17688 17898 I AXL : RPC: ServerJoin
03-20 21:48:30.898 17688 17898 I AXL : RPC: ServerJoin
03-20 21:48:30.898 17688 17898 I AXL : RPC: ServerJoin
03-20 21:48:30.898 17688 17898 I AXL : RPC: ServerJoin
03-20 21:48:30.898 17688 17898 I AXL : RPC: ServerJoin
03-20 21:48:30.898 17688 17898 I AXL : RPC: ServerJoin
03-20 21:48:30.898 17688 17898 I AXL : RPC: ServerJoin
03-20 21:48:30.898 17688 17898 I AXL : RPC: ServerJoin
03-20 21:48:30.898 17688 17898 I AXL : RPC: ServerJoin
03-20 21:48:30.898 17688 17898 I AXL : RPC: ServerJoin
03-20 21:48:30.898 17688 17898 I AXL : RPC: ServerJoin
03-20 21:48:30.898 17688 17898 I AXL : RPC: ServerJoin
03-20 21:48:30.899 17688 17898 I AXL : RPC: ServerJoin
03-20 21:48:30.899 17688 17898 I AXL : RPC: ServerJoin
03-20 21:48:30.899 17688 17898 I AXL : RPC: ServerJoin
03-20 21:48:30.899 17688 17898 I AXL : RPC: ServerJoin
03-20 21:48:30.899 17688 17898 I AXL : RPC: ServerJoin
03-20 21:48:30.899 17688 17898 I AXL : RPC: ServerJoin
03-20 21:48:30.899 17688 17898 I AXL : RPC: ServerJoin
03-20 21:48:30.899 17688 17898 I AXL : RPC: ServerJoin
03-20 21:48:30.899 17688 17898 I AXL : RPC: ServerJoin
03-20 21:48:30.899 17688 17898 I AXL : RPC: ServerJoin
03-20 21:48:30.899 17688 17898 I AXL : RPC: ServerJoin
03-20 21:48:30.899 17688 17898 I AXL : RPC: ServerJoin
03-20 21:48:30.899 17688 17898 I AXL : RPC: ServerJoin
03-20 21:48:30.899 17688 17898 I AXL : RPC: ServerJoin
03-20 21:48:30.899 17688 17898 I AXL : RPC: ServerJoin
03-20 21:48:30.899 17688 17898 I AXL : RPC: ServerJoin
03-20 21:48:30.899 17688 17898 I AXL : RPC: ServerJoin
03-20 21:48:30.899 17688 17898 I AXL : RPC: ServerJoin
03-20 21:48:30.899 17688 17898 I AXL : RPC: ServerJoin
03-20 21:48:30.899 17688 17898 I AXL : RPC: ServerJoin
03-20 21:48:30.899 17688 17898 I AXL : RPC: ServerJoin
03-20 21:48:30.899 17688 17898 I AXL : RPC: ServerJoin
03-20 21:48:30.899 17688 17898 I AXL : RPC: ServerJoin
03-20 21:48:30.899 17688 17898 I AXL : RPC: ServerJoin
03-20 21:48:30.899 17688 17898 I AXL : RPC: ServerJoin
03-20 21:48:30.899 17688 17898 I AXL : RPC: ServerJoin
03-20 21:48:30.899 17688 17898 I AXL : RPC: ServerJoin
03-20 21:48:30.899 17688 17898 I AXL : RPC: ServerJoin
03-20 21:48:30.900 17688 17898 I AXL : RPC: ServerJoin
03-20 21:48:30.900 17688 17898 I AXL : RPC: ServerJoin
03-20 21:48:30.900 17688 17898 I AXL : RPC: ServerJoin
03-20 21:48:30.900 17688 17898 I AXL : RPC: ServerJoin
03-20 21:48:30.900 17688 17898 I AXL : RPC: ServerJoin
03-20 21:48:30.900 17688 17898 I AXL : RPC: ServerJoin
03-20 21:48:30.900 17688 17898 I AXL : RPC: ServerJoin
03-20 21:48:30.900 17688 17898 I AXL : RPC: ServerJoin
03-20 21:48:30.900 17688 17898 I AXL : RPC: ServerJoin
03-20 21:48:30.900 17688 17898 I AXL : RPC: ServerJoin
03-20 21:48:30.900 17688 17898 I AXL : RPC: ServerJoin
03-20 21:48:30.900 17688 17898 I AXL : RPC: ServerJoin
03-20 21:48:30.900 17688 17898 I AXL : RPC: ServerJoin
03-20 21:48:30.900 17688 17898 I AXL : RPC: ServerJoin
03-20 21:48:30.900 17688 17898 I AXL : RPC: ServerJoin
03-20 21:48:30.900 17688 17898 I AXL : RPC: ServerJoin
03-20 21:48:30.900 17688 17898 I AXL : RPC: ServerJoin
03-20 21:48:30.900 17688 17898 I AXL : RPC: ServerJoin
03-20 21:48:30.900 17688 17898 I AXL : RPC: ServerJoin
03-20 21:48:30.900 17688 17898 I AXL : RPC: ServerJoin
03-20 21:48:30.900 17688 17898 I AXL : RPC: ServerJoin
03-20 21:48:30.900 17688 17898 I AXL : RPC: ServerJoin
03-20 21:48:30.900 17688 17898 I AXL : RPC: ServerJoin
03-20 21:48:30.900 17688 17898 I AXL : RPC: ServerJoin
03-20 21:48:30.900 17688 17898 I AXL : RPC: ServerJoin
03-20 21:48:30.900 17688 17898 I AXL : RPC: ServerJoin
03-20 21:48:30.900 17688 17898 I AXL : RPC: ServerJoin
03-20 21:48:30.900 17688 17898 I AXL : RPC: ServerJoin
03-20 21:48:30.900 17688 17898 I AXL : RPC: ServerJoin
03-20 21:48:30.900 17688 17898 I AXL : RPC: ServerJoin
03-20 21:48:30.900 17688 17898 I AXL : RPC: ServerJoin
03-20 21:48:30.901 17688 17898 I AXL : RPC: ServerJoin
03-20 21:48:30.901 17688 17898 I AXL : RPC: ServerJoin
03-20 21:48:30.901 17688 17898 I AXL : RPC: ServerJoin
03-20 21:48:30.901 17688 17898 I AXL : RPC: ServerJoin
03-20 21:48:30.901 17688 17898 I AXL : RPC: ServerJoin
03-20 21:48:30.901 17688 17898 I AXL : RPC: ServerJoin
03-20 21:48:30.901 17688 17898 I AXL : RPC: ServerJoin
03-20 21:48:30.901 17688 17898 I AXL : RPC: ServerJoin
03-20 21:48:30.901 17688 17898 I AXL : RPC: ServerJoin
03-20 21:48:30.901 17688 17898 I AXL : RPC: ServerJoin
03-20 21:48:30.901 17688 17898 I AXL : RPC: ServerJoin
03-20 21:48:30.901 17688 17898 I AXL : RPC: ServerJoin
03-20 21:48:30.901 17688 17898 I AXL : RPC: ServerJoin
03-20 21:48:30.901 17688 17898 I AXL : RPC: ServerJoin
03-20 21:48:30.901 17688 17898 I AXL : RPC: ServerJoin
03-20 21:48:30.901 17688 17898 I AXL : RPC: ServerJoin
03-20 21:48:30.901 17688 17898 I AXL : RPC: ServerJoin
03-20 21:48:30.901 17688 17898 I AXL : RPC: ServerJoin
03-20 21:48:30.901 17688 17898 I AXL : RPC: ServerJoin
03-20 21:48:30.901 17688 17898 I AXL : RPC: ServerJoin
03-20 21:48:30.901 17688 17898 I AXL : RPC: ServerJoin
03-20 21:48:30.901 17688 17898 I AXL : RPC: ServerJoin
03-20 21:48:30.901 17688 17898 I AXL : RPC: ServerJoin
03-20 21:48:30.901 17688 17898 I AXL : RPC: ServerJoin
03-20 21:48:30.901 17688 17898 I AXL : RPC: ServerJoin
03-20 21:48:30.901 17688 17898 I AXL : RPC: ServerJoin
03-20 21:48:30.901 17688 17898 I AXL : RPC: ServerJoin
03-20 21:48:30.901 17688 17898 I AXL : RPC: ServerJoin
03-20 21:48:30.901 17688 17898 I AXL : RPC: ServerJoin
03-20 21:48:30.901 17688 17898 I AXL : RPC: ServerJoin
03-20 21:48:30.901 17688 17898 I AXL : RPC: ServerJoin
03-20 21:48:30.901 17688 17898 I AXL : RPC: ServerJoin
03-20 21:48:30.901 17688 17898 I AXL : RPC: ServerJoin
03-20 21:48:30.902 17688 17898 I AXL : RPC: ServerJoin
03-20 21:48:30.902 17688 17898 I AXL : RPC: ServerJoin
03-20 21:48:30.902 17688 17898 I AXL : RPC: ServerJoin
03-20 21:48:30.902 17688 17898 I AXL : RPC: ServerJoin
03-20 21:48:30.902 17688 17898 I AXL : RPC: ServerJoin
03-20 21:48:30.902 17688 17898 I AXL : RPC: ServerJoin
03-20 21:48:30.902 17688 17898 I AXL : RPC: ServerJoin
03-20 21:48:30.902 17688 17898 I AXL : RPC: ServerJoin
03-20 21:48:30.902 17688 17898 I AXL : RPC: ServerJoin
03-20 21:48:30.902 17688 17898 I AXL : RPC: ServerJoin
03-20 21:48:30.902 17688 17898 I AXL : RPC: ServerJoin
03-20 21:48:30.902 17688 17898 I AXL : RPC: ServerJoin
03-20 21:48:30.902 17688 17898 I AXL : RPC: ServerJoin
03-20 21:48:30.902 17688 17898 I AXL : RPC: ServerJoin
03-20 21:48:30.902 17688 17898 I AXL : RPC: ServerJoin
03-20 21:48:30.904 17688 17898 I AXL : RPC: ServerJoin
03-20 21:48:30.904 17688 17898 I AXL : RPC: ServerJoin
03-20 21:48:30.904 17688 17898 I AXL : RPC: ServerJoin
03-20 21:48:30.904 17688 17898 I AXL : RPC: ServerJoin
03-20 21:48:30.904 17688 17898 I AXL : RPC: ServerJoin
03-20 21:48:30.904 17688 17898 I AXL : RPC: ServerJoin
03-20 21:48:30.905 17688 17898 I AXL : RPC: ServerJoin
03-20 21:48:30.905 17688 17898 I AXL : RPC: ServerJoin
03-20 21:48:30.905 17688 17898 I AXL : RPC: ServerJoin
03-20 21:48:30.905 17688 17898 I AXL : RPC: ServerJoin
03-20 21:48:30.905 17688 17898 I AXL : RPC: ServerJoin
03-20 21:48:30.905 17688 17898 I AXL : RPC: ServerJoin
03-20 21:48:30.905 17688 17898 I AXL : RPC: ServerJoin
03-20 21:48:30.905 17688 17898 I AXL : RPC: ServerJoin
03-20 21:48:30.905 17688 17898 I AXL : RPC: ServerJoin
03-20 21:48:30.905 17688 17898 I AXL : RPC: ServerJoin
03-20 21:48:30.905 17688 17898 I AXL : RPC: ServerJoin
03-20 21:48:30.905 17688 17898 I AXL : RPC: ServerJoin
03-20 21:48:30.905 17688 17898 I AXL : RPC: ServerJoin
03-20 21:48:30.905 17688 17898 I AXL : RPC: ServerJoin
03-20 21:48:30.905 17688 17898 I AXL : RPC: ServerJoin
03-20 21:48:30.905 17688 17898 I AXL : RPC: ServerJoin
03-20 21:48:30.905 17688 17898 I AXL : RPC: ServerJoin
03-20 21:48:30.905 17688 17898 I AXL : RPC: ServerJoin
03-20 21:48:30.905 17688 17898 I AXL : RPC: ServerJoin
03-20 21:48:30.905 17688 17898 I AXL : RPC: ServerJoin
03-20 21:48:30.905 17688 17898 I AXL : RPC: ServerJoin
03-20 21:48:30.906 17688 17898 I AXL : RPC: ServerJoin
03-20 21:48:30.906 17688 17898 I AXL : RPC: ServerJoin
03-20 21:48:30.906 17688 17898 I AXL : RPC: ServerJoin
03-20 21:48:30.906 17688 17898 I AXL : RPC: ServerJoin
03-20 21:48:30.906 17688 17898 I AXL : RPC: ServerJoin
03-20 21:48:30.906 17688 17898 I AXL : RPC: ServerJoin
03-20 21:48:30.906 17688 17898 I AXL : RPC: ServerJoin
03-20 21:48:30.906 17688 17898 I AXL : RPC: ServerJoin
03-20 21:48:30.906 17688 17898 I AXL : RPC: ServerJoin
03-20 21:48:30.906 17688 17898 I AXL : RPC: ServerJoin
03-20 21:48:30.906 17688 17898 I AXL : RPC: ServerJoin
03-20 21:48:30.906 17688 17898 I AXL : RPC: ServerJoin
03-20 21:48:30.906 17688 17898 I AXL : RPC: ServerJoin
03-20 21:48:30.906 17688 17898 I AXL : RPC: ServerJoin
03-20 21:48:30.906 17688 17898 I AXL : RPC: ServerJoin
03-20 21:48:30.906 17688 17898 I AXL : RPC: ServerJoin
03-20 21:48:30.906 17688 17898 I AXL : RPC: ServerJoin
03-20 21:48:30.906 17688 17898 I AXL : RPC: ServerJoin
03-20 21:48:30.906 17688 17898 I AXL : RPC: ServerJoin
03-20 21:48:30.906 17688 17898 I AXL : RPC: ServerJoin
03-20 21:48:30.906 17688 17898 I AXL : RPC: ServerJoin
03-20 21:48:30.906 17688 17898 I AXL : RPC: ServerJoin
03-20 21:48:30.906 17688 17898 I AXL : RPC: ServerJoin
03-20 21:48:30.906 17688 17898 I AXL : RPC: ServerJoin
03-20 21:48:30.907 17688 17898 I AXL : RPC: ServerJoin
03-20 21:48:30.907 17688 17898 I AXL : RPC: ServerJoin
03-20 21:48:30.907 17688 17898 I AXL : RPC: ServerJoin
03-20 21:48:30.907 17688 17898 I AXL : RPC: ServerJoin
03-20 21:48:30.907 17688 17898 I AXL : RPC: ServerJoin
03-20 21:48:30.907 17688 17898 I AXL : RPC: ServerJoin
03-20 21:48:30.907 17688 17898 I AXL : RPC: ServerJoin
03-20 21:48:30.907 17688 17898 I AXL : RPC: ServerJoin
03-20 21:48:30.908 17688 17898 I AXL : RPC: ServerJoin
03-20 21:48:30.908 17688 17898 I AXL : RPC: ServerJoin
03-20 21:48:30.908 17688 17898 I AXL : RPC: ServerJoin
03-20 21:48:30.909 17688 17898 I AXL : RPC: ServerJoin
03-20 21:48:30.909 17688 17898 I AXL : RPC: ServerJoin
03-20 21:48:30.909 17688 17898 I AXL : RPC: ServerJoin
03-20 21:48:30.909 17688 17898 I AXL : RPC: ServerJoin
03-20 21:48:30.909 17688 17898 I AXL : RPC: ServerJoin
03-20 21:48:30.909 17688 17898 I AXL : RPC: ServerJoin
03-20 21:48:30.909 17688 17898 I AXL : RPC: ServerJoin
03-20 21:48:30.909 17688 17898 I AXL : RPC: ServerJoin
03-20 21:48:30.909 17688 17898 I AXL : RPC: ServerJoin
03-20 21:48:30.909 17688 17898 I AXL : RPC: ServerJoin
03-20 21:48:30.909 17688 17898 I AXL : RPC: ServerJoin
03-20 21:48:30.909 17688 17898 I AXL : RPC: ServerJoin
03-20 21:48:30.909 17688 17898 I AXL : RPC: ServerJoin
03-20 21:48:30.910 17688 17898 I AXL : RPC: ServerJoin
03-20 21:48:30.910 17688 17898 I AXL : RPC: ServerJoin
03-20 21:48:30.910 17688 17898 I AXL : RPC: ServerJoin
03-20 21:48:30.910 17688 17898 I AXL : RPC: ServerJoin
03-20 21:48:30.910 17688 17898 I AXL : RPC: ServerJoin
03-20 21:48:30.910 17688 17898 I AXL : RPC: ServerJoin
03-20 21:48:30.910 17688 17898 I AXL : RPC: ServerJoin
03-20 21:48:30.910 17688 17898 I AXL : RPC: ServerJoin
03-20 21:48:30.910 17688 17898 I AXL : RPC: ServerJoin
03-20 21:48:30.910 17688 17898 I AXL : RPC: ServerJoin
03-20 21:48:30.910 17688 17898 I AXL : RPC: ServerJoin
03-20 21:48:30.910 17688 17898 I AXL : RPC: ServerJoin
03-20 21:48:30.910 17688 17898 I AXL : RPC: ServerJoin
03-20 21:48:30.910 17688 17898 I AXL : RPC: ServerJoin
03-20 21:48:30.910 17688 17898 I AXL : RPC: ServerJoin
03-20 21:48:30.910 17688 17898 I AXL : RPC: ServerJoin
03-20 21:48:30.910 17688 17898 I AXL : RPC: ServerJoin
03-20 21:48:30.910 17688 17898 I AXL : RPC: ServerJoin
03-20 21:48:30.910 17688 17898 I AXL : RPC: ServerJoin
03-20 21:48:30.910 17688 17898 I AXL : RPC: ServerJoin
03-20 21:48:30.910 17688 17898 I AXL : RPC: ServerJoin
03-20 21:48:30.910 17688 17898 I AXL : RPC: ServerJoin
03-20 21:48:30.910 17688 17898 I AXL : RPC: ServerJoin
03-20 21:48:30.910 17688 17898 I AXL : RPC: ServerJoin
03-20 21:48:30.910 17688 17898 I AXL : RPC: ServerJoin
03-20 21:48:30.910 17688 17898 I AXL : RPC: ServerJoin
03-20 21:48:30.910 17688 17898 I AXL : RPC: ServerJoin
03-20 21:48:30.910 17688 17898 I AXL : RPC: ServerJoin
03-20 21:48:30.911 17688 17898 I AXL : RPC: ServerJoin
03-20 21:48:30.911 17688 17898 I AXL : RPC: ServerJoin
03-20 21:48:30.911 17688 17898 I AXL : RPC: ServerJoin
03-20 21:48:30.911 17688 17898 I AXL : RPC: ServerJoin
03-20 21:48:30.911 17688 17898 I AXL : RPC: ServerJoin
03-20 21:48:30.911 17688 17898 I AXL : RPC: ServerJoin
03-20 21:48:30.911 17688 17898 I AXL : RPC: ServerJoin
03-20 21:48:30.911 17688 17898 I AXL : RPC: ServerJoin
03-20 21:48:30.911 17688 17898 I AXL : RPC: ServerJoin
03-20 21:48:30.911 17688 17898 I AXL : RPC: ServerJoin
03-20 21:48:30.911 17688 17898 I AXL : RPC: ServerJoin
03-20 21:48:30.911 17688 17898 I AXL : RPC: ServerJoin
03-20 21:48:30.911 17688 17898 I AXL : RPC: ServerJoin
03-20 21:48:30.911 17688 17898 I AXL : RPC: ServerJoin
03-20 21:48:30.911 17688 17898 I AXL : RPC: ServerJoin
03-20 21:48:30.911 17688 17898 I AXL : RPC: ServerJoin
03-20 21:48:30.911 17688 17898 I AXL : RPC: ServerJoin
03-20 21:48:30.911 17688 17898 I AXL : RPC: ServerJoin
03-20 21:48:30.911 17688 17898 I AXL : RPC: ServerJoin
03-20 21:48:30.911 17688 17898 I AXL : RPC: ServerJoin
03-20 21:48:30.911 17688 17898 I AXL : RPC: ServerJoin
03-20 21:48:30.911 17688 17898 I AXL : RPC: ServerJoin
03-20 21:48:30.911 17688 17898 I AXL : RPC: ServerJoin
03-20 21:48:30.911 17688 17898 I AXL : RPC: ServerJoin
03-20 21:48:30.911 17688 17898 I AXL : RPC: ServerJoin
03-20 21:48:30.911 17688 17898 I AXL : RPC: ServerJoin
03-20 21:48:30.912 17688 17898 I AXL : RPC: ServerJoin
03-20 21:48:30.912 17688 17898 I AXL : RPC: ServerJoin
03-20 21:48:30.912 17688 17898 I AXL : RPC: ServerJoin
03-20 21:48:30.912 17688 17898 I AXL : RPC: ServerJoin
03-20 21:48:30.912 17688 17898 I AXL : RPC: ServerJoin
03-20 21:48:30.912 17688 17898 I AXL : RPC: ServerJoin
03-20 21:48:30.912 17688 17898 I AXL : RPC: ServerJoin
03-20 21:48:30.912 17688 17898 I AXL : RPC: ServerJoin
03-20 21:48:30.912 17688 17898 I AXL : RPC: ServerJoin
03-20 21:48:30.912 17688 17898 I AXL : RPC: ServerJoin
03-20 21:48:30.912 17688 17898 I AXL : RPC: ServerJoin
03-20 21:48:30.912 17688 17898 I AXL : RPC: ServerJoin
03-20 21:48:30.912 17688 17898 I AXL : RPC: ServerJoin
03-20 21:48:30.912 17688 17898 I AXL : RPC: ServerJoin
03-20 21:48:30.912 17688 17898 I AXL : RPC: ServerJoin
03-20 21:48:30.912 17688 17898 I AXL : RPC: ServerJoin
03-20 21:48:30.912 17688 17898 I AXL : RPC: ServerJoin
03-20 21:48:30.912 17688 17898 I AXL : RPC: ServerJoin
03-20 21:48:30.912 17688 17898 I AXL : RPC: ServerJoin
03-20 21:48:30.912 17688 17898 I AXL : RPC: ServerJoin
03-20 21:48:30.912 17688 17898 I AXL : RPC: ServerJoin
03-20 21:48:30.912 17688 17898 I AXL : RPC: ServerJoin
03-20 21:48:30.912 17688 17898 I AXL : RPC: ServerJoin
03-20 21:48:30.912 17688 17898 I AXL : RPC: ServerJoin
03-20 21:48:30.912 17688 17898 I AXL : RPC: ServerJoin
03-20 21:48:30.912 17688 17898 I AXL : RPC: ServerJoin
03-20 21:48:30.912 17688 17898 I AXL : RPC: ServerJoin
03-20 21:48:30.912 17688 17898 I AXL : RPC: ServerJoin
03-20 21:48:30.912 17688 17898 I AXL : RPC: ServerJoin
03-20 21:48:30.912 17688 17898 I AXL : RPC: ServerJoin
03-20 21:48:30.912 17688 17898 I AXL : RPC: ServerJoin
03-20 21:48:30.912 17688 17898 I AXL : RPC: ServerJoin
03-20 21:48:30.912 17688 17898 I AXL : RPC: ServerJoin
03-20 21:48:30.912 17688 17898 I AXL : RPC: ServerJoin
03-20 21:48:30.913 17688 17898 I AXL : RPC: ServerJoin
03-20 21:48:30.913 17688 17898 I AXL : RPC: ServerJoin
03-20 21:48:30.913 17688 17898 I AXL : RPC: ServerJoin
03-20 21:48:30.913 17688 17898 I AXL : RPC: ServerJoin
03-20 21:48:30.913 17688 17898 I AXL : RPC: ServerJoin
03-20 21:48:30.913 17688 17898 I AXL : RPC: ServerJoin
03-20 21:48:30.913 17688 17898 I AXL : RPC: ServerJoin
03-20 21:48:30.913 17688 17898 I AXL : RPC: ServerJoin
03-20 21:48:30.913 17688 17898 I AXL : RPC: ServerJoin
03-20 21:48:30.913 17688 17898 I AXL : RPC: ServerJoin
03-20 21:48:30.913 17688 17898 I AXL : RPC: ServerJoin
03-20 21:48:30.913 17688 17898 I AXL : RPC: ServerJoin
03-20 21:48:30.913 17688 17898 I AXL : RPC: ServerJoin
03-20 21:48:30.913 17688 17898 I AXL : RPC: ServerJoin
03-20 21:48:30.913 17688 17898 I AXL : RPC: ServerJoin
03-20 21:48:30.913 17688 17898 I AXL : RPC: ServerJoin
03-20 21:48:30.913 17688 17898 I AXL : RPC: ServerJoin
03-20 21:48:30.913 17688 17898 I AXL : RPC: ServerJoin
03-20 21:48:30.913 17688 17898 I AXL : RPC: ServerJoin
03-20 21:48:30.913 17688 17898 I AXL : RPC: ServerJoin
03-20 21:48:30.913 17688 17898 I AXL : RPC: ServerJoin
03-20 21:48:30.913 17688 17898 I AXL : RPC: ServerJoin
03-20 21:48:30.913 17688 17898 I AXL : RPC: ServerJoin
03-20 21:48:30.913 17688 17898 I AXL : RPC: ServerJoin
03-20 21:48:30.913 17688 17898 I AXL : RPC: ServerJoin
03-20 21:48:30.913 17688 17898 I AXL : RPC: ServerJoin
03-20 21:48:30.913 17688 17898 I AXL : RPC: ServerJoin
03-20 21:48:30.913 17688 17898 I AXL : RPC: ServerJoin
03-20 21:48:30.913 17688 17898 I AXL : RPC: ServerJoin
03-20 21:48:30.914 17688 17898 I AXL : RPC: ServerJoin
03-20 21:48:30.914 17688 17898 I AXL : RPC: ServerJoin
03-20 21:48:30.914 17688 17898 I AXL : RPC: ServerJoin
03-20 21:48:30.914 17688 17898 I AXL : RPC: ServerJoin
03-20 21:48:30.914 17688 17898 I AXL : RPC: ServerJoin
03-20 21:48:30.914 17688 17898 I AXL : RPC: ServerJoin
03-20 21:48:30.914 17688 17898 I AXL : RPC: ServerJoin
03-20 21:48:30.914 17688 17898 I AXL : RPC: ServerJoin
03-20 21:48:30.914 17688 17898 I AXL : RPC: ServerJoin
03-20 21:48:30.914 17688 17898 I AXL : RPC: ServerJoin
03-20 21:48:30.914 17688 17898 I AXL : RPC: ServerJoin
03-20 21:48:30.914 17688 17898 I AXL : RPC: ServerJoin
03-20 21:48:30.914 17688 17898 I AXL : RPC: ServerJoin
03-20 21:48:30.914 17688 17898 I AXL : RPC: ServerJoin
03-20 21:48:30.914 17688 17898 I AXL : RPC: ServerJoin
03-20 21:48:30.914 17688 17898 I AXL : RPC: ServerJoin
03-20 21:48:30.914 17688 17898 I AXL : RPC: ServerJoin
03-20 21:48:30.914 17688 17898 I AXL : RPC: ServerJoin
03-20 21:48:30.914 17688 17898 I AXL : RPC: ServerJoin
03-20 21:48:30.914 17688 17898 I AXL : RPC: ServerJoin
03-20 21:48:30.914 17688 17898 I AXL : RPC: ServerJoin
03-20 21:48:30.914 17688 17898 I AXL : RPC: ServerJoin
03-20 21:48:30.914 17688 17898 I AXL : RPC: ServerJoin
03-20 21:48:30.914 17688 17898 I AXL : RPC: ServerJoin
03-20 21:48:30.914 17688 17898 I AXL : RPC: ServerJoin
03-20 21:48:30.914 17688 17898 I AXL : RPC: ServerJoin
03-20 21:48:30.914 17688 17898 I AXL : RPC: ServerJoin
03-20 21:48:30.914 17688 17898 I AXL : RPC: ServerJoin
03-20 21:48:30.914 17688 17898 I AXL : RPC: ServerJoin
03-20 21:48:30.914 17688 17898 I AXL : RPC: ServerJoin
03-20 21:48:30.914 17688 17898 I AXL : RPC: ServerJoin
03-20 21:48:30.914 17688 17898 I AXL : RPC: ServerJoin
03-20 21:48:30.914 17688 17898 I AXL : RPC: ServerJoin
03-20 21:48:30.914 17688 17898 I AXL : RPC: ServerJoin
03-20 21:48:30.914 17688 17898 I AXL : RPC: ServerJoin
03-20 21:48:30.914 17688 17898 I AXL : RPC: ServerJoin
03-20 21:48:30.915 17688 17898 I AXL : RPC: ServerJoin
03-20 21:48:30.915 17688 17898 I AXL : RPC: ServerJoin
03-20 21:48:30.915 17688 17898 I AXL : RPC: ServerJoin
03-20 21:48:30.915 17688 17898 I AXL : RPC: ServerJoin
03-20 21:48:30.915 17688 17898 I AXL : RPC: ServerJoin
03-20 21:48:30.915 17688 17898 I AXL : RPC: ServerJoin
03-20 21:48:30.915 17688 17898 I AXL : RPC: ServerJoin
03-20 21:48:30.915 17688 17898 I AXL : RPC: ServerJoin
03-20 21:48:30.915 17688 17898 I AXL : RPC: ServerJoin
03-20 21:48:30.915 17688 17898 I AXL : RPC: ServerJoin
03-20 21:48:30.915 17688 17898 I AXL : RPC: ServerJoin
03-20 21:48:30.915 17688 17898 I AXL : RPC: ServerJoin
03-20 21:48:30.915 17688 17898 I AXL : RPC: ServerJoin
03-20 21:48:30.915 17688 17898 I AXL : RPC: ServerJoin
03-20 21:48:30.915 17688 17898 I AXL : RPC: ServerJoin
03-20 21:48:30.915 17688 17898 I AXL : RPC: ServerJoin
03-20 21:48:30.915 17688 17898 I AXL : RPC: ServerJoin
03-20 21:48:30.915 17688 17898 I AXL : RPC: ServerJoin
03-20 21:48:30.915 17688 17898 I AXL : RPC: ServerJoin
03-20 21:48:30.915 17688 17898 I AXL : RPC: ServerJoin
03-20 21:48:30.915 17688 17898 I AXL : RPC: ServerJoin
03-20 21:48:30.915 17688 17898 I AXL : RPC: ServerJoin
03-20 21:48:30.915 17688 17898 I AXL : RPC: ServerJoin
03-20 21:48:30.915 17688 17898 I AXL : RPC: ServerJoin
03-20 21:48:30.916 17688 17898 I AXL : RPC: ServerJoin
03-20 21:48:30.916 17688 17898 I AXL : RPC: ServerJoin
03-20 21:48:30.916 17688 17898 I AXL : RPC: ServerJoin
03-20 21:48:30.916 17688 17898 I AXL : RPC: ServerJoin
03-20 21:48:30.916 17688 17898 I AXL : RPC: ServerJoin
03-20 21:48:30.916 17688 17898 I AXL : RPC: ServerJoin
03-20 21:48:30.916 17688 17898 I AXL : RPC: ServerJoin
03-20 21:48:30.916 17688 17898 I AXL : RPC: ServerJoin
03-20 21:48:30.916 17688 17898 I AXL : RPC: ServerJoin
03-20 21:48:30.916 17688 17898 I AXL : RPC: ServerJoin
03-20 21:48:30.916 17688 17898 I AXL : RPC: ServerJoin
03-20 21:48:30.916 17688 17898 I AXL : RPC: ServerJoin
03-20 21:48:30.916 17688 17898 I AXL : RPC: ServerJoin
03-20 21:48:30.916 17688 17898 I AXL : RPC: ServerJoin
03-20 21:48:30.916 17688 17898 I AXL : RPC: ServerJoin
03-20 21:48:30.916 17688 17898 I AXL : RPC: ServerJoin
03-20 21:48:30.917 17688 17898 I AXL : RPC: ServerJoin
03-20 21:48:30.917 17688 17898 I AXL : RPC: ServerJoin
03-20 21:48:30.917 17688 17898 I AXL : RPC: ServerJoin
03-20 21:48:30.917 17688 17898 I AXL : RPC: ServerJoin
03-20 21:48:30.917 17688 17898 I AXL : RPC: ServerJoin
03-20 21:48:30.917 17688 17898 I AXL : RPC: ServerJoin
03-20 21:48:30.917 17688 17898 I AXL : RPC: ServerJoin
03-20 21:48:30.917 15 17688 17898 I AXL : RPC: ServerJoin
03-20 21:48:30.895 17688 17898 I AXL : RPC: ServerJoin
03-20 21:48:30.895 17688 17898 I AXL : RPC: ServerJoin
03-20 21:48:30.895 17688 17898 I AXL : RPC: ServerJoin
03-20 21:48:30.895 17688 17898 I AXL : RPC: ServerJoin
03-20 21:48:30.895 17688 17898 I AXL : RPC: ServerJoin
03-20 21:48:30.895 17688 17898 I AXL : RPC: ServerJoin
03-20 21:48:30.895 17688 17898 I AXL : RPC: ServerJoin
03-20 21:48:30.895 17688 17898 I AXL : RPC: ServerJoin
03-20 21:48:30.895 17688 17898 I AXL : RPC: ServerJoin
03-20 21:48:30.895 17688 17898 I AXL : RPC: ServerJoin
03-20 21:48:30.895 17688 17898 I AXL : RPC: ServerJoin
03-20 21:48:30.895 17688 17898 I AXL : RPC: ServerJoin
03-20 21:48:30.895 17688 17898 I AXL : RPC: ServerJoin
03-20 21:48:30.895 17688 17898 I AXL : RPC: ServerJoin
03-20 21:48:30.895 17688 17898 I AXL : RPC: ServerJoin
03-20 21:48:30.895 17688 17898 I AXL : RPC: ServerJoin
03-20 21:48:30.895 17688 17898 I AXL : RPC: ServerJoin
03-20 21:48:30.896 17688 17898 I AXL : RPC: ServerJoin
03-20 21:48:30.896 17688 17898 I AXL : RPC: ServerJoin
03-20 21:48:30.896 17688 17898 I AXL : RPC: ServerJoin
03-20 21:48:30.896 17688 17898 I AXL : RPC: ServerJoin
03-20 21:48:30.896 17688 17898 I AXL : RPC: ServerJoin
03-20 21:48:30.896 17688 17898 I AXL : RPC: ServerJoin
03-20 21:48:30.896 17688 17898 I AXL : RPC: ServerJoin
03-20 21:48:30.896 17688 17898 I AXL : RPC: ServerJoin
03-20 21:48:30.896 17688 17898 I AXL : RPC: ServerJoin
03-20 21:48:30.896 17688 17898 I AXL : RPC: ServerJoin
03-20 21:48:30.896 17688 17898 I AXL : RPC: ServerJoin
03-20 21:48:30.896 17688 17898 I AXL : RPC: ServerJoin
03-20 21:48:30.896 17688 17898 I AXL : RPC: ServerJoin
03-20 21:48:30.896 17688 17898 I AXL : RPC: ServerJoin
03-20 21:48:30.896 17688 17898 I AXL : RPC: ServerJoin
03-20 21:48:30.896 17688 17898 I AXL : RPC: ServerJoin
03-20 21:48:30.897 17688 17898 I AXL : RPC: ServerJoin
03-20 21:48:30.897 17688 17898 I AXL : RPC: ServerJoin
03-20 21:48:30.897 17688 17898 I AXL : RPC: ServerJoin
03-20 21:48:30.897 17688 17898 I AXL : RPC: ServerJoin
03-20 21:48:30.897 17688 17898 I AXL : RPC: ServerJoin
03-20 21:48:30.897 17688 17898 I AXL : RPC: ServerJoin
03-20 21:48:30.897 17688 17898 I AXL : RPC: ServerJoin
03-20 21:48:30.897 17688 17898 I AXL : RPC: ServerJoin
03-20 21:48:30.897 17688 17898 I AXL : RPC: ServerJoin
03-20 21:48:30.897 17688 17898 I AXL : RPC: ServerJoin
03-20 21:48:30.897 17688 17898 I AXL : RPC: ServerJoin
