03-20 21:50:41.447 20306 20893 I AXL : NvFOpen: DATA/MAPS/country/countryW.IDE
03-20 21:50:41.464 20306 20893 I AXL : NvFOpen: DATA/MAPS/country/counxref.IDE
03-20 21:50:41.481 20306 20893 I AXL : NvFOpen: DATA/MAPS/interior/int_LA.IDE
03-20 21:50:41.497 20306 20893 I AXL : NvFOpen: DATA/MAPS/interior/int_SF.IDE
03-20 21:50:41.514 20306 20893 I AXL namic2.IDE
03-20 21:50:40.953 20306 20904 I AXL : NvFOpen: AUDIO/SFX/GENRL.osw
03-20 21:50:40.961 20306 20904 I AXL : NvFOpen: AUDIO/SFX/GENRL.osw
03-20 21:50:40.962 20306 20904 I AXL : NvFOpen: AUDIO/SFX/GENRL.osw
03-20 21:50:40.964 20306 20904 I AXL : NvFOpen: AUDIO/SFX/GENRL.osw
03-20 21:50:40.964 20306 20904 I AXL : NvFOpen: AUDIO/SFX/GENRL.osw
03-20 21:50:40.966 20306 20904 I AXL : NvFOpen: AUDIO/SFX/GENRL.osw
03-20 21:50:40.967 20306 20904 I AXL : NvFOpen: AUDIO/SFX/GENRL.osw
03-20 21:50:40.968 20306 20904 I AXL : NvFOpen: AUDIO/SFX/GENRL.osw
03-20 21:50:40.969 20306 20904 I AXL : NvFOpen: AUDIO/SFX/GENRL.osw
03-20 21:50:40.970 20306 20893 I AXL : NvFOpen: DATA/MAPS/generic/multiobj.IDE
03-20 21:50:40.971 20306 20904 I AXL : NvFOpen: AUDIO/SFX/GENRL.osw
03-20 21:50:40.972 20306 20904 I AXL : NvFOpen: AUDIO/SFX/GENRL.osw
03-20 21:50:40.973 20306 20904 I AXL : NvFOpen: AUDIO/SFX/GENRL.osw
03-20 21:50:40.978 20306 20904 I AXL : NvFOpen: AUDIO/SFX/GENRL.osw
03-20 21:50:40.983 20306 20904 I AXL : NvFOpen: AUDIO/SFX/GENRL.osw
03-20 21:50:40.986 20306 20904 I AXL : NvFOpen: AUDIO/SFX/GENRL.osw
03-20 21:50:40.989 20306 20904 I AXL : NvFOpen: AUDIO/SFX/GENRL.osw
03-20 21:50:40.990 20306 20893 I AXL : NvFOpen: DATA/MAPS/generic/procobj.IDE
03-20 21:50:40.992 20306 20904 I AXL : NvFOpen: AUDIO/SFX/GENRL.osw
03-20 21:50:40.996 20306 20904 I AXL : NvFOpen: AUDIO/SFX/GENRL.osw
03-20 21:50:41.010 20306 20893 I AXL : NvFOpen: DATA/MAPS/LA/LAn.IDE
03-20 21:50:41.021 20306 20893 I AXL : NvFOpen: DATA/MAPS/LA/LAn2.IDE
03-20 21:50:41.034 20306 20893 I AXL : NvFOpen: DATA/MAPS/LA/LAs.IDE
03-20 21:50:41.050 20306 20893 I AXL : NvFOpen: DATA/MAPS/LA/LAs2.IDE
03-20 21:50:41.067 20306 20893 I AXL : NvFOpen: DATA/MAPS/LA/LAe.IDE
03-20 21:50:41.083 20306 20893 I AXL : NvFOpen: DATA/MAPS/LA/LAe2.IDE
03-20 21:50:41.100 20306 20893 I AXL : NvFOpen: DATA/MAPS/LA/LAw2.IDE
03-20 21:50:41.117 20306 20893 I AXL : NvFOpen: DATA/MAPS/LA/LAw.IDE
03-20 21:50:41.134 20306 20893 I AXL : NvFOpen: DATA/MAPS/LA/LAwn.IDE
03-20 21:50:41.154 20306 20893 I AXL : NvFOpen: DATA/MAPS/LA/LAhills.IDE
03-20 21:50:41.172 20306 20893 I AXL : NvFOpen: DATA/MAPS/LA/LAxref.IDE
03-20 21:50:41.184 20306 20893 I AXL : NvFOpen: DATA/MAPS/SF/SFn.IDE
03-20 21:50:41.199 20306 20893 I AXL : NvFOpen: DATA/MAPS/SF/SFs.IDE
03-20 21:50:41.215 20306 20893 I AXL : NvFOpen: DATA/MAPS/SF/SFse.IDE
03-20 21:50:41.217 20306 20911 D AudioTrack: [audioTrackData][zero] 1s(f:0 m:0 s:0
k:0 z:1020) : pid 20306 uid 10036 sessionId 2561 sr 44100 ch 2 fmt 1
03-20 21:50:41.232 20306 20893 I AXL : NvFOpen: DATA/MAPS/SF/SFe.IDE
03-20 21:50:41.251 20306 20893 I AXL : NvFOpen: DATA/MAPS/SF/SFw.IDE
03-20 21:50:41.267 20306 20893 I AXL : NvFOpen: DATA/MAPS/SF/SFxref.IDE
03-20 21:50:41.281 20306 20893 I AXL : NvFOpen: DATA/MAPS/vegas/vegasN.IDE
03-20 21:50:41.298 20306 20893 I AXL : NvFOpen: DATA/MAPS/vegas/vegasS.IDE
03-20 21:50:41.315 20306 20893 I AXL : NvFOpen: DATA/MAPS/vegas/vegasE.IDE
03-20 21:50:41.338 20306 20893 I AXL : NvFOpen: DATA/MAPS/vegas/vegasW.IDE
03-20 21:50:41.365 20306 20893 I AXL : NvFOpen: DATA/MAPS/vegas/vegaxref.IDE
03-20 21:50:41.381 20306 20893 I AXL : NvFOpen: DATA/MAPS/country/countryN.IDE
03-20 21:50:41.397 20306 20893 I AXL : NvFOpen: DATA/MAPS/country/countN2.IDE
03-20 21:50:41.414 20306 20893 I AXL : NvFOpen: DATA/MAPS/country/countryS.IDE
03-20 21:50:41.430 20306 20893 I AXL : NvFOpen: DATA/MAPS/country/countryE.IDE
03-20 21:50:41.447 20306 20893 I AXL : NvFOpen: DATA/MAPS/country/countryW.IDE
03-20 21:50:41.464 20306 20893 I AXL : NvFOpen: DATA/MAPS/country/counxref.IDE
03-20 21:50:41.481 20306 20893 I AXL : NvFOpen: DATA/MAPS/interior/int_LA.IDE
03-20 21:50:41.497 20306 20893 I AXL : NvFOpen: DATA/MAPS/interior/int_SF.IDE
03-20 21:50:41.514 20306 20893 I AXL : NvFOpen: DATA/MAPS/interior/int_veg.IDE
03-20 21:50:41.530 20306 20893 I AXL : NvFOpen: DATA/MAPS/interior/int :
NvFOpen: DATA/MAPS/interior/int_veg.IDE
03-20 21:50:41.530 20306 20893 I AXL : NvFOpen: DATA/MAPS/interior/int_cont.IDE
03-20 21:50:41.547 20306 20893 I AXL : NvFOpen: DATA/MAPS/leveldes/levelmap.IDE
03-20 21:50:41.563 20306 20893 I AXL : NvFOpen: DATA/MAPS/leveldes/levelxre.IDE
03-20 21:50:41.580 20306 20893 I AXL : NvFOpen: DATA/MAPS/interior/gen_int1.IDE
03-20 21:50:41.596 20306 20893 I AXL : NvFOpen: DATA/MAPS/interior/gen_int2.IDE
03-20 21:50:41.613 20306 20893 I AXL : NvFOpen: DATA/MAPS/interior/gen_intb.IDE
03-20 21:50:41.629 20306 20893 I AXL : NvFOpen: DATA/MAPS/interior/gen_int3.IDE
03-20 21:50:41.646 20306 20893 I AXL : NvFOpen: DATA/MAPS/interior/gen_int4.IDE
03-20 21:50:41.662 20306 20893 I AXL : NvFOpen: DATA/MAPS/interior/gen_int5.IDE
03-20 21:50:41.679 20306 20893 I AXL : NvFOpen: DATA/MAPS/interior/savehous.IDE
03-20 21:50:41.695 20306 20893 I AXL : NvFOpen: DATA/MAPS/interior/stadint.IDE
03-20 21:50:41.712 20306 20893 I AXL : NvFOpen: DATA/MAPS/leveldes/seabed.IDE
03-20 21:50:41.729 20306 20893 I AXL : NvFOpen: DATA/MAPS/interior/props.IDE
03-20 21:50:41.745 20306 20893 I AXL : NvFOpen: DATA/MAPS/interior/props2.IDE
03-20 21:50:41.762 20306 20893 I AXL : NvFOpen: DATA/MAPS/interior/propext.IDE
03-20 21:50:41.779 20306 20893 I AXL : NvFOpen: DATA/MAPS/veh_mods/veh_mods.IDE
03-20 21:50:41.795 20306 20893 I AXL : NvFOpen: DATA/TXDCUT.IDE
03-20 21:50:41.812 20306 20893 I AXL : NvFOpen: SAMP/samp.IDE
03-20 21:50:41.842 20306 20893 I AXL : NvFOpen: DATA/OBJECT.DAT
03-20 21:50:41.905 20306 20893 I AXL : NvFOpen: DATA/CARCOLS.DAT
03-20 21:50:41.921 20306 20893 I AXL : NvFOpen: DATA/CARMODS.DAT
03-20 21:50:42.002 20306 20893 I AXL : NvFOpen: TEXDB/GTA3.IMG
03-20 21:50:42.209 20306 20911 D AudioTrack: [audioTrackData][zero] 2s(f:0 m:0 s:0
k:0 z:2012) : pid 20306 uid 10036 sessionId 2561 sr 44100 ch 2 fmt 1
03-20 21:50:42.348 20306 20893 I AXL : NvFOpen: TEXDB/GTA_INT.IMG
03-20 21:50:42.392 20306 20306 W Looper : PerfMonitor longMsg : seq=246
plan=21:50:38.524 late=2117ms wall=1750ms h=android.os.Handler
c=retrofit2.ExecutorCallAdapterFactory$ExecutorCallbackCall$1$1 procState=-1
03-20 21:50:42.399 20306 20893 I AXL : NvFOpen: TEXDB/SAMP.IMG
03-20 21:50:42.409 20306 20306 I Choreographer: Skipped 213 frames! The
application may be doing too much work on its main thread.
03-20 21:50:42.411 20306 20306 D Surface : lockCanvas
03-20 21:50:42.412 20306 20893 I AXL : NvFOpen: TEXDB/SAMPCOL.IMG
03-20 21:50:42.415 20306 20893 I AXL : NvFOpen: DATA/SCRIPT/SCRIPTV1.IMG
03-20 21:50:42.417 20306 20893 I AXL : NvFOpen: TEXDB/CUTSCENE.IMG
03-20 21:50:42.431 20306 20306 D Surface : lockCanvas
03-20 21:50:42.562 20306 20306 W Looper : PerfMonitor doFrame : time=153ms
vsyncFrame=0 latency=3533ms procState=-1 historyMsgCount=65 (msgIndex=1 wall=93ms
seq=238 late=501ms h=android.view.Choreographer$FrameHandler
c=android.view.Choreographer$FrameDisplayEventReceiver) (msgIndex=8 wall=1680ms
seq=245 late=436ms h=android.os.Handler
c=retrofit2.ExecutorCallAdapterFactory$ExecutorCallbackCall$1$1) (msgIndex=9
wall=1750ms seq=246 late=2117ms h=android.os.Handler
c=retrofit2.ExecutorCallAdapterFactory$ExecutorCallbackCall$1$1)
03-20 21:50:42.600 20306 20893 I AXL : NvFOpen: DATA/MAP.ZON
03-20 21:50:42.604 20306 20893 I AXL : NvFOpen: DATA/INFO.ZON
03-20 21:50:42.612 20306 20893 I AXL : NvFOpen: DATA/MAPS/LA/LAn.IPL
03-20 21:50:42.620 20306 20893 I AXL : NvFOpen: DATA/MAPS/LA/LAn2.IPL
03-20 21:50:42.628 20306 20893 I AXL : NvFOpen: DATA/MAPS/LA/LAs.IPL
03-20 21:50:42.637 20306 20893 I AXL : NvFOpen: DATA/MAPS/LA/LAs2.IPL
03-20 21:50:42.651 20306 20893 I AXL : NvFOpen: DATA/MAPS/LA/LAe.IPL
03-20 21:50:42.661 20306 20893 I AXL : NvFOpen: DATA/MAPS/LA/LAe2.IPL
03-20 21:50:42.677 20306 20893 I AXL : NvFOpen: DATA/MAPS/LA/LAw.IPL
03-20 21:50:42.693 20306 20893 I AXL : NvFOpen: DATA/MAPS/LA/LAwn.IPL
03-20 21:50:42.710 20306 20893 I AXL : NvFOpen: DATA/MAPS/LA/LAw2.IPL
03-20 21:50:42.726 20_cont.IDE
03-20 21:50:41.547 20306 20893 I AXL : NvFOpen: DATA/MAPS/leveldes/levelmap.IDE
03-20 21:50:41.563 20306 20893 I AXL : NvFOpen: DATA/MAPS/leveldes/levelxre.IDE
03-20 21:50:41.580 20306 20893 I AXL : NvFOpen: DATA/MAPS/interior/gen_int1.IDE
03-20 21:50:41.596 20306 20893 I AXL : NvFOpen: DATA/MAPS/interior/gen_int2.IDE
03-20 21:50:41.613 20306 20893 I AXL : NvFOpen: DATA/MAPS/interior/gen_intb.IDE
03-20 21:50:41.629 20306 20893 I AXL : NvFOpen: DATA/MAPS/interior/gen_int3.IDE
03-20 21:50:41.646 20306 20893 I AXL : NvFOpen: DATA/MAPS/interior/gen_int4.IDE
03-20 21:50:41.662 20306 20893 I AXL : NvFOpen: DATA/MAPS/interior/gen_int5.IDE
03-20 21:50:41.679 20306 20893 I AXL : NvFOpen: DATA/MAPS/interior/savehous.IDE
03-20 21:50:41.695 20306 20893 I AXL : NvFOpen: DATA/MAPS/interior/stadint.IDE
03-20 21:50:41.712 20306 20893 I AXL : NvFOpen: DATA/MAPS/leveldes/seabed.IDE
03-20 21:50:41.729 20306 20893 I AXL : NvFOpen: DATA/MAPS/interior/props.IDE
03-20 21:50:41.745 20306 20893 I AXL : NvFOpen: DATA/MAPS/interior/props2.IDE
03-20 21:50:41.762 20306 20893 I AXL : NvFOpen: DATA/MAPS/interior/propext.IDE
03-20 21:50:41.779 20306 20893 I AXL : NvFOpen: DATA/MAPS/veh_mods/veh_mods.IDE
03-20 21:50:41.795 20306 20893 I AXL : NvFOpen: DATA/TXDCUT.IDE
03-20 21:50:41.812 20306 20893 I AXL : NvFOpen: SAMP/samp.IDE
03-20 21:50:41.842 20306 20893 I AXL : NvFOpen: DATA/OBJECT.DAT
03-20 21:50:41.905 20306 20893 I AXL : NvFOpen: DATA/CARCOLS.DAT
03-20 21:50:41.921 20306 20893 I AXL : NvFOpen: DATA/CARMODS.DAT
03-20 21:50:42.002 20306 20893 I AXL : NvFOpen: TEXDB/GTA3.IMG
03-20 21:50:42.209 20306 20911 D AudioTrack: [audioTrackData][zero] 2s(f:0 m:0 s:0
k:0 z:2012) : pid 20306 uid 10036 sessionId 2561 sr 44100 ch 2 fmt 1
03-20 21:50:42.348 20306 20893 I AXL : NvFOpen: TEXDB/GTA_INT.IMG
03-20 21:50:42.392 20306 20306 W Looper : PerfMonitor longMsg : seq=246
plan=21:50:38.524 late=2117ms wall=1750ms h=android.os.Handler
c=retrofit2.ExecutorCallAdapterFactory$ExecutorCallbackCall$1$1 procState=-1
03-20 21:50:42.399 20306 20893 I AXL : NvFOpen: TEXDB/SAMP.IMG
03-20 21:50:42.409 20306 20306 I Choreographer: Skipped 213 frames! The
application may be doing too much work on its main thread.
03-20 21:50:42.411 20306 20306 D Surface : lockCanvas
03-20 21:50:42.412 20306 20893 I AXL : NvFOpen: TEXDB/SAMPCOL.IMG
03-20 21:50:42.415 20306 20893 I AXL : NvFOpen: DATA/SCRIPT/SCRIPTV1.IMG
03-20 21:50:42.417 20306 20893 I AXL : NvFOpen: TEXDB/CUTSCENE.IMG
03-20 21:50:42.431 20306 20306 D Surface : lockCanvas
03-20 21:50:42.562 20306 20306 W Looper : PerfMonitor doFrame : time=153ms
vsyncFrame=0 latency=3533ms procState=-1 historyMsgCount=65 (msgIndex=1 wall=93ms
seq=238 late=501ms h=android.view.Choreographer$FrameHandler
c=android.view.Choreographer$FrameDisplayEventReceiver) (msgIndex=8 wall=1680ms
seq=245 late=436ms h=android.os.Handler
c=retrofit2.ExecutorCallAdapterFactory$ExecutorCallbackCall$1$1) (msgIndex=9
wall=1750ms seq=246 late=2117ms h=android.os.Handler
c=retrofit2.ExecutorCallAdapterFactory$ExecutorCallbackCall$1$1)
03-20 21:50:42.600 20306 20893 I AXL : NvFOpen: DATA/MAP.ZON
03-20 21:50:42.604 20306 20893 I AXL : NvFOpen: DATA/INFO.ZON
03-20 21:50:42.612 20306 20893 I AXL : NvFOpen: DATA/MAPS/LA/LAn.IPL
03-20 21:50:42.620 20306 20893 I AXL : NvFOpen: DATA/MAPS/LA/LAn2.IPL
03-20 21:50:42.628 20306 20893 I AXL : NvFOpen: DATA/MAPS/LA/LAs.IPL
03-20 21:50:42.637 20306 20893 I AXL : NvFOpen: DATA/MAPS/LA/LAs2.IPL
03-20 21:50:42.651 20306 20893 I AXL : NvFOpen: DATA/MAPS/LA/LAe.IPL
03-20 21:50:42.661 20306 20893 I AXL : NvFOpen: DATA/MAPS/LA/LAe2.IPL
03-20 21:50:42.677 20306 20893 I AXL : NvFOpen: DATA/MAPS/LA/LAw.IPL
03-20 21:50:42.693 20306 20893 I AXL : NvFOpen: DATA/MAPS/LA/LAwn.IPL
03-20 21:50:42.710 20306 20893 I AXL : NvFOpen: DATA/MAPS/LA/LAw2.IPL
03-20 21:50:42.726 20306 20893 I AXL : NvFOpen: DATA/MAPS/LA/LAhills.IPL
03-20 21:50:42.742 20306 20893 I AXL : NvFOpen: DATA/MAPS/SF306 20893 I AXL
: NvFOpen: DATA/MAPS/LA/LAhills.IPL
03-20 21:50:42.742 20306 20893 I AXL : NvFOpen: DATA/MAPS/SF/SFn.IPL
03-20 21:50:42.759 20306 20893 I AXL : NvFOpen: DATA/MAPS/SF/SFs.IPL
03-20 21:50:42.776 20306 20893 I AXL : NvFOpen: DATA/MAPS/SF/SFse.IPL
03-20 21:50:42.793 20306 20893 I AXL : NvFOpen: DATA/MAPS/SF/SFe.IPL
03-20 21:50:42.809 20306 20893 I AXL : NvFOpen: DATA/MAPS/SF/SFw.IPL
03-20 21:50:42.826 20306 20893 I AXL : NvFOpen: DATA/MAPS/vegas/vegasN.IPL
03-20 21:50:42.842 20306 20893 I AXL : NvFOpen: DATA/MAPS/vegas/vegasS.IPL
03-20 21:50:42.858 20306 20893 I AXL : NvFOpen: DATA/MAPS/vegas/vegasE.IPL
03-20 21:50:42.875 20306 20893 I AXL : NvFOpen: DATA/MAPS/vegas/vegasW.IPL
03-20 21:50:42.892 20306 20893 I AXL : NvFOpen: DATA/MAPS/country/countryN.IPL
03-20 21:50:42.908 20306 20893 I AXL : NvFOpen: DATA/MAPS/country/countN2.IPL
03-20 21:50:42.925 20306 20893 I AXL : NvFOpen: DATA/MAPS/country/countrys.IPL
03-20 21:50:42.941 20306 20893 I AXL : NvFOpen: DATA/MAPS/country/countryE.IPL
03-20 21:50:42.958 20306 20893 I AXL : NvFOpen: DATA/MAPS/country/countryW.IPL
03-20 21:50:42.974 20306 20893 I AXL : NvFOpen: DATA/MAPS/interior/int_LA.IPL
03-20 21:50:42.991 20306 20893 I AXL : NvFOpen: DATA/MAPS/interior/int_SF.IPL
03-20 21:50:43.007 20306 20893 I AXL : NvFOpen: DATA/MAPS/interior/int_veg.IPL
03-20 21:50:43.024 20306 20893 I AXL : NvFOpen: DATA/MAPS/interior/int_cont.IPL
03-20 21:50:43.040 20306 20893 I AXL : NvFOpen: DATA/MAPS/interior/gen_int1.IPL
03-20 21:50:43.057 20306 20893 I AXL : NvFOpen: DATA/MAPS/interior/gen_int2.IPL
03-20 21:50:43.073 20306 20893 I AXL : NvFOpen: DATA/MAPS/interior/gen_intb.IPL
03-20 21:50:43.090 20306 20893 I AXL : NvFOpen: DATA/MAPS/interior/gen_int3.IPL
03-20 21:50:43.106 20306 20893 I AXL : NvFOpen: DATA/MAPS/interior/gen_int4.IPL
03-20 21:50:43.123 20306 20893 I AXL : NvFOpen: DATA/MAPS/interior/gen_int5.IPL
03-20 21:50:43.140 20306 20893 I AXL : NvFOpen: DATA/MAPS/interior/stadint.IPL
03-20 21:50:43.156 20306 20893 I AXL : NvFOpen: DATA/MAPS/interior/savehous.IPL
03-20 21:50:43.173 20306 20893 I AXL : NvFOpen: DATA/MAPS/leveldes/levelmap.IPL
03-20 21:50:43.189 20306 20893 I AXL : NvFOpen: DATA/MAPS/leveldes/seabed.IPL
03-20 21:50:43.201 20306 20911 D AudioTrack: [audioTrackData][zero] 3s(f:0 m:0 s:0
k:0 z:3004) : pid 20306 uid 10036 sessionId 2561 sr 44100 ch 2 fmt 1
03-20 21:50:43.206 20306 20893 I AXL : NvFOpen: DATA/MAPS/paths.ipl
03-20 21:50:43.222 20306 20893 I AXL : NvFOpen: DATA/MAPS/paths2.ipl
03-20 21:50:43.239 20306 20893 I AXL : NvFOpen: DATA/MAPS/paths3.ipl
03-20 21:50:43.255 20306 20893 I AXL : NvFOpen: DATA/MAPS/paths4.ipl
03-20 21:50:43.272 20306 20893 I AXL : NvFOpen: DATA/MAPS/paths5.ipl
03-20 21:50:43.288 20306 20893 I AXL : NvFOpen: DATA/MAPS/cull.ipl
03-20 21:50:43.306 20306 20893 I AXL : NvFOpen: DATA/MAPS/tunnels.ipl
03-20 21:50:43.321 20306 20893 I AXL : NvFOpen: DATA/MAPS/occluSF.ipl
03-20 21:50:43.338 20306 20893 I AXL : NvFOpen: DATA/MAPS/occluveg.ipl
03-20 21:50:43.355 20306 20893 I AXL : NvFOpen: DATA/MAPS/occluLA.ipl
03-20 21:50:43.378 20306 20893 I AXL : NvFOpen: DATA/MAPS/occluint.ipl
03-20 21:50:43.405 20306 20893 I AXL : NvFOpen: DATA/MAPS/audiozon.ipl
03-20 21:50:43.410 20306 20893 I AXL : NvFOpen: data/paths/tracks.dat
03-20 21:50:43.413 20306 20893 I AXL : NvFOpen: data/paths/tracks3.dat
03-20 21:50:43.454 20306 20893 I AXL : NvFOpen: TEXDB/PLAYER.IMG
03-20 21:50:43.457 20306 20893 I AXL : NvFOpen: DATA/CLOTHES.DAT
03-20 21:50:43.460 20306 20893 I AXL : NvFOpen: DATA/water.dat
03-20 21:50:43.513 20306 20893 I AXL : NvFOpen: ANIM/PED.IFP
03-20 21:50:43.554 20306 20893 I AXL : NvFOpen: DATA/PED.DAT
03-20 21:50:43.594 20306 20893 I AXL : NvFOpen: DATA/WEAPON.DAT
03-20 21:50:43.597 20306 20893 I AXL : NvFOpen: data/paths/roadblox.dat
03-20 21:50:43.603 20306 20893 I AXL : NvFOpen: DATA/PEDGRP.DAT
03-20 21:50:43.624 20306 20893 I AXL : NvF/SFn.IPL
03-20 21:50:42.759 20306 20893 I AXL : NvFOpen: DATA/MAPS/SF/SFs.IPL
03-20 21:50:42.776 20306 20893 I AXL : NvFOpen: DATA/MAPS/SF/SFse.IPL
03-20 21:50:42.793 20306 20893 I AXL : NvFOpen: DATA/MAPS/SF/SFe.IPL
03-20 21:50:42.809 20306 20893 I AXL : NvFOpen: DATA/MAPS/SF/SFw.IPL
03-20 21:50:42.826 20306 20893 I AXL : NvFOpen: DATA/MAPS/vegas/vegasN.IPL
03-20 21:50:42.842 20306 20893 I AXL : NvFOpen: DATA/MAPS/vegas/vegasS.IPL
03-20 21:50:42.858 20306 20893 I AXL : NvFOpen: DATA/MAPS/vegas/vegasE.IPL
03-20 21:50:42.875 20306 20893 I AXL : NvFOpen: DATA/MAPS/vegas/vegasW.IPL
03-20 21:50:42.892 20306 20893 I AXL : NvFOpen: DATA/MAPS/country/countryN.IPL
03-20 21:50:42.908 20306 20893 I AXL : NvFOpen: DATA/MAPS/country/countN2.IPL
03-20 21:50:42.925 20306 20893 I AXL : NvFOpen: DATA/MAPS/country/countrys.IPL
03-20 21:50:42.941 20306 20893 I AXL : NvFOpen: DATA/MAPS/country/countryE.IPL
03-20 21:50:42.958 20306 20893 I AXL : NvFOpen: DATA/MAPS/country/countryW.IPL
03-20 21:50:42.974 20306 20893 I AXL : NvFOpen: DATA/MAPS/interior/int_LA.IPL
03-20 21:50:42.991 20306 20893 I AXL : NvFOpen: DATA/MAPS/interior/int_SF.IPL
03-20 21:50:43.007 20306 20893 I AXL : NvFOpen: DATA/MAPS/interior/int_veg.IPL
03-20 21:50:43.024 20306 20893 I AXL : NvFOpen: DATA/MAPS/interior/int_cont.IPL
03-20 21:50:43.040 20306 20893 I AXL : NvFOpen: DATA/MAPS/interior/gen_int1.IPL
03-20 21:50:43.057 20306 20893 I AXL : NvFOpen: DATA/MAPS/interior/gen_int2.IPL
03-20 21:50:43.073 20306 20893 I AXL : NvFOpen: DATA/MAPS/interior/gen_intb.IPL
03-20 21:50:43.090 20306 20893 I AXL : NvFOpen: DATA/MAPS/interior/gen_int3.IPL
03-20 21:50:43.106 20306 20893 I AXL : NvFOpen: DATA/MAPS/interior/gen_int4.IPL
03-20 21:50:43.123 20306 20893 I AXL : NvFOpen: DATA/MAPS/interior/gen_int5.IPL
03-20 21:50:43.140 20306 20893 I AXL : NvFOpen: DATA/MAPS/interior/stadint.IPL
03-20 21:50:43.156 20306 20893 I AXL : NvFOpen: DATA/MAPS/interior/savehous.IPL
03-20 21:50:43.173 20306 20893 I AXL : NvFOpen: DATA/MAPS/leveldes/levelmap.IPL
03-20 21:50:43.189 20306 20893 I AXL : NvFOpen: DATA/MAPS/leveldes/seabed.IPL
03-20 21:50:43.201 20306 20911 D AudioTrack: [audioTrackData][zero] 3s(f:0 m:0 s:0
k:0 z:3004) : pid 20306 uid 10036 sessionId 2561 sr 44100 ch 2 fmt 1
03-20 21:50:43.206 20306 20893 I AXL : NvFOpen: DATA/MAPS/paths.ipl
03-20 21:50:43.222 20306 20893 I AXL : NvFOpen: DATA/MAPS/paths2.ipl
03-20 21:50:43.239 20306 20893 I AXL : NvFOpen: DATA/MAPS/paths3.ipl
03-20 21:50:43.255 20306 20893 I AXL : NvFOpen: DATA/MAPS/paths4.ipl
03-20 21:50:43.272 20306 20893 I AXL : NvFOpen: DATA/MAPS/paths5.ipl
03-20 21:50:43.288 20306 20893 I AXL : NvFOpen: DATA/MAPS/cull.ipl
03-20 21:50:43.306 20306 20893 I AXL : NvFOpen: DATA/MAPS/tunnels.ipl
03-20 21:50:43.321 20306 20893 I AXL : NvFOpen: DATA/MAPS/occluSF.ipl
03-20 21:50:43.338 20306 20893 I AXL : NvFOpen: DATA/MAPS/occluveg.ipl
03-20 21:50:43.355 20306 20893 I AXL : NvFOpen: DATA/MAPS/occluLA.ipl
03-20 21:50:43.378 20306 20893 I AXL : NvFOpen: DATA/MAPS/occluint.ipl
03-20 21:50:43.405 20306 20893 I AXL : NvFOpen: DATA/MAPS/audiozon.ipl
03-20 21:50:43.410 20306 20893 I AXL : NvFOpen: data/paths/tracks.dat
03-20 21:50:43.413 20306 20893 I AXL : NvFOpen: data/paths/tracks3.dat
03-20 21:50:43.454 20306 20893 I AXL : NvFOpen: TEXDB/PLAYER.IMG
03-20 21:50:43.457 20306 20893 I AXL : NvFOpen: DATA/CLOTHES.DAT
03-20 21:50:43.460 20306 20893 I AXL : NvFOpen: DATA/water.dat
03-20 21:50:43.513 20306 20893 I AXL : NvFOpen: ANIM/PED.IFP
03-20 21:50:43.554 20306 20893 I AXL : NvFOpen: DATA/PED.DAT
03-20 21:50:43.594 20306 20893 I AXL : NvFOpen: DATA/WEAPON.DAT
03-20 21:50:43.597 20306 20893 I AXL : NvFOpen: data/paths/roadblox.dat
03-20 21:50:43.603 20306 20893 I AXL : NvFOpen: DATA/PEDGRP.DAT
03-20 21:50:43.624 20306 20893 I AXL : NvFOpen: DATA/CARGRP.DAT
03-20 21:50:43.653 20306 20893 I AXL : NvFOpen: data/script/mainV1.scm
03-20 21:50:43.703 2030Open: DATA/CARGRP.DAT
03-20 21:50:43.653 20306 20893 I AXL : NvFOpen: data/script/mainV1.scm
03-20 21:50:43.703 20306 20893 I AXL : NvFOpen: DATA/GRIDREF.DAT
03-20 21:50:43.705 20306 20893 I AXL : NvFOpen: DATA/AR_STATS.DAT
03-20 21:50:43.707 20306 20893 I AXL : NvFOpen: DATA/STATDISP.DAT
03-20 21:50:43.752 20306 20893 I AXL : NvFOpen: data/shopping.dat
03-20 21:50:43.821 20306 20904 I AXL : NvFOpen: AUDIO/SFX/GENRL.osw
03-20 21:50:43.821 20306 20893 I AXL : NvFOpen: data/script/mainV1.scm
03-20 21:50:43.823 20306 20904 I AXL : NvFOpen: AUDIO/SFX/GENRL.osw
03-20 21:50:43.826 20306 20904 I AXL : NvFOpen: AUDIO/SFX/GENRL.osw
03-20 21:50:43.830 20306 20904 I AXL : NvFOpen: AUDIO/SFX/GENRL.osw
03-20 21:50:43.833 20306 20904 I AXL : NvFOpen: AUDIO/SFX/GENRL.osw
03-20 21:50:43.835 20306 20904 I AXL : NvFOpen: AUDIO/SFX/GENRL.osw
03-20 21:50:43.842 20306 20904 I AXL : NvFOpen: AUDIO/SFX/GENRL.osw
03-20 21:50:43.844 20306 20904 I AXL : NvFOpen: AUDIO/SFX/GENRL.osw
03-20 21:50:43.846 20306 20904 I AXL : NvFOpen: AUDIO/SFX/GENRL.osw
03-20 21:50:43.850 20306 20904 I AXL : NvFOpen: AUDIO/SFX/GENRL.osw
03-20 21:50:43.851 20306 20904 I AXL : NvFOpen: AUDIO/SFX/GENRL.osw
03-20 21:50:43.857 20306 20904 I AXL : NvFOpen: AUDIO/SFX/GENRL.osw
03-20 21:50:43.859 20306 20904 I AXL : NvFOpen: AUDIO/SFX/GENRL.osw
03-20 21:50:43.860 20306 20904 I AXL : NvFOpen: AUDIO/SFX/GENRL.osw
03-20 21:50:43.861 20306 20904 I AXL : NvFOpen: AUDIO/SFX/GENRL.osw
03-20 21:50:43.862 20306 20904 I AXL : NvFOpen: AUDIO/SFX/GENRL.osw
03-20 21:50:43.864 20306 20904 I AXL : NvFOpen: AUDIO/SFX/GENRL.osw
03-20 21:50:43.866 20306 20904 I AXL : NvFOpen: AUDIO/SFX/GENRL.osw
03-20 21:50:43.868 20306 20904 I AXL : NvFOpen: AUDIO/SFX/GENRL.osw
03-20 21:50:43.869 20306 20893 I AXL : NvFOpen: data/furnitur.dat
03-20 21:50:43.870 20306 20904 I AXL : NvFOpen: AUDIO/SFX/GENRL.osw
03-20 21:50:43.879 20306 20904 I AXL : NvFOpen: AUDIO/SFX/GENRL.osw
03-20 21:50:43.883 20306 20893 I AXL : NvFOpen: data/procobj.dat
03-20 21:50:43.887 20306 20904 I AXL : NvFOpen: AUDIO/SFX/GENRL.osw
03-20 21:50:43.890 20306 20904 I AXL : NvFOpen: AUDIO/SFX/GENRL.osw
03-20 21:50:43.892 20306 20904 I AXL : NvFOpen: AUDIO/SFX/GENRL.osw
03-20 21:50:43.899 20306 20904 I AXL : NvFOpen: AUDIO/SFX/GENRL.osw
03-20 21:50:43.902 20306 20904 I AXL : NvFOpen: AUDIO/SFX/GENRL.osw
03-20 21:50:43.904 20306 20904 I AXL : NvFOpen: AUDIO/SFX/GENRL.osw
03-20 21:50:43.906 20306 20904 I AXL : NvFOpen: AUDIO/SFX/GENRL.osw
03-20 21:50:43.910 20306 20904 I AXL : NvFOpen: AUDIO/SFX/GENRL.osw
03-20 21:50:43.915 20306 20904 I AXL : NvFOpen: AUDIO/SFX/GENRL.osw
03-20 21:50:43.918 20306 20904 I AXL : NvFOpen: AUDIO/SFX/GENRL.osw
03-20 21:50:43.922 20306 20904 I AXL : NvFOpen: AUDIO/SFX/GENRL.osw
03-20 21:50:43.926 20306 20904 I AXL : NvFOpen: AUDIO/SFX/GENRL.osw
03-20 21:50:43.929 20306 20904 I AXL : NvFOpen: AUDIO/SFX/GENRL.osw
03-20 21:50:43.931 20306 20904 I AXL : NvFOpen: AUDIO/SFX/GENRL.osw
03-20 21:50:43.933 20306 20904 I AXL : NvFOpen: AUDIO/SFX/GENRL.osw
03-20 21:50:43.935 20306 20904 I AXL : NvFOpen: AUDIO/SFX/GENRL.osw
03-20 21:50:43.937 20306 20904 I AXL : NvFOpen: AUDIO/SFX/GENRL.osw
03-20 21:50:43.940 20306 20904 I AXL : NvFOpen: AUDIO/SFX/GENRL.osw
03-20 21:50:43.942 20306 20904 I AXL : NvFOpen: AUDIO/SFX/GENRL.osw
03-20 21:50:43.944 20306 20904 I AXL : NvFOpen: AUDIO/SFX/GENRL.osw
03-20 21:50:43.946 20306 20904 I AXL : NvFOpen: AUDIO/SFX/GENRL.osw
03-20 21:50:43.948 20306 20904 I AXL : NvFOpen: AUDIO/SFX/GENRL.osw
03-20 21:50:43.951 20306 20904 I AXL : NvFOpen: AUDIO/SFX/GENRL.osw
03-20 21:50:43.954 20306 20904 I AXL : NvFOpen: AUDIO/SFX/GENRL.osw
03-20 21:50:43.957 20306 20904 I AXL : NvFOpen: AUDIO/SFX/GENRL.osw
03-20 21:50:43.960 20306 20904 I AXL : NvFOpen: AUDIO/SFX/GENRL.osw
03-20 21:50:43.962 20306 20904 I AXL : NvFOpen: AUDIO/SFX/GENRL.osw
03-20 21:50:43.964 20306 20904 I AXL : NvFOpen6 20893 I AXL : NvFOpen:
DATA/GRIDREF.DAT
03-20 21:50:43.705 20306 20893 I AXL : NvFOpen: DATA/AR_STATS.DAT
03-20 21:50:43.707 20306 20893 I AXL : NvFOpen: DATA/STATDISP.DAT
03-20 21:50:43.752 20306 20893 I AXL : NvFOpen: data/shopping.dat
03-20 21:50:43.821 20306 20904 I AXL : NvFOpen: AUDIO/SFX/GENRL.osw
03-20 21:50:43.821 20306 20893 I AXL : NvFOpen: data/script/mainV1.scm
03-20 21:50:43.823 20306 20904 I AXL : NvFOpen: AUDIO/SFX/GENRL.osw
03-20 21:50:43.826 20306 20904 I AXL : NvFOpen: AUDIO/SFX/GENRL.osw
03-20 21:50:43.830 20306 20904 I AXL : NvFOpen: AUDIO/SFX/GENRL.osw
03-20 21:50:43.833 20306 20904 I AXL : NvFOpen: AUDIO/SFX/GENRL.osw
03-20 21:50:43.835 20306 20904 I AXL : NvFOpen: AUDIO/SFX/GENRL.osw
03-20 21:50:43.842 20306 20904 I AXL : NvFOpen: AUDIO/SFX/GENRL.osw
03-20 21:50:43.844 20306 20904 I AXL : NvFOpen: AUDIO/SFX/GENRL.osw
03-20 21:50:43.846 20306 20904 I AXL : NvFOpen: AUDIO/SFX/GENRL.osw
03-20 21:50:43.850 20306 20904 I AXL : NvFOpen: AUDIO/SFX/GENRL.osw
03-20 21:50:43.851 20306 20904 I AXL : NvFOpen: AUDIO/SFX/GENRL.osw
03-20 21:50:43.857 20306 20904 I AXL : NvFOpen: AUDIO/SFX/GENRL.osw
03-20 21:50:43.859 20306 20904 I AXL : NvFOpen: AUDIO/SFX/GENRL.osw
03-20 21:50:43.860 20306 20904 I AXL : NvFOpen: AUDIO/SFX/GENRL.osw
03-20 21:50:43.861 20306 20904 I AXL : NvFOpen: AUDIO/SFX/GENRL.osw
03-20 21:50:43.862 20306 20904 I AXL : NvFOpen: AUDIO/SFX/GENRL.osw
03-20 21:50:43.864 20306 20904 I AXL : NvFOpen: AUDIO/SFX/GENRL.osw
03-20 21:50:43.866 20306 20904 I AXL : NvFOpen: AUDIO/SFX/GENRL.osw
03-20 21:50:43.868 20306 20904 I AXL : NvFOpen: AUDIO/SFX/GENRL.osw
03-20 21:50:43.869 20306 20893 I AXL : NvFOpen: data/furnitur.dat
03-20 21:50:43.870 20306 20904 I AXL : NvFOpen: AUDIO/SFX/GENRL.osw
03-20 21:50:43.879 20306 20904 I AXL : NvFOpen: AUDIO/SFX/GENRL.osw
03-20 21:50:43.883 20306 20893 I AXL : NvFOpen: data/procobj.dat
03-20 21:50:43.887 20306 20904 I AXL : NvFOpen: AUDIO/SFX/GENRL.osw
03-20 21:50:43.890 20306 20904 I AXL : NvFOpen: AUDIO/SFX/GENRL.osw
03-20 21:50:43.892 20306 20904 I AXL : NvFOpen: AUDIO/SFX/GENRL.osw
03-20 21:50:43.899 20306 20904 I AXL : NvFOpen: AUDIO/SFX/GENRL.osw
03-20 21:50:43.902 20306 20904 I AXL : NvFOpen: AUDIO/SFX/GENRL.osw
03-20 21:50:43.904 20306 20904 I AXL : NvFOpen: AUDIO/SFX/GENRL.osw
03-20 21:50:43.906 20306 20904 I AXL : NvFOpen: AUDIO/SFX/GENRL.osw
03-20 21:50:43.910 20306 20904 I AXL : NvFOpen: AUDIO/SFX/GENRL.osw
03-20 21:50:43.915 20306 20904 I AXL : NvFOpen: AUDIO/SFX/GENRL.osw
03-20 21:50:43.918 20306 20904 I AXL : NvFOpen: AUDIO/SFX/GENRL.osw
03-20 21:50:43.922 20306 20904 I AXL : NvFOpen: AUDIO/SFX/GENRL.osw
03-20 21:50:43.926 20306 20904 I AXL : NvFOpen: AUDIO/SFX/GENRL.osw
03-20 21:50:43.929 20306 20904 I AXL : NvFOpen: AUDIO/SFX/GENRL.osw
03-20 21:50:43.931 20306 20904 I AXL : NvFOpen: AUDIO/SFX/GENRL.osw
03-20 21:50:43.933 20306 20904 I AXL : NvFOpen: AUDIO/SFX/GENRL.osw
03-20 21:50:43.935 20306 20904 I AXL : NvFOpen: AUDIO/SFX/GENRL.osw
03-20 21:50:43.937 20306 20904 I AXL : NvFOpen: AUDIO/SFX/GENRL.osw
03-20 21:50:43.940 20306 20904 I AXL : NvFOpen: AUDIO/SFX/GENRL.osw
03-20 21:50:43.942 20306 20904 I AXL : NvFOpen: AUDIO/SFX/GENRL.osw
03-20 21:50:43.944 20306 20904 I AXL : NvFOpen: AUDIO/SFX/GENRL.osw
03-20 21:50:43.946 20306 20904 I AXL : NvFOpen: AUDIO/SFX/GENRL.osw
03-20 21:50:43.948 20306 20904 I AXL : NvFOpen: AUDIO/SFX/GENRL.osw
03-20 21:50:43.951 20306 20904 I AXL : NvFOpen: AUDIO/SFX/GENRL.osw
03-20 21:50:43.954 20306 20904 I AXL : NvFOpen: AUDIO/SFX/GENRL.osw
03-20 21:50:43.957 20306 20904 I AXL : NvFOpen: AUDIO/SFX/GENRL.osw
03-20 21:50:43.960 20306 20904 I AXL : NvFOpen: AUDIO/SFX/GENRL.osw
03-20 21:50:43.962 20306 20904 I AXL : NvFOpen: AUDIO/SFX/GENRL.osw
03-20 21:50:43.964 20306 20904 I AXL : NvFOpen: AUDIO/SFX/GENRL.osw
03-20 21:50:43.965 20306 20904 I AXL : NvFOpen: AUDIO/SFX/GENRL.osw
03-20 21:50:43.967 20306 2: AUDIO/SFX/GENRL.osw
03-20 21:50:43.965 20306 20904 I AXL : NvFOpen: AUDIO/SFX/GENRL.osw
03-20 21:50:43.967 20306 20904 I AXL : NvFOpen: AUDIO/SFX/GENRL.osw
03-20 21:50:43.969 20306 20904 I AXL : NvFOpen: AUDIO/SFX/GENRL.osw
03-20 21:50:43.971 20306 20904 I AXL : NvFOpen: AUDIO/SFX/GENRL.osw
03-20 21:50:43.973 20306 20904 I AXL : NvFOpen: AUDIO/SFX/GENRL.osw
03-20 21:50:43.974 20306 20904 I AXL : NvFOpen: AUDIO/SFX/GENRL.osw
03-20 21:50:43.976 20306 20904 I AXL : NvFOpen: AUDIO/SFX/GENRL.osw
03-20 21:50:43.978 20306 20904 I AXL : NvFOpen: AUDIO/SFX/GENRL.osw
03-20 21:50:43.980 20306 20904 I AXL : NvFOpen: AUDIO/SFX/GENRL.osw
03-20 21:50:43.983 20306 20904 I AXL : NvFOpen: AUDIO/SFX/GENRL.osw
03-20 21:50:43.984 20306 20904 I AXL : NvFOpen: AUDIO/SFX/GENRL.osw
03-20 21:50:43.987 20306 20904 I AXL : NvFOpen: AUDIO/SFX/GENRL.osw
03-20 21:50:43.990 20306 20904 I AXL : NvFOpen: AUDIO/SFX/GENRL.osw
03-20 21:50:43.992 20306 20904 I AXL : NvFOpen: AUDIO/SFX/GENRL.osw
03-20 21:50:43.996 20306 20904 I AXL : NvFOpen: AUDIO/SFX/GENRL.osw
03-20 21:50:44.002 20306 20904 I AXL : NvFOpen: AUDIO/SFX/GENRL.osw
03-20 21:50:44.007 20306 20904 I AXL : NvFOpen: AUDIO/SFX/GENRL.osw
03-20 21:50:44.010 20306 20904 I AXL : NvFOpen: AUDIO/SFX/GENRL.osw
03-20 21:50:44.012 20306 20904 I AXL : NvFOpen: AUDIO/SFX/GENRL.osw
03-20 21:50:44.014 20306 20904 I AXL : NvFOpen: AUDIO/SFX/GENRL.osw
03-20 21:50:44.019 20306 20904 I AXL : NvFOpen: AUDIO/SFX/GENRL.osw
03-20 21:50:44.022 20306 20904 I AXL : NvFOpen: AUDIO/SFX/GENRL.osw
03-20 21:50:44.024 20306 20904 I AXL : NvFOpen: AUDIO/SFX/GENRL.osw
03-20 21:50:44.026 20306 20904 I AXL : NvFOpen: AUDIO/SFX/GENRL.osw
03-20 21:50:44.030 20306 20904 I AXL : NvFOpen: AUDIO/SFX/GENRL.osw
03-20 21:50:44.032 20306 20904 I AXL : NvFOpen: AUDIO/SFX/GENRL.osw
03-20 21:50:44.036 20306 20904 I AXL : NvFOpen: AUDIO/SFX/GENRL.osw
03-20 21:50:44.038 20306 20904 I AXL : NvFOpen: AUDIO/SFX/GENRL.osw
03-20 21:50:44.040 20306 20904 I AXL : NvFOpen: AUDIO/SFX/GENRL.osw
03-20 21:50:44.042 20306 20904 I AXL : NvFOpen: AUDIO/SFX/GENRL.osw
03-20 21:50:44.044 20306 20904 I AXL : NvFOpen: AUDIO/SFX/GENRL.osw
03-20 21:50:44.047 20306 20904 I AXL : NvFOpen: AUDIO/SFX/GENRL.osw
03-20 21:50:44.049 20306 20904 I AXL : NvFOpen: AUDIO/SFX/GENRL.osw
03-20 21:50:44.051 20306 20904 I AXL : NvFOpen: AUDIO/SFX/GENRL.osw
03-20 21:50:44.054 20306 20904 I AXL : NvFOpen: AUDIO/SFX/GENRL.osw
03-20 21:50:44.055 20306 20904 I AXL : NvFOpen: AUDIO/SFX/GENRL.osw
03-20 21:50:44.057 20306 20904 I AXL : NvFOpen: AUDIO/SFX/GENRL.osw
03-20 21:50:44.059 20306 20904 I AXL : NvFOpen: AUDIO/SFX/GENRL.osw
03-20 21:50:44.061 20306 20904 I AXL : NvFOpen: AUDIO/SFX/GENRL.osw
03-20 21:50:44.063 20306 20904 I AXL : NvFOpen: AUDIO/SFX/GENRL.osw
03-20 21:50:44.065 20306 20904 I AXL : NvFOpen: AUDIO/SFX/GENRL.osw
03-20 21:50:44.068 20306 20904 I AXL : NvFOpen: AUDIO/SFX/GENRL.osw
03-20 21:50:44.071 20306 20904 I AXL : NvFOpen: AUDIO/SFX/GENRL.osw
03-20 21:50:44.076 20306 20904 I AXL : NvFOpen: AUDIO/SFX/GENRL.osw
03-20 21:50:44.081 20306 20904 I AXL : NvFOpen: AUDIO/SFX/GENRL.osw
03-20 21:50:44.083 20306 20904 I AXL : NvFOpen: AUDIO/SFX/GENRL.osw
03-20 21:50:44.087 20306 20904 I AXL : NvFOpen: AUDIO/SFX/GENRL.osw
03-20 21:50:44.092 20306 20904 I AXL : NvFOpen: AUDIO/SFX/GENRL.osw
03-20 21:50:44.097 20306 20904 I AXL : NvFOpen: AUDIO/SFX/GENRL.osw
03-20 21:50:44.101 20306 20904 I AXL : NvFOpen: AUDIO/SFX/GENRL.osw
03-20 21:50:44.104 20306 20904 I AXL : NvFOpen: AUDIO/SFX/GENRL.osw
03-20 21:50:44.106 20306 20904 I AXL : NvFOpen: AUDIO/SFX/GENRL.osw
03-20 21:50:44.109 20306 20904 I AXL : NvFOpen: AUDIO/SFX/GENRL.osw
03-20 21:50:44.111 20306 20904 I AXL : NvFOpen: AUDIO/SFX/GENRL.osw
03-20 21:50:44.113 20306 20904 I AXL : NvFOpen: AUDIO/SFX/GENRL.osw
03-20 21:50:44.115 20306 20904 I AXL : NvFOpen: AUDIO/SFX/GENRL.osw
03-20 21:50:44.117 20306 20904 I AXL :0904 I AXL : NvFOpen:
AUDIO/SFX/GENRL.osw
03-20 21:50:43.969 20306 20904 I AXL : NvFOpen: AUDIO/SFX/GENRL.osw
03-20 21:50:43.971 20306 20904 I AXL : NvFOpen: AUDIO/SFX/GENRL.osw
03-20 21:50:43.973 20306 20904 I AXL : NvFOpen: AUDIO/SFX/GENRL.osw
03-20 21:50:43.974 20306 20904 I AXL : NvFOpen: AUDIO/SFX/GENRL.osw
03-20 21:50:43.976 20306 20904 I AXL : NvFOpen: AUDIO/SFX/GENRL.osw
03-20 21:50:43.978 20306 20904 I AXL : NvFOpen: AUDIO/SFX/GENRL.osw
03-20 21:50:43.980 20306 20904 I AXL : NvFOpen: AUDIO/SFX/GENRL.osw
03-20 21:50:43.983 20306 20904 I AXL : NvFOpen: AUDIO/SFX/GENRL.osw
03-20 21:50:43.984 20306 20904 I AXL : NvFOpen: AUDIO/SFX/GENRL.osw
03-20 21:50:43.987 20306 20904 I AXL : NvFOpen: AUDIO/SFX/GENRL.osw
03-20 21:50:43.990 20306 20904 I AXL : NvFOpen: AUDIO/SFX/GENRL.osw
03-20 21:50:43.992 20306 20904 I AXL : NvFOpen: AUDIO/SFX/GENRL.osw
03-20 21:50:43.996 20306 20904 I AXL : NvFOpen: AUDIO/SFX/GENRL.osw
03-20 21:50:44.002 20306 20904 I AXL : NvFOpen: AUDIO/SFX/GENRL.osw
03-20 21:50:44.007 20306 20904 I AXL : NvFOpen: AUDIO/SFX/GENRL.osw
03-20 21:50:44.010 20306 20904 I AXL : NvFOpen: AUDIO/SFX/GENRL.osw
03-20 21:50:44.012 20306 20904 I AXL : NvFOpen: AUDIO/SFX/GENRL.osw
03-20 21:50:44.014 20306 20904 I AXL : NvFOpen: AUDIO/SFX/GENRL.osw
03-20 21:50:44.019 20306 20904 I AXL : NvFOpen: AUDIO/SFX/GENRL.osw
03-20 21:50:44.022 20306 20904 I AXL : NvFOpen: AUDIO/SFX/GENRL.osw
03-20 21:50:44.024 20306 20904 I AXL : NvFOpen: AUDIO/SFX/GENRL.osw
03-20 21:50:44.026 20306 20904 I AXL : NvFOpen: AUDIO/SFX/GENRL.osw
03-20 21:50:44.030 20306 20904 I AXL : NvFOpen: AUDIO/SFX/GENRL.osw
03-20 21:50:44.032 20306 20904 I AXL : NvFOpen: AUDIO/SFX/GENRL.osw
03-20 21:50:44.036 20306 20904 I AXL : NvFOpen: AUDIO/SFX/GENRL.osw
03-20 21:50:44.038 20306 20904 I AXL : NvFOpen: AUDIO/SFX/GENRL.osw
03-20 21:50:44.040 20306 20904 I AXL : NvFOpen: AUDIO/SFX/GENRL.osw
03-20 21:50:44.042 20306 20904 I AXL : NvFOpen: AUDIO/SFX/GENRL.osw
03-20 21:50:44.044 20306 20904 I AXL : NvFOpen: AUDIO/SFX/GENRL.osw
03-20 21:50:44.047 20306 20904 I AXL : NvFOpen: AUDIO/SFX/GENRL.osw
03-20 21:50:44.049 20306 20904 I AXL : NvFOpen: AUDIO/SFX/GENRL.osw
03-20 21:50:44.051 20306 20904 I AXL : NvFOpen: AUDIO/SFX/GENRL.osw
03-20 21:50:44.054 20306 20904 I AXL : NvFOpen: AUDIO/SFX/GENRL.osw
03-20 21:50:44.055 20306 20904 I AXL : NvFOpen: AUDIO/SFX/GENRL.osw
03-20 21:50:44.057 20306 20904 I AXL : NvFOpen: AUDIO/SFX/GENRL.osw
03-20 21:50:44.059 20306 20904 I AXL : NvFOpen: AUDIO/SFX/GENRL.osw
03-20 21:50:44.061 20306 20904 I AXL : NvFOpen: AUDIO/SFX/GENRL.osw
03-20 21:50:44.063 20306 20904 I AXL : NvFOpen: AUDIO/SFX/GENRL.osw
03-20 21:50:44.065 20306 20904 I AXL : NvFOpen: AUDIO/SFX/GENRL.osw
03-20 21:50:44.068 20306 20904 I AXL : NvFOpen: AUDIO/SFX/GENRL.osw
03-20 21:50:44.071 20306 20904 I AXL : NvFOpen: AUDIO/SFX/GENRL.osw
03-20 21:50:44.076 20306 20904 I AXL : NvFOpen: AUDIO/SFX/GENRL.osw
03-20 21:50:44.081 20306 20904 I AXL : NvFOpen: AUDIO/SFX/GENRL.osw
03-20 21:50:44.083 20306 20904 I AXL : NvFOpen: AUDIO/SFX/GENRL.osw
03-20 21:50:44.087 20306 20904 I AXL : NvFOpen: AUDIO/SFX/GENRL.osw
03-20 21:50:44.092 20306 20904 I AXL : NvFOpen: AUDIO/SFX/GENRL.osw
03-20 21:50:44.097 20306 20904 I AXL : NvFOpen: AUDIO/SFX/GENRL.osw
03-20 21:50:44.101 20306 20904 I AXL : NvFOpen: AUDIO/SFX/GENRL.osw
03-20 21:50:44.104 20306 20904 I AXL : NvFOpen: AUDIO/SFX/GENRL.osw
03-20 21:50:44.106 20306 20904 I AXL : NvFOpen: AUDIO/SFX/GENRL.osw
03-20 21:50:44.109 20306 20904 I AXL : NvFOpen: AUDIO/SFX/GENRL.osw
03-20 21:50:44.111 20306 20904 I AXL : NvFOpen: AUDIO/SFX/GENRL.osw
03-20 21:50:44.113 20306 20904 I AXL : NvFOpen: AUDIO/SFX/GENRL.osw
03-20 21:50:44.115 20306 20904 I AXL : NvFOpen: AUDIO/SFX/GENRL.osw
03-20 21:50:44.117 20306 20904 I AXL : NvFOpen: AUDIO/SFX/GENRL.osw
03-20 21:50:44.122 20306 20904 I AXL : NvFOpen: AUDIO/SFX/GENRL.osw
03-20 21:50:44.127 NvFOpen: AUDIO/SFX/GENRL.osw
03-20 21:50:44.122 20306 20904 I AXL : NvFOpen: AUDIO/SFX/GENRL.osw
03-20 21:50:44.127 20306 20904 I AXL : NvFOpen: AUDIO/SFX/GENRL.osw
03-20 21:50:44.131 20306 20904 I AXL : NvFOpen: AUDIO/SFX/GENRL.osw
03-20 21:50:44.134 20306 20904 I AXL : NvFOpen: AUDIO/SFX/GENRL.osw
03-20 21:50:44.141 20306 20904 I AXL : NvFOpen: AUDIO/SFX/GENRL.osw
03-20 21:50:44.145 20306 20904 I AXL : NvFOpen: AUDIO/SFX/GENRL.osw
03-20 21:50:44.148 20306 20904 I AXL : NvFOpen: AUDIO/SFX/GENRL.osw
03-20 21:50:44.152 20306 20904 I AXL : NvFOpen: AUDIO/SFX/GENRL.osw
03-20 21:50:44.156 20306 20904 I AXL : NvFOpen: AUDIO/SFX/GENRL.osw
03-20 21:50:44.159 20306 20904 I AXL : NvFOpen: AUDIO/SFX/GENRL.osw
03-20 21:50:44.164 20306 20904 I AXL : NvFOpen: AUDIO/SFX/GENRL.osw
03-20 21:50:44.167 20306 20904 I AXL : NvFOpen: AUDIO/SFX/GENRL.osw
03-20 21:50:44.170 20306 20904 I AXL : NvFOpen: AUDIO/SFX/GENRL.osw
03-20 21:50:44.173 20306 20904 I AXL : NvFOpen: AUDIO/SFX/GENRL.osw
03-20 21:50:44.178 20306 20904 I AXL : NvFOpen: AUDIO/SFX/GENRL.osw
03-20 21:50:44.181 20306 20904 I AXL : NvFOpen: AUDIO/SFX/GENRL.osw
03-20 21:50:44.183 20306 20904 I AXL : NvFOpen: AUDIO/SFX/GENRL.osw
03-20 21:50:44.186 20306 20904 I AXL : NvFOpen: AUDIO/SFX/GENRL.osw
03-20 21:50:44.189 20306 20904 I AXL : NvFOpen: AUDIO/SFX/GENRL.osw
03-20 21:50:44.193 20306 20904 I AXL : NvFOpen: AUDIO/SFX/GENRL.osw
03-20 21:50:44.197 20306 20904 I AXL : NvFOpen: AUDIO/SFX/GENRL.osw
03-20 21:50:44.200 20306 20904 I AXL : NvFOpen: AUDIO/SFX/GENRL.osw
03-20 21:50:44.205 20306 20904 I AXL : NvFOpen: AUDIO/SFX/GENRL.osw
03-20 21:50:44.207 20306 20904 I AXL : NvFOpen: AUDIO/SFX/GENRL.osw
03-20 21:50:44.209 20306 20911 D AudioTrack: [audioTrackData][zero] 4s(f:0 m:0 s:0
k:0 z:4012) : pid 20306 uid 10036 sessionId 2561 sr 44100 ch 2 fmt 1
03-20 21:50:44.210 20306 20904 I AXL : NvFOpen: AUDIO/SFX/GENRL.osw
03-20 21:50:44.215 20306 20904 I AXL : NvFOpen: AUDIO/SFX/GENRL.osw
03-20 21:50:44.221 20306 20904 I AXL : NvFOpen: AUDIO/SFX/GENRL.osw
03-20 21:50:44.224 20306 20904 I AXL : NvFOpen: AUDIO/SFX/GENRL.osw
03-20 21:50:44.229 20306 20904 I AXL : NvFOpen: AUDIO/SFX/GENRL.osw
03-20 21:50:44.231 20306 20904 I AXL : NvFOpen: AUDIO/SFX/GENRL.osw
03-20 21:50:44.234 20306 20904 I AXL : NvFOpen: AUDIO/SFX/GENRL.osw
03-20 21:50:44.236 20306 20904 I AXL : NvFOpen: AUDIO/SFX/GENRL.osw
03-20 21:50:44.239 20306 20904 I AXL : NvFOpen: AUDIO/SFX/GENRL.osw
03-20 21:50:44.241 20306 20904 I AXL : NvFOpen: AUDIO/SFX/GENRL.osw
03-20 21:50:44.244 20306 20904 I AXL : NvFOpen: AUDIO/SFX/GENRL.osw
03-20 21:50:44.248 20306 20904 I AXL : NvFOpen: AUDIO/SFX/GENRL.osw
03-20 21:50:44.251 20306 20904 I AXL : NvFOpen: AUDIO/SFX/GENRL.osw
03-20 21:50:44.255 20306 20904 I AXL : NvFOpen: AUDIO/SFX/GENRL.osw
03-20 21:50:44.257 20306 20904 I AXL : NvFOpen: AUDIO/SFX/GENRL.osw
03-20 21:50:44.260 20306 20904 I AXL : NvFOpen: AUDIO/SFX/GENRL.osw
03-20 21:50:44.262 20306 20904 I AXL : NvFOpen: AUDIO/SFX/GENRL.osw
03-20 21:50:44.264 20306 20904 I AXL : NvFOpen: AUDIO/SFX/GENRL.osw
03-20 21:50:44.266 20306 20904 I AXL : NvFOpen: AUDIO/SFX/GENRL.osw
03-20 21:50:44.271 20306 20904 I AXL : NvFOpen: AUDIO/SFX/GENRL.osw
03-20 21:50:44.273 20306 20904 I AXL : NvFOpen: AUDIO/SFX/GENRL.osw
03-20 21:50:44.275 20306 20306 W Looper : PerfMonitor longMsg : seq=320
plan=21:50:38.988 late=3577ms wall=1709ms h=android.os.Handler
c=retrofit2.ExecutorCallAdapterFactory$ExecutorCallbackCall$1$1 procState=-1
03-20 21:50:44.275 20306 20904 I AXL : NvFOpen: AUDIO/SFX/GENRL.osw
03-20 21:50:44.277 20306 20904 I AXL : NvFOpen: AUDIO/SFX/GENRL.osw
03-20 21:50:44.278 20306 20306 D VRI[GTASA]: vri.reportNextDraw
android.view.ViewRootImpl.handleResized:2309 android.view.ViewRootImpl.-$
$Nest$mhandleResized:0
android.view.ViewRootImpl$ViewRootHandler.handleMessageImpl:6745
android.view.ViewRootImpl$ViewRootHandler.handleMessage:6714
android.os.Handler.dispatchMess 20306 20904 I AXL : NvFOpen:
AUDIO/SFX/GENRL.osw
03-20 21:50:44.131 20306 20904 I AXL : NvFOpen: AUDIO/SFX/GENRL.osw
03-20 21:50:44.134 20306 20904 I AXL : NvFOpen: AUDIO/SFX/GENRL.osw
03-20 21:50:44.141 20306 20904 I AXL : NvFOpen: AUDIO/SFX/GENRL.osw
03-20 21:50:44.145 20306 20904 I AXL : NvFOpen: AUDIO/SFX/GENRL.osw
03-20 21:50:44.148 20306 20904 I AXL : NvFOpen: AUDIO/SFX/GENRL.osw
03-20 21:50:44.152 20306 20904 I AXL : NvFOpen: AUDIO/SFX/GENRL.osw
03-20 21:50:44.156 20306 20904 I AXL : NvFOpen: AUDIO/SFX/GENRL.osw
03-20 21:50:44.159 20306 20904 I AXL : NvFOpen: AUDIO/SFX/GENRL.osw
03-20 21:50:44.164 20306 20904 I AXL : NvFOpen: AUDIO/SFX/GENRL.osw
03-20 21:50:44.167 20306 20904 I AXL : NvFOpen: AUDIO/SFX/GENRL.osw
03-20 21:50:44.170 20306 20904 I AXL : NvFOpen: AUDIO/SFX/GENRL.osw
03-20 21:50:44.173 20306 20904 I AXL : NvFOpen: AUDIO/SFX/GENRL.osw
03-20 21:50:44.178 20306 20904 I AXL : NvFOpen: AUDIO/SFX/GENRL.osw
03-20 21:50:44.181 20306 20904 I AXL : NvFOpen: AUDIO/SFX/GENRL.osw
03-20 21:50:44.183 20306 20904 I AXL : NvFOpen: AUDIO/SFX/GENRL.osw
03-20 21:50:44.186 20306 20904 I AXL : NvFOpen: AUDIO/SFX/GENRL.osw
03-20 21:50:44.189 20306 20904 I AXL : NvFOpen: AUDIO/SFX/GENRL.osw
03-20 21:50:44.193 20306 20904 I AXL : NvFOpen: AUDIO/SFX/GENRL.osw
03-20 21:50:44.197 20306 20904 I AXL : NvFOpen: AUDIO/SFX/GENRL.osw
03-20 21:50:44.200 20306 20904 I AXL : NvFOpen: AUDIO/SFX/GENRL.osw
03-20 21:50:44.205 20306 20904 I AXL : NvFOpen: AUDIO/SFX/GENRL.osw
03-20 21:50:44.207 20306 20904 I AXL : NvFOpen: AUDIO/SFX/GENRL.osw
03-20 21:50:44.209 20306 20911 D AudioTrack: [audioTrackData][zero] 4s(f:0 m:0 s:0
k:0 z:4012) : pid 20306 uid 10036 sessionId 2561 sr 44100 ch 2 fmt 1
03-20 21:50:44.210 20306 20904 I AXL : NvFOpen: AUDIO/SFX/GENRL.osw
03-20 21:50:44.215 20306 20904 I AXL : NvFOpen: AUDIO/SFX/GENRL.osw
03-20 21:50:44.221 20306 20904 I AXL : NvFOpen: AUDIO/SFX/GENRL.osw
03-20 21:50:44.224 20306 20904 I AXL : NvFOpen: AUDIO/SFX/GENRL.osw
03-20 21:50:44.229 20306 20904 I AXL : NvFOpen: AUDIO/SFX/GENRL.osw
03-20 21:50:44.231 20306 20904 I AXL : NvFOpen: AUDIO/SFX/GENRL.osw
03-20 21:50:44.234 20306 20904 I AXL : NvFOpen: AUDIO/SFX/GENRL.osw
03-20 21:50:44.236 20306 20904 I AXL : NvFOpen: AUDIO/SFX/GENRL.osw
03-20 21:50:44.239 20306 20904 I AXL : NvFOpen: AUDIO/SFX/GENRL.osw
03-20 21:50:44.241 20306 20904 I AXL : NvFOpen: AUDIO/SFX/GENRL.osw
03-20 21:50:44.244 20306 20904 I AXL : NvFOpen: AUDIO/SFX/GENRL.osw
03-20 21:50:44.248 20306 20904 I AXL : NvFOpen: AUDIO/SFX/GENRL.osw
03-20 21:50:44.251 20306 20904 I AXL : NvFOpen: AUDIO/SFX/GENRL.osw
03-20 21:50:44.255 20306 20904 I AXL : NvFOpen: AUDIO/SFX/GENRL.osw
03-20 21:50:44.257 20306 20904 I AXL : NvFOpen: AUDIO/SFX/GENRL.osw
03-20 21:50:44.260 20306 20904 I AXL : NvFOpen: AUDIO/SFX/GENRL.osw
03-20 21:50:44.262 20306 20904 I AXL : NvFOpen: AUDIO/SFX/GENRL.osw
03-20 21:50:44.264 20306 20904 I AXL : NvFOpen: AUDIO/SFX/GENRL.osw
03-20 21:50:44.266 20306 20904 I AXL : NvFOpen: AUDIO/SFX/GENRL.osw
03-20 21:50:44.271 20306 20904 I AXL : NvFOpen: AUDIO/SFX/GENRL.osw
03-20 21:50:44.273 20306 20904 I AXL : NvFOpen: AUDIO/SFX/GENRL.osw
03-20 21:50:44.275 20306 20306 W Looper : PerfMonitor longMsg : seq=320
plan=21:50:38.988 late=3577ms wall=1709ms h=android.os.Handler
c=retrofit2.ExecutorCallAdapterFactory$ExecutorCallbackCall$1$1 procState=-1
03-20 21:50:44.275 20306 20904 I AXL : NvFOpen: AUDIO/SFX/GENRL.osw
03-20 21:50:44.277 20306 20904 I AXL : NvFOpen: AUDIO/SFX/GENRL.osw
03-20 21:50:44.278 20306 20306 D VRI[GTASA]: vri.reportNextDraw
android.view.ViewRootImpl.handleResized:2309 android.view.ViewRootImpl.-$
$Nest$mhandleResized:0
android.view.ViewRootImpl$ViewRootHandler.handleMessageImpl:6745
android.view.ViewRootImpl$ViewRootHandler.handleMessage:6714
android.os.Handler.dispatchMessage:106
03-20 21:50:44.280 20306 20904 I AXL : NvFOpen: AUDIO/SFX/GENRL.osw
03-20 21:50:44.280 20306 20306 W Looperage:106
03-20 21:50:44.280 20306 20904 I AXL : NvFOpen: AUDIO/SFX/GENRL.osw
03-20 21:50:44.280 20306 20306 W Looper : PerfMonitor looperActivity :
package=com.evolve.roleplay/.core.GTASA time=0ms latency=3653ms procState=-1
historyMsgCount=99 (msgIndex=1 wall=1680ms seq=245 late=436ms h=android.os.Handler
c=retrofit2.ExecutorCallAdapterFactory$ExecutorCallbackCall$1$1) (msgIndex=2
wall=1750ms seq=246 late=2117ms h=android.os.Handler
c=retrofit2.ExecutorCallAdapterFactory$ExecutorCallbackCall$1$1) (msgIndex=59
wall=153ms seq=303 late=3533ms h=android.view.Choreographer$FrameHandler
c=android.view.Choreographer$FrameDisplayEventReceiver) (msgIndex=76 wall=1709ms
seq=320 late=3577ms h=android.os.Handler
c=retrofit2.ExecutorCallAdapterFactory$ExecutorCallbackCall$1$1)
03-20 21:50:44.281 20306 20306 I System.out: GTASA onPause
03-20 21:50:44.281 20306 20306 I System.out: **** onPause
03-20 21:50:44.281 20306 20306 I FIAM.Display: Unbinding from activity: core.GTASA
03-20 21:50:44.281 20306 20306 I FIAM.Headless: Removing display event component
03-20 21:50:44.281 20306 20306 I System.out: java is invoking pauseEvent(), this
will block until
03-20 21:50:44.281 20306 20306 I System.out: the client calls NVEventPauseProcessed
03-20 21:50:44.282 20306 20867 D evolve.roleplay: PlayerBase::pause() from IPlayer
03-20 21:50:44.282 20306 20867 D AudioTrack: pause(537): 0xaf803200, prior
state:STATE_ACTIVE
03-20 21:50:44.282 20306 20867 D AudioTrackShared: this(0xd6111f80),
mCblk(0xb2387000), front(179928), mIsOut 1, interrupt() FUTEX_WAKE
03-20 21:50:44.283 20306 20904 I AXL : NvFOpen: AUDIO/SFX/GENRL.osw
03-20 21:50:44.283 20306 20306 D NVEvent : java unblocking from native handling
pause
03-20 21:50:44.283 20306 20306 I System.out: pauseEvent() returned
03-20 21:50:44.285 20306 20306 W Looper : PerfMonitor looperActivity :
package=com.evolve.roleplay/.core.GTASA time=5ms latency=3649ms procState=-1
historyMsgCount=100 (msgIndex=1 wall=1680ms seq=245 late=436ms h=android.os.Handler
c=retrofit2.ExecutorCallAdapterFactory$ExecutorCallbackCall$1$1) (msgIndex=2
wall=1750ms seq=246 late=2117ms h=android.os.Handler
c=retrofit2.ExecutorCallAdapterFactory$ExecutorCallbackCall$1$1) (msgIndex=59
wall=153ms seq=303 late=3533ms h=android.view.Choreographer$FrameHandler
c=android.view.Choreographer$FrameDisplayEventReceiver) (msgIndex=76 wall=1709ms
seq=320 late=3577ms h=android.os.Handler
c=retrofit2.ExecutorCallAdapterFactory$ExecutorCallbackCall$1$1)
03-20 21:50:44.288 20306 20904 I AXL : NvFOpen: AUDIO/SFX/GENRL.osw
03-20 21:50:44.296 20306 20904 I AXL : NvFOpen: AUDIO/SFX/GENRL.osw
03-20 21:50:44.297 20306 20306 I System.out: GTASA onCreate
03-20 21:50:44.299 20306 20904 I AXL : NvFOpen: AUDIO/SFX/GENRL.osw
03-20 21:50:44.300 20306 20306 I System.out: **** onCreate
03-20 21:50:44.301 20306 20904 I AXL : NvFOpen: AUDIO/SFX/GENRL.osw
03-20 21:50:44.303 20306 20306 I System.out: Calling init(false)
03-20 21:50:44.303 20306 20306 D NVEvent : initMap
03-20 21:50:44.303 20306 20306 D NVEvent : file methods
03-20 21:50:44.303 20306 20306 D NVEvent : texture methods
03-20 21:50:44.303 20306 20306 D NVEvent : Leave NVEventInit
03-20 21:50:44.303 20306 20306 D WarGamepad: JNI Init
03-20 21:50:44.303 20306 20306 D WarGamepad: JNI Done Init
03-20 21:50:44.303 20306 20306 D OSWrapper: JNI Init (Billing)
03-20 21:50:44.303 20306 20306 D OSWrapper: JNI Init Done (Billing)
03-20 21:50:44.303 20306 20306 D OSWrapper: JNI WarHttpInit
03-20 21:50:44.303 20306 20306 D OSWrapper: JNI WarHttpInit Done
03-20 21:50:44.303 20306 20306 D NVEvent : Calling NVEventAppInit
03-20 21:50:44.303 20306 20306 D OSWrapper: apk init
03-20 21:50:44.303 20306 20306 D NVEvent : android_sigaction signal 11 (2 0 11)
--------- beginning of crash
03-20 21:50:44.304 20306 20306 F libc : Fatal signal 11 (SIGSEGV), code 2
(SEGV_ACCERR), fault addr 0xbc95c728 in tid 20306 (evolve.roleplay), pid 20306
(evolve.roleplay)
03-20 21:50:44.304 20306 20904 I AXL : NvFOpen: AUDIO/SFX/GENRL.osw
03-20 21:50:44.308 20306 20904 I AXL : NvFOpen: AUDIO/SFX/GENRL : PerfMonitor
looperActivity : package=com.evolve.roleplay/.core.GTASA time=0ms latency=3653ms
procState=-1 historyMsgCount=99 (msgIndex=1 wall=1680ms seq=245 late=436ms
h=android.os.Handler
c=retrofit2.ExecutorCallAdapterFactory$ExecutorCallbackCall$1$1) (msgIndex=2
wall=1750ms seq=246 late=2117ms h=android.os.Handler
c=retrofit2.ExecutorCallAdapterFactory$ExecutorCallbackCall$1$1) (msgIndex=59
wall=153ms seq=303 late=3533ms h=android.view.Choreographer$FrameHandler
c=android.view.Choreographer$FrameDisplayEventReceiver) (msgIndex=76 wall=1709ms
seq=320 late=3577ms h=android.os.Handler
c=retrofit2.ExecutorCallAdapterFactory$ExecutorCallbackCall$1$1)
03-20 21:50:44.281 20306 20306 I System.out: GTASA onPause
03-20 21:50:44.281 20306 20306 I System.out: **** onPause
03-20 21:50:44.281 20306 20306 I FIAM.Display: Unbinding from activity: core.GTASA
03-20 21:50:44.281 20306 20306 I FIAM.Headless: Removing display event component
03-20 21:50:44.281 20306 20306 I System.out: java is invoking pauseEvent(), this
will block until
03-20 21:50:44.281 20306 20306 I System.out: the client calls NVEventPauseProcessed
03-20 21:50:44.282 20306 20867 D evolve.roleplay: PlayerBase::pause() from IPlayer
03-20 21:50:44.282 20306 20867 D AudioTrack: pause(537): 0xaf803200, prior
state:STATE_ACTIVE
03-20 21:50:44.282 20306 20867 D AudioTrackShared: this(0xd6111f80),
mCblk(0xb2387000), front(179928), mIsOut 1, interrupt() FUTEX_WAKE
03-20 21:50:44.283 20306 20904 I AXL : NvFOpen: AUDIO/SFX/GENRL.osw
03-20 21:50:44.283 20306 20306 D NVEvent : java unblocking from native handling
pause
03-20 21:50:44.283 20306 20306 I System.out: pauseEvent() returned
03-20 21:50:44.285 20306 20306 W Looper : PerfMonitor looperActivity :
package=com.evolve.roleplay/.core.GTASA time=5ms latency=3649ms procState=-1
historyMsgCount=100 (msgIndex=1 wall=1680ms seq=245 late=436ms h=android.os.Handler
c=retrofit2.ExecutorCallAdapterFactory$ExecutorCallbackCall$1$1) (msgIndex=2
wall=1750ms seq=246 late=2117ms h=android.os.Handler
c=retrofit2.ExecutorCallAdapterFactory$ExecutorCallbackCall$1$1) (msgIndex=59
wall=153ms seq=303 late=3533ms h=android.view.Choreographer$FrameHandler
c=android.view.Choreographer$FrameDisplayEventReceiver) (msgIndex=76 wall=1709ms
seq=320 late=3577ms h=android.os.Handler
c=retrofit2.ExecutorCallAdapterFactory$ExecutorCallbackCall$1$1)
03-20 21:50:44.288 20306 20904 I AXL : NvFOpen: AUDIO/SFX/GENRL.osw
03-20 21:50:44.296 20306 20904 I AXL : NvFOpen: AUDIO/SFX/GENRL.osw
03-20 21:50:44.297 20306 20306 I System.out: GTASA onCreate
03-20 21:50:44.299 20306 20904 I AXL : NvFOpen: AUDIO/SFX/GENRL.osw
03-20 21:50:44.300 20306 20306 I System.out: **** onCreate
03-20 21:50:44.301 20306 20904 I AXL : NvFOpen: AUDIO/SFX/GENRL.osw
