03-20 21:51:08.547 21160 21538 I AXL : RPC_SCRCREATEOBJECT(47) 19531
03-20 21:51:08.547 21160 21538 I AXL : RPC_SCRCREATEOBJECT(48) 19531
03-20 21:51:08.547 21160 21538 I AXL : RPC_SCRCREATEOBJECT(49) 19538
03-20 21:51:08.547 21160 21538 I AXL : RPC_SCRCREATEOBJECT(50) 19531
03-20 21:51:08.547 21160 21538 I AXL : RPC_SCRCREATEOBJECT(51) 10847
03-20 21:51:08.547 21160 21538 I AXL : RPC_SCRCREATEOBJECT(52) 11692
03-20 21:51:08.547 21160 21538 I AXL : RPC_SCRCREATEOBJECT(53) 8661
03-20 21:51:08.547 21160 21538 I AXL : RPC_SCRCREATEOBJECT(54) 8661
03-20 21:51:08.547 21160 21538 I AXL : RPC_SCRCREATEOBJECT(55) 8661
03-20 21:51:08.547 21160 21538 I AXL : RPC_SCRCREATEOBJECT(56) 8661
03-20 21:51:08.547 21160 21538 I AXL : RPC_SCRCREATEOBJECT(57) 8661
03-20 21:51:08.547 21160 21538 I AXL : RPC_SCRCREATEOBJECT(58) 8661
03-20 21:51:08.547 21160 21538 I AXL : RPC_SCRCREATEOBJECT(59) 8661
03-20 21:51:08.547 21160 21538 I AXL : RPC_SCRCREATEOBJECT(60) 8661
03-20 21:51:08.547 21160 21538 I AXL : RPC_SCRCREATEOBJECT(61) 8661
03-20 21:51:08.547 21160 21538 I AXL : RPC_SCRCREATEOBJECT(62) 19272
03-20 21:51:08.547 21160 21538 I AXL : RPC_SCRCREATEOBJECT(63) 19538
03-20 21:51:08.547 21160 21538 I AXL : RPC_SCRCREATEOBJECT(64) 19538
03-20 21:51:08.548 21160 21538 I AXL : RPC_SCRCREATEOBJECT(65) 19538
03-20 21:51:08.548 21160 21538 I AXL : RPC_SCRCREATEOBJECT(66) 11083
03-20 21:51:08.548 21160 21538 I AXL : RPC_SCRCREATEOBJECT(67) 11083
03-20 21:51:08.548 21160 21538 I AXL : RPC_SCRCREATEOBJECT(68) 11083
03-20 21:51:08.548 21160 21538 I AXL : RPC_SCRCREATEOBJECT(69) 11083
03-20 21:51:08.548 21160 21538 I AXL : RPC_SCRCREATEOBJECT(70) 8172
03-20 21:51:08.548 21160 21538 I AXL : RPC_SCRCREATEOBJECT(71) 19531
03-20 21:51:08.548 21160 21538 I AXL : RPC_SCRCREATEOBJECT(72) 8661
03-20 21:51:08.548 21160 21538 I AXL : RPC_SCRCREATEOBJECT(73) 19531
03-20 21:51:08.548 21160 21538 I AXL : RPC_SCRCREATEOBJECT(74) 19531
03-20 21:51:08.548 21160 21538 I AXL : RPC_SCRCREATEOBJECT(75) 8661
03-20 21:51:08.548 21160 21538 I AXL : RPC_SCRCREATEOBJECT(76) 19531
03-20 21:51:08.548 21160 21538 I AXL : RPC_SCRCREATEOBJECT(77) 8661
03-20 21:51:08.549 21160 21538 I AXL : RPC_SCRCREATEOBJECT(78) 8661
03-20 21:51:08.549 21160 21538 I AXL : RPC_SCRCREATEOBJECT(79) 19552
03-20 21:51:08.549 21160 21538 I AXL : RPC_SCRCREATEOBJECT(80) 19552
03-20 21:51:08.549 21160 21538 I AXL : RPC_SCRCREATEOBJECT(81) 19552
03-20 21:51:08.549 21160 21538 I AXL : RPC_SCRCREATEOBJECT(82) 8661
03-20 21:51:08.549 21160 21538 I AXL : RPC_SCRCREATEOBJECT(83) 19552
03-20 21:51:08.549 21160 21538 I AXL : RPC_SCRCREATEOBJECT(84) 19552
03-20 21:51:08.549 21160 21538 I AXL : RPC_SCRCREATEOBJECT(85) 19538
03-20 21:51:08.549 21160 21538 I AXL : RPC_SCRCREATEOBJECT(86) 19538
03-20 21:51:08.549 21160 21538 I AXL : RPC_SCRCREATEOBJECT(87) 19538
03-20 21:51:08.549 21160 21538 I AXL : RPC_SCRCREATEOBJECT(88) 19538
03-20 21:51:08.549 21160 21538 I AXL : RPC_SCRCREATEOBJECT(89) 19538
03-20 21:51:08.549 21160 21538 I AXL : RPC_SCRCREATEOBJECT(90) 12959
03-20 21:51:08.549 21160 21538 I AXL : RPC_SCRCREATEOBJECT(91) 19536
03-20 21:51:08.549 21160 21538 I AXL : RPC_SCRCREATEOBJECT(92) 11083
03-20 21:51:08.549 21160 21538 I AXL : RPC_SCRCREATEOBJECT(93) 19531
03-20 21:51:08.550 21160 21538 I AXL : RPC: InitGame
03-20 21:51:08.550 21160 21538 I AXL : Count = 455
03-20 21:51:08.550 21160 21538 I AXL : CPlayerPed::SetInitialState()
03-20 21:51:08.550 21160 21538 I AXL : CPlayerPed::TogglePlayerControllable
03-20 21:51:08.550 21160 21538 I AXL : RPC: ServerJoin
03-20 21:51:08.550 21160 21538 I AXL : RPC: ServerJoin
03-20 21:51:08.550 21160 21538 I AXL : RPC: ServerJoin
03-20 21:51:08.550 21160 21538 I AXL : RPC: ServerJoin
03-20 21:51:08.550 21160 21538 I AXL : RPC: ServerJoin
03-20 21:51:08.550 21160 21538 I AXL : RPC: ServerJoin
03-20 21:51:08.550 21160 21538 I AXL : RPC: ServerJoin
03-20 21:51:08.550 21160 21538 I AXL : RPC: ServerJoin
03-20 21:51:08.550 21160 21538 I AXL : RPC: ServerJoin
03-20 21:51:08.550 21160 21538 I AXL : RPC: ServerJoin
03-20 21:51:08.550 21160 21538 I AXL : RPC: ServerJoin
03-20 21:51:08.550 21160 21538 I AXL : RPC: ServerJoin
03-20 21:51:08.550 21160 21538 I AXL : RPC: ServerJoin
03-20 21:51:08.550 21160 21538 I AXL : RPC: ServerJoin
03-20 21:51:08.550 21160 21538 I AXL : RPC: ServerJoin
03-20 21:51:08.550 21160 21538 I AXL : RPC: ServerJoin
03-20 21:51:08.550 21160 21538 I AXL : RPC: ServerJoin
03-20 21:51:08.550 21160 21538 I AXL : RPC: ServerJoin
03-20 21:51:08.550 21160 21538 I AXL : RPC: ServerJoin
03-20 21:51:08.550 21160 21538 I AXL : RPC: ServerJoin
03-20 21:51:08.550 21160 21538 I AXL : RPC: ServerJoin
03-20 21:51:08.550 21160 21538 I AXL : RPC: ServerJoin
03-20 21:51:08.550 21160 21538 I AXL : RPC: ServerJoin
03-20 21:51:08.550 21160 21538 I AXL : RPC: ServerJoin
03-20 21:51:08.550 21160 21538 I AXL : RPC: ServerJoin
03-20 21:51:08.550 21160 21538 I AXL : RPC: ServerJoin
03-20 21:51:08.550 21160 21538 I AXL : RPC: ServerJoin
03-20 21:51:08.550 21160 21538 I AXL : RPC: ServerJoin
03-20 21:51:08.550 21160 21538 I AXL : RPC: ServerJoin
03-20 21:51:08.550 21160 21538 I AXL : RPC: ServerJoin
03-20 21:51:08.550 21160 21538 I AXL : RPC: ServerJoin
03-20 21:51:08.551 21160 21538 I AXL : RPC: ServerJoin
03-20 21:51:08.551 21160 21538 I AXL : RPC: ServerJoin
03-20 21:51:08.551 21160 21538 I AXL : RPC: ServerJoin
03-20 21:51:08.551 21160 21538 I AXL : RPC: ServerJoin
03-20 21:51:08.551 21160 21538 I AXL : RPC: ServerJoin
03-20 21:51:08.551 21160 21538 I AXL : RPC: ServerJoin
03-20 21:51:08.551 21160 21538 I AXL : RPC: ServerJoin
03-20 21:51:08.551 21160 21538 I AXL : RPC: ServerJoin
03-20 21:51:08.551 21160 21538 I AXL : RPC: ServerJoin
03-20 21:51:08.551 21160 21538 I AXL : RPC: ServerJoin
03-20 21:51:08.551 21160 21538 I AXL : RPC: ServerJoin
03-20 21:51:08.551 21160 21538 I AXL : RPC: ServerJoin
03-20 21:51:08.551 21160 21538 I AXL : RPC: ServerJoin
03-20 21:51:08.551 21160 21538 I AXL : RPC: ServerJoin
03-20 21:51:08.551 21160 21538 I AXL : RPC: ServerJoin
03-20 21:51:08.551 21160 21538 I AXL : RPC: ServerJoin
03-20 21:51:08.551 21160 21538 I AXL : RPC: ServerJoin
03-20 21:51:08.551 21160 21538 I AXL : RPC: ServerJoin
03-20 21:51:08.551 21160 21538 I AXL : RPC: ServerJoin
03-20 21:51:08.551 21160 21538 I AXL : RPC: ServerJoin
03-20 21:51:08.551 21160 21538 I AXL : RPC: ServerJoin
03-20 21:51:08.551 21160 21538 I AXL : RPC: ServerJoin
03-20 21:51:08.551 21160 21538 I AXL : RPC: ServerJoin
03-20 21:51:08.551 21160 21538 I AXL : RPC: ServerJoin
03-20 21:51:08.551 21160 21538 I AXL : RPC: ServerJoin
03-20 21:51:08.551 21160 21538 I AXL : RPC: ServerJoin
03-20 21:51:08.551 21160 21538 I AXL : RPC: ServerJoin
03-20 21:51:08.551 21160 21538 I AXL : RPC: ServerJoin
03-20 21:51:08.551 21160 21538 I AXL : RPC: ServerJoin
03-20 21:51:08.551 21160 21538 I AXL : RPC: ServerJoin
03-20 21:51:08.551 21160 21538 I AXL : RPC: ServerJoin
03-20 21:51:08.551 21160 21538 I AXL : RPC: ServerJoin
03-20 21:51:08.551 21160 21538 I AXL : RPC: ServerJoin
03-20 21:51:08.551 21160 21538 I AXL : RPC: ServerJoin
03-20 21:51:08.551 21160 21538 I AXL : RPC: ServerJoin
03-20 21:51:08.551 21160 21538 I AXL : RPC: ServerJoin
03-20 21:51:08.551 21160 21538 I AXL : RPC: ServerJoin
03-20 21:51:08.551 21160 21538 I AXL : RPC: ServerJoin
03-20 21:51:08.551 21160 21538 I AXL : RPC: ServerJoin
03-20 21:51:08.551 21160 21538 I AXL : RPC: ServerJoin
03-20 21:51:08.552 21160 21538 I AXL : RPC: ServerJoin
03-20 21:51:08.552 21160 21538 I AXL : RPC: ServerJoin
03-20 21:51:08.552 21160 21538 I AXL : RPC: ServerJoin
03-20 21:51:08.552 21160 21538 I AXL : RPC: ServerJoin
03-20 21:51:08.552 21160 21538 I AXL : RPC: ServerJoin
03-20 21:51:08.552 21160 21538 I AXL : RPC: ServerJoin
03-20 21:51:08.552 21160 21538 I AXL : RPC: ServerJoin
03-20 21:51:08.552 21160 21538 I AXL : RPC: ServerJoin
03-20 21:51:08.552 21160 21538 I AXL : RPC: ServerJoin
03-20 21:51:08.552 21160 21538 I AXL : RPC: ServerJoin
03-20 21:51:08.552 21160 21538 I AXL : RPC: ServerJoin
03-20 21:51:08.552 21160 21538 I AXL : RPC: ServerJoin
03-20 21:51:08.552 21160 21538 I AXL : RPC: ServerJoin
03-20 21:51:08.552 21160 21538 I AXL : RPC: ServerJoin
03-20 21:51:08.552 21160 21538 I AXL : RPC: ServerJoin
03-20 21:51:08.552 21160 21538 I AXL : RPC: ServerJoin
03-20 21:51:08.552 21160 21538 I AXL : RPC: ServerJoin
03-20 21:51:08.552 21160 21538 I AXL : RPC: ServerJoin
03-20 21:51:08.552 21160 21538 I AXL : RPC: ServerJoin
03-20 21:51:08.552 21160 21538 I AXL : RPC: ServerJoin
03-20 21:51:08.552 21160 21538 I AXL : RPC: ServerJoin
03-20 21:51:08.552 21160 21538 I AXL : RPC: ServerJoin
03-20 21:51:08.552 21160 21538 I AXL : RPC: ServerJoin
03-20 21:51:08.552 21160 21538 I AXL : RPC: ServerJoin
03-20 21:51:08.552 21160 21538 I AXL : RPC: ServerJoin
03-20 21:51:08.552 21160 21538 I AXL : RPC: ServerJoin
03-20 21:51:08.552 21160 21538 I AXL : RPC: ServerJoin
03-20 21:51:08.552 21160 21538 I AXL : RPC: ServerJoin
03-20 21:51:08.552 21160 21538 I AXL : RPC: ServerJoin
03-20 21:51:08.552 21160 21538 I AXL : RPC: ServerJoin
03-20 21:51:08.552 21160 21538 I AXL : RPC: ServerJoin
03-20 21:51:08.552 21160 21538 I AXL : RPC: ServerJoin
03-20 21:51:08.552 21160 21538 I AXL : RPC: ServerJoin
03-20 21:51:08.552 21160 21538 I AXL : RPC: ServerJoin
03-20 21:51:08.552 21160 21538 I AXL : RPC: ServerJoin
03-20 21:51:08.552 21160 21538 I AXL : RPC: ServerJoin
03-20 21:51:08.552 21160 21538 I AXL : RPC: ServerJoin
03-20 21:51:08.552 21160 21538 I AXL : RPC: ServerJoin
03-20 21:51:08.552 21160 21538 I AXL : RPC: ServerJoin
03-20 21:51:08.552 21160 21538 I AXL : RPC: ServerJoin
03-20 21:51:08.553 21160 21538 I AXL : RPC: ServerJoin
03-20 21:51:08.553 21160 21538 I AXL : RPC: ServerJoin
03-20 21:51:08.553 21160 21538 I AXL : RPC: ServerJoin
03-20 21:51:08.553 21160 21538 I AXL : RPC: ServerJoin
03-20 21:51:08.553 21160 21538 I AXL : RPC: ServerJoin
03-20 21:51:08.553 21160 21538 I AXL : RPC: ServerJoin
03-20 21:51:08.553 21160 21538 I AXL : RPC: ServerJoin
03-20 21:51:08.553 21160 21538 I AXL : RPC: ServerJoin
03-20 21:51:08.553 21160 21538 I AXL : RPC: ServerJoin
03-20 21:51:08.553 21160 21538 I AXL : RPC: ServerJoin
03-20 21:51:08.553 21160 21538 I AXL : RPC: ServerJoin
03-20 21:51:08.553 21160 21538 I AXL : RPC: ServerJoin
03-20 21:51:08.553 21160 21538 I AXL : RPC: ServerJoin
03-20 21:51:08.553 21160 21538 I AXL : RPC: ServerJoin
03-20 21:51:08.553 21160 21538 I AXL : RPC: ServerJoin
03-20 21:51:08.553 21160 21538 I AXL : RPC: ServerJoin
03-20 21:51:08.553 21160 21538 I AXL : RPC: ServerJoin
03-20 21:51:08.553 21160 21538 I AXL : RPC: ServerJoin
03-20 21:51:08.553 21160 21538 I AXL : RPC: ServerJoin
03-20 21:51:08.553 21160 21538 I AXL : RPC: ServerJoin
03-20 21:51:08.553 21160 21538 I AXL : RPC: ServerJoin
03-20 21:51:08.553 21160 21538 I AXL : RPC: ServerJoin
03-20 21:51:08.553 21160 21538 I AXL : RPC: ServerJoin
03-20 21:51:08.553 21160 21538 I AXL : RPC: ServerJoin
03-20 21:51:08.553 21160 21538 I AXL : RPC: ServerJoin
03-20 21:51:08.553 21160 21538 I AXL : RPC: ServerJoin
03-20 21:51:08.553 21160 21538 I AXL : RPC: ServerJoin
03-20 21:51:08.553 21160 21538 I AXL : RPC: ServerJoin
03-20 21:51:08.553 21160 21538 I AXL : RPC: ServerJoin
03-20 21:51:08.553 21160 21538 I AXL : RPC: ServerJoin
03-20 21:51:08.553 21160 21538 I AXL : RPC: ServerJoin
03-20 21:51:08.553 21160 21538 I AXL : RPC: ServerJoin
03-20 21:51:08.553 21160 21538 I AXL : RPC: ServerJoin
03-20 21:51:08.553 21160 21538 I AXL : RPC: ServerJoin
03-20 21:51:08.553 21160 21538 I AXL : RPC: ServerJoin
03-20 21:51:08.553 21160 21538 I AXL : RPC: ServerJoin
03-20 21:51:08.553 21160 21538 I AXL : RPC: ServerJoin
03-20 21:51:08.553 21160 21538 I AXL : RPC: ServerJoin
03-20 21:51:08.554 21160 21538 I AXL : RPC: ServerJoin
03-20 21:51:08.554 21160 21538 I AXL : RPC: ServerJoin
03-20 21:51:08.554 21160 21538 I AXL : RPC: ServerJoin
03-20 21:51:08.554 21160 21538 I AXL : RPC: ServerJoin
03-20 21:51:08.554 21160 21538 I AXL : RPC: ServerJoin
03-20 21:51:08.554 21160 21538 I AXL : RPC: ServerJoin
03-20 21:51:08.554 21160 21538 I AXL : RPC: ServerJoin
03-20 21:51:08.554 21160 21538 I AXL : RPC: ServerJoin
03-20 21:51:08.554 21160 21538 I AXL : RPC: ServerJoin
03-20 21:51:08.554 21160 21538 I AXL : RPC: ServerJoin
03-20 21:51:08.554 21160 21538 I AXL : RPC: ServerJoin
03-20 21:51:08.554 21160 21538 I AXL : RPC: ServerJoin
03-20 21:51:08.554 21160 21538 I AXL : RPC: ServerJoin
03-20 21:51:08.554 21160 21538 I AXL : RPC: ServerJoin
03-20 21:51:08.554 21160 21538 I AXL : RPC: ServerJoin
03-20 21:51:08.554 21160 21538 I AXL : RPC: ServerJoin
03-20 21:51:08.554 21160 21538 I AXL : RPC: ServerJoin
03-20 21:51:08.554 21160 21538 I AXL : RPC: ServerJoin
03-20 21:51:08.554 21160 21538 I AXL : RPC: ServerJoin
03-20 21:51:08.554 21160 21538 I AXL : RPC: ServerJoin
03-20 21:51:08.554 21160 21538 I AXL : RPC: ServerJoin
03-20 21:51:08.554 21160 21538 I AXL : RPC: ServerJoin
03-20 21:51:08.554 21160 21538 I AXL : RPC: ServerJoin
03-20 21:51:08.554 21160 21538 I AXL : RPC: ServerJoin
03-20 21:51:08.554 21160 21538 I AXL : RPC: ServerJoin
03-20 21:51:08.554 21160 21538 I AXL : RPC: ServerJoin
03-20 21:51:08.554 21160 21538 I AXL : RPC: ServerJoin
03-20 21:51:08.554 21160 21538 I AXL : RPC: ServerJoin
03-20 21:51:08.554 21160 21538 I AXL : RPC: ServerJoin
03-20 21:51:08.554 21160 21538 I AXL : RPC: ServerJoin
03-20 21:51:08.554 21160 21538 I AXL : RPC: ServerJoin
03-20 21:51:08.554 21160 21538 I AXL : RPC: ServerJoin
03-20 21:51:08.554 21160 21538 I AXL : RPC: ServerJoin
03-20 21:51:08.554 21160 21538 I AXL : RPC: ServerJoin
03-20 21:51:08.554 21160 21538 I AXL : RPC: ServerJoin
03-20 21:51:08.554 21160 21538 I AXL : RPC: ServerJoin
03-20 21:51:08.554 21160 21538 I AXL : RPC: ServerJoin
03-20 21:51:08.554 21160 21538 I AXL : RPC: ServerJoin
03-20 21:51:08.554 21160 21538 I AXL : RPC: ServerJoin
03-20 21:51:08.554 21160 21538 I AXL : RPC: ServerJoin
03-20 21:51:08.555 21160 21538 I AXL : RPC: ServerJoin
03-20 21:51:08.555 21160 21538 I AXL : RPC: ServerJoin
03-20 21:51:08.555 21160 21538 I AXL : RPC: ServerJoin
03-20 21:51:08.555 21160 21538 I AXL : RPC: ServerJoin
03-20 21:51:08.555 21160 21538 I AXL : RPC: ServerJoin
03-20 21:51:08.555 21160 21538 I AXL : RPC: ServerJoin
03-20 21:51:08.555 21160 21538 I AXL : RPC: ServerJoin
03-20 21:51:08.555 21160 21538 I AXL : RPC: ServerJoin
03-20 21:51:08.555 21160 21538 I AXL : RPC: ServerJoin
03-20 21:51:08.555 21160 21538 I AXL : RPC: ServerJoin
03-20 21:51:08.555 21160 21538 I AXL : RPC: ServerJoin
03-20 21:51:08.555 21160 21538 I AXL : RPC: ServerJoin
03-20 21:51:08.555 21160 21538 I AXL : RPC: ServerJoin
03-20 21:51:08.555 21160 21538 I AXL : RPC: ServerJoin
03-20 21:51:08.555 21160 21538 I AXL : RPC: ServerJoin
03-20 21:51:08.555 21160 21538 I AXL : RPC: ServerJoin
03-20 21:51:08.555 21160 21538 I AXL : RPC: ServerJoin
03-20 21:51:08.555 21160 21538 I AXL : RPC: ServerJoin
03-20 21:51:08.555 21160 21538 I AXL : RPC: ServerJoin
03-20 21:51:08.555 21160 21538 I AXL : RPC: ServerJoin
03-20 21:51:08.555 21160 21538 I AXL : RPC: ServerJoin
03-20 21:51:08.555 21160 21538 I AXL : RPC: ServerJoin
03-20 21:51:08.555 21160 21538 I AXL : RPC: ServerJoin
03-20 21:51:08.555 21160 21538 I AXL : RPC: ServerJoin
03-20 21:51:08.555 21160 21538 I AXL : RPC: ServerJoin
03-20 21:51:08.555 21160 21538 I AXL : RPC: ServerJoin
03-20 21:51:08.555 21160 21538 I AXL : RPC: ServerJoin
03-20 21:51:08.555 21160 21538 I AXL : RPC: ServerJoin
03-20 21:51:08.555 21160 21538 I AXL : RPC: ServerJoin
03-20 21:51:08.555 21160 21538 I AXL : RPC: ServerJoin
03-20 21:51:08.555 21160 21538 I AXL : RPC: ServerJoin
03-20 21:51:08.555 21160 21538 I AXL : RPC: ServerJoin
03-20 21:51:08.555 21160 21538 I AXL : RPC: ServerJoin
03-20 21:51:08.555 21160 21538 I AXL : RPC: ServerJoin
03-20 21:51:08.555 21160 21538 I AXL : RPC: ServerJoin
03-20 21:51:08.555 21160 21538 I AXL : RPC: ServerJoin
03-20 21:51:08.555 21160 21538 I AXL : RPC: ServerJoin
03-20 21:51:08.555 21160 21538 I AXL : RPC: ServerJoin
03-20 21:51:08.555 21160 21538 I AXL : RPC: ServerJoin
03-20 21:51:08.555 21160 21538 I AXL : RPC: ServerJoin
03-20 21:51:08.555 21160 21538 I AXL : RPC: ServerJoin
03-20 21:51:08.555 21160 21538 I AXL : RPC: ServerJoin
03-20 21:51:08.556 21160 21538 I AXL : RPC: ServerJoin
03-20 21:51:08.556 21160 21538 I AXL : RPC: ServerJoin
03-20 21:51:08.556 21160 21538 I AXL : RPC: ServerJoin
03-20 21:51:08.556 21160 21538 I AXL : RPC: ServerJoin
03-20 21:51:08.556 21160 21538 I AXL : RPC: ServerJoin
03-20 21:51:08.556 21160 21538 I AXL : RPC: ServerJoin
03-20 21:51:08.556 21160 21538 I AXL : RPC: ServerJoin
03-20 21:51:08.556 21160 21538 I AXL : RPC: ServerJoin
03-20 21:51:08.556 21160 21538 I AXL : RPC: ServerJoin
03-20 21:51:08.556 21160 21538 I AXL : RPC: ServerJoin
03-20 21:51:08.556 21160 21538 I AXL : RPC: ServerJoin
03-20 21:51:08.556 21160 21538 I AXL : RPC: ServerJoin
03-20 21:51:08.556 21160 21538 I AXL : RPC: ServerJoin
03-20 21:51:08.556 21160 21538 I AXL : RPC: ServerJoin
03-20 21:51:08.556 21160 21538 I AXL : RPC: ServerJoin
03-20 21:51:08.556 21160 21538 I AXL : RPC: ServerJoin
03-20 21:51:08.556 21160 21538 I AXL : RPC: ServerJoin
03-20 21:51:08.556 21160 21538 I AXL : RPC: ServerJoin
03-20 21:51:08.556 21160 21538 I AXL : RPC: ServerJoin
03-20 21:51:08.556 21160 21538 I AXL : RPC: ServerJoin
03-20 21:51:08.556 21160 21538 I AXL : RPC: ServerJoin
03-20 21:51:08.556 21160 21538 I AXL : RPC: ServerJoin
03-20 21:51:08.556 21160 21538 I AXL : RPC: ServerJoin
03-20 21:51:08.556 21160 21538 I AXL : RPC: ServerJoin
03-20 21:51:08.556 21160 21538 I AXL : RPC: ServerJoin
03-20 21:51:08.556 21160 21538 I AXL : RPC: ServerJoin
03-20 21:51:08.556 21160 21538 I AXL : RPC: ServerJoin
03-20 21:51:08.556 21160 21538 I AXL : RPC: ServerJoin
03-20 21:51:08.556 21160 21538 I AXL : RPC: ServerJoin
03-20 21:51:08.556 21160 21538 I AXL : RPC: ServerJoin
03-20 21:51:08.556 21160 21538 I AXL : RPC: ServerJoin
03-20 21:51:08.556 21160 21538 I AXL : RPC: ServerJoin
03-20 21:51:08.556 21160 21538 I AXL : RPC: ServerJoin
03-20 21:51:08.556 21160 21538 I AXL : RPC: ServerJoin
03-20 21:51:08.556 21160 21538 I AXL : RPC: ServerJoin
03-20 21:51:08.557 21160 21538 I AXL : RPC: ServerJoin
03-20 21:51:08.557 21160 21538 I AXL : RPC: ServerJoin
03-20 21:51:08.557 21160 21538 I AXL : RPC: ServerJoin
03-20 21:51:08.557 21160 21538 I AXL : RPC: ServerJoin
03-20 21:51:08.557 21160 21538 I AXL : RPC: ServerJoin
03-20 21:51:08.557 21160 21538 I AXL : RPC: ServerJoin
03-20 21:51:08.557 21160 21538 I AXL : RPC: ServerJoin
03-20 21:51:08.557 21160 21538 I AXL : RPC: ServerJoin
03-20 21:51:08.557 21160 21538 I AXL : RPC: ServerJoin
03-20 21:51:08.557 21160 21538 I AXL : RPC: ServerJoin
03-20 21:51:08.557 21160 21538 I AXL : RPC: ServerJoin
03-20 21:51:08.557 21160 21538 I AXL : RPC: ServerJoin
03-20 21:51:08.557 21160 21538 I AXL : RPC: ServerJoin
03-20 21:51:08.557 21160 21538 I AXL : RPC: ServerJoin
03-20 21:51:08.557 21160 21538 I AXL : RPC: ServerJoin
03-20 21:51:08.557 21160 21538 I AXL : RPC: ServerJoin
03-20 21:51:08.557 21160 21538 I AXL : RPC: ServerJoin
03-20 21:51:08.557 21160 21538 I AXL : RPC: ServerJoin
03-20 21:51:08.557 21160 21538 I AXL : RPC: ServerJoin
03-20 21:51:08.557 21160 21538 I AXL : RPC: ServerJoin
03-20 21:51:08.557 21160 21538 I AXL : RPC: ServerJoin
03-20 21:51:08.557 21160 21538 I AXL : RPC: ServerJoin
03-20 21:51:08.557 21160 21538 I AXL : RPC: ServerJoin
03-20 21:51:08.557 21160 21538 I AXL : RPC: ServerJoin
03-20 21:51:08.557 21160 21538 I AXL : RPC: ServerJoin
03-20 21:51:08.557 21160 21538 I AXL : RPC: ServerJoin
03-20 21:51:08.557 21160 21538 I AXL : RPC: ServerJoin
03-20 21:51:08.557 21160 21538 I AXL : RPC: ServerJoin
03-20 21:51:08.557 21160 21538 I AXL : RPC: ServerJoin
03-20 21:51:08.557 21160 21538 I AXL : RPC: ServerJoin
03-20 21:51:08.557 21160 21538 I AXL : RPC: ServerJoin
03-20 21:51:08.557 21160 21538 I AXL : RPC: ServerJoin
03-20 21:51:08.557 21160 21538 I AXL : RPC: ServerJoin
03-20 21:51:08.557 21160 21538 I AXL : RPC: ServerJoin
03-20 21:51:08.557 21160 21538 I AXL : RPC: ServerJoin
03-20 21:51:08.557 21160 21538 I AXL : RPC: ServerJoin
03-20 21:51:08.557 21160 21538 I AXL : RPC: ServerJoin
03-20 21:51:08.557 21160 21538 I AXL : RPC: ServerJoin
03-20 21:51:08.557 21160 21538 I AXL : RPC: ServerJoin
03-20 21:51:08.557 21160 21538 I AXL : RPC: ServerJoin
03-20 21:51:08.558 21160 21538 I AXL : RPC: ServerJoin
03-20 21:51:08.558 21160 21538 I AXL : RPC: ServerJoin
03-20 21:51:08.558 21160 21538 I AXL : RPC: ServerJoin
03-20 21:51:08.558 21160 21538 I AXL : RPC: ServerJoin
03-20 21:51:08.558 21160 21538 I AXL : RPC: ServerJoin
03-20 21:51:08.558 21160 21538 I AXL : RPC: ServerJoin
03-20 21:51:08.558 21160 21538 I AXL : RPC: ServerJoin
03-20 21:51:08.558 21160 21538 I AXL : RPC: ServerJoin
03-20 21:51:08.558 21160 21538 I AXL : RPC: ServerJoin
03-20 21:51:08.558 21160 21538 I AXL : RPC: ServerJoin
03-20 21:51:08.558 21160 21538 I AXL : RPC: ServerJoin
03-20 21:51:08.558 21160 21538 I AXL : RPC: ServerJoin
03-20 21:51:08.558 21160 21538 I AXL : RPC: ServerJoin
03-20 21:51:08.558 21160 21538 I AXL : RPC: ServerJoin
03-20 21:51:08.558 21160 21538 I AXL : RPC: ServerJoin
03-20 21:51:08.558 21160 21538 I AXL : RPC: ServerJoin
03-20 21:51:08.558 21160 21538 I AXL : RPC: ServerJoin
03-20 21:51:08.558 21160 21538 I AXL : RPC: ServerJoin
03-20 21:51:08.558 21160 21538 I AXL : RPC: ServerJoin
03-20 21:51:08.558 21160 21538 I AXL : RPC: ServerJoin
03-20 21:51:08.558 21160 21538 I AXL : RPC: ServerJoin
03-20 21:51:08.558 21160 21538 I AXL : RPC: ServerJoin
03-20 21:51:08.558 21160 21538 I AXL : RPC: ServerJoin
03-20 21:51:08.558 21160 21538 I AXL : RPC: ServerJoin
03-20 21:51:08.558 21160 21538 I AXL : RPC: ServerJoin
03-20 21:51:08.558 21160 21538 I AXL : RPC: ServerJoin
03-20 21:51:08.558 21160 21538 I AXL : RPC: ServerJoin
03-20 21:51:08.558 21160 21538 I AXL : RPC: ServerJoin
03-20 21:51:08.558 21160 21538 I AXL : RPC: ServerJoin
03-20 21:51:08.558 21160 21538 I AXL : RPC: ServerJoin
03-20 21:51:08.558 21160 21538 I AXL : RPC: ServerJoin
03-20 21:51:08.558 21160 21538 I AXL : RPC: ServerJoin
03-20 21:51:08.558 21160 21538 I AXL : RPC: ServerJoin
03-20 21:51:08.558 21160 21538 I AXL : RPC: ServerJoin
03-20 21:51:08.558 21160 21538 I AXL : RPC: ServerJoin
03-20 21:51:08.558 21160 21538 I AXL : RPC: ServerJoin
03-20 21:51:08.558 21160 21538 I AXL : RPC: ServerJoin
03-20 21:51:08.558 21160 21538 I AXL : RPC: ServerJoin
03-20 21:51:08.558 21160 21538 I AXL : RPC: ServerJoin
03-20 21:51:08.559 21160 21538 I AXL : RPC: ServerJoin
03-20 21:51:08.559 21160 21538 I AXL : RPC: ServerJoin
03-20 21:51:08.559 21160 21538 I AXL : RPC: ServerJoin
03-20 21:51:08.559 21160 21538 I AXL : RPC: ServerJoin
03-20 21:51:08.559 21160 21538 I AXL : RPC: ServerJoin
03-20 21:51:08.559 21160 21538 I AXL : RPC: ServerJoin
03-20 21:51:08.559 21160 21538 I AXL : RPC: ServerJoin
03-20 21:51:08.559 21160 21538 I AXL : RPC: ServerJoin
03-20 21:51:08.559 21160 21538 I AXL : RPC: ServerJoin
03-20 21:51:08.559 21160 21538 I AXL : RPC: ServerJoin
03-20 21:51:08.559 21160 21538 I AXL : RPC: ServerJoin
03-20 21:51:08.559 21160 21538 I AXL : RPC: ServerJoin
03-20 21:51:08.559 21160 21538 I AXL : RPC: ServerJoin
03-20 21:51:08.559 21160 21538 I AXL : RPC: ServerJoin
03-20 21:51:08.559 21160 21538 I AXL : RPC: ServerJoin
03-20 21:51:08.559 21160 21538 I AXL : RPC: ServerJoin
03-20 21:51:08.559 21160 21538 I AXL : RPC: ServerJoin
03-20 21:51:08.559 21160 21538 I AXL : RPC: ServerJoin
03-20 21:51:08.559 21160 21538 I AXL : RPC: ServerJoin
03-20 21:51:08.559 21160 21538 I AXL : RPC: ServerJoin
03-20 21:51:08.559 21160 21538 I AXL : RPC: ServerJoin
03-20 21:51:08.559 21160 21538 I AXL : RPC: ServerJoin
03-20 21:51:08.559 21160 21538 I AXL : RPC: ServerJoin
03-20 21:51:08.559 21160 21538 I AXL : RPC: ServerJoin
03-20 21:51:08.559 21160 21538 I AXL : RPC: ServerJoin
03-20 21:51:08.559 21160 21538 I AXL : RPC: ServerJoin
03-20 21:51:08.559 21160 21538 I AXL : RPC: ServerJoin
03-20 21:51:08.559 21160 21538 I AXL : RPC: ServerJoin
03-20 21:51:08.559 21160 21538 I AXL : RPC: ServerJoin
03-20 21:51:08.559 21160 21538 I AXL : RPC: ServerJoin
03-20 21:51:08.559 21160 21538 I AXL : RPC: ServerJoin
03-20 21:51:08.559 21160 21538 I AXL : RPC: ServerJoin
03-20 21:51:08.559 21160 21538 I AXL : RPC: ServerJoin
03-20 21:51:08.559 21160 21538 I AXL : RPC: ServerJoin
03-20 21:51:08.559 21160 21538 I AXL : RPC: ServerJoin
03-20 21:51:08.559 21160 21538 I AXL : RPC: ServerJoin
03-20 21:51:08.559 21160 21538 I AXL : RPC: ServerJoin
03-20 21:51:08.559 21160 21538 I AXL : RPC: ServerJoin
03-20 21:51:08.559 21160 21538 I AXL : RPC: ServerJoin
03-20 21:51:08.559 21160 21538 I AXL : RPC: ServerJoin
03-20 21:51:08.560 21160 21538 I AXL : RPC: ServerJoin
03-20 21:51:08.560 21160 21538 I AXL : RPC: ServerJoin
03-20 21:51:08.560 21160 21538 I AXL : RPC: ServerJoin
03-20 21:51:08.560 21160 21538 I AXL : RPC: ServerJoin
03-20 21:51:08.562 21160 21538 I AXL : RPC: ServerJoin
03-20 21:51:08.562 21160 21538 I AXL : RPC: ServerJoin
03-20 21:51:08.562 21160 21538 I AXL : RPC: ServerJoin
03-20 21:51:08.562 21160 21538 I AXL : RPC: ServerJoin
03-20 21:51:08.562 21160 21538 I AXL : RPC: ServerJoin
03-20 21:51:08.562 21160 21538 I AXL : RPC: ServerJoin
03-20 21:51:08.562 21160 21538 I AXL : RPC: ServerJoin
03-20 21:51:08.562 21160 21538 I AXL : RPC: ServerJoin
03-20 21:51:08.562 21160 21538 I AXL : RPC: ServerJoin
03-20 21:51:08.562 21160 21538 I AXL : RPC: ServerJoin
03-20 21:51:08.562 21160 21538 I AXL : RPC: ServerJoin
03-20 21:51:08.562 21160 21538 I AXL : RPC: ServerJoin
03-20 21:51:08.562 21160 21538 I AXL : RPC: ServerJoin
03-20 21:51:08.562 21160 21538 I AXL : RPC: ServerJoin
03-20 21:51:08.562 21160 21538 I AXL : RPC: ServerJoin
03-20 21:51:08.562 21160 21538 I AXL : RPC: ServerJoin
03-20 21:51:08.562 21160 21538 I AXL : RPC: ServerJoin
03-20 21:51:08.562 21160 21538 I AXL : RPC: ServerJoin
03-20 21:51:08.563 21160 21538 I AXL : RPC: ServerJoin
03-20 21:51:08.563 21160 21538 I AXL : RPC: ServerJoin
03-20 21:51:08.563 21160 21538 I AXL : RPC: ServerJoin
03-20 21:51:08.563 21160 21538 I AXL : RPC: ServerJoin
03-20 21:51:08.563 21160 21538 I AXL : RPC: ServerJoin
03-20 21:51:08.582 21160 21160 D Surface : lockCanvas
03-20 21:51:08.748 21160 21538 I AXL :
03-20 21:51:08.748 21160 21538 I AXL :
03-20 21:51:08.748 21160 21538 I AXL :
03-20 21:51:08.748 21160 21538 I AXL :
03-20 21:51:08.748 21160 21538 I AXL :
03-20 21:51:08.748 21160 21538 I AXL :
03-20 21:51:08.748 21160 21538 I AXL :
03-20 21:51:08.749 21160 21538 I AXL :
03-20 21:51:08.749 21160 21160 I System.out: addChatViewMessage: {FFFFFF} |  
03-20 21:51:08.749 21160 21160 I System.out: addChatViewMessage: {FFFFFF} |  
03-20 21:51:08.749 21160 21160 I System.out: addChatViewMessage: {FFFFFF} |  
03-20 21:51:08.750 21160 21160 I System.out: addChatViewMessage: {FFFFFF} |  
03-20 21:51:08.750 21160 21160 I System.out: addChatViewMessage: {FFFFFF} |  
03-20 21:51:08.750 21160 21160 I System.out: addChatViewMessage: {FFFFFF} |  
03-20 21:51:08.750 21160 21160 I System.out: addChatViewMessage: {FFFFFF} |  
03-20 21:51:08.750 21160 21160 I System.out: addChatViewMessage: {FFFFFF} |  
03-20 21:51:08.750 21160 21160 I System.out: addChatViewMessage: {FFFFFF} |  
03-20 21:51:08.750 21160 21538 I AXL :
03-20 21:51:08.750 21160 21538 I AXL :
03-20 21:51:08.750 21160 21538 I AXL :
03-20 21:51:08.750 21160 21538 I AXL :
03-20 21:51:08.750 21160 21538 I AXL :
03-20 21:51:08.750 21160 21538 I AXL :
03-20 21:51:08.750 21160 21538 I AXL :
03-20 21:51:08.750 21160 21538 I AXL :
03-20 21:51:08.751 21160 21538 I AXL :
03-20 21:51:08.751 21160 21538 I AXL :
03-20 21:51:08.751 21160 21538 I AXL :
03-20 21:51:08.751 21160 21538 I AXL :
03-20 21:51:08.751 21160 21538 I AXL :
03-20 21:51:08.751 21160 21538 I AXL :
03-20 21:51:08.751 21160 21538 I AXL :
03-20 21:51:08.751 21160 21538 I AXL :
03-20 21:51:08.751 21160 21538 I AXL :
03-20 21:51:08.751 21160 21538 I AXL :
03-20 21:51:08.751 21160 21538 I AXL :
03-20 21:51:08.751 21160 21538 I AXL :
03-20 21:51:08.752 21160 21538 I AXL :
03-20 21:51:08.752 21160 21538 I AXL :
03-20 21:51:08.752 21160 21538 I AXL :
03-20 21:51:08.752 21160 21538 I AXL :
03-20 21:51:08.752 21160 21538 I AXL :
03-20 21:51:08.752 21160 21538 I AXL :
03-20 21:51:08.752 21160 21538 I AXL :
03-20 21:51:08.752 21160 21538 I AXL :
03-20 21:51:08.752 21160 21538 I AXL :
03-20 21:51:08.755 21160 21538 I AXL :
03-20 21:51:08.756 21160 21538 I AXL :
03-20 21:51:08.756 21160 21538 I AXL :
03-20 21:51:08.756 21160 21538 I AXL : Добро пожаловать на {ae433d}Evolve Role
Play
03-20 21:51:08.756 21160 21538 I AXL : RPC: ScrTogglePlayerSpectating
03-20 21:51:08.756 21160 21538 I AXL : toggle: 1
03-20 21:51:08.756 21160 21538 I AXL : RPC: ScrApplyPlayerAnimation
03-20 21:51:08.756 21160 21538 I AXL : STRIP, null
03-20 21:51:08.781 21160 21538 I AXL : RPC: ScrApplyPlayerAnimation
03-20 21:51:08.781 21160 21538 I AXL : SMOKING, null
03-20 21:51:08.788 21160 21160 D Surface : lockCanvas
03-20 21:51:08.802 21160 21538 I AXL : RPC: ScrApplyPlayerAnimation
03-20 21:51:08.802 21160 21538 I AXL : CRACK, null
03-20 21:51:08.829 21160 21538 I AXL : RPC: ScrApplyPlayerAnimation
03-20 21:51:08.830 21160 21538 I AXL : MISC, null
03-20 21:51:08.847 21160 21160 I System.out: addChatViewMessage: {FFFFFF} |  
03-20 21:51:08.847 21160 21160 I System.out: addChatViewMessage: {FFFFFF} |  
03-20 21:51:08.847 21160 21160 I System.out: addChatViewMessage: {FFFFFF} |  
03-20 21:51:08.847 21160 21160 I System.out: addChatViewMessage: {FFFFFF} |  
03-20 21:51:08.847 21160 21160 I System.out: addChatViewMessage: {FFFFFF} |  
03-20 21:51:08.847 21160 21160 I System.out: addChatViewMessage: {FFFFFF} |  
03-20 21:51:08.847 21160 21160 I System.out: addChatViewMessage: {FFFFFF} |  
03-20 21:51:08.847 21160 21160 I System.out: addChatViewMessage: {FFFFFF} |  
03-20 21:51:08.848 21160 21160 I System.out: addChatViewMessage: {FFFFFF} |  
03-20 21:51:08.848 21160 21160 I System.out: addChatViewMessage: {FFFFFF} |  
03-20 21:51:08.848 21160 21160 I System.out: addChatViewMessage: {FFFFFF} |  
03-20 21:51:08.849 21160 21160 I System.out: addChatViewMessage: {FFFFFF} |  
03-20 21:51:08.849 21160 21160 I System.out: addChatViewMessage: {FFFFFF} |  
03-20 21:51:08.849 21160 21160 I System.out: addChatViewMessage: {FFFFFF} |  
03-20 21:51:08.849 21160 21160 I System.out: addChatViewMessage: {FFFFFF} |  
03-20 21:51:08.849 21160 21160 I System.out: addChatViewMessage: {FFFFFF} |  
03-20 21:51:08.849 21160 21160 I System.out: addChatViewMessage: {FFFFFF} |  
03-20 21:51:08.849 21160 21160 I System.out: addChatViewMessage: {FFFFFF} |  
03-20 21:51:08.851 21160 21160 I System.out: addChatViewMessage: {FFFFFF} |  
03-20 21:51:08.851 21160 21160 I System.out: addChatViewMessage: {FFFFFF} |  
03-20 21:51:08.851 21160 21160 I System.out: addChatViewMessage: {FFFFFF} |  
03-20 21:51:08.851 21160 21160 I System.out: addChatViewMessage: {FFFFFF} |  
03-20 21:51:08.851 21160 21160 I System.out: addChatViewMessage: {FFFFFF} |  
03-20 21:51:08.851 21160 21160 I System.out: addChatViewMessage: {FFFFFF} |  
03-20 21:51:08.851 21160 21160 I System.out: addChatViewMessage: {FFFFFF} |  
03-20 21:51:08.851 21160 21160 I System.out: addChatViewMessage: {FFFFFF} |  
03-20 21:51:08.851 21160 21160 I System.out: addChatViewMessage: {FFFFFF} |  
03-20 21:51:08.851 21160 21160 I System.out: addChatViewMessage: {FFFFFF} |  
03-20 21:51:08.851 21160 21160 I System.out: addChatViewMessage: {FFFFFF} |  
03-20 21:51:08.851 21160 21160 I System.out: addChatViewMessage: {FFFFFF} |  
03-20 21:51:08.852 21160 21160 I System.out: addChatViewMessage: {FFFFFF} |  
03-20 21:51:08.852 21160 21160 I System.out: addChatViewMessage: {FFFFFF} |
 Добро пожаловать на {ae433d}Evolve Role Play
03-20 21:51:08.858 21160 21538 I AXL : RPC: ScrApplyPlayerAnimation
03-20 21:51:08.858 21160 21538 I AXL : GHANDS, null
03-20 21:51:08.890 21160 21538 I AXL : RPC: ScrApplyPlayerAnimation
03-20 21:51:08.890 21160 21538 I AXL : SUNBATHE, null
03-20 21:51:08.902 21160 21160 D Surface : lockCanvas
03-20 21:51:08.927 21160 21538 I AXL : RPC: ScrApplyPlayerAnimation
03-20 21:51:08.927 21160 21538 I AXL : BSKTBALL, null
03-20 21:51:08.949 21160 21538 I AXL : RPC: ScrApplyPlayerAnimation
03-20 21:51:08.949 21160 21538 I AXL : Attractors, null
03-20 21:51:08.950 21160 21516 D AAudioStream: setState(s#2) from 9 to 10
03-20 21:51:08.950 21160 21516 D AAudio : AAudioStream_requestStart(s#2) called
--------------
03-20 21:51:08.950 21160 21516 D AAudioStream: setState(s#2) from 10 to 3
03-20 21:51:08.950 21160 21516 D AudioTrack: start(540): 0xe0373500, prior
state:STATE_STOPPED
03-20 21:51:08.973 21160 21538 I AXL : Для восстановления доступа перейдите в
окно ошибочного ввода и кликните по "Восстановить"
03-20 21:51:08.973 21160 21538 I AXL : CPlayerPed::TogglePlayerControllable
03-20 21:51:08.974 21160 21538 I AXL : RPC: ScrSetCameraPos
03-20 21:51:08.974 21160 21538 I AXL : RPC: ScrSetCameraLookAt
03-20 21:51:08.974 21160 21538 I AXL : RPC: ScrSetPlayerInterior
03-20 21:51:08.984 21160 21515 D AAudioStream: setState(s#2) from 3 to 4
03-20 21:51:08.984 21160 21515 D AudioTrack: [audioTrackData][zero] 11s(f:0 m:0 s:0
k:0 z:11367) : pid 21160 uid 10036 sessionId 2585 sr 48000 ch 2 fmt 5
03-20 21:51:08.984 21160 21711 D AudioStreamTrack: onAudioDeviceUpdate() audioIo 13
devId 3 => 3
03-20 21:51:08.985 21160 21516 D AAudio : AAudioStream_requestStart(s#2) returned
0 ---------
03-20 21:51:08.994 21160 21160 D Surface : lockCanvas
03-20 21:51:09.059 21160 21160 I System.out: addChatViewMessage: {EAC700} |
 Для восстановления доступа перейдите в окно оши
бочного ввода и кликните по "Восстановить"
03-20 21:51:09.060 21160 21160 I System.out: ShowDialog: 32700 | 3 |
{FFFFFF}Авторизация | {ae433d}Ввод пароля |
{FFFFFF}_______________________________________
03-20 21:51:09.060 21160 21160 I System.out:
03-20 21:51:09.060 21160 21160 I System.out: Добро пожаловать на сервер
{B4B5B7}Evolve-Rp{FFFFFF}
03-20 21:51:09.060 21160 21160 I System.out: Этот аккаунт зарегистрирован
03-20 21:51:09.060 21160 21160 I System.out:
03-20 21:51:09.060 21160 21160 I System.out: Логин: {B4B5B7}Terminato_popi{FFFFFF}
03-20 21:51:09.060 21160 21160 I System.out: Введите пароль:
03-20 21:51:09.060 21160 21160 I System.out:
03-20 21:51:09.060 21160 21160 I System.out:
_______________________________________ | Войти | Сброс
03-20 21:51:09.197 21160 21160 D Surface : lockCanvas
03-20 21:51:09.427 21160 21160 D Surface : lockCanvas
03-20 21:51:09.556 21160 21538 I AXL : RPC: ScrSetPlayerColor
03-20 21:51:09.556 21160 21538 I AXL : RPC: ScrSetPlayerColor
03-20 21:51:09.556 21160 21538 I AXL : RPC: ScrSetPlayerColor
03-20 21:51:09.577 21160 21160 D Surface : lockCanvas
03-20 21:51:09.619 21160 21556 D AudioTrack: [audioTrackData][fine] 5s(f:5024 m:0
s:0 k:0 z:0) : pid 21160 uid 10036 sessionId 2593 sr 44100 ch 2 fmt 1
03-20 21:51:09.738 21160 21160 D Surface : lockCanvas
03-20 21:51:09.844 21160 21160 D Surface : lockCanvas
03-20 21:51:09.861 21160 21538 I AXL : RPC_SCRCREATEOBJECT(94) 2707
03-20 21:51:09.861 21160 21538 I AXL : RPC_SCRCREATEOBJECT(95) 2707
03-20 21:51:09.861 21160 21538 I AXL : RPC_SCRCREATEOBJECT(96) 2707
03-20 21:51:09.862 21160 21538 I AXL : RPC_SCRCREATEOBJECT(97) 2707
03-20 21:51:09.862 21160 21538 I AXL : RPC_SCRCREATEOBJECT(98) 2707
03-20 21:51:09.862 21160 21538 I AXL : RPC_SCRCREATEOBJECT(99) 2705
03-20 21:51:09.862 21160 21538 I AXL : RPC_SCRCREATEOBJECT(100) 2704
03-20 21:51:09.862 21160 21538 I AXL : RPC_SCRCREATEOBJECT(101) 2689
03-20 21:51:09.862 21160 21538 I AXL : RPC_SCRCREATEOBJECT(102) 2386
03-20 21:51:09.862 21160 21538 I AXL : RPC_SCRCREATEOBJECT(103) 2384
03-20 21:51:09.862 21160 21538 I AXL : RPC_SCRCREATEOBJECT(104) 2870
03-20 21:51:09.862 21160 21538 I AXL : RPC_SCRCREATEOBJECT(105) 14705
03-20 21:51:09.862 21160 21538 I AXL : RPC_SCRCREATEOBJECT(106) 19623
03-20 21:51:09.862 21160 21538 I AXL : RPC_SCRCREATEOBJECT(107) 2853
03-20 21:51:09.862 21160 21538 I AXL : RPC_SCRCREATEOBJECT(108) 19818
03-20 21:51:09.863 21160 21538 I AXL : RPC_SCRCREATEOBJECT(109) 19818
03-20 21:51:09.869 21160 21538 I AXL : RPC_SCRCREATEOBJECT(110) 19820
03-20 21:51:09.870 21160 21538 I AXL : RPC_SCRCREATEOBJECT(111) 2852
03-20 21:51:09.870 21160 21538 I AXL : RPC_SCRCREATEOBJECT(112) 18643
03-20 21:51:09.870 21160 21538 I AXL : RPC_SCRCREATEOBJECT(113) 18643
03-20 21:51:09.871 21160 21538 I AXL : RPC_SCRCREATEOBJECT(114) 18643
03-20 21:51:09.871 21160 21538 I AXL : RPC_SCRCREATEOBJECT(115) 11718
03-20 21:51:09.871 21160 21538 I AXL : RPC_SCRCREATEOBJECT(116) 11718
03-20 21:51:09.871 21160 21538 I AXL : RPC_SCRCREATEOBJECT(117) 11718
03-20 21:51:09.871 21160 21538 I AXL : RPC_SCRCREATEOBJECT(118) 2293
03-20 21:51:09.871 21160 21538 I AXL : RPC_SCRCREATEOBJECT(119) 2293
03-20 21:51:09.871 21160 21538 I AXL : RPC_SCRCREATEOBJECT(120) 948
03-20 21:51:09.871 21160 21538 I AXL : RPC_SCRCREATEOBJECT(121) 19173
03-20 21:51:09.872 21160 21538 I AXL : RPC_SCRCREATEOBJECT(122) 2705
03-20 21:51:09.872 21160 21538 I AXL : RPC_SCRCREATEOBJECT(123) 19087
03-20 21:51:09.872 21160 21538 I AXL : RPC_SCRCREATEOBJECT(124) 2828
03-20 21:51:09.872 21160 21538 I AXL : RPC_SCRCREATEOBJECT(125) 19940
03-20 21:51:09.872 21160 21538 I AXL : RPC_SCRCREATEOBJECT(126) 2293
03-20 21:51:09.872 21160 21538 I AXL : RPC_SCRCREATEOBJECT(127) 2293
03-20 21:51:09.872 21160 21538 I AXL : RPC_SCRCREATEOBJECT(128) 19866
03-20 21:51:09.872 21160 21538 I AXL : RPC_SCRCREATEOBJECT(129) 19866
03-20 21:51:09.872 21160 21538 I AXL : RPC_SCRCREATEOBJECT(130) 19866
03-20 21:51:09.872 21160 21538 I AXL : RPC_SCRCREATEOBJECT(131) 19866
03-20 21:51:09.873 21160 21538 I AXL : RPC_SCRCREATEOBJECT(132) 19866
03-20 21:51:09.873 21160 21538 I AXL : RPC_SCRCREATEOBJECT(133) 19173
03-20 21:51:09.873 21160 21538 I AXL : RPC_SCRCREATEOBJECT(134) 19173
03-20 21:51:09.873 21160 21538 I AXL : RPC_SCRCREATEOBJECT(135) 19173
03-20 21:51:09.873 21160 21538 I AXL : RPC_SCRCREATEOBJECT(136) 19173
03-20 21:51:09.873 21160 21538 I AXL : RPC_SCRCREATEOBJECT(137) 19173
03-20 21:51:09.873 21160 21538 I AXL : RPC_SCRCREATEOBJECT(138) 19173
03-20 21:51:09.873 21160 21538 I AXL : RPC_SCRCREATEOBJECT(139) 19173
03-20 21:51:09.873 21160 21538 I AXL : RPC_SCRCREATEOBJECT(140) 19173
03-20 21:51:09.873 21160 21538 I AXL : RPC_SCRCREATEOBJECT(141) 19173
03-20 21:51:09.873 21160 21538 I AXL : RPC_SCRCREATEOBJECT(142) 19173
03-20 21:51:09.874 21160 21538 I AXL : RPC_SCRCREATEOBJECT(143) 19173
03-20 21:51:09.883 21160 21538 I AXL : RPC_SCRCREATEOBJECT(144) 19173
03-20 21:51:09.883 21160 21538 I AXL : RPC_SCRCREATEOBJECT(145) 19173
03-20 21:51:09.883 21160 21538 I AXL : RPC_SCRCREATEOBJECT(146) 19173
03-20 21:51:09.883 21160 21538 I AXL : RPC_SCRCREATEOBJECT(147) 19173
03-20 21:51:09.883 21160 21538 I AXL : RPC_SCRCREATEOBJECT(148) 19173
03-20 21:51:09.883 21160 21538 I AXL : RPC_SCRCREATEOBJECT(149) 19173
03-20 21:51:09.883 21160 21538 I AXL : RPC_SCRCREATEOBJECT(150) 19173
03-20 21:51:09.884 21160 21538 I AXL : RPC_SCRCREATEOBJECT(151) 19173
03-20 21:51:09.884 21160 21538 I AXL : RPC_SCRCREATEOBJECT(152) 19173
03-20 21:51:09.884 21160 21538 I AXL : RPC_SCRCREATEOBJECT(153) 19173
03-20 21:51:09.884 21160 21538 I AXL : RPC_SCRCREATEOBJECT(154) 19173
03-20 21:51:09.884 21160 21538 I AXL : RPC_SCRCREATEOBJECT(155) 19173
03-20 21:51:09.884 21160 21538 I AXL : RPC_SCRCREATEOBJECT(156) 19173
03-20 21:51:09.884 21160 21538 I AXL : RPC_SCRCREATEOBJECT(157) 19173
03-20 21:51:09.885 21160 21538 I AXL : RPC_SCRCREATEOBJECT(158) 19173
03-20 21:51:09.885 21160 21538 I AXL : RPC_SCRCREATEOBJECT(159) 19173
03-20 21:51:09.885 21160 21538 I AXL : RPC_SCRCREATEOBJECT(160) 19173
03-20 21:51:09.885 21160 21538 I AXL : RPC_SCRCREATEOBJECT(161) 19173
03-20 21:51:09.885 21160 21538 I AXL : RPC_SCRCREATEOBJECT(162) 19173
03-20 21:51:09.885 21160 21538 I AXL : RPC_SCRCREATEOBJECT(163) 19173
03-20 21:51:09.885 21160 21538 I AXL : RPC_SCRCREATEOBJECT(164) 19173
03-20 21:51:09.885 21160 21538 I AXL : RPC_SCRCREATEOBJECT(165) 19173
03-20 21:51:09.885 21160 21538 I AXL : RPC_SCRCREATEOBJECT(166) 19173
03-20 21:51:09.886 21160 21538 I AXL : RPC_SCRCREATEOBJECT(167) 19173
03-20 21:51:09.886 21160 21538 I AXL : RPC_SCRCREATEOBJECT(168) 19173
03-20 21:51:09.886 21160 21538 I AXL : RPC_SCRCREATEOBJECT(169) 19173
03-20 21:51:09.886 21160 21538 I AXL : RPC_SCRCREATEOBJECT(170) 19173
03-20 21:51:09.886 21160 21538 I AXL : RPC_SCRCREATEOBJECT(171) 19940
03-20 21:51:09.895 21160 21538 I AXL : RPC_SCRCREATEOBJECT(172) 19940
03-20 21:51:09.895 21160 21538 I AXL : RPC_SCRCREATEOBJECT(173) 19940
03-20 21:51:09.895 21160 21538 I AXL : RPC_SCRCREATEOBJECT(174) 19940
03-20 21:51:09.895 21160 21538 I AXL : RPC_SCRCREATEOBJECT(175) 19940
03-20 21:51:09.895 21160 21538 I AXL : RPC_SCRCREATEOBJECT(176) 19866
03-20 21:51:09.895 21160 21538 I AXL : RPC_SCRCREATEOBJECT(177) 19866
03-20 21:51:09.895 21160 21538 I AXL : RPC_SCRCREATEOBJECT(178) 19866
03-20 21:51:09.895 21160 21538 I AXL : RPC_SCRCREATEOBJECT(179) 19866
03-20 21:51:09.900 21160 21538 I AXL : RPC_SCRCREATEOBJECT(180) 19940
03-20 21:51:09.900 21160 21538 I AXL : RPC_SCRCREATEOBJECT(181) 19940
03-20 21:51:09.901 21160 21538 I AXL : RPC_SCRCREATEOBJECT(182) 19859
03-20 21:51:09.901 21160 21538 I AXL : RPC_SCRCREATEOBJECT(183) 19940
03-20 21:51:09.902 21160 21538 I AXL : RPC_SCRCREATEOBJECT(184) 11714
03-20 21:51:09.902 21160 21538 I AXL : RPC_SCRCREATEOBJECT(185) 11714
03-20 21:51:09.902 21160 21538 I AXL : RPC_SCRCREATEOBJECT(186) 11714
03-20 21:51:09.902 21160 21538 I AXL : RPC_SCRCREATEOBJECT(187) 11714
03-20 21:51:09.902 21160 21538 I AXL : RPC_SCRCREATEOBJECT(188) 19859
03-20 21:51:09.903 21160 21538 I AXL : RPC_SCRCREATEOBJECT(189) 19859
03-20 21:51:09.903 21160 21538 I AXL : RPC_SCRCREATEOBJECT(190) 19859
03-20 21:51:09.903 21160 21538 I AXL : RPC_SCRCREATEOBJECT(191) 19859
03-20 21:51:09.903 21160 21538 I AXL : RPC_SCRCREATEOBJECT(192) 19859
03-20 21:51:09.903 21160 21538 I AXL : RPC_SCRCREATEOBJECT(193) 19859
03-20 21:51:09.904 21160 21538 I AXL : RPC_SCRCREATEOBJECT(194) 19859
03-20 21:51:09.904 21160 21538 I AXL : RPC_SCRCREATEOBJECT(195) 19859
03-20 21:51:09.904 21160 21538 I AXL : RPC_SCRCREATEOBJECT(196) 19866
03-20 21:51:09.904 21160 21538 I AXL : RPC_SCRCREATEOBJECT(197) 19940
03-20 21:51:09.904 21160 21538 I AXL : RPC_SCRCREATEOBJECT(198) 19940
03-20 21:51:09.904 21160 21538 I AXL : RPC_SCRCREATEOBJECT(199) 19940
03-20 21:51:09.905 21160 21538 I AXL : RPC_SCRCREATEOBJECT(200) 19866
03-20 21:51:09.905 21160 21538 I AXL : RPC_SCRCREATEOBJECT(201) 19866
03-20 21:51:09.905 21160 21538 I AXL : RPC_SCRCREATEOBJECT(202) 19859
03-20 21:51:09.905 21160 21538 I AXL : RPC_SCRCREATEOBJECT(203) 19866
03-20 21:51:09.905 21160 21538 I AXL : RPC_SCRCREATEOBJECT(204) 19859
03-20 21:51:09.905 21160 21538 I AXL : RPC_SCRCREATEOBJECT(205) 19866
03-20 21:51:09.908 21160 21538 I AXL : RPC_SCRCREATEOBJECT(206) 19866
03-20 21:51:09.908 21160 21538 I AXL : RPC_SCRCREATEOBJECT(207) 19866
03-20 21:51:09.909 21160 21538 I AXL : RPC_SCRCREATEOBJECT(208) 19866
03-20 21:51:09.909 21160 21538 I AXL : RPC_SCRCREATEOBJECT(209) 19866
03-20 21:51:09.909 21160 21538 I AXL : RPC_SCRCREATEOBJECT(210) 19940
03-20 21:51:09.909 21160 21538 I AXL : RPC_SCRCREATEOBJECT(211) 19940
03-20 21:51:09.910 21160 21538 I AXL : RPC_SCRCREATEOBJECT(212) 19859
03-20 21:51:09.910 21160 21538 I AXL : RPC_SCRCREATEOBJECT(213) 19859
03-20 21:51:09.910 21160 21538 I AXL : RPC_SCRCREATEOBJECT(214) 19859
03-20 21:51:09.910 21160 21538 I AXL : RPC_SCRCREATEOBJECT(215) 19859
03-20 21:51:09.910 21160 21538 I AXL : RPC_SCRCREATEOBJECT(216) 11714
03-20 21:51:09.911 21160 21538 I AXL : RPC_SCRCREATEOBJECT(217) 19859
03-20 21:51:09.911 21160 21538 I AXL : RPC_SCRCREATEOBJECT(218) 19859
03-20 21:51:09.911 21160 21538 I AXL : RPC_SCRCREATEOBJECT(219) 19859
03-20 21:51:09.912 21160 21538 I AXL : RPC_SCRCREATEOBJECT(220) 19859
03-20 21:51:09.912 21160 21538 I AXL : RPC_SCRCREATEOBJECT(221) 19859
03-20 21:51:09.913 21160 21538 I AXL : RPC_SCRCREATEOBJECT(222) 19859
03-20 21:51:09.913 21160 21538 I AXL : RPC_SCRCREATEOBJECT(223) 19940
03-20 21:51:09.913 21160 21538 I AXL : RPC_SCRCREATEOBJECT(224) 19940
03-20 21:51:09.913 21160 21538 I AXL : RPC_SCRCREATEOBJECT(225) 19940
03-20 21:51:09.914 21160 21538 I AXL : RPC_SCRCREATEOBJECT(226) 19173
03-20 21:51:09.914 21160 21538 I AXL : RPC_SCRCREATEOBJECT(227) 11714
03-20 21:51:09.914 21160 21538 I AXL : RPC_SCRCREATEOBJECT(228) 19866
03-20 21:51:09.914 21160 21538 I AXL : RPC_SCRCREATEOBJECT(229) 19866
03-20 21:51:09.914 21160 21538 I AXL : RPC_SCRCREATEOBJECT(230) 19866
03-20 21:51:09.914 21160 21538 I AXL : RPC_SCRCREATEOBJECT(231) 19866
03-20 21:51:09.915 21160 21538 I AXL : RPC_SCRCREATEOBJECT(232) 8661
03-20 21:51:09.915 21160 21538 I AXL : RPC_SCRCREATEOBJECT(233) 19866
03-20 21:51:09.916 21160 21160 D Surface : lockCanvas
03-20 21:51:09.918 21160 21538 I AXL : RPC_SCRCREATEOBJECT(234) 19866
03-20 21:51:09.918 21160 21538 I AXL : RPC_SCRCREATEOBJECT(235) 19866
03-20 21:51:09.918 21160 21538 I AXL : RPC_SCRCREATEOBJECT(236) 16101
03-20 21:51:09.919 21160 21538 I AXL : RPC_SCRCREATEOBJECT(237) 16101
03-20 21:51:09.919 21160 21538 I AXL : RPC_SCRCREATEOBJECT(238) 16101
03-20 21:51:09.919 21160 21538 I AXL : RPC_SCRCREATEOBJECT(239) 16101
03-20 21:51:09.919 21160 21538 I AXL : RPC_SCRCREATEOBJECT(240) 16101
03-20 21:51:09.919 21160 21538 I AXL : RPC_SCRCREATEOBJECT(241) 16101
03-20 21:51:09.920 21160 21538 I AXL : RPC_SCRCREATEOBJECT(242) 19866
03-20 21:51:09.920 21160 21538 I AXL : RPC_SCRCREATEOBJECT(243) 16101
03-20 21:51:09.920 21160 21538 I AXL : RPC_SCRCREATEOBJECT(244) 19481
03-20 21:51:09.920 21160 21538 I AXL : RPC_SCRCREATEOBJECT(245) 18643
03-20 21:51:09.920 21160 21538 I AXL : RPC_SCRCREATEOBJECT(246) 18643
03-20 21:51:09.921 21160 21538 I AXL : RPC_SCRCREATEOBJECT(247) 18643
03-20 21:51:09.921 21160 21538 I AXL : RPC_SCRCREATEOBJECT(248) 11718
03-20 21:51:09.921 21160 21538 I AXL : RPC_SCRCREATEOBJECT(249) 11718
03-20 21:51:09.921 21160 21538 I AXL : RPC_SCRCREATEOBJECT(250) 11718
03-20 21:51:09.922 21160 21538 I AXL : RPC_SCRCREATEOBJECT(251) 1575
03-20 21:51:09.923 21160 21538 I AXL : RPC_SCRCREATEOBJECT(252) 19893
03-20 21:51:09.923 21160 21538 I AXL : SetMaterialText(Login: ********
03-20 21:51:09.923 21160 21538 I AXL : Pass: *********) | Trebuchet MS
03-20 21:51:09.929 21160 21538 I AXL : RPC_SCRCREATEOBJECT(253) 19893
03-20 21:51:09.930 21160 21538 I AXL : SetMaterialText(Evolve {000000}RP) |
Impact
03-20 21:51:09.930 21160 21538 I AXL : RPC_SCRCREATEOBJECT(254) 19893
03-20 21:51:09.930 21160 21538 I AXL : RPC_SCRCREATEOBJECT(255) 1575
03-20 21:51:09.930 21160 21538 I AXL : RPC_SCRCREATEOBJECT(256) 1575
03-20 21:51:09.931 21160 21538 I AXL : RPC_SCRCREATEOBJECT(257) 1575
03-20 21:51:09.931 21160 21538 I AXL : RPC_SCRCREATEOBJECT(258) 1575
03-20 21:51:09.931 21160 21538 I AXL : RPC_SCRCREATEOBJECT(259) 1575
03-20 21:51:09.931 21160 21538 I AXL : RPC_SCRCREATEOBJECT(260) 1575
03-20 21:51:09.931 21160 21538 I AXL : RPC_SCRCREATEOBJECT(261) 1575
03-20 21:51:09.931 21160 21538 I AXL : RPC_SCRCREATEOBJECT(262) 1575
03-20 21:51:09.931 21160 21538 I AXL : RPC_SCRCREATEOBJECT(263) 1575
03-20 21:51:09.932 21160 21538 I AXL : RPC_SCRCREATEOBJECT(264) 1575
03-20 21:51:09.933 21160 21538 I AXL : RPC_SCRCREATEOBJECT(265) 1575
03-20 21:51:09.933 21160 21538 I AXL : RPC_SCRCREATEOBJECT(266) 2247
03-20 21:51:09.933 21160 21538 I AXL : RPC_SCRCREATEOBJECT(267) 1827
03-20 21:51:09.933 21160 21538 I AXL : RPC_SCRCREATEOBJECT(268) 1827
03-20 21:51:09.933 21160 21538 I AXL : RPC_SCRCREATEOBJECT(269) 19940
03-20 21:51:09.933 21160 21538 I AXL : RPC_SCRCREATEOBJECT(270) 19939
03-20 21:51:09.933 21160 21538 I AXL : RPC_SCRCREATEOBJECT(271) 19939
03-20 21:51:09.934 21160 21538 I AXL : RPC_SCRCREATEOBJECT(272) 19843
03-20 21:51:09.934 21160 21538 I AXL : RPC_SCRCREATEOBJECT(273) 19843
03-20 21:51:09.934 21160 21538 I AXL : RPC_SCRCREATEOBJECT(274) 19843
03-20 21:51:09.934 21160 21538 I AXL : RPC_SCRCREATEOBJECT(275) 19939
03-20 21:51:09.934 21160 21538 I AXL : RPC_SCRCREATEOBJECT(276) 19939
03-20 21:51:09.934 21160 21538 I AXL : RPC_SCRCREATEOBJECT(277) 19940
03-20 21:51:09.934 21160 21538 I AXL : RPC_SCRCREATEOBJECT(278) 19843
03-20 21:51:09.934 21160 21538 I AXL : RPC_SCRCREATEOBJECT(279) 19843
03-20 21:51:09.934 21160 21538 I AXL : RPC_SCRCREATEOBJECT(280) 19843
03-20 21:51:09.934 21160 21538 I AXL : RPC_SCRCREATEOBJECT(281) 11685
03-20 21:51:09.934 21160 21538 I AXL : RPC_SCRCREATEOBJECT(282) 11685
03-20 21:51:09.935 21160 21538 I AXL : RPC_SCRCREATEOBJECT(283) 11685
03-20 21:51:09.935 21160 21538 I AXL : RPC_SCRCREATEOBJECT(284) 2293
03-20 21:51:09.935 21160 21538 I AXL : RPC_SCRCREATEOBJECT(285) 948
03-20 21:51:09.935 21160 21538 I AXL : RPC_SCRCREATEOBJECT(286) 11685
03-20 21:51:09.935 21160 21538 I AXL : RPC_SCRCREATEOBJECT(287) 11685
03-20 21:51:09.935 21160 21538 I AXL : RPC_SCRCREATEOBJECT(288) 11685
03-20 21:51:09.935 21160 21538 I AXL : RPC_SCRCREATEOBJECT(289) 11685
03-20 21:51:09.935 21160 21538 I AXL : RPC_SCRCREATEOBJECT(290) 11685
03-20 21:51:09.935 21160 21538 I AXL : RPC_SCRCREATEOBJECT(291) 11685
03-20 21:51:09.940 21160 21538 I AXL : RPC_SCRCREATEOBJECT(292) 11685
03-20 21:51:09.940 21160 21538 I AXL : RPC_SCRCREATEOBJECT(293) 11685
03-20 21:51:09.940 21160 21538 I AXL : RPC_SCRCREATEOBJECT(294) 8661
03-20 21:51:09.941 21160 21538 I AXL : RPC_SCRCREATEOBJECT(295) 19866
03-20 21:51:09.941 21160 21538 I AXL : RPC_SCRCREATEOBJECT(296) 19866
03-20 21:51:09.941 21160 21538 I AXL : RPC_SCRCREATEOBJECT(297) 19866
03-20 21:51:09.941 21160 21538 I AXL : RPC_SCRCREATEOBJECT(298) 19866
03-20 21:51:09.941 21160 21538 I AXL : RPC_SCRCREATEOBJECT(299) 19866
03-20 21:51:09.941 21160 21538 I AXL : RPC_SCRCREATEOBJECT(300) 19479
03-20 21:51:09.941 21160 21538 I AXL : RPC_SCRCREATEOBJECT(301) 19479
03-20 21:51:09.941 21160 21538 I AXL : RPC_SCRCREATEOBJECT(302) 19866
03-20 21:51:09.941 21160 21538 I AXL : RPC_SCRCREATEOBJECT(303) 19866
03-20 21:51:09.941 21160 21538 I AXL : RPC_SCRCREATEOBJECT(304) 19481
