03-20 21:48:32.417 17688 17898 I AXL : RPC_SCRCREATEOBJECT(126) 2293
03-20 21:48:32.417 17688 17898 I AXL : RPC_SCRCREATEOBJECT(127) 2293
03-20 21:48:32.418 17688 17898 I AXL : RPC_SCRCREATEOBJECT(128) 19866
03-20 21:48:32.418 17688 17898 I AXL : RPC_SCRCREATEOBJECT(129) 19866
03-20 21:48:32.418 17688 17898 I AXL : RPC_SCRCREATEOBJECT(130) 19866
03-20 21:48:32.418 17688 17898 I AXL : RPC_SCRCREATEOBJECT(131) 19866
03-20 21:48:32.418 17688 17898 I AXL : RPC_SCRCREATEOBJECT(132) 19866
03-20 21:48:32.418 17688 17898 I AXL : RPC_SCRCREATEOBJECT(133) 19173
03-20 21:48:32.418 17688 17898 I AXL : RPC_SCRCREATEOBJECT(134) 19173
03-20 21:48:32.418 17688 17898 I AXL : RPC_SCRCREATEOBJECT(135) 19173
03-20 21:48:32.418 17688 17898 I AXL : RPC_SCRCREATEOBJECT(136) 19173
03-20 21:48:32.418 17688 17898 I AXL : RPC_SCRCREATEOBJECT(137) 19173
03-20 21:48:32.418 17688 17898 I AXL : RPC_SCRCREATEOBJECT(138) 19173
03-20 21:48:32.419 17688 17898 I AXL : RPC_SCRCREATEOBJECT(139) 19173
03-20 21:48:32.419 17 21:48:32.411 17688 17898 I AXL : RPC_SCRCREATEOBJECT(94)
2707
03-20 21:48:32.413 17688 17898 I AXL : RPC_SCRCREATEOBJECT(95) 2707
03-20 21:48:32.413 17688 17898 I AXL : RPC_SCRCREATEOBJECT(96) 2707
03-20 21:48:32.413 17688 17898 I AXL : RPC_SCRCREATEOBJECT(97) 2707
03-20 21:48:32.414 17688 17898 I AXL : RPC_SCRCREATEOBJECT(98) 2707
03-20 21:48:32.414 17688 17898 I AXL : RPC_SCRCREATEOBJECT(99) 2705
03-20 21:48:32.414 17688 17898 I AXL : RPC_SCRCREATEOBJECT(100) 2704
03-20 21:48:32.414 17688 17898 I AXL : RPC_SCRCREATEOBJECT(101) 2689
03-20 21:48:32.414 17688 17898 I AXL : RPC_SCRCREATEOBJECT(102) 2386
03-20 21:48:32.414 17688 17898 I AXL : RPC_SCRCREATEOBJECT(103) 2384
03-20 21:48:32.415 17688 17898 I AXL : RPC_SCRCREATEOBJECT(104) 2870
03-20 21:48:32.415 17688 17898 I AXL : RPC_SCRCREATEOBJECT(105) 14705
03-20 21:48:32.415 17688 17898 I AXL : RPC_SCRCREATEOBJECT(106) 19623
03-20 21:48:32.415 17688 17898 I AXL : RPC_SCRCREATEOBJECT(107) 2853
03-20 21:48:32.415 17688 17898 I AXL : RPC_SCRCREATEOBJECT(108) 19818
03-20 21:48:32.415 17688 17898 I AXL : RPC_SCRCREATEOBJECT(109) 19818
03-20 21:48:32.415 17688 17898 I AXL : RPC_SCRCREATEOBJECT(110) 19820
03-20 21:48:32.415 17688 17898 I AXL : RPC_SCRCREATEOBJECT(111) 2852
03-20 21:48:32.415 17688 17898 I AXL : RPC_SCRCREATEOBJECT(112) 18643
03-20 21:48:32.416 17688 17898 I AXL : RPC_SCRCREATEOBJECT(113) 18643
03-20 21:48:32.416 17688 17898 I AXL : RPC_SCRCREATEOBJECT(114) 18643
03-20 21:48:32.416 17688 17898 I AXL : RPC_SCRCREATEOBJECT(115) 11718
03-20 21:48:32.416 17688 17898 I AXL : RPC_SCRCREATEOBJECT(116) 11718
03-20 21:48:32.416 17688 17898 I AXL : RPC_SCRCREATEOBJECT(117) 11718
03-20 21:48:32.416 17688 17898 I AXL : RPC_SCRCREATEOBJECT(118) 2293
03-20 21:48:32.416 17688 17898 I AXL : RPC_SCRCREATEOBJECT(119) 2293
03-20 21:48:32.416 17688 17898 I AXL : RPC_SCRCREATEOBJECT(120) 948
03-20 21:48:32.416 17688 17898 I AXL : RPC_SCRCREATEOBJECT(121) 19173
03-20 21:48:32.417 17688 17898 I AXL : RPC_SCRCREATEOBJECT(122) 2705
03-20 21:48:32.417 17688 17898 I AXL : RPC_SCRCREATEOBJECT(123) 19087
03-20 21:48:32.417 17688 17898 I AXL : RPC_SCRCREATEOBJECT(124) 2828
03-20 21:48:32.417 17688 17898 I AXL : RPC_SCRCREATEOBJECT(125) 19940
03-20 21:48:32.417 17688 17898 I AXL : RPC_SCRCREATEOBJECT(126) 2293
03-20 21:48:32.417 17688 17898 I AXL : RPC_SCRCREATEOBJECT(127) 2293
03-20 21:48:32.418 17688 17898 I AXL : RPC_SCRCREATEOBJECT(128) 19866
03-20 21:48:32.418 17688 17898 I AXL : RPC_SCRCREATEOBJECT(129) 19866
03-20 21:48:32.418 17688 17898 I AXL : RPC_SCRCREATEOBJECT(130) 19866
03-20 21:48:32.418 17688 17898 I AXL : RPC_SCRCREATEOBJECT(131) 19866
03-20 21:48:32.418 17688 17898 I AXL : RPC_SCRCREATEOBJECT(132) 19866
03-20 21:48:32.418 17688 17898 I AXL : RPC_SCRCREATEOBJECT(133) 19173
03-20 21:48:32.418 17688 17898 I AXL : RPC_SCRCREATEOBJECT(134) 19173
03-20 21:48:32.418 17688 17898 I AXL : RPC_SCRCREATEOBJECT(135) 19173
03-20 21:48:32.418 17688 17898 I AXL : RPC_SCRCREATEOBJECT(136) 19173
03-20 21:48:32.418 17688 17898 I AXL : RPC_SCRCREATEOBJECT(137) 19173
03-20 21:48:32.418 17688 17898 I AXL : RPC_SCRCREATEOBJECT(138) 19173
03-20 21:48:32.419 17688 17898 I AXL : RPC_SCRCREATEOBJECT(139) 19173
03-20 21:48:32.419 17688 17898 I AXL : RPC_SCRCREATEOBJECT(140) 19173
03-20 21:48:32.419 17688 17898 I AXL : RPC_SCRCREATEOBJECT(141) 19173
03-20 21:48:32.419 17688 17898 I AXL : RPC_SCRCREATEOBJECT(142) 19173
03-20 21:48:32.419 17688 17898 I AXL : RPC_SCRCREATEOBJECT(143) 19173
03-20 21:48:32.419 17688 17898 I AXL : RPC_SCRCREATEOBJECT(144) 19173
03-20 21:48:32.419 17688 17898 I AXL : RPC_SCRCREATEOBJECT(145) 19173
03-20 21:48:32.419 17688 17898 I AXL : RPC_SCRCREATEOBJECT(146) 19173
03-20 21:48:32.419 17688 17898 I AXL : RPC_SCRCREATEOBJECT(147) 19173
03-20 21:48:32.419 17688 17898 I AXL : RPC_SCRCREATEOBJECT(148) 19173
03-20 21:48:32.419 17688 17898 I AXL : RPC_SCRCREATEOBJECT(149) 19173
03-20 21:48:32.420 17688 17898 I AXL : RPC_SCRCREATEOBJECT(150) 19173
03-20 21:48:32.420 17688 17898 I AXL : RPC_SCRCREATEOBJECT(151) 19173
03-20 21:48:32.420 17688 17898 I AXL : RPC_SCRCREATEOBJECT(152) 19173
03-20 21:48:32.420 17688 17898 I AXL : RPC_SCRCREATEOBJECT(153) 19173
03-20 21:48:32.420 17688 17898 I AXL : RPC_SCRCREATEOBJECT(154) 19173
03-20 21:48:32.420 17688 17898 I AXL : RPC_SCRCREATEOBJECT(155) 19173
03-20 21:48:32.420 17688 17898 I AXL : RPC_SCRCREATEOBJECT(156) 19173
03-20 21:48:32.420 17688 17898 I AXL : RPC_SCRCREATEOBJECT(157) 19173
03-20 21:48:32.421 17688 17898 I AXL : RPC_SCRCREATEOBJECT(158) 19173
03-20 21:48:32.421 17688 17898 I AXL : RPC_SCRCREATEOBJECT(159) 19173
03-20 21:48:32.421 17688 17898 I AXL : RPC_SCRCREATEOBJECT(160) 19173
03-20 21:48:32.421 17688 17898 I AXL : RPC_SCRCREATEOBJECT(161) 19173
03-20 21:48:32.421 17688 17898 I AXL : RPC_SCRCREATEOBJECT(162) 19173
03-20 21:48:32.421 17688 17898 I AXL : RPC_SCRCREATEOBJECT(163) 19173
03-20 21:48:32.421 17688 17898 I AXL : RPC_SCRCREATEOBJECT(164) 19173
03-20 21:48:32.421 17688 17898 I AXL : RPC_SCRCREATEOBJECT(165) 19173
03-20 21:48:32.421 17688 17898 I AXL : RPC_SCRCREATEOBJECT(166) 19173
03-20 21:48:32.421 17688 17898 I AXL : RPC_SCRCREATEOBJECT(167) 19173
03-20 21:48:32.421 17688 17898 I AXL : RPC_SCRCREATEOBJECT(168) 19173
03-20 21:48:32.422 17688 17898 I AXL : RPC_SCRCREATEOBJECT(169) 19173
03-20 21:48:32.422 17688 17898 I AXL : RPC_SCRCREATEOBJECT(170) 19173
03-20 21:48:32.422 17688 17898 I AXL : RPC_SCRCREATEOBJECT(171) 19940
03-20 21:48:32.422 17688 17898 I AXL : RPC_SCRCREATEOBJECT(172) 19940
03-20 21:48:32.422 17688 17898 I AXL : RPC_SCRCREATEOBJECT(173) 19940
03-20 21:48:32.422 17688 17898 I AXL : RPC_SCRCREATEOBJECT(174) 19940
03-20 21:48:32.422 17688 17898 I AXL : RPC_SCRCREATEOBJECT(175) 19940
03-20 21:48:32.422 17688 17898 I AXL : RPC_SCRCREATEOBJECT(176) 19866
03-20 21:48:32.422 17688 17898 I AXL : RPC_SCRCREATEOBJECT(177) 19866
03-20 21:48:32.423 17688 17898 I AXL : RPC_SCRCREATEOBJECT(178) 19866
03-20 21:48:32.423 17688 17898 I AXL : RPC_SCRCREATEOBJECT(179) 19866
03-20 21:48:32.423 17688 17898 I AXL : RPC_SCRCREATEOBJECT(180) 19940
03-20 21:48:32.423 17688 17898 I AXL : RPC_SCRCREATEOBJECT(181) 19940
03-20 21:48:32.423 17688 17898 I AXL : RPC_SCRCREATEOBJECT(182) 19859
03-20 21:48:32.423 17688 17898 I AXL : RPC_SCRCREATEOBJECT(183) 19940
03-20 21:48:32.423 17688 17898 I AXL : RPC_SCRCREATEOBJECT(184) 11714
03-20 21:48:32.423 17688 17898 I AXL : RPC_SCRCREATEOBJECT(185) 11714
03-20 21:48:32.423 17688 17898 I AXL : RPC_SCRCREATEOBJECT(186) 11714
03-20 21:48:32.423 17688 17898 I AXL : RPC_SCRCREATEOBJECT(187) 11714
03-20 21:48:32.423 17688 17898 I AXL : RPC_SCRCREATEOBJECT(188) 19859
03-20 21:48:32.423 17688 17898 I AXL : RPC_SCRCREATEOBJECT(189) 19859
03-20 21:48:32.423 17688 17898 I AXL : RPC_SCRCREATEOBJECT(190) 19859
03-20 21:48:32.424 17688 17898 I AXL : RPC_SCRCREATEOBJECT(191) 19859
03-20 21:48:32.424 17688 17898 I AXL : RPC_SCRCREATEOBJECT(192) 19859
03-20 21:48:32.424 17688 17898 I AXL : RPC_SCRCREATEOBJECT(193) 19859
03-20 21:48:32.424 17688 17898 I AXL : RPC_SCRCREATEOBJECT(194) 19859
03-20 21:48:32.424 17688 17898 I AXL : RPC_SCRCREATEOBJECT(195) 19859
03-20 21:48:32.424 17688 17898 I AXL : RPC_SCRCREATEOBJECT(196) 19866
03-20 21:48:32.424 17688 17898 I AXL : RPC_SCRCREATEOBJECT(197) 19940
03-20 21:48:32.424 17688 17898 I AXL : RPC_SCRCREATEOBJECT(198) 19940
03-20 21:48:32.424 17688 17898 I AXL : RPC_SCRCREATEOBJECT(199) 19940
03-20 21:48:32.424 17688 17898 I AXL : RPC_SCRCREATEOBJECT(200) 19866
03-20 21:48:32.424 17688 17898 I AXL : RPC_SCRCREATEOBJECT(201) 19866
03-20 21:48:32.425 17688 17898 I AXL : RPC_SCRCREATEOBJECT(202) 19859
03-20 21:48:32.425 17688 17898 I AXL : RPC_SCRCREATEOBJECT(203) 19866
03-20 21:48:32.425 17688 17898 I AXL : RPC_SCRCREATEOBJECT(204) 19859
03-20 21:4688 17898 I AXL : RPC_SCRCREATEOBJECT(140) 19173
03-20 21:48:32.419 17688 17898 I AXL : RPC_SCRCREATEOBJECT(141) 19173
03-20 21:48:32.419 17688 17898 I AXL : RPC_SCRCREATEOBJECT(142) 19173
03-20 21:48:32.419 17688 17898 I AXL : RPC_SCRCREATEOBJECT(143) 19173
03-20 21:48:32.419 17688 17898 I AXL : RPC_SCRCREATEOBJECT(144) 19173
03-20 21:48:32.419 17688 17898 I AXL : RPC_SCRCREATEOBJECT(145) 19173
03-20 21:48:32.419 17688 17898 I AXL : RPC_SCRCREATEOBJECT(146) 19173
03-20 21:48:32.419 17688 17898 I AXL : RPC_SCRCREATEOBJECT(147) 19173
03-20 21:48:32.419 17688 17898 I AXL : RPC_SCRCREATEOBJECT(148) 19173
03-20 21:48:32.419 17688 17898 I AXL : RPC_SCRCREATEOBJECT(149) 19173
03-20 21:48:32.420 17688 17898 I AXL : RPC_SCRCREATEOBJECT(150) 19173
03-20 21:48:32.420 17688 17898 I AXL : RPC_SCRCREATEOBJECT(151) 19173
03-20 21:48:32.420 17688 17898 I AXL : RPC_SCRCREATEOBJECT(152) 19173
03-20 21:48:32.420 17688 17898 I AXL : RPC_SCRCREATEOBJECT(153) 19173
03-20 21:48:32.420 17688 17898 I AXL : RPC_SCRCREATEOBJECT(154) 19173
03-20 21:48:32.420 17688 17898 I AXL : RPC_SCRCREATEOBJECT(155) 19173
03-20 21:48:32.420 17688 17898 I AXL : RPC_SCRCREATEOBJECT(156) 19173
03-20 21:48:32.420 17688 17898 I AXL : RPC_SCRCREATEOBJECT(157) 19173
03-20 21:48:32.421 17688 17898 I AXL : RPC_SCRCREATEOBJECT(158) 19173
03-20 21:48:32.421 17688 17898 I AXL : RPC_SCRCREATEOBJECT(159) 19173
03-20 21:48:32.421 17688 17898 I AXL : RPC_SCRCREATEOBJECT(160) 19173
03-20 21:48:32.421 17688 17898 I AXL : RPC_SCRCREATEOBJECT(161) 19173
03-20 21:48:32.421 17688 17898 I AXL : RPC_SCRCREATEOBJECT(162) 19173
03-20 21:48:32.421 17688 17898 I AXL : RPC_SCRCREATEOBJECT(163) 19173
03-20 21:48:32.421 17688 17898 I AXL : RPC_SCRCREATEOBJECT(164) 19173
03-20 21:48:32.421 17688 17898 I AXL : RPC_SCRCREATEOBJECT(165) 19173
03-20 21:48:32.421 17688 17898 I AXL : RPC_SCRCREATEOBJECT(166) 19173
03-20 21:48:32.421 17688 17898 I AXL : RPC_SCRCREATEOBJECT(167) 19173
03-20 21:48:32.421 17688 17898 I AXL : RPC_SCRCREATEOBJECT(168) 19173
03-20 21:48:32.422 17688 17898 I AXL : RPC_SCRCREATEOBJECT(169) 19173
03-20 21:48:32.422 17688 17898 I AXL : RPC_SCRCREATEOBJECT(170) 19173
03-20 21:48:32.422 17688 17898 I AXL : RPC_SCRCREATEOBJECT(171) 19940
03-20 21:48:32.422 17688 17898 I AXL : RPC_SCRCREATEOBJECT(172) 19940
03-20 21:48:32.422 17688 17898 I AXL : RPC_SCRCREATEOBJECT(173) 19940
03-20 21:48:32.422 17688 17898 I AXL : RPC_SCRCREATEOBJECT(174) 19940
03-20 21:48:32.422 17688 17898 I AXL : RPC_SCRCREATEOBJECT(175) 19940
03-20 21:48:32.422 17688 17898 I AXL : RPC_SCRCREATEOBJECT(176) 19866
03-20 21:48:32.422 17688 17898 I AXL : RPC_SCRCREATEOBJECT(177) 19866
03-20 21:48:32.423 17688 17898 I AXL : RPC_SCRCREATEOBJECT(178) 19866
03-20 21:48:32.423 17688 17898 I AXL : RPC_SCRCREATEOBJECT(179) 19866
03-20 21:48:32.423 17688 17898 I AXL : RPC_SCRCREATEOBJECT(180) 19940
03-20 21:48:32.423 17688 17898 I AXL : RPC_SCRCREATEOBJECT(181) 19940
03-20 21:48:32.423 17688 17898 I AXL : RPC_SCRCREATEOBJECT(182) 19859
03-20 21:48:32.423 17688 17898 I AXL : RPC_SCRCREATEOBJECT(183) 19940
03-20 21:48:32.423 17688 17898 I AXL : RPC_SCRCREATEOBJECT(184) 11714
03-20 21:48:32.423 17688 17898 I AXL : RPC_SCRCREATEOBJECT(185) 11714
03-20 21:48:32.423 17688 17898 I AXL : RPC_SCRCREATEOBJECT(186) 11714
03-20 21:48:32.423 17688 17898 I AXL : RPC_SCRCREATEOBJECT(187) 11714
03-20 21:48:32.423 17688 17898 I AXL : RPC_SCRCREATEOBJECT(188) 19859
03-20 21:48:32.423 17688 17898 I AXL : RPC_SCRCREATEOBJECT(189) 19859
03-20 21:48:32.423 17688 17898 I AXL : RPC_SCRCREATEOBJECT(190) 19859
03-20 21:48:32.424 17688 17898 I AXL : RPC_SCRCREATEOBJECT(191) 19859
03-20 21:48:32.424 17688 17898 I AXL : RPC_SCRCREATEOBJECT(192) 19859
03-20 21:48:32.424 17688 17898 I AXL : RPC_SCRCREATEOBJECT(193) 19859
03-20 21:48:32.424 17688 17898 I AXL : RPC_SCRCREATEOBJECT(194) 19859
03-20 21:48:32.424 17688 17898 I AXL : RPC_8:32.425 17688 17898 I AXL :
RPC_SCRCREATEOBJECT(205) 19866
03-20 21:48:32.425 17688 17898 I AXL : RPC_SCRCREATEOBJECT(206) 19866
03-20 21:48:32.425 17688 17898 I AXL : RPC_SCRCREATEOBJECT(207) 19866
03-20 21:48:32.425 17688 17898 I AXL : RPC_SCRCREATEOBJECT(208) 19866
03-20 21:48:32.426 17688 17898 I AXL : RPC_SCRCREATEOBJECT(209) 19866
03-20 21:48:32.426 17688 17898 I AXL : RPC_SCRCREATEOBJECT(210) 19940
03-20 21:48:32.426 17688 17898 I AXL : RPC_SCRCREATEOBJECT(211) 19940
03-20 21:48:32.426 17688 17898 I AXL : RPC_SCRCREATEOBJECT(212) 19859
03-20 21:48:32.426 17688 17898 I AXL : RPC_SCRCREATEOBJECT(213) 19859
03-20 21:48:32.426 17688 17898 I AXL : RPC_SCRCREATEOBJECT(214) 19859
03-20 21:48:32.428 17688 17898 I AXL : RPC_SCRCREATEOBJECT(215) 19859
03-20 21:48:32.428 17688 17898 I AXL : RPC_SCRCREATEOBJECT(216) 11714
03-20 21:48:32.428 17688 17898 I AXL : RPC_SCRCREATEOBJECT(217) 19859
03-20 21:48:32.428 17688 17898 I AXL : RPC_SCRCREATEOBJECT(218) 19859
03-20 21:48:32.428 17688 17898 I AXL : RPC_SCRCREATEOBJECT(219) 19859
03-20 21:48:32.429 17688 17898 I AXL : RPC_SCRCREATEOBJECT(220) 19859
03-20 21:48:32.429 17688 17898 I AXL : RPC_SCRCREATEOBJECT(221) 19859
03-20 21:48:32.429 17688 17898 I AXL : RPC_SCRCREATEOBJECT(222) 19859
03-20 21:48:32.429 17688 17898 I AXL : RPC_SCRCREATEOBJECT(223) 19940
03-20 21:48:32.429 17688 17898 I AXL : RPC_SCRCREATEOBJECT(224) 19940
03-20 21:48:32.429 17688 17898 I AXL : RPC_SCRCREATEOBJECT(225) 19940
03-20 21:48:32.429 17688 17898 I AXL : RPC_SCRCREATEOBJECT(226) 19173
03-20 21:48:32.429 17688 17898 I AXL : RPC_SCRCREATEOBJECT(227) 11714
03-20 21:48:32.429 17688 17898 I AXL : RPC_SCRCREATEOBJECT(228) 19866
03-20 21:48:32.429 17688 17898 I AXL : RPC_SCRCREATEOBJECT(229) 19866
03-20 21:48:32.430 17688 17898 I AXL : RPC_SCRCREATEOBJECT(230) 19866
03-20 21:48:32.430 17688 17898 I AXL : RPC_SCRCREATEOBJECT(231) 19866
03-20 21:48:32.430 17688 17898 I AXL : RPC_SCRCREATEOBJECT(232) 8661
03-20 21:48:32.430 17688 17898 I AXL : RPC_SCRCREATEOBJECT(233) 19866
03-20 21:48:32.430 17688 17898 I AXL : RPC_SCRCREATEOBJECT(234) 19866
03-20 21:48:32.430 17688 17898 I AXL : RPC_SCRCREATEOBJECT(235) 19866
03-20 21:48:32.431 17688 17898 I AXL : RPC_SCRCREATEOBJECT(236) 16101
03-20 21:48:32.431 17688 17898 I AXL : RPC_SCRCREATEOBJECT(237) 16101
03-20 21:48:32.432 17688 17898 I AXL : RPC_SCRCREATEOBJECT(238) 16101
03-20 21:48:32.432 17688 17898 I AXL : RPC_SCRCREATEOBJECT(239) 16101
03-20 21:48:32.432 17688 17898 I AXL : RPC_SCRCREATEOBJECT(240) 16101
03-20 21:48:32.432 17688 17898 I AXL : RPC_SCRCREATEOBJECT(241) 16101
03-20 21:48:32.433 17688 17898 I AXL : RPC_SCRCREATEOBJECT(242) 19866
03-20 21:48:32.433 17688 17898 I AXL : RPC_SCRCREATEOBJECT(243) 16101
03-20 21:48:32.433 17688 17898 I AXL : RPC_SCRCREATEOBJECT(244) 19481
03-20 21:48:32.433 17688 17898 I AXL : RPC_SCRCREATEOBJECT(245) 18643
03-20 21:48:32.433 17688 17898 I AXL : RPC_SCRCREATEOBJECT(246) 18643
03-20 21:48:32.434 17688 17898 I AXL : RPC_SCRCREATEOBJECT(247) 18643
03-20 21:48:32.434 17688 17898 I AXL : RPC_SCRCREATEOBJECT(248) 11718
03-20 21:48:32.434 17688 17898 I AXL : RPC_SCRCREATEOBJECT(249) 11718
03-20 21:48:32.434 17688 17898 I AXL : RPC_SCRCREATEOBJECT(250) 11718
03-20 21:48:32.434 17688 17898 I AXL : RPC_SCRCREATEOBJECT(251) 1575
03-20 21:48:32.434 17688 17898 I AXL : RPC_SCRCREATEOBJECT(252) 19893
03-20 21:48:32.435 17688 17898 I AXL : SetMaterialText(Login: ********
03-20 21:48:32.435 17688 17898 I AXL : Pass: *********) | Trebuchet MS
03-20 21:48:32.435 17688 17898 I AXL : RPC_SCRCREATEOBJECT(253) 19893
03-20 21:48:32.435 17688 17898 I AXL : SetMaterialText(Evolve {000000}RP) |
Impact
03-20 21:48:32.435 17688 17898 I AXL : RPC_SCRCREATEOBJECT(254) 19893
03-20 21:48:32.435 17688 17898 I AXL : RPC_SCRCREATEOBJECT(255) 1575
03-20 21:48:32.435 17688 17898 I AXL : RPC_SCRCREATEOBJECT(256) 1575
03-20 21:48:32.435 17688 SCRCREATEOBJECT(195) 19859
03-20 21:48:32.424 17688 17898 I AXL : RPC_SCRCREATEOBJECT(196) 19866
03-20 21:48:32.424 17688 17898 I AXL : RPC_SCRCREATEOBJECT(197) 19940
03-20 21:48:32.424 17688 17898 I AXL : RPC_SCRCREATEOBJECT(198) 19940
03-20 21:48:32.424 17688 17898 I AXL : RPC_SCRCREATEOBJECT(199) 19940
03-20 21:48:32.424 17688 17898 I AXL : RPC_SCRCREATEOBJECT(200) 19866
03-20 21:48:32.424 17688 17898 I AXL : RPC_SCRCREATEOBJECT(201) 19866
03-20 21:48:32.425 17688 17898 I AXL : RPC_SCRCREATEOBJECT(202) 19859
03-20 21:48:32.425 17688 17898 I AXL : RPC_SCRCREATEOBJECT(203) 19866
03-20 21:48:32.425 17688 17898 I AXL : RPC_SCRCREATEOBJECT(204) 19859
03-20 21:48:32.425 17688 17898 I AXL : RPC_SCRCREATEOBJECT(205) 19866
03-20 21:48:32.425 17688 17898 I AXL : RPC_SCRCREATEOBJECT(206) 19866
03-20 21:48:32.425 17688 17898 I AXL : RPC_SCRCREATEOBJECT(207) 19866
03-20 21:48:32.425 17688 17898 I AXL : RPC_SCRCREATEOBJECT(208) 19866
03-20 21:48:32.426 17688 17898 I AXL : RPC_SCRCREATEOBJECT(209) 19866
03-20 21:48:32.426 17688 17898 I AXL : RPC_SCRCREATEOBJECT(210) 19940
03-20 21:48:32.426 17688 17898 I AXL : RPC_SCRCREATEOBJECT(211) 19940
03-20 21:48:32.426 17688 17898 I AXL : RPC_SCRCREATEOBJECT(212) 19859
03-20 21:48:32.426 17688 17898 I AXL : RPC_SCRCREATEOBJECT(213) 19859
03-20 21:48:32.426 17688 17898 I AXL : RPC_SCRCREATEOBJECT(214) 19859
03-20 21:48:32.428 17688 17898 I AXL : RPC_SCRCREATEOBJECT(215) 19859
03-20 21:48:32.428 17688 17898 I AXL : RPC_SCRCREATEOBJECT(216) 11714
03-20 21:48:32.428 17688 17898 I AXL : RPC_SCRCREATEOBJECT(217) 19859
03-20 21:48:32.428 17688 17898 I AXL : RPC_SCRCREATEOBJECT(218) 19859
03-20 21:48:32.428 17688 17898 I AXL : RPC_SCRCREATEOBJECT(219) 19859
03-20 21:48:32.429 17688 17898 I AXL : RPC_SCRCREATEOBJECT(220) 19859
03-20 21:48:32.429 17688 17898 I AXL : RPC_SCRCREATEOBJECT(221) 19859
03-20 21:48:32.429 17688 17898 I AXL : RPC_SCRCREATEOBJECT(222) 19859
03-20 21:48:32.429 17688 17898 I AXL : RPC_SCRCREATEOBJECT(223) 19940
03-20 21:48:32.429 17688 17898 I AXL : RPC_SCRCREATEOBJECT(224) 19940
03-20 21:48:32.429 17688 17898 I AXL : RPC_SCRCREATEOBJECT(225) 19940
03-20 21:48:32.429 17688 17898 I AXL : RPC_SCRCREATEOBJECT(226) 19173
03-20 21:48:32.429 17688 17898 I AXL : RPC_SCRCREATEOBJECT(227) 11714
03-20 21:48:32.429 17688 17898 I AXL : RPC_SCRCREATEOBJECT(228) 19866
03-20 21:48:32.429 17688 17898 I AXL : RPC_SCRCREATEOBJECT(229) 19866
03-20 21:48:32.430 17688 17898 I AXL : RPC_SCRCREATEOBJECT(230) 19866
03-20 21:48:32.430 17688 17898 I AXL : RPC_SCRCREATEOBJECT(231) 19866
03-20 21:48:32.430 17688 17898 I AXL : RPC_SCRCREATEOBJECT(232) 8661
03-20 21:48:32.430 17688 17898 I AXL : RPC_SCRCREATEOBJECT(233) 19866
03-20 21:48:32.430 17688 17898 I AXL : RPC_SCRCREATEOBJECT(234) 19866
03-20 21:48:32.430 17688 17898 I AXL : RPC_SCRCREATEOBJECT(235) 19866
03-20 21:48:32.431 17688 17898 I AXL : RPC_SCRCREATEOBJECT(236) 16101
03-20 21:48:32.431 17688 17898 I AXL : RPC_SCRCREATEOBJECT(237) 16101
03-20 21:48:32.432 17688 17898 I AXL : RPC_SCRCREATEOBJECT(238) 16101
03-20 21:48:32.432 17688 17898 I AXL : RPC_SCRCREATEOBJECT(239) 16101
03-20 21:48:32.432 17688 17898 I AXL : RPC_SCRCREATEOBJECT(240) 16101
03-20 21:48:32.432 17688 17898 I AXL : RPC_SCRCREATEOBJECT(241) 16101
03-20 21:48:32.433 17688 17898 I AXL : RPC_SCRCREATEOBJECT(242) 19866
03-20 21:48:32.433 17688 17898 I AXL : RPC_SCRCREATEOBJECT(243) 16101
03-20 21:48:32.433 17688 17898 I AXL : RPC_SCRCREATEOBJECT(244) 19481
03-20 21:48:32.433 17688 17898 I AXL : RPC_SCRCREATEOBJECT(245) 18643
03-20 21:48:32.433 17688 17898 I AXL : RPC_SCRCREATEOBJECT(246) 18643
03-20 21:48:32.434 17688 17898 I AXL : RPC_SCRCREATEOBJECT(247) 18643
03-20 21:48:32.434 17688 17898 I AXL : RPC_SCRCREATEOBJECT(248) 11718
03-20 21:48:32.434 17688 17898 I AXL : RPC_SCRCREATEOBJECT(249) 11718
03-20 21:48:32.434 17688 17898 I AXL : RPC_SCRCREATEOBJECT(250) 11718
03-20 21:48:32.434 17688 17898 I AXL : RPC_SCRCREATEOBJECT(251) 1575
03-20 21:48:32.434 17688 17898 I AXL : RPC_SCRCREATEOBJECT(252) 19893
03-20 21:48:32.435 17688 17898 I AXL : SetMaterialText(Login: ********
03-20 21:48:32.435 17688 17898 I AXL : Pass: *********) | Trebuchet MS
03-20 21:48:32.435 17688 17898 I AXL : RPC_SCRCREATEOBJECT(253) 19893
03-20 21:48:32.435 17688 17898 I AXL : SetMaterialText(Evolve {000000}RP) |
Impact
03-20 21:48:32.435 17688 17898 I AXL : RPC_SCRCREATEOBJECT(254) 19893
03-20 21:48:32.435 17688 17898 I AXL : RPC_SCRCREATEOBJECT(255) 1575
03-20 21:48:32.435 17688 17898 I AXL : RPC_SCRCREATEOBJECT(256) 1575
03-20 21:48:32.435 17688 17898 I AXL : RPC_SCRCREATEOBJECT(257) 1575
03-20 21:48:32.437 17688 17898 I AXL : RPC_SCRCREATEOBJECT(258) 1575
03-20 21:48:32.437 17688 17898 I AXL : RPC_SCRCREATEOBJECT(259) 1575
03-20 21:48:32.437 17688 17898 I AXL : RPC_SCRCREATEOBJECT(260) 1575
03-20 21:48:32.437 17688 17898 I AXL : RPC_SCRCREATEOBJECT(261) 1575
03-20 21:48:32.437 17688 17898 I AXL : RPC_SCRCREATEOBJECT(262) 1575
03-20 21:48:32.438 17688 17898 I AXL : RPC_SCRCREATEOBJECT(263) 1575
03-20 21:48:32.438 17688 17898 I AXL : RPC_SCRCREATEOBJECT(264) 1575
03-20 21:48:32.438 17688 17898 I AXL : RPC_SCRCREATEOBJECT(265) 1575
03-20 21:48:32.438 17688 17898 I AXL : RPC_SCRCREATEOBJECT(266) 2247
03-20 21:48:32.438 17688 17898 I AXL : RPC_SCRCREATEOBJECT(267) 1827
03-20 21:48:32.438 17688 17898 I AXL : RPC_SCRCREATEOBJECT(268) 1827
03-20 21:48:32.438 17688 17898 I AXL : RPC_SCRCREATEOBJECT(269) 19940
03-20 21:48:32.438 17688 17898 I AXL : RPC_SCRCREATEOBJECT(270) 19939
03-20 21:48:32.439 17688 17898 I AXL : RPC_SCRCREATEOBJECT(271) 19939
03-20 21:48:32.439 17688 17898 I AXL : RPC_SCRCREATEOBJECT(272) 19843
03-20 21:48:32.439 17688 17898 I AXL : RPC_SCRCREATEOBJECT(273) 19843
03-20 21:48:32.439 17688 17898 I AXL : RPC_SCRCREATEOBJECT(274) 19843
03-20 21:48:32.439 17688 17898 I AXL : RPC_SCRCREATEOBJECT(275) 19939
03-20 21:48:32.439 17688 17898 I AXL : RPC_SCRCREATEOBJECT(276) 19939
03-20 21:48:32.439 17688 17898 I AXL : RPC_SCRCREATEOBJECT(277) 19940
03-20 21:48:32.439 17688 17898 I AXL : RPC_SCRCREATEOBJECT(278) 19843
03-20 21:48:32.439 17688 17898 I AXL : RPC_SCRCREATEOBJECT(279) 19843
03-20 21:48:32.439 17688 17898 I AXL : RPC_SCRCREATEOBJECT(280) 19843
03-20 21:48:32.439 17688 17898 I AXL : RPC_SCRCREATEOBJECT(281) 11685
03-20 21:48:32.439 17688 17898 I AXL : RPC_SCRCREATEOBJECT(282) 11685
03-20 21:48:32.440 17688 17898 I AXL : RPC_SCRCREATEOBJECT(283) 11685
03-20 21:48:32.440 17688 17898 I AXL : RPC_SCRCREATEOBJECT(284) 2293
03-20 21:48:32.440 17688 17898 I AXL : RPC_SCRCREATEOBJECT(285) 948
03-20 21:48:32.440 17688 17898 I AXL : RPC_SCRCREATEOBJECT(286) 11685
03-20 21:48:32.440 17688 17898 I AXL : RPC_SCRCREATEOBJECT(287) 11685
03-20 21:48:32.440 17688 17898 I AXL : RPC_SCRCREATEOBJECT(288) 11685
03-20 21:48:32.440 17688 17898 I AXL : RPC_SCRCREATEOBJECT(289) 11685
03-20 21:48:32.440 17688 17898 I AXL : RPC_SCRCREATEOBJECT(290) 11685
03-20 21:48:32.440 17688 17898 I AXL : RPC_SCRCREATEOBJECT(291) 11685
03-20 21:48:32.440 17688 17898 I AXL : RPC_SCRCREATEOBJECT(292) 11685
03-20 21:48:32.441 17688 17898 I AXL : RPC_SCRCREATEOBJECT(293) 11685
03-20 21:48:32.441 17688 17898 I AXL : RPC_SCRCREATEOBJECT(294) 8661
03-20 21:48:32.441 17688 17898 I AXL : RPC_SCRCREATEOBJECT(295) 19866
03-20 21:48:32.441 17688 17898 I AXL : RPC_SCRCREATEOBJECT(296) 19866
03-20 21:48:32.441 17688 17898 I AXL : RPC_SCRCREATEOBJECT(297) 19866
03-20 21:48:32.442 17688 17898 I AXL : RPC_SCRCREATEOBJECT(298) 19866
03-20 21:48:32.442 17688 17898 I AXL : RPC_SCRCREATEOBJECT(299) 19866
03-20 21:48:32.442 17688 17898 I AXL : RPC_SCRCREATEOBJECT(300) 19479
03-20 21:48:32.442 17688 17898 I AXL : RPC_SCRCREATEOBJECT(301) 19479
03-20 21:48:32.442 17688 17898 I AXL : RPC_SCRCREATEOBJECT(302) 19866
03-20 21:48:32.442 17688 1789817898 I AXL : RPC_SCRCREATEOBJECT(257) 1575
03-20 21:48:32.437 17688 17898 I AXL : RPC_SCRCREATEOBJECT(258) 1575
03-20 21:48:32.437 17688 17898 I AXL : RPC_SCRCREATEOBJECT(259) 1575
03-20 21:48:32.437 17688 17898 I AXL : RPC_SCRCREATEOBJECT(260) 1575
03-20 21:48:32.437 17688 17898 I AXL : RPC_SCRCREATEOBJECT(261) 1575
03-20 21:48:32.437 17688 17898 I AXL : RPC_SCRCREATEOBJECT(262) 1575
03-20 21:48:32.438 17688 17898 I AXL : RPC_SCRCREATEOBJECT(263) 1575
03-20 21:48:32.438 17688 17898 I AXL : RPC_SCRCREATEOBJECT(264) 1575
03-20 21:48:32.438 17688 17898 I AXL : RPC_SCRCREATEOBJECT(265) 1575
03-20 21:48:32.438 17688 17898 I AXL : RPC_SCRCREATEOBJECT(266) 2247
03-20 21:48:32.438 17688 17898 I AXL : RPC_SCRCREATEOBJECT(267) 1827
03-20 21:48:32.438 17688 17898 I AXL : RPC_SCRCREATEOBJECT(268) 1827
03-20 21:48:32.438 17688 17898 I AXL : RPC_SCRCREATEOBJECT(269) 19940
03-20 21:48:32.438 17688 17898 I AXL : RPC_SCRCREATEOBJECT(270) 19939
03-20 21:48:32.439 17688 17898 I AXL : RPC_SCRCREATEOBJECT(271) 19939
03-20 21:48:32.439 17688 17898 I AXL : RPC_SCRCREATEOBJECT(272) 19843
03-20 21:48:32.439 17688 17898 I AXL : RPC_SCRCREATEOBJECT(273) 19843
03-20 21:48:32.439 17688 17898 I AXL : RPC_SCRCREATEOBJECT(274) 19843
03-20 21:48:32.439 17688 17898 I AXL : RPC_SCRCREATEOBJECT(275) 19939
03-20 21:48:32.439 17688 17898 I AXL : RPC_SCRCREATEOBJECT(276) 19939
03-20 21:48:32.439 17688 17898 I AXL : RPC_SCRCREATEOBJECT(277) 19940
03-20 21:48:32.439 17688 17898 I AXL : RPC_SCRCREATEOBJECT(278) 19843
03-20 21:48:32.439 17688 17898 I AXL : RPC_SCRCREATEOBJECT(279) 19843
03-20 21:48:32.439 17688 17898 I AXL : RPC_SCRCREATEOBJECT(280) 19843
03-20 21:48:32.439 17688 17898 I AXL : RPC_SCRCREATEOBJECT(281) 11685
03-20 21:48:32.439 17688 17898 I AXL : RPC_SCRCREATEOBJECT(282) 11685
03-20 21:48:32.440 17688 17898 I AXL : RPC_SCRCREATEOBJECT(283) 11685
03-20 21:48:32.440 17688 17898 I AXL : RPC_SCRCREATEOBJECT(284) 2293
03-20 21:48:32.440 17688 17898 I AXL : RPC_SCRCREATEOBJECT(285) 948
03-20 21:48:32.440 17688 17898 I AXL : RPC_SCRCREATEOBJECT(286) 11685
03-20 21:48:32.440 17688 17898 I AXL : RPC_SCRCREATEOBJECT(287) 11685
03-20 21:48:32.440 17688 17898 I AXL : RPC_SCRCREATEOBJECT(288) 11685
03-20 21:48:32.440 17688 17898 I AXL : RPC_SCRCREATEOBJECT(289) 11685
03-20 21:48:32.440 17688 17898 I AXL : RPC_SCRCREATEOBJECT(290) 11685
03-20 21:48:32.440 17688 17898 I AXL : RPC_SCRCREATEOBJECT(291) 11685
03-20 21:48:32.440 17688 17898 I AXL : RPC_SCRCREATEOBJECT(292) 11685
03-20 21:48:32.441 17688 17898 I AXL : RPC_SCRCREATEOBJECT(293) 11685
03-20 21:48:32.441 17688 17898 I AXL : RPC_SCRCREATEOBJECT(294) 8661
03-20 21:48:32.441 17688 17898 I AXL : RPC_SCRCREATEOBJECT(295) 19866
03-20 21:48:32.441 17688 17898 I AXL : RPC_SCRCREATEOBJECT(296) 19866
03-20 21:48:32.441 17688 17898 I AXL : RPC_SCRCREATEOBJECT(297) 19866
03-20 21:48:32.442 17688 17898 I AXL : RPC_SCRCREATEOBJECT(298) 19866
03-20 21:48:32.442 17688 17898 I AXL : RPC_SCRCREATEOBJECT(299) 19866
03-20 21:48:32.442 17688 17898 I AXL : RPC_SCRCREATEOBJECT(300) 19479
03-20 21:48:32.442 17688 17898 I AXL : RPC_SCRCREATEOBJECT(301) 19479
03-20 21:48:32.442 17688 17898 I AXL : RPC_SCRCREATEOBJECT(302) 19866
03-20 21:48:32.442 17688 17898 I AXL : RPC_SCRCREATEOBJECT(303) 19866
03-20 21:48:32.442 17688 17898 I AXL : RPC_SCRCREATEOBJECT(304) 19481
03-20 21:48:32.442 17688 17898 I AXL : RPC_SCRCREATEOBJECT(305) 19866
03-20 21:48:32.442 17688 17898 I AXL : RPC_SCRCREATEOBJECT(306) 19866
03-20 21:48:32.442 17688 17898 I AXL : RPC_SCRCREATEOBJECT(307) 19866
03-20 21:48:32.443 17688 17898 I AXL : RPC_SCRCREATEOBJECT(308) 19866
03-20 21:48:32.443 17688 17898 I AXL : RPC_SCRCREATEOBJECT(309) 16101
03-20 21:48:32.443 17688 17898 I AXL : RPC_SCRCREATEOBJECT(310) 16101
03-20 21:48:32.443 17688 17898 I AXL : RPC_SCRCREATEOBJECT(311) 16101
03-20 21:48:32.443 17688 17898 I AXL : RPC_SCRCREATEOBJECT(312) I AXL :
RPC_SCRCREATEOBJECT(303) 19866
03-20 21:48:32.442 17688 17898 I AXL : RPC_SCRCREATEOBJECT(304) 19481
03-20 21:48:32.442 17688 17898 I AXL : RPC_SCRCREATEOBJECT(305) 19866
03-20 21:48:32.442 17688 17898 I AXL : RPC_SCRCREATEOBJECT(306) 19866
03-20 21:48:32.442 17688 17898 I AXL : RPC_SCRCREATEOBJECT(307) 19866
03-20 21:48:32.443 17688 17898 I AXL : RPC_SCRCREATEOBJECT(308) 19866
03-20 21:48:32.443 17688 17898 I AXL : RPC_SCRCREATEOBJECT(309) 16101
03-20 21:48:32.443 17688 17898 I AXL : RPC_SCRCREATEOBJECT(310) 16101
03-20 21:48:32.443 17688 17898 I AXL : RPC_SCRCREATEOBJECT(311) 16101
03-20 21:48:32.443 17688 17898 I AXL : RPC_SCRCREATEOBJECT(312) 16101
03-20 21:48:32.443 17688 17898 I AXL : RPC_SCRCREATEOBJECT(313) 16101
03-20 21:48:32.443 17688 17898 I AXL : RPC_SCRCREATEOBJECT(314) 16101
03-20 21:48:32.443 17688 17898 I AXL : RPC_SCRCREATEOBJECT(315) 16101
03-20 21:48:32.443 17688 17898 I AXL : RPC_SCRCREATEOBJECT(316) 16101
03-20 21:48:32.443 17688 17898 I AXL : RPC_SCRCREATEOBJECT(317) 19866
03-20 21:48:32.443 17688 17898 I AXL : RPC_SCRCREATEOBJECT(318) 16101
03-20 21:48:32.443 17688 17898 I AXL : RPC_SCRCREATEOBJECT(319) 19866
03-20 21:48:32.444 17688 17898 I AXL : RPC_SCRCREATEOBJECT(320) 16101
03-20 21:48:32.444 17688 17898 I AXL : RPC_SCRCREATEOBJECT(321) 16101
03-20 21:48:32.444 17688 17898 I AXL : RPC_SCRCREATEOBJECT(322) 16101
03-20 21:48:32.444 17688 17898 I AXL : RPC_SCRCREATEOBJECT(323) 16101
03-20 21:48:32.444 17688 17898 I AXL : RPC_SCRCREATEOBJECT(324) 16101
03-20 21:48:32.444 17688 17898 I AXL : RPC_SCRCREATEOBJECT(325) 16101
03-20 21:48:32.444 17688 17898 I AXL : RPC_SCRCREATEOBJECT(326) 16101
03-20 21:48:32.444 17688 17898 I AXL : RPC_SCRCREATEOBJECT(327) 16101
03-20 21:48:32.444 17688 17898 I AXL : RPC_SCRCREATEOBJECT(328) 16101
03-20 21:48:32.444 17688 17898 I AXL : RPC_SCRCREATEOBJECT(329) 16101
03-20 21:48:32.444 17688 17898 I AXL : RPC_SCRCREATEOBJECT(330) 16101
03-20 21:48:32.445 17688 17898 I AXL : RPC_SCRCREATEOBJECT(331) 16101
03-20 21:48:32.445 17688 17898 I AXL : RPC_SCRCREATEOBJECT(332) 16101
03-20 21:48:32.445 17688 17898 I AXL : RPC_SCRCREATEOBJECT(333) 16101
03-20 21:48:32.445 17688 17898 I AXL : RPC_SCRCREATEOBJECT(334) 16101
03-20 21:48:32.445 17688 17898 I AXL : RPC_SCRCREATEOBJECT(335) 16101
03-20 21:48:32.445 17688 17898 I AXL : RPC_SCRCREATEOBJECT(336) 16101
03-20 21:48:32.445 17688 17898 I AXL : RPC_SCRCREATEOBJECT(337) 16101
03-20 21:48:32.445 17688 17898 I AXL : RPC_SCRCREATEOBJECT(338) 16101
03-20 21:48:32.445 17688 17898 I AXL : RPC_SCRCREATEOBJECT(339) 16101
03-20 21:48:32.445 17688 17898 I AXL : RPC_SCRCREATEOBJECT(340) 19866
03-20 21:48:32.445 17688 17898 I AXL : RPC_SCRCREATEOBJECT(341) 19866
03-20 21:48:32.445 17688 17898 I AXL : RPC_SCRCREATEOBJECT(342) 19866
03-20 21:48:32.446 17688 17898 I AXL : RPC_SCRCREATEOBJECT(343) 19866
03-20 21:48:32.446 17688 17898 I AXL : RPC_SCRCREATEOBJECT(344) 19866
03-20 21:48:32.446 17688 17898 I AXL : RPC_SCRCREATEOBJECT(345) 8661
03-20 21:48:32.446 17688 17898 I AXL : RPC_SCRCREATEOBJECT(346) 19445
03-20 21:48:32.446 17688 17898 I AXL : RPC_SCRCREATEOBJECT(347) 19445
03-20 21:48:32.447 17688 17898 I AXL : RPC_SCRCREATEOBJECT(348) 19445
03-20 21:48:32.447 17688 17898 I AXL : RPC_SCRCREATEOBJECT(349) 19445
03-20 21:48:32.447 17688 17898 I AXL : RPC_SCRCREATEOBJECT(350) 19445
03-20 21:48:32.447 17688 17898 I AXL : RPC_SCRCREATEOBJECT(351) 19445
03-20 21:48:32.447 17688 17898 I AXL : RPC: ScrSetMapIcon
03-20 21:48:32.482 17688 17898 I AXL : RPC: ScrSetPlayerName
03-20 21:48:32.482 17688 17898 I AXL : byteSuccess = 1
03-20 21:48:32.492 17688 17688 D Surface : lockCanvas
03-20 21:48:32.579 17688 17688 D Surface : lockCanvas
03-20 21:48:32.650 17688 17688 D Surface : lockCanvas
03-20 21:48:32.724 17688 17688 D Surface : lockCanvas
03-20 21:48:32.754 17688 17898 I AXL : RPC: ScrSetPlayerColor
03-20 21:48:32.793 17688 17688 D 16101
03-20 21:48:32.443 17688 17898 I AXL : RPC_SCRCREATEOBJECT(313) 16101
03-20 21:48:32.443 17688 17898 I AXL : RPC_SCRCREATEOBJECT(314) 16101
03-20 21:48:32.443 17688 17898 I AXL : RPC_SCRCREATEOBJECT(315) 16101
03-20 21:48:32.443 17688 17898 I AXL : RPC_SCRCREATEOBJECT(316) 16101
03-20 21:48:32.443 17688 17898 I AXL : RPC_SCRCREATEOBJECT(317) 19866
03-20 21:48:32.443 17688 17898 I AXL : RPC_SCRCREATEOBJECT(318) 16101
03-20 21:48:32.443 17688 17898 I AXL : RPC_SCRCREATEOBJECT(319) 19866
03-20 21:48:32.444 17688 17898 I AXL : RPC_SCRCREATEOBJECT(320) 16101
03-20 21:48:32.444 17688 17898 I AXL : RPC_SCRCREATEOBJECT(321) 16101
03-20 21:48:32.444 17688 17898 I AXL : RPC_SCRCREATEOBJECT(322) 16101
03-20 21:48:32.444 17688 17898 I AXL : RPC_SCRCREATEOBJECT(323) 16101
03-20 21:48:32.444 17688 17898 I AXL : RPC_SCRCREATEOBJECT(324) 16101
03-20 21:48:32.444 17688 17898 I AXL : RPC_SCRCREATEOBJECT(325) 16101
03-20 21:48:32.444 17688 17898 I AXL : RPC_SCRCREATEOBJECT(326) 16101
03-20 21:48:32.444 17688 17898 I AXL : RPC_SCRCREATEOBJECT(327) 16101
03-20 21:48:32.444 17688 17898 I AXL : RPC_SCRCREATEOBJECT(328) 16101
03-20 21:48:32.444 17688 17898 I AXL : RPC_SCRCREATEOBJECT(329) 16101
03-20 21:48:32.444 17688 17898 I AXL : RPC_SCRCREATEOBJECT(330) 16101
03-20 21:48:32.445 17688 17898 I AXL : RPC_SCRCREATEOBJECT(331) 16101
03-20 21:48:32.445 17688 17898 I AXL : RPC_SCRCREATEOBJECT(332) 16101
03-20 21:48:32.445 17688 17898 I AXL : RPC_SCRCREATEOBJECT(333) 16101
03-20 21:48:32.445 17688 17898 I AXL : RPC_SCRCREATEOBJECT(334) 16101
03-20 21:48:32.445 17688 17898 I AXL : RPC_SCRCREATEOBJECT(335) 16101
03-20 21:48:32.445 17688 17898 I AXL : RPC_SCRCREATEOBJECT(336) 16101
03-20 21:48:32.445 17688 17898 I AXL : RPC_SCRCREATEOBJECT(337) 16101
03-20 21:48:32.445 17688 17898 I AXL : RPC_SCRCREATEOBJECT(338) 16101
03-20 21:48:32.445 17688 17898 I AXL : RPC_SCRCREATEOBJECT(339) 16101
03-20 21:48:32.445 17688 17898 I AXL : RPC_SCRCREATEOBJECT(340) 19866
03-20 21:48:32.445 17688 17898 I AXL : RPC_SCRCREATEOBJECT(341) 19866
03-20 21:48:32.445 17688 17898 I AXL : RPC_SCRCREATEOBJECT(342) 19866
03-20 21:48:32.446 17688 17898 I AXL : RPC_SCRCREATEOBJECT(343) 19866
03-20 21:48:32.446 17688 17898 I AXL : RPC_SCRCREATEOBJECT(344) 19866
03-20 21:48:32.446 17688 17898 I AXL : RPC_SCRCREATEOBJECT(345) 8661
03-20 21:48:32.446 17688 17898 I AXL : RPC_SCRCREATEOBJECT(346) 19445
03-20 21:48:32.446 17688 17898 I AXL : RPC_SCRCREATEOBJECT(347) 19445
03-20 21:48:32.447 17688 17898 I AXL : RPC_SCRCREATEOBJECT(348) 19445
03-20 21:48:32.447 17688 17898 I AXL : RPC_SCRCREATEOBJECT(349) 19445
03-20 21:48:32.447 17688 17898 I AXL : RPC_SCRCREATEOBJECT(350) 19445
03-20 21:48:32.447 17688 17898 I AXL : RPC_SCRCREATEOBJECT(351) 19445
03-20 21:48:32.447 17688 17898 I AXL : RPC: ScrSetMapIcon
03-20 21:48:32.482 17688 17898 I AXL : RPC: ScrSetPlayerName
03-20 21:48:32.482 17688 17898 I AXL : byteSuccess = 1
03-20 21:48:32.492 17688 17688 D Surface : lockCanvas
03-20 21:48:32.579 17688 17688 D Surface : lockCanvas
03-20 21:48:32.650 17688 17688 D Surface : lockCanvas
03-20 21:48:32.724 17688 17688 D Surface : lockCanvas
03-20 21:48:32.754 17688 17898 I AXL : RPC: ScrSetPlayerColor
03-20 21:48:32.793 17688 17688 D Surface : lockCanvas
03-20 21:48:32.859 17688 17688 D Surface : lockCanvas
03-20 21:48:32.938 17688 17688 D Surface : lockCanvas
03-20 21:48:33.043 17688 17688 D Surface : lockCanvas
03-20 21:48:33.112 17688 17688 D Surface : lockCanvas
03-20 21:48:33.172 17688 17688 D Surface : lockCanvas
03-20 21:48:33.283 17688 17688 D Surface : lockCanvas
03-20 21:48:33.334 17688 17898 I AXL : RPC: ScrSetPlayerColor
03-20 21:48:33.334 17688 17898 I AXL : RPC: ScrSetPlayerColor
03-20 21:48:33.365 17688 17688 D Surface : lockCanvas
03-20 21:48:33.445 17688 17688 D Surface : lockCanvas
03-20 21:48:33.513 17688 17688 D Surface : lockCanvas
03-20 21:48:33.576 17688 17688 D Surface : lockCanvas
03-20 21:4Surface : lockCanvas
03-20 21:48:32.859 17688 17688 D Surface : lockCanvas
03-20 21:48:32.938 17688 17688 D Surface : lockCanvas
03-20 21:48:33.043 17688 17688 D Surface : lockCanvas
03-20 21:48:33.112 17688 17688 D Surface : lockCanvas
03-20 21:48:33.172 17688 17688 D Surface : lockCanvas
03-20 21:48:33.283 17688 17688 D Surface : lockCanvas
03-20 21:48:33.334 17688 17898 I AXL : RPC: ScrSetPlayerColor
03-20 21:48:33.334 17688 17898 I AXL : RPC: ScrSetPlayerColor
03-20 21:48:33.365 17688 17688 D Surface : lockCanvas
03-20 21:48:33.445 17688 17688 D Surface : lockCanvas
03-20 21:48:33.513 17688 17688 D Surface : lockCanvas
03-20 21:48:33.576 17688 17688 D Surface : lockCanvas
03-20 21:48:33.619 17688 17898 I AXL : RPC: ServerJoin
03-20 21:48:33.619 17688 17898 I AXL : RPC: ScrSetPlayerName
03-20 21:48:33.619 17688 17898 I AXL : byteSuccess = 1
03-20 21:48:33.619 17688 17898 I AXL : RPC: ScrSetPlayerColor
03-20 21:48:33.626 17688 17688 D Surface : lockCanvas
03-20 21:48:33.678 17688 17688 D Surface : lockCanvas
03-20 21:48:33.734 17688 17688 D Surface : lockCanvas
03-20 21:48:33.788 17688 17688 D Surface : lockCanvas
03-20 21:48:33.838 17688 17688 D Surface : lockCanvas
03-20 21:48:33.905 17688 17688 D Surface : lockCanvas
03-20 21:48:33.950 17688 17688 D Surface : lockCanvas
03-20 21:48:33.974 17688 17898 I AXL : RPC: ScrSetPlayerColor
03-20 21:48:34.006 17688 17688 D Surface : lockCanvas
03-20 21:48:34.040 17688 17898 I AXL : RPC: ServerJoin
03-20 21:48:34.040 17688 17898 I AXL : RPC: ScrSetPlayerName
03-20 21:48:34.040 17688 17898 I AXL : byteSuccess = 1
03-20 21:48:34.041 17688 17898 I AXL : RPC: ScrSetPlayerColor
03-20 21:48:34.063 17688 17688 D Surface : lockCanvas
03-20 21:48:34.119 17688 17688 D Surface : lockCanvas
03-20 21:48:34.180 17688 17688 D Surface : lockCanvas
03-20 21:48:34.228 17688 17688 D Surface : lockCanvas
03-20 21:48:34.286 17688 17688 D Surface : lockCanvas
03-20 21:48:34.345 17688 17688 D Surface : lockCanvas
03-20 21:48:34.421 17688 17688 D Surface : lockCanvas
03-20 21:48:34.503 17688 17688 D Surface : lockCanvas
03-20 21:48:34.642 17688 17701 E BLASTBufferQueue:
[SurfaceView[com.evolve.roleplay/com.evolve.roleplay.core.GTASA]#8](f:1,a:6)
acquireNextBufferLocked: Can't acquire next buffer. Already acquired max frames 6
max:4 + 2
03-20 21:48:34.647 17688 17703 E BLASTBufferQueue:
[SurfaceView[com.evolve.roleplay/com.evolve.roleplay.core.GTASA]#8](f:2,a:6)
acquireNextBufferLocked: Can't acquire next buffer. Already acquired max frames 6
max:4 + 2
03-20 21:48:34.649 17688 17870 E BLASTBufferQueue:
[SurfaceView[com.evolve.roleplay/com.evolve.roleplay.core.GTASA]#8](f:3,a:6)
acquireNextBufferLocked: Can't acquire next buffer. Already acquired max frames 6
max:4 + 2
03-20 21:48:34.662 17688 17870 E BLASTBufferQueue:
[SurfaceView[com.evolve.roleplay/com.evolve.roleplay.core.GTASA]#8](f:4,a:6)
acquireNextBufferLocked: Can't acquire next buffer. Already acquired max frames 6
max:4 + 2
03-20 21:48:34.678 17688 17688 D Surface : lockCanvas
03-20 21:48:34.681 17688 17870 E BLASTBufferQueue:
[SurfaceView[com.evolve.roleplay/com.evolve.roleplay.core.GTASA]#8](f:1,a:6)
acquireNextBufferLocked: Can't acquire next buffer. Already acquired max frames 6
max:4 + 2
03-20 21:48:34.767 17688 17688 D Surface : lockCanvas
03-20 21:48:34.807 17688 17898 I AXL : RPC: ServerJoin
03-20 21:48:34.807 17688 17898 I AXL : RPC: ScrSetPlayerName
03-20 21:48:34.807 17688 17898 I AXL : byteSuccess = 1
03-20 21:48:34.807 17688 17898 I AXL : RPC: ScrSetPlayerColor
03-20 21:48:34.840 17688 17688 D Surface : lockCanvas
03-20 21:48:34.900 17688 17688 D Surface : lockCanvas
03-20 21:48:34.964 17688 17688 D Surface : lockCanvas
03-20 21:48:35.025 17688 17688 D Surface : lockCanvas
03-20 21:48:35.077 17688 17688 D Surface : lockCanvas
03-20 21:48:35.131 17688 17688 D Surface : lockCanvas
03-20 21:48:35.190 17688 17688 D Surface : lockCanvas
03-20 21:48:35.245 17688 17688 D Surface : lockCanvas
03-20 21:48:35.306 17688 17688 D Surface : lockCanvas
03-20 21:48:35.381 17688 17688 D8:33.619 17688 17898 I AXL : RPC: ServerJoin
03-20 21:48:33.619 17688 17898 I AXL : RPC: ScrSetPlayerName
03-20 21:48:33.619 17688 17898 I AXL : byteSuccess = 1
03-20 21:48:33.619 17688 17898 I AXL : RPC: ScrSetPlayerColor
03-20 21:48:33.626 17688 17688 D Surface : lockCanvas
03-20 21:48:33.678 17688 17688 D Surface : lockCanvas
03-20 21:48:33.734 17688 17688 D Surface : lockCanvas
03-20 21:48:33.788 17688 17688 D Surface : lockCanvas
03-20 21:48:33.838 17688 17688 D Surface : lockCanvas
03-20 21:48:33.905 17688 17688 D Surface : lockCanvas
03-20 21:48:33.950 17688 17688 D Surface : lockCanvas
03-20 21:48:33.974 17688 17898 I AXL : RPC: ScrSetPlayerColor
03-20 21:48:34.006 17688 17688 D Surface : lockCanvas
03-20 21:48:34.040 17688 17898 I AXL : RPC: ServerJoin
03-20 21:48:34.040 17688 17898 I AXL : RPC: ScrSetPlayerName
03-20 21:48:34.040 17688 17898 I AXL : byteSuccess = 1
03-20 21:48:34.041 17688 17898 I AXL : RPC: ScrSetPlayerColor
03-20 21:48:34.063 17688 17688 D Surface : lockCanvas
03-20 21:48:34.119 17688 17688 D Surface : lockCanvas
03-20 21:48:34.180 17688 17688 D Surface : lockCanvas
03-20 21:48:34.228 17688 17688 D Surface : lockCanvas
03-20 21:48:34.286 17688 17688 D Surface : lockCanvas
03-20 21:48:34.345 17688 17688 D Surface : lockCanvas
03-20 21:48:34.421 17688 17688 D Surface : lockCanvas
03-20 21:48:34.503 17688 17688 D Surface : lockCanvas
03-20 21:48:34.642 17688 17701 E BLASTBufferQueue:
[SurfaceView[com.evolve.roleplay/com.evolve.roleplay.core.GTASA]#8](f:1,a:6)
acquireNextBufferLocked: Can't acquire next buffer. Already acquired max frames 6
max:4 + 2
03-20 21:48:34.647 17688 17703 E BLASTBufferQueue:
[SurfaceView[com.evolve.roleplay/com.evolve.roleplay.core.GTASA]#8](f:2,a:6)
acquireNextBufferLocked: Can't acquire next buffer. Already acquired max frames 6
max:4 + 2
03-20 21:48:34.649 17688 17870 E BLASTBufferQueue:
[SurfaceView[com.evolve.roleplay/com.evolve.roleplay.core.GTASA]#8](f:3,a:6)
acquireNextBufferLocked: Can't acquire next buffer. Already acquired max frames 6
max:4 + 2
03-20 21:48:34.662 17688 17870 E BLASTBufferQueue:
[SurfaceView[com.evolve.roleplay/com.evolve.roleplay.core.GTASA]#8](f:4,a:6)
acquireNextBufferLocked: Can't acquire next buffer. Already acquired max frames 6
max:4 + 2
03-20 21:48:34.678 17688 17688 D Surface : lockCanvas
03-20 21:48:34.681 17688 17870 E BLASTBufferQueue:
[SurfaceView[com.evolve.roleplay/com.evolve.roleplay.core.GTASA]#8](f:1,a:6)
acquireNextBufferLocked: Can't acquire next buffer. Already acquired max frames 6
max:4 + 2
03-20 21:48:34.767 17688 17688 D Surface : lockCanvas
03-20 21:48:34.807 17688 17898 I AXL : RPC: ServerJoin
03-20 21:48:34.807 17688 17898 I AXL : RPC: ScrSetPlayerName
03-20 21:48:34.807 17688 17898 I AXL : byteSuccess = 1
03-20 21:48:34.807 17688 17898 I AXL : RPC: ScrSetPlayerColor
03-20 21:48:34.840 17688 17688 D Surface : lockCanvas
03-20 21:48:34.900 17688 17688 D Surface : lockCanvas
03-20 21:48:34.964 17688 17688 D Surface : lockCanvas
03-20 21:48:35.025 17688 17688 D Surface : lockCanvas
03-20 21:48:35.077 17688 17688 D Surface : lockCanvas
03-20 21:48:35.131 17688 17688 D Surface : lockCanvas
03-20 21:48:35.190 17688 17688 D Surface : lockCanvas
03-20 21:48:35.245 17688 17688 D Surface : lockCanvas
03-20 21:48:35.306 17688 17688 D Surface : lockCanvas
03-20 21:48:35.381 17688 17688 D Surface : lockCanvas
03-20 21:48:35.429 17688 17688 D Surface : lockCanvas
03-20 21:48:35.446 17688 17898 I AXL : RPC: ScrSetPlayerName
03-20 21:48:35.447 17688 17898 I AXL : byteSuccess = 1
03-20 21:48:35.475 17688 17688 D Surface : lockCanvas
03-20 21:48:35.523 17688 17898 I AXL : RPC: ScrSetPlayerColor
03-20 21:48:35.538 17688 17688 D Surface : lockCanvas
03-20 21:48:35.615 17688 17688 D Surface : lockCanvas
03-20 21:48:35.691 17688 17688 D Surface : lockCanvas
03-20 21:48:35.757 17688 17688 D Surface : lockCanvas
03-20 21:48:35.829 17688 17688 D Surface : lockCanvas
03-20 21:48:35.841 17688 17898 I AXL : RPC: ScrSetPlayerColor
03-20 21:48:35.887 17688 17688 D Surface : lock Surface : lockCanvas
03-20 21:48:35.429 17688 17688 D Surface : lockCanvas
03-20 21:48:35.446 17688 17898 I AXL : RPC: ScrSetPlayerName
03-20 21:48:35.447 17688 17898 I AXL : byteSuccess = 1
03-20 21:48:35.475 17688 17688 D Surface : lockCanvas
03-20 21:48:35.523 17688 17898 I AXL : RPC: ScrSetPlayerColor
03-20 21:48:35.538 17688 17688 D Surface : lockCanvas
03-20 21:48:35.615 17688 17688 D Surface : lockCanvas
03-20 21:48:35.691 17688 17688 D Surface : lockCanvas
03-20 21:48:35.757 17688 17688 D Surface : lockCanvas
03-20 21:48:35.829 17688 17688 D Surface : lockCanvas
03-20 21:48:35.841 17688 17898 I AXL : RPC: ScrSetPlayerColor
03-20 21:48:35.887 17688 17688 D Surface : lockCanvas
03-20 21:48:35.929 17688 17898 I AXL : RPC: ScrSetPlayerName
03-20 21:48:35.929 17688 17898 I AXL : byteSuccess = 1
03-20 21:48:35.942 17688 17688 D Surface : lockCanvas
03-20 21:48:35.993 17688 17688 D Surface : lockCanvas
03-20 21:48:36.052 17688 17688 D Surface : lockCanvas
03-20 21:48:36.102 17688 17688 D Surface : lockCanvas
03-20 21:48:36.158 17688 17688 D Surface : lockCanvas
03-20 21:48:36.228 17688 17688 D Surface : lockCanvas
03-20 21:48:36.287 17688 17898 I AXL : RPC: ScrSetPlayerColor
03-20 21:48:36.293 17688 17688 D Surface : lockCanvas
03-20 21:48:36.350 17688 17688 D Surface : lockCanvas
03-20 21:48:36.370 17688 17898 I AXL : RPC: ScrSetPlayerColor
03-20 21:48:36.420 17688 17688 D Surface : lockCanvas
03-20 21:48:36.510 17688 17688 D Surface : lockCanvas
03-20 21:48:36.536 17688 17918 D AudioTrack: [audioTrackData][fine] 20s(f:20018 m:0
s:32 k:0 z:0) : pid 17688 uid 10036 sessionId 2473 sr 44100 ch 2 fmt 1
03-20 21:48:36.564 17688 17688 D Surface : lockCanvas
03-20 21:48:36.618 17688 17688 D Surface : lockCanvas
03-20 21:48:36.676 17688 17688 D Surface : lockCanvas
03-20 21:48:36.731 17688 17869 D AudioTrack: [audioTrackData][fine] 5s(f:5002 m:0
s:0 k:0 z:0) : pid 17688 uid 10036 sessionId 2465 sr 48000 ch 2 fmt 5
03-20 21:48:36.732 17688 17688 D Surface : lockCanvas
03-20 21:48:36.776 17688 17688 D Surface : lockCanvas
03-20 21:48:36.832 17688 17688 D Surface : lockCanvas
03-20 21:48:36.891 17688 17688 D Surface : lockCanvas
03-20 21:48:36.942 17688 17688 D Surface : lockCanvas
03-20 21:48:36.987 17688 17688 D Surface : lockCanvas
03-20 21:48:37.007 17688 17898 I AXL : RPC: ScrSetPlayerColor
03-20 21:48:37.007 17688 17898 I AXL : RPC: ScrSetPlayerColor
03-20 21:48:37.031 17688 17688 D Surface : lockCanvas
03-20 21:48:37.087 17688 17688 D Surface : lockCanvas
03-20 21:48:37.144 17688 17688 D Surface : lockCanvas
03-20 21:48:37.200 17688 17688 D Surface : lockCanvas
03-20 21:48:37.244 17688 17688 D Surface : lockCanvas
03-20 21:48:37.281 17688 17898 I AXL : RPC: ServerJoin
03-20 21:48:37.281 17688 17898 I AXL : RPC: ScrSetPlayerName
03-20 21:48:37.281 17688 17898 I AXL : byteSuccess = 1
03-20 21:48:37.281 17688 17898 I AXL : RPC: ScrSetPlayerColor
03-20 21:48:37.299 17688 17688 D Surface : lockCanvas
03-20 21:48:37.353 17688 17688 D Surface : lockCanvas
03-20 21:48:37.398 17688 17688 D Surface : lockCanvas
03-20 21:48:37.454 17688 17688 D Surface : lockCanvas
03-20 21:48:37.507 17688 17688 D Surface : lockCanvas
03-20 21:48:37.554 17688 17688 D Surface : lockCanvas
03-20 21:48:37.646 17688 17688 D Editor : Double tap detection is fail
03-20 21:48:37.656 17688 17688 I HandWritingStubImpl: refreshLastKeyboardType: 1
03-20 21:48:37.656 17688 17688 I HandWritingStubImpl: getCurrentKeyboardType: 1
03-20 21:48:37.671 17688 17688 D Surface : lockCanvas
03-20 21:48:37.738 17688 17688 I HandWritingStubImpl: refreshLastKeyboardType: 1
03-20 21:48:37.745 17688 17688 I HandWritingStubImpl: getCurrentKeyboardType: 1
03-20 21:48:37.757 17688 17688 D CompatibilityChangeReporter: Compat change id
reported: 163400105; UID 10036; state: DISABLED
03-20 21:48:37.761 17688 17688 I ImeTracker: com.evolve.roleplay:3e245a09:
onRequestShow at ORIGIN_CLIENT_SHOW_SOFT_INPUT reason SHOW_SOFT_INPUT
03-20 21:48:37.762 17688 17688 D InputMethodManager: showSoftInput()
view=com.nvidia.devtech.CustomEdiCanvas
03-20 21:48:35.929 17688 17898 I AXL : RPC: ScrSetPlayerName
03-20 21:48:35.929 17688 17898 I AXL : byteSuccess = 1
03-20 21:48:35.942 17688 17688 D Surface : lockCanvas
03-20 21:48:35.993 17688 17688 D Surface : lockCanvas
03-20 21:48:36.052 17688 17688 D Surface : lockCanvas
03-20 21:48:36.102 17688 17688 D Surface : lockCanvas
03-20 21:48:36.158 17688 17688 D Surface : lockCanvas
03-20 21:48:36.228 17688 17688 D Surface : lockCanvas
03-20 21:48:36.287 17688 17898 I AXL : RPC: ScrSetPlayerColor
03-20 21:48:36.293 17688 17688 D Surface : lockCanvas
03-20 21:48:36.350 17688 17688 D Surface : lockCanvas
03-20 21:48:36.370 17688 17898 I AXL : RPC: ScrSetPlayerColor
03-20 21:48:36.420 17688 17688 D Surface : lockCanvas
03-20 21:48:36.510 17688 17688 D Surface : lockCanvas
03-20 21:48:36.536 17688 17918 D AudioTrack: [audioTrackData][fine] 20s(f:20018 m:0
s:32 k:0 z:0) : pid 17688 uid 10036 sessionId 2473 sr 44100 ch 2 fmt 1
03-20 21:48:36.564 17688 17688 D Surface : lockCanvas
03-20 21:48:36.618 17688 17688 D Surface : lockCanvas
03-20 21:48:36.676 17688 17688 D Surface : lockCanvas
03-20 21:48:36.731 17688 17869 D AudioTrack: [audioTrackData][fine] 5s(f:5002 m:0
s:0 k:0 z:0) : pid 17688 uid 10036 sessionId 2465 sr 48000 ch 2 fmt 5
03-20 21:48:36.732 17688 17688 D Surface : lockCanvas
03-20 21:48:36.776 17688 17688 D Surface : lockCanvas
03-20 21:48:36.832 17688 17688 D Surface : lockCanvas
03-20 21:48:36.891 17688 17688 D Surface : lockCanvas
03-20 21:48:36.942 17688 17688 D Surface : lockCanvas
03-20 21:48:36.987 17688 17688 D Surface : lockCanvas
03-20 21:48:37.007 17688 17898 I AXL : RPC: ScrSetPlayerColor
03-20 21:48:37.007 17688 17898 I AXL : RPC: ScrSetPlayerColor
03-20 21:48:37.031 17688 17688 D Surface : lockCanvas
03-20 21:48:37.087 17688 17688 D Surface : lockCanvas
03-20 21:48:37.144 17688 17688 D Surface : lockCanvas
03-20 21:48:37.200 17688 17688 D Surface : lockCanvas
03-20 21:48:37.244 17688 17688 D Surface : lockCanvas
