03-20 21:52:30.003 21160 21160 I System.out: addChatViewMessage: {00D900} |
    Отредактировал сотрудник LV News: Vova_
Putin
03-20 21:52:30.026 21160 21160 D Surface : lockCanvas
03-20 21:52:30.080 21160 21160 D Surface : lockCanvas
03-20 21:52:30.118 21160 21510 I AXL : CKeyBoard::OnTouchEvent(2, 0, 1905, 855)
03-20 21:52:30.129 21160 21510 I AXL : CKeyBoard::OnTouchEvent(3, 0, 1905, 855)
03-20 21:52:30.139 21160 21510 I AXL : CKeyBoard::OnTouchEvent(3, 0, 1905, 855)
03-20 21:52:30.154 21160 21510 I AXL : CKeyBoard::OnTouchEvent(3, 0, 1905, 855)
03-20 21:52:30.160 21160 21510 I AXL : CKeyBoard::OnTouchEvent(1, 0, 1905, 855)
03-20 21:52:30.164 21160 21538 I AXL : RPC: ScrApplyPlayerAnimation
03-20 21:52:30.164 21160 21538 I AXL : PED, FLOOR_hit_f
03-20 21:52:30.171 21160 21160 D Surface : lockCanvas
03-20 21:52:30.719 21160 21510 I AXL : CKeyBoard::OnTouchEvent(2, 0, 2232, 863)
03-20 21:52:30.734 21160 21510 I AXL : CKeyBoard::OnTouchEvent(3, 0, 2232, 863)
03-20 21:52:30.786 21160 21510 I AXL : CKeyBoard::OnTouchEvent(3, 0, 2232, 863)
03-20 21:52:30.801 21160 21510 I AXL : CKeyBoard::OnTouchEvent(3, 0, 2232, 863)
03-20 21:52:30.806 21160 21510 I AXL : CKeyBoard::OnTouchEvent(1, 0, 2232, 863)
03-20 21:52:30.817 21160 21160 D Surface : lockCanvas
03-20 21:52:31.189 21160 21510 I AXL : UNKNOWN KEY
03-20 21:52:31.189 21160 21510 I AXL : CKeyBoard::OnTouchEvent(2, 0, 90, 811)
03-20 21:52:31.219 21160 21510 I AXL : UNKNOWN KEY
03-20 21:52:31.219 21160 21510 I AXL : CKeyBoard::OnTouchEvent(1, 0, 90, 811)
03-20 21:52:31.429 21160 21510 I AXL : CKeyBoard::OnTouchEvent(2, 0, 1897, 851)
03-20 21:52:31.449 21160 21510 I AXL : CKeyBoard::OnTouchEvent(3, 0, 1897, 851)
03-20 21:52:31.485 21160 21510 I AXL : CKeyBoard::OnTouchEvent(3, 0, 1897, 851)
03-20 21:52:31.495 21160 21510 I AXL : CKeyBoard::OnTouchEvent(3, 0, 1897, 851)
03-20 21:52:31.501 21160 21510 I AXL : CKeyBoard::OnTouchEvent(1, 0, 1897, 851)
03-20 21:52:31.512 21160 21160 D Surface : lockCanvas
03-20 21:52:31.612 21160 21160 D Surface : lockCanvas
03-20 21:52:31.653 21160 21160 D Surface : lockCanvas
03-20 21:52:31.681 21160 21160 D Surface : lockCanvas
03-20 21:52:31.711 21160 21160 D Surface : lockCanvas
03-20 21:52:31.744 21160 21160 D Surface : lockCanvas
03-20 21:52:31.777 21160 21160 D Surface : lockCanvas
03-20 21:52:31.810 21160 21160 D Surface : lockCanvas
03-20 21:52:31.844 21160 21160 D Surface : lockCanvas
03-20 21:52:31.876 21160 21160 D Surface : lockCanvas
03-20 21:52:31.907 21160 21538 I AXL : RPC: ServerJoin
03-20 21:52:31.907 21160 21538 I AXL : RPC: ScrSetPlayerName
03-20 21:52:31.907 21160 21538 I AXL : byteSuccess = 1
03-20 21:52:31.907 21160 21538 I AXL : RPC: ScrSetPlayerColor
03-20 21:52:32.007 21160 21510 I AXL : UNKNOWN KEY
03-20 21:52:32.007 21160 21510 I AXL : CKeyBoard::OnTouchEvent(2, 0, 87, 823)
03-20 21:52:32.043 21160 21510 I AXL : UNKNOWN KEY
03-20 21:52:32.043 21160 21510 I AXL : CKeyBoard::OnTouchEvent(1, 0, 87, 823)
03-20 21:52:32.182 21160 21510 I AXL : CKeyBoard::OnTouchEvent(2, 0, 2270, 856)
03-20 21:52:32.193 21160 21510 I AXL : CKeyBoard::OnTouchEvent(3, 0, 2270, 856)
03-20 21:52:32.208 21160 21510 I AXL : CKeyBoard::OnTouchEvent(3, 0, 2270, 856)
03-20 21:52:32.260 21160 21510 I AXL : CKeyBoard::OnTouchEvent(3, 0, 2270, 856)
03-20 21:52:32.275 21160 21510 I AXL : CKeyBoard::OnTouchEvent(3, 0, 2270, 856)
03-20 21:52:32.286 21160 21510 I AXL : CKeyBoard::OnTouchEvent(3, 0, 2270, 856)
03-20 21:52:32.291 21160 21510 I AXL : CKeyBoard::OnTouchEvent(1, 0, 2270, 856)
03-20 21:52:32.306 21160 21160 D Surface : lockCanvas
03-20 21:52:32.404 21160 21538 I AXL : RPC: ScrSetPlayerColor
03-20 21:52:32.510 21160 21510 I AXL : CKeyBoard::OnTouchEvent(2, 0, 1888, 827)
03-20 21:52:32.557 21160 21510 I AXL : CKeyBoard::OnTouchEvent(3, 0, 1888, 827)
03-20 21:52:32.567 21160 21510 I AXL : CKeyBoard::OnTouchEvent(3, 0, 1888, 827)
03-20 21:52:32.572 21160 21510 I AXL : CKeyBoard::OnTouchEvent(1, 0, 1888, 827)
03-20 21:52:32.587 21160 21160 D Surface : lockCanvas
03-20 21:52:32.815 21160 21538 I AXL : RPC: ServerJoin
03-20 21:52:32.865 21160 21538 I AXL : RPC: ScrSetPlayerName
03-20 21:52:32.865 21160 21538 I AXL : byteSuccess = 1
03-20 21:52:32.865 21160 21538 I AXL : RPC: ScrSetPlayerColor
03-20 21:52:33.454 21160 21510 I AXL : UNKNOWN KEY
03-20 21:52:33.454 21160 21510 I AXL : CKeyBoard::OnTouchEvent(2, 0, 88, 816)
03-20 21:52:33.473 21160 21538 I AXL : RPC: ServerJoin
03-20 21:52:33.473 21160 21538 I AXL : RPC: ScrSetPlayerName
03-20 21:52:33.473 21160 21538 I AXL : byteSuccess = 1
03-20 21:52:33.473 21160 21538 I AXL : RPC: ScrSetPlayerColor
03-20 21:52:33.490 21160 21510 I AXL : UNKNOWN KEY
03-20 21:52:33.491 21160 21510 I AXL : CKeyBoard::OnTouchEvent(1, 0, 88, 816)
03-20 21:52:33.750 21160 21510 I AXL : CKeyBoard::OnTouchEvent(2, 0, 1859, 804)
03-20 21:52:33.765 21160 21510 I AXL : CKeyBoard::OnTouchEvent(3, 0, 1859, 804)
03-20 21:52:33.817 21160 21510 I AXL : CKeyBoard::OnTouchEvent(3, 0, 1859, 804)
03-20 21:52:33.832 21160 21510 I AXL : CKeyBoard::OnTouchEvent(3, 0, 1859, 804)
03-20 21:52:33.837 21160 21510 I AXL : CKeyBoard::OnTouchEvent(3, 0, 1859, 804)
03-20 21:52:33.842 21160 21510 I AXL : CKeyBoard::OnTouchEvent(1, 0, 1859, 804)
03-20 21:52:33.845 21160 21160 D Surface : lockCanvas
03-20 21:52:33.904 21160 21538 I AXL : RPC: ScrSetPlayerColor
03-20 21:52:34.269 21160 21515 D AudioTrack: [audioTrackData][fine] 25s(f:25003 m:0
s:0 k:0 z:0) : pid 21160 uid 10036 sessionId 2585 sr 48000 ch 2 fmt 5
03-20 21:52:34.334 21160 21510 I AXL : UNKNOWN KEY
03-20 21:52:34.334 21160 21510 I AXL : CKeyBoard::OnTouchEvent(2, 0, 90, 774)
03-20 21:52:34.365 21160 21510 I AXL : UNKNOWN KEY
03-20 21:52:34.365 21160 21510 I AXL : CKeyBoard::OnTouchEvent(1, 0, 90, 774)
03-20 21:52:34.554 21160 21538 I AXL : RPC: ScrSetPlayerColor
03-20 21:52:34.554 21160 21538 I AXL : RPC: ScrSetPlayerColor
03-20 21:52:34.628 21160 21556 D AudioTrack: [audioTrackData][fine] 30s(f:30016 m:0
s:0 k:0 z:0) : pid 21160 uid 10036 sessionId 2593 sr 44100 ch 2 fmt 1
03-20 21:52:34.796 21160 21510 I AXL : CKeyBoard::OnTouchEvent(2, 0, 1954, 807)
03-20 21:52:34.807 21160 21510 I AXL : CKeyBoard::OnTouchEvent(3, 0, 1954, 807)
03-20 21:52:34.822 21160 21510 I AXL : CKeyBoard::OnTouchEvent(3, 0, 1954, 807)
03-20 21:52:34.827 21160 21510 I AXL : CKeyBoard::OnTouchEvent(1, 0, 1954, 807)
03-20 21:52:34.838 21160 21160 D Surface : lockCanvas
03-20 21:52:35.274 21160 21510 I AXL : UNKNOWN KEY
03-20 21:52:35.274 21160 21510 I AXL : CKeyBoard::OnTouchEvent(2, 0, 93, 811)
03-20 21:52:35.305 21160 21510 I AXL : UNKNOWN KEY
03-20 21:52:35.305 21160 21510 I AXL : CKeyBoard::OnTouchEvent(1, 0, 93, 811)
03-20 21:52:35.434 21160 21510 I AXL : CKeyBoard::OnTouchEvent(2, 0, 1873, 851)
03-20 21:52:35.455 21160 21510 I AXL : CKeyBoard::OnTouchEvent(3, 0, 1873, 851)
03-20 21:52:35.470 21160 21510 I AXL : CKeyBoard::OnTouchEvent(3, 0, 1873, 851)
03-20 21:52:35.485 21160 21510 I AXL : CKeyBoard::OnTouchEvent(3, 0, 1873, 851)
03-20 21:52:35.516 21160 21510 I AXL : CKeyBoard::OnTouchEvent(3, 0, 1873, 851)
03-20 21:52:35.527 21160 21510 I AXL : CKeyBoard::OnTouchEvent(3, 0, 1873, 851)
03-20 21:52:35.532 21160 21510 I AXL : CKeyBoard::OnTouchEvent(1, 0, 1873, 851)
03-20 21:52:35.533 21160 21160 D Surface : lockCanvas
03-20 21:52:35.858 21160 21510 I AXL : CKeyBoard::OnTouchEvent(2, 0, 87, 856)
03-20 21:52:35.889 21160 21510 I AXL : CKeyBoard::OnTouchEvent(1, 0, 87, 856)
03-20 21:52:36.214 21160 21510 I AXL : CKeyBoard::OnTouchEvent(2, 0, 1821, 774)
03-20 21:52:36.229 21160 21510 I AXL : CKeyBoard::OnTouchEvent(3, 0, 1821, 774)
03-20 21:52:36.265 21160 21510 I AXL : CKeyBoard::OnTouchEvent(3, 0, 1821, 774)
03-20 21:52:36.276 21160 21510 I AXL : CKeyBoard::OnTouchEvent(3, 0, 1821, 774)
03-20 21:52:36.276 21160 21510 I AXL : CKeyBoard::OnTouchEvent(1, 0, 1821, 774)
03-20 21:52:36.278 21160 21160 D Surface : lockCanvas
03-20 21:52:36.540 21160 21538 I AXL : RPC: ServerJoin
03-20 21:52:36.540 21160 21538 I AXL : RPC: ScrSetPlayerName
03-20 21:52:36.540 21160 21538 I AXL : byteSuccess = 1
03-20 21:52:36.540 21160 21538 I AXL : RPC: ScrSetPlayerColor
03-20 21:52:36.655 21160 21538 I AXL : RPC: ServerJoin
03-20 21:52:36.655 21160 21538 I AXL : RPC: ScrSetPlayerName
03-20 21:52:36.655 21160 21538 I AXL : byteSuccess = 1
03-20 21:52:36.655 21160 21538 I AXL : RPC: ScrSetPlayerColor
03-20 21:52:36.716 21160 21510 I AXL : UNKNOWN KEY
03-20 21:52:36.716 21160 21510 I AXL : CKeyBoard::OnTouchEvent(2, 0, 82, 787)
03-20 21:52:36.752 21160 21510 I AXL : UNKNOWN KEY
03-20 21:52:36.752 21160 21510 I AXL : CKeyBoard::OnTouchEvent(1, 0, 82, 787)
03-20 21:52:36.805 21160 21510 I AXL : CKeyBoard::OnTouchEvent(2, 0, 1786, 726)
03-20 21:52:36.810 21160 21510 I AXL : CKeyBoard::OnTouchEvent(3, 0, 1786, 726)
03-20 21:52:36.825 21160 21510 I AXL : CKeyBoard::OnTouchEvent(3, 0, 1786, 726)
03-20 21:52:36.861 21160 21510 I AXL : CKeyBoard::OnTouchEvent(3, 0, 1786, 726)
03-20 21:52:36.861 21160 21510 I AXL : CKeyBoard::OnTouchEvent(3, 0, 1786, 726)
03-20 21:52:36.867 21160 21510 I AXL : CKeyBoard::OnTouchEvent(1, 0, 1786, 726)
03-20 21:52:36.874 21160 21160 D Surface : lockCanvas
03-20 21:52:37.117 21160 21538 I AXL : RPC: ScrSetPlayerColor
03-20 21:52:37.117 21160 21538 I AXL : RPC: ScrSetPlayerColor
03-20 21:52:37.200 21160 21538 I AXL : RPC: ScrSetPlayerColor
03-20 21:52:37.200 21160 21538 I AXL : RPC: ScrSetPlayerColor
03-20 21:52:37.614 21160 21538 I AXL : RPC: ScrSetPlayerColor
03-20 21:52:37.743 21160 21510 I AXL : CKeyBoard::OnTouchEvent(2, 0, 1791, 697)
03-20 21:52:37.754 21160 21510 I AXL : CKeyBoard::OnTouchEvent(3, 0, 1791, 697)
03-20 21:52:37.770 21160 21510 I AXL : CKeyBoard::OnTouchEvent(3, 0, 1791, 697)
03-20 21:52:37.801 21160 21510 I AXL : CKeyBoard::OnTouchEvent(3, 0, 1791, 697)
03-20 21:52:37.811 21160 21510 I AXL : CKeyBoard::OnTouchEvent(3, 0, 1791, 697)
03-20 21:52:37.816 21160 21510 I AXL : CKeyBoard::OnTouchEvent(1, 0, 1791, 697)
03-20 21:52:37.833 21160 21160 D Surface : lockCanvas
03-20 21:52:38.085 21160 21510 I AXL : CKeyBoard::OnTouchEvent(2, 0, 1772, 661)
03-20 21:52:38.100 21160 21510 I AXL : CKeyBoard::OnTouchEvent(3, 0, 1772, 661)
03-20 21:52:38.116 21160 21510 I AXL : CKeyBoard::OnTouchEvent(3, 0, 1772, 661)
03-20 21:52:38.131 21160 21510 I AXL : CKeyBoard::OnTouchEvent(3, 0, 1772, 661)
03-20 21:52:38.152 21160 21510 I AXL : CKeyBoard::OnTouchEvent(3, 0, 1772, 661)
03-20 21:52:38.168 21160 21510 I AXL : CKeyBoard::OnTouchEvent(3, 0, 1772, 661)
03-20 21:52:38.183 21160 21510 I AXL : CKeyBoard::OnTouchEvent(3, 0, 1772, 661)
03-20 21:52:38.188 21160 21510 I AXL : CKeyBoard::OnTouchEvent(1, 0, 1772, 661)
03-20 21:52:38.197 21160 21160 D Surface : lockCanvas
03-20 21:52:38.659 21160 21510 I AXL : CKeyBoard::OnTouchEvent(2, 0, 2271, 819)
03-20 21:52:38.695 21160 21510 I AXL : CKeyBoard::OnTouchEvent(3, 0, 2271, 819)
03-20 21:52:38.710 21160 21510 I AXL : CKeyBoard::OnTouchEvent(3, 0, 2271, 819)
03-20 21:52:38.716 21160 21510 I AXL : CKeyBoard::OnTouchEvent(1, 0, 2271, 819)
03-20 21:52:38.719 21160 21538 I AXL : Администратор Dennizz_Damage закрыл
телепорт на МП
03-20 21:52:38.727 21160 21160 D Surface : lockCanvas
03-20 21:52:38.743 21160 21160 I System.out: addChatViewMessage: {FFFF00} |
 Администратор Dennizz_Damage закрыл телепорт на МП
03-20 21:52:38.768 21160 21160 D Surface : lockCanvas
03-20 21:52:38.809 21160 21160 D Surface : lockCanvas
03-20 21:52:38.847 21160 21510 I AXL : CKeyBoard::OnTouchEvent(2, 0, 2270, 818)
03-20 21:52:38.899 21160 21510 I AXL : CKeyBoard::OnTouchEvent(3, 0, 2270, 818)
03-20 21:52:38.904 21160 21510 I AXL : CKeyBoard::OnTouchEvent(1, 0, 2270, 818)
03-20 21:52:38.909 21160 21160 D Surface : lockCanvas
03-20 21:52:39.007 21160 21510 I AXL : CKeyBoard::OnTouchEvent(2, 0, 2260, 810)
03-20 21:52:39.074 21160 21510 I AXL : CKeyBoard::OnTouchEvent(1, 0, 2260, 810)
03-20 21:52:39.091 21160 21160 D Surface : lockCanvas
03-20 21:52:39.177 21160 21510 I AXL : CKeyBoard::OnTouchEvent(2, 0, 2260, 810)
03-20 21:52:39.248 21160 21538 I AXL : RPC: ScrSetPlayerColor
03-20 21:52:39.253 21160 21510 I AXL : CKeyBoard::OnTouchEvent(3, 0, 2260, 810)
03-20 21:52:39.259 21160 21510 I AXL : CKeyBoard::OnTouchEvent(1, 0, 2260, 810)
03-20 21:52:39.266 21160 21515 D AudioTrack: [audioTrackData][fine] 30s(f:30000 m:0
s:0 k:0 z:0) : pid 21160 uid 10036 sessionId 2585 sr 48000 ch 2 fmt 5
03-20 21:52:39.273 21160 21160 D Surface : lockCanvas
03-20 21:52:39.404 21160 21510 I AXL : CKeyBoard::OnTouchEvent(2, 0, 2281, 842)
03-20 21:52:39.410 21160 21510 I AXL : CKeyBoard::OnTouchEvent(3, 0, 2281, 842)
03-20 21:52:39.471 21160 21510 I AXL : CKeyBoard::OnTouchEvent(3, 0, 2281, 842)
03-20 21:52:39.487 21160 21510 I AXL : CKeyBoard::OnTouchEvent(3, 0, 2281, 842)
03-20 21:52:39.487 21160 21510 I AXL : CKeyBoard::OnTouchEvent(1, 0, 2281, 842)
03-20 21:52:39.488 21160 21160 D Surface : lockCanvas
03-20 21:52:39.595 21160 21510 I AXL : CKeyBoard::OnTouchEvent(2, 0, 2298, 852)
03-20 21:52:39.605 21160 21510 I AXL : CKeyBoard::OnTouchEvent(3, 0, 2298, 852)
03-20 21:52:39.620 21160 21556 D AudioTrack: [audioTrackData][fine] 35s(f:35008 m:0
s:0 k:0 z:0) : pid 21160 uid 10036 sessionId 2593 sr 44100 ch 2 fmt 1
03-20 21:52:39.662 21160 21510 I AXL : CKeyBoard::OnTouchEvent(3, 0, 2298, 852)
03-20 21:52:39.672 21160 21510 I AXL : CKeyBoard::OnTouchEvent(3, 0, 2298, 852)
03-20 21:52:39.682 21160 21510 I AXL : CKeyBoard::OnTouchEvent(1, 0, 2298, 852)
03-20 21:52:39.687 21160 21160 D Surface : lockCanvas
03-20 21:52:39.791 21160 21510 I AXL : CKeyBoard::OnTouchEvent(2, 0, 2299, 853)
03-20 21:52:39.806 21160 21510 I AXL : CKeyBoard::OnTouchEvent(3, 0, 2299, 853)
03-20 21:52:39.822 21160 21510 I AXL : CKeyBoard::OnTouchEvent(3, 0, 2299, 853)
03-20 21:52:39.837 21160 21510 I AXL : CKeyBoard::OnTouchEvent(3, 0, 2299, 853)
03-20 21:52:39.853 21160 21510 I AXL : CKeyBoard::OnTouchEvent(3, 0, 2299, 853)
03-20 21:52:39.858 21160 21510 I AXL : CKeyBoard::OnTouchEvent(1, 0, 2299, 853)
03-20 21:52:39.869 21160 21160 D Surface : lockCanvas
03-20 21:52:39.961 21160 21510 I AXL : CKeyBoard::OnTouchEvent(2, 0, 2306, 850)
03-20 21:52:39.972 21160 21510 I AXL : CKeyBoard::OnTouchEvent(3, 0, 2306, 850)
03-20 21:52:39.987 21160 21510 I AXL : CKeyBoard::OnTouchEvent(3, 0, 2306, 850)
03-20 21:52:40.365 21160 21160 D Surface : lockCanvas
03-20 21:52:40.398 21160 21160 D Surface : lockCanvas
03-20 21:52:40.416 21160 21160 D Surface : lockCanvas
03-20 21:52:40.448 21160 21160 D Surface : lockCanvas
03-20 21:52:40.467 21160 21160 D Surface : lockCanvas
03-20 21:52:40.497 21160 21160 D Surface : lockCanvas
03-20 21:52:40.516 21160 21160 D Surface : lockCanvas
03-20 21:52:40.547 21160 21160 D Surface : lockCanvas
03-20 21:52:40.567 21160 21510 I AXL : CKeyBoard::OnTouchEvent(3, 0, 2306, 850)
03-20 21:52:40.567 21160 21160 D Surface : lockCanvas
03-20 21:52:40.586 21160 21160 D Surface : lockCanvas
03-20 21:52:40.588 21160 21510 I AXL : CKeyBoard::OnTouchEvent(3, 0, 2306, 850)
03-20 21:52:40.606 21160 21160 D Surface : lockCanvas
03-20 21:52:40.630 21160 21160 D Surface : lockCanvas
03-20 21:52:40.696 21160 21510 I AXL : CKeyBoard::OnTouchEvent(3, 0, 2306, 850)
03-20 21:52:40.748 21160 21510 I AXL : CKeyBoard::OnTouchEvent(3, 0, 2306, 850)
03-20 21:52:40.927 21160 21510 I AXL : CKeyBoard::OnTouchEvent(3, 0, 2306, 850)
03-20 21:52:40.932 21160 21510 I AXL : CKeyBoard::OnTouchEvent(1, 0, 2306, 850)
03-20 21:52:40.944 21160 21160 D Surface : lockCanvas
03-20 21:52:41.036 21160 21510 I AXL : CKeyBoard::OnTouchEvent(2, 0, 2297, 834)
03-20 21:52:41.046 21160 21510 I AXL : CKeyBoard::OnTouchEvent(3, 0, 2297, 834)
03-20 21:52:41.097 21160 21510 I AXL : CKeyBoard::OnTouchEvent(3, 0, 2297, 834)
03-20 21:52:41.113 21160 21510 I AXL : CKeyBoard::OnTouchEvent(3, 0, 2297, 834)
03-20 21:52:41.118 21160 21510 I AXL : CKeyBoard::OnTouchEvent(1, 0, 2297, 834)
03-20 21:52:41.126 21160 21160 D Surface : lockCanvas
03-20 21:52:41.211 21160 21510 I AXL : CKeyBoard::OnTouchEvent(2, 0, 2292, 851)
03-20 21:52:41.226 21160 21510 I AXL : CKeyBoard::OnTouchEvent(3, 0, 2292, 851)
03-20 21:52:41.262 21160 21510 I AXL : CKeyBoard::OnTouchEvent(3, 0, 2292, 851)
03-20 21:52:41.278 21160 21510 I AXL : CKeyBoard::OnTouchEvent(3, 0, 2292, 851)
03-20 21:52:41.293 21160 21510 I AXL : CKeyBoard::OnTouchEvent(3, 0, 2292, 851)
03-20 21:52:41.298 21160 21510 I AXL : CKeyBoard::OnTouchEvent(1, 0, 2292, 851)
03-20 21:52:41.309 21160 21160 D Surface : lockCanvas
03-20 21:52:41.370 21160 21510 I AXL : CKeyBoard::OnTouchEvent(2, 0, 2294, 850)
03-20 21:52:41.400 21160 21538 I AXL : RPC: ServerJoin
03-20 21:52:41.400 21160 21538 I AXL : RPC: ScrSetPlayerName
03-20 21:52:41.400 21160 21538 I AXL : byteSuccess = 1
03-20 21:52:41.400 21160 21538 I AXL : RPC: ScrSetPlayerColor
03-20 21:52:41.457 21160 21510 I AXL : CKeyBoard::OnTouchEvent(3, 0, 2294, 850)
03-20 21:52:41.478 21160 21510 I AXL : CKeyBoard::OnTouchEvent(3, 0, 2294, 850)
03-20 21:52:41.515 21160 21538 I AXL : RPC: ScrSetPlayerColor
03-20 21:52:41.515 21160 21538 I AXL : RPC: ScrSetPlayerColor
03-20 21:52:41.545 21160 21510 I AXL : CKeyBoard::OnTouchEvent(3, 0, 2294, 850)
03-20 21:52:41.560 21160 21510 I AXL : CKeyBoard::OnTouchEvent(3, 0, 2294, 850)
03-20 21:52:41.642 21160 21510 I AXL : CKeyBoard::OnTouchEvent(3, 0, 2294, 850)
03-20 21:52:41.652 21160 21510 I AXL : CKeyBoard::OnTouchEvent(1, 0, 2294, 850)
03-20 21:52:41.656 21160 21160 D Surface : lockCanvas
03-20 21:52:41.755 21160 21510 I AXL : CKeyBoard::OnTouchEvent(2, 0, 2308, 867)
03-20 21:52:41.791 21160 21510 I AXL : CKeyBoard::OnTouchEvent(3, 0, 2308, 867)
03-20 21:52:41.807 21160 21510 I AXL : CKeyBoard::OnTouchEvent(3, 0, 2308, 867)
03-20 21:52:41.822 21160 21510 I AXL : CKeyBoard::OnTouchEvent(3, 0, 2308, 867)
03-20 21:52:41.837 21160 21510 I AXL : CKeyBoard::OnTouchEvent(3, 0, 2308, 867)
03-20 21:52:41.843 21160 21510 I AXL : CKeyBoard::OnTouchEvent(1, 0, 2308, 867)
03-20 21:52:41.855 21160 21160 D Surface : lockCanvas
03-20 21:52:41.982 21160 21510 I AXL : CKeyBoard::OnTouchEvent(2, 0, 2309, 868)
03-20 21:52:42.008 21160 21510 I AXL : CKeyBoard::OnTouchEvent(3, 0, 2309, 868)
03-20 21:52:42.039 21160 21510 I AXL : CKeyBoard::OnTouchEvent(3, 0, 2309, 868)
03-20 21:52:42.049 21160 21510 I AXL : CKeyBoard::OnTouchEvent(3, 0, 2309, 868)
03-20 21:52:42.049 21160 21510 I AXL : CKeyBoard::OnTouchEvent(1, 0, 2309, 868)
03-20 21:52:42.053 21160 21160 D Surface : lockCanvas
03-20 21:52:42.188 21160 21510 I AXL : CKeyBoard::OnTouchEvent(2, 0, 2308, 868)
03-20 21:52:42.204 21160 21510 I AXL : CKeyBoard::OnTouchEvent(3, 0, 2308, 868)
03-20 21:52:42.219 21160 21510 I AXL : CKeyBoard::OnTouchEvent(3, 0, 2308, 868)
03-20 21:52:42.235 21160 21510 I AXL : CKeyBoard::OnTouchEvent(3, 0, 2308, 868)
03-20 21:52:42.255 21160 21510 I AXL : CKeyBoard::OnTouchEvent(3, 0, 2308, 868)
03-20 21:52:42.261 21160 21510 I AXL : CKeyBoard::OnTouchEvent(1, 0, 2308, 868)
03-20 21:52:42.268 21160 21160 D Surface : lockCanvas
03-20 21:52:42.386 21160 21510 I AXL : CKeyBoard::OnTouchEvent(2, 0, 2307, 868)
03-20 21:52:42.401 21160 21510 I AXL : CKeyBoard::OnTouchEvent(3, 0, 2307, 868)
03-20 21:52:42.411 21160 21538 I AXL : RPC: ServerJoin
03-20 21:52:42.411 21160 21538 I AXL : RPC: ScrSetPlayerName
03-20 21:52:42.411 21160 21538 I AXL : byteSuccess = 1
03-20 21:52:42.411 21160 21538 I AXL : RPC: ScrSetPlayerColor
03-20 21:52:42.417 21160 21510 I AXL : CKeyBoard::OnTouchEvent(3, 0, 2307, 868)
03-20 21:52:42.437 21160 21510 I AXL : CKeyBoard::OnTouchEvent(3, 0, 2307, 868)
03-20 21:52:42.448 21160 21510 I AXL : CKeyBoard::OnTouchEvent(3, 0, 2307, 868)
03-20 21:52:42.453 21160 21510 I AXL : CKeyBoard::OnTouchEvent(1, 0, 2307, 868)
03-20 21:52:42.467 21160 21160 D Surface : lockCanvas
03-20 21:52:42.566 21160 21510 I AXL : CKeyBoard::OnTouchEvent(2, 0, 2294, 863)
03-20 21:52:42.586 21160 21510 I AXL : CKeyBoard::OnTouchEvent(3, 0, 2294, 863)
03-20 21:52:42.607 21160 21538 I AXL : RPC: ScrSetPlayerName
03-20 21:52:42.607 21160 21538 I AXL : byteSuccess = 1
03-20 21:52:42.633 21160 21510 I AXL : CKeyBoard::OnTouchEvent(3, 0, 2294, 863)
03-20 21:52:42.641 21160 21538 I AXL : RPC: ScrSetPlayerColor
03-20 21:52:42.641 21160 21538 I AXL : RPC: StopObject
03-20 21:52:42.643 21160 21510 I AXL : CKeyBoard::OnTouchEvent(3, 0, 2294, 863)
03-20 21:52:42.648 21160 21510 I AXL : CKeyBoard::OnTouchEvent(1, 0, 2294, 863)
03-20 21:52:42.665 21160 21160 D Surface : lockCanvas
03-20 21:52:42.767 21160 21510 I AXL : CKeyBoard::OnTouchEvent(2, 0, 2294, 864)
03-20 21:52:42.782 21160 21510 I AXL : CKeyBoard::OnTouchEvent(3, 0, 2294, 864)
03-20 21:52:42.818 21160 21510 I AXL : CKeyBoard::OnTouchEvent(3, 0, 2294, 864)
03-20 21:52:42.833 21160 21510 I AXL : CKeyBoard::OnTouchEvent(3, 0, 2294, 864)
03-20 21:52:42.839 21160 21510 I AXL : CKeyBoard::OnTouchEvent(3, 0, 2294, 864)
03-20 21:52:42.844 21160 21510 I AXL : CKeyBoard::OnTouchEvent(1, 0, 2294, 864)
03-20 21:52:42.847 21160 21160 D Surface : lockCanvas
03-20 21:52:42.947 21160 21510 I AXL : CKeyBoard::OnTouchEvent(2, 0, 2278, 871)
03-20 21:52:42.967 21160 21510 I AXL : CKeyBoard::OnTouchEvent(3, 0, 2278, 871)
03-20 21:52:42.983 21160 21510 I AXL : CKeyBoard::OnTouchEvent(3, 0, 2278, 871)
03-20 21:52:42.998 21160 21510 I AXL : CKeyBoard::OnTouchEvent(3, 0, 2278, 871)
03-20 21:52:43.014 21160 21510 I AXL : CKeyBoard::OnTouchEvent(3, 0, 2278, 871)
03-20 21:52:43.029 21160 21510 I AXL : CKeyBoard::OnTouchEvent(3, 0, 2278, 871)
03-20 21:52:43.034 21160 21510 I AXL : CKeyBoard::OnTouchEvent(1, 0, 2278, 871)
03-20 21:52:43.046 21160 21160 D Surface : lockCanvas
03-20 21:52:43.127 21160 21510 I AXL : CKeyBoard::OnTouchEvent(2, 0, 2280, 890)
03-20 21:52:43.132 21160 21510 I AXL : CKeyBoard::OnTouchEvent(3, 0, 2280, 890)
03-20 21:52:43.148 21160 21510 I AXL : CKeyBoard::OnTouchEvent(3, 0, 2280, 890)
03-20 21:52:43.214 21160 21510 I AXL : CKeyBoard::OnTouchEvent(3, 0, 2280, 890)
03-20 21:52:43.220 21160 21510 I AXL : CKeyBoard::OnTouchEvent(3, 0, 2280, 890)
03-20 21:52:43.220 21160 21510 I AXL : CKeyBoard::OnTouchEvent(1, 0, 2280, 890)
03-20 21:52:43.228 21160 21160 D Surface : lockCanvas
03-20 21:52:43.270 21160 21538 I AXL : RPC: ServerJoin
03-20 21:52:43.270 21160 21538 I AXL : RPC: ScrSetPlayerName
03-20 21:52:43.270 21160 21538 I AXL : byteSuccess = 1
03-20 21:52:43.270 21160 21538 I AXL : RPC: ScrSetPlayerColor
03-20 21:52:43.338 21160 21510 I AXL : CKeyBoard::OnTouchEvent(2, 0, 2287, 878)
03-20 21:52:43.348 21160 21510 I AXL : CKeyBoard::OnTouchEvent(3, 0, 2287, 878)
03-20 21:52:43.410 21160 21510 I AXL : CKeyBoard::OnTouchEvent(3, 0, 2287, 878)
03-20 21:52:43.426 21160 21510 I AXL : CKeyBoard::OnTouchEvent(1, 0, 2287, 878)
03-20 21:52:43.443 21160 21160 D Surface : lockCanvas
03-20 21:52:43.736 21160 21510 I AXL : CKeyBoard::OnTouchEvent(2, 0, 2288, 879)
03-20 21:52:43.752 21160 21510 I AXL : CKeyBoard::OnTouchEvent(3, 0, 2288, 879)
03-20 21:52:43.762 21160 21510 I AXL : CKeyBoard::OnTouchEvent(3, 0, 2288, 879)
03-20 21:52:43.777 21160 21510 I AXL : CKeyBoard::OnTouchEvent(3, 0, 2288, 879)
03-20 21:52:43.793 21160 21510 I AXL : CKeyBoard::OnTouchEvent(3, 0, 2288, 879)
03-20 21:52:43.798 21160 21510 I AXL : CKeyBoard::OnTouchEvent(1, 0, 2288, 879)
03-20 21:52:43.808 21160 21160 D Surface : lockCanvas
03-20 21:52:44.037 21160 21538 I AXL : RPC: ScrSetPlayerColor
03-20 21:52:44.181 21160 21510 I AXL : CKeyBoard::OnTouchEvent(2, 0, 1902, 925)
03-20 21:52:44.207 21160 21510 I AXL : CKeyBoard::OnTouchEvent(3, 0, 1902, 925)
03-20 21:52:44.222 21160 21510 I AXL : CKeyBoard::OnTouchEvent(3, 0, 1902, 925)
03-20 21:52:44.238 21160 21510 I AXL : CKeyBoard::OnTouchEvent(3, 0, 1902, 925)
03-20 21:52:44.238 21160 21510 I AXL : CKeyBoard::OnTouchEvent(1, 0, 1902, 925)
03-20 21:52:44.254 21160 21160 D Surface : lockCanvas
03-20 21:52:44.269 21160 21515 D AudioTrack: [audioTrackData][fine] 35s(f:35003 m:0
s:0 k:0 z:0) : pid 21160 uid 10036 sessionId 2585 sr 48000 ch 2 fmt 5
03-20 21:52:44.566 21160 21510 I AXL : CKeyBoard::OnTouchEvent(2, 0, 1902, 894)
03-20 21:52:44.586 21160 21510 I AXL : CKeyBoard::OnTouchEvent(3, 0, 1902, 894)
03-20 21:52:44.612 21160 21556 D AudioTrack: [audioTrackData][fine] 40s(f:40000 m:0
s:0 k:0 z:0) : pid 21160 uid 10036 sessionId 2593 sr 44100 ch 2 fmt 1
03-20 21:52:44.622 21160 21510 I AXL : CKeyBoard::OnTouchEvent(3, 0, 1902, 894)
03-20 21:52:44.628 21160 21510 I AXL : CKeyBoard::OnTouchEvent(3, 0, 1902, 894)
03-20 21:52:44.628 21160 21510 I AXL : CKeyBoard::OnTouchEvent(1, 0, 1902, 894)
03-20 21:52:44.634 21160 21160 D Surface : lockCanvas
03-20 21:52:45.426 21160 21538 I AXL : RPC: ScrSetPlayerColor
03-20 21:52:45.427 21160 21538 I AXL : RPC: ScrSetPlayerColor
03-20 21:52:45.597 21160 21510 I AXL : CKeyBoard::OnTouchEvent(2, 0, 2267, 998)
03-20 21:52:45.612 21160 21510 I AXL : CKeyBoard::OnTouchEvent(3, 0, 2267, 998)
03-20 21:52:45.694 21160 21510 I AXL : CKeyBoard::OnTouchEvent(3, 0, 2267, 998)
03-20 21:52:45.700 21160 21510 I AXL : CKeyBoard::OnTouchEvent(3, 0, 2267, 998)
03-20 21:52:45.705 21160 21510 I AXL : CKeyBoard::OnTouchEvent(1, 0, 2267, 998)
03-20 21:52:45.706 21160 21160 D AutofillManager: view not autofillable - not
passing ime action check
03-20 21:52:45.711 21160 21160 D Surface : lockCanvas
03-20 21:52:45.776 21160 21538 I AXL : CPlayerPed::TogglePlayerControllable
03-20 21:52:45.776 21160 21160 I System.out: ShowDialog: 10411 | 2 | MainMenu | [0]
Помощь по игре
03-20 21:52:45.776 21160 21160 I System.out: [1] Администрация
03-20 21:52:45.776 21160 21160 I System.out: [2] Настройки
03-20 21:52:45.776 21160 21160 I System.out: [3] Информация
03-20 21:52:45.776 21160 21160 I System.out: [4] Имущество
03-20 21:52:45.776 21160 21160 I System.out: [5] Квесты
03-20 21:52:45.776 21160 21160 I System.out: [6] Анимации
03-20 21:52:45.776 21160 21160 I System.out: [7] Рыбалка
03-20 21:52:45.776 21160 21160 I System.out: [8] Подарочное вращение
03-20 21:52:45.776 21160 21160 I System.out: [9] Донат
03-20 21:52:45.776 21160 21160 I System.out: [10] Личные вещи
03-20 21:52:45.776 21160 21160 I System.out: [11] Костюмы
03-20 21:52:45.776 21160 21160 I System.out: [12] Управление промокодом | » | x
03-20 21:52:46.015 21160 21160 D Surface : lockCanvas
03-20 21:52:46.026 21160 21538 I AXL : RPC: ServerJoin
03-20 21:52:46.026 21160 21538 I AXL : RPC: ScrSetPlayerName
03-20 21:52:46.026 21160 21538 I AXL : byteSuccess = 1
03-20 21:52:46.026 21160 21538 I AXL : RPC: ScrSetPlayerColor
03-20 21:52:46.026 21160 21538 I AXL : RPC: ScrSetPlayerColor
03-20 21:52:46.026 21160 21538 I AXL : RPC: ScrSetPlayerColor
03-20 21:52:46.091 21160 21160 D Surface : lockCanvas
03-20 21:52:46.106 21160 21538 I AXL : RPC: ServerJoin
03-20 21:52:46.106 21160 21538 I AXL : RPC: ScrSetPlayerName
03-20 21:52:46.106 21160 21538 I AXL : byteSuccess = 1
03-20 21:52:46.106 21160 21538 I AXL : RPC: ScrSetPlayerColor
03-20 21:52:47.328 21160 21538 I AXL : RPC: ScrSetPlayerColor
03-20 21:52:47.483 21160 21538 I AXL : RPC: ScrSetPlayerColor
03-20 21:52:47.484 21160 21538 I AXL : RPC: ScrSetPlayerColor
03-20 21:52:47.531 21160 21538 I AXL : Администратор Winterweg_Loveless
заблокировал чат игрока Miracle_Unique на 30 минут. Причина: flood
03-20 21:52:47.532 21160 21160 I System.out: addChatViewMessage: {FF6347} |
 Администратор Winterweg_Loveless заблокировал чат игрока&
#160;Miracle_Unique на 30 минут. Причина: flood
03-20 21:52:47.572 21160 21160 D Surface : lockCanvas
03-20 21:52:47.651 21160 21160 D Surface : lockCanvas
03-20 21:52:47.727 21160 21538 I AXL : RPC: ScrSetPlayerName
03-20 21:52:47.727 21160 21538 I AXL : byteSuccess = 1
03-20 21:52:47.846 21160 21160 D Surface : lockCanvas
03-20 21:52:47.874 21160 21160 D Surface : lockCanvas
03-20 21:52:47.902 21160 21160 D Surface : lockCanvas
03-20 21:52:47.933 21160 21160 D Surface : lockCanvas
03-20 21:52:47.968 21160 21160 D Surface : lockCanvas
03-20 21:52:47.995 21160 21160 D Surface : lockCanvas
03-20 21:52:48.027 21160 21160 D Surface : lockCanvas
03-20 21:52:48.062 21160 21160 D Surface : lockCanvas
03-20 21:52:48.091 21160 21160 D Surface : lockCanvas
03-20 21:52:48.118 21160 21160 D Surface : lockCanvas
03-20 21:52:48.146 21160 21160 D Surface : lockCanvas
03-20 21:52:48.179 21160 21160 D Surface : lockCanvas
03-20 21:52:48.209 21160 21160 D Surface : lockCanvas
03-20 21:52:48.236 21160 21160 D Surface : lockCanvas
03-20 21:52:48.268 21160 21160 D Surface : lockCanvas
03-20 21:52:48.296 21160 21160 D Surface : lockCanvas
03-20 21:52:48.327 21160 21160 D Surface : lockCanvas
03-20 21:52:48.339 21160 21538 I AXL : RPC: ScrSetPlayerColor
03-20 21:52:48.358 21160 21160 D Surface : lockCanvas
03-20 21:52:48.386 21160 21160 D Surface : lockCanvas
03-20 21:52:48.414 21160 21160 D Surface : lockCanvas
03-20 21:52:48.446 21160 21160 D Surface : lockCanvas
03-20 21:52:48.477 21160 21160 D Surface : lockCanvas
03-20 21:52:48.510 21160 21160 D Surface : lockCanvas
03-20 21:52:48.539 21160 21160 D Surface : lockCanvas
03-20 21:52:48.565 21160 21160 D Surface : lockCanvas
03-20 21:52:48.594 21160 21160 D Surface : lockCanvas
03-20 21:52:48.629 21160 21160 D Surface : lockCanvas
03-20 21:52:48.658 21160 21160 D Surface : lockCanvas
03-20 21:52:48.690 21160 21160 D Surface : lockCanvas
03-20 21:52:48.717 21160 21160 D Surface : lockCanvas
03-20 21:52:48.745 21160 21160 D Surface : lockCanvas
03-20 21:52:48.779 21160 21160 D Surface : lockCanvas
03-20 21:52:48.807 21160 21160 D Surface : lockCanvas
03-20 21:52:48.819 21160 21538 I AXL : RPC: ServerJoin
03-20 21:52:48.819 21160 21538 I AXL : RPC: ScrSetPlayerName
03-20 21:52:48.819 21160 21538 I AXL : byteSuccess = 1
03-20 21:52:48.819 21160 21538 I AXL : RPC: ScrSetPlayerColor
03-20 21:52:48.819 21160 21538 I AXL : RPC: ScrSetPlayerColor
03-20 21:52:48.819 21160 21538 I AXL : RPC: ScrSetPlayerColor
03-20 21:52:48.840 21160 21160 D Surface : lockCanvas
03-20 21:52:48.869 21160 21160 D Surface : lockCanvas
03-20 21:52:48.898 21160 21160 D Surface : lockCanvas
03-20 21:52:48.926 21160 21160 D Surface : lockCanvas
03-20 21:52:48.956 21160 21160 D Surface : lockCanvas
03-20 21:52:48.987 21160 21160 D Surface : lockCanvas
03-20 21:52:49.014 21160 21160 D Surface : lockCanvas
03-20 21:52:49.047 21160 21160 D Surface : lockCanvas
03-20 21:52:49.076 21160 21160 D Surface : lockCanvas
03-20 21:52:49.107 21160 21160 D Surface : lockCanvas
03-20 21:52:49.135 21160 21160 D Surface : lockCanvas
03-20 21:52:49.163 21160 21160 D Surface : lockCanvas
03-20 21:52:49.196 21160 21160 D Surface : lockCanvas
03-20 21:52:49.241 21160 21160 D Surface : lockCanvas
03-20 21:52:49.267 21160 21515 D AudioTrack: [audioTrackData][fine] 40s(f:40001 m:0
s:0 k:0 z:0) : pid 21160 uid 10036 sessionId 2585 sr 48000 ch 2 fmt 5
03-20 21:52:49.280 21160 21160 D Surface : lockCanvas
03-20 21:52:49.320 21160 21160 D Surface : lockCanvas
03-20 21:52:49.366 21160 21160 D Surface : lockCanvas
03-20 21:52:49.403 21160 21160 D Surface : lockCanvas
03-20 21:52:49.442 21160 21160 D Surface : lockCanvas
03-20 21:52:49.479 21160 21160 D Surface : lockCanvas
03-20 21:52:49.517 21160 21160 D Surface : lockCanvas
03-20 21:52:49.549 21160 21160 D Surface : lockCanvas
03-20 21:52:49.579 21160 21160 D Surface : lockCanvas
03-20 21:52:49.611 21160 21160 D Surface : lockCanvas
03-20 21:52:49.612 21160 21538 I AXL : RPC: ScrSetPlayerColor
03-20 21:52:49.622 21160 21556 D AudioTrack: [audioTrackData][fine] 45s(f:45010 m:0
s:0 k:0 z:0) : pid 21160 uid 10036 sessionId 2593 sr 44100 ch 2 fmt 1
03-20 21:52:49.642 21160 21160 D Surface : lockCanvas
03-20 21:52:49.670 21160 21160 D Surface : lockCanvas
03-20 21:52:49.700 21160 21160 D Surface : lockCanvas
03-20 21:52:49.732 21160 21160 D Surface : lockCanvas
03-20 21:52:49.762 21160 21160 D Surface : lockCanvas
03-20 21:52:49.793 21160 21160 D Surface : lockCanvas
03-20 21:52:49.825 21160 21160 D Surface : lockCanvas
03-20 21:52:49.866 21160 21160 D Surface : lockCanvas
03-20 21:52:50.621 21160 21538 I AXL : RPC: ServerJoin
03-20 21:52:50.621 21160 21538 I AXL : RPC: ScrSetPlayerName
03-20 21:52:50.621 21160 21538 I AXL : byteSuccess = 1
03-20 21:52:50.621 21160 21538 I AXL : RPC: ScrSetPlayerColor
03-20 21:52:50.990 21160 21160 D Surface : lockCanvas
03-20 21:52:51.015 21160 21160 D Surface : lockCanvas
03-20 21:52:51.016 21160 21538 I AXL : RPC: ScrSetPlayerColor
03-20 21:52:51.041 21160 21160 D Surface : lockCanvas
03-20 21:52:51.071 21160 21160 D Surface : lockCanvas
03-20 21:52:51.097 21160 21160 D Surface : lockCanvas
03-20 21:52:51.124 21160 21160 D Surface : lockCanvas
03-20 21:52:51.156 21160 21160 D Surface : lockCanvas
03-20 21:52:51.183 21160 21160 D Surface : lockCanvas
03-20 21:52:51.210 21160 21160 D Surface : lockCanvas
03-20 21:52:51.239 21160 21160 D Surface : lockCanvas
03-20 21:52:51.272 21160 21160 D Surface : lockCanvas
03-20 21:52:51.311 21160 21160 D Surface : lockCanvas
03-20 21:52:51.338 21160 21160 D Surface : lockCanvas
03-20 21:52:51.372 21160 21160 D Surface : lockCanvas
03-20 21:52:51.404 21160 21160 D Surface : lockCanvas
03-20 21:52:51.433 21160 21160 D Surface : lockCanvas
03-20 21:52:51.459 21160 21160 D Surface : lockCanvas
03-20 21:52:51.487 21160 21160 D Surface : lockCanvas
03-20 21:52:51.517 21160 21160 D Surface : lockCanvas
03-20 21:52:51.546 21160 21160 D Surface : lockCanvas
03-20 21:52:51.585 21160 21160 D Surface : lockCanvas
03-20 21:52:51.612 21160 21160 D Surface : lockCanvas
03-20 21:52:51.642 21160 21160 D Surface : lockCanvas
03-20 21:52:51.671 21160 21160 D Surface : lockCanvas
03-20 21:52:51.701 21160 21160 D Surface : lockCanvas
03-20 21:52:51.730 21160 21160 D Surface : lockCanvas
03-20 21:52:51.757 21160 21160 D Surface : lockCanvas
03-20 21:52:51.785 21160 21160 D Surface : lockCanvas
03-20 21:52:52.381 21160 21160 D Surface : lockCanvas
03-20 21:52:52.412 21160 21160 D Surface : lockCanvas
03-20 21:52:52.438 21160 21160 D Surface : lockCanvas
03-20 21:52:52.466 21160 21160 D Surface : lockCanvas
03-20 21:52:52.497 21160 21160 D Surface : lockCanvas
03-20 21:52:52.525 21160 21160 D Surface : lockCanvas
03-20 21:52:52.552 21160 21160 D Surface : lockCanvas
03-20 21:52:52.561 21160 21538 I AXL : RPC: ScrSetPlayerColor
03-20 21:52:52.561 21160 21538 I AXL : RPC: ScrSetPlayerColor
03-20 21:52:52.579 21160 21160 D Surface : lockCanvas
03-20 21:52:52.605 21160 21538 I AXL : RPC: ScrSetPlayerColor
03-20 21:52:52.611 21160 21160 D Surface : lockCanvas
03-20 21:52:52.642 21160 21160 D Surface : lockCanvas
03-20 21:52:52.672 21160 21160 D Surface : lockCanvas
03-20 21:52:52.700 21160 21160 D Surface : lockCanvas
03-20 21:52:52.727 21160 21160 D Surface : lockCanvas
03-20 21:52:52.759 21160 21160 D Surface : lockCanvas
03-20 21:52:52.786 21160 21160 D Surface : lockCanvas
03-20 21:52:52.813 21160 21160 D Surface : lockCanvas
03-20 21:52:52.842 21160 21160 D Surface : lockCanvas
03-20 21:52:52.869 21160 21160 D Surface : lockCanvas
03-20 21:52:52.898 21160 21160 D Surface : lockCanvas
03-20 21:52:52.930 21160 21160 D Surface : lockCanvas
03-20 21:52:52.956 21160 21538 I AXL : RPC: ServerJoin
03-20 21:52:52.956 21160 21538 I AXL : RPC: ScrSetPlayerName
03-20 21:52:52.956 21160 21538 I AXL : byteSuccess = 1
03-20 21:52:52.956 21160 21538 I AXL : RPC: ScrSetPlayerColor
03-20 21:52:52.959 21160 21160 D Surface : lockCanvas
03-20 21:52:52.987 21160 21160 D Surface : lockCanvas
03-20 21:52:53.016 21160 21160 D Surface : lockCanvas
03-20 21:52:53.043 21160 21160 D Surface : lockCanvas
03-20 21:52:53.073 21160 21160 D Surface : lockCanvas
03-20 21:52:53.099 21160 21160 D Surface : lockCanvas
03-20 21:52:53.129 21160 21160 D Surface : lockCanvas
03-20 21:52:53.162 21160 21160 D Surface : lockCanvas
03-20 21:52:53.199 21160 21160 D Surface : lockCanvas
03-20 21:52:53.229 21160 21160 D Surface : lockCanvas
03-20 21:52:53.260 21160 21160 D Surface : lockCanvas
03-20 21:52:53.294 21160 21160 D Surface : lockCanvas
03-20 21:52:53.575 21160 21160 D Surface : lockCanvas
03-20 21:52:53.601 21160 21160 D Surface : lockCanvas
03-20 21:52:53.627 21160 21160 D Surface : lockCanvas
03-20 21:52:53.654 21160 21160 D Surface : lockCanvas
03-20 21:52:53.687 21160 21160 D Surface : lockCanvas
03-20 21:52:53.917 21160 21538 I AXL : RPC: ScrSetPlayerName
03-20 21:52:53.917 21160 21538 I AXL : byteSuccess = 1
03-20 21:52:54.131 21160 21538 I AXL : RPC: ServerJoin
03-20 21:52:54.131 21160 21538 I AXL : RPC: ScrSetPlayerName
03-20 21:52:54.131 21160 21538 I AXL : byteSuccess = 1
03-20 21:52:54.131 21160 21538 I AXL : RPC: ScrSetPlayerColor
03-20 21:52:54.269 21160 21515 D AudioTrack: [audioTrackData][fine] 45s(f:45003 m:0
s:0 k:0 z:0) : pid 21160 uid 10036 sessionId 2585 sr 48000 ch 2 fmt 5
03-20 21:52:54.409 21160 21538 I AXL : RPC: ScrSetPlayerColor
03-20 21:52:54.630 21160 21556 D AudioTrack: [audioTrackData][fine] 50s(f:50018 m:0
s:0 k:0 z:0) : pid 21160 uid 10036 sessionId 2593 sr 44100 ch 2 fmt 1
03-20 21:52:54.692 21160 21538 I AXL : RPC: ScrSetPlayerName
03-20 21:52:54.692 21160 21538 I AXL : byteSuccess = 1
03-20 21:52:54.692 21160 21538 I AXL : RPC: ScrSetPlayerColor
03-20 21:52:54.725 21160 21538 I AXL : RPC: ScrSetPlayerColor
03-20 21:52:54.725 21160 21538 I AXL : RPC: StopObject
03-20 21:52:54.977 21160 21160 I ImeTracker: com.evolve.roleplay:4f8fa96e:
onRequestHide at ORIGIN_CLIENT_HIDE_SOFT_INPUT reason HIDE_SOFT_INPUT
03-20 21:52:54.978 21160 21160 I AXL : CPlayerPed::TogglePlayerControllable
03-20 21:52:54.980 21160 21160 D Surface : lockCanvas
03-20 21:52:55.107 21160 21538 I AXL : CPlayerPed::TogglePlayerControllable
03-20 21:52:55.108 21160 21160 I System.out: ShowDialog: 10412 | 2 | Помощь по игре
| [0] Задать вопрос по игре
03-20 21:52:55.108 21160 21160 I System.out: [1] Список помощников
03-20 21:52:55.108 21160 21160 I System.out: [2] Правила сервера
03-20 21:52:55.108 21160 21160 I System.out: [3] Команды сервера | » | «
03-20 21:52:55.190 21160 21160 D Surface : lockCanvas
03-20 21:52:55.192 21160 21538 I AXL : RPC: ServerJoin
03-20 21:52:55.192 21160 21538 I AXL : RPC: ScrSetPlayerName
03-20 21:52:55.192 21160 21538 I AXL : byteSuccess = 1
03-20 21:52:55.192 21160 21538 I AXL : RPC: ScrSetPlayerColor
03-20 21:52:55.247 21160 21160 D Surface : lockCanvas
03-20 21:52:56.020 21160 21538 I AXL : RPC: ScrSetPlayerColor
03-20 21:52:56.020 21160 21538 I AXL : RPC: ScrSetPlayerColor
03-20 21:52:56.583 21160 21160 D Surface : lockCanvas
03-20 21:52:56.605 21160 21160 D Surface : lockCanvas
03-20 21:52:56.632 21160 21160 D Surface : lockCanvas
03-20 21:52:56.659 21160 21160 D Surface : lockCanvas
03-20 21:52:56.683 21160 21160 D Surface : lockCanvas
03-20 21:52:56.712 21160 21160 D Surface : lockCanvas
03-20 21:52:56.736 21160 21160 D Surface : lockCanvas
03-20 21:52:56.765 21160 21160 D Surface : lockCanvas
03-20 21:52:56.790 21160 21160 D Surface : lockCanvas
03-20 21:52:56.821 21160 21160 D Surface : lockCanvas
03-20 21:52:56.847 21160 21160 D Surface : lockCanvas
03-20 21:52:56.879 21160 21160 D Surface : lockCanvas
03-20 21:52:56.906 21160 21160 D Surface : lockCanvas
03-20 21:52:56.931 21160 21160 D Surface : lockCanvas
03-20 21:52:56.962 21160 21160 D Surface : lockCanvas
03-20 21:52:56.986 21160 21160 D Surface : lockCanvas
03-20 21:52:56.998 21160 21538 I AXL : RPC: ScrSetPlayerColor
03-20 21:52:57.013 21160 21160 D Surface : lockCanvas
03-20 21:52:57.044 21160 21160 D Surface : lockCanvas
03-20 21:52:57.070 21160 21160 D Surface : lockCanvas
03-20 21:52:57.109 21160 21160 D Surface : lockCanvas
03-20 21:52:57.135 21160 21160 D Surface : lockCanvas
03-20 21:52:57.158 21160 21538 I AXL : RPC: ServerJoin
03-20 21:52:57.158 21160 21538 I AXL : RPC: ScrSetPlayerName
03-20 21:52:57.158 21160 21538 I AXL : byteSuccess = 1
03-20 21:52:57.158 21160 21538 I AXL : RPC: ScrSetPlayerColor
03-20 21:52:57.162 21160 21160 D Surface : lockCanvas
03-20 21:52:57.189 21160 21160 D Surface : lockCanvas
03-20 21:52:57.205 21160 21538 I AXL : RPC: ServerJoin
03-20 21:52:57.205 21160 21538 I AXL : RPC: ScrSetPlayerName
03-20 21:52:57.205 21160 21538 I AXL : byteSuccess = 1
03-20 21:52:57.205 21160 21538 I AXL : RPC: ScrSetPlayerColor
03-20 21:52:57.439 21160 21538 I AXL : RPC: ScrSetPlayerColor
03-20 21:52:57.439 21160 21538 I AXL : RPC: ScrSetPlayerColor
03-20 21:52:57.551 21160 21538 I AXL : RPC: ScrSetPlayerColor
03-20 21:52:57.593 21160 21160 I ImeTracker: com.evolve.roleplay:b143362d:
onRequestHide at ORIGIN_CLIENT_HIDE_SOFT_INPUT reason HIDE_SOFT_INPUT
03-20 21:52:57.594 21160 21160 I AXL : CPlayerPed::TogglePlayerControllable
03-20 21:52:57.608 21160 21160 D Surface : lockCanvas
03-20 21:52:57.723 21160 21538 I AXL : CPlayerPed::TogglePlayerControllable
03-20 21:52:57.723 21160 21160 I System.out: ShowDialog: 10411 | 2 | MainMenu | [0]
Помощь по игре
03-20 21:52:57.724 21160 21160 I System.out: [1] Администрация
03-20 21:52:57.724 21160 21160 I System.out: [2] Настройки
03-20 21:52:57.724 21160 21160 I System.out: [3] Информация
03-20 21:52:57.724 21160 21160 I System.out: [4] Имущество
03-20 21:52:57.724 21160 21160 I System.out: [5] Квесты
03-20 21:52:57.724 21160 21160 I System.out: [6] Анимации
03-20 21:52:57.724 21160 21160 I System.out: [7] Рыбалка
03-20 21:52:57.724 21160 21160 I System.out: [8] Подарочное вращение
03-20 21:52:57.724 21160 21160 I System.out: [9] Донат
03-20 21:52:57.724 21160 21160 I System.out: [10] Личные вещи
03-20 21:52:57.724 21160 21160 I System.out: [11] Костюмы
03-20 21:52:57.724 21160 21160 I System.out: [12] Управление промокодом | » | «
03-20 21:52:57.925 21160 21160 D Surface : lockCanvas
03-20 21:52:57.986 21160 21538 I AXL : RPC: ScrSetPlayerName
03-20 21:52:57.986 21160 21538 I AXL : byteSuccess = 1
03-20 21:52:57.998 21160 21160 D Surface : lockCanvas
03-20 21:52:58.313 21160 21538 I AXL : RPC: ServerJoin
03-20 21:52:58.313 21160 21538 I AXL : RPC: ScrSetPlayerName
03-20 21:52:58.313 21160 21538 I AXL : byteSuccess = 1
03-20 21:52:58.313 21160 21538 I AXL : RPC: ScrSetPlayerColor
03-20 21:52:58.731 21160 21160 I ImeTracker: com.evolve.roleplay:de27d3e1:
onRequestHide at ORIGIN_CLIENT_HIDE_SOFT_INPUT reason HIDE_SOFT_INPUT
03-20 21:52:58.732 21160 21160 I AXL : CPlayerPed::TogglePlayerControllable
03-20 21:52:58.735 21160 21160 D Surface : lockCanvas
03-20 21:52:58.863 21160 21538 I AXL : RPC: ScrSetPlayerColor
03-20 21:52:59.093 21160 21538 I AXL : RPC: ServerJoin
03-20 21:52:59.093 21160 21538 I AXL : RPC: ScrSetPlayerName
03-20 21:52:59.093 21160 21538 I AXL : byteSuccess = 1
03-20 21:52:59.093 21160 21538 I AXL : RPC: ScrSetPlayerColor
03-20 21:52:59.266 21160 21515 D AudioTrack: [audioTrackData][fine] 50s(f:50000 m:0
s:0 k:0 z:0) : pid 21160 uid 10036 sessionId 2585 sr 48000 ch 2 fmt 5
03-20 21:52:59.622 21160 21556 D AudioTrack: [audioTrackData][fine] 55s(f:55010 m:0
s:0 k:0 z:0) : pid 21160 uid 10036 sessionId 2593 sr 44100 ch 2 fmt 1
03-20 21:52:59.635 21160 21538 I AXL : RPC: ServerJoin
03-20 21:52:59.635 21160 21538 I AXL : RPC: ScrSetPlayerName
03-20 21:52:59.635 21160 21538 I AXL : byteSuccess = 1
03-20 21:52:59.635 21160 21538 I AXL : RPC: ScrSetPlayerColor
03-20 21:53:00.068 21160 21538 I AXL : RPC: ScrSetPlayerColor
03-20 21:53:00.068 21160 21538 I AXL : RPC: ScrSetPlayerColor
03-20 21:53:00.360 21160 21510 I AXL : RPC_ClickTextDraw: 83
03-20 21:53:00.365 21160 21538 I AXL : ProcessPushedTextdraws-
>RPC_ClickTextDraw: 214
03-20 21:53:00.400 21160 21538 I AXL : CPlayerPed::TogglePlayerControllable
03-20 21:53:00.403 21160 21538 I AXL : RPC: ScrSetPlayerColor
03-20 21:53:00.403 21160 21538 I AXL : RPC: ScrSetSpawnInfo
03-20 21:53:00.403 21160 21538 I AXL : RPC: ScrTogglePlayerSpectating
03-20 21:53:00.404 21160 21538 I AXL : CPlayerPed::TogglePlayerControllable
03-20 21:53:00.407 21160 21538 I AXL : toggle: 0
03-20 21:53:00.407 21160 21538 I AXL : RPC: ScrSetCameraBehindPlayer
03-20 21:53:00.408 21160 21538 I AXL : RPC: ScrApplyPlayerAnimation
03-20 21:53:00.408 21160 21538 I AXL : INT_SHOP, null
03-20 21:53:00.422 21160 21160 D Surface : lockCanvas
03-20 21:53:00.427 21160 21538 I AXL : RPC: ScrApplyPlayerAnimation
03-20 21:53:00.428 21160 21538 I AXL : RAPPING, null
03-20 21:53:00.449 21160 21538 I AXL : RPC: ScrApplyPlayerAnimation
03-20 21:53:00.450 21160 21538 I AXL : SHOP, null
03-20 21:53:00.469 21160 21538 I AXL : RPC: ScrApplyPlayerAnimation
03-20 21:53:00.469 21160 21538 I AXL : BEACH, null
03-20 21:53:00.479 21160 21160 D Surface : lockCanvas
03-20 21:53:00.490 21160 21538 I AXL : RPC: ScrApplyPlayerAnimation
03-20 21:53:00.490 21160 21538 I AXL : SMOKING, null
03-20 21:53:00.490 21160 21538 I AXL : RPC: ScrApplyPlayerAnimation
03-20 21:53:00.490 21160 21538 I AXL : FOOD, null
03-20 21:53:00.509 21160 21538 I AXL : RPC: ScrApplyPlayerAnimation
03-20 21:53:00.509 21160 21538 I AXL : ON_LOOKERS, null
03-20 21:53:00.527 21160 21538 I AXL : RPC: ScrApplyPlayerAnimation
03-20 21:53:00.527 21160 21538 I AXL : DEALER, null
03-20 21:53:00.546 21160 21538 I AXL : RPC: ScrApplyPlayerAnimation
03-20 21:53:00.546 21160 21538 I AXL : CRACK, null
03-20 21:53:00.546 21160 21538 I AXL : RPC: ScrApplyPlayerAnimation
03-20 21:53:00.546 21160 21538 I AXL : COP_AMBIENT, null
03-20 21:53:00.564 21160 21538 I AXL : RPC: ScrApplyPlayerAnimation
03-20 21:53:00.565 21160 21538 I AXL : PARK, null
03-20 21:53:00.578 21160 21392 W BufferQueueProducer:
[SurfaceView[com.evolve.roleplay/com.evolve.roleplay.core.GTASA]#9(BLAST
Consumer)9](id:52a800000009,api:3,p:1151,c:21160) detachBuffer: slot 0 is not owned
by the producer (state = FREE)
03-20 21:53:00.579 21160 21392 W BufferQueueProducer:
[SurfaceView[com.evolve.roleplay/com.evolve.roleplay.core.GTASA]#9(BLAST
Consumer)9](id:52a800000009,api:3,p:1151,c:21160) detachBuffer: slot 1 is not owned
by the producer (state = FREE)
03-20 21:53:00.579 21160 21392 W BufferQueueProducer:
[SurfaceView[com.evolve.roleplay/com.evolve.roleplay.core.GTASA]#9(BLAST
Consumer)9](id:52a800000009,api:3,p:1151,c:21160) detachBuffer: slot 2 is not owned
by the producer (state = FREE)
03-20 21:53:00.580 21160 21392 W BufferQueueProducer:
[SurfaceView[com.evolve.roleplay/com.evolve.roleplay.core.GTASA]#9(BLAST
Consumer)9](id:52a800000009,api:3,p:1151,c:21160) detachBuffer: slot 3 is not owned
by the producer (state = FREE)
03-20 21:53:00.580 21160 21392 W BufferQueueProducer:
[SurfaceView[com.evolve.roleplay/com.evolve.roleplay.core.GTASA]#9(BLAST
Consumer)9](id:52a800000009,api:3,p:1151,c:21160) detachBuffer: slot 4 is not owned
by the producer (state = FREE)
03-20 21:53:00.580 21160 21392 W BufferQueueProducer:
[SurfaceView[com.evolve.roleplay/com.evolve.roleplay.core.GTASA]#9(BLAST
Consumer)9](id:52a800000009,api:3,p:1151,c:21160) detachBuffer: slot 5 is not owned
by the producer (state = FREE)
03-20 21:53:00.580 21160 21392 W BufferQueueProducer:
[SurfaceView[com.evolve.roleplay/com.evolve.roleplay.core.GTASA]#9(BLAST
Consumer)9](id:52a800000009,api:3,p:1151,c:21160) detachBuffer: slot 6 is not owned
by the producer (state = FREE)
03-20 21:53:00.581 21160 21392 W BufferQueueProducer:
[SurfaceView[com.evolve.roleplay/com.evolve.roleplay.core.GTASA]#9(BLAST
Consumer)9](id:52a800000009,api:3,p:1151,c:21160) detachBuffer: slot 7 is not owned
by the producer (state = FREE)
03-20 21:53:00.581 21160 21392 W BufferQueueProducer:
[SurfaceView[com.evolve.roleplay/com.evolve.roleplay.core.GTASA]#9(BLAST
Consumer)9](id:52a800000009,api:3,p:1151,c:21160) detachBuffer: slot 8 is not owned
by the producer (state = FREE)
03-20 21:53:00.581 21160 21392 W BufferQueueProducer:
[SurfaceView[com.evolve.roleplay/com.evolve.roleplay.core.GTASA]#9(BLAST
Consumer)9](id:52a800000009,api:3,p:1151,c:21160) detachBuffer: slot 9 is not owned
by the producer (state = FREE)
03-20 21:53:00.582 21160 21392 W BufferQueueProducer:
[SurfaceView[com.evolve.roleplay/com.evolve.roleplay.core.GTASA]#9(BLAST
Consumer)9](id:52a800000009,api:3,p:1151,c:21160) detachBuffer: slot 10 is not
owned by the producer (state = FREE)
03-20 21:53:00.582 21160 21392 W BufferQueueProducer:
[SurfaceView[com.evolve.roleplay/com.evolve.roleplay.core.GTASA]#9(BLAST
Consumer)9](id:52a800000009,api:3,p:1151,c:21160) detachBuffer: slot 11 is not
owned by the producer (state = FREE)
03-20 21:53:00.582 21160 21392 W BufferQueueProducer:
[SurfaceView[com.evolve.roleplay/com.evolve.roleplay.core.GTASA]#9(BLAST
Consumer)9](id:52a800000009,api:3,p:1151,c:21160) detachBuffer: slot 12 is not
owned by the producer (state = FREE)
03-20 21:53:00.582 21160 21538 I AXL : RPC: ScrApplyPlayerAnimation
03-20 21:53:00.582 21160 21538 I AXL : INT_HOUSE, null
03-20 21:53:00.583 21160 21538 I AXL : RPC: ScrApplyPlayerAnimation
03-20 21:53:00.583 21160 21538 I AXL : GANGS, null
03-20 21:53:00.583 21160 21392 W BufferQueueProducer:
[SurfaceView[com.evolve.roleplay/com.evolve.roleplay.core.GTASA]#9(BLAST
Consumer)9](id:52a800000009,api:3,p:1151,c:21160) detachBuffer: slot 13 is not
owned by the producer (state = FREE)
03-20 21:53:00.583 21160 21392 W BufferQueueProducer:
[SurfaceView[com.evolve.roleplay/com.evolve.roleplay.core.GTASA]#9(BLAST
Consumer)9](id:52a800000009,api:3,p:1151,c:21160) detachBuffer: slot 14 is not
owned by the producer (state = FREE)
03-20 21:53:00.583 21160 21392 W BufferQueueProducer:
[SurfaceView[com.evolve.roleplay/com.evolve.roleplay.core.GTASA]#9(BLAST
Consumer)9](id:52a800000009,api:3,p:1151,c:21160) detachBuffer: slot 15 is not
owned by the producer (state = FREE)
03-20 21:53:00.584 21160 21392 W BufferQueueProducer:
[SurfaceView[com.evolve.roleplay/com.evolve.roleplay.core.GTASA]#9(BLAST
Consumer)9](id:52a800000009,api:3,p:1151,c:21160) detachBuffer: slot 16 is not
owned by the producer (state = FREE)
03-20 21:53:00.585 21160 21392 W BufferQueueProducer:
[SurfaceView[com.evolve.roleplay/com.evolve.roleplay.core.GTASA]#9(BLAST
Consumer)9](id:52a800000009,api:3,p:1151,c:21160) detachBuffer: slot 17 is not
owned by the producer (state = FREE)
03-20 21:53:00.585 21160 21392 W BufferQueueProducer:
[SurfaceView[com.evolve.roleplay/com.evolve.roleplay.core.GTASA]#9(BLAST
Consumer)9](id:52a800000009,api:3,p:1151,c:21160) detachBuffer: slot 18 is not
owned by the producer (state = FREE)
03-20 21:53:00.585 21160 21392 W BufferQueueProducer:
[SurfaceView[com.evolve.roleplay/com.evolve.roleplay.core.GTASA]#9(BLAST
