("/system_ext/lib64/libmigl.so") needed or dlopened by "/system/lib/libEGL.so" is
not accessible for the namespace: [name="(default)", ld_library_paths="",
default_library_paths="/system/lib:/system_ext/lib",
permitted_paths="/system/lib/drm:/system/lib/extractors:/system/lib/hw:/
system_ext/lib:/system/framework:/system/app:/system/priv-app:/system_ext/
framework:/system_ext/app:/system_ext/priv-app:/vendor/framework:/vendor/app:/
vendor/priv-app:/system/vendor/framework:/system/vendor/app:/system/vendor/priv-
app:/odm/framework:/odm/app:/odm/priv-app:/oem/app:/product/framework:/product/
app:/product/priv-app:/data:/mnt/expand:/apex/com.android.runtime/lib/bionic:/
system/lib/bootstrap"]
03-20 21:53:33.715 24062 24310 E libEGL : open /system_ext/lib64/libmigl.so
failed! dlopen - dlopen failed: library "/system_ext/lib64/libmigl.so" needed or
dlopened by "/system/lib/libEGL.so" is not accessible for the namespace "(default)"
03-20 21:53:33.715 24062 24310 I System.out: Vendor: ARM
03-20 21:53:33.715 24062 24310 I System.out: Extensions GL_EXT_debug_marker
GL_ARM_rgba8 GL_ARM_mali_shader_binary GL_OES_depth24 GL_OES_depth_texture
GL_OES_depth_texture_cube_map GL_OES_packed_depth_stencil GL_OES_rgb8_rgba8
GL_EXT_read_format_bgra GL_OES_compressed_paletted_texture
GL_OES_compressed_ETC1_RGB8_texture GL_OES_standard_derivatives GL_OES_EGL_image
GL_OES_EGL_image_external GL_OES_EGL_image_external_essl3 GL_OES_EGL_sync
GL_OES_texture_npot GL_OES_vertex_half_float GL_OES_required_internalformat
GL_OES_vertex_array_object GL_OES_mapbuffer GL_EXT_texture_format_BGRA8888
GL_EXT_texture_rg GL_EXT_texture_type_2_10_10_10_REV GL_OES_fbo_render_mipmap
GL_OES_element_index_uint GL_EXT_shadow_samplers GL_OES_texture_compression_astc
GL_KHR_texture_compression_astc_ldr GL_KHR_texture_compression_astc_hdr
GL_KHR_texture_compression_astc_sliced_3d
GL_EXT_texture_compression_astc_decode_mode
GL_EXT_texture_compression_astc_decode_mode_rgb9e5 GL_KHR_debug
GL_EXT_occlusion_query_boolean GL_EXT_disjoint_timer_query GL_EXT_blend_minmax
GL_EXT_discard_framebuffer GL_OES_get_program_binary GL_OES_texture_3D
GL_EXT_texture_storage GL_EXT_multisampled_render_to_texture
GL_EXT_multisampled_render_to_texture2 GL_OES_surfaceless_context
GL_OES_texture_stencil8 GL_EXT_shader_pixel_local_storage
GL_ARM_shader_framebuffer_fetch GL_ARM_shader_framebuffer_fetch_depth_stencil
GL_ARM_mali_program_binary GL_EXT_sRGB GL_EXT_sRGB_write_control
GL_EXT_texture_sRGB_decode GL_EXT_texture_sRGB_R8 GL_EXT_texture_sRGB_RG8
GL_KHR_blend_equation_advanced GL_KHR_blend_equation_advanced_coherent
GL_OES_texture_storage_multisample_2d_array GL_OES_shader_image_atomic
GL_EXT_robustness GL_EXT_draw_buffers_indexed GL_OES_draw_buffers_indexed
GL_EXT_texture_border_clamp GL_OES_texture_border_clamp
GL_EXT_texture_cube_map_array GL_OES_texture_cube_map_array GL_OES_sample_variables
GL_OES_sample_shading GL_OES_shader_multisample_interpolation
GL_EXT_shader_io_blocks GL_OES_shader_io_blocks GL_EXT_tessellation_shader
GL_OES_tessellation_shader GL_EXT_primitive_bounding_box
GL_OES_primitive_bounding_box GL_EXT_geometry_shader GL_OES_geometry_shader
GL_ANDROID_extension_pack_es31a GL_EXT_gpu_shader5 GL_OES_gpu_shader5
GL_EXT_texture_buffer GL_OES_texture_buffer GL_EXT_copy_image GL_OES_copy_image
GL_EXT_shader_non_constant_global_initializers GL_EXT_color_buffer_half_float
GL_EXT_unpack_subimage GL_EXT_color_buffer_float GL_EXT_YUV_target GL_OVR_multiview
GL_OVR_multiview2 GL_OVR_multiview_multisampled_render_to_texture GL_KHR_robustness
GL_KHR_robust_buffer_access_behavior GL_EXT_draw_elements_base_vertex
GL_OES_draw_elements_base_vertex GL_EXT_protected_textures GL_EXT_buffer_storage
GL_EXT_external_buffer GL_EXT_EGL_image_array GL_EXT_texture_filter_anisotropic
GL_ARM_texture_unnormalized_coordinates GL_EXT_shader_framebuffer_fetch
03-20 21:53:33.715 24062 24310 I System.out: Renderer: Mali-G52 MC2
03-20 21:53:33.715 24062 24310 I System.out: GIVersion: OpenGL ES 3.2 v1.r32p1-
01eac0.52688e0652bc37eab85ce86c674ab12f
03-20 21:53:33.716 24062 24310 I System.out: Done create EGL surface
03-20 21:53:33.716 24062 24310 I System.out: Done creating surface
03-20 21:53:33.715 24062 24062 W NVEvent : type=1400 audit(0.0:20891): avc: denied
{ read } for name="config.gz" dev="proc" ino=4026532247
scontext=u:r:untrusted_app_27:s0:c36,c256,c512,c768
tcontext=u:object_r:config_gz:s0 tclass=file permissive=0 app=com.evolve.roleplay
03-20 21:53:33.718 24062 24310 I System.out: Build info version device heat
03-20 21:53:33.718 24062 24310 I System.out: Build MANUFACTURER Xiaomi
03-20 21:53:33.718 24062 24310 I System.out: Build BOARD heat
03-20 21:53:33.718 24062 24310 I System.out: Build DISPLAY UP1A.231005.007
03-20 21:53:33.718 24062 24310 I System.out: Build CPU_ABI armeabi-v7a
03-20 21:53:33.718 24062 24310 I System.out: Build CPU_ABI2 armeabi
03-20 21:53:33.pen failed: library "/system_ext/lib64/libmigl.so" needed or
dlopened by "/system/lib/libEGL.so" is not accessible for the namespace "(default)"
03-20 21:53:33.715 24062 24310 I System.out: Vendor: ARM
03-20 21:53:33.715 24062 24310 I System.out: Extensions GL_EXT_debug_marker
GL_ARM_rgba8 GL_ARM_mali_shader_binary GL_OES_depth24 GL_OES_depth_texture
GL_OES_depth_texture_cube_map GL_OES_packed_depth_stencil GL_OES_rgb8_rgba8
GL_EXT_read_format_bgra GL_OES_compressed_paletted_texture
GL_OES_compressed_ETC1_RGB8_texture GL_OES_standard_derivatives GL_OES_EGL_image
GL_OES_EGL_image_external GL_OES_EGL_image_external_essl3 GL_OES_EGL_sync
GL_OES_texture_npot GL_OES_vertex_half_float GL_OES_required_internalformat
GL_OES_vertex_array_object GL_OES_mapbuffer GL_EXT_texture_format_BGRA8888
GL_EXT_texture_rg GL_EXT_texture_type_2_10_10_10_REV GL_OES_fbo_render_mipmap
GL_OES_element_index_uint GL_EXT_shadow_samplers GL_OES_texture_compression_astc
GL_KHR_texture_compression_astc_ldr GL_KHR_texture_compression_astc_hdr
GL_KHR_texture_compression_astc_sliced_3d
GL_EXT_texture_compression_astc_decode_mode
GL_EXT_texture_compression_astc_decode_mode_rgb9e5 GL_KHR_debug
GL_EXT_occlusion_query_boolean GL_EXT_disjoint_timer_query GL_EXT_blend_minmax
GL_EXT_discard_framebuffer GL_OES_get_program_binary GL_OES_texture_3D
GL_EXT_texture_storage GL_EXT_multisampled_render_to_texture
GL_EXT_multisampled_render_to_texture2 GL_OES_surfaceless_context
GL_OES_texture_stencil8 GL_EXT_shader_pixel_local_storage
GL_ARM_shader_framebuffer_fetch GL_ARM_shader_framebuffer_fetch_depth_stencil
GL_ARM_mali_program_binary GL_EXT_sRGB GL_EXT_sRGB_write_control
GL_EXT_texture_sRGB_decode GL_EXT_texture_sRGB_R8 GL_EXT_texture_sRGB_RG8
GL_KHR_blend_equation_advanced GL_KHR_blend_equation_advanced_coherent
GL_OES_texture_storage_multisample_2d_array GL_OES_shader_image_atomic
GL_EXT_robustness GL_EXT_draw_buffers_indexed GL_OES_draw_buffers_indexed
GL_EXT_texture_border_clamp GL_OES_texture_border_clamp
GL_EXT_texture_cube_map_array GL_OES_texture_cube_map_array GL_OES_sample_variables
GL_OES_sample_shading GL_OES_shader_multisample_interpolation
GL_EXT_shader_io_blocks GL_OES_shader_io_blocks GL_EXT_tessellation_shader
GL_OES_tessellation_shader GL_EXT_primitive_bounding_box
GL_OES_primitive_bounding_box GL_EXT_geometry_shader GL_OES_geometry_shader
GL_ANDROID_extension_pack_es31a GL_EXT_gpu_shader5 GL_OES_gpu_shader5
GL_EXT_texture_buffer GL_OES_texture_buffer GL_EXT_copy_image GL_OES_copy_image
GL_EXT_shader_non_constant_global_initializers GL_EXT_color_buffer_half_float
GL_EXT_unpack_subimage GL_EXT_color_buffer_float GL_EXT_YUV_target GL_OVR_multiview
GL_OVR_multiview2 GL_OVR_multiview_multisampled_render_to_texture GL_KHR_robustness
GL_KHR_robust_buffer_access_behavior GL_EXT_draw_elements_base_vertex
GL_OES_draw_elements_base_vertex GL_EXT_protected_textures GL_EXT_buffer_storage
GL_EXT_external_buffer GL_EXT_EGL_image_array GL_EXT_texture_filter_anisotropic
GL_ARM_texture_unnormalized_coordinates GL_EXT_shader_framebuffer_fetch
03-20 21:53:33.715 24062 24310 I System.out: Renderer: Mali-G52 MC2
03-20 21:53:33.715 24062 24310 I System.out: GIVersion: OpenGL ES 3.2 v1.r32p1-
01eac0.52688e0652bc37eab85ce86c674ab12f
03-20 21:53:33.716 24062 24310 I System.out: Done create EGL surface
03-20 21:53:33.716 24062 24310 I System.out: Done creating surface
03-20 21:53:33.715 24062 24062 W NVEvent : type=1400 audit(0.0:20891): avc: denied
{ read } for name="config.gz" dev="proc" ino=4026532247
scontext=u:r:untrusted_app_27:s0:c36,c256,c512,c768
tcontext=u:object_r:config_gz:s0 tclass=file permissive=0 app=com.evolve.roleplay
03-20 21:53:33.718 24062 24310 I System.out: Build info version device heat
03-20 21:53:33.718 24062 24310 I System.out: Build MANUFACTURER Xiaomi
03-20 21:53:33.718 24062 24310 I System.out: Build BOARD heat
03-20 21:53:33.718 24062 24310 I System.out: Build DISPLAY UP1A.231005.007
03-20 21:53:33.718 24062 24310 I System.out: Build CPU_ABI armeabi-v7a
03-20 21:53:33.718 24062 24310 I System.out: Build CPU_ABI2 armeabi
03-20 21:53:33.718 24062 24310 I System.out: Build HARDWARE mt6768
03-20 21:53:33.718 24062 24310 I System.out: Build MODEL 23053RN02Y
03-20 21:53:33.718 24062 24310 I System.out: Build PRODUCT heat_eea
03-20 21:53:33.718 24062 24310 I System.out: **** IsPhone
03-20 21:53:33.718 24062 24310 I System.out: **** GetAndroidBuildinfo
03-20 21:53:33.718 24062 24310 I System.out: **** GetAndroidBuildinfo
03-20 21:53:33.718 24062 24310 I System.out: Build info version device heat
03-20 21:53:33.718 24062 24310 I System.out: Build MANUFACTURER Xiaomi
03-20 21:53:33.718 24062 24310 I System.out: Build BOARD heat
03-20 21:53:33.718 24062 24310 I System.out: Build DISPLAY UP1A.231005.007
03-20 21:53:33.718 24062 24310 I System.out: Build CPU_ABI armeabi-v7a
03-20 21:53:33.718 24062 24310 I System.out: Build CPU_ABI2 armeabi
03-20 21:53:33.718 24062 24310 I System.out: Build HARDWARE mt6768
03-20 21:53:33.718 24062 24310 I System.out: Build MODEL 23053RN02Y
03-20 21:53:33.718 24062 24310 I System.out: Build PRODUCT heat_eea
03-20 21:53:33.718 24062 24310 I System.out: **** IsPhone
03-20 21:53:33.719 24062 24310 I System.out: **** FileGetArchiveName
03-20 21:53:33.719 24062 24310 I AXL : NvFOpen:
03-20 21:53:33.720 24062 24310 I AXL : NvFOpen: .idx
03-20 21:53:33.721 24062 24310 I System.out: **** FileGetArchiveName
03-20 21:53:33.721 24062 24310 I AXL : NvFOpen:
03-20 21:53:33.722 24062 24310 I AXL : NvFOpen: .idx
03-20 21:53:33.723 24062 24310 I System.out: **** GetDeviceLocale
03-20 21:53:33.723 24062 24310 I AXL : NvFOpen: TEXT/AMERICAN.GXT
03-20 21:53:33.723 24062 24334 D OSWrapper: AttachCurrentThread: 0, 0x0xeb4f1800
03-20 21:53:33.726 24062 24310 I AXL : NvFOpen: gta_sa.set
03-20 21:53:33.727 24062 24310 I AXL : NvFOpen: TEXT/RUSSIAN.GXT
03-20 21:53:33.731 24062 24310 I AXL : NvFOpen: gtasatelem.set
03-20 21:53:33.732 24062 24335 D OSWrapper: AttachCurrentThread: 0, 0x0xcf77b780
03-20 21:53:33.733 24062 24335 D libMEOW : meow new tls: 0xbbb20b00
03-20 21:53:33.733 24062 24335 D libMEOW : applied 1 plugins for
[com.evolve.roleplay]:
03-20 21:53:33.733 24062 24335 D libMEOW : plugin 1: [libMEOW_gift.so]:
0xed340800
03-20 21:53:33.733 24062 24335 D libMEOW : rebuild call chain: 0xbbb32180
03-20 21:53:33.734 24062 24310 I AXL : Loading "samp" cd..
03-20 21:53:33.734 24062 24310 I AXL : NvFOpen: models/coll/peds.col
03-20 21:53:33.735 24062 24310 I AXL : NvFOpen: texdb/mobile/mobile.txt
03-20 21:53:33.737 24062 24310 I AXL : NvFOpen: texdb/mobile/mobile.etc.tmb
03-20 21:53:33.738 24062 24310 I AXL : NvFOpen: texdb/mobile/mobile.etc.dat
03-20 21:53:33.738 24062 24310 I AXL : NvFOpen: texdb/mobile/mobile.etc.toc
03-20 21:53:33.742 24062 24310 I AXL : NvFOpen: texdb/txd/txd.txt
03-20 21:53:33.744 24062 24310 I AXL : NvFOpen: texdb/txd/txd.etc.tmb
03-20 21:53:33.746 24062 24310 I AXL : NvFOpen: texdb/txd/txd.etc.dat
03-20 21:53:33.747 24062 24310 I AXL : NvFOpen: texdb/txd/txd.etc.toc
03-20 21:53:33.748 24062 24310 I AXL : NvFOpen: texdb/gta3/gta3.txt
03-20 21:53:33.773 24062 24310 I AXL : NvFOpen: texdb/gta3/gta3.etc.tmb
03-20 21:53:33.776 24062 24310 I AXL : NvFOpen: texdb/gta3/gta3.etc.dat
03-20 21:53:33.777 24062 24310 I AXL : NvFOpen: texdb/gta3/gta3.etc.toc
03-20 21:53:33.782 24062 24310 I AXL : NvFOpen: texdb/gta_int/gta_int.txt
03-20 21:53:33.787 24062 24310 I AXL : NvFOpen: texdb/gta_int/gta_int.etc.tmb
03-20 21:53:33.788 24062 24310 I AXL : NvFOpen: texdb/gta_int/gta_int.etc.dat
03-20 21:53:33.789 24062 24310 I AXL : NvFOpen: texdb/gta_int/gta_int.etc.toc
03-20 21:53:33.791 24062 24310 I AXL : NvFOpen: texdb/cutscene/cutscene.txt
03-20 21:53:33.793 24062 24310 I AXL : NvFOpen: texdb/cutscene/cutscene.etc.tmb
03-20 21:53:33.794 24062 24310 I AXL : NvFOpen: texdb/cutscene/cutscene.etc.dat
03-20 21:53:33.795 24062 24310 I AXL : NvFOpen: texdb/cutscene/cutscene.etc.toc
03-20 21:53:33.796 24062 24310 I AXL : NvFOpen: texdb/player/player.txt
03-20 21:53:33.798 24062 24310 I AXL : NvFOpen: texdb/player/pla718 24062 24310
I System.out: Build HARDWARE mt6768
03-20 21:53:33.718 24062 24310 I System.out: Build MODEL 23053RN02Y
03-20 21:53:33.718 24062 24310 I System.out: Build PRODUCT heat_eea
03-20 21:53:33.718 24062 24310 I System.out: **** IsPhone
03-20 21:53:33.718 24062 24310 I System.out: **** GetAndroidBuildinfo
03-20 21:53:33.718 24062 24310 I System.out: **** GetAndroidBuildinfo
03-20 21:53:33.718 24062 24310 I System.out: Build info version device heat
03-20 21:53:33.718 24062 24310 I System.out: Build MANUFACTURER Xiaomi
03-20 21:53:33.718 24062 24310 I System.out: Build BOARD heat
03-20 21:53:33.718 24062 24310 I System.out: Build DISPLAY UP1A.231005.007
03-20 21:53:33.718 24062 24310 I System.out: Build CPU_ABI armeabi-v7a
03-20 21:53:33.718 24062 24310 I System.out: Build CPU_ABI2 armeabi
03-20 21:53:33.718 24062 24310 I System.out: Build HARDWARE mt6768
03-20 21:53:33.718 24062 24310 I System.out: Build MODEL 23053RN02Y
03-20 21:53:33.718 24062 24310 I System.out: Build PRODUCT heat_eea
03-20 21:53:33.718 24062 24310 I System.out: **** IsPhone
03-20 21:53:33.719 24062 24310 I System.out: **** FileGetArchiveName
03-20 21:53:33.719 24062 24310 I AXL : NvFOpen:
03-20 21:53:33.720 24062 24310 I AXL : NvFOpen: .idx
03-20 21:53:33.721 24062 24310 I System.out: **** FileGetArchiveName
03-20 21:53:33.721 24062 24310 I AXL : NvFOpen:
03-20 21:53:33.722 24062 24310 I AXL : NvFOpen: .idx
03-20 21:53:33.723 24062 24310 I System.out: **** GetDeviceLocale
03-20 21:53:33.723 24062 24310 I AXL : NvFOpen: TEXT/AMERICAN.GXT
03-20 21:53:33.723 24062 24334 D OSWrapper: AttachCurrentThread: 0, 0x0xeb4f1800
03-20 21:53:33.726 24062 24310 I AXL : NvFOpen: gta_sa.set
03-20 21:53:33.727 24062 24310 I AXL : NvFOpen: TEXT/RUSSIAN.GXT
03-20 21:53:33.731 24062 24310 I AXL : NvFOpen: gtasatelem.set
03-20 21:53:33.732 24062 24335 D OSWrapper: AttachCurrentThread: 0, 0x0xcf77b780
03-20 21:53:33.733 24062 24335 D libMEOW : meow new tls: 0xbbb20b00
03-20 21:53:33.733 24062 24335 D libMEOW : applied 1 plugins for
[com.evolve.roleplay]:
03-20 21:53:33.733 24062 24335 D libMEOW : plugin 1: [libMEOW_gift.so]:
0xed340800
03-20 21:53:33.733 24062 24335 D libMEOW : rebuild call chain: 0xbbb32180
03-20 21:53:33.734 24062 24310 I AXL : Loading "samp" cd..
03-20 21:53:33.734 24062 24310 I AXL : NvFOpen: models/coll/peds.col
03-20 21:53:33.735 24062 24310 I AXL : NvFOpen: texdb/mobile/mobile.txt
03-20 21:53:33.737 24062 24310 I AXL : NvFOpen: texdb/mobile/mobile.etc.tmb
03-20 21:53:33.738 24062 24310 I AXL : NvFOpen: texdb/mobile/mobile.etc.dat
03-20 21:53:33.738 24062 24310 I AXL : NvFOpen: texdb/mobile/mobile.etc.toc
03-20 21:53:33.742 24062 24310 I AXL : NvFOpen: texdb/txd/txd.txt
03-20 21:53:33.744 24062 24310 I AXL : NvFOpen: texdb/txd/txd.etc.tmb
03-20 21:53:33.746 24062 24310 I AXL : NvFOpen: texdb/txd/txd.etc.dat
03-20 21:53:33.747 24062 24310 I AXL : NvFOpen: texdb/txd/txd.etc.toc
03-20 21:53:33.748 24062 24310 I AXL : NvFOpen: texdb/gta3/gta3.txt
03-20 21:53:33.773 24062 24310 I AXL : NvFOpen: texdb/gta3/gta3.etc.tmb
03-20 21:53:33.776 24062 24310 I AXL : NvFOpen: texdb/gta3/gta3.etc.dat
03-20 21:53:33.777 24062 24310 I AXL : NvFOpen: texdb/gta3/gta3.etc.toc
03-20 21:53:33.782 24062 24310 I AXL : NvFOpen: texdb/gta_int/gta_int.txt
03-20 21:53:33.787 24062 24310 I AXL : NvFOpen: texdb/gta_int/gta_int.etc.tmb
03-20 21:53:33.788 24062 24310 I AXL : NvFOpen: texdb/gta_int/gta_int.etc.dat
03-20 21:53:33.789 24062 24310 I AXL : NvFOpen: texdb/gta_int/gta_int.etc.toc
03-20 21:53:33.791 24062 24310 I AXL : NvFOpen: texdb/cutscene/cutscene.txt
03-20 21:53:33.793 24062 24310 I AXL : NvFOpen: texdb/cutscene/cutscene.etc.tmb
03-20 21:53:33.794 24062 24310 I AXL : NvFOpen: texdb/cutscene/cutscene.etc.dat
03-20 21:53:33.795 24062 24310 I AXL : NvFOpen: texdb/cutscene/cutscene.etc.toc
03-20 21:53:33.796 24062 24310 I AXL : NvFOpen: texdb/player/player.txt
03-20 21:53:33.798 24062 24310 I AXL : NvFOpen: texdb/player/player.pvr.tmb
03-20 21:53:33.799 24062 24310 I AXL : NvFOpen: texdb/player/player.pvr.dat
03-20 21:53:33.800 24062 24310 I AXL : NvFOpen: texdb/player/player.pvr.toc
03-20 21:53:33.801 24062 24310 I AXL : NvFOpen: texdb/menu/menu.txt
03-20 21:53:33.802 24062 24310 I AXL : NvFOpen: texdb/menu/menu.pvr.tmb
03-20 21:53:33.803 24062 24310 I AXL : NvFOpen: texdb/menu/menu.pvr.dat
03-20 21:53:33.804 24062 24310 I AXL : NvFOpen: texdb/menu/menu.pvr.toc
03-20 21:53:33.832 24062 24310 I AXL : NvFOpen: Textures/Fonts/RussianFont.met
03-20 21:53:33.836 24062 24310 I AXL : NvFOpen: Textures/Fonts/RussianFont.png
03-20 21:53:33.891 24062 24310 I AXL : NvFOpen: DATA/FONTS.DAT
03-20 21:53:33.894 24062 24310 I AXL : NvFOpen: texdb/samp/samp.txt
03-20 21:53:33.897 24062 24310 I AXL : NvFOpen: texdb/samp/samp.etc.tmb
03-20 21:53:33.899 24062 24310 I AXL : NvFOpen: texdb/samp/samp.etc.dat
03-20 21:53:33.901 24062 24310 I AXL : NvFOpen: texdb/samp/samp.etc.toc
03-20 21:53:33.903 24062 24337 D OSWrapper: AttachCurrentThread: 0, 0x0xeb4f1a00
03-20 21:53:33.904 24062 24337 I AXL : NvFOpen: TEXT/RUSSIAN.GXT
03-20 21:53:33.912 24062 24337 I AXL : NvFOpen:
data/TouchDefaultPhoneWidescreen.cfg
03-20 21:53:33.920 24062 24337 I AXL : NvFOpen: Adjustable.cfg
03-20 21:53:33.923 24062 24337 I AXL : NvFOpen: data/ShopUVs.dat
03-20 21:53:33.944 24062 24337 I AXL : NvFOpen: DATA/HANDLING.CFG
03-20 21:53:33.956 24062 24337 I AXL : NvFOpen: data/surface.dat
03-20 21:53:33.958 24062 24337 I AXL : NvFOpen: data/surfinfo.dat
03-20 21:53:33.965 24062 24337 I AXL : NvFOpen: data/surfaud.dat
03-20 21:53:33.970 24062 24337 I AXL : NvFOpen: DATA/PEDSTATS.DAT
03-20 21:53:33.974 24062 24337 I AXL : NvFOpen: data/decision/PedEvent.txt
03-20 21:53:33.979 24062 24337 I AXL : NvFOpen:
data/decision/allowed/RANDOM.ped
03-20 21:53:33.982 24062 24337 I AXL : NvFOpen:
data/decision/allowed/m_norm.ped
03-20 21:53:33.984 24062 24337 I AXL : NvFOpen:
data/decision/allowed/m_plyr.ped
03-20 21:53:33.986 24062 24337 I AXL : NvFOpen:
data/decision/allowed/RANDOM.grp
03-20 21:53:33.988 24062 24337 I AXL : NvFOpen:
data/decision/allowed/MISSION.grp
03-20 21:53:33.989 24062 24337 I AXL : NvFOpen:
data/decision/allowed/GangMbr.ped
03-20 21:53:33.991 24062 24337 I AXL : NvFOpen: data/decision/allowed/Cop.ped
03-20 21:53:33.993 24062 24337 I AXL : NvFOpen:
data/decision/allowed/R_Norm.ped
03-20 21:53:33.995 24062 24337 I AXL : NvFOpen:
data/decision/allowed/R_Tough.ped
03-20 21:53:33.997 24062 24337 I AXL : NvFOpen:
data/decision/allowed/R_Weak.ped
03-20 21:53:33.999 24062 24337 I AXL : NvFOpen:
data/decision/allowed/Fireman.ped
03-20 21:53:34.001 24062 24337 I AXL : NvFOpen:
data/decision/allowed/m_empty.ped
03-20 21:53:34.002 24062 24337 I AXL : NvFOpen:
data/decision/allowed/Indoors.ped
03-20 21:53:34.003 24062 24337 I AXL : NvFOpen:
data/decision/allowed/RANDOM.grp
03-20 21:53:34.005 24062 24337 I AXL : NvFOpen:
data/decision/allowed/RANDOM2.grp
03-20 21:53:34.007 24062 24337 I AXL : NvFOpen: DATA/TIMECYC.DAT
03-20 21:53:34.019 24062 24337 I AXL : NvFOpen: data/colorcycle.dat
03-20 21:53:34.023 24062 24337 I AXL : NvFOpen: DATA/POPCYCLE.DAT
03-20 21:53:34.039 24062 24337 I AXL : NvFOpen: AUDIO/CONFIG/BANKSLOT.DAT
03-20 21:53:34.039 24062 24349 D OSWrapper: AttachCurrentThread: 0, 0x0xbfd59500
03-20 21:53:34.041 24062 24337 I AXL : NvFOpen: AUDIO/CONFIG/BANKLKUP.DAT
03-20 21:53:34.043 24062 24337 I AXL : NvFOpen: AUDIO/CONFIG/PAKFILES.DAT
03-20 21:53:34.044 24062 24337 I AXL : NvFOpen: AUDIO/SFX/FEET.osw
03-20 21:53:34.045 24062 24337 I AXL : NvFOpen: AUDIO/SFX/FEET.osw.idx
03-20 21:53:34.046 24062 24337 I AXL : NvFOpen: AUDIO/SFX/GENRL.osw
03-20 21:53:34.047 24062 24337 I AXL : NvFOpen: AUDIO/SFX/GENRL.osw.idx
03-20 21:53:34.048 24062 24337 I AXL : NvFOpen: AUDIO/SFX/PAIN_A.osw
03-20 21:53:34.050 24062 24337 I AXL : NvFOpen: AUDIO/SFX/PAIN_A.osw.idx
03-20 21:53:34.052 24062 24337 I AXL yer.pvr.tmb
03-20 21:53:33.799 24062 24310 I AXL : NvFOpen: texdb/player/player.pvr.dat
03-20 21:53:33.800 24062 24310 I AXL : NvFOpen: texdb/player/player.pvr.toc
03-20 21:53:33.801 24062 24310 I AXL : NvFOpen: texdb/menu/menu.txt
03-20 21:53:33.802 24062 24310 I AXL : NvFOpen: texdb/menu/menu.pvr.tmb
03-20 21:53:33.803 24062 24310 I AXL : NvFOpen: texdb/menu/menu.pvr.dat
03-20 21:53:33.804 24062 24310 I AXL : NvFOpen: texdb/menu/menu.pvr.toc
03-20 21:53:33.832 24062 24310 I AXL : NvFOpen: Textures/Fonts/RussianFont.met
03-20 21:53:33.836 24062 24310 I AXL : NvFOpen: Textures/Fonts/RussianFont.png
03-20 21:53:33.891 24062 24310 I AXL : NvFOpen: DATA/FONTS.DAT
03-20 21:53:33.894 24062 24310 I AXL : NvFOpen: texdb/samp/samp.txt
03-20 21:53:33.897 24062 24310 I AXL : NvFOpen: texdb/samp/samp.etc.tmb
03-20 21:53:33.899 24062 24310 I AXL : NvFOpen: texdb/samp/samp.etc.dat
03-20 21:53:33.901 24062 24310 I AXL : NvFOpen: texdb/samp/samp.etc.toc
03-20 21:53:33.903 24062 24337 D OSWrapper: AttachCurrentThread: 0, 0x0xeb4f1a00
03-20 21:53:33.904 24062 24337 I AXL : NvFOpen: TEXT/RUSSIAN.GXT
03-20 21:53:33.912 24062 24337 I AXL : NvFOpen:
data/TouchDefaultPhoneWidescreen.cfg
03-20 21:53:33.920 24062 24337 I AXL : NvFOpen: Adjustable.cfg
03-20 21:53:33.923 24062 24337 I AXL : NvFOpen: data/ShopUVs.dat
03-20 21:53:33.944 24062 24337 I AXL : NvFOpen: DATA/HANDLING.CFG
03-20 21:53:33.956 24062 24337 I AXL : NvFOpen: data/surface.dat
03-20 21:53:33.958 24062 24337 I AXL : NvFOpen: data/surfinfo.dat
03-20 21:53:33.965 24062 24337 I AXL : NvFOpen: data/surfaud.dat
03-20 21:53:33.970 24062 24337 I AXL : NvFOpen: DATA/PEDSTATS.DAT
03-20 21:53:33.974 24062 24337 I AXL : NvFOpen: data/decision/PedEvent.txt
03-20 21:53:33.979 24062 24337 I AXL : NvFOpen:
data/decision/allowed/RANDOM.ped
03-20 21:53:33.982 24062 24337 I AXL : NvFOpen:
data/decision/allowed/m_norm.ped
03-20 21:53:33.984 24062 24337 I AXL : NvFOpen:
data/decision/allowed/m_plyr.ped
03-20 21:53:33.986 24062 24337 I AXL : NvFOpen:
data/decision/allowed/RANDOM.grp
03-20 21:53:33.988 24062 24337 I AXL : NvFOpen:
data/decision/allowed/MISSION.grp
03-20 21:53:33.989 24062 24337 I AXL : NvFOpen:
data/decision/allowed/GangMbr.ped
03-20 21:53:33.991 24062 24337 I AXL : NvFOpen: data/decision/allowed/Cop.ped
03-20 21:53:33.993 24062 24337 I AXL : NvFOpen:
data/decision/allowed/R_Norm.ped
03-20 21:53:33.995 24062 24337 I AXL : NvFOpen:
data/decision/allowed/R_Tough.ped
03-20 21:53:33.997 24062 24337 I AXL : NvFOpen:
data/decision/allowed/R_Weak.ped
03-20 21:53:33.999 24062 24337 I AXL : NvFOpen:
data/decision/allowed/Fireman.ped
03-20 21:53:34.001 24062 24337 I AXL : NvFOpen:
data/decision/allowed/m_empty.ped
03-20 21:53:34.002 24062 24337 I AXL : NvFOpen:
data/decision/allowed/Indoors.ped
03-20 21:53:34.003 24062 24337 I AXL : NvFOpen:
data/decision/allowed/RANDOM.grp
03-20 21:53:34.005 24062 24337 I AXL : NvFOpen:
data/decision/allowed/RANDOM2.grp
03-20 21:53:34.007 24062 24337 I AXL : NvFOpen: DATA/TIMECYC.DAT
03-20 21:53:34.019 24062 24337 I AXL : NvFOpen: data/colorcycle.dat
03-20 21:53:34.023 24062 24337 I AXL : NvFOpen: DATA/POPCYCLE.DAT
03-20 21:53:34.039 24062 24337 I AXL : NvFOpen: AUDIO/CONFIG/BANKSLOT.DAT
03-20 21:53:34.039 24062 24349 D OSWrapper: AttachCurrentThread: 0, 0x0xbfd59500
03-20 21:53:34.041 24062 24337 I AXL : NvFOpen: AUDIO/CONFIG/BANKLKUP.DAT
03-20 21:53:34.043 24062 24337 I AXL : NvFOpen: AUDIO/CONFIG/PAKFILES.DAT
03-20 21:53:34.044 24062 24337 I AXL : NvFOpen: AUDIO/SFX/FEET.osw
03-20 21:53:34.045 24062 24337 I AXL : NvFOpen: AUDIO/SFX/FEET.osw.idx
03-20 21:53:34.046 24062 24337 I AXL : NvFOpen: AUDIO/SFX/GENRL.osw
03-20 21:53:34.047 24062 24337 I AXL : NvFOpen: AUDIO/SFX/GENRL.osw.idx
03-20 21:53:34.048 24062 24337 I AXL : NvFOpen: AUDIO/SFX/PAIN_A.osw
03-20 21:53:34.050 24062 24337 I AXL : NvFOpen: AUDIO/SFX/PAIN_A.osw.idx
03-20 21:53:34.052 24062 24337 I AXL : NvFOpen: AUDIO/SFX/SCRIPT.osw
03-20 21:53:34.052 24062 24337 I AXL : NvFOpen: AUDIO/SFX/SPC_EA.osw
03-20 21:53:34.052 24062 24337 I AXL : NvFOpen: AUDIO/SFX/SPC_FA.osw
03-20 21:53:34.053 24062 24337 I AXL : NvFOpen: AUDIO/SFX/SPC_GA.osw
03-20 21:53:34.053 24062 24337 I AXL : NvFOpen: AUDIO/SFX/SPC_NA.osw
03-20 21:53:34.054 24062 24337 I AXL : NvFOpen: AUDIO/SFX/SPC_PA.osw
03-20 21:53:34.055 24062 24337 I AXL : NvFOpen: AUDIO/CONFIG/SOUNDINF.DAT
03-20 21:53:34.056 24062 24337 I AXL : NvFOpen: AUDIO/CONFIG/STRMPAKS.DAT
03-20 21:53:34.057 24062 24337 I AXL : NvFOpen: AUDIO/CONFIG/TRAKLKUP.DAT
03-20 21:53:34.058 24062 24337 I AXL : NvFOpen: AUDIO/CONFIG/TRKHEAD.DAT
03-20 21:53:34.060 24062 24337 D evolve.roleplay: PlayerBase::PlayerBase()
03-20 21:53:34.060 24062 24337 D evolve.roleplay:
TrackPlayerBase::TrackPlayerBase()
03-20 21:53:34.060 24062 24337 I libOpenSLES: Emulating old channel mask behavior
(ignoring positional mask 0x3, using default mask 0x3 based on channel count of 2)
03-20 21:53:34.060 24062 24337 D AudioTrack: INSP:
type=audio,case=1,set=0xd1c7e800,stream_type=-
1,sample_rate=44100,format=0x1,channel_mask=0x3,frame_count=0,flags=0x104,notificat
ion_frames=-2,session_id=2625,transfer_type=0,uid=-1,pid=-1
03-20 21:53:34.060 24062 24337 D AudioTrack: INSP:
type=audio,case=1,attributes=1,content_type=0,usage=1,source=0,flags=0x100
03-20 21:53:34.060 24062 24337 D AudioTrackStub: AudioTrackStub() create
03-20 21:53:34.061 24062 24337 I AudioTrackImpl: initAudioTrackImpl()
03-20 21:53:34.062 24062 24337 D AudioTrack: set: mPowerTrackStatus=0
03-20 21:53:34.071 24062 24337 D AudioTrack: createTrack_l(545): 0xd1c7e800, mCblk
= 0xa8b97000, mLatency = 101, mAfLatency = 53, frameCount = 2127, mSampleRate =
44100, mFlags = 0, mReqFrameCount = 2127, mNotificationFramesAct = 709
03-20 21:53:34.073 24062 24337 I OpenAL_alSource.c: AL lib: (EE)
UpdateDeviceParams: Failed to set 22050hz, got 44100hz instead
03-20 21:53:34.074 24062 24337 D AudioTrack: start(545): 0xd1c7e800, prior
state:STATE_STOPPED
03-20 21:53:34.082 24062 24337 I AXL : NvFOpen: AUDIO/CONFIG/STRMPAKS.DAT
03-20 21:53:34.083 24062 24357 D OSWrapper: AttachCurrentThread: 0, 0x0xbfd59700
03-20 21:53:34.083 24062 24337 I AXL : NvFOpen: AUDIO/CONFIG/TRAKLKUP.DAT
03-20 21:53:34.085 24062 24337 I AXL : NvFOpen: AUDIO/CONFIG/TRKHEAD.DAT
03-20 21:53:34.086 24062 24337 I AXL : NvFOpen: AUDIO/CONFIG/EVENTVOL.DAT
03-20 21:53:34.089 24062 24349 I AXL : NvFOpen: AUDIO/SFX/GENRL.osw
03-20 21:53:34.092 24062 24349 I AXL : NvFOpen: AUDIO/SFX/GENRL.osw
03-20 21:53:34.096 24062 24349 I AXL : NvFOpen: AUDIO/SFX/GENRL.osw
03-20 21:53:34.101 24062 24349 I AXL : NvFOpen: AUDIO/SFX/GENRL.osw
03-20 21:53:34.111 24062 24349 I AXL : NvFOpen: AUDIO/SFX/GENRL.osw
03-20 21:53:34.115 24062 24349 I AXL : NvFOpen: AUDIO/SFX/GENRL.osw
03-20 21:53:34.120 24062 24349 I AXL : NvFOpen: AUDIO/SFX/GENRL.osw
03-20 21:53:34.123 24062 24349 I AXL : NvFOpen: AUDIO/SFX/GENRL.osw
03-20 21:53:34.125 24062 24349 I AXL : NvFOpen: AUDIO/SFX/GENRL.osw
03-20 21:53:34.162 24062 24337 I AXL : NvFOpen: GTASAsf10.b
03-20 21:53:34.163 24062 24337 I AXL : Creating "MultiPlayer" button.. (struct:
0xA819EF9C)
03-20 21:53:34.170 24062 24349 I AXL : NvFOpen: AUDIO/SFX/GENRL.osw
03-20 21:53:34.180 24062 24337 I AXL : NvFOpen: scache.txt
03-20 21:53:34.182 24062 24335 D hw-ProcessState: Binder ioctl to enable oneway
spam detection failed: Invalid argument
03-20 21:53:34.192 24062 24335 E libEGL : pre_cache appList: ,,,,,,
03-20 21:53:34.193 24062 24349 I AXL : NvFOpen: AUDIO/SFX/GENRL.osw
03-20 21:53:34.204 24062 24349 I AXL : NvFOpen: AUDIO/SFX/GENRL.osw
03-20 21:53:34.207 24062 24335 I System.out: swapBuffer wait
03-20 21:53:34.207 24062 24337 I AXL : CGame: InitInMenu
03-20 21:53:34.207 24062 24337 I AXL : Installing patches..
03-20 21:53:34.210 24062 24337 I AXL : SetUpHook: 0xBE0BA9B0 -> 0xBBB8EAB1
03-20 21:53:34.210 24062 24337 I AXL : SetUpHook: 0xBE0B9338 -> 0xBBB8EA41
03-20 21:53:34 : NvFOpen: AUDIO/SFX/SCRIPT.osw
03-20 21:53:34.052 24062 24337 I AXL : NvFOpen: AUDIO/SFX/SPC_EA.osw
03-20 21:53:34.052 24062 24337 I AXL : NvFOpen: AUDIO/SFX/SPC_FA.osw
03-20 21:53:34.053 24062 24337 I AXL : NvFOpen: AUDIO/SFX/SPC_GA.osw
03-20 21:53:34.053 24062 24337 I AXL : NvFOpen: AUDIO/SFX/SPC_NA.osw
03-20 21:53:34.054 24062 24337 I AXL : NvFOpen: AUDIO/SFX/SPC_PA.osw
03-20 21:53:34.055 24062 24337 I AXL : NvFOpen: AUDIO/CONFIG/SOUNDINF.DAT
03-20 21:53:34.056 24062 24337 I AXL : NvFOpen: AUDIO/CONFIG/STRMPAKS.DAT
03-20 21:53:34.057 24062 24337 I AXL : NvFOpen: AUDIO/CONFIG/TRAKLKUP.DAT
03-20 21:53:34.058 24062 24337 I AXL : NvFOpen: AUDIO/CONFIG/TRKHEAD.DAT
03-20 21:53:34.060 24062 24337 D evolve.roleplay: PlayerBase::PlayerBase()
03-20 21:53:34.060 24062 24337 D evolve.roleplay:
TrackPlayerBase::TrackPlayerBase()
03-20 21:53:34.060 24062 24337 I libOpenSLES: Emulating old channel mask behavior
(ignoring positional mask 0x3, using default mask 0x3 based on channel count of 2)
03-20 21:53:34.060 24062 24337 D AudioTrack: INSP:
type=audio,case=1,set=0xd1c7e800,stream_type=-
1,sample_rate=44100,format=0x1,channel_mask=0x3,frame_count=0,flags=0x104,notificat
ion_frames=-2,session_id=2625,transfer_type=0,uid=-1,pid=-1
03-20 21:53:34.060 24062 24337 D AudioTrack: INSP:
type=audio,case=1,attributes=1,content_type=0,usage=1,source=0,flags=0x100
03-20 21:53:34.060 24062 24337 D AudioTrackStub: AudioTrackStub() create
03-20 21:53:34.061 24062 24337 I AudioTrackImpl: initAudioTrackImpl()
03-20 21:53:34.062 24062 24337 D AudioTrack: set: mPowerTrackStatus=0
03-20 21:53:34.071 24062 24337 D AudioTrack: createTrack_l(545): 0xd1c7e800, mCblk
= 0xa8b97000, mLatency = 101, mAfLatency = 53, frameCount = 2127, mSampleRate =
44100, mFlags = 0, mReqFrameCount = 2127, mNotificationFramesAct = 709
03-20 21:53:34.073 24062 24337 I OpenAL_alSource.c: AL lib: (EE)
UpdateDeviceParams: Failed to set 22050hz, got 44100hz instead
03-20 21:53:34.074 24062 24337 D AudioTrack: start(545): 0xd1c7e800, prior
state:STATE_STOPPED
03-20 21:53:34.082 24062 24337 I AXL : NvFOpen: AUDIO/CONFIG/STRMPAKS.DAT
03-20 21:53:34.083 24062 24357 D OSWrapper: AttachCurrentThread: 0, 0x0xbfd59700
03-20 21:53:34.083 24062 24337 I AXL : NvFOpen: AUDIO/CONFIG/TRAKLKUP.DAT
03-20 21:53:34.085 24062 24337 I AXL : NvFOpen: AUDIO/CONFIG/TRKHEAD.DAT
03-20 21:53:34.086 24062 24337 I AXL : NvFOpen: AUDIO/CONFIG/EVENTVOL.DAT
03-20 21:53:34.089 24062 24349 I AXL : NvFOpen: AUDIO/SFX/GENRL.osw
03-20 21:53:34.092 24062 24349 I AXL : NvFOpen: AUDIO/SFX/GENRL.osw
03-20 21:53:34.096 24062 24349 I AXL : NvFOpen: AUDIO/SFX/GENRL.osw
03-20 21:53:34.101 24062 24349 I AXL : NvFOpen: AUDIO/SFX/GENRL.osw
03-20 21:53:34.111 24062 24349 I AXL : NvFOpen: AUDIO/SFX/GENRL.osw
03-20 21:53:34.115 24062 24349 I AXL : NvFOpen: AUDIO/SFX/GENRL.osw
03-20 21:53:34.120 24062 24349 I AXL : NvFOpen: AUDIO/SFX/GENRL.osw
03-20 21:53:34.123 24062 24349 I AXL : NvFOpen: AUDIO/SFX/GENRL.osw
03-20 21:53:34.125 24062 24349 I AXL : NvFOpen: AUDIO/SFX/GENRL.osw
03-20 21:53:34.162 24062 24337 I AXL : NvFOpen: GTASAsf10.b
03-20 21:53:34.163 24062 24337 I AXL : Creating "MultiPlayer" button.. (struct:
0xA819EF9C)
03-20 21:53:34.170 24062 24349 I AXL : NvFOpen: AUDIO/SFX/GENRL.osw
03-20 21:53:34.180 24062 24337 I AXL : NvFOpen: scache.txt
03-20 21:53:34.182 24062 24335 D hw-ProcessState: Binder ioctl to enable oneway
spam detection failed: Invalid argument
03-20 21:53:34.192 24062 24335 E libEGL : pre_cache appList: ,,,,,,
03-20 21:53:34.193 24062 24349 I AXL : NvFOpen: AUDIO/SFX/GENRL.osw
03-20 21:53:34.204 24062 24349 I AXL : NvFOpen: AUDIO/SFX/GENRL.osw
03-20 21:53:34.207 24062 24335 I System.out: swapBuffer wait
03-20 21:53:34.207 24062 24337 I AXL : CGame: InitInMenu
03-20 21:53:34.207 24062 24337 I AXL : Installing patches..
03-20 21:53:34.210 24062 24337 I AXL : SetUpHook: 0xBE0BA9B0 -> 0xBBB8EAB1
03-20 21:53:34.210 24062 24337 I AXL : SetUpHook: 0xBE0B9338 -> 0xBBB8EA41
03-20 21:53:34.210 24062 24337 I AXL : SetUpHook: 0xBE0BA178 -> 0xBBB8EA75
03-20 21:53:34.210 24062 24337 I AXL : SetUpHook: 0xBE205784 -> 0xBBB931D9
03-20 21:53:34.210 24062 24337 I AXL : SetUpHook: 0xBE2057A0 -> 0xBBB9323D
03-20 21:53:34.210 24062 24337 I AXL : SetUpHook: 0xBE0DF47C -> 0xBBB93275
03-20 21:53:34.210 24062 24337 I AXL : SetUpHook: 0xBE16D528 -> 0xBBB92E61
03-20 21:53:34.210 24062 24337 I AXL : SetUpHook: 0xBE3AC9D8 -> 0xBBB930A1
03-20 21:53:34.210 24062 24337 I AXL : SetUpHook: 0xBE3989AC -> 0xBBB92099
03-20 21:53:34.210 24062 24337 I AXL : SetUpHook: 0xBE2B36AC -> 0xBBB93165
03-20 21:53:34.210 24062 24337 I AXL : SetUpHook: 0xBE0C7398 -> 0xBBB90939
03-20 21:53:34.210 24062 24337 I AXL : SetUpHook: 0xBE21DCA8 -> 0xBBB8ECE9
03-20 21:53:34.210 24062 24337 I AXL : SetUpHook: 0xBE1E0EF4 -> 0xBBB8E8C9
03-20 21:53:34.210 24062 24337 I AXL : SetUpHook: 0xBE1E1098 -> 0xBBB8EA05
03-20 21:53:34.210 24062 24337 I AXL : SetUpHook: 0xBE07FD5C -> 0xBBB8ED81
03-20 21:53:34.210 24062 24337 I AXL : SetUpHook: 0xBE0D483C -> 0xBBB8EF4D
03-20 21:53:34.210 24062 24337 I AXL : SetUpHook: 0xBE17C690 -> 0xBBB8F07D
03-20 21:53:34.210 24062 24337 I AXL : SetUpHook: 0xBE221A88 -> 0xBBB8F109
03-20 21:53:34.210 24062 24337 I AXL : SetUpHook: 0xBE220F84 -> 0xBBB8F10D
03-20 21:53:34.210 24062 24337 I AXL : SetUpHook: 0xBE2249A8 -> 0xBBB8F299
03-20 21:53:34.211 24062 24337 I AXL : SetUpHook: 0xBE20D0C0 -> 0xBBB92911
03-20 21:53:34.211 24062 24337 I AXL : SetUpHook: 0xBE2C8E60 -> 0xBBB8F3C1
03-20 21:53:34.211 24062 24337 I AXL : SetUpHook: 0xBE2C93CC -> 0xBBB8F3F1
03-20 21:53:34.211 24062 24337 I AXL : CodeInject: 0xBE11F9F4 -> 0xbbb8f2fd
(register: r1)
03-20 21:53:34.211 24062 24337 I AXL : SetUpHook: 0xBE17C268 -> 0xBBB8FBA5
03-20 21:53:34.211 24062 24337 I AXL : SetUpHook: 0xBE3AD964 -> 0xBBB926C5
03-20 21:53:34.211 24062 24337 I AXL : SetUpHook: 0xBE3AC68C -> 0xBBB927E9
03-20 21:53:34.211 24062 24337 I AXL : SetUpHook: 0xBE17C618 -> 0xBBB8FC29
03-20 21:53:34.211 24062 24337 I AXL : SetUpHook: 0xBE246390 -> 0xBBB8FCD9
03-20 21:53:34.211 24062 24337 I AXL : SetUpHook: 0xBE362EF4 -> 0xBBB8FCE5
03-20 21:53:34.211 24062 24337 I AXL : SetUpHook: 0xBE183FF4 -> 0xBBB8FCF5
03-20 21:53:34.211 24062 24337 I AXL : SetUpHook: 0xBE0D4B10 -> 0xBBB8FD89
03-20 21:53:34.211 24062 24337 I AXL : SetUpHook: 0xBE183A5C -> 0xBBB8FB45
03-20 21:53:34.211 24062 24337 I AXL : SetUpHook: 0xBE377118 -> 0xBBB8FB59
03-20 21:53:34.211 24062 24337 I AXL : SetUpHook: 0xBDFF4CC0 -> 0xBBB8FB2D
03-20 21:53:34.211 24062 24337 I AXL : SetUpHook: 0xBE125D30 -> 0xBBB8FB6D
03-20 21:53:34.211 24062 24337 I AXL : SetUpHook: 0xBE180D78 -> 0xBBB8FB85
03-20 21:53:34.211 24062 24337 I AXL : SetUpHook: 0xBE356B08 -> 0xBBB92D19
03-20 21:53:34.212 24062 24337 I AXL : SetUpHook: 0xBE21B894 -> 0xBBB8FD95
03-20 21:53:34.212 24062 24337 I AXL : SetUpHook: 0xBE0BC510 -> 0xBBB8FEED
03-20 21:53:34.212 24062 24337 I AXL : SetUpHook: 0xBE207BF8 -> 0xBBB9002D
03-20 21:53:34.212 24062 24337 I AXL : SetUpHook: 0xBE1DB994 -> 0xBBB900B5
03-20 21:53:34.212 24062 24337 I AXL : SetUpHook: 0xBE1D7E20 -> 0xBBB90229
03-20 21:53:34.212 24062 24337 I AXL : SetUpHook: 0xBE09E910 -> 0xBBB907A9
03-20 21:53:34.212 24062 24337 I AXL : SetUpHook: 0xBE1F2114 -> 0xBBB907DD
03-20 21:53:34.212 24062 24337 I AXL : SetUpHook: 0xBE17BCC0 -> 0xBBB90885
03-20 21:53:34.212 24062 24337 I AXL : SetUpHook: 0xBE002314 -> 0xBBB90955
03-20 21:53:34.212 24062 24337 I AXL : SetUpHook: 0xBDFEE530 -> 0xBBB90A29
03-20 21:53:34.212 24062 24337 I AXL : SetUpHook: 0xBDFFFD74 -> 0xBBB90AAD
03-20 21:53:34.212 24062 24337 I AXL : SetUpHook: 0xBE17ECBC -> 0xBBB90BC5
03-20 21:53:34.212 24062 24337 I AXL : SetUpHook: 0xBE353EF4 -> 0xBBB90C51
03-20 21:53:34.212 24062 24337 I AXL : SetUpHook: 0xBE1DE6CC -> 0xBBB90D25
03-20 21:53:34.212 24062 24337 I AXL : SetUpHook: 0xBE1F7778 -> 0xBBB90FBD
03-20 21:53:34.212 24062 24337 I AXL : SetUpHook: 0xBE31AA6C .210 24062 24337 I
AXL : SetUpHook: 0xBE0BA178 -> 0xBBB8EA75
03-20 21:53:34.210 24062 24337 I AXL : SetUpHook: 0xBE205784 -> 0xBBB931D9
03-20 21:53:34.210 24062 24337 I AXL : SetUpHook: 0xBE2057A0 -> 0xBBB9323D
03-20 21:53:34.210 24062 24337 I AXL : SetUpHook: 0xBE0DF47C -> 0xBBB93275
03-20 21:53:34.210 24062 24337 I AXL : SetUpHook: 0xBE16D528 -> 0xBBB92E61
03-20 21:53:34.210 24062 24337 I AXL : SetUpHook: 0xBE3AC9D8 -> 0xBBB930A1
03-20 21:53:34.210 24062 24337 I AXL : SetUpHook: 0xBE3989AC -> 0xBBB92099
03-20 21:53:34.210 24062 24337 I AXL : SetUpHook: 0xBE2B36AC -> 0xBBB93165
03-20 21:53:34.210 24062 24337 I AXL : SetUpHook: 0xBE0C7398 -> 0xBBB90939
03-20 21:53:34.210 24062 24337 I AXL : SetUpHook: 0xBE21DCA8 -> 0xBBB8ECE9
03-20 21:53:34.210 24062 24337 I AXL : SetUpHook: 0xBE1E0EF4 -> 0xBBB8E8C9
03-20 21:53:34.210 24062 24337 I AXL : SetUpHook: 0xBE1E1098 -> 0xBBB8EA05
03-20 21:53:34.210 24062 24337 I AXL : SetUpHook: 0xBE07FD5C -> 0xBBB8ED81
03-20 21:53:34.210 24062 24337 I AXL : SetUpHook: 0xBE0D483C -> 0xBBB8EF4D
03-20 21:53:34.210 24062 24337 I AXL : SetUpHook: 0xBE17C690 -> 0xBBB8F07D
03-20 21:53:34.210 24062 24337 I AXL : SetUpHook: 0xBE221A88 -> 0xBBB8F109
03-20 21:53:34.210 24062 24337 I AXL : SetUpHook: 0xBE220F84 -> 0xBBB8F10D
03-20 21:53:34.210 24062 24337 I AXL : SetUpHook: 0xBE2249A8 -> 0xBBB8F299
03-20 21:53:34.211 24062 24337 I AXL : SetUpHook: 0xBE20D0C0 -> 0xBBB92911
03-20 21:53:34.211 24062 24337 I AXL : SetUpHook: 0xBE2C8E60 -> 0xBBB8F3C1
03-20 21:53:34.211 24062 24337 I AXL : SetUpHook: 0xBE2C93CC -> 0xBBB8F3F1
03-20 21:53:34.211 24062 24337 I AXL : CodeInject: 0xBE11F9F4 -> 0xbbb8f2fd
(register: r1)
03-20 21:53:34.211 24062 24337 I AXL : SetUpHook: 0xBE17C268 -> 0xBBB8FBA5
03-20 21:53:34.211 24062 24337 I AXL : SetUpHook: 0xBE3AD964 -> 0xBBB926C5
03-20 21:53:34.211 24062 24337 I AXL : SetUpHook: 0xBE3AC68C -> 0xBBB927E9
03-20 21:53:34.211 24062 24337 I AXL : SetUpHook: 0xBE17C618 -> 0xBBB8FC29
03-20 21:53:34.211 24062 24337 I AXL : SetUpHook: 0xBE246390 -> 0xBBB8FCD9
03-20 21:53:34.211 24062 24337 I AXL : SetUpHook: 0xBE362EF4 -> 0xBBB8FCE5
03-20 21:53:34.211 24062 24337 I AXL : SetUpHook: 0xBE183FF4 -> 0xBBB8FCF5
03-20 21:53:34.211 24062 24337 I AXL : SetUpHook: 0xBE0D4B10 -> 0xBBB8FD89
03-20 21:53:34.211 24062 24337 I AXL : SetUpHook: 0xBE183A5C -> 0xBBB8FB45
03-20 21:53:34.211 24062 24337 I AXL : SetUpHook: 0xBE377118 -> 0xBBB8FB59
03-20 21:53:34.211 24062 24337 I AXL : SetUpHook: 0xBDFF4CC0 -> 0xBBB8FB2D
03-20 21:53:34.211 24062 24337 I AXL : SetUpHook: 0xBE125D30 -> 0xBBB8FB6D
03-20 21:53:34.211 24062 24337 I AXL : SetUpHook: 0xBE180D78 -> 0xBBB8FB85
03-20 21:53:34.211 24062 24337 I AXL : SetUpHook: 0xBE356B08 -> 0xBBB92D19
03-20 21:53:34.212 24062 24337 I AXL : SetUpHook: 0xBE21B894 -> 0xBBB8FD95
03-20 21:53:34.212 24062 24337 I AXL : SetUpHook: 0xBE0BC510 -> 0xBBB8FEED
03-20 21:53:34.212 24062 24337 I AXL : SetUpHook: 0xBE207BF8 -> 0xBBB9002D
03-20 21:53:34.212 24062 24337 I AXL : SetUpHook: 0xBE1DB994 -> 0xBBB900B5
03-20 21:53:34.212 24062 24337 I AXL : SetUpHook: 0xBE1D7E20 -> 0xBBB90229
03-20 21:53:34.212 24062 24337 I AXL : SetUpHook: 0xBE09E910 -> 0xBBB907A9
03-20 21:53:34.212 24062 24337 I AXL : SetUpHook: 0xBE1F2114 -> 0xBBB907DD
03-20 21:53:34.212 24062 24337 I AXL : SetUpHook: 0xBE17BCC0 -> 0xBBB90885
03-20 21:53:34.212 24062 24337 I AXL : SetUpHook: 0xBE002314 -> 0xBBB90955
03-20 21:53:34.212 24062 24337 I AXL : SetUpHook: 0xBDFEE530 -> 0xBBB90A29
03-20 21:53:34.212 24062 24337 I AXL : SetUpHook: 0xBDFFFD74 -> 0xBBB90AAD
03-20 21:53:34.212 24062 24337 I AXL : SetUpHook: 0xBE17ECBC -> 0xBBB90BC5
03-20 21:53:34.212 24062 24337 I AXL : SetUpHook: 0xBE353EF4 -> 0xBBB90C51
03-20 21:53:34.212 24062 24337 I AXL : SetUpHook: 0xBE1DE6CC -> 0xBBB90D25
03-20 21:53:34.212 24062 24337 I AXL : SetUpHook: 0xBE1F7778 -> 0xBBB90FBD
03-20 21:53:34.212 24062 24337 I AXL : SetUpHook: 0xBE31AA6C -> 0xBBB90FD5
03-20 21:53:34.213 24062 24337 I AXL : SetUpHook: 0xBE1DE334 -> 0xBBB9109D
03-20 21:53:34.213 24062 24337 I AXL : SetUpHook: 0xBE38C6EC -> 0xBBB9114D
03-20 21:53:34.213 24062 24337 I AXL : SetUpHook: 0xBE35EEC4 -> 0xBBB91399
03-20 21:53:34.213 24062 24337 I AXL : SetUpHook: 0xBE32C71C -> 0xBBB916A9
03-20 21:53:34.213 24062 24337 I AXL : SetUpHook: 0xBE3226E8 -> 0xBBB91685
03-20 21:53:34.213 24062 24337 I AXL : SetUpHook: 0xBE22ED48 -> 0xBBB914C9
03-20 21:53:34.213 24062 24337 I AXL : SetUpHook: 0xBE22E884 -> 0xBBB91615
03-20 21:53:34.213 24062 24337 I AXL : SetUpHook: 0xBE2B2EF4 -> 0xBBB91795
03-20 21:53:34.213 24062 24337 I AXL : SetUpHook: 0xBE22086C -> 0xBBB917B9
03-20 21:53:34.213 24062 24337 I AXL : SetUpHook: 0xBE3989FC -> 0xBBB9182D
03-20 21:53:34.213 24062 24337 I AXL : SetUpHook: 0xBE37B3B4 -> 0xBBB91B71
03-20 21:53:34.213 24062 24337 I AXL : SetUpHook: 0xBE39865C -> 0xBBB91E31
03-20 21:53:34.213 24062 24337 I AXL : SetUpHook: 0xBE0C38A8 -> 0xBBB91B45
03-20 21:53:34.213 24062 24337 I AXL : SetUpHook: 0xBE0C2E88 -> 0xBBB92119
03-20 21:53:34.213 24062 24337 I AXL : SetUpHook: 0xBE1CFD74 -> 0xBBB92301
03-20 21:53:34.213 24062 24337 I AXL : SetUpHook: 0xBE1E3C68 -> 0xBBB92539
03-20 21:53:34.213 24062 24337 I AXL : SetUpHook: 0xBE161164 -> 0xBBB92659
03-20 21:53:34.214 24062 24337 I AXL : SetUpHook: 0xBE28017C -> 0xBBB92695
03-20 21:53:34.214 24062 24337 I AXL : SetUpHook: 0xBDFF7808 -> 0xBBB931A1
03-20 21:53:34.214 24062 24337 I AXL : SetUpHook: 0xBE02AAE4 -> 0xBBB931B5
03-20 21:53:34.214 24062 24337 I AXL : SetUpHook: 0xBE2A0280 -> 0xBBB985AD
03-20 21:53:34.214 24062 24337 I AXL : SetUpHook: 0xBE1E308C -> 0xBBB97B75
03-20 21:53:34.214 24062 24337 I AXL : SetUpHook: 0xBE1E3110 -> 0xBBB97BE1
03-20 21:53:34.214 24062 24337 I AXL : SetUpHook: 0xBE1E354C -> 0xBBB98241
03-20 21:53:34.214 24062 24337 I AXL : SetUpHook: 0xBE1E3528 -> 0xBBB982DD
03-20 21:53:34.214 24062 24337 I AXL : SetUpHook: 0xBE1E3344 -> 0xBBB98379
03-20 21:53:34.214 24062 24337 I AXL : SetUpHook: 0xBE1E3368 -> 0xBBB983F1
03-20 21:53:34.214 24062 24337 I AXL : SetUpHook: 0xBE1E4AA4 -> 0xBBB97C4D
03-20 21:53:34.214 24062 24337 I AXL : SetUpHook: 0xBE1E49B8 -> 0xBBB97CA1
03-20 21:53:34.214 24062 24337 I AXL : SetUpHook: 0xBE1E496C -> 0xBBB97D1D
03-20 21:53:34.214 24062 24337 I AXL : SetUpHook: 0xBE1E4824 -> 0xBBB97D85
03-20 21:53:34.214 24062 24337 I AXL : SetUpHook: 0xBE1E48C0 -> 0xBBB97DD9
03-20 21:53:34.214 24062 24337 I AXL : SetUpHook: 0xBE1E4A0C -> 0xBBB97E2D
03-20 21:53:34.214 24062 24337 I AXL : SetUpHook: 0xBE1E4A4C -> 0xBBB97E81
03-20 21:53:34.214 24062 24337 I AXL : SetUpHook: 0xBE1E3D9C -> 0xBBB97F05
03-20 21:53:34.214 24062 24337 I AXL : SetUpHook: 0xBE1E4038 -> 0xBBB98955
03-20 21:53:34.214 24062 24337 I AXL : SetUpHook: 0xBE1E4498 -> 0xBBB98A39
03-20 21:53:34.214 24062 24337 I AXL : SetUpHook: 0xBE1E4418 -> 0xBBB98A01
03-20 21:53:34.214 24062 24337 I AXL : SetUpHook: 0xBE307748 -> 0xBBB989E1
03-20 21:53:34.214 24062 24337 I AXL : SetUpHook: 0xBE1E47B0 -> 0xBBB97ED9
03-20 21:53:34.215 24062 24337 I AXL : SetUpHook: 0xBE1E3B50 -> 0xBBB97F79
03-20 21:53:34.215 24062 24337 I AXL : SetUpHook: 0xBE1E29E4 -> 0xBBB97FC9
03-20 21:53:34.215 24062 24337 I AXL : SetUpHook: 0xBE1E2BF0 -> 0xBBB9800D
03-20 21:53:34.215 24062 24337 I AXL : SetUpHook: 0xBE1E3B7C -> 0xBBB98049
03-20 21:53:34.215 24062 24337 I AXL : SetUpHook: 0xBE1E3938 -> 0xBBB98111
03-20 21:53:34.215 24062 24337 I AXL : SetUpHook: 0xBE1E3754 -> 0xBBB98159
03-20 21:53:34.215 24062 24337 I AXL : SetUpHook: 0xBE1E34F8 -> 0xBBB98469
03-20 21:53:34.215 24062 24337 I AXL : SetUpHook: 0xBE1E34C8 -> 0xBBB981A1
03-20 21:53:34.215 24062 24337 I AXL : SetUpHook: 0xBE1E3A1C -> 0xBBB98555
03-20 21:53:34.215 24062 24337 I AXL : SetUpHook: 0xBE1E3D30 -> 0xBBB98C75
03-20 21:53:34.215 24062 24337 I AXL : GUI | Display size: 2460.000000,
1080.000000
03-20 21:53:34.215 24062 24337 I AXL : G-> 0xBBB90FD5
03-20 21:53:34.213 24062 24337 I AXL : SetUpHook: 0xBE1DE334 -> 0xBBB9109D
03-20 21:53:34.213 24062 24337 I AXL : SetUpHook: 0xBE38C6EC -> 0xBBB9114D
03-20 21:53:34.213 24062 24337 I AXL : SetUpHook: 0xBE35EEC4 -> 0xBBB91399
03-20 21:53:34.213 24062 24337 I AXL : SetUpHook: 0xBE32C71C -> 0xBBB916A9
03-20 21:53:34.213 24062 24337 I AXL : SetUpHook: 0xBE3226E8 -> 0xBBB91685
03-20 21:53:34.213 24062 24337 I AXL : SetUpHook: 0xBE22ED48 -> 0xBBB914C9
03-20 21:53:34.213 24062 24337 I AXL : SetUpHook: 0xBE22E884 -> 0xBBB91615
03-20 21:53:34.213 24062 24337 I AXL : SetUpHook: 0xBE2B2EF4 -> 0xBBB91795
03-20 21:53:34.213 24062 24337 I AXL : SetUpHook: 0xBE22086C -> 0xBBB917B9
03-20 21:53:34.213 24062 24337 I AXL : SetUpHook: 0xBE3989FC -> 0xBBB9182D
03-20 21:53:34.213 24062 24337 I AXL : SetUpHook: 0xBE37B3B4 -> 0xBBB91B71
03-20 21:53:34.213 24062 24337 I AXL : SetUpHook: 0xBE39865C -> 0xBBB91E31
03-20 21:53:34.213 24062 24337 I AXL : SetUpHook: 0xBE0C38A8 -> 0xBBB91B45
03-20 21:53:34.213 24062 24337 I AXL : SetUpHook: 0xBE0C2E88 -> 0xBBB92119
03-20 21:53:34.213 24062 24337 I AXL : SetUpHook: 0xBE1CFD74 -> 0xBBB92301
03-20 21:53:34.213 24062 24337 I AXL : SetUpHook: 0xBE1E3C68 -> 0xBBB92539
03-20 21:53:34.213 24062 24337 I AXL : SetUpHook: 0xBE161164 -> 0xBBB92659
03-20 21:53:34.214 24062 24337 I AXL : SetUpHook: 0xBE28017C -> 0xBBB92695
03-20 21:53:34.214 24062 24337 I AXL : SetUpHook: 0xBDFF7808 -> 0xBBB931A1
03-20 21:53:34.214 24062 24337 I AXL : SetUpHook: 0xBE02AAE4 -> 0xBBB931B5
03-20 21:53:34.214 24062 24337 I AXL : SetUpHook: 0xBE2A0280 -> 0xBBB985AD
03-20 21:53:34.214 24062 24337 I AXL : SetUpHook: 0xBE1E308C -> 0xBBB97B75
03-20 21:53:34.214 24062 24337 I AXL : SetUpHook: 0xBE1E3110 -> 0xBBB97BE1
03-20 21:53:34.214 24062 24337 I AXL : SetUpHook: 0xBE1E354C -> 0xBBB98241
03-20 21:53:34.214 24062 24337 I AXL : SetUpHook: 0xBE1E3528 -> 0xBBB982DD
03-20 21:53:34.214 24062 24337 I AXL : SetUpHook: 0xBE1E3344 -> 0xBBB98379
03-20 21:53:34.214 24062 24337 I AXL : SetUpHook: 0xBE1E3368 -> 0xBBB983F1
03-20 21:53:34.214 24062 24337 I AXL : SetUpHook: 0xBE1E4AA4 -> 0xBBB97C4D
03-20 21:53:34.214 24062 24337 I AXL : SetUpHook: 0xBE1E49B8 -> 0xBBB97CA1
03-20 21:53:34.214 24062 24337 I AXL : SetUpHook: 0xBE1E496C -> 0xBBB97D1D
03-20 21:53:34.214 24062 24337 I AXL : SetUpHook: 0xBE1E4824 -> 0xBBB97D85
03-20 21:53:34.214 24062 24337 I AXL : SetUpHook: 0xBE1E48C0 -> 0xBBB97DD9
03-20 21:53:34.214 24062 24337 I AXL : SetUpHook: 0xBE1E4A0C -> 0xBBB97E2D
03-20 21:53:34.214 24062 24337 I AXL : SetUpHook: 0xBE1E4A4C -> 0xBBB97E81
03-20 21:53:34.214 24062 24337 I AXL : SetUpHook: 0xBE1E3D9C -> 0xBBB97F05
03-20 21:53:34.214 24062 24337 I AXL : SetUpHook: 0xBE1E4038 -> 0xBBB98955
03-20 21:53:34.214 24062 24337 I AXL : SetUpHook: 0xBE1E4498 -> 0xBBB98A39
03-20 21:53:34.214 24062 24337 I AXL : SetUpHook: 0xBE1E4418 -> 0xBBB98A01
03-20 21:53:34.214 24062 24337 I AXL : SetUpHook: 0xBE307748 -> 0xBBB989E1
03-20 21:53:34.214 24062 24337 I AXL : SetUpHook: 0xBE1E47B0 -> 0xBBB97ED9
03-20 21:53:34.215 24062 24337 I AXL : SetUpHook: 0xBE1E3B50 -> 0xBBB97F79
03-20 21:53:34.215 24062 24337 I AXL : SetUpHook: 0xBE1E29E4 -> 0xBBB97FC9
03-20 21:53:34.215 24062 24337 I AXL : SetUpHook: 0xBE1E2BF0 -> 0xBBB9800D
03-20 21:53:34.215 24062 24337 I AXL : SetUpHook: 0xBE1E3B7C -> 0xBBB98049
03-20 21:53:34.215 24062 24337 I AXL : SetUpHook: 0xBE1E3938 -> 0xBBB98111
03-20 21:53:34.215 24062 24337 I AXL : SetUpHook: 0xBE1E3754 -> 0xBBB98159
03-20 21:53:34.215 24062 24337 I AXL : SetUpHook: 0xBE1E34F8 -> 0xBBB98469
03-20 21:53:34.215 24062 24337 I AXL : SetUpHook: 0xBE1E34C8 -> 0xBBB981A1
03-20 21:53:34.215 24062 24337 I AXL : SetUpHook: 0xBE1E3A1C -> 0xBBB98555
03-20 21:53:34.215 24062 24337 I AXL : SetUpHook: 0xBE1E3D30 -> 0xBBB98C75
03-20 21:53:34.215 24062 24337 I AXL : GUI | Display size: 2460.000000,
1080.000000
03-20 21:53:34.215 24062 24337 I AXL : GUI | Scale factor: 1.281250, 1.000000
Font size: 30.000000
03-20 21:53:34.215 24062 24337 I AXL : GUI | Loading font: visby-round-cf-
extra-bold.ttf
03-20 21:53:34.219 24062 24349 I AXL : NvFOpen: AUDIO/SFX/GENRL.osw
03-20 21:53:34.223 24062 24337 I AXL : GUI | ImFont pointer = 0xE0365DE0
03-20 21:53:34.225 24062 24337 I AXL : Error: Texture (splash_icon) not found
in database (txd)
03-20 21:53:34.226 24062 24337 I AXL : Error: Texture (radardisc_r) not found
in database (samp)
03-20 21:53:34.226 24062 24337 I AXL : Initalizing KeyBoard..
03-20 21:53:34.226 24062 24337 I AXL : Size: 2460.000000, 594.000000. Pos:
0.000000, 486.000000
03-20 21:53:34.226 24062 24337 I AXL : font size: 70.000000. Key's height:
118.800003
03-20 21:53:34.226 24062 24337 I AXL : Initalizing KeyBoardHistory..
03-20 21:53:34.226 24062 24337 I AXL : InitENG
03-20 21:53:34.226 24062 24337 I AXL : InitRU
03-20 21:53:34.228 24062 24337 I AXL : InitNUM
03-20 21:53:34.228 24062 24337 I AXL : KeyBoard inited
03-20 21:53:34.228 24062 24337 I AXL : Loading afk_icon..
03-20 21:53:34.228 24062 24337 I AXL : KillList initialize
03-20 21:53:34.240 24062 24349 I AXL : NvFOpen: AUDIO/SFX/GENRL.osw
03-20 21:53:34.251 24062 24349 I AXL : NvFOpen: AUDIO/SFX/GENRL.osw
03-20 21:53:34.265 24062 24349 I AXL : NvFOpen: AUDIO/SFX/GENRL.osw
03-20 21:53:34.273 24062 24349 I AXL : NvFOpen: AUDIO/SFX/GENRL.osw
03-20 21:53:34.280 24062 24349 I AXL : NvFOpen: AUDIO/SFX/GENRL.osw
03-20 21:53:34.285 24062 24349 I AXL : NvFOpen: AUDIO/SFX/GENRL.osw
03-20 21:53:34.294 24062 24349 I AXL : NvFOpen: AUDIO/SFX/GENRL.osw
03-20 21:53:34.298 24062 24349 I AXL : NvFOpen: AUDIO/SFX/GENRL.osw
03-20 21:53:34.301 24062 24349 I AXL : NvFOpen: AUDIO/SFX/GENRL.osw
03-20 21:53:34.306 24062 24349 I AXL : NvFOpen: AUDIO/SFX/GENRL.osw
