03-20 21:49:18.874 17688 17898 I AXL : RPC_SCRCREATEOBJECT(807) 905
03-20 21:49:18.874 17688 17898 I AXL : RPC_SCRCREATEOBJECT(808) 19789
03-20 21:49:18.874 17688 17898 I AXL : RPC_SCRCREATEOBJECT(809) 870
03-20 21:49:18.874 17688 17898 I AXL : RPC_SCRCREATEOBJECT(810) 19789
03-20 21:49:18.875 17688 17898 I AXL : RPC_SCRCREATEOBJECT(811) 19445
03-20 21:49:18.875 17688 17898 I AXL : RPC_SCRCREATEOBJECT(812) 19789
03-20 21:49:18.875 17688 17898 I AXL : RPC_SCRCREATEOBJECT(813) 870
03-20 21:49:18.875 17688 17898 I AXL : RPC_SCRCREATEOBJECT(814) 2789
03-20 21:49:18.875 17688 17898 I AXL : SetMaterialText(- ������ �������) |
Segoe UI
03-20 21:49:18.875 17688 17898 I AXL : RPC_SCRCREATEOBJECT(815) 647
03-20 21:49:18.875 17688 17898 I AXL : RPC_SCRCREATEOBJECT(816) 729
03-20 21:49:18.875 17688 17898 I AXL : RPC_SCRCREATEOBJECT(817) 19445
03-20 21:49:98 I AXL : SetMaterialText(����������� ���������) | Segoe UI
03-20 21:49:18.873 17688 17898 I AXL : RPC_SCRCREATEOBJECT(776) 2789
03-20 21:49:18.873 17688 17898 I AXL : SetMaterialText(�������� ������) | Segoe
UI
03-20 21:49:18.873 17688 17898 I AXL : RPC_SCRCREATEOBJECT(777) 18766
03-20 21:49:18.873 17688 17898 I AXL : RPC_SCRCREATEOBJECT(778) 640
03-20 21:49:18.873 17688 17898 I AXL : RPC_SCRCREATEOBJECT(779) 1359
03-20 21:49:18.873 17688 17898 I AXL : RPC_SCRCREATEOBJECT(780) 19445
03-20 21:49:18.873 17688 17898 I AXL : RPC_SCRCREATEOBJECT(781) 983
03-20 21:49:18.873 17688 17898 I AXL : RPC_SCRCREATEOBJECT(782) 983
03-20 21:49:18.873 17688 17898 I AXL : RPC_SCRCREATEOBJECT(783) 7913
03-20 21:49:18.873 17688 17898 I AXL : RPC_SCRCREATEOBJECT(784) 7913
03-20 21:49:18.873 17688 17898 I AXL : RPC_SCRCREATEOBJECT(785) 1368
03-20 21:49:18.873 17688 17898 I AXL : RPC_SCRCREATEOBJECT(786) 1359
03-20 21:49:18.873 17688 17898 I AXL : RPC_SCRCREATEOBJECT(787) 19445
03-20 21:49:18.873 17688 17898 I AXL : RPC_SCRCREATEOBJECT(788) 18766
03-20 21:49:18.873 17688 17898 I AXL : RPC_SCRCREATEOBJECT(789) 19482
03-20 21:49:18.874 17688 17898 I AXL : SetMaterialText(:() | Calibri
03-20 21:49:18.874 17688 17898 I AXL : RPC_SCRCREATEOBJECT(790) 19445
03-20 21:49:18.874 17688 17898 I AXL : RPC_SCRCREATEOBJECT(791) 983
03-20 21:49:18.874 17688 17898 I AXL : RPC_SCRCREATEOBJECT(792) 983
03-20 21:49:18.874 17688 17898 I AXL : RPC_SCRCREATEOBJECT(793) 19718
03-20 21:49:18.874 17688 17898 I AXL : RPC_SCRCREATEOBJECT(794) 984
03-20 21:49:18.874 17688 17898 I AXL : RPC_SCRCREATEOBJECT(795) 19718
03-20 21:49:18.874 17688 17898 I AXL : RPC_SCRCREATEOBJECT(796) 19718
03-20 21:49:18.874 17688 17898 I AXL : RPC_SCRCREATEOBJECT(797) 19718
03-20 21:49:18.874 17688 17898 I AXL : RPC_SCRCREATEOBJECT(798) 983
03-20 21:49:18.874 17688 17898 I AXL : RPC_SCRCREATEOBJECT(799) 19445
03-20 21:49:18.874 17688 17898 I AXL : RPC_SCRCREATEOBJECT(800) 7913
03-20 21:49:18.874 17688 17898 I AXL : RPC_SCRCREATEOBJECT(801) 1223
03-20 21:49:18.874 17688 17898 I AXL : RPC_SCRCREATEOBJECT(802) 7913
03-20 21:49:18.874 17688 17898 I AXL : RPC_SCRCREATEOBJECT(803) 19445
03-20 21:49:18.874 17688 17898 I AXL : RPC_SCRCREATEOBJECT(804) 983
03-20 21:49:18.874 17688 17898 I AXL : RPC_SCRCREATEOBJECT(805) 905
03-20 21:49:18.874 17688 17898 I AXL : RPC_SCRCREATEOBJECT(806) 983
03-20 21:49:18.874 17688 17898 I AXL : RPC_SCRCREATEOBJECT(807) 905
03-20 21:49:18.874 17688 17898 I AXL : RPC_SCRCREATEOBJECT(808) 19789
03-20 21:49:18.874 17688 17898 I AXL : RPC_SCRCREATEOBJECT(809) 870
03-20 21:49:18.874 17688 17898 I AXL : RPC_SCRCREATEOBJECT(810) 19789
03-20 21:49:18.875 17688 17898 I AXL : RPC_SCRCREATEOBJECT(811) 19445
03-20 21:49:18.875 17688 17898 I AXL : RPC_SCRCREATEOBJECT(812) 19789
03-20 21:49:18.875 17688 17898 I AXL : RPC_SCRCREATEOBJECT(813) 870
03-20 21:49:18.875 17688 17898 I AXL : RPC_SCRCREATEOBJECT(814) 2789
03-20 21:49:18.875 17688 17898 I AXL : SetMaterialText(- ������ �������) |
Segoe UI
03-20 21:49:18.875 17688 17898 I AXL : RPC_SCRCREATEOBJECT(815) 647
03-20 21:49:18.875 17688 17898 I AXL : RPC_SCRCREATEOBJECT(816) 729
03-20 21:49:18.875 17688 17898 I AXL : RPC_SCRCREATEOBJECT(817) 19445
03-20 21:49:18.875 17688 17898 I AXL : RPC_SCRCREATEOBJECT(818) 19445
03-20 21:49:18.875 17688 17898 I AXL : RPC_SCRCREATEOBJECT(819) 19445
03-20 21:49:18.875 17688 17898 I AXL : RPC_SCRCREATEOBJECT(820) 19789
03-20 21:49:18.875 17688 17898 I AXL : RPC_SCRCREATEOBJECT(821) 2789
03-20 21:49:18.875 17688 17898 I AXL : RPC_SCRCREATEOBJECT(822) 2789
03-20 21:49:18.875 17688 17898 I AXL : RPC_SCRCREATEOBJECT(823) 2789
03-20 21:49:18.875 17688 17898 I AXL : SetMaterialText("������ ���� � ) |
Engravers MT
03-20 21:49:18.875 17688 17898 I AXL : RPC_SCRCREATEOBJECT(824) 19789
03-20 21:49:18.875 17688 17898 I AXL : RPC_SCRCREATEOBJECT(825) 2789
03-20 21:49:18.875 17688 17898 I AXL18.875 17688 17898 I AXL :
RPC_SCRCREATEOBJECT(818) 19445
03-20 21:49:18.875 17688 17898 I AXL : RPC_SCRCREATEOBJECT(819) 19445
03-20 21:49:18.875 17688 17898 I AXL : RPC_SCRCREATEOBJECT(820) 19789
03-20 21:49:18.875 17688 17898 I AXL : RPC_SCRCREATEOBJECT(821) 2789
03-20 21:49:18.875 17688 17898 I AXL : RPC_SCRCREATEOBJECT(822) 2789
03-20 21:49:18.875 17688 17898 I AXL : RPC_SCRCREATEOBJECT(823) 2789
03-20 21:49:18.875 17688 17898 I AXL : SetMaterialText("������ ���� � ) |
Engravers MT
03-20 21:49:18.875 17688 17898 I AXL : RPC_SCRCREATEOBJECT(824) 19789
03-20 21:49:18.875 17688 17898 I AXL : RPC_SCRCREATEOBJECT(825) 2789
03-20 21:49:18.875 17688 17898 I AXL : SetMaterialText("������� - ����") |
Engravers MT
03-20 21:49:18.875 17688 17898 I AXL : RPC_SCRCREATEOBJECT(826) 2789
03-20 21:49:18.875 17688 17898 I AXL : SetMaterialText( �� ��� ���������� �����
� �������� �������") | Segoe UI
03-20 21:49:18.875 17688 17898 I AXL : RPC_SCRCREATEOBJECT(827) 2789
03-20 21:49:18.875 17688 17898 I AXL : SetMaterialText(�� EVOLVE ROLE PLAY) |
Arial Narrow
03-20 21:49:18.875 17688 17898 I AXL : RPC_SCRCREATEOBJECT(828) 2789
03-20 21:49:18.876 17688 17898 I AXL : SetMaterialText(19.02.2017 - 07.03.2023)
| Arial
03-20 21:49:18.876 17688 17898 I AXL : RPC_SCRCREATEOBJECT(829) 2789
03-20 21:49:18.876 17688 17898 I AXL : SetMaterialText("��������� �����
�������� �� �������� �����,) | Segoe UI
03-20 21:49:18.876 17688 17898 I AXL : RPC_SCRCREATEOBJECT(830) 2789
03-20 21:49:18.876 17688 17898 I AXL : SetMaterialText(��� ��� �������,
������������ � �����������.) | Segoe UI
03-20 21:49:18.876 17688 17898 I AXL : RPC_SCRCREATEOBJECT(831) 2789
03-20 21:49:18.876 17688 17898 I AXL : SetMaterialText(���� ����� �����") |
Engravers MT
03-20 21:49:18.876 17688 17898 I AXL : RPC_SCRCREATEOBJECT(832) 19445
03-20 21:49:18.876 17688 17898 I AXL : RPC_SCRCREATEOBJECT(833) 905
03-20 21:49:18.876 17688 17898 I AXL : RPC_SCRCREATEOBJECT(834) 19789
03-20 21:49:18.876 17688 17898 I AXL : RPC_SCRCREATEOBJECT(835) 19789
03-20 21:49:18.876 17688 17898 I AXL : RPC_SCRCREATEOBJECT(836) 870
03-20 21:49:18.876 17688 17898 I AXL : RPC_SCRCREATEOBJECT(837) 870
03-20 21:49:18.876 17688 17898 I AXL : RPC_SCRCREATEOBJECT(838) 19789
03-20 21:49:18.876 17688 17898 I AXL : RPC_SCRCREATEOBJECT(839) 905
03-20 21:49:18.876 17688 17898 I AXL : RPC_SCRCREATEOBJECT(840) 19984
03-20 21:49:18.876 17688 17898 I AXL : RPC_SCRCREATEOBJECT(841) 1569
03-20 21:49:18.876 17688 17898 I AXL : RPC_SCRCREATEOBJECT(842) 19718
03-20 21:49:18.876 17688 17898 I AXL : RPC_SCRCREATEOBJECT(843) 19718
03-20 21:49:18.876 17688 17898 I AXL : RPC_SCRCREATEOBJECT(844) 19718
03-20 21:49:18.877 17688 17898 I AXL : RPC_SCRCREATEOBJECT(845) 19718
03-20 21:49:18.877 17688 17898 I AXL : RPC_SCRCREATEOBJECT(846) 984
03-20 21:49:18.877 17688 17898 I AXL : RPC_SCRCREATEOBJECT(847) 19445
03-20 21:49:18.877 17688 17898 I AXL : RPC_SCRCREATEOBJECT(848) 984
03-20 21:49:18.877 17688 17898 I AXL : RPC_SCRCREATEOBJECT(849) 7913
03-20 21:49:18.877 17688 17898 I AXL : RPC_SCRCREATEOBJECT(850) 983
03-20 21:49:18.877 17688 17898 I AXL : RPC_SCRCREATEOBJECT(851) 2714
03-20 21:49:18.877 17688 17898 I AXL : SetMaterialText(SA:MP Developer
03-20 21:49:18.877 17688 17898 I AXL : Thanks for all) | Trebuchet MS
03-20 21:49:18.877 17688 17898 I AXL : RPC_SCRCREATEOBJECT(852) 2714
03-20 21:49:18.877 17688 17898 I AXL : SetMaterialText(K A L C O R) | Trebuchet
MS
03-20 21:49:18.877 17688 17898 I AXL : RPC_SCRCREATEOBJECT(853) 983
03-20 21:49:18.877 17688 17898 I AXL : RPC_SCRCREATEOBJECT(854) 19935
03-20 21:49:18.877 17688 17898 I AXL : RPC_SCRCREATEOBJECT(855) 19935
03-20 21:49:18.877 17688 17898 I AXL : RPC_SCRCREATEOBJECT(856) 647
03-20 21:49:18.877 17688 17898 I AXL : RPC_SCRCREATEOBJECT(857) 1290
03-20 21:49:18.877 17688 17898 I AXL : RPC_SCRCREATEOBJECT(858) 878
03-20 21:49:18.877 17688 17898 I AXL : RPC_SCRCREATEOB :
SetMaterialText("������� - ����") | Engravers MT
03-20 21:49:18.875 17688 17898 I AXL : RPC_SCRCREATEOBJECT(826) 2789
03-20 21:49:18.875 17688 17898 I AXL : SetMaterialText( �� ��� ���������� �����
� �������� �������") | Segoe UI
03-20 21:49:18.875 17688 17898 I AXL : RPC_SCRCREATEOBJECT(827) 2789
03-20 21:49:18.875 17688 17898 I AXL : SetMaterialText(�� EVOLVE ROLE PLAY) |
Arial Narrow
03-20 21:49:18.875 17688 17898 I AXL : RPC_SCRCREATEOBJECT(828) 2789
03-20 21:49:18.876 17688 17898 I AXL : SetMaterialText(19.02.2017 - 07.03.2023)
| Arial
03-20 21:49:18.876 17688 17898 I AXL : RPC_SCRCREATEOBJECT(829) 2789
03-20 21:49:18.876 17688 17898 I AXL : SetMaterialText("��������� �����
�������� �� �������� �����,) | Segoe UI
03-20 21:49:18.876 17688 17898 I AXL : RPC_SCRCREATEOBJECT(830) 2789
03-20 21:49:18.876 17688 17898 I AXL : SetMaterialText(��� ��� �������,
������������ � �����������.) | Segoe UI
03-20 21:49:18.876 17688 17898 I AXL : RPC_SCRCREATEOBJECT(831) 2789
03-20 21:49:18.876 17688 17898 I AXL : SetMaterialText(���� ����� �����") |
Engravers MT
03-20 21:49:18.876 17688 17898 I AXL : RPC_SCRCREATEOBJECT(832) 19445
03-20 21:49:18.876 17688 17898 I AXL : RPC_SCRCREATEOBJECT(833) 905
03-20 21:49:18.876 17688 17898 I AXL : RPC_SCRCREATEOBJECT(834) 19789
03-20 21:49:18.876 17688 17898 I AXL : RPC_SCRCREATEOBJECT(835) 19789
03-20 21:49:18.876 17688 17898 I AXL : RPC_SCRCREATEOBJECT(836) 870
03-20 21:49:18.876 17688 17898 I AXL : RPC_SCRCREATEOBJECT(837) 870
03-20 21:49:18.876 17688 17898 I AXL : RPC_SCRCREATEOBJECT(838) 19789
03-20 21:49:18.876 17688 17898 I AXL : RPC_SCRCREATEOBJECT(839) 905
03-20 21:49:18.876 17688 17898 I AXL : RPC_SCRCREATEOBJECT(840) 19984
03-20 21:49:18.876 17688 17898 I AXL : RPC_SCRCREATEOBJECT(841) 1569
03-20 21:49:18.876 17688 17898 I AXL : RPC_SCRCREATEOBJECT(842) 19718
03-20 21:49:18.876 17688 17898 I AXL : RPC_SCRCREATEOBJECT(843) 19718
03-20 21:49:18.876 17688 17898 I AXL : RPC_SCRCREATEOBJECT(844) 19718
03-20 21:49:18.877 17688 17898 I AXL : RPC_SCRCREATEOBJECT(845) 19718
03-20 21:49:18.877 17688 17898 I AXL : RPC_SCRCREATEOBJECT(846) 984
03-20 21:49:18.877 17688 17898 I AXL : RPC_SCRCREATEOBJECT(847) 19445
03-20 21:49:18.877 17688 17898 I AXL : RPC_SCRCREATEOBJECT(848) 984
03-20 21:49:18.877 17688 17898 I AXL : RPC_SCRCREATEOBJECT(849) 7913
03-20 21:49:18.877 17688 17898 I AXL : RPC_SCRCREATEOBJECT(850) 983
03-20 21:49:18.877 17688 17898 I AXL : RPC_SCRCREATEOBJECT(851) 2714
03-20 21:49:18.877 17688 17898 I AXL : SetMaterialText(SA:MP Developer
03-20 21:49:18.877 17688 17898 I AXL : Thanks for all) | Trebuchet MS
03-20 21:49:18.877 17688 17898 I AXL : RPC_SCRCREATEOBJECT(852) 2714
03-20 21:49:18.877 17688 17898 I AXL : SetMaterialText(K A L C O R) | Trebuchet
MS
03-20 21:49:18.877 17688 17898 I AXL : RPC_SCRCREATEOBJECT(853) 983
03-20 21:49:18.877 17688 17898 I AXL : RPC_SCRCREATEOBJECT(854) 19935
03-20 21:49:18.877 17688 17898 I AXL : RPC_SCRCREATEOBJECT(855) 19935
03-20 21:49:18.877 17688 17898 I AXL : RPC_SCRCREATEOBJECT(856) 647
03-20 21:49:18.877 17688 17898 I AXL : RPC_SCRCREATEOBJECT(857) 1290
03-20 21:49:18.877 17688 17898 I AXL : RPC_SCRCREATEOBJECT(858) 878
03-20 21:49:18.877 17688 17898 I AXL : RPC_SCRCREATEOBJECT(859) 984
03-20 21:49:18.877 17688 17898 I AXL : RPC_SCRCREATEOBJECT(860) 13646
03-20 21:49:18.877 17688 17898 I AXL : RPC_SCRCREATEOBJECT(861) 13646
03-20 21:49:18.877 17688 17898 I AXL : RPC_SCRCREATEOBJECT(862) 851
03-20 21:49:18.877 17688 17898 I AXL : RPC_SCRCREATEOBJECT(863) 878
03-20 21:49:18.877 17688 17898 I AXL : RPC_SCRCREATEOBJECT(864) 13646
03-20 21:49:18.877 17688 17898 I AXL : RPC_SCRCREATEOBJECT(865) 19739
03-20 21:49:18.877 17688 17898 I AXL : RPC_SCRCREATEOBJECT(866) 19739
03-20 21:49:18.878 17688 17898 I AXL : RPC_SCRCREATEOBJECT(867) 19739
03-20 21:49:18.878 17688 17898 I AXL : RPC_SCRCREATEOBJECT(868) 19739
03-20 21:49:18.878 17688 17JECT(859) 984
03-20 21:49:18.877 17688 17898 I AXL : RPC_SCRCREATEOBJECT(860) 13646
03-20 21:49:18.877 17688 17898 I AXL : RPC_SCRCREATEOBJECT(861) 13646
03-20 21:49:18.877 17688 17898 I AXL : RPC_SCRCREATEOBJECT(862) 851
03-20 21:49:18.877 17688 17898 I AXL : RPC_SCRCREATEOBJECT(863) 878
03-20 21:49:18.877 17688 17898 I AXL : RPC_SCRCREATEOBJECT(864) 13646
03-20 21:49:18.877 17688 17898 I AXL : RPC_SCRCREATEOBJECT(865) 19739
03-20 21:49:18.877 17688 17898 I AXL : RPC_SCRCREATEOBJECT(866) 19739
03-20 21:49:18.878 17688 17898 I AXL : RPC_SCRCREATEOBJECT(867) 19739
03-20 21:49:18.878 17688 17898 I AXL : RPC_SCRCREATEOBJECT(868) 19739
03-20 21:49:18.878 17688 17898 I AXL : RPC_SCRCREATEOBJECT(869) 19739
03-20 21:49:18.878 17688 17898 I AXL : RPC_SCRCREATEOBJECT(870) 19739
03-20 21:49:18.878 17688 17898 I AXL : RPC_SCRCREATEOBJECT(871) 19739
03-20 21:49:18.878 17688 17898 I AXL : RPC_SCRCREATEOBJECT(872) 19739
03-20 21:49:18.878 17688 17898 I AXL : RPC_SCRCREATEOBJECT(873) 19739
03-20 21:49:18.878 17688 17898 I AXL : RPC_SCRCREATEOBJECT(874) 19739
03-20 21:49:18.878 17688 17898 I AXL : RPC_SCRCREATEOBJECT(875) 19739
03-20 21:49:18.878 17688 17898 I AXL : RPC_SCRCREATEOBJECT(876) 19739
03-20 21:49:18.878 17688 17898 I AXL : RPC_SCRCREATEOBJECT(877) 19739
03-20 21:49:18.878 17688 17898 I AXL : RPC_SCRCREATEOBJECT(878) 19739
03-20 21:49:18.878 17688 17898 I AXL : RPC_SCRCREATEOBJECT(879) 19739
03-20 21:49:18.878 17688 17898 I AXL : RPC_SCRCREATEOBJECT(880) 19739
03-20 21:49:18.878 17688 17898 I AXL : RPC_SCRCREATEOBJECT(881) 19739
03-20 21:49:18.878 17688 17898 I AXL : RPC_SCRCREATEOBJECT(882) 19739
03-20 21:49:18.878 17688 17898 I AXL : RPC_SCRCREATEOBJECT(883) 19739
03-20 21:49:18.879 17688 17898 I AXL : RPC_SCRCREATEOBJECT(884) 19739
03-20 21:49:18.879 17688 17898 I AXL : RPC_SCRCREATEOBJECT(885) 19739
03-20 21:49:18.879 17688 17898 I AXL : RPC_SCRCREATEOBJECT(886) 19739
03-20 21:49:18.879 17688 17898 I AXL : RPC_SCRCREATEOBJECT(887) 19739
03-20 21:49:18.879 17688 17898 I AXL : RPC_SCRCREATEOBJECT(888) 19739
03-20 21:49:18.879 17688 17898 I AXL : RPC_SCRCREATEOBJECT(889) 19739
03-20 21:49:18.879 17688 17898 I AXL : RPC_SCRCREATEOBJECT(890) 19739
03-20 21:49:18.879 17688 17898 I AXL : RPC_SCRCREATEOBJECT(891) 19739
03-20 21:49:18.879 17688 17898 I AXL : RPC_SCRCREATEOBJECT(892) 19739
03-20 21:49:18.879 17688 17898 I AXL : RPC_SCRCREATEOBJECT(893) 19739
03-20 21:49:18.879 17688 17898 I AXL : RPC_SCRCREATEOBJECT(894) 19739
03-20 21:49:18.879 17688 17898 I AXL : RPC_SCRCREATEOBJECT(895) 19739
03-20 21:49:18.879 17688 17898 I AXL : RPC_SCRCREATEOBJECT(896) 19739
03-20 21:49:18.879 17688 17898 I AXL : RPC_SCRCREATEOBJECT(897) 19739
03-20 21:49:18.879 17688 17898 I AXL : RPC_SCRCREATEOBJECT(898) 13646
03-20 21:49:18.879 17688 17898 I AXL : RPC_SCRCREATEOBJECT(899) 2714
03-20 21:49:18.879 17688 17898 I AXL : SetMaterialText(KALCOR
03-20 21:49:18.879 17688 17898 I AXL : 2005-2019) | Arial
03-20 21:49:18.879 17688 17898 I AXL : RPC_SCRCREATEOBJECT(900) 11710
03-20 21:49:18.879 17688 17898 I AXL : RPC_SCRCREATEOBJECT(901) 19844
03-20 21:49:18.879 17688 17898 I AXL : RPC_SCRCREATEOBJECT(902) 18749
03-20 21:49:18.879 17688 17898 I AXL : RPC_SCRCREATEOBJECT(903) 2247
03-20 21:49:18.879 17688 17898 I AXL : RPC_SCRCREATEOBJECT(904) 2247
03-20 21:49:18.880 17688 17898 I AXL : RPC_SCRCREATEOBJECT(905) 2249
03-20 21:49:18.880 17688 17898 I AXL : RPC_SCRCREATEOBJECT(906) 2249
03-20 21:49:18.880 17688 17898 I AXL : RPC_SCRCREATEOBJECT(907) 2253
03-20 21:49:18.880 17688 17898 I AXL : RPC_SCRCREATEOBJECT(908) 2253
03-20 21:49:18.880 17688 17898 I AXL : RPC_SCRCREATEOBJECT(909) 2247
03-20 21:49:18.880 17688 17898 I AXL : RPC_SCRCREATEOBJECT(910) 2250
03-20 21:49:18.880 17688 17898 I AXL : RPC_SCRCREATEOBJECT(911) 984
03-20 21:49:18.880 17688 17898 I AXL : RPC_SCRCREATEOBJECT(912) 19477
03-20 21:49:18.880 17688 17898 I AXL : SetM898 I AXL :
RPC_SCRCREATEOBJECT(869) 19739
03-20 21:49:18.878 17688 17898 I AXL : RPC_SCRCREATEOBJECT(870) 19739
03-20 21:49:18.878 17688 17898 I AXL : RPC_SCRCREATEOBJECT(871) 19739
03-20 21:49:18.878 17688 17898 I AXL : RPC_SCRCREATEOBJECT(872) 19739
03-20 21:49:18.878 17688 17898 I AXL : RPC_SCRCREATEOBJECT(873) 19739
03-20 21:49:18.878 17688 17898 I AXL : RPC_SCRCREATEOBJECT(874) 19739
03-20 21:49:18.878 17688 17898 I AXL : RPC_SCRCREATEOBJECT(875) 19739
03-20 21:49:18.878 17688 17898 I AXL : RPC_SCRCREATEOBJECT(876) 19739
03-20 21:49:18.878 17688 17898 I AXL : RPC_SCRCREATEOBJECT(877) 19739
03-20 21:49:18.878 17688 17898 I AXL : RPC_SCRCREATEOBJECT(878) 19739
03-20 21:49:18.878 17688 17898 I AXL : RPC_SCRCREATEOBJECT(879) 19739
03-20 21:49:18.878 17688 17898 I AXL : RPC_SCRCREATEOBJECT(880) 19739
03-20 21:49:18.878 17688 17898 I AXL : RPC_SCRCREATEOBJECT(881) 19739
03-20 21:49:18.878 17688 17898 I AXL : RPC_SCRCREATEOBJECT(882) 19739
03-20 21:49:18.878 17688 17898 I AXL : RPC_SCRCREATEOBJECT(883) 19739
03-20 21:49:18.879 17688 17898 I AXL : RPC_SCRCREATEOBJECT(884) 19739
03-20 21:49:18.879 17688 17898 I AXL : RPC_SCRCREATEOBJECT(885) 19739
03-20 21:49:18.879 17688 17898 I AXL : RPC_SCRCREATEOBJECT(886) 19739
03-20 21:49:18.879 17688 17898 I AXL : RPC_SCRCREATEOBJECT(887) 19739
03-20 21:49:18.879 17688 17898 I AXL : RPC_SCRCREATEOBJECT(888) 19739
03-20 21:49:18.879 17688 17898 I AXL : RPC_SCRCREATEOBJECT(889) 19739
03-20 21:49:18.879 17688 17898 I AXL : RPC_SCRCREATEOBJECT(890) 19739
03-20 21:49:18.879 17688 17898 I AXL : RPC_SCRCREATEOBJECT(891) 19739
03-20 21:49:18.879 17688 17898 I AXL : RPC_SCRCREATEOBJECT(892) 19739
03-20 21:49:18.879 17688 17898 I AXL : RPC_SCRCREATEOBJECT(893) 19739
03-20 21:49:18.879 17688 17898 I AXL : RPC_SCRCREATEOBJECT(894) 19739
03-20 21:49:18.879 17688 17898 I AXL : RPC_SCRCREATEOBJECT(895) 19739
03-20 21:49:18.879 17688 17898 I AXL : RPC_SCRCREATEOBJECT(896) 19739
03-20 21:49:18.879 17688 17898 I AXL : RPC_SCRCREATEOBJECT(897) 19739
03-20 21:49:18.879 17688 17898 I AXL : RPC_SCRCREATEOBJECT(898) 13646
03-20 21:49:18.879 17688 17898 I AXL : RPC_SCRCREATEOBJECT(899) 2714
03-20 21:49:18.879 17688 17898 I AXL : SetMaterialText(KALCOR
03-20 21:49:18.879 17688 17898 I AXL : 2005-2019) | Arial
03-20 21:49:18.879 17688 17898 I AXL : RPC_SCRCREATEOBJECT(900) 11710
03-20 21:49:18.879 17688 17898 I AXL : RPC_SCRCREATEOBJECT(901) 19844
03-20 21:49:18.879 17688 17898 I AXL : RPC_SCRCREATEOBJECT(902) 18749
03-20 21:49:18.879 17688 17898 I AXL : RPC_SCRCREATEOBJECT(903) 2247
03-20 21:49:18.879 17688 17898 I AXL : RPC_SCRCREATEOBJECT(904) 2247
03-20 21:49:18.880 17688 17898 I AXL : RPC_SCRCREATEOBJECT(905) 2249
03-20 21:49:18.880 17688 17898 I AXL : RPC_SCRCREATEOBJECT(906) 2249
03-20 21:49:18.880 17688 17898 I AXL : RPC_SCRCREATEOBJECT(907) 2253
03-20 21:49:18.880 17688 17898 I AXL : RPC_SCRCREATEOBJECT(908) 2253
03-20 21:49:18.880 17688 17898 I AXL : RPC_SCRCREATEOBJECT(909) 2247
03-20 21:49:18.880 17688 17898 I AXL : RPC_SCRCREATEOBJECT(910) 2250
03-20 21:49:18.880 17688 17898 I AXL : RPC_SCRCREATEOBJECT(911) 984
03-20 21:49:18.880 17688 17898 I AXL : RPC_SCRCREATEOBJECT(912) 19477
03-20 21:49:18.880 17688 17898 I AXL : SetMaterialText(VLADISLAV PAVLOV) |
Calibri
03-20 21:49:18.880 17688 17898 I AXL : RPC_SCRCREATEOBJECT(913) 19477
03-20 21:49:18.880 17688 17898 I AXL : SetMaterialText(230.000k) | Calibri
03-20 21:49:18.880 17688 17898 I AXL : RPC_SCRCREATEOBJECT(914) 19477
03-20 21:49:18.880 17688 17898 I AXL : SetMaterialText(p) | Wingdings 3
03-20 21:49:18.880 17688 17898 I AXL : RPC_SCRCREATEOBJECT(915) 19477
03-20 21:49:18.880 17688 17898 I AXL : SetMaterialText(G) | GTAWEAPON3
03-20 21:49:18.880 17688 17898 I AXL : RPC_SCRCREATEOBJECT(916) 2714
03-20 21:49:18.880 17688 17898 I AXL : SetMaterialText("�� �� �������") |
Engravers MT
03-20 21:49:18.880 17688 17898 I AXL : RPC_aterialText(VLADISLAV PAVLOV) |
Calibri
03-20 21:49:18.880 17688 17898 I AXL : RPC_SCRCREATEOBJECT(913) 19477
03-20 21:49:18.880 17688 17898 I AXL : SetMaterialText(230.000k) | Calibri
03-20 21:49:18.880 17688 17898 I AXL : RPC_SCRCREATEOBJECT(914) 19477
03-20 21:49:18.880 17688 17898 I AXL : SetMaterialText(p) | Wingdings 3
03-20 21:49:18.880 17688 17898 I AXL : RPC_SCRCREATEOBJECT(915) 19477
03-20 21:49:18.880 17688 17898 I AXL : SetMaterialText(G) | GTAWEAPON3
03-20 21:49:18.880 17688 17898 I AXL : RPC_SCRCREATEOBJECT(916) 2714
03-20 21:49:18.880 17688 17898 I AXL : SetMaterialText("�� �� �������") |
Engravers MT
03-20 21:49:18.880 17688 17898 I AXL : RPC_SCRCREATEOBJECT(917) 19476
03-20 21:49:18.880 17688 17898 I AXL : RPC_SCRCREATEOBJECT(918) 19612
03-20 21:49:18.880 17688 17898 I AXL : RPC_SCRCREATEOBJECT(919) 13646
03-20 21:49:18.880 17688 17898 I AXL : RPC_SCRCREATEOBJECT(920) 2774
03-20 21:49:18.880 17688 17898 I AXL : RPC_SCRCREATEOBJECT(921) 2789
03-20 21:49:18.880 17688 17898 I AXL : SetMaterialText(1996-2023) | Palatino
Linotype
03-20 21:49:18.880 17688 17898 I AXL : RPC_SCRCREATEOBJECT(922) 2789
03-20 21:49:18.881 17688 17898 I AXL : SetMaterialText(PAVLOV) | Trebuchet MS
03-20 21:49:18.881 17688 17898 I AXL : RPC_SCRCREATEOBJECT(923) 2789
03-20 21:49:18.881 17688 17898 I AXL : SetMaterialText(VLADISLAV) | Trebuchet
MS
03-20 21:49:18.881 17688 17898 I AXL : RPC_SCRCREATEOBJECT(924) 16305
03-20 21:49:18.881 17688 17898 I AXL : RPC_SCRCREATEOBJECT(925) 19789
03-20 21:49:18.881 17688 17898 I AXL : RPC_SCRCREATEOBJECT(926) 13646
03-20 21:49:18.881 17688 17898 I AXL : RPC_SCRCREATEOBJECT(927) 13646
03-20 21:49:18.881 17688 17898 I AXL : RPC_SCRCREATEOBJECT(928) 13646
03-20 21:49:18.881 17688 17898 I AXL : RPC_SCRCREATEOBJECT(929) 983
03-20 21:49:18.881 17688 17898 I AXL : RPC_SCRCREATEOBJECT(930) 1301
03-20 21:49:18.881 17688 17898 I AXL : RPC_SCRCREATEOBJECT(931) 808
03-20 21:49:18.881 17688 17898 I AXL : RPC_SCRCREATEOBJECT(932) 19789
03-20 21:49:18.881 17688 17898 I AXL : RPC_SCRCREATEOBJECT(933) 984
03-20 21:49:18.881 17688 17898 I AXL : RPC_SCRCREATEOBJECT(934) 13646
03-20 21:49:18.881 17688 17898 I AXL : RPC_SCRCREATEOBJECT(935) 14467
03-20 21:49:18.881 17688 17898 I AXL : RPC_SCRCREATEOBJECT(936) 19789
03-20 21:49:18.881 17688 17898 I AXL : RPC_SCRCREATEOBJECT(937) 780
03-20 21:49:18.881 17688 17898 I AXL : RPC_SCRCREATEOBJECT(938) 878
03-20 21:49:18.881 17688 17898 I AXL : RPC_SCRCREATEOBJECT(939) 647
03-20 21:49:18.881 17688 17898 I AXL : RPC_SCRCREATEOBJECT(940) 905
03-20 21:49:18.881 17688 17898 I AXL : RPC_SCRCREATEOBJECT(941) 726
03-20 21:49:18.881 17688 17898 I AXL : RPC_SCRCREATEOBJECT(942) 984
03-20 21:49:18.881 17688 17898 I AXL : RPC_SCRCREATEOBJECT(943) 983
03-20 21:49:18.882 17688 17898 I AXL : RPC_SCRCREATEOBJECT(944) 878
03-20 21:49:18.882 17688 17898 I AXL : RPC_SCRCREATEOBJECT(945) 2226
03-20 21:49:18.882 17688 17898 I AXL : RPC_SCRCREATEOBJECT(946) 984
03-20 21:49:18.882 17688 17898 I AXL : RPC_SCRCREATEOBJECT(947) 984
03-20 21:49:18.882 17688 17898 I AXL : RPC_SCRCREATEOBJECT(948) 7666
03-20 21:49:18.882 17688 17898 I AXL : SetMaterialText(BALMAIN COMPANY LS) |
Trebuchet MS
03-20 21:49:18.882 17688 17898 I AXL : RPC_SCRCREATEOBJECT(949) 2745
03-20 21:49:18.882 17688 17898 I AXL : RPC_SCRCREATEOBJECT(950) 905
03-20 21:49:18.882 17688 17898 I AXL : RPC_SCRCREATEOBJECT(951) 19445
03-20 21:49:18.882 17688 17898 I AXL : RPC_SCRCREATEOBJECT(952) 11500
03-20 21:49:18.882 17688 17898 I AXL : RPC_SCRCREATEOBJECT(953) 2789
03-20 21:49:18.882 17688 17898 I AXL : SetMaterialText(") | Wingdings 3
03-20 21:49:18.882 17688 17898 I AXL : RPC_SCRCREATEOBJECT(954) 2789
03-20 21:49:18.882 17688 17898 I AXL : SetMaterialText(����������� ���������) |
Segoe UI
03-20 21:49:18.882 17688 17898 I AXL : RPC_SCRCREATEOBJECT(955) 2789
03-20 21:49:18.882 17688 17898 I AXL : SetMaterialText(��������
�����SCRCREATEOBJECT(917) 19476
03-20 21:49:18.880 17688 17898 I AXL : RPC_SCRCREATEOBJECT(918) 19612
03-20 21:49:18.880 17688 17898 I AXL : RPC_SCRCREATEOBJECT(919) 13646
03-20 21:49:18.880 17688 17898 I AXL : RPC_SCRCREATEOBJECT(920) 2774
03-20 21:49:18.880 17688 17898 I AXL : RPC_SCRCREATEOBJECT(921) 2789
03-20 21:49:18.880 17688 17898 I AXL : SetMaterialText(1996-2023) | Palatino
Linotype
03-20 21:49:18.880 17688 17898 I AXL : RPC_SCRCREATEOBJECT(922) 2789
03-20 21:49:18.881 17688 17898 I AXL : SetMaterialText(PAVLOV) | Trebuchet MS
03-20 21:49:18.881 17688 17898 I AXL : RPC_SCRCREATEOBJECT(923) 2789
03-20 21:49:18.881 17688 17898 I AXL : SetMaterialText(VLADISLAV) | Trebuchet
MS
03-20 21:49:18.881 17688 17898 I AXL : RPC_SCRCREATEOBJECT(924) 16305
03-20 21:49:18.881 17688 17898 I AXL : RPC_SCRCREATEOBJECT(925) 19789
03-20 21:49:18.881 17688 17898 I AXL : RPC_SCRCREATEOBJECT(926) 13646
03-20 21:49:18.881 17688 17898 I AXL : RPC_SCRCREATEOBJECT(927) 13646
03-20 21:49:18.881 17688 17898 I AXL : RPC_SCRCREATEOBJECT(928) 13646
03-20 21:49:18.881 17688 17898 I AXL : RPC_SCRCREATEOBJECT(929) 983
03-20 21:49:18.881 17688 17898 I AXL : RPC_SCRCREATEOBJECT(930) 1301
03-20 21:49:18.881 17688 17898 I AXL : RPC_SCRCREATEOBJECT(931) 808
03-20 21:49:18.881 17688 17898 I AXL : RPC_SCRCREATEOBJECT(932) 19789
03-20 21:49:18.881 17688 17898 I AXL : RPC_SCRCREATEOBJECT(933) 984
03-20 21:49:18.881 17688 17898 I AXL : RPC_SCRCREATEOBJECT(934) 13646
03-20 21:49:18.881 17688 17898 I AXL : RPC_SCRCREATEOBJECT(935) 14467
03-20 21:49:18.881 17688 17898 I AXL : RPC_SCRCREATEOBJECT(936) 19789
03-20 21:49:18.881 17688 17898 I AXL : RPC_SCRCREATEOBJECT(937) 780
03-20 21:49:18.881 17688 17898 I AXL : RPC_SCRCREATEOBJECT(938) 878
03-20 21:49:18.881 17688 17898 I AXL : RPC_SCRCREATEOBJECT(939) 647
03-20 21:49:18.881 17688 17898 I AXL : RPC_SCRCREATEOBJECT(940) 905
03-20 21:49:18.881 17688 17898 I AXL : RPC_SCRCREATEOBJECT(941) 726
03-20 21:49:18.881 17688 17898 I AXL : RPC_SCRCREATEOBJECT(942) 984
03-20 21:49:18.881 17688 17898 I AXL : RPC_SCRCREATEOBJECT(943) 983
03-20 21:49:18.882 17688 17898 I AXL : RPC_SCRCREATEOBJECT(944) 878
03-20 21:49:18.882 17688 17898 I AXL : RPC_SCRCREATEOBJECT(945) 2226
03-20 21:49:18.882 17688 17898 I AXL : RPC_SCRCREATEOBJECT(946) 984
03-20 21:49:18.882 17688 17898 I AXL : RPC_SCRCREATEOBJECT(947) 984
03-20 21:49:18.882 17688 17898 I AXL : RPC_SCRCREATEOBJECT(948) 7666
03-20 21:49:18.882 17688 17898 I AXL : SetMaterialText(BALMAIN COMPANY LS) |
Trebuchet MS
03-20 21:49:18.882 17688 17898 I AXL : RPC_SCRCREATEOBJECT(949) 2745
03-20 21:49:18.882 17688 17898 I AXL : RPC_SCRCREATEOBJECT(950) 905
03-20 21:49:18.882 17688 17898 I AXL : RPC_SCRCREATEOBJECT(951) 19445
03-20 21:49:18.882 17688 17898 I AXL : RPC_SCRCREATEOBJECT(952) 11500
03-20 21:49:18.882 17688 17898 I AXL : RPC_SCRCREATEOBJECT(953) 2789
03-20 21:49:18.882 17688 17898 I AXL : SetMaterialText(") | Wingdings 3
03-20 21:49:18.882 17688 17898 I AXL : RPC_SCRCREATEOBJECT(954) 2789
03-20 21:49:18.882 17688 17898 I AXL : SetMaterialText(����������� ���������) |
Segoe UI
03-20 21:49:18.882 17688 17898 I AXL : RPC_SCRCREATEOBJECT(955) 2789
03-20 21:49:18.882 17688 17898 I AXL : SetMaterialText(�������� ������) | Segoe
UI
03-20 21:49:18.882 17688 17898 I AXL : RPC_SCRCREATEOBJECT(956) 11500
03-20 21:49:18.882 17688 17898 I AXL : RPC_SCRCREATEOBJECT(957) 7666
03-20 21:49:18.882 17688 17898 I AXL : SetMaterialText(BALMAIN COMPANY LS) |
Trebuchet MS
03-20 21:49:18.882 17688 17898 I AXL : RPC_SCRCREATEOBJECT(958) 982
03-20 21:49:18.882 17688 17898 I AXL : RPC_SCRCREATEOBJECT(959) 1371
03-20 21:49:18.882 17688 17898 I AXL : RPC_SCRCREATEOBJECT(960) 984
03-20 21:49:18.882 17688 17898 I AXL : RPC_SCRCREATEOBJECT(961) 983
03-20 21:49:18.882 17688 17898 I AXL : RPC: ScrSetMapIcon
03-20 21:49:18.883 17688 17898 I AXL : RPC: ScrSetMapIcon
03-20 21:49:18.904 17688 17688 D Su�) | Segoe UI
03-20 21:49:18.882 17688 17898 I AXL : RPC_SCRCREATEOBJECT(956) 11500
03-20 21:49:18.882 17688 17898 I AXL : RPC_SCRCREATEOBJECT(957) 7666
03-20 21:49:18.882 17688 17898 I AXL : SetMaterialText(BALMAIN COMPANY LS) |
Trebuchet MS
03-20 21:49:18.882 17688 17898 I AXL : RPC_SCRCREATEOBJECT(958) 982
03-20 21:49:18.882 17688 17898 I AXL : RPC_SCRCREATEOBJECT(959) 1371
03-20 21:49:18.882 17688 17898 I AXL : RPC_SCRCREATEOBJECT(960) 984
03-20 21:49:18.882 17688 17898 I AXL : RPC_SCRCREATEOBJECT(961) 983
03-20 21:49:18.882 17688 17898 I AXL : RPC: ScrSetMapIcon
03-20 21:49:18.883 17688 17898 I AXL : RPC: ScrSetMapIcon
03-20 21:49:18.904 17688 17688 D Surface : lockCanvas
03-20 21:49:19.061 17688 17898 I AXL : RPC: ScrSetPlayerColor
03-20 21:49:19.068 17688 17688 D Surface : lockCanvas
03-20 21:49:19.123 17688 17688 D Surface : lockCanvas
03-20 21:49:19.177 17688 17688 D Surface : lockCanvas
03-20 21:49:19.226 17688 17688 D Surface : lockCanvas
03-20 21:49:19.262 17688 17688 D Surface : lockCanvas
03-20 21:49:19.310 17688 17688 D Surface : lockCanvas
03-20 21:49:19.358 17688 17688 D Surface : lockCanvas
03-20 21:49:19.408 17688 17688 D Surface : lockCanvas
03-20 21:49:19.459 17688 17688 D Surface : lockCanvas
03-20 21:49:19.509 17688 17688 D Surface : lockCanvas
03-20 21:49:19.559 17688 17688 D Surface : lockCanvas
03-20 21:49:19.615 17688 17688 D Surface : lockCanvas
03-20 21:49:19.668 17688 17688 D Surface : lockCanvas
03-20 21:49:19.670 17688 17910 I AXL : NvFOpen: AUDIO/SFX/GENRL.osw
03-20 21:49:19.673 17688 17898 I AXL : PushPlate(5, 1, c089mk, 28)
03-20 21:49:19.673 17688 17898 I AXL : RPC: ScrNumberPlate
03-20 21:49:19.673 17688 17898 I AXL : PushPlate(7, 3, 8765 AX-3, )
03-20 21:49:19.673 17688 17898 I AXL : RPC: ScrNumberPlate
03-20 21:49:19.679 17688 17910 I AXL : NvFOpen: AUDIO/SFX/GENRL.osw
03-20 21:49:19.724 17688 17688 D Surface : lockCanvas
03-20 21:49:19.773 17688 17688 D Surface : lockCanvas
03-20 21:49:19.865 17688 17910 I AXL : NvFOpen: AUDIO/SFX/GENRL.osw
03-20 21:49:19.865 17688 17898 I AXL : PushPlate(142, 3, 2398 AA-7, )
03-20 21:49:19.866 17688 17898 I AXL : RPC: ScrNumberPlate
03-20 21:49:19.871 17688 17898 I AXL : PushPlate(175, 5, o 9123, 53)
03-20 21:49:19.872 17688 17898 I AXL : RPC: ScrNumberPlate
03-20 21:49:19.873 17688 17910 I AXL : NvFOpen: AUDIO/SFX/GENRL.osw
03-20 21:49:19.879 17688 17898 I AXL : PushPlate(337, 1, c089mk, 28)
03-20 21:49:19.879 17688 17898 I AXL : RPC: ScrNumberPlate
03-20 21:49:19.880 17688 17898 I AXL : PushPlate(338, 3, 8765 AX-3, )
03-20 21:49:19.880 17688 17898 I AXL : RPC: ScrNumberPlate
03-20 21:49:19.880 17688 17898 I AXL : PushPlate(339, 1, c089mk, 28)
03-20 21:49:19.880 17688 17898 I AXL : RPC: ScrNumberPlate
03-20 21:49:19.882 17688 17898 I AXL : PushPlate(340, 3, 2398 AA-7, )
03-20 21:49:19.882 17688 17898 I AXL : RPC: ScrNumberPlate
03-20 21:49:19.883 17688 17910 I AXL : NvFOpen: AUDIO/SFX/GENRL.osw
03-20 21:49:19.887 17688 17898 I AXL : PushPlate(353, 4, 421epa, 02)
03-20 21:49:19.887 17688 17898 I AXL : RPC: ScrNumberPlate
03-20 21:49:19.888 17688 17898 I AXL : PushPlate(355, 2, HA 9823 KK, )
03-20 21:49:19.888 17688 17898 I AXL : RPC: ScrNumberPlate
03-20 21:49:19.889 17688 17898 I AXL : PushPlate(356, 1, c089mk, 28)
03-20 21:49:19.889 17688 17898 I AXL : RPC: ScrNumberPlate
03-20 21:49:19.889 17688 17898 I AXL : PushPlate(357, 2, HA 9823 KK, )
03-20 21:49:19.889 17688 17898 I AXL : RPC: ScrNumberPlate
03-20 21:49:19.890 17688 17898 I AXL : PushPlate(358, 2, HA 9823 KK, )
03-20 21:49:19.890 17688 17898 I AXL : RPC: ScrNumberPlate
03-20 21:49:19.890 17688 17898 I AXL : PushPlate(359, 5, o 9123, 53)
03-20 21:49:19.890 17688 17898 I AXL : RPC: ScrNumberPlate
03-20 21:49:19.891 17688 17898 I AXL : PushPlate(360, 1, c065mk, 77)
03-20 21:49:19.891 17688 17898 I AXL : RPC: ScrNumberPlate
03-20 21:49:19.891 17688 17898 I AXL : PushPlate(429, 5, o 9123, 53)
03-20 21:49:19.891 rface : lockCanvas
03-20 21:49:19.061 17688 17898 I AXL : RPC: ScrSetPlayerColor
03-20 21:49:19.068 17688 17688 D Surface : lockCanvas
03-20 21:49:19.123 17688 17688 D Surface : lockCanvas
03-20 21:49:19.177 17688 17688 D Surface : lockCanvas
03-20 21:49:19.226 17688 17688 D Surface : lockCanvas
03-20 21:49:19.262 17688 17688 D Surface : lockCanvas
03-20 21:49:19.310 17688 17688 D Surface : lockCanvas
03-20 21:49:19.358 17688 17688 D Surface : lockCanvas
03-20 21:49:19.408 17688 17688 D Surface : lockCanvas
03-20 21:49:19.459 17688 17688 D Surface : lockCanvas
03-20 21:49:19.509 17688 17688 D Surface : lockCanvas
03-20 21:49:19.559 17688 17688 D Surface : lockCanvas
03-20 21:49:19.615 17688 17688 D Surface : lockCanvas
03-20 21:49:19.668 17688 17688 D Surface : lockCanvas
03-20 21:49:19.670 17688 17910 I AXL : NvFOpen: AUDIO/SFX/GENRL.osw
03-20 21:49:19.673 17688 17898 I AXL : PushPlate(5, 1, c089mk, 28)
03-20 21:49:19.673 17688 17898 I AXL : RPC: ScrNumberPlate
03-20 21:49:19.673 17688 17898 I AXL : PushPlate(7, 3, 8765 AX-3, )
03-20 21:49:19.673 17688 17898 I AXL : RPC: ScrNumberPlate
03-20 21:49:19.679 17688 17910 I AXL : NvFOpen: AUDIO/SFX/GENRL.osw
03-20 21:49:19.724 17688 17688 D Surface : lockCanvas
03-20 21:49:19.773 17688 17688 D Surface : lockCanvas
03-20 21:49:19.865 17688 17910 I AXL : NvFOpen: AUDIO/SFX/GENRL.osw
03-20 21:49:19.865 17688 17898 I AXL : PushPlate(142, 3, 2398 AA-7, )
03-20 21:49:19.866 17688 17898 I AXL : RPC: ScrNumberPlate
03-20 21:49:19.871 17688 17898 I AXL : PushPlate(175, 5, o 9123, 53)
03-20 21:49:19.872 17688 17898 I AXL : RPC: ScrNumberPlate
03-20 21:49:19.873 17688 17910 I AXL : NvFOpen: AUDIO/SFX/GENRL.osw
03-20 21:49:19.879 17688 17898 I AXL : PushPlate(337, 1, c089mk, 28)
03-20 21:49:19.879 17688 17898 I AXL : RPC: ScrNumberPlate
03-20 21:49:19.880 17688 17898 I AXL : PushPlate(338, 3, 8765 AX-3, )
03-20 21:49:19.880 17688 17898 I AXL : RPC: ScrNumberPlate
03-20 21:49:19.880 17688 17898 I AXL : PushPlate(339, 1, c089mk, 28)
03-20 21:49:19.880 17688 17898 I AXL : RPC: ScrNumberPlate
03-20 21:49:19.882 17688 17898 I AXL : PushPlate(340, 3, 2398 AA-7, )
03-20 21:49:19.882 17688 17898 I AXL : RPC: ScrNumberPlate
03-20 21:49:19.883 17688 17910 I AXL : NvFOpen: AUDIO/SFX/GENRL.osw
03-20 21:49:19.887 17688 17898 I AXL : PushPlate(353, 4, 421epa, 02)
03-20 21:49:19.887 17688 17898 I AXL : RPC: ScrNumberPlate
03-20 21:49:19.888 17688 17898 I AXL : PushPlate(355, 2, HA 9823 KK, )
03-20 21:49:19.888 17688 17898 I AXL : RPC: ScrNumberPlate
03-20 21:49:19.889 17688 17898 I AXL : PushPlate(356, 1, c089mk, 28)
03-20 21:49:19.889 17688 17898 I AXL : RPC: ScrNumberPlate
03-20 21:49:19.889 17688 17898 I AXL : PushPlate(357, 2, HA 9823 KK, )
03-20 21:49:19.889 17688 17898 I AXL : RPC: ScrNumberPlate
03-20 21:49:19.890 17688 17898 I AXL : PushPlate(358, 2, HA 9823 KK, )
03-20 21:49:19.890 17688 17898 I AXL : RPC: ScrNumberPlate
03-20 21:49:19.890 17688 17898 I AXL : PushPlate(359, 5, o 9123, 53)
03-20 21:49:19.890 17688 17898 I AXL : RPC: ScrNumberPlate
03-20 21:49:19.891 17688 17898 I AXL : PushPlate(360, 1, c065mk, 77)
03-20 21:49:19.891 17688 17898 I AXL : RPC: ScrNumberPlate
03-20 21:49:19.891 17688 17898 I AXL : PushPlate(429, 5, o 9123, 53)
03-20 21:49:19.891 17688 17898 I AXL : RPC: ScrNumberPlate
03-20 21:49:19.891 17688 17898 I AXL : PushPlate(430, 1, c089mk, 28)
03-20 21:49:19.892 17688 17898 I AXL : RPC: ScrNumberPlate
03-20 21:49:19.892 17688 17898 I AXL : PushPlate(431, 5, a 8762, 77)
03-20 21:49:19.892 17688 17898 I AXL : RPC: ScrNumberPlate
03-20 21:49:19.893 17688 17898 I AXL : PushPlate(432, 1, c089mk, 28)
03-20 21:49:19.893 17688 17898 I AXL : RPC: ScrNumberPlate
03-20 21:49:19.893 17688 17898 I AXL : PushPlate(433, 5, a 8762, 77)
03-20 21:49:19.893 17688 17898 I AXL : RPC: ScrNumberPlate
03-20 21:49:19.894 17688 17898 I AXL : PushPlate(434, 3, 8765 AX-3, )
03-20 21:49:19.894 17688 17910 I AXL 17688 17898 I AXL : RPC:
ScrNumberPlate
03-20 21:49:19.891 17688 17898 I AXL : PushPlate(430, 1, c089mk, 28)
03-20 21:49:19.892 17688 17898 I AXL : RPC: ScrNumberPlate
03-20 21:49:19.892 17688 17898 I AXL : PushPlate(431, 5, a 8762, 77)
03-20 21:49:19.892 17688 17898 I AXL : RPC: ScrNumberPlate
03-20 21:49:19.893 17688 17898 I AXL : PushPlate(432, 1, c089mk, 28)
03-20 21:49:19.893 17688 17898 I AXL : RPC: ScrNumberPlate
03-20 21:49:19.893 17688 17898 I AXL : PushPlate(433, 5, a 8762, 77)
03-20 21:49:19.893 17688 17898 I AXL : RPC: ScrNumberPlate
03-20 21:49:19.894 17688 17898 I AXL : PushPlate(434, 3, 8765 AX-3, )
03-20 21:49:19.894 17688 17910 I AXL : NvFOpen: AUDIO/SFX/GENRL.osw
03-20 21:49:19.894 17688 17898 I AXL : RPC: ScrNumberPlate
03-20 21:49:19.895 17688 17898 I AXL : PushPlate(435, 4, 872epa, 02)
03-20 21:49:19.895 17688 17898 I AXL : RPC: ScrNumberPlate
03-20 21:49:19.895 17688 17898 I AXL : PushPlate(436, 5, a 8762, 77)
03-20 21:49:19.895 17688 17898 I AXL : RPC: ScrNumberPlate
03-20 21:49:19.896 17688 17898 I AXL : PushPlate(437, 2, KA 8723 AK, )
03-20 21:49:19.896 17688 17898 I AXL : RPC: ScrNumberPlate
03-20 21:49:19.896 17688 17898 I AXL : PushPlate(438, 3, 2398 AA-7, )
03-20 21:49:19.896 17688 17898 I AXL : RPC: ScrNumberPlate
03-20 21:49:19.897 17688 17898 I AXL : PushPlate(439, 2, HA 9823 KK, )
03-20 21:49:19.897 17688 17898 I AXL : RPC: ScrNumberPlate
03-20 21:49:19.901 17688 17898 I AXL : PushPlate(659, 3, 2398 AA-7, )
03-20 21:49:19.901 17688 17898 I AXL : RPC: ScrNumberPlate
03-20 21:49:19.901 17688 17898 I AXL : PushPlate(663, 4, 421epa, 02)
03-20 21:49:19.901 17688 17898 I AXL : RPC: ScrNumberPlate
03-20 21:49:19.901 17688 17898 I AXL : PushPlate(665, 2, KA 8723 AK, )
03-20 21:49:19.901 17688 17898 I AXL : RPC: ScrNumberPlate
03-20 21:49:19.902 17688 17898 I AXL : PushPlate(667, 1, c065mk, 77)
03-20 21:49:19.902 17688 17898 I AXL : RPC: ScrNumberPlate
03-20 21:49:19.905 17688 17910 I AXL : NvFOpen: AUDIO/SFX/GENRL.osw
03-20 21:49:19.907 17688 17898 I AXL : PushPlate(701, 3, 2398 AA-7, )
03-20 21:49:19.908 17688 17898 I AXL : RPC: EVENT_TYPE_CARCOMPONENT
03-20 21:49:19.911 17688 17898 D NVEvent : android_sigaction signal 11 (1 0 11)
--------- beginning of crash
03-20 21:49:19.911 17688 17898 F libc : Fatal signal 11 (SIGSEGV), code 1
(SEGV_MAPERR), fault addr 0x0 in tid 17898 (MainThread), pid 17688
(evolve.roleplay)
03-20 21:49:19.920 17688 17910 I AXL : NvFOpen: AUDIO/SFX/GENRL.osw
03-20 21:49:19.953 17688 17910 I AXL : NvFOpen: AUDIO/SFX/GENRL.osw
03-20 21:49:19.965 17688 17910 I AXL : NvFOpen: AUDIO/SFX/GENRL.osw
03-20 21:49:19.972 17688 17910 I AXL : NvFOpen: AUDIO/SFX/GENRL.osw
03-20 21:49:19.982 17688 17910 I AXL : NvFOpen: AUDIO/SFX/GENRL.osw
03-20 21:49:20.155 18817 18817 I crash_dump32: obtaining output fd from tombstoned,
type: kDebuggerdTombstoneProto
03-20 21:49:20.163 18817 18817 I crash_dump32: performing dump of process 17688
(target tid = 17898)
03-20 21:49:20.283 17688 17688 D MIUIInput: [KeyEvent] ViewRootImpl windowName
'com.evolve.roleplay/com.evolve.roleplay.core.GTASA', KeyEvent
{ action=ACTION_DOWN, keyCode=KEYCODE_VOLUME_DOWN, scanCode=114, metaState=0,
flags=0x8, repeatCount=0, eventTime=20556106645000, downTime=20556106645000,
deviceId=2, source=0x101, displayId=-1 }, phoneEventTime=21:49:20.138
03-20 21:49:20.304 17688 17688 D MIUIInput: [KeyEvent] ViewRootImpl windowName
'com.evolve.roleplay/com.evolve.roleplay.core.GTASA', KeyEvent { action=ACTION_UP,
keyCode=KEYCODE_VOLUME_DOWN, scanCode=114, metaState=0, flags=0x8, repeatCount=0,
eventTime=20556247691000, downTime=20556106645000, deviceId=2, source=0x101,
displayId=-1 }, phoneEventTime=21:49:20.279
03-20 21:49:20.499 17688 17688 D MIUIInput: [KeyEvent] ViewRootImpl windowName
'com.evolve.roleplay/com.evolve.roleplay.core.GTASA', KeyEvent
{ action=ACTION_DOWN, keyCode=KEYCODE_VOLUME_DOWN, scanCode=114, metaState=0,
flags=0x8, repeatCount=0, eventTime=20556365702000: NvFOpen: AUDIO/SFX/GENRL.osw
03-20 21:49:19.894 17688 17898 I AXL : RPC: ScrNumberPlate
03-20 21:49:19.895 17688 17898 I AXL : PushPlate(435, 4, 872epa, 02)
03-20 21:49:19.895 17688 17898 I AXL : RPC: ScrNumberPlate
03-20 21:49:19.895 17688 17898 I AXL : PushPlate(436, 5, a 8762, 77)
03-20 21:49:19.895 17688 17898 I AXL : RPC: ScrNumberPlate
03-20 21:49:19.896 17688 17898 I AXL : PushPlate(437, 2, KA 8723 AK, )
03-20 21:49:19.896 17688 17898 I AXL : RPC: ScrNumberPlate
03-20 21:49:19.896 17688 17898 I AXL : PushPlate(438, 3, 2398 AA-7, )
03-20 21:49:19.896 17688 17898 I AXL : RPC: ScrNumberPlate
03-20 21:49:19.897 17688 17898 I AXL : PushPlate(439, 2, HA 9823 KK, )
03-20 21:49:19.897 17688 17898 I AXL : RPC: ScrNumberPlate
03-20 21:49:19.901 17688 17898 I AXL : PushPlate(659, 3, 2398 AA-7, )
03-20 21:49:19.901 17688 17898 I AXL : RPC: ScrNumberPlate
03-20 21:49:19.901 17688 17898 I AXL : PushPlate(663, 4, 421epa, 02)
03-20 21:49:19.901 17688 17898 I AXL : RPC: ScrNumberPlate
03-20 21:49:19.901 17688 17898 I AXL : PushPlate(665, 2, KA 8723 AK, )
03-20 21:49:19.901 17688 17898 I AXL : RPC: ScrNumberPlate
03-20 21:49:19.902 17688 17898 I AXL : PushPlate(667, 1, c065mk, 77)
03-20 21:49:19.902 17688 17898 I AXL : RPC: ScrNumberPlate
03-20 21:49:19.905 17688 17910 I AXL : NvFOpen: AUDIO/SFX/GENRL.osw
03-20 21:49:19.907 17688 17898 I AXL : PushPlate(701, 3, 2398 AA-7, )
03-20 21:49:19.908 17688 17898 I AXL : RPC: EVENT_TYPE_CARCOMPONENT
03-20 21:49:19.911 17688 17898 D NVEvent : android_sigaction signal 11 (1 0 11)
--------- beginning of crash
03-20 21:49:19.911 17688 17898 F libc : Fatal signal 11 (SIGSEGV), code 1
(SEGV_MAPERR), fault addr 0x0 in tid 17898 (MainThread), pid 17688
(evolve.roleplay)
03-20 21:49:19.920 17688 17910 I AXL : NvFOpen: AUDIO/SFX/GENRL.osw
03-20 21:49:19.953 17688 17910 I AXL : NvFOpen: AUDIO/SFX/GENRL.osw
03-20 21:49:19.965 17688 17910 I AXL : NvFOpen: AUDIO/SFX/GENRL.osw
03-20 21:49:19.972 17688 17910 I AXL : NvFOpen: AUDIO/SFX/GENRL.osw
03-20 21:49:19.982 17688 17910 I AXL : NvFOpen: AUDIO/SFX/GENRL.osw
03-20 21:49:20.155 18817 18817 I crash_dump32: obtaining output fd from tombstoned,
type: kDebuggerdTombstoneProto
03-20 21:49:20.163 18817 18817 I crash_dump32: performing dump of process 17688
(target tid = 17898)
03-20 21:49:20.283 17688 17688 D MIUIInput: [KeyEvent] ViewRootImpl windowName
'com.evolve.roleplay/com.evolve.roleplay.core.GTASA', KeyEvent
{ action=ACTION_DOWN, keyCode=KEYCODE_VOLUME_DOWN, scanCode=114, metaState=0,
flags=0x8, repeatCount=0, eventTime=20556106645000, downTime=20556106645000,
deviceId=2, source=0x101, displayId=-1 }, phoneEventTime=21:49:20.138
03-20 21:49:20.304 17688 17688 D MIUIInput: [KeyEvent] ViewRootImpl windowName
'com.evolve.roleplay/com.evolve.roleplay.core.GTASA', KeyEvent { action=ACTION_UP,
keyCode=KEYCODE_VOLUME_DOWN, scanCode=114, metaState=0, flags=0x8, repeatCount=0,
eventTime=20556247691000, downTime=20556106645000, deviceId=2, source=0x101,
displayId=-1 }, phoneEventTime=21:49:20.279
03-20 21:49:20.499 17688 17688 D MIUIInput: [KeyEvent] ViewRootImpl windowName
'com.evolve.roleplay/com.evolve.roleplay.core.GTASA', KeyEvent
{ action=ACTION_DOWN, keyCode=KEYCODE_VOLUME_DOWN, scanCode=114, metaState=0,
flags=0x8, repeatCount=0, eventTime=20556365702000, downTime=20556365702000,
deviceId=2, source=0x101, displayId=-1 }, phoneEventTime=21:49:20.397
03-20 21:49:20.502 17688 17688 D MIUIInput: [KeyEvent] ViewRootImpl windowName
'com.evolve.roleplay/com.evolve.roleplay.core.GTASA', KeyEvent { action=ACTION_UP,
keyCode=KEYCODE_VOLUME_DOWN, scanCode=114, metaState=0, flags=0x8, repeatCount=0,
eventTime=20556464595000, downTime=20556365702000, deviceId=2, source=0x101,
displayId=-1 }, phoneEventTime=21:49:20.496
03-20 21:49:21.071 17688 17688 I MiInputConsumer: optimized resample latency:
1189002 ns
03-20 21:49:21.520 17688 17918 D AudioTrack: [audioTrackData][fine] 5s(f:5001 m:0
s:32 k:0 z:0) : pid 17688 uid 10036 sessionId 2473 sr 44100 ch 2 fmt 1,
downTime=20556365702000, deviceId=2, source=0x101, displayId=-1 },
phoneEventTime=21:49:20.397
03-20 21:49:20.502 17688 17688 D MIUIInput: [KeyEvent] ViewRootImpl windowName
'com.evolve.roleplay/com.evolve.roleplay.core.GTASA', KeyEvent { action=ACTION_UP,
keyCode=KEYCODE_VOLUME_DOWN, scanCode=114, metaState=0, flags=0x8, repeatCount=0,
eventTime=20556464595000, downTime=20556365702000, deviceId=2, source=0x101,
displayId=-1 }, phoneEventTime=21:49:20.496
03-20 21:49:21.071 17688 17688 I MiInputConsumer: optimized resample latency:
1189002 ns
03-20 21:49:21.520 17688 17918 D AudioTrack: [audioTrackData][fine] 5s(f:5001 m:0
s:32 k:0 z:0) : pid 17688 uid 10036 sessionId 2473 sr 44100 ch 2 fmt 1
03-20 21:49:21.771 18817 18817 F DEBUG : *** *** *** *** *** *** *** *** *** ***
*** *** *** *** *** ***
03-20 21:49:21.771 18817 18817 F DEBUG : Build fingerprint:
'Redmi/heat_eea/heat:14/UP1A.231005.007/V816.0.2.0.UMXEUXM:user/release-keys'
03-20 21:49:21.771 18817 18817 F DEBUG : Revision: '0'
03-20 21:49:21.771 18817 18817 F DEBUG : ABI: 'arm'
03-20 21:49:21.771 18817 18817 F DEBUG : Timestamp: 2024-03-20
21:49:20.211931063+0100
03-20 21:49:21.771 18817 18817 F DEBUG : Process uptime: 83s
03-20 21:49:21.771 18817 18817 F DEBUG : Cmdline: com.evolve.roleplay
03-20 21:49:21.771 18817 18817 F DEBUG : pid: 17688, tid: 17898, name: MainThread
>>> com.evolve.roleplay <<<
03-20 21:49:21.771 18817 18817 F DEBUG : uid: 10036
03-20 21:49:21.771 18817 18817 F DEBUG : signal 11 (SIGSEGV), code 1
(SEGV_MAPERR), fault addr 0x00000000
03-20 21:49:21.771 18817 18817 F DEBUG : Cause: null pointer dereference
03-20 21:49:21.771 18817 18817 F DEBUG : r0 00000000 r1 0000000c r2
00001387 r3 b26fcf48
03-20 21:49:21.771 18817 18817 F DEBUG : r4 b2512dd8 r5 0000000c r6
b244e760 r7 acc70388
03-20 21:49:21.772 18817 18817 F DEBUG : r8 00001ac0 r9 acc705f0 r10
00000007 r11 b2fa5014
03-20 21:49:21.772 18817 18817 F DEBUG : ip 00000000 sp acc70388 lr
b217c9a5 pc b210fc0e
03-20 21:49:21.772 18817 18817 F DEBUG : 1 total frames
03-20 21:49:21.772 18817 18817 F DEBUG : backtrace:
03-20 21:49:21.772 18817 18817 F DEBUG : #00 pc 0028ec0e
/data/app/~~zc4GW0D788v3yTGd7uE1Kw==/com.evolve.roleplay-xHc-iepfI4RqrDE8bfwU6g==/
lib/arm/libGTASA.so (CStreaming::RequestModel(int, int)+254)
03-20 21:49:21.855 18817 18817 I crash_dump32: start notify aee_aed tombstone path:
/data/tombstones/.temporary1
03-20 21:49:21.855 18817 18817 I crash_dump32: Built commit
5428c042b7d234ea2ee6aad483eef173172b54c8
03-20 21:49:21.856 18817 18817 I crash_dump32: socket name: android:aee_aed32, sfd:
9
03-20 21:49:21.887 18817 18817 I crash_dump32: crash_temporary_file_notify:
03-20 21:49:21.887 18817 18817 I crash_dump32: crash_temporary_file_notify exit
03-20 21:49:21.901 18817 18817 I crash_dump32: start aee dumping
03-20 21:49:21.901 18817 18817 E crash_dump32: crash_mini_dump_notify: writing
'start dumping' fail: Broken pipe
03-20 21:49:21.901 18817 18817 I crash_dump32: crash_mini_dump_notify exit!
03-20 21:49:21.916 18817 18817 E MIUINDBG: miui_native_debug_process_O
03-20 21:49:21.916 18817 18817 E MIUINDBG: unable to connect to mqsas native socket
03-20 21:49:21.936 17688 17898 I AXL : Crashed - 2. 14190
03-20 21:49:21.939 17688 17898 I AXL :
03-20 21:49:21.939 17688 17898 I AXL : Evolve Role Play
03-20 21:49:21.939 17688 17898 I AXL : Last processed skin and entity: 230 4102
03-20 21:49:21.939 17688 17898 I AXL : ID: 14190
03-20 21:49:21.939 17688 17898 I AXL : Last rendered object: 994
03-20 21:49:21.939 17688 17898 I AXL : SIGSEGV | Fault address: 0x0
03-20 21:49:21.939 17688 17898 I AXL : libGTASA base address: 0xB1E81000
03-20 21:49:21.945 17688 17898 I AXL : libsamp base address: 0xB2C47000
03-20 21:49:21.945 17688 17688 I System.out: GTASA onPause
03-20 21:49:21.945 17688 17688 I System.out: **** onPause
03-20 21:49:21.945 17688 17688 I FIAM.Display: Unbinding from activity: core.GTASA
03-20 21:49:21.945 17688 17688 I FIAM.Headless: Removing display ev
03-20 21:49:21.771 18817 18817 F DEBUG : *** *** *** *** *** *** *** *** *** ***
*** *** *** *** *** ***
03-20 21:49:21.771 18817 18817 F DEBUG : Build fingerprint:
'Redmi/heat_eea/heat:14/UP1A.231005.007/V816.0.2.0.UMXEUXM:user/release-keys'
03-20 21:49:21.771 18817 18817 F DEBUG : Revision: '0'
03-20 21:49:21.771 18817 18817 F DEBUG : ABI: 'arm'
03-20 21:49:21.771 18817 18817 F DEBUG : Timestamp: 2024-03-20
21:49:20.211931063+0100
03-20 21:49:21.771 18817 18817 F DEBUG : Process uptime: 83s
03-20 21:49:21.771 18817 18817 F DEBUG : Cmdline: com.evolve.roleplay
03-20 21:49:21.771 18817 18817 F DEBUG : pid: 17688, tid: 17898, name: MainThread
>>> com.evolve.roleplay <<<
03-20 21:49:21.771 18817 18817 F DEBUG : uid: 10036
03-20 21:49:21.771 18817 18817 F DEBUG : signal 11 (SIGSEGV), code 1
(SEGV_MAPERR), fault addr 0x00000000
03-20 21:49:21.771 18817 18817 F DEBUG : Cause: null pointer dereference
03-20 21:49:21.771 18817 18817 F DEBUG : r0 00000000 r1 0000000c r2
00001387 r3 b26fcf48
03-20 21:49:21.771 18817 18817 F DEBUG : r4 b2512dd8 r5 0000000c r6
b244e760 r7 acc70388
03-20 21:49:21.772 18817 18817 F DEBUG : r8 00001ac0 r9 acc705f0 r10
00000007 r11 b2fa5014
03-20 21:49:21.772 18817 18817 F DEBUG : ip 00000000 sp acc70388 lr
b217c9a5 pc b210fc0e
03-20 21:49:21.772 18817 18817 F DEBUG : 1 total frames
03-20 21:49:21.772 18817 18817 F DEBUG : backtrace:
03-20 21:49:21.772 18817 18817 F DEBUG : #00 pc 0028ec0e
/data/app/~~zc4GW0D788v3yTGd7uE1Kw==/com.evolve.roleplay-xHc-iepfI4RqrDE8bfwU6g==/
lib/arm/libGTASA.so (CStreaming::RequestModel(int, int)+254)
03-20 21:49:21.855 18817 18817 I crash_dump32: start notify aee_aed tombstone path:
/data/tombstones/.temporary1
03-20 21:49:21.855 18817 18817 I crash_dump32: Built commit
5428c042b7d234ea2ee6aad483eef173172b54c8
03-20 21:49:21.856 18817 18817 I crash_dump32: socket name: android:aee_aed32, sfd:
9
03-20 21:49:21.887 18817 18817 I crash_dump32: crash_temporary_file_notify:
03-20 21:49:21.887 18817 18817 I crash_dump32: crash_temporary_file_notify exit
03-20 21:49:21.901 18817 18817 I crash_dump32: start aee dumping
03-20 21:49:21.901 18817 18817 E crash_dump32: crash_mini_dump_notify: writing
'start dumping' fail: Broken pipe
03-20 21:49:21.901 18817 18817 I crash_dump32: crash_mini_dump_notify exit!
