03-20 21:51:09.942 21160 21538 I AXL : RPC_SCRCREATEOBJECT(305) 19866
03-20 21:51:09.942 21160 21538 I AXL : RPC_SCRCREATEOBJECT(306) 19866
03-20 21:51:09.942 21160 21538 I AXL : RPC_SCRCREATEOBJECT(307) 19866
03-20 21:51:09.942 21160 21538 I AXL : RPC_SCRCREATEOBJECT(308) 19866
03-20 21:51:09.942 21160 21538 I AXL : RPC_SCRCREATEOBJECT(309) 16101
03-20 21:51:09.942 21160 21538 I AXL : RPC_SCRCREATEOBJECT(310) 16101
03-20 21:51:09.942 21160 21538 I AXL : RPC_SCRCREATEOBJECT(311) 16101
03-20 21:51:09.942 21160 21538 I AXL : RPC_SCRCREATEOBJECT(312) 16101
03-20 21:51:09.943 21160 21538 I AXL : RPC_SCRCREATEOBJECT(313) 16101
03-20 21:51:09.943 21160 21538 I AXL : RPC_SCRCREATEOBJECT(314) 16101
03-20 21:51:09.943 21160 21538 I AXL : RPC_SCRCREATEOBJECT(315) 16101
03-20 21:51:09.943 21160 21538 I AXL : RPC_SCRCREATEOBJECT(316) 16101
03-20 21:51:09.943 21160 21538 I AXL : RPC_SCRCREATEOBJECT(317) 19866
03-20 21:51:09.943 21160 21538 I AXL : RPC_SCRCREATEOBJECT(318) 16101
03-20 21:51:09.943 21160 21538 I AXL : RPC_SCRCREATEOBJECT(319) 19866
03-20 21:51:09.943 21160 21538 I AXL : RPC_SCRCREATEOBJECT(320) 16101
03-20 21:51:09.943 21160 21538 I AXL : RPC_SCRCREATEOBJECT(321) 16101
03-20 21:51:09.943 21160 21538 I AXL : RPC_SCRCREATEOBJECT(322) 16101
03-20 21:51:09.943 21160 21538 I AXL : RPC_SCRCREATEOBJECT(323) 16101
03-20 21:51:09.944 21160 21538 I AXL : RPC_SCRCREATEOBJECT(324) 16101
03-20 21:51:09.944 21160 21538 I AXL : RPC_SCRCREATEOBJECT(325) 16101
03-20 21:51:09.944 21160 21538 I AXL : RPC_SCRCREATEOBJECT(326) 16101
03-20 21:51:09.944 21160 21538 I AXL : RPC_SCRCREATEOBJECT(327) 16101
03-20 21:51:09.944 21160 21538 I AXL : RPC_SCRCREATEOBJECT(328) 16101
03-20 21:51:09.944 21160 21538 I AXL : RPC_SCRCREATEOBJECT(329) 16101
03-20 21:51:09.944 21160 21538 I AXL : RPC_SCRCREATEOBJECT(330) 16101
03-20 21:51:09.944 21160 21538 I AXL : RPC_SCRCREATEOBJECT(331) 16101
03-20 21:51:09.944 21160 21538 I AXL : RPC_SCRCREATEOBJECT(332) 16101
03-20 21:51:09.944 21160 21538 I AXL : RPC_SCRCREATEOBJECT(333) 16101
03-20 21:51:09.944 21160 21538 I AXL : RPC_SCRCREATEOBJECT(334) 16101
03-20 21:51:09.945 21160 21538 I AXL : RPC_SCRCREATEOBJECT(335) 16101
03-20 21:51:09.945 21160 21538 I AXL : RPC_SCRCREATEOBJECT(336) 16101
03-20 21:51:09.945 21160 21538 I AXL : RPC_SCRCREATEOBJECT(337) 16101
03-20 21:51:09.945 21160 21538 I AXL : RPC_SCRCREATEOBJECT(338) 16101
03-20 21:51:09.945 21160 21538 I AXL : RPC_SCRCREATEOBJECT(339) 16101
03-20 21:51:09.945 21160 21538 I AXL : RPC_SCRCREATEOBJECT(340) 19866
03-20 21:51:09.945 21160 21538 I AXL : RPC_SCRCREATEOBJECT(341) 19866
03-20 21:51:09.945 21160 21538 I AXL : RPC_SCRCREATEOBJECT(342) 19866
03-20 21:51:09.945 21160 21538 I AXL : RPC_SCRCREATEOBJECT(343) 19866
03-20 21:51:09.945 21160 21538 I AXL : RPC_SCRCREATEOBJECT(344) 19866
03-20 21:51:09.946 21160 21538 I AXL : RPC_SCRCREATEOBJECT(345) 8661
03-20 21:51:09.946 21160 21538 I AXL : RPC_SCRCREATEOBJECT(346) 19445
03-20 21:51:09.946 21160 21538 I AXL : RPC_SCRCREATEOBJECT(347) 19445
03-20 21:51:09.946 21160 21538 I AXL : RPC_SCRCREATEOBJECT(348) 19445
03-20 21:51:09.946 21160 21538 I AXL : RPC_SCRCREATEOBJECT(349) 19445
03-20 21:51:09.946 21160 21538 I AXL : RPC_SCRCREATEOBJECT(350) 19445
03-20 21:51:09.946 21160 21538 I AXL : RPC_SCRCREATEOBJECT(351) 19445
03-20 21:51:09.946 21160 21538 I AXL : RPC: ScrSetMapIcon
03-20 21:51:09.983 21160 21160 D Surface : lockCanvas
03-20 21:51:10.056 21160 21160 D Surface : lockCanvas
03-20 21:51:10.085 21160 21538 I AXL : CreatePickup(19130, 23, 141, 40,
3381)
03-20 21:51:10.216 21160 21538 I AXL : CreatePickup(19130, 23, 141, 49,
3381)
03-20 21:51:10.252 21160 21160 D Surface : lockCanvas
03-20 21:51:10.315 21160 21160 D Editor : Double tap detection is fail
03-20 21:51:10.332 21160 21160 I HandWritingStubImpl: refreshLastKeyboardType: 1
03-20 21:51:10.333 21160 21160 I HandWritingStubImpl: getCurrentKeyboardType: 1
03-20 21:51:10.345 21160 21160 D CompatibilityChangeReporter: Compat change id
reported: 163400105; UID 10036; state: DISABLED
03-20 21:51:10.347 21160 21160 I ImeTracker: com.evolve.roleplay:e54c1bf8:
onRequestShow at ORIGIN_CLIENT_SHOW_SOFT_INPUT reason SHOW_SOFT_INPUT
03-20 21:51:10.348 21160 21160 D InputMethodManager: showSoftInput()
view=com.nvidia.devtech.CustomEditText{b1e34a6 VFED..CL. .F.P..ID 0,0-558,81
#7f0a026d app:id/sd_dialog_input aid=1073741826} flags=0 reason=SHOW_SOFT_INPUT
03-20 21:51:10.373 21160 21160 D Surface : lockCanvas
03-20 21:51:10.461 21160 21160 I AssistStructure: Flattened final assist data: 8992
bytes, containing 2 windows, 79 views
03-20 21:51:10.484 21160 21160 D Surface : lockCanvas
03-20 21:51:10.528 21160 21160 D Surface : lockCanvas
03-20 21:51:10.608 21160 21160 D Surface : lockCanvas
03-20 21:51:10.668 21160 21160 D Surface : lockCanvas
03-20 21:51:10.751 21160 21160 D Surface : lockCanvas
03-20 21:51:10.873 21160 21160 D Surface : lockCanvas
03-20 21:51:10.970 21160 21160 D Surface : lockCanvas
03-20 21:51:11.069 21160 21160 D Surface : lockCanvas
03-20 21:51:11.162 21160 21160 D Surface : lockCanvas
03-20 21:51:11.214 21160 21538 I AXL : RPC: ScrSetPlayerName
03-20 21:51:11.214 21160 21538 I AXL : byteSuccess = 1
03-20 21:51:11.232 21160 21160 D Surface : lockCanvas
03-20 21:51:11.344 21160 21160 D Surface : lockCanvas
03-20 21:51:11.421 21160 21160 D Surface : lockCanvas
03-20 21:51:11.455 21160 21538 I AXL : RPC: ScrSetPlayerColor
03-20 21:51:11.455 21160 21538 I AXL : RPC: ScrSetPlayerColor
03-20 21:51:11.561 21160 21160 D Surface : lockCanvas
03-20 21:51:11.641 21160 21160 D InsetsController: show(ime(), fromIme=true)
03-20 21:51:11.845 21160 21160 D Surface : lockCanvas
03-20 21:51:11.942 21160 21538 I AXL : RPC: ServerJoin
03-20 21:51:11.942 21160 21538 I AXL : RPC: ScrSetPlayerName
03-20 21:51:11.942 21160 21538 I AXL : byteSuccess = 1
03-20 21:51:11.942 21160 21538 I AXL : RPC: ScrSetPlayerColor
03-20 21:51:11.962 21160 21160 D Surface : lockCanvas
03-20 21:51:12.077 21160 21160 I ImeTracker: com.evolve.roleplay:e54c1bf8: onShown
03-20 21:51:12.092 21160 21160 D Surface : lockCanvas
03-20 21:51:12.203 21160 21160 D Surface : lockCanvas
03-20 21:51:12.271 21160 21160 D Surface : lockCanvas
03-20 21:51:12.357 21160 21160 D Surface : lockCanvas
03-20 21:51:12.447 21160 21160 D Surface : lockCanvas
03-20 21:51:12.497 21160 21160 D Surface : lockCanvas
03-20 21:51:12.542 21160 21160 D Surface : lockCanvas
03-20 21:51:12.598 21160 21160 D Surface : lockCanvas
03-20 21:51:12.634 21160 21538 I AXL : RPC: ScrSetPlayerColor
03-20 21:51:12.655 21160 21160 D Surface : lockCanvas
03-20 21:51:12.718 21160 21160 D Surface : lockCanvas
03-20 21:51:12.795 21160 21160 D Surface : lockCanvas
03-20 21:51:12.853 21160 21160 D Surface : lockCanvas
03-20 21:51:12.912 21160 21160 D Surface : lockCanvas
03-20 21:51:12.995 21160 21160 D Surface : lockCanvas
03-20 21:51:13.156 21160 21160 D Surface : lockCanvas
03-20 21:51:13.230 21160 21160 D Surface : lockCanvas
03-20 21:51:13.310 21160 21160 D Surface : lockCanvas
03-20 21:51:13.357 21160 21538 I AXL : RPC: ScrSetPlayerColor
03-20 21:51:13.357 21160 21538 I AXL : RPC: ScrSetPlayerColor
03-20 21:51:13.357 21160 21174 E BLASTBufferQueue:
[SurfaceView[com.evolve.roleplay/com.evolve.roleplay.core.GTASA]#9](f:1,a:6)
acquireNextBufferLocked: Can't acquire next buffer. Already acquired max frames 6
max:4 + 2
03-20 21:51:13.374 21160 21174 E BLASTBufferQueue:
[SurfaceView[com.evolve.roleplay/com.evolve.roleplay.core.GTASA]#9](f:2,a:6)
acquireNextBufferLocked: Can't acquire next buffer. Already acquired max frames 6
max:4 + 2
03-20 21:51:13.391 21160 21514 E BLASTBufferQueue:
[SurfaceView[com.evolve.roleplay/com.evolve.roleplay.core.GTASA]#9](f:3,a:6)
acquireNextBufferLocked: Can't acquire next buffer. Already acquired max frames 6
max:4 + 2
03-20 21:51:13.392 21160 21160 D Surface : lockCanvas
03-20 21:51:13.407 21160 21174 E BLASTBufferQueue:
[SurfaceView[com.evolve.roleplay/com.evolve.roleplay.core.GTASA]#9](f:4,a:6)
acquireNextBufferLocked: Can't acquire next buffer. Already acquired max frames 6
max:4 + 2
03-20 21:51:13.423 21160 21174 E BLASTBufferQueue:
[SurfaceView[com.evolve.roleplay/com.evolve.roleplay.core.GTASA]#9](f:5,a:6)
acquireNextBufferLocked: Can't acquire next buffer. Already acquired max frames 6
max:4 + 2
03-20 21:51:13.441 21160 21174 E BLASTBufferQueue:
[SurfaceView[com.evolve.roleplay/com.evolve.roleplay.core.GTASA]#9](f:6,a:6)
acquireNextBufferLocked: Can't acquire next buffer. Already acquired max frames 6
max:4 + 2
03-20 21:51:13.458 21160 21174 E BLASTBufferQueue:
[SurfaceView[com.evolve.roleplay/com.evolve.roleplay.core.GTASA]#9](f:7,a:6)
acquireNextBufferLocked: Can't acquire next buffer. Already acquired max frames 6
max:4 + 2
03-20 21:51:13.476 21160 21711 E BLASTBufferQueue:
[SurfaceView[com.evolve.roleplay/com.evolve.roleplay.core.GTASA]#9](f:7,a:6)
acquireNextBufferLocked: Can't acquire next buffer. Already acquired max frames 6
max:4 + 2
03-20 21:51:13.498 21160 21160 D Surface : lockCanvas
03-20 21:51:13.582 21160 21160 D Surface : lockCanvas
03-20 21:51:13.674 21160 21392 E BLASTBufferQueue:
[SurfaceView[com.evolve.roleplay/com.evolve.roleplay.core.GTASA]#9](f:1,a:6)
acquireNextBufferLocked: Can't acquire next buffer. Already acquired max frames 6
max:4 + 2
03-20 21:51:13.719 21160 21538 I AXL : RPC: ServerJoin
03-20 21:51:13.720 21160 21538 I AXL : RPC: ScrSetPlayerName
03-20 21:51:13.720 21160 21538 I AXL : byteSuccess = 1
03-20 21:51:13.720 21160 21538 I AXL : RPC: ScrSetPlayerColor
03-20 21:51:13.732 21160 21160 D Surface : lockCanvas
03-20 21:51:13.871 21160 21160 D Surface : lockCanvas
03-20 21:51:13.947 21160 21160 D Surface : lockCanvas
03-20 21:51:14.008 21160 21160 D Surface : lockCanvas
03-20 21:51:14.070 21160 21160 D Surface : lockCanvas
03-20 21:51:14.091 21160 22488 E BLASTBufferQueue:
[SurfaceView[com.evolve.roleplay/com.evolve.roleplay.core.GTASA]#9](f:1,a:6)
acquireNextBufferLocked: Can't acquire next buffer. Already acquired max frames 6
max:4 + 2
03-20 21:51:14.123 21160 21160 D Surface : lockCanvas
03-20 21:51:14.183 21160 21160 D Surface : lockCanvas
03-20 21:51:14.238 21160 21160 D Surface : lockCanvas
03-20 21:51:14.261 21160 21538 I AXL : RPC: ScrSetPlayerColor
03-20 21:51:14.269 21160 21515 D AudioTrack: [audioTrackData][fine] 5s(f:5003 m:0
s:0 k:0 z:0) : pid 21160 uid 10036 sessionId 2585 sr 48000 ch 2 fmt 5
03-20 21:51:14.294 21160 21160 D Surface : lockCanvas
03-20 21:51:14.383 21160 21160 D Surface : lockCanvas
03-20 21:51:14.438 21160 21160 D Surface : lockCanvas
03-20 21:51:14.503 21160 21160 D Surface : lockCanvas
03-20 21:51:14.548 21160 21160 D Surface : lockCanvas
03-20 21:51:14.592 21160 21392 E BLASTBufferQueue:
[SurfaceView[com.evolve.roleplay/com.evolve.roleplay.core.GTASA]#9](f:1,a:6)
acquireNextBufferLocked: Can't acquire next buffer. Already acquired max frames 6
max:4 + 2
03-20 21:51:14.594 21160 21160 D Surface : lockCanvas
03-20 21:51:14.602 21160 21556 D AudioTrack: [audioTrackData][fine] 10s(f:10007 m:0
s:0 k:0 z:0) : pid 21160 uid 10036 sessionId 2593 sr 44100 ch 2 fmt 1
03-20 21:51:14.651 21160 21160 D Surface : lockCanvas
03-20 21:51:14.693 21160 21160 D Surface : lockCanvas
03-20 21:51:14.746 21160 21160 D Surface : lockCanvas
03-20 21:51:14.813 21160 21160 D Surface : lockCanvas
03-20 21:51:14.858 21160 21160 D Surface : lockCanvas
03-20 21:51:14.900 21160 21160 D Surface : lockCanvas
03-20 21:51:14.944 21160 21160 D Surface : lockCanvas
03-20 21:51:15.006 21160 21160 D Surface : lockCanvas
03-20 21:51:15.010 21160 21415 E BLASTBufferQueue:
[SurfaceView[com.evolve.roleplay/com.evolve.roleplay.core.GTASA]#9](f:1,a:6)
acquireNextBufferLocked: Can't acquire next buffer. Already acquired max frames 6
max:4 + 2
03-20 21:51:15.026 21160 21415 E BLASTBufferQueue:
[SurfaceView[com.evolve.roleplay/com.evolve.roleplay.core.GTASA]#9](f:2,a:6)
acquireNextBufferLocked: Can't acquire next buffer. Already acquired max frames 6
max:4 + 2
03-20 21:51:15.043 21160 21415 E BLASTBufferQueue:
[SurfaceView[com.evolve.roleplay/com.evolve.roleplay.core.GTASA]#9](f:3,a:6)
acquireNextBufferLocked: Can't acquire next buffer. Already acquired max frames 6
max:4 + 2
03-20 21:51:15.048 21160 21160 D Surface : lockCanvas
03-20 21:51:15.062 21160 21415 E BLASTBufferQueue:
[SurfaceView[com.evolve.roleplay/com.evolve.roleplay.core.GTASA]#9](f:4,a:6)
acquireNextBufferLocked: Can't acquire next buffer. Already acquired max frames 6
max:4 + 2
03-20 21:51:15.092 21160 21392 E BLASTBufferQueue:
[SurfaceView[com.evolve.roleplay/com.evolve.roleplay.core.GTASA]#9](f:1,a:6)
acquireNextBufferLocked: Can't acquire next buffer. Already acquired max frames 6
max:4 + 2
03-20 21:51:15.109 21160 21392 E BLASTBufferQueue:
[SurfaceView[com.evolve.roleplay/com.evolve.roleplay.core.GTASA]#9](f:2,a:6)
acquireNextBufferLocked: Can't acquire next buffer. Already acquired max frames 6
max:4 + 2
03-20 21:51:15.109 21160 21160 D Surface : lockCanvas
03-20 21:51:15.125 21160 21392 E BLASTBufferQueue:
[SurfaceView[com.evolve.roleplay/com.evolve.roleplay.core.GTASA]#9](f:3,a:6)
acquireNextBufferLocked: Can't acquire next buffer. Already acquired max frames 6
max:4 + 2
03-20 21:51:15.142 21160 21392 E BLASTBufferQueue:
[SurfaceView[com.evolve.roleplay/com.evolve.roleplay.core.GTASA]#9](f:4,a:6)
acquireNextBufferLocked: Can't acquire next buffer. Already acquired max frames 6
max:4 + 2
03-20 21:51:15.158 21160 21392 E BLASTBufferQueue:
[SurfaceView[com.evolve.roleplay/com.evolve.roleplay.core.GTASA]#9](f:5,a:6)
acquireNextBufferLocked: Can't acquire next buffer. Already acquired max frames 6
max:4 + 2
03-20 21:51:15.175 21160 21392 E BLASTBufferQueue:
[SurfaceView[com.evolve.roleplay/com.evolve.roleplay.core.GTASA]#9](f:6,a:6)
acquireNextBufferLocked: Can't acquire next buffer. Already acquired max frames 6
max:4 + 2
03-20 21:51:15.193 21160 21392 E BLASTBufferQueue:
[SurfaceView[com.evolve.roleplay/com.evolve.roleplay.core.GTASA]#9](f:7,a:6)
acquireNextBufferLocked: Can't acquire next buffer. Already acquired max frames 6
max:4 + 2
03-20 21:51:15.212 21160 21392 E BLASTBufferQueue:
[SurfaceView[com.evolve.roleplay/com.evolve.roleplay.core.GTASA]#9](f:4,a:6)
acquireNextBufferLocked: Can't acquire next buffer. Already acquired max frames 6
max:4 + 2
03-20 21:51:15.239 21160 21160 D Surface : lockCanvas
03-20 21:51:15.303 21160 21160 D Surface : lockCanvas
03-20 21:51:15.347 21160 21160 D Surface : lockCanvas
03-20 21:51:15.400 21160 21160 D Surface : lockCanvas
03-20 21:51:15.406 21160 21538 I AXL : RPC: ServerJoin
03-20 21:51:15.406 21160 21538 I AXL : RPC: ScrSetPlayerName
03-20 21:51:15.406 21160 21538 I AXL : byteSuccess = 1
03-20 21:51:15.406 21160 21538 I AXL : RPC: ScrSetPlayerColor
03-20 21:51:15.459 21160 21160 D Surface : lockCanvas
03-20 21:51:15.526 21160 21160 D Surface : lockCanvas
03-20 21:51:15.593 21160 21160 D Surface : lockCanvas
03-20 21:51:15.635 21160 21538 I AXL : RPC: ServerJoin
03-20 21:51:15.635 21160 21538 I AXL : RPC: ScrSetPlayerName
03-20 21:51:15.635 21160 21538 I AXL : byteSuccess = 1
03-20 21:51:15.635 21160 21538 I AXL : RPC: ScrSetPlayerColor
03-20 21:51:15.665 21160 21160 D Surface : lockCanvas
03-20 21:51:15.743 21160 21160 D Surface : lockCanvas
03-20 21:51:15.836 21160 21160 D Surface : lockCanvas
03-20 21:51:15.860 21160 21174 E BLASTBufferQueue:
[SurfaceView[com.evolve.roleplay/com.evolve.roleplay.core.GTASA]#9](f:1,a:6)
acquireNextBufferLocked: Can't acquire next buffer. Already acquired max frames 6
max:4 + 2
03-20 21:51:15.878 21160 21174 E BLASTBufferQueue:
[SurfaceView[com.evolve.roleplay/com.evolve.roleplay.core.GTASA]#9](f:2,a:6)
acquireNextBufferLocked: Can't acquire next buffer. Already acquired max frames 6
max:4 + 2
03-20 21:51:15.894 21160 21174 E BLASTBufferQueue:
[SurfaceView[com.evolve.roleplay/com.evolve.roleplay.core.GTASA]#9](f:3,a:6)
acquireNextBufferLocked: Can't acquire next buffer. Already acquired max frames 6
max:4 + 2
03-20 21:51:15.901 21160 21160 D Surface : lockCanvas
03-20 21:51:15.909 21160 21711 E BLASTBufferQueue:
[SurfaceView[com.evolve.roleplay/com.evolve.roleplay.core.GTASA]#9](f:4,a:6)
acquireNextBufferLocked: Can't acquire next buffer. Already acquired max frames 6
max:4 + 2
03-20 21:51:15.928 21160 21711 E BLASTBufferQueue:
[SurfaceView[com.evolve.roleplay/com.evolve.roleplay.core.GTASA]#9](f:5,a:6)
acquireNextBufferLocked: Can't acquire next buffer. Already acquired max frames 6
max:4 + 2
03-20 21:51:15.943 21160 21711 E BLASTBufferQueue:
[SurfaceView[com.evolve.roleplay/com.evolve.roleplay.core.GTASA]#9](f:6,a:6)
acquireNextBufferLocked: Can't acquire next buffer. Already acquired max frames 6
max:4 + 2
03-20 21:51:15.959 21160 21160 D Surface : lockCanvas
03-20 21:51:15.960 21160 21711 E BLASTBufferQueue:
[SurfaceView[com.evolve.roleplay/com.evolve.roleplay.core.GTASA]#9](f:7,a:6)
acquireNextBufferLocked: Can't acquire next buffer. Already acquired max frames 6
max:4 + 2
03-20 21:51:15.977 21160 21711 E BLASTBufferQueue:
[SurfaceView[com.evolve.roleplay/com.evolve.roleplay.core.GTASA]#9](f:8,a:6)
acquireNextBufferLocked: Can't acquire next buffer. Already acquired max frames 6
max:4 + 2
03-20 21:51:15.994 21160 21711 E BLASTBufferQueue:
[SurfaceView[com.evolve.roleplay/com.evolve.roleplay.core.GTASA]#9](f:9,a:6)
acquireNextBufferLocked: Can't acquire next buffer. Already acquired max frames 6
max:4 + 2
03-20 21:51:16.009 21160 21160 D Surface : lockCanvas
03-20 21:51:16.091 21160 21160 D Surface : lockCanvas
03-20 21:51:16.176 21160 21538 I AXL : RPC: ScrSetPlayerColor
03-20 21:51:16.196 21160 21160 D Surface : lockCanvas
03-20 21:51:16.262 21160 21160 D Surface : lockCanvas
03-20 21:51:16.302 21160 21538 I AXL : RPC: ServerJoin
03-20 21:51:16.302 21160 21538 I AXL : RPC: ScrSetPlayerName
03-20 21:51:16.302 21160 21538 I AXL : byteSuccess = 1
03-20 21:51:16.302 21160 21538 I AXL : RPC: ScrSetPlayerColor
03-20 21:51:16.310 21160 21160 D Surface : lockCanvas
03-20 21:51:16.365 21160 21160 D Surface : lockCanvas
03-20 21:51:16.410 21160 21160 D Surface : lockCanvas
03-20 21:51:16.475 21160 21160 D Surface : lockCanvas
03-20 21:51:16.521 21160 21160 D Surface : lockCanvas
03-20 21:51:16.574 21160 21160 D Surface : lockCanvas
03-20 21:51:16.627 21160 21160 D Surface : lockCanvas
03-20 21:51:16.636 21160 21711 E BLASTBufferQueue:
[SurfaceView[com.evolve.roleplay/com.evolve.roleplay.core.GTASA]#9](f:1,a:6)
acquireNextBufferLocked: Can't acquire next buffer. Already acquired max frames 6
max:4 + 2
03-20 21:51:16.638 21160 21415 E BLASTBufferQueue:
[SurfaceView[com.evolve.roleplay/com.evolve.roleplay.core.GTASA]#9](f:2,a:6)
acquireNextBufferLocked: Can't acquire next buffer. Already acquired max frames 6
max:4 + 2
03-20 21:51:16.640 21160 21392 E BLASTBufferQueue:
[SurfaceView[com.evolve.roleplay/com.evolve.roleplay.core.GTASA]#9](f:3,a:6)
acquireNextBufferLocked: Can't acquire next buffer. Already acquired max frames 6
max:4 + 2
03-20 21:51:16.660 21160 21392 E BLASTBufferQueue:
[SurfaceView[com.evolve.roleplay/com.evolve.roleplay.core.GTASA]#9](f:4,a:6)
acquireNextBufferLocked: Can't acquire next buffer. Already acquired max frames 6
max:4 + 2
03-20 21:51:16.675 21160 21160 D Surface : lockCanvas
03-20 21:51:16.755 21160 21160 D Surface : lockCanvas
03-20 21:51:16.800 21160 21160 D Surface : lockCanvas
03-20 21:51:16.839 21160 21160 D Surface : lockCanvas
03-20 21:51:16.915 21160 21160 D Surface : lockCanvas
03-20 21:51:16.998 21160 21160 D Surface : lockCanvas
03-20 21:51:17.076 21160 21160 D Surface : lockCanvas
03-20 21:51:17.146 21160 21160 D Surface : lockCanvas
03-20 21:51:17.229 21160 21160 D Surface : lockCanvas
03-20 21:51:17.304 21160 21160 D Surface : lockCanvas
03-20 21:51:17.335 21160 21538 I AXL : RPC: ScrSetPlayerColor
03-20 21:51:17.335 21160 21538 I AXL : RPC: ScrSetPlayerColor
03-20 21:51:17.375 21160 21160 D Surface : lockCanvas
03-20 21:51:17.462 21160 21160 D Surface : lockCanvas
03-20 21:51:17.527 21160 21160 D Surface : lockCanvas
03-20 21:51:17.597 21160 21160 D Surface : lockCanvas
03-20 21:51:17.671 21160 21160 D Surface : lockCanvas
03-20 21:51:17.712 21160 21160 I ImeTracker: com.evolve.roleplay:c899fae9:
onRequestHide at ORIGIN_CLIENT_HIDE_SOFT_INPUT reason HIDE_SOFT_INPUT
03-20 21:51:17.723 21160 21160 D Surface : lockCanvas
03-20 21:51:17.817 21160 21160 W WindowOnBackDispatcher: sendCancelIfRunning:
isInProgress=falsecallback=ImeCallback=ImeOnBackInvokedCallback@77769597
Callback=android.window.IOnBackInvokedCallback$Stub$Proxy@98c3f4a
03-20 21:51:17.858 21160 21160 D Surface : lockCanvas
03-20 21:51:17.967 21160 21160 D Surface : lockCanvas
03-20 21:51:18.063 21160 21160 I ImeTracker: com.evolve.roleplay:3baaeeb9:
onRequestHide at ORIGIN_CLIENT_HIDE_SOFT_INPUT reason HIDE_SOFT_INPUT_BY_INSETS_API
03-20 21:51:18.069 21160 21160 I ImeTracker: com.evolve.roleplay:c899fae9: onHidden
03-20 21:51:18.131 21160 21160 D Surface : lockCanvas
03-20 21:51:18.230 21160 21160 D Surface : lockCanvas
03-20 21:51:18.233 21160 21538 I AXL : RPC: ScrSetPlayerColor
03-20 21:51:18.233 21160 21538 I AXL : RPC: ScrSetPlayerColor
03-20 21:51:18.297 21160 21160 D Surface : lockCanvas
03-20 21:51:18.366 21160 21160 D Surface : lockCanvas
03-20 21:51:18.444 21160 21160 D Surface : lockCanvas
03-20 21:51:18.551 21160 21160 D Surface : lockCanvas
03-20 21:51:18.610 21160 21160 D Surface : lockCanvas
03-20 21:51:18.654 21160 21160 D Surface : lockCanvas
03-20 21:51:18.712 21160 21160 D Surface : lockCanvas
03-20 21:51:18.765 21160 21160 D Surface : lockCanvas
03-20 21:51:18.813 21160 21160 D Surface : lockCanvas
03-20 21:51:18.863 21160 21160 D Surface : lockCanvas
03-20 21:51:18.896 21160 21160 I ImeTracker: com.evolve.roleplay:d5738ba8:
onRequestHide at ORIGIN_CLIENT_HIDE_SOFT_INPUT reason HIDE_SOFT_INPUT
03-20 21:51:18.899 21160 21160 I AXL : CPlayerPed::TogglePlayerControllable
03-20 21:51:18.908 21160 21160 D Surface : lockCanvas
03-20 21:51:18.937 21160 21538 I AXL : RPC: ScrSetPlayerColor
03-20 21:51:18.938 21160 21538 I AXL : RPC: ScrSetPlayerColor
03-20 21:51:18.975 21160 21160 D Surface : lockCanvas
03-20 21:51:18.989 21160 21538 I AXL : RPC: ScrSetPlayerName
03-20 21:51:18.990 21160 21538 I AXL : byteSuccess = 1
03-20 21:51:18.990 21160 21538 I AXL : RPC: ScrSetPlayerName
03-20 21:51:18.990 21160 21538 I AXL : byteSuccess = 1
03-20 21:51:18.990 21160 21538 I AXL : RPC: ScrSetPlayerHealth
03-20 21:51:18.990 21160 21538 I AXL : RPC: ScrSetPlayerArmour
03-20 21:51:19.021 21160 21160 D Surface : lockCanvas
03-20 21:51:19.043 21160 21538 I AXL : У вас не подтвержден E-Mail адрес!
Используйте {FFFF00}/mm {FFFFFF}-> Настройки -> E-Mail
03-20 21:51:19.043 21160 21538 I AXL : Обратите внимание! В случае утери
пароля, вы не сможете восстановить доступ с неподтвержденным E-Mail адресом
03-20 21:51:19.043 21160 21538 I AXL : Уважаемые игроки, настоятельно
рекомендуется привязать аккаунт к двухэтапной аутентификации Google
03-20 21:51:19.044 21160 21538 I AXL : Для привязки аккаунта к Google
Authenticator используйте {FFFF00}/mm {FFFFFF}-> Настройки -> Безопасность ->
Google Authenticator
03-20 21:51:19.044 21160 21538 I AXL : Уважаемые игроки, настоятельно
рекомендуется привязать аккаунт к вашему аккаунту в ВКонтакте
03-20 21:51:19.044 21160 21538 I AXL : Для привязки аккаунта к ВКонтакте
используйте {FFFF00}/mm {FFFFFF}-> Настройки -> Безопасность -> ВКонтакте
03-20 21:51:19.044 21160 21538 I AXL : На сервере включена акция
{FFFFFF}"Прокачка новичкам"{33AA33}. Подробнее: {FFFFFF}"/boostinfo"{33AA33}!
03-20 21:51:19.045 21160 21538 I AXL : CPlayerPed::TogglePlayerControllable
03-20 21:51:19.051 21160 21160 I System.out: addChatViewMessage: {FFFFFF} |
 У вас не подтвержден E-Mail адрес!
 Используйте {FFFF00}/mm {FFFFFF}-> Настройки -
> E-Mail
03-20 21:51:19.052 21160 21160 I System.out: addChatViewMessage: {FFFFFF} |
 Обратите внимание!
 В случае утери пароля, вы не сможете восст
ановить доступ с неподтвержденным E-Mail адресом
03-20 21:51:19.052 21160 21160 I System.out: addChatViewMessage: {FFFFFF} |
 Уважаемые игроки, настоятельно рекомендуется привязать
60;аккаунт к двухэтапной аутентификации Google
03-20 21:51:19.052 21160 21160 I System.out: addChatViewMessage: {FFFFFF} |
 Для привязки аккаунта к Google Authenticator ис
пользуйте {FFFF00}/mm {FFFFFF}-> Настройки -
> Безопасность -> Google Authenticator
03-20 21:51:19.052 21160 21160 I System.out: addChatViewMessage: {FFFFFF} |
 Уважаемые игроки, настоятельно рекомендуется привязать
60;аккаунт к вашему аккаунту в ВКонтакте
03-20 21:51:19.052 21160 21160 I System.out: addChatViewMessage: {FFFFFF} |
 Для привязки аккаунта к ВКонтакте используйте 
{FFFF00}/mm {FFFFFF}-> Настройки -> Безопасность -
> ВКонтакте
03-20 21:51:19.052 21160 21160 I System.out: addChatViewMessage: {33AA33} |
 На сервере включена акция 
{FFFFFF}"Прокачка новичкам"{33AA33}. Подробнее: {FFFFFF}"/
boostinfo"{33AA33}!
03-20 21:51:19.094 21160 21160 D Surface : lockCanvas
03-20 21:51:19.143 21160 21538 I AXL : CreateVehicleSnapShot: 508 337.000000,
0.000000, 315.000000, (1, 1)
03-20 21:51:19.154 21160 21549 I AXL : NvFOpen: AUDIO/SFX/GENRL.osw
03-20 21:51:19.163 21160 21538 I AXL : CreateVehicleSnapShot: 454 337.000000,
0.000000, 322.000000, (1, 1)
03-20 21:51:19.166 21160 21549 I AXL : NvFOpen: AUDIO/SFX/GENRL.osw
03-20 21:51:19.200 21160 21549 I AXL : NvFOpen: AUDIO/SFX/GENRL.osw
03-20 21:51:19.202 21160 21160 D Surface : lockCanvas
03-20 21:51:19.216 21160 21549 I AXL : NvFOpen: AUDIO/SFX/GENRL.osw
03-20 21:51:19.266 21160 21515 D AudioTrack: [audioTrackData][fine] 10s(f:10000 m:0
s:0 k:0 z:0) : pid 21160 uid 10036 sessionId 2585 sr 48000 ch 2 fmt 5
03-20 21:51:19.270 21160 21160 D Surface : lockCanvas
03-20 21:51:19.529 21160 21160 D Surface : lockCanvas
03-20 21:51:19.622 21160 21556 D AudioTrack: [audioTrackData][fine] 15s(f:15027 m:0
s:0 k:0 z:0) : pid 21160 uid 10036 sessionId 2593 sr 44100 ch 2 fmt 1
03-20 21:51:19.941 21160 21538 I AXL : RPC: ServerJoin
03-20 21:51:19.941 21160 21538 I AXL : RPC: ScrSetPlayerName
03-20 21:51:19.941 21160 21538 I AXL : byteSuccess = 1
03-20 21:51:19.941 21160 21538 I AXL : RPC: ScrSetPlayerColor
03-20 21:51:20.091 21160 21538 I AXL : RPC: ScrSetPlayerColor
03-20 21:51:20.091 21160 21538 I AXL : RPC: StopObject
03-20 21:51:20.371 21160 21538 I AXL : RPC: ScrSetPlayerColor
03-20 21:51:20.371 21160 21538 I AXL : RPC: StopObject
03-20 21:51:20.507 21160 21538 I AXL : RPC: ScrSetPlayerColor
03-20 21:51:20.786 21160 21160 D Surface : lockCanvas
03-20 21:51:20.878 21160 21160 D Surface : lockCanvas
03-20 21:51:20.919 21160 21160 D Surface : lockCanvas
03-20 21:51:20.962 21160 21160 D Surface : lockCanvas
03-20 21:51:20.994 21160 21160 D Surface : lockCanvas
03-20 21:51:21.038 21160 21160 D Surface : lockCanvas
03-20 21:51:21.067 21160 21160 D Surface : lockCanvas
03-20 21:51:21.108 21160 21538 I AXL : RPC: ServerJoin
03-20 21:51:21.108 21160 21538 I AXL : RPC: ScrSetPlayerName
03-20 21:51:21.108 21160 21538 I AXL : byteSuccess = 1
03-20 21:51:21.108 21160 21538 I AXL : RPC: ScrSetPlayerColor
03-20 21:51:21.595 21160 21538 I AXL : RPC: ScrSetPlayerColor
03-20 21:51:22.453 21160 21538 I AXL : RPC: ServerJoin
03-20 21:51:22.453 21160 21538 I AXL : RPC: ScrSetPlayerName
03-20 21:51:22.453 21160 21538 I AXL : byteSuccess = 1
03-20 21:51:22.453 21160 21538 I AXL : RPC: ScrSetPlayerColor
03-20 21:51:23.362 21160 21538 I AXL : RPC: ScrSetPlayerColor
03-20 21:51:23.819 21160 21538 I AXL : RPC: ScrSetPlayerName
03-20 21:51:23.819 21160 21538 I AXL : byteSuccess = 1
03-20 21:51:24.269 21160 21515 D AudioTrack: [audioTrackData][fine] 15s(f:15003 m:0
s:0 k:0 z:0) : pid 21160 uid 10036 sessionId 2585 sr 48000 ch 2 fmt 5
03-20 21:51:24.363 21160 21538 I AXL : RPC: ServerJoin
03-20 21:51:24.363 21160 21538 I AXL : RPC: ScrSetPlayerName
03-20 21:51:24.363 21160 21538 I AXL : byteSuccess = 1
03-20 21:51:24.364 21160 21538 I AXL : RPC: ScrSetPlayerColor
03-20 21:51:24.597 21160 21556 D AudioTrack: [audioTrackData][fine] 20s(f:20002 m:0
s:0 k:0 z:0) : pid 21160 uid 10036 sessionId 2593 sr 44100 ch 2 fmt 1
03-20 21:51:24.613 21160 21538 I AXL : RPC: ScrSetPlayerColor
03-20 21:51:24.666 21160 21538 I AXL : RPC: ServerJoin
03-20 21:51:24.666 21160 21538 I AXL : RPC: ScrSetPlayerName
03-20 21:51:24.666 21160 21538 I AXL : byteSuccess = 1
03-20 21:51:24.666 21160 21538 I AXL : RPC: ScrSetPlayerColor
03-20 21:51:25.125 21160 21538 I AXL : RPC: ScrSetPlayerColor
03-20 21:51:25.125 21160 21538 I AXL : RPC: ScrSetPlayerColor
03-20 21:51:25.491 21160 21538 I AXL : RPC: ScrSetPlayerColor
03-20 21:51:25.491 21160 21538 I AXL : RPC: ScrSetPlayerColor
03-20 21:51:25.920 21160 21538 I AXL : Объявление: LVN — пройди путь от
стажёра до редактора и получи 1.000.000 вирт // gps 5-13. Прислал: Vova_Putin. Тел:
9409200
03-20 21:51:25.920 21160 21538 I AXL : Отредактировал сотрудник LV News:
Vova_Putin
03-20 21:51:25.920 21160 21160 I System.out: addChatViewMessage: {00D900} |
 Объявление: LVN —
 пройди путь от стажёра до редактора и полу
чи 1.000.000 вирт // gps 5-
Прислал: Vova_Putin. Тел: 9409200
03-20 21:51:25.921 21160 21160 I System.out: addChatViewMessage: {00D900} |
    Отредактировал сотрудник LV News: Vova_
Putin
03-20 21:51:25.992 21160 21160 D Surface : lockCanvas
03-20 21:51:26.073 21160 21160 D Surface : lockCanvas
03-20 21:51:26.450 21160 21538 I AXL : RPC: ServerJoin
03-20 21:51:26.450 21160 21538 I AXL : RPC: ScrSetPlayerName
03-20 21:51:26.450 21160 21538 I AXL : byteSuccess = 1
03-20 21:51:26.450 21160 21538 I AXL : RPC: ScrSetPlayerColor
03-20 21:51:26.616 21160 21538 I AXL : RPC: ScrSetPlayerColor
03-20 21:51:27.533 21160 21160 D Surface : lockCanvas
03-20 21:51:27.622 21160 21160 D Surface : lockCanvas
03-20 21:51:27.661 21160 21160 D Surface : lockCanvas
03-20 21:51:27.709 21160 21160 D Surface : lockCanvas
03-20 21:51:27.736 21160 21160 D Surface : lockCanvas
03-20 21:51:27.760 21160 21160 D Surface : lockCanvas
03-20 21:51:27.789 21160 21160 D Surface : lockCanvas
03-20 21:51:28.336 21160 21538 I AXL : RPC: ScrSetPlayerColor
03-20 21:51:28.336 21160 21538 I AXL : RPC: ScrSetPlayerColor
03-20 21:51:28.941 21160 21538 I AXL : RPC: ScrSetPlayerColor
03-20 21:51:28.941 21160 21538 I AXL : RPC: StopObject
03-20 21:51:29.266 21160 21515 D AudioTrack: [audioTrackData][fine] 20s(f:20000 m:0
s:0 k:0 z:0) : pid 21160 uid 10036 sessionId 2585 sr 48000 ch 2 fmt 5
03-20 21:51:29.621 21160 21556 D AudioTrack: [audioTrackData][fine] 25s(f:25026 m:0
s:0 k:0 z:0) : pid 21160 uid 10036 sessionId 2593 sr 44100 ch 2 fmt 1
03-20 21:51:30.962 21160 21538 I AXL : RPC: ScrSetPlayerColor
03-20 21:51:31.464 21160 21538 I AXL : RPC: ScrSetPlayerColor
03-20 21:51:31.501 21160 21538 I AXL : RPC: ServerJoin
03-20 21:51:31.501 21160 21538 I AXL : RPC: ScrSetPlayerName
03-20 21:51:31.501 21160 21538 I AXL : byteSuccess = 1
03-20 21:51:31.501 21160 21538 I AXL : RPC: ScrSetPlayerColor
03-20 21:51:32.303 21160 21538 I AXL : RPC: ScrSetPlayerColor
03-20 21:51:32.664 21160 21538 I AXL : RPC: ScrSetPlayerColor
03-20 21:51:32.664 21160 21538 I AXL : RPC: StopObject
03-20 21:51:33.478 21160 21538 I AXL : RPC: ServerJoin
03-20 21:51:33.478 21160 21538 I AXL : RPC: ScrSetPlayerName
03-20 21:51:33.479 21160 21538 I AXL : byteSuccess = 1
03-20 21:51:33.479 21160 21538 I AXL : RPC: ScrSetPlayerColor
03-20 21:51:33.934 21160 21160 D Surface : lockCanvas
03-20 21:51:34.009 21160 21160 D Surface : lockCanvas
03-20 21:51:34.062 21160 21160 D Surface : lockCanvas
03-20 21:51:34.103 21160 21160 I MiInputConsumer: optimized resample latency:
15377975 ns
03-20 21:51:34.110 21160 21160 D Surface : lockCanvas
03-20 21:51:34.146 21160 21170 I evolve.roleplay: Background young concurrent
copying GC freed 584590(20MB) AllocSpace objects, 136(2720KB) LOS objects, 68%
free, 10MB/34MB, paused 199us,66us total 156.704ms
03-20 21:51:34.154 21160 21160 D Surface : lockCanvas
03-20 21:51:34.200 21160 21538 I AXL : RPC: ScrSetPlayerName
03-20 21:51:34.200 21160 21538 I AXL : byteSuccess = 1
03-20 21:51:34.224 21160 21160 D Surface : lockCanvas
03-20 21:51:34.269 21160 21515 D AudioTrack: [audioTrackData][fine] 25s(f:25003 m:0
s:0 k:0 z:0) : pid 21160 uid 10036 sessionId 2585 sr 48000 ch 2 fmt 5
03-20 21:51:34.293 21160 21160 D Surface : lockCanvas
03-20 21:51:34.560 21160 21160 D Surface : lockCanvas
03-20 21:51:34.597 21160 21556 D AudioTrack: [audioTrackData][fine] 30s(f:30002 m:0
s:0 k:0 z:0) : pid 21160 uid 10036 sessionId 2593 sr 44100 ch 2 fmt 1
03-20 21:51:34.628 21160 21160 D Surface : lockCanvas
03-20 21:51:34.632 21160 21538 I AXL : RPC: ScrSetPlayerColor
03-20 21:51:34.632 21160 21538 I AXL : RPC: StopObject
03-20 21:51:34.691 21160 21160 D Surface : lockCanvas
03-20 21:51:34.746 21160 21160 D Surface : lockCanvas
03-20 21:51:34.797 21160 21160 D Surface : lockCanvas
03-20 21:51:34.839 21160 21160 D Surface : lockCanvas
03-20 21:51:34.882 21160 21160 D Surface : lockCanvas
03-20 21:51:34.895 21160 21538 I AXL : Объявление: Ищу азартного игрока на
сумму 40 млн. Прислал: Quizzical_Norton. Тел: 6145903
03-20 21:51:34.895 21160 21538 I AXL : Отредактировал сотрудник LV News:
Vova_Putin
03-20 21:51:34.927 21160 21160 D Surface : lockCanvas
03-20 21:51:34.966 21160 21160 I System.out: addChatViewMessage: {00D900} |
 Объявление: Ищу азартного игрока на сумму 40
60;млн. Прислал: Quizzical_Norton. Тел: 6145903
03-20 21:51:34.966 21160 21160 I System.out: addChatViewMessage: {00D900} |
    Отредактировал сотрудник LV News: Vova_
Putin
03-20 21:51:34.985 21160 21538 I AXL : RPC: ScrSetPlayerColor
03-20 21:51:34.985 21160 21538 I AXL : RPC: ScrSetPlayerColor
03-20 21:51:35.018 21160 21160 D Surface : lockCanvas
03-20 21:51:35.077 21160 21160 D Surface : lockCanvas
03-20 21:51:35.191 21160 21160 D Surface : lockCanvas
03-20 21:51:35.249 21160 21160 D Surface : lockCanvas
03-20 21:51:35.293 21160 21160 D Surface : lockCanvas
03-20 21:51:35.337 21160 21160 D Surface : lockCanvas
03-20 21:51:35.379 21160 21160 D Surface : lockCanvas
03-20 21:51:35.423 21160 21160 D Surface : lockCanvas
03-20 21:51:35.472 21160 21160 D Surface : lockCanvas
03-20 21:51:35.518 21160 21538 I AXL : RPC: ScrSetPlayerColor
03-20 21:51:35.528 21160 21160 D Surface : lockCanvas
03-20 21:51:35.579 21160 21160 D Surface : lockCanvas
03-20 21:51:35.625 21160 21160 D Surface : lockCanvas
03-20 21:51:35.667 21160 21160 D Surface : lockCanvas
03-20 21:51:36.077 21160 21160 D Surface : lockCanvas
03-20 21:51:36.127 21160 21538 I AXL : RPC: ServerJoin
03-20 21:51:36.127 21160 21538 I AXL : RPC: ScrSetPlayerName
03-20 21:51:36.127 21160 21160 D Surface : lockCanvas
03-20 21:51:36.127 21160 21538 I AXL : byteSuccess = 1
03-20 21:51:36.127 21160 21538 I AXL : RPC: ScrSetPlayerColor
03-20 21:51:36.160 21160 21160 D Surface : lockCanvas
03-20 21:51:36.188 21160 21160 D Surface : lockCanvas
03-20 21:51:36.222 21160 21160 D Surface : lockCanvas
03-20 21:51:36.250 21160 21160 D Surface : lockCanvas
03-20 21:51:36.282 21160 21160 D Surface : lockCanvas
03-20 21:51:36.316 21160 21160 D Surface : lockCanvas
03-20 21:51:36.347 21160 21160 D Surface : lockCanvas
03-20 21:51:36.419 21160 21538 I AXL : RPC: ScrSetPlayerColor
03-20 21:51:37.064 21160 21538 I AXL : RPC: ScrSetPlayerColor
03-20 21:51:37.064 21160 21538 I AXL : RPC: ScrSetPlayerColor
03-20 21:51:37.104 21160 21160 D Surface : lockCanvas
03-20 21:51:37.169 21160 21160 D Surface : lockCanvas
03-20 21:51:37.219 21160 21160 D Surface : lockCanvas
03-20 21:51:37.276 21160 21160 D Surface : lockCanvas
03-20 21:51:37.338 21160 21160 D Surface : lockCanvas
03-20 21:51:37.398 21160 21160 D Surface : lockCanvas
03-20 21:51:37.459 21160 21160 D Surface : lockCanvas
03-20 21:51:37.511 21160 21160 D Surface : lockCanvas
03-20 21:51:37.568 21160 21160 D Surface : lockCanvas
03-20 21:51:37.736 21160 21160 D Surface : lockCanvas
03-20 21:51:37.792 21160 21160 D Surface : lockCanvas
03-20 21:51:37.852 21160 21160 D Surface : lockCanvas
03-20 21:51:37.920 21160 21160 D Surface : lockCanvas
03-20 21:51:37.980 21160 21160 D Surface : lockCanvas
03-20 21:51:38.045 21160 21160 D Surface : lockCanvas
03-20 21:51:38.062 21160 21538 I AXL : RPC: ScrSetPlayerColor
03-20 21:51:38.118 21160 21160 D Surface : lockCanvas
03-20 21:51:38.182 21160 21160 D Surface : lockCanvas
03-20 21:51:38.234 21160 21160 D Surface : lockCanvas
03-20 21:51:38.287 21160 21160 D Surface : lockCanvas
03-20 21:51:38.339 21160 21160 D Surface : lockCanvas
03-20 21:51:38.396 21160 21160 D Surface : lockCanvas
03-20 21:51:38.480 21160 21160 D Surface : lockCanvas
03-20 21:51:38.538 21160 21160 D Surface : lockCanvas
03-20 21:51:38.590 21160 21160 D Surface : lockCanvas
03-20 21:51:38.651 21160 21160 D Surface : lockCanvas
03-20 21:51:38.719 21160 21160 D Surface : lockCanvas
03-20 21:51:38.779 21160 21160 D Surface : lockCanvas
03-20 21:51:38.803 21160 21538 I AXL : RPC: ScrSetPlayerName
03-20 21:51:38.803 21160 21538 I AXL : byteSuccess = 1
03-20 21:51:38.848 21160 21160 D Surface : lockCanvas
03-20 21:51:38.907 21160 21160 D Surface : lockCanvas
03-20 21:51:38.961 21160 21160 D Surface : lockCanvas
03-20 21:51:39.022 21160 21160 D Surface : lockCanvas
03-20 21:51:39.072 21160 21160 D Surface : lockCanvas
03-20 21:51:39.126 21160 21160 D Surface : lockCanvas
03-20 21:51:39.181 21160 21160 D Surface : lockCanvas
03-20 21:51:39.233 21160 21160 D Surface : lockCanvas
03-20 21:51:39.246 21160 21538 I AXL : RPC: ServerJoin
03-20 21:51:39.246 21160 21538 I AXL : RPC: ScrSetPlayerName
03-20 21:51:39.246 21160 21538 I AXL : byteSuccess = 1
03-20 21:51:39.246 21160 21538 I AXL : RPC: ScrSetPlayerColor
03-20 21:51:39.246 21160 21538 I AXL : RPC: ScrSetPlayerColor
03-20 21:51:39.246 21160 21538 I AXL : RPC: ScrSetPlayerColor
03-20 21:51:39.266 21160 21515 D AudioTrack: [audioTrackData][fine] 30s(f:30000 m:0
s:0 k:0 z:0) : pid 21160 uid 10036 sessionId 2585 sr 48000 ch 2 fmt 5
03-20 21:51:39.302 21160 21160 D Surface : lockCanvas
03-20 21:51:39.369 21160 21160 D Surface : lockCanvas
03-20 21:51:39.432 21160 21160 D Surface : lockCanvas
03-20 21:51:39.500 21160 21160 D Surface : lockCanvas
03-20 21:51:39.564 21160 21160 D Surface : lockCanvas
03-20 21:51:39.606 21160 21556 D AudioTrack: [audioTrackData][fine] 35s(f:35011 m:0
s:0 k:0 z:0) : pid 21160 uid 10036 sessionId 2593 sr 44100 ch 2 fmt 1
03-20 21:51:39.618 21160 21160 D Surface : lockCanvas
03-20 21:51:39.679 21160 21160 D Surface : lockCanvas
03-20 21:51:39.739 21160 21160 D Surface : lockCanvas
03-20 21:51:39.783 21160 21160 D Surface : lockCanvas
03-20 21:51:39.836 21160 21538 I AXL : RPC: ScrApplyPlayerAnimation
03-20 21:51:39.836 21160 21538 I AXL : PED, FLOOR_hit_f
03-20 21:51:39.836 21160 21538 I AXL : RPC: ScrSetPlayerColor
03-20 21:51:40.154 21160 21538 I AXL : RPC: ServerJoin
03-20 21:51:40.154 21160 21538 I AXL : RPC: ScrSetPlayerName
03-20 21:51:40.154 21160 21538 I AXL : byteSuccess = 1
03-20 21:51:40.154 21160 21538 I AXL : RPC: ScrSetPlayerColor
03-20 21:51:40.873 21160 21538 I AXL : RPC: ServerJoin
03-20 21:51:40.873 21160 21538 I AXL : RPC: ScrSetPlayerName
03-20 21:51:40.873 21160 21538 I AXL : byteSuccess = 1
03-20 21:51:40.873 21160 21538 I AXL : RPC: ScrSetPlayerColor
03-20 21:51:41.338 21160 21160 D Surface : lockCanvas
03-20 21:51:41.399 21160 21160 D Surface : lockCanvas
03-20 21:51:41.420 21160 21160 D Surface : lockCanvas
03-20 21:51:41.454 21160 21160 D Surface : lockCanvas
03-20 21:51:41.479 21160 21160 D Surface : lockCanvas
03-20 21:51:41.513 21160 21160 D Surface : lockCanvas
03-20 21:51:41.537 21160 21160 D Surface : lockCanvas
03-20 21:51:41.570 21160 21160 D Surface : lockCanvas
03-20 21:51:41.590 21160 21160 D Surface : lockCanvas
03-20 21:51:42.512 21160 21538 I AXL : RPC: ScrSetPlayerColor
03-20 21:51:43.059 21160 21160 D Surface : lockCanvas
03-20 21:51:43.093 21160 21160 D Surface : lockCanvas
03-20 21:51:43.121 21160 21160 E RippleDrawable: The RippleDrawable.STYLE_PATTERNED
animation is not supported for a non-hardware accelerated Canvas. Skipping
animation.
03-20 21:51:43.142 21160 21160 D AutofillManager: view not autofillable - not
passing ime action check
03-20 21:51:43.146 21160 21160 D Surface : lockCanvas
03-20 21:51:43.165 21160 21160 E RippleDrawable: The RippleDrawable.STYLE_PATTERNED
animation is not supported for a non-hardware accelerated Canvas. Skipping
animation.
03-20 21:51:43.183 21160 21160 D Surface : lockCanvas
03-20 21:51:43.542 21160 21510 I AXL : CKeyBoard::OnTouchEvent(2, 0, 2183, 749)
03-20 21:51:43.557 21160 21510 I AXL : CKeyBoard::OnTouchEvent(3, 0, 2183, 749)
03-20 21:51:43.572 21160 21510 I AXL : CKeyBoard::OnTouchEvent(3, 0, 2183, 749)
03-20 21:51:43.588 21160 21510 I AXL : CKeyBoard::OnTouchEvent(3, 0, 2175, 756)
03-20 21:51:43.593 21160 21510 I AXL : CKeyBoard::OnTouchEvent(1, 0, 2175, 756)
03-20 21:51:43.605 21160 21160 D Surface : lockCanvas
03-20 21:51:43.718 21160 21510 I AXL : CKeyBoard::OnTouchEvent(2, 0, 415, 258)
03-20 21:51:43.724 21160 21510 I AXL : CKeyBoard::OnTouchEvent(3, 0, 415, 258)
03-20 21:51:43.739 21160 21510 I AXL : CKeyBoard::OnTouchEvent(3, 0, 415, 258)
03-20 21:51:43.739 21160 21510 I AXL : CKeyBoard::OnTouchEvent(2, 1, 1995, 935)
03-20 21:51:43.770 21160 21510 I AXL : CKeyBoard::OnTouchEvent(3, 0, 415, 258)
03-20 21:51:43.770 21160 21510 I AXL : CKeyBoard::OnTouchEvent(3, 1, 1946, 962)
03-20 21:51:43.775 21160 21510 I AXL : CKeyBoard::OnTouchEvent(3, 0, 415, 258)
03-20 21:51:43.775 21160 21510 I AXL : CKeyBoard::OnTouchEvent(1, 1, 1959, 954)
03-20 21:51:43.780 21160 21510 I AXL : CKeyBoard::OnTouchEvent(3, 0, 415, 258)
03-20 21:51:43.787 21160 21160 D Surface : lockCanvas
03-20 21:51:43.804 21160 21160 D AutofillManager: view not autofillable - not
passing ime action check
03-20 21:51:43.821 21160 21160 D Surface : lockCanvas
03-20 21:51:44.130 21160 21538 I AXL : RPC: ScrSetPlayerColor
03-20 21:51:44.130 21160 21538 I AXL : RPC: ScrSetPlayerColor
03-20 21:51:44.130 21160 21538 I AXL : RPC: ScrSetPlayerColor
03-20 21:51:44.269 21160 21515 D AudioTrack: [audioTrackData][fine] 35s(f:35003 m:0
s:0 k:0 z:0) : pid 21160 uid 10036 sessionId 2585 sr 48000 ch 2 fmt 5
03-20 21:51:44.613 21160 21556 D AudioTrack: [audioTrackData][fine] 40s(f:40018 m:0
s:0 k:0 z:0) : pid 21160 uid 10036 sessionId 2593 sr 44100 ch 2 fmt 1
03-20 21:51:44.693 21160 21538 I AXL : RPC: ServerJoin
03-20 21:51:44.694 21160 21538 I AXL : RPC: ScrSetPlayerName
03-20 21:51:44.694 21160 21538 I AXL : byteSuccess = 1
03-20 21:51:44.694 21160 21538 I AXL : RPC: ScrSetPlayerColor
03-20 21:51:44.698 21160 21160 D Surface : lockCanvas
03-20 21:51:44.747 21160 21160 D Surface : lockCanvas
03-20 21:51:44.770 21160 21160 D Surface : lockCanvas
03-20 21:51:44.791 21160 21160 D Surface : lockCanvas
03-20 21:51:44.813 21160 21160 D Surface : lockCanvas
03-20 21:51:44.833 21160 21160 D Surface : lockCanvas
03-20 21:51:44.863 21160 21160 D Surface : lockCanvas
03-20 21:51:44.897 21160 21160 D Surface : lockCanvas
03-20 21:51:44.929 21160 21160 D Surface : lockCanvas
03-20 21:51:44.962 21160 21160 D Surface : lockCanvas
03-20 21:51:45.296 21160 21160 D AutofillManager: view not autofillable - not
passing ime action check
03-20 21:51:45.310 21160 21160 D Surface : lockCanvas
03-20 21:51:45.804 21160 21538 I AXL : RPC: ScrSetPlayerColor
03-20 21:51:45.986 21160 21538 I AXL : RPC: ServerJoin
03-20 21:51:45.987 21160 21538 I AXL : RPC: ScrSetPlayerName
03-20 21:51:45.987 21160 21538 I AXL : byteSuccess = 1
03-20 21:51:45.987 21160 21538 I AXL : RPC: ScrSetPlayerColor
03-20 21:51:46.112 21160 21510 I AXL : CKeyBoard::OnTouchEvent(2, 0, 474, 294)
03-20 21:51:46.153 21160 21510 I AXL : CKeyBoard::OnTouchEvent(3, 0, 474, 294)
03-20 21:51:46.159 21160 21510 I AXL : CKeyBoard::OnTouchEvent(3, 0, 474, 294)
03-20 21:51:46.164 21160 21160 D AutofillManager: view not autofillable - not
passing ime action check
03-20 21:51:46.171 21160 21160 D Surface : lockCanvas
03-20 21:51:46.228 21160 21538 I AXL : RPC: ScrSetPlayerColor
03-20 21:51:46.697 21160 21538 I AXL : RPC: ScrSetPlayerColor
03-20 21:51:46.697 21160 21538 I AXL : RPC: StopObject
03-20 21:51:46.766 21160 21160 D Surface : lockCanvas
03-20 21:51:46.783 21160 21160 E RippleDrawable: The RippleDrawable.STYLE_PATTERNED
animation is not supported for a non-hardware accelerated Canvas. Skipping
animation.
03-20 21:51:46.804 21160 21160 D AutofillManager: view not autofillable - not
passing ime action check
03-20 21:51:46.811 21160 21160 D Surface : lockCanvas
03-20 21:51:46.831 21160 21160 E RippleDrawable: The RippleDrawable.STYLE_PATTERNED
animation is not supported for a non-hardware accelerated Canvas. Skipping
animation.
03-20 21:51:46.851 21160 21160 D Surface : lockCanvas
03-20 21:51:47.134 21160 21510 I AXL : CKeyBoard::OnTouchEvent(2, 0, 1918, 271)
03-20 21:51:47.150 21160 21510 I AXL : CKeyBoard::OnTouchEvent(3, 0, 1918, 271)
03-20 21:51:47.180 21160 21510 I AXL : CKeyBoard::OnTouchEvent(3, 0, 1918, 271)
03-20 21:51:47.196 21160 21510 I AXL : CKeyBoard::OnTouchEvent(3, 0, 1918, 271)
03-20 21:51:47.201 21160 21160 D AutofillManager: view not autofillable - not
passing ime action check
03-20 21:51:47.213 21160 21160 D Surface : lockCanvas
03-20 21:51:47.806 21160 21538 I AXL : RPC: ServerJoin
03-20 21:51:47.806 21160 21538 I AXL : RPC: ScrSetPlayerName
03-20 21:51:47.806 21160 21538 I AXL : byteSuccess = 1
03-20 21:51:47.806 21160 21538 I AXL : RPC: ScrSetPlayerColor
03-20 21:51:47.874 21160 21160 D Surface : lockCanvas
03-20 21:51:47.892 21160 21160 E RippleDrawable: The RippleDrawable.STYLE_PATTERNED
animation is not supported for a non-hardware accelerated Canvas. Skipping
animation.
03-20 21:51:47.910 21160 21160 D AutofillManager: view not autofillable - not
passing ime action check
03-20 21:51:47.915 21160 21160 D Surface : lockCanvas
03-20 21:51:47.922 21160 21538 I AXL : RPC: ServerJoin
03-20 21:51:47.922 21160 21538 I AXL : RPC: ScrSetPlayerName
03-20 21:51:47.922 21160 21538 I AXL : byteSuccess = 1
03-20 21:51:47.935 21160 21160 E RippleDrawable: The RippleDrawable.STYLE_PATTERNED
animation is not supported for a non-hardware accelerated Canvas. Skipping
animation.
03-20 21:51:47.950 21160 21160 D Surface : lockCanvas
03-20 21:51:47.971 21160 21538 I AXL : RPC: ScrSetPlayerColor
03-20 21:51:48.054 21160 21538 I AXL : RPC: ScrSetPlayerColor
03-20 21:51:48.054 21160 21538 I AXL : RPC: ScrSetPlayerColor
03-20 21:51:48.451 21160 21538 I AXL : RPC: ScrSetPlayerColor
03-20 21:51:48.451 21160 21538 I AXL : RPC: ScrSetPlayerColor
03-20 21:51:48.633 21160 21538 I AXL : RPC: ServerJoin
03-20 21:51:48.633 21160 21538 I AXL : RPC: ScrSetPlayerName
03-20 21:51:48.633 21160 21538 I AXL : byteSuccess = 1
03-20 21:51:48.633 21160 21538 I AXL : RPC: ScrSetPlayerColor
03-20 21:51:49.266 21160 21515 D AudioTrack: [audioTrackData][fine] 40s(f:40000 m:0
s:0 k:0 z:0) : pid 21160 uid 10036 sessionId 2585 sr 48000 ch 2 fmt 5
03-20 21:51:49.481 21160 21160 D Surface : lockCanvas
03-20 21:51:49.551 21160 21160 D Surface : lockCanvas
03-20 21:51:49.596 21160 21160 D Surface : lockCanvas
03-20 21:51:49.606 21160 21556 D AudioTrack: [audioTrackData][fine] 45s(f:45011 m:0
s:0 k:0 z:0) : pid 21160 uid 10036 sessionId 2593 sr 44100 ch 2 fmt 1
03-20 21:51:49.630 21160 21160 D Surface : lockCanvas
03-20 21:51:49.662 21160 21160 D Surface : lockCanvas
03-20 21:51:49.696 21160 21160 D Surface : lockCanvas
03-20 21:51:49.722 21160 21510 I AXL : CKeyBoard::OnTouchEvent(2, 0, 1875,
1043)
03-20 21:51:49.728 21160 21160 D Surface : lockCanvas
03-20 21:51:49.747 21160 21160 D Surface : lockCanvas
03-20 21:51:49.748 21160 21510 I AXL : CKeyBoard::OnTouchEvent(3, 0, 1875,
1043)
03-20 21:51:49.779 21160 21510 I AXL : CKeyBoard::OnTouchEvent(3, 0, 1875,
1043)
03-20 21:51:49.794 21160 21510 I AXL : CKeyBoard::OnTouchEvent(3, 0, 1875,
1043)
03-20 21:51:49.830 21160 21510 I AXL : CKeyBoard::OnTouchEvent(3, 0, 1875,
1043)
03-20 21:51:49.836 21160 21510 I AXL : CKeyBoard::OnTouchEvent(3, 0, 1875,
1043)
03-20 21:51:49.841 21160 21510 I AXL : CKeyBoard::OnTouchEvent(1, 0, 1875,
1043)
03-20 21:51:49.843 21160 21160 D Surface : lockCanvas
03-20 21:51:49.954 21160 21538 I AXL : RPC: ScrSetPlayerName
03-20 21:51:49.954 21160 21538 I AXL : byteSuccess = 1
03-20 21:51:50.001 21160 21510 I AXL : CKeyBoard::OnTouchEvent(2, 0, 1878, 947)
03-20 21:51:50.012 21160 21510 I AXL : CKeyBoard::OnTouchEvent(3, 0, 1878, 947)
03-20 21:51:50.027 21160 21510 I AXL : CKeyBoard::OnTouchEvent(3, 0, 1878, 947)
03-20 21:51:50.043 21160 21510 I AXL : CKeyBoard::OnTouchEvent(3, 0, 1878, 947)
03-20 21:51:50.058 21160 21510 I AXL : CKeyBoard::OnTouchEvent(3, 0, 1878, 947)
03-20 21:51:50.063 21160 21510 I AXL : CKeyBoard::OnTouchEvent(1, 0, 1878, 947)
03-20 21:51:50.075 21160 21160 D Surface : lockCanvas
03-20 21:51:50.923 21160 21510 I AXL : CKeyBoard::OnTouchEvent(2, 0, 2357, 901)
03-20 21:51:50.938 21160 21510 I AXL : CKeyBoard::OnTouchEvent(3, 0, 2357, 901)
03-20 21:51:50.953 21160 21510 I AXL : CKeyBoard::OnTouchEvent(3, 0, 2357, 901)
03-20 21:51:50.969 21160 21510 I AXL : CKeyBoard::OnTouchEvent(3, 0, 2357, 901)
03-20 21:51:50.978 21160 21538 I AXL : RPC: ScrSetPlayerColor
03-20 21:51:50.978 21160 21538 I AXL : RPC: StopObject
03-20 21:51:50.990 21160 21510 I AXL : CKeyBoard::OnTouchEvent(3, 0, 2357, 901)
03-20 21:51:50.995 21160 21510 I AXL : CKeyBoard::OnTouchEvent(3, 0, 2357, 901)
03-20 21:51:51.000 21160 21510 I AXL : CKeyBoard::OnTouchEvent(1, 0, 2357, 901)
03-20 21:51:51.002 21160 21160 D Surface : lockCanvas
03-20 21:51:51.098 21160 21538 I AXL : RPC: ScrSetPlayerColor
03-20 21:51:51.310 21160 21510 I AXL : CKeyBoard::OnTouchEvent(2, 0, 2343, 928)
03-20 21:51:51.386 21160 21510 I AXL : CKeyBoard::OnTouchEvent(3, 0, 2343, 928)
03-20 21:51:51.402 21160 21510 I AXL : CKeyBoard::OnTouchEvent(3, 0, 2343, 928)
03-20 21:51:51.407 21160 21510 I AXL : CKeyBoard::OnTouchEvent(1, 0, 2343, 928)
03-20 21:51:51.415 21160 21160 D Surface : lockCanvas
03-20 21:51:51.761 21160 21538 I AXL : RPC: ScrSetPlayerColor
03-20 21:51:51.761 21160 21538 I AXL : RPC: ScrSetPlayerColor
03-20 21:51:51.866 21160 21510 I AXL : CKeyBoard::OnTouchEvent(2, 0, 2038, 990)
03-20 21:51:51.882 21160 21510 I AXL : CKeyBoard::OnTouchEvent(3, 0, 2038, 990)
