04-25 09:51:19.084 20112 20112 W VRI[HomeActivity]: Cancelling event (no window focus):KeyEvent { action=ACTION_UP, keyCode=KEYCODE_BACK, scanCode=0, metaState=0, flags=0x68, repeatCount=0, eventTime=752311422000000, downTime=752311422000000, deviceId=-1, source=0x101, displayId=-1 }
04-25 09:51:19.260 20112 20112 W OnBackInvokedCallback: OnBackInvokedCallback is not enabled for the application.
04-25 09:51:19.260 20112 20112 W OnBackInvokedCallback: Set 'android:enableOnBackInvokedCallback="true"' in the application manifest.
04-25 09:53:33.012 20112 20112 W Choreographer: Frame time is 0.081828 now = 752411370289000 timestampNanos = 752411370370828 ms in the future! Check that graphics HAL is generating vsync timestamps using the correct timebase.
04-25 09:53:33.024 20112 20112 W Choreographer: Frame time is 0.20522 now = 752411382943385 timestampNanos = 752411383148605 ms in the future! Check that graphics HAL is generating vsync timestamps using the correct timebase.
04-25 09:53:35.916 20112 20255 W RenderInspector: QueueBuffer time out on com.mbwhatsapp/com.mbwhatsapp.HomeActivity, count=1, avg=12 ms, max=12 ms.
04-25 09:53:36.134 20112 20255 W Parcel : Expecting binder but got null!
04-25 09:53:36.188 20112 20112 W BottomSheetBehavior: BottomSheetBehavior now supports multiple callbacks. `setBottomSheetCallback()` removes all existing callbacks, including ones set internally by library authors, which may result in unintended behavior. This may change in the future. Please use `addBottomSheetCallback()` and `removeBottomSheetCallback()` instead to set your own callbacks.
04-25 09:53:36.188 20112 20112 W BottomSheetBehavior: BottomSheetBehavior now supports multiple callbacks. `setBottomSheetCallback()` removes all existing callbacks, including ones set internally by library authors, which may result in unintended behavior. This may change in the future. Please use `addBottomSheetCallback()` and `removeBottomSheetCallback()` instead to set your own callbacks.
04-25 09:53:36.292 20112 20112 W BottomSheetBehavior: BottomSheetBehavior now supports multiple callbacks. `setBottomSheetCallback()` removes all existing callbacks, including ones set internally by library authors, which may result in unintended behavior. This may change in the future. Please use `addBottomSheetCallback()` and `removeBottomSheetCallback()` instead to set your own callbacks.
04-25 09:53:36.292 20112 20112 W BottomSheetBehavior: BottomSheetBehavior now supports multiple callbacks. `setBottomSheetCallback()` removes all existing callbacks, including ones set internally by library authors, which may result in unintended behavior. This may change in the future. Please use `addBottomSheetCallback()` and `removeBottomSheetCallback()` instead to set your own callbacks.
04-25 09:53:36.316 20112 20112 W BottomSheetBehavior: BottomSheetBehavior now supports multiple callbacks. `setBottomSheetCallback()` removes all existing callbacks, including ones set internally by library authors, which may result in unintended behavior. This may change in the future. Please use `addBottomSheetCallback()` and `removeBottomSheetCallback()` instead to set your own callbacks.
04-25 09:53:36.316 20112 20112 W BottomSheetBehavior: BottomSheetBehavior now supports multiple callbacks. `setBottomSheetCallback()` removes all existing callbacks, including ones set internally by library authors, which may result in unintended behavior. This may change in the future. Please use `addBottomSheetCallback()` and `removeBottomSheetCallback()` instead to set your own callbacks.
04-25 09:53:36.349 20112 20112 E RecyclerView: No adapter attached; skipping layout
04-25 09:53:36.350 20112 20112 E RecyclerView: No adapter attached; skipping layout
04-25 09:53:36.584 20112 22639 W AudioCapabilities: Unsupported mime audio/x-adpcm- dvi-ima
04-25 09:53:36.584 20112 22639 W AudioCapabilities: Unsupported mime audio/x-adpcm- dvi-ima
04-25 09:53:36.584 20112 22639 W AudioCapabilities: Unsupported mime audio/x-adpcm- ms
04-25 09:53:36.584 20112 22639 W AudioCapabilities: Unsupported mime audio/x-adpcm- ms
04-25 09:53:36.584 20112 22639 W AudioCapabilities: Unsupported mime audio/alac
04-25 09:53:36.585 20112 22639 W AudioCapabilities: Unsupported mime audio/alac
04-25 09:53:36.585 20112 22639 W AudioCapabilities: Unsupported mime audio/ape
04-25 09:53:36.585 20112 22639 W AudioCapabilities: Unsupported mime audio/ape
04-25 09:53:36.597 20112 22639 W VideoCapabilities: Unrecognized profile/level 32768/256 for video/mp4v-es
04-25 09:53:36.597 20112 22639 W VideoCapabilities: Unrecognized profile/level 32768/256 for video/mp4v-es
04-25 09:53:36.598 20112 22639 W VideoCapabilities: Unsupported mime video/x-ms-wmv
04-25 09:53:36.598 20112 22639 W VideoCapabilities: Unsupported mime video/x-ms-wmv
04-25 09:53:36.675 20112 22646 W ColorUtils: expected specified color aspects (2:0:0:0)
04-25 09:53:36.690 20112 22646 W Codec2Client: query -- param skipped: index = 1107298332.
04-25 09:53:36.690 20112 22646 W CCodec : This behavior is subject to change. It is recommended that app developers double check whether the requested max input size is in reasonable range.
04-25 09:53:36.707 20112 22646 W Codec2Client: query -- param skipped: index = 1342179345.
04-25 09:53:36.707 20112 22646 W Codec2Client: query -- param skipped: index = 2415921170.
04-25 09:53:36.707 20112 22646 W Codec2Client: query -- param skipped: index = 1610614798.
04-25 09:53:36.827 20112 22659 W Codec2Client: query -- param skipped: index = 1107298332.
04-25 09:53:36.827 20112 22659 W CCodec : This behavior is subject to change. It is recommended that app developers double check whether the requested max input size is in reasonable range.
04-25 09:53:36.861 20112 22659 W Codec2Client: query -- param skipped: index = 1342179345.
04-25 09:53:36.861 20112 22659 W Codec2Client: query -- param skipped: index = 2415921170.
04-25 09:53:36.861 20112 22659 W Codec2Client: query -- param skipped: index = 1610614798.
04-25 09:53:36.929 20112 22639 W libc : Access denied finding property "vendor.audio.cpu.sched"
04-25 09:53:36.929 20112 22639 W libc : Access denied finding property "vendor.audio.rt.mode"
04-25 09:53:36.982 20112 20255 E com.mbwhatsapp: == MALI DEBUG ===eglp_winsys_populate_image_templates ==12288
04-25 09:53:37.183 20112 22645 W MediaCodec: [mId: 0] video-debug onReleaseOutputBuffer: Render time interval reaches 214ms before pts: 100000
04-25 09:53:37.186 20112 20112 W RenderThread: type=1400 audit(0.0:590619): avc: denied { getattr } for name="dmabuf:" dev="dmabuf" ino=1 scontext=u:r:untrusted_app:s0:c89,c257,c512,c768 tcontext=u:object_r:unlabeled:s0 tclass=filesystem permissive=0 app=com.mbwhatsapp
04-25 09:53:37.193 20112 20255 E com.mbwhatsapp: == MALI DEBUG ===eglp_winsys_populate_image_templates ==12288
04-25 09:53:37.210 20112 20112 W RenderThread: type=1400 audit(0.0:590620): avc: denied { getattr } for name="dmabuf:" dev="dmabuf" ino=1 scontext=u:r:untrusted_app:s0:c89,c257,c512,c768 tcontext=u:object_r:unlabeled:s0 tclass=filesystem permissive=0 app=com.mbwhatsapp
04-25 09:53:37.216 20112 20255 E com.mbwhatsapp: == MALI DEBUG ===eglp_winsys_populate_image_templates ==12288
04-25 09:53:37.242 20112 20112 W RenderThread: type=1400 audit(0.0:590621): avc: denied { getattr } for name="dmabuf:" dev="dmabuf" ino=1 scontext=u:r:untrusted_app:s0:c89,c257,c512,c768 tcontext=u:object_r:unlabeled:s0 tclass=filesystem permissive=0 app=com.mbwhatsapp
04-25 09:53:37.249 20112 20255 E com.mbwhatsapp: == MALI DEBUG ===eglp_winsys_populate_image_templates ==12288
04-25 09:53:37.286 20112 20112 W RenderThread: type=1400 audit(0.0:590622): avc: denied { getattr } for name="dmabuf:" dev="dmabuf" ino=1 scontext=u:r:untrusted_app:s0:c89,c257,c512,c768 tcontext=u:object_r:unlabeled:s0 tclass=filesystem permissive=0 app=com.mbwhatsapp
04-25 09:53:37.293 20112 20255 E com.mbwhatsapp: == MALI DEBUG ===eglp_winsys_populate_image_templates ==12288
04-25 09:53:37.325 20112 20255 E com.mbwhatsapp: == MALI DEBUG ===eglp_winsys_populate_image_templates ==12288
04-25 09:53:37.318 20112 20112 W RenderThread: type=1400 audit(0.0:590623): avc: denied { getattr } for name="dmabuf:" dev="dmabuf" ino=1 scontext=u:r:untrusted_app:s0:c89,c257,c512,c768 tcontext=u:object_r:unlabeled:s0 tclass=filesystem permissive=0 app=com.mbwhatsapp
04-25 09:53:37.354 20112 20112 W RenderThread: type=1400 audit(0.0:590624): avc: denied { getattr } for name="dmabuf:" dev="dmabuf" ino=1 scontext=u:r:untrusted_app:s0:c89,c257,c512,c768 tcontext=u:object_r:unlabeled:s0 tclass=filesystem permissive=0 app=com.mbwhatsapp
04-25 09:53:37.360 20112 20255 E com.mbwhatsapp: == MALI DEBUG ===eglp_winsys_populate_image_templates ==12288
04-25 09:53:37.383 20112 20255 E com.mbwhatsapp: == MALI DEBUG ===eglp_winsys_populate_image_templates ==12288
04-25 09:53:37.427 20112 20255 E com.mbwhatsapp: == MALI DEBUG ===eglp_winsys_populate_image_templates ==12288
04-25 09:53:37.449 20112 20255 E com.mbwhatsapp: == MALI DEBUG ===eglp_winsys_populate_image_templates ==12288
04-25 09:53:37.492 20112 20255 E com.mbwhatsapp: == MALI DEBUG ===eglp_winsys_populate_image_templates ==12288
04-25 09:53:37.526 20112 20255 E com.mbwhatsapp: == MALI DEBUG ===eglp_winsys_populate_image_templates ==12288
04-25 09:53:37.559 20112 20255 E com.mbwhatsapp: == MALI DEBUG ===eglp_winsys_populate_image_templates ==12288
04-25 09:53:37.593 20112 20255 E com.mbwhatsapp: == MALI DEBUG ===eglp_winsys_populate_image_templates ==12288
04-25 09:53:37.631 20112 20255 E com.mbwhatsapp: == MALI DEBUG ===eglp_winsys_populate_image_templates ==12288
04-25 09:53:37.657 20112 20255 E com.mbwhatsapp: == MALI DEBUG ===eglp_winsys_populate_image_templates ==12288
04-25 09:53:37.692 20112 20255 E com.mbwhatsapp: == MALI DEBUG ===eglp_winsys_populate_image_templates ==12288
04-25 09:53:37.726 20112 20255 E com.mbwhatsapp: == MALI DEBUG ===eglp_winsys_populate_image_templates ==12288
04-25 09:53:37.760 20112 20255 E com.mbwhatsapp: == MALI DEBUG ===eglp_winsys_populate_image_templates ==12288
04-25 09:53:37.796 20112 20255 E com.mbwhatsapp: == MALI DEBUG ===eglp_winsys_populate_image_templates ==12288
04-25 09:53:37.826 20112 20255 E com.mbwhatsapp: == MALI DEBUG ===eglp_winsys_populate_image_templates ==12288
04-25 09:53:37.860 20112 20255 E com.mbwhatsapp: == MALI DEBUG ===eglp_winsys_populate_image_templates ==12288
04-25 09:53:37.893 20112 20255 E com.mbwhatsapp: == MALI DEBUG ===eglp_winsys_populate_image_templates ==12288
04-25 09:53:37.960 20112 20255 E com.mbwhatsapp: == MALI DEBUG ===eglp_winsys_populate_image_templates ==12288
04-25 09:53:38.742 20112 20112 W pool-8-thread-1: type=1400 audit(0.0:590642): avc: granted { execute } for path="/data/data/com.mbwhatsapp/files/decompressed/libs.spk.zst/libgifimage.so" dev="dm-41" ino=51951 scontext=u:r:untrusted_app:s0:c89,c257,c512,c768 tcontext=u:object_r:app_data_file:s0:c89,c257,c512,c768 tclass=file app=com.mbwhatsapp
04-25 09:53:39.090 20112 22053 W BpBinder: Slow Binder: BpBinder transact took 201 ms, interface=android.media.IMediaMetadataRetriever, code=5 oneway=false
04-25 09:53:39.143 20112 20209 E SQLiteDatabase: Error inserting transferred=1 media_job_uuid=0d67a63f-eb39-4feb-8443-0c26c303d07a transcoded=0 gif_attribution=0 first_scan_length=0 direct_path=/v/t62.7161- 24/33508040_1768209440372012_7496352824280105118_n.enc?ccb=11- 4&oh=01_Q5AaIHGOlA9Fa9f6Lty4LAB2tuLNsLBjhIh2MgJxKKz2DCwG&oe=66509915&_nc_sid=5e03e0 thumbnail_height_width_ratio=1.7857143 is_animated_sticker=0 file_hash=JWMb8z6j5OsP1Bg6VXWwWKzOtbUGE8rKkx0LgDTpZTw= file_path=Media/.Statuses/ddeb93eaa1364fb09211919193247674.mp4 file_size=4808714 partial_media_hash=null face_x=0 face_y=0 height=1024 trim_to=0 media_key_timestamp=1713977772000 message_url=https://mmg.whatsapp.net/v/t62.7161- 24/33508040_1768209440372012_7496352824280105118_n.enc?ccb=11- 4&oh=01_Q5AaIHGOlA9Fa9f6Lty4LAB2tuLNsLBjhIh2MgJxKKz2DCwG&oe=66509915&_nc_sid=5e03e0 &mms3=true media_caption=null trim_from=0 mime_type=video/mp4 partial_media_enc_hash=null width=576 original_file_hash=null has_streaming_sidecar=1 autotransfer_retry_enabled=1 media_upload_handle=null message_row_id=172 multicast_id=null enc_file_hash=nfiX+N3FU4n9ufrDD45sw4cypIpvOmq7ppRoakICJzQ= mute_video=0 page_count=0 first_scan_sidecar=null suspicious_content=0 file_length=4808714 media_name=null media_duration=30 chat_row_id=25 media_key=[B@35c384
04-25 09:53:39.143 20112 20209 E SQLiteDatabase: android.database.sqlite.SQLiteConstraintException: UNIQUE constraint failed: message_media.message_row_id (code 1555 SQLITE_CONSTRAINT_PRIMARYKEY)
04-25 09:53:39.143 20112 20209 E SQLiteDatabase: at android.database.sqlite.SQLiteConnection.nativeExecuteForLastInsertedRowId(Native Method)
04-25 09:53:39.143 20112 20209 E SQLiteDatabase: at android.database.sqlite.SQLiteConnection.executeForLastInsertedRowId(SQLiteConnecti on.java:961)
04-25 09:53:39.143 20112 20209 E SQLiteDatabase: at android.database.sqlite.SQLiteSession.executeForLastInsertedRowId(SQLiteSession.jav a:790)
04-25 09:53:39.143 20112 20209 E SQLiteDatabase: at android.database.sqlite.SQLiteStatement.executeInsert(SQLiteStatement.java:89)
04-25 09:53:39.143 20112 20209 E SQLiteDatabase: at android.database.sqlite.SQLiteDatabase.insertWithOnConflict(SQLiteDatabase.java:186 8)
04-25 09:53:39.143 20112 20209 E SQLiteDatabase: at android.database.sqlite.SQLiteDatabase.insert(SQLiteDatabase.java:1737)
04-25 09:53:39.143 20112 20209 E SQLiteDatabase: at X.2tm.A08(Unknown Source:6)
04-25 09:53:39.143 20112 20209 E SQLiteDatabase: at X.35Y.A07(Unknown Source:212)
04-25 09:53:39.143 20112 20209 E SQLiteDatabase: at X.3QF.A14(Unknown Source:470)
04-25 09:53:39.143 20112 20209 E SQLiteDatabase: at X.3gU.run(Unknown Source:982)
04-25 09:53:39.143 20112 20209 E SQLiteDatabase: at android.os.Handler.handleCallback(Handler.java:942)
04-25 09:53:39.143 20112 20209 E SQLiteDatabase: at android.os.Handler.dispatchMessage(Handler.java:99)
04-25 09:53:39.143 20112 20209 E SQLiteDatabase: at X.0zq.dispatchMessage(Unknown Source:4)
04-25 09:53:39.143 20112 20209 E SQLiteDatabase: at android.os.Looper.loopOnce(Looper.java:211)
04-25 09:53:39.143 20112 20209 E SQLiteDatabase: at android.os.Looper.loop(Looper.java:300)
04-25 09:53:39.143 20112 20209 E SQLiteDatabase: at android.os.HandlerThread.run(HandlerThread.java:67)
04-25 09:53:39.877 20112 20209 E SQLiteDatabase: Error inserting transferred=0 media_job_uuid=66683a38-6cf0-40ac-9c28-ec8091bbeec8 transcoded=0 gif_attribution=0 first_scan_length=0 direct_path=/v/t62.7161- 24/31566074_7192829377493454_8861144318928342597_n.enc?ccb=11- 4&oh=01_Q5AaIEffqQvVb1oeCnHuV0vb0xXFE0C4NQNERH02tPqcyDp_&oe=66508F41&_nc_sid=5e03e0 thumbnail_height_width_ratio=0.0 is_animated_sticker=0 file_hash=nxUFhCjxgDuK6NXP3pVhEYMtDhyxR6Yv06X3u8ky+A4= file_path=null file_size=0 partial_media_hash=null face_x=0 face_y=0 height=656 trim_to=0 media_key_timestamp=1713977796000 message_url=https://mmg.whatsapp.net/v/t62.7161- 24/31566074_7192829377493454_8861144318928342597_n.enc?ccb=11- 4&oh=01_Q5AaIEffqQvVb1oeCnHuV0vb0xXFE0C4NQNERH02tPqcyDp_&oe=66508F41&_nc_sid=5e03e0 &mms3=true media_caption=null trim_from=0 mime_type=video/mp4 partial_media_enc_hash=null width=384 original_file_hash=null has_streaming_sidecar=1 autotransfer_retry_enabled=1 media_upload_handle=null message_row_id=171 multicast_id=null enc_file_hash=8sgmAVcT79TzcADImpfPhBLYQeBNUb/jbWxmkfkNXgg= mute_video=0 page_count=0 first_scan_sidecar=null suspicious_content=0 file_length=5200924 media_name=null media_duration=30 chat_row_id=25 media_key=[B@225405b
04-25 09:53:39.877 20112 20209 E SQLiteDatabase: android.database.sqlite.SQLiteConstraintException: UNIQUE constraint failed: message_media.message_row_id (code 1555 SQLITE_CONSTRAINT_PRIMARYKEY)
04-25 09:53:39.877 20112 20209 E SQLiteDatabase: at android.database.sqlite.SQLiteConnection.nativeExecuteForLastInsertedRowId(Native Method)
04-25 09:53:39.877 20112 20209 E SQLiteDatabase: at android.database.sqlite.SQLiteConnection.executeForLastInsertedRowId(SQLiteConnecti on.java:961)
04-25 09:53:39.877 20112 20209 E SQLiteDatabase: at android.database.sqlite.SQLiteSession.executeForLastInsertedRowId(SQLiteSession.jav a:790)
04-25 09:53:39.877 20112 20209 E SQLiteDatabase: at android.database.sqlite.SQLiteStatement.executeInsert(SQLiteStatement.java:89)
04-25 09:53:39.877 20112 20209 E SQLiteDatabase: at android.database.sqlite.SQLiteDatabase.insertWithOnConflict(SQLiteDatabase.java:186 8)
04-25 09:53:39.877 20112 20209 E SQLiteDatabase: at android.database.sqlite.SQLiteDatabase.insert(SQLiteDatabase.java:1737)
04-25 09:53:39.877 20112 20209 E SQLiteDatabase: at X.2tm.A08(Unknown Source:6)
04-25 09:53:39.877 20112 20209 E SQLiteDatabase: at X.35Y.A07(Unknown Source:212)
04-25 09:53:39.877 20112 20209 E SQLiteDatabase: at X.3QF.A14(Unknown Source:470)
04-25 09:53:39.877 20112 20209 E SQLiteDatabase: at X.3gU.run(Unknown Source:982)
04-25 09:53:39.877 20112 20209 E SQLiteDatabase: at android.os.Handler.handleCallback(Handler.java:942)
04-25 09:53:39.877 20112 20209 E SQLiteDatabase: at android.os.Handler.dispatchMessage(Handler.java:99)
04-25 09:53:39.877 20112 20209 E SQLiteDatabase: at X.0zq.dispatchMessage(Unknown Source:4)
04-25 09:53:39.877 20112 20209 E SQLiteDatabase: at android.os.Looper.loopOnce(Looper.java:211)
04-25 09:53:39.877 20112 20209 E SQLiteDatabase: at android.os.Looper.loop(Looper.java:300)
04-25 09:53:39.877 20112 20209 E SQLiteDatabase: at android.os.HandlerThread.run(HandlerThread.java:67)
04-25 09:53:40.158 20112 20112 W MessageThumbsTh: type=1400 audit(0.0:590647): avc: denied { search } for name="ppm" dev="proc" ino=4026531923 scontext=u:r:untrusted_app:s0:c89,c257,c512,c768 tcontext=u:object_r:proc_ppm:s0 tclass=dir permissive=0 app=com.mbwhatsapp
04-25 09:53:40.162 20112 20112 W MessageThumbsTh: type=1400 audit(0.0:590648): avc: denied { search } for name="ppm" dev="proc" ino=4026531923 scontext=u:r:untrusted_app:s0:c89,c257,c512,c768 tcontext=u:object_r:proc_ppm:s0 tclass=dir permissive=0 app=com.mbwhatsapp
04-25 09:53:40.214 20112 20112 W com.mbwhatsapp: type=1400 audit(0.0:590649): avc: denied { search } for comm=4D42576861747341707020576F726B name="ppm" dev="proc" ino=4026531923 scontext=u:r:untrusted_app:s0:c89,c257,c512,c768 tcontext=u:object_r:proc_ppm:s0 tclass=dir permissive=0 app=com.mbwhatsapp
04-25 09:53:40.218 20112 20112 W com.mbwhatsapp: type=1400 audit(0.0:590650): avc: denied { search } for comm=4D42576861747341707020576F726B name="ppm" dev="proc" ino=4026531923 scontext=u:r:untrusted_app:s0:c89,c257,c512,c768 tcontext=u:object_r:proc_ppm:s0 tclass=dir permissive=0 app=com.mbwhatsapp
04-25 09:53:40.250 20112 20112 W com.mbwhatsapp: type=1400 audit(0.0:590651): avc: denied { search } for comm=4D42576861747341707020576F726B name="ppm" dev="proc" ino=4026531923 scontext=u:r:untrusted_app:s0:c89,c257,c512,c768 tcontext=u:object_r:proc_ppm:s0 tclass=dir permissive=0 app=com.mbwhatsapp
04-25 09:53:40.484 20112 20255 W Parcel : Expecting binder but got null!
04-25 09:53:40.556 20112 20209 E SQLiteDatabase: Error inserting transferred=1 media_job_uuid=2ae7c8be-a5e8-4ed0-a886-09c5ec33da98 transcoded=0 gif_attribution=0 first_scan_length=9391 direct_path=/o1/v/t62.7118-24/f1/m238/up-oil-image-5f758832- 1700-4a55-8dc5-4e949574b9fc?ccb=9-4&oh=01_Q5AaIMvUPcA6nkDngjW4IS6h2svof6b02w3- Te8nfewF66Ar&oe=6650B001&_nc_sid=000000&_nc_hot=1713984395 thumbnail_height_width_ratio=1.7857143 is_animated_sticker=0 file_hash=cdqZnusvSXqiPlV1q/WylTVs5k8/mXVcg4q4LVQXU5A= file_path=Media/.Statuses/bcdf81abcaf742ec90bc1f6b953c9243.jpg file_size=89531 partial_media_hash=mpNIfHxLMUd7SVZltq8TyTIPg+v04srK4Sfe9A59azc= face_x=0 face_y=0 height=1600 trim_to=0 media_key_timestamp=1713982376000 message_url=https://mmg.whatsapp.net/o1/v/t62.7118-24/f1/m238/up-oil-image- 5f758832-1700-4a55-8dc5-4e949574b9fc?ccb=9- 4&oh=01_Q5AaIMvUPcA6nkDngjW4IS6h2svof6b02w3- Te8nfewF66Ar&oe=6650B001&_nc_sid=000000&mms3=true media_caption=null trim_from=0 mime_type=image/jpeg partial_media_enc_hash=null width=900 original_file_hash=null has_streaming_sidecar=1 autotransfer_retry_enabled=1 media_upload_handle=null message_row_id=170 multicast_id=null enc_file_hash=akZFUSPRveqyR48cMpo4wGzEC+n/R3kaZaWpOLjhRtg= mute_video=0 page_count=0 first_scan_sidecar=[B@20dc3a7 suspicious_content=0 file_length=89531 media_name=null media_duration=0 chat_row_id=25 media_key=[B@ba36054
04-25 09:53:40.556 20112 20209 E SQLiteDatabase: android.database.sqlite.SQLiteConstraintException: UNIQUE constraint failed: message_media.message_row_id (code 1555 SQLITE_CONSTRAINT_PRIMARYKEY)
04-25 09:53:40.556 20112 20209 E SQLiteDatabase: at android.database.sqlite.SQLiteConnection.nativeExecuteForLastInsertedRowId(Native Method)
04-25 09:53:40.556 20112 20209 E SQLiteDatabase: at android.database.sqlite.SQLiteConnection.executeForLastInsertedRowId(SQLiteConnecti on.java:961)
04-25 09:53:40.556 20112 20209 E SQLiteDatabase: at android.database.sqlite.SQLiteSession.executeForLastInsertedRowId(SQLiteSession.jav a:790)
04-25 09:53:40.556 20112 20209 E SQLiteDatabase: at android.database.sqlite.SQLiteStatement.executeInsert(SQLiteStatement.java:89)
04-25 09:53:40.556 20112 20209 E SQLiteDatabase: at android.database.sqlite.SQLiteDatabase.insertWithOnConflict(SQLiteDatabase.java:186 8)
04-25 09:53:40.556 20112 20209 E SQLiteDatabase: at android.database.sqlite.SQLiteDatabase.insert(SQLiteDatabase.java:1737)
04-25 09:53:40.556 20112 20209 E SQLiteDatabase: at X.2tm.A08(Unknown Source:6)
04-25 09:53:40.556 20112 20209 E SQLiteDatabase: at X.35Y.A07(Unknown Source:212)
04-25 09:53:40.556 20112 20209 E SQLiteDatabase: at X.3QF.A14(Unknown Source:470)
04-25 09:53:40.556 20112 20209 E SQLiteDatabase: at X.3gU.run(Unknown Source:982)
04-25 09:53:40.556 20112 20209 E SQLiteDatabase: at android.os.Handler.handleCallback(Handler.java:942)
04-25 09:53:40.556 20112 20209 E SQLiteDatabase: at android.os.Handler.dispatchMessage(Handler.java:99)
04-25 09:53:40.556 20112 20209 E SQLiteDatabase: at X.0zq.dispatchMessage(Unknown Source:4)
04-25 09:53:40.556 20112 20209 E SQLiteDatabase: at android.os.Looper.loopOnce(Looper.java:211)
04-25 09:53:40.556 20112 20209 E SQLiteDatabase: at android.os.Looper.loop(Looper.java:300)
04-25 09:53:40.556 20112 20209 E SQLiteDatabase: at android.os.HandlerThread.run(HandlerThread.java:67)
04-25 09:53:41.333 20112 22639 W MediaCodec: [mId: 0] video-debug queueInputBuffer: Input time interval reaches 1002ms before pts: 4233333
04-25 09:54:33.410 20112 20112 W RenderThread: type=1400 audit(0.0:590696): avc: denied { getattr } for name="dmabuf:" dev="dmabuf" ino=1 scontext=u:r:untrusted_app:s0:c89,c257,c512,c768 tcontext=u:object_r:unlabeled:s0 tclass=filesystem permissive=0 app=com.mbwhatsapp
04-25 09:54:33.415 20112 20255 E com.mbwhatsapp: == MALI DEBUG ===eglp_winsys_populate_image_templates ==12288
04-25 09:54:33.718 20112 22645 W MediaCodec: [mId: 0] video-debug onReleaseOutputBuffer: Render time interval reaches 53399ms before pts: 3266666
04-25 09:54:33.718 20112 22645 E CCodecBufferChannel: [WA] long time elapsed since last input queued, let's queue a specific work to HAL to notify something
04-25 09:54:33.732 20112 20255 E com.mbwhatsapp: == MALI DEBUG ===eglp_winsys_populate_image_templates ==12288
04-25 09:54:33.734 20112 22645 E CCodecBufferChannel: [WA] long time elapsed since last input queued, let's queue a specific work to HAL to notify something
04-25 09:54:33.746 20112 22645 E CCodecBufferChannel: [WA] long time elapsed since last input queued, let's queue a specific work to HAL to notify something
04-25 09:54:33.755 20112 20255 E com.mbwhatsapp: == MALI DEBUG ===eglp_winsys_populate_image_templates ==12288
04-25 09:54:33.763 20112 22650 E CCodecBufferChannel: [WA] long time elapsed since last input queued, let's queue a specific work to HAL to notify something
04-25 09:54:33.768 20112 22639 W MediaCodec: [mId: 0] video-debug queueInputBuffer: Input time interval reaches 52434ms before pts: 4266666
04-25 09:54:33.806 20112 20255 E com.mbwhatsapp: == MALI DEBUG ===eglp_winsys_populate_image_templates ==12288
04-25 09:54:33.808 20112 22639 W MediaCodec: [mId: 1] video-debug queueInputBuffer: Input time interval reaches 53491ms before pts: 3831292
04-25 09:54:33.843 20112 20255 E com.mbwhatsapp: == MALI DEBUG ===eglp_winsys_populate_image_templates ==12288
04-25 09:54:33.850 20112 20112 W Choreographer: Frame time is 0.098588 now = 752472208535773 timestampNanos = 752472208634361 ms in the future! Check that graphics HAL is generating vsync timestamps using the correct timebase.
04-25 09:54:33.872 20112 20255 E com.mbwhatsapp: == MALI DEBUG ===eglp_winsys_populate_image_templates ==12288
04-25 09:54:33.928 20112 20255 E com.mbwhatsapp: == MALI DEBUG ===eglp_winsys_populate_image_templates ==12288
04-25 09:54:33.962 20112 20255 E com.mbwhatsapp: == MALI DEBUG ===eglp_winsys_populate_image_templates ==12288
04-25 09:54:33.984 20112 20255 E com.mbwhatsapp: == MALI DEBUG ===eglp_winsys_populate_image_templates ==12288
04-25 09:54:34.027 20112 20255 E com.mbwhatsapp: == MALI DEBUG ===eglp_winsys_populate_image_templates ==12288
04-25 09:54:34.062 20112 20255 E com.mbwhatsapp: == MALI DEBUG ===eglp_winsys_populate_image_templates ==12288
04-25 09:54:34.071 20112 20255 E com.mbwhatsapp: == MALI DEBUG ===eglp_winsys_populate_image_templates ==12288
04-25 09:54:34.115 20112 20255 E com.mbwhatsapp: == MALI DEBUG ===eglp_winsys_populate_image_templates ==12288
04-25 09:54:34.151 20112 20255 E com.mbwhatsapp: == MALI DEBUG ===eglp_winsys_populate_image_templates ==12288
04-25 09:54:34.195 20112 20255 E com.mbwhatsapp: == MALI DEBUG ===eglp_winsys_populate_image_templates ==12288
04-25 09:54:34.215 20112 20255 E com.mbwhatsapp: == MALI DEBUG ===eglp_winsys_populate_image_templates ==12288
04-25 09:54:34.248 20112 20255 E com.mbwhatsapp: == MALI DEBUG ===eglp_winsys_populate_image_templates ==12288
04-25 09:54:34.271 20112 20255 E com.mbwhatsapp: == MALI DEBUG ===eglp_winsys_populate_image_templates ==12288
04-25 09:54:34.315 20112 20255 E com.mbwhatsapp: == MALI DEBUG ===eglp_winsys_populate_image_templates ==12288
04-25 09:54:34.349 20112 20255 E com.mbwhatsapp: == MALI DEBUG ===eglp_winsys_populate_image_templates ==12288
04-25 09:54:34.372 20112 20255 E com.mbwhatsapp: == MALI DEBUG ===eglp_winsys_populate_image_templates ==12288
04-25 09:54:34.427 20112 20255 E com.mbwhatsapp: == MALI DEBUG ===eglp_winsys_populate_image_templates ==12288
04-25 09:54:34.422 20112 20112 W RenderThread: type=1400 audit(0.0:590721): avc: denied { getattr } for name="dmabuf:" dev="dmabuf" ino=1 scontext=u:r:untrusted_app:s0:c89,c257,c512,c768 tcontext=u:object_r:unlabeled:s0 tclass=filesystem permissive=0 app=com.mbwhatsapp
04-25 09:54:34.560 20112 20255 E com.mbwhatsapp: == MALI DEBUG ===eglp_winsys_populate_image_templates ==12288
04-25 09:54:34.554 20112 20112 W RenderThread: type=1400 audit(0.0:590722): avc: denied { getattr } for name="dmabuf:" dev="dmabuf" ino=1 scontext=u:r:untrusted_app:s0:c89,c257,c512,c768 tcontext=u:object_r:unlabeled:s0 tclass=filesystem permissive=0 app=com.mbwhatsapp
04-25 09:54:34.615 20112 20255 E com.mbwhatsapp: == MALI DEBUG ===eglp_winsys_populate_image_templates ==12288
04-25 09:54:34.610 20112 20112 W RenderThread: type=1400 audit(0.0:590723): avc: denied { getattr } for name="dmabuf:" dev="dmabuf" ino=1 scontext=u:r:untrusted_app:s0:c89,c257,c512,c768 tcontext=u:object_r:unlabeled:s0 tclass=filesystem permissive=0 app=com.mbwhatsapp
04-25 09:54:35.078 20112 22645 W Codec2Client: query -- param skipped: index = 1342179345.
04-25 09:54:35.078 20112 22645 W Codec2Client: query -- param skipped: index = 2415921170.
04-25 09:54:35.078 20112 22645 W Codec2Client: query -- param skipped: index = 1610614798.
04-25 09:54:35.084 20112 20112 E RecyclerView: No adapter attached; skipping layout
04-25 09:54:35.086 20112 22659 W Codec2Client: query -- param skipped: index = 1342179345.
04-25 09:54:35.086 20112 22659 W Codec2Client: query -- param skipped: index = 2415921170.
04-25 09:54:35.086 20112 22659 W Codec2Client: query -- param skipped: index = 1610614798.
04-25 09:54:35.091 20112 22645 W BufferQueueProducer: [SurfaceTexture-0-20112-0] (id:4e9000000013,api:3,p:20112,c:20112) detachBuffer: slot 2 is not owned by the producer (state = FREE)
04-25 09:54:35.092 20112 22645 W BufferQueueProducer: [SurfaceTexture-0-20112-0] (id:4e9000000013,api:3,p:20112,c:20112) detachBuffer: slot 10 is not owned by the producer (state = FREE)
04-25 09:54:35.092 20112 22645 W BufferQueueProducer: [SurfaceTexture-0-20112-0] (id:4e9000000013,api:3,p:20112,c:20112) detachBuffer: slot 11 is not owned by the producer (state = FREE)
04-25 09:54:35.093 20112 22645 W BufferQueueProducer: [SurfaceTexture-0-20112-0] (id:4e9000000013,api:3,p:20112,c:20112) detachBuffer: slot 13 is not owned by the producer (state = FREE)
04-25 09:54:35.093 20112 22645 W BufferQueueProducer: [SurfaceTexture-0-20112-0] (id:4e9000000013,api:3,p:20112,c:20112) detachBuffer: slot 14 is not owned by the producer (state = FREE)
04-25 09:54:35.093 20112 22645 W BufferQueueProducer: [SurfaceTexture-0-20112-0] (id:4e9000000013,api:3,p:20112,c:20112) detachBuffer: slot 15 is not owned by the producer (state = FREE)
04-25 09:54:35.093 20112 22645 W BufferQueueProducer: [SurfaceTexture-0-20112-0] (id:4e9000000013,api:3,p:20112,c:20112) detachBuffer: slot 16 is not owned by the producer (state = ACQUIRED)
04-25 09:54:35.094 20112 22645 W BufferQueueProducer: [SurfaceTexture-0-20112-0] (id:4e9000000013,api:3,p:20112,c:20112) detachBuffer: slot 17 is not owned by the producer (state = FREE)
04-25 09:54:35.095 20112 22645 W BufferQueueProducer: [SurfaceTexture-0-20112-0] (id:4e9000000013,api:3,p:20112,c:20112) detachBuffer: slot 24 is not owned by the producer (state = FREE)
04-25 09:54:35.095 20112 22645 W BufferQueueProducer: [SurfaceTexture-0-20112-0] (id:4e9000000013,api:3,p:20112,c:20112) detachBuffer: slot 25 is not owned by the producer (state = FREE)
04-25 09:54:35.096 20112 22645 W BufferQueueProducer: [SurfaceTexture-0-20112-0] (id:4e9000000013,api:3,p:20112,c:20112) detachBuffer: slot 26 is not owned by the producer (state = FREE)
04-25 09:54:35.096 20112 22645 W BufferQueueProducer: [SurfaceTexture-0-20112-0] (id:4e9000000013,api:3,p:20112,c:20112) detachBuffer: slot 27 is not owned by the producer (state = FREE)
04-25 09:54:35.096 20112 22645 W BufferQueueProducer: [SurfaceTexture-0-20112-0] (id:4e9000000013,api:3,p:20112,c:20112) detachBuffer: slot 28 is not owned by the producer (state = FREE)
04-25 09:54:35.097 20112 22645 W BufferQueueProducer: [SurfaceTexture-0-20112-0] (id:4e9000000013,api:3,p:20112,c:20112) detachBuffer: slot 29 is not owned by the producer (state = FREE)
04-25 09:54:35.097 20112 22645 W BufferQueueProducer: [SurfaceTexture-0-20112-0] (id:4e9000000013,api:3,p:20112,c:20112) detachBuffer: slot 30 is not owned by the producer (state = FREE)
04-25 09:54:35.097 20112 22645 W BufferQueueProducer: [SurfaceTexture-0-20112-0] (id:4e9000000013,api:3,p:20112,c:20112) detachBuffer: slot 31 is not owned by the producer (state = FREE)
04-25 09:54:35.097 20112 22645 W BufferQueueProducer: [SurfaceTexture-0-20112-0] (id:4e9000000013,api:3,p:20112,c:20112) detachBuffer: slot 32 is not owned by the producer (state = FREE)
04-25 09:54:35.098 20112 22645 W BufferQueueProducer: [SurfaceTexture-0-20112-0] (id:4e9000000013,api:3,p:20112,c:20112) detachBuffer: slot 33 is not owned by the producer (state = FREE)
04-25 09:54:35.098 20112 22645 W BufferQueueProducer: [SurfaceTexture-0-20112-0] (id:4e9000000013,api:3,p:20112,c:20112) detachBuffer: slot 34 is not owned by the producer (state = FREE)
04-25 09:54:35.098 20112 22645 W BufferQueueProducer: [SurfaceTexture-0-20112-0] (id:4e9000000013,api:3,p:20112,c:20112) detachBuffer: slot 35 is not owned by the producer (state = FREE)
04-25 09:54:35.099 20112 22645 W BufferQueueProducer: [SurfaceTexture-0-20112-0] (id:4e9000000013,api:3,p:20112,c:20112) detachBuffer: slot 36 is not owned by the producer (state = FREE)
04-25 09:54:35.099 20112 22645 W BufferQueueProducer: [SurfaceTexture-0-20112-0] (id:4e9000000013,api:3,p:20112,c:20112) detachBuffer: slot 37 is not owned by the producer (state = FREE)
04-25 09:54:35.099 20112 22645 W BufferQueueProducer: [SurfaceTexture-0-20112-0] (id:4e9000000013,api:3,p:20112,c:20112) detachBuffer: slot 38 is not owned by the producer (state = FREE)
04-25 09:54:35.099 20112 22645 W BufferQueueProducer: [SurfaceTexture-0-20112-0] (id:4e9000000013,api:3,p:20112,c:20112) detachBuffer: slot 39 is not owned by the producer (state = FREE)
04-25 09:54:35.099 20112 22645 W BufferQueueProducer: [SurfaceTexture-0-20112-0] (id:4e9000000013,api:3,p:20112,c:20112) detachBuffer: slot 40 is not owned by the producer (state = FREE)
04-25 09:54:35.099 20112 22645 W BufferQueueProducer: [SurfaceTexture-0-20112-0] (id:4e9000000013,api:3,p:20112,c:20112) detachBuffer: slot 41 is not owned by the producer (state = FREE)
04-25 09:54:35.099 20112 22645 W BufferQueueProducer: [SurfaceTexture-0-20112-0] (id:4e9000000013,api:3,p:20112,c:20112) detachBuffer: slot 42 is not owned by the producer (state = FREE)
04-25 09:54:35.099 20112 22645 W BufferQueueProducer: [SurfaceTexture-0-20112-0] (id:4e9000000013,api:3,p:20112,c:20112) detachBuffer: slot 43 is not owned by the producer (state = FREE)
04-25 09:54:35.100 20112 22645 W BufferQueueProducer: [SurfaceTexture-0-20112-0] (id:4e9000000013,api:3,p:20112,c:20112) detachBuffer: slot 44 is not owned by the producer (state = FREE)
04-25 09:54:35.100 20112 22645 W BufferQueueProducer: [SurfaceTexture-0-20112-0] (id:4e9000000013,api:3,p:20112,c:20112) detachBuffer: slot 45 is not owned by the producer (state = FREE)
04-25 09:54:35.100 20112 22645 W BufferQueueProducer: [SurfaceTexture-0-20112-0] (id:4e9000000013,api:3,p:20112,c:20112) detachBuffer: slot 46 is not owned by the producer (state = FREE)
04-25 09:54:35.100 20112 22645 W BufferQueueProducer: [SurfaceTexture-0-20112-0] (id:4e9000000013,api:3,p:20112,c:20112) detachBuffer: slot 47 is not owned by the producer (state = FREE)
04-25 09:54:35.100 20112 22645 W BufferQueueProducer: [SurfaceTexture-0-20112-0] (id:4e9000000013,api:3,p:20112,c:20112) detachBuffer: slot 48 is not owned by the producer (state = FREE)
04-25 09:54:35.100 20112 22645 W BufferQueueProducer: [SurfaceTexture-0-20112-0] (id:4e9000000013,api:3,p:20112,c:20112) detachBuffer: slot 49 is not owned by the producer (state = FREE)
04-25 09:54:35.101 20112 22645 W BufferQueueProducer: [SurfaceTexture-0-20112-0] (id:4e9000000013,api:3,p:20112,c:20112) detachBuffer: slot 50 is not owned by the producer (state = FREE)
04-25 09:54:35.101 20112 22645 W BufferQueueProducer: [SurfaceTexture-0-20112-0] (id:4e9000000013,api:3,p:20112,c:20112) detachBuffer: slot 51 is not owned by the producer (state = FREE)
04-25 09:54:35.101 20112 22645 W BufferQueueProducer: [SurfaceTexture-0-20112-0] (id:4e9000000013,api:3,p:20112,c:20112) detachBuffer: slot 52 is not owned by the producer (state = FREE)
04-25 09:54:35.101 20112 22645 W BufferQueueProducer: [SurfaceTexture-0-20112-0] (id:4e9000000013,api:3,p:20112,c:20112) detachBuffer: slot 53 is not owned by the producer (state = FREE)
04-25 09:54:35.101 20112 22645 W BufferQueueProducer: [SurfaceTexture-0-20112-0] (id:4e9000000013,api:3,p:20112,c:20112) detachBuffer: slot 54 is not owned by the producer (state = FREE)
04-25 09:54:35.101 20112 22645 W BufferQueueProducer: [SurfaceTexture-0-20112-0] (id:4e9000000013,api:3,p:20112,c:20112) detachBuffer: slot 55 is not owned by the producer (state = FREE)
04-25 09:54:35.102 20112 22645 W BufferQueueProducer: [SurfaceTexture-0-20112-0] (id:4e9000000013,api:3,p:20112,c:20112) detachBuffer: slot 56 is not owned by the producer (state = FREE)
04-25 09:54:35.102 20112 22645 W BufferQueueProducer: [SurfaceTexture-0-20112-0] (id:4e9000000013,api:3,p:20112,c:20112) detachBuffer: slot 57 is not owned by the producer (state = FREE)
04-25 09:54:35.102 20112 22645 W BufferQueueProducer: [SurfaceTexture-0-20112-0] (id:4e9000000013,api:3,p:20112,c:20112) detachBuffer: slot 58 is not owned by the producer (state = FREE)
04-25 09:54:35.102 20112 22645 W BufferQueueProducer: [SurfaceTexture-0-20112-0] (id:4e9000000013,api:3,p:20112,c:20112) detachBuffer: slot 59 is not owned by the producer (state = FREE)
04-25 09:54:35.102 20112 22645 W BufferQueueProducer: [SurfaceTexture-0-20112-0] (id:4e9000000013,api:3,p:20112,c:20112) detachBuffer: slot 60 is not owned by the producer (state = FREE)
04-25 09:54:35.102 20112 22645 W BufferQueueProducer: [SurfaceTexture-0-20112-0] (id:4e9000000013,api:3,p:20112,c:20112) detachBuffer: slot 61 is not owned by the producer (state = FREE)
04-25 09:54:35.102 20112 22645 W BufferQueueProducer: [SurfaceTexture-0-20112-0] (id:4e9000000013,api:3,p:20112,c:20112) detachBuffer: slot 62 is not owned by the producer (state = FREE)
04-25 09:54:35.103 20112 22645 W BufferQueueProducer: [SurfaceTexture-0-20112-0] (id:4e9000000013,api:3,p:20112,c:20112) detachBuffer: slot 63 is not owned by the producer (state = FREE)
04-25 09:54:35.148 20112 23214 W BufferQueueProducer: [MediaCodec.release] (id:4e9000000018,api:3,p:20112,c:20112) detachBuffer: slot 16 is not owned by the producer (state = FREE)
04-25 09:54:35.148 20112 23214 W BufferQueueProducer: [MediaCodec.release] (id:4e9000000018,api:3,p:20112,c:20112) detachBuffer: slot 17 is not owned by the producer (state = FREE)
04-25 09:54:35.148 20112 23214 W BufferQueueProducer: [MediaCodec.release] (id:4e9000000018,api:3,p:20112,c:20112) detachBuffer: slot 18 is not owned by the producer (state = FREE)
04-25 09:54:35.148 20112 23214 W BufferQueueProducer: [MediaCodec.release] (id:4e9000000018,api:3,p:20112,c:20112) detachBuffer: slot 19 is not owned by the producer (state = FREE)
04-25 09:54:35.148 20112 23214 W BufferQueueProducer: [MediaCodec.release] (id:4e9000000018,api:3,p:20112,c:20112) detachBuffer: slot 20 is not owned by the producer (state = FREE)
04-25 09:54:35.148 20112 23214 W BufferQueueProducer: [MediaCodec.release] (id:4e9000000018,api:3,p:20112,c:20112) detachBuffer: slot 21 is not owned by the producer (state = FREE)
04-25 09:54:35.149 20112 23214 W BufferQueueProducer: [MediaCodec.release] (id:4e9000000018,api:3,p:20112,c:20112) detachBuffer: slot 22 is not owned by the producer (state = FREE)
04-25 09:54:35.157 20112 23214 W BufferQueueProducer: [MediaCodec.release] (id:4e9000000018,api:3,p:20112,c:20112) detachBuffer: slot 23 is not owned by the producer (state = FREE)
04-25 09:54:35.158 20112 23214 W BufferQueueProducer: [MediaCodec.release] (id:4e9000000018,api:3,p:20112,c:20112) detachBuffer: slot 24 is not owned by the producer (state = FREE)
04-25 09:54:35.158 20112 23214 W BufferQueueProducer: [MediaCodec.release] (id:4e9000000018,api:3,p:20112,c:20112) detachBuffer: slot 25 is not owned by the producer (state = FREE)
04-25 09:54:35.158 20112 23214 W BufferQueueProducer: [MediaCodec.release] (id:4e9000000018,api:3,p:20112,c:20112) detachBuffer: slot 26 is not owned by the producer (state = FREE)
04-25 09:54:35.159 20112 23214 W BufferQueueProducer: [MediaCodec.release] (id:4e9000000018,api:3,p:20112,c:20112) detachBuffer: slot 27 is not owned by the producer (state = FREE)
04-25 09:54:35.159 20112 23214 W BufferQueueProducer: [MediaCodec.release] (id:4e9000000018,api:3,p:20112,c:20112) detachBuffer: slot 28 is not owned by the producer (state = FREE)
04-25 09:54:35.162 20112 23214 W BufferQueueProducer: [MediaCodec.release] (id:4e9000000018,api:3,p:20112,c:20112) detachBuffer: slot 29 is not owned by the producer (state = FREE)
04-25 09:54:35.162 20112 23214 W BufferQueueProducer: [MediaCodec.release] (id:4e9000000018,api:3,p:20112,c:20112) detachBuffer: slot 30 is not owned by the producer (state = FREE)
04-25 09:54:35.162 20112 23214 W BufferQueueProducer: [MediaCodec.release] (id:4e9000000018,api:3,p:20112,c:20112) detachBuffer: slot 31 is not owned by the producer (state = FREE)
04-25 09:54:35.163 20112 23214 W BufferQueueProducer: [MediaCodec.release] (id:4e9000000018,api:3,p:20112,c:20112) detachBuffer: slot 32 is not owned by the producer (state = FREE)
04-25 09:54:35.164 20112 23214 W BufferQueueProducer: [MediaCodec.release] (id:4e9000000018,api:3,p:20112,c:20112) detachBuffer: slot 33 is not owned by the producer (state = FREE)
04-25 09:54:35.165 20112 23214 W BufferQueueProducer: [MediaCodec.release] (id:4e9000000018,api:3,p:20112,c:20112) detachBuffer: slot 34 is not owned by the producer (state = FREE)
04-25 09:54:35.166 20112 23214 W BufferQueueProducer: [MediaCodec.release] (id:4e9000000018,api:3,p:20112,c:20112) detachBuffer: slot 35 is not owned by the producer (state = FREE)
04-25 09:54:35.166 20112 23214 W BufferQueueProducer: [MediaCodec.release] (id:4e9000000018,api:3,p:20112,c:20112) detachBuffer: slot 36 is not owned by the producer (state = FREE)
04-25 09:54:35.166 20112 23214 W BufferQueueProducer: [MediaCodec.release] (id:4e9000000018,api:3,p:20112,c:20112) detachBuffer: slot 37 is not owned by the producer (state = FREE)
04-25 09:54:35.166 20112 23214 W BufferQueueProducer: [MediaCodec.release] (id:4e9000000018,api:3,p:20112,c:20112) detachBuffer: slot 38 is not owned by the producer (state = FREE)
04-25 09:54:35.167 20112 23214 W BufferQueueProducer: [MediaCodec.release] (id:4e9000000018,api:3,p:20112,c:20112) detachBuffer: slot 39 is not owned by the producer (state = FREE)
04-25 09:54:35.167 20112 23214 W BufferQueueProducer: [MediaCodec.release] (id:4e9000000018,api:3,p:20112,c:20112) detachBuffer: slot 40 is not owned by the producer (state = FREE)
04-25 09:54:35.167 20112 23214 W BufferQueueProducer: [MediaCodec.release] (id:4e9000000018,api:3,p:20112,c:20112) detachBuffer: slot 41 is not owned by the producer (state = FREE)
04-25 09:54:35.167 20112 23214 W BufferQueueProducer: [MediaCodec.release] (id:4e9000000018,api:3,p:20112,c:20112) detachBuffer: slot 42 is not owned by the producer (state = FREE)
04-25 09:54:35.168 20112 23214 W BufferQueueProducer: [MediaCodec.release] (id:4e9000000018,api:3,p:20112,c:20112) detachBuffer: slot 43 is not owned by the producer (state = FREE)
04-25 09:54:35.168 20112 23214 W BufferQueueProducer: [MediaCodec.release] (id:4e9000000018,api:3,p:20112,c:20112) detachBuffer: slot 44 is not owned by the producer (state = FREE)
04-25 09:54:35.168 20112 23214 W BufferQueueProducer: [MediaCodec.release] (id:4e9000000018,api:3,p:20112,c:20112) detachBuffer: slot 45 is not owned by the producer (state = FREE)
04-25 09:54:35.169 20112 23214 W BufferQueueProducer: [MediaCodec.release] (id:4e9000000018,api:3,p:20112,c:20112) detachBuffer: slot 46 is not owned by the producer (state = FREE)
04-25 09:54:35.169 20112 23214 W BufferQueueProducer: [MediaCodec.release] (id:4e9000000018,api:3,p:20112,c:20112) detachBuffer: slot 47 is not owned by the producer (state = FREE)
04-25 09:54:35.169 20112 23214 W BufferQueueProducer: [MediaCodec.release] (id:4e9000000018,api:3,p:20112,c:20112) detachBuffer: slot 48 is not owned by the producer (state = FREE)
04-25 09:54:35.170 20112 23214 W BufferQueueProducer: [MediaCodec.release] (id:4e9000000018,api:3,p:20112,c:20112) detachBuffer: slot 49 is not owned by the producer (state = FREE)
04-25 09:54:35.170 20112 23214 W BufferQueueProducer: [MediaCodec.release] (id:4e9000000018,api:3,p:20112,c:20112) detachBuffer: slot 50 is not owned by the producer (state = FREE)
04-25 09:54:35.170 20112 23214 W BufferQueueProducer: [MediaCodec.release] (id:4e9000000018,api:3,p:20112,c:20112) detachBuffer: slot 51 is not owned by the producer (state = FREE)
04-25 09:54:35.170 20112 23214 W BufferQueueProducer: [MediaCodec.release] (id:4e9000000018,api:3,p:20112,c:20112) detachBuffer: slot 52 is not owned by the producer (state = FREE)
04-25 09:54:35.171 20112 23214 W BufferQueueProducer: [MediaCodec.release] (id:4e9000000018,api:3,p:20112,c:20112) detachBuffer: slot 53 is not owned by the producer (state = FREE)
04-25 09:54:35.171 20112 23214 W BufferQueueProducer: [MediaCodec.release] (id:4e9000000018,api:3,p:20112,c:20112) detachBuffer: slot 54 is not owned by the producer (state = FREE)
04-25 09:54:35.171 20112 23214 W BufferQueueProducer: [MediaCodec.release] (id:4e9000000018,api:3,p:20112,c:20112) detachBuffer: slot 55 is not owned by the producer (state = FREE)
04-25 09:54:35.172 20112 23214 W BufferQueueProducer: [MediaCodec.release] (id:4e9000000018,api:3,p:20112,c:20112) detachBuffer: slot 56 is not owned by the producer (state = FREE)
04-25 09:54:35.172 20112 23214 W BufferQueueProducer: [MediaCodec.release] (id:4e9000000018,api:3,p:20112,c:20112) detachBuffer: slot 57 is not owned by the producer (state = FREE)
04-25 09:54:35.172 20112 23214 W BufferQueueProducer: [MediaCodec.release] (id:4e9000000018,api:3,p:20112,c:20112) detachBuffer: slot 58 is not owned by the producer (state = FREE)
04-25 09:54:35.173 20112 23214 W BufferQueueProducer: [MediaCodec.release] (id:4e9000000018,api:3,p:20112,c:20112) detachBuffer: slot 59 is not owned by the producer (state = FREE)
04-25 09:54:35.174 20112 23214 W BufferQueueProducer: [MediaCodec.release] (id:4e9000000018,api:3,p:20112,c:20112) detachBuffer: slot 60 is not owned by the producer (state = FREE)
04-25 09:54:35.175 20112 23214 W BufferQueueProducer: [MediaCodec.release] (id:4e9000000018,api:3,p:20112,c:20112) detachBuffer: slot 61 is not owned by the producer (state = FREE)
04-25 09:54:35.175 20112 23214 W BufferQueueProducer: [MediaCodec.release] (id:4e9000000018,api:3,p:20112,c:20112) detachBuffer: slot 62 is not owned by the producer (state = FREE)
04-25 09:54:35.175 20112 23214 W BufferQueueProducer: [MediaCodec.release] (id:4e9000000018,api:3,p:20112,c:20112) detachBuffer: slot 63 is not owned by the producer (state = FREE)
04-25 09:54:35.181 20112 22650 E BufferQueueProducer: [MediaCodec.release] (id:4e9000000018,api:0,p:-1,c:20112) cancelBuffer: BufferQueue has no connected producer
04-25 09:54:35.182 20112 22650 E BufferQueueProducer: [MediaCodec.release] (id:4e9000000018,api:0,p:-1,c:20112) cancelBuffer: BufferQueue has no connected producer
04-25 09:54:35.182 20112 22650 E BufferQueueProducer: [MediaCodec.release] (id:4e9000000018,api:0,p:-1,c:20112) cancelBuffer: BufferQueue has no connected producer
04-25 09:54:35.182 20112 22645 E send_data_to_xlog: send_video_play_to_xlog, start
04-25 09:54:35.182 20112 22650 E BufferQueueProducer: [MediaCodec.release] (id:4e9000000018,api:0,p:-1,c:20112) cancelBuffer: BufferQueue has no connected producer
04-25 09:54:35.183 20112 22650 E BufferQueueProducer: [MediaCodec.release] (id:4e9000000018,api:0,p:-1,c:20112) cancelBuffer: BufferQueue has no connected producer
04-25 09:54:35.183 20112 22650 E BufferQueueProducer: [MediaCodec.release] (id:4e9000000018,api:0,p:-1,c:20112) cancelBuffer: BufferQueue has no connected producer
04-25 09:54:35.184 20112 22645 E xlog_client: xlog_open: Error in open xlog
04-25 09:54:35.184 20112 22645 E xlog_client: xlog open fail
04-25 09:54:35.191 20112 22650 E BufferQueueProducer: [MediaCodec.release] (id:4e9000000018,api:0,p:-1,c:20112) cancelBuffer: BufferQueue has no connected producer
04-25 09:54:35.192 20112 22650 E BufferQueueProducer: [MediaCodec.release] (id:4e9000000018,api:0,p:-1,c:20112) cancelBuffer: BufferQueue has no connected producer
04-25 09:54:35.192 20112 22650 E BufferQueueProducer: [MediaCodec.release] (id:4e9000000018,api:0,p:-1,c:20112) cancelBuffer: BufferQueue has no connected producer
04-25 09:54:35.193 20112 22650 E BufferQueueProducer: [MediaCodec.release] (id:4e9000000018,api:0,p:-1,c:20112) cancelBuffer: BufferQueue has no connected producer
04-25 09:54:35.193 20112 22650 E BufferQueueProducer: [MediaCodec.release] (id:4e9000000018,api:0,p:-1,c:20112) cancelBuffer: BufferQueue has no connected producer
04-25 09:54:35.194 20112 22650 E BufferQueueProducer: [MediaCodec.release] (id:4e9000000018,api:0,p:-1,c:20112) cancelBuffer: BufferQueue has no connected producer
04-25 09:54:35.194 20112 22650 E BufferQueueProducer: [MediaCodec.release] (id:4e9000000018,api:0,p:-1,c:20112) cancelBuffer: BufferQueue has no connected producer
04-25 09:54:35.194 20112 22650 E BufferQueueProducer: [MediaCodec.release] (id:4e9000000018,api:0,p:-1,c:20112) cancelBuffer: BufferQueue has no connected producer
04-25 09:54:35.195 20112 22650 E BufferQueueProducer: [MediaCodec.release] (id:4e9000000018,api:0,p:-1,c:20112) cancelBuffer: BufferQueue has no connected producer
04-25 09:54:35.195 20112 22650 E BufferQueueProducer: [MediaCodec.release] (id:4e9000000018,api:0,p:-1,c:20112) cancelBuffer: BufferQueue has no connected producer
04-25 09:54:35.223 20112 23218 W ColorUtils: expected specified color aspects (2:0:0:0)
04-25 09:54:35.231 20112 23218 W Codec2Client: query -- param skipped: index = 1107298332.
04-25 09:54:35.231 20112 23218 W CCodec : This behavior is subject to change. It is recommended that app developers double check whether the requested max input size is in reasonable range.
04-25 09:54:35.234 20112 23218 W Codec2Client: query -- param skipped: index = 1342179345.
04-25 09:54:35.234 20112 23218 W Codec2Client: query -- param skipped: index = 2415921170.
04-25 09:54:35.234 20112 23218 W Codec2Client: query -- param skipped: index = 1610614798.
04-25 09:54:35.297 20112 23227 W Codec2Client: query -- param skipped: index = 1107298332.
04-25 09:54:35.297 20112 23227 W CCodec : This behavior is subject to change. It is recommended that app developers double check whether the requested max input size is in reasonable range.
04-25 09:54:35.300 20112 23227 W Codec2Client: query -- param skipped: index = 1342179345.
04-25 09:54:35.300 20112 23227 W Codec2Client: query -- param skipped: index = 2415921170.
04-25 09:54:35.300 20112 23227 W Codec2Client: query -- param skipped: index = 1610614798.
