04-25 09:46:15.176 20112 20112 E ArmVmp : Match on catch block at 0xc3 in for 0x797fda3025
04-25 09:46:15.180 20112 20112 E ArmVmp : Match on catch block at 0xc3 in for 0x797fda3025
04-25 09:46:15.220 20112 20112 E ArmVmp : Match on catch block at 0xc3 in for 0x797fda3025
04-25 09:46:15.224 20112 20112 E ArmVmp : Match on catch block at 0xc3 in for 0x797fda3025
04-25 09:46:15.230 20112 20112 E ArmVmp : Match on catch block at 0xc3 in for 0x797fda3025
04-25 09:46:15.235 20112 20112 E ArmVmp : Match on catch block at 0xc3 in for 0x797fda3025
04-25 09:46:15.243 20112 20112 E ArmVmp : Match on catch block at 0xc3 in for 0x797fda3025
04-25 09:46:15.247 20112 20112 E ArmVmp : Match on catch block at 0xc3 in for 0x797fda3025
04-25 09:46:15.255 20112 20112 E ArmVmp : Match on catch block at 0xc3 in for 0x797fda3025
04-25 09:46:15.259 20112 20112 E ArmVmp : Match on catch block at 0xc3 in for 0x797fda3025
04-25 09:46:15.265 20112 20112 E ArmVmp : Match on catch block at 0xc3 in for 0x797fda3025
04-25 09:46:15.269 20112 20112 E ArmVmp : Match on catch block at 0xc3 in for 0x797fda3025
04-25 09:46:15.276 20112 20112 E ArmVmp : Match on catch block at 0xc3 in for 0x797fda3025
04-25 09:46:15.280 20112 20112 E ArmVmp : Match on catch block at 0xc3 in for 0x797fda3025
04-25 09:46:15.287 20112 20112 E ArmVmp : Match on catch block at 0xc3 in for 0x797fda3025
04-25 09:46:15.291 20112 20112 E ArmVmp : Match on catch block at 0xc3 in for 0x797fda3025
04-25 09:46:15.297 20112 20112 E ArmVmp : Match on catch block at 0xc3 in for 0x797fda3025
04-25 09:46:15.300 20112 20112 E ArmVmp : Match on catch block at 0xc3 in for 0x797fda3025
04-25 09:46:15.308 20112 20112 E ArmVmp : Match on catch block at 0xc3 in for 0x797fda3025
04-25 09:46:15.311 20112 20112 E ArmVmp : Match on catch block at 0xc3 in for 0x797fda3025
04-25 09:46:15.321 20112 20112 E ArmVmp : Match on catch block at 0xc3 in for 0x797fda3025
04-25 09:46:15.324 20112 20112 E ArmVmp : Match on catch block at 0xc3 in for 0x797fda3025
04-25 09:46:15.331 20112 20112 E ArmVmp : Match on catch block at 0xc3 in for 0x797fda3025
04-25 09:46:15.334 20112 20112 E ArmVmp : Match on catch block at 0xc3 in for 0x797fda3025
04-25 09:46:15.341 20112 20112 E ArmVmp : Match on catch block at 0xc3 in for 0x797fda3025
04-25 09:46:15.345 20112 20112 E ArmVmp : Match on catch block at 0xc3 in for 0x797fda3025
04-25 09:46:15.352 20112 20112 E ArmVmp : Match on catch block at 0xc3 in for 0x797fda3025
04-25 09:46:15.356 20112 20112 E ArmVmp : Match on catch block at 0xc3 in for 0x797fda3025
04-25 09:46:15.363 20112 20112 E ArmVmp : Match on catch block at 0xc3 in for 0x797fda3025
04-25 09:46:15.367 20112 20112 E ArmVmp : Match on catch block at 0xc3 in for 0x797fda3025
04-25 09:46:15.374 20112 20112 E ArmVmp : Match on catch block at 0xc3 in for 0x797fda3025
04-25 09:46:15.378 20112 20112 E ArmVmp : Match on catch block at 0xc3 in for 0x797fda3025
04-25 09:46:15.386 20112 20112 E ArmVmp : Match on catch block at 0xc3 in for 0x797fda3025
04-25 09:46:15.389 20112 20112 E ArmVmp : Match on catch block at 0xc3 in for 0x797fda3025
04-25 09:46:15.397 20112 20112 E ArmVmp : Match on catch block at 0xc3 in for 0x797fda3025
04-25 09:46:15.401 20112 20112 E ArmVmp : Match on catch block at 0xc3 in for 0x797fda3025
04-25 09:46:15.408 20112 20112 E ArmVmp : Match on catch block at 0xc3 in for 0x797fda3025
04-25 09:46:15.412 20112 20112 E ArmVmp : Match on catch block at 0xc3 in for 0x797fda3025
04-25 09:46:15.419 20112 20112 E ArmVmp : Match on catch block at 0xc3 in for 0x797fda3025
04-25 09:46:15.424 20112 20112 E ArmVmp : Match on catch block at 0xc3 in for 0x797fda3025
04-25 09:46:15.432 20112 20112 E ArmVmp : Match on catch block at 0xc3 in for 0x797fda3025
04-25 09:46:15.435 20112 20112 E ArmVmp : Match on catch block at 0xc3 in for 0x797fda3025
04-25 09:46:15.442 20112 20112 E ArmVmp : Match on catch block at 0xc3 in for 0x797fda3025
04-25 09:46:15.445 20112 20112 E ArmVmp : Match on catch block at 0xc3 in for 0x797fda3025
04-25 09:46:15.453 20112 20112 E ArmVmp : Match on catch block at 0xc3 in for 0x797fda3025
04-25 09:46:15.457 20112 20112 E ArmVmp : Match on catch block at 0xc3 in for 0x797fda3025
04-25 09:46:15.465 20112 20112 E ArmVmp : Match on catch block at 0xc3 in for 0x797fda3025
04-25 09:46:15.468 20112 20112 E ArmVmp : Match on catch block at 0xc3 in for 0x797fda3025
04-25 09:46:15.476 20112 20112 E ArmVmp : Match on catch block at 0xc3 in for 0x797fda3025
04-25 09:46:15.478 20112 20112 E ArmVmp : Match on catch block at 0xc3 in for 0x797fda3025
04-25 09:46:15.487 20112 20112 E ArmVmp : Match on catch block at 0xc3 in for 0x797fda3025
04-25 09:46:15.490 20112 20112 E ArmVmp : Match on catch block at 0xc3 in for 0x797fda3025
04-25 09:46:15.498 20112 20112 E ArmVmp : Match on catch block at 0xc3 in for 0x797fda3025
04-25 09:46:15.502 20112 20112 E ArmVmp : Match on catch block at 0xc3 in for 0x797fda3025
04-25 09:46:15.509 20112 20112 E ArmVmp : Match on catch block at 0xc3 in for 0x797fda3025
04-25 09:46:15.512 20112 20112 E ArmVmp : Match on catch block at 0xc3 in for 0x797fda3025
04-25 09:46:15.519 20112 20112 E ArmVmp : Match on catch block at 0xc3 in for 0x797fda3025
04-25 09:46:15.523 20112 20112 E ArmVmp : Match on catch block at 0xc3 in for 0x797fda3025
04-25 09:46:15.531 20112 20112 E ArmVmp : Match on catch block at 0xc3 in for 0x797fda3025
04-25 09:46:15.535 20112 20112 E ArmVmp : Match on catch block at 0xc3 in for 0x797fda3025
04-25 09:46:15.677 20112 20112 E ArmVmp : Match on catch block at 0xc3 in for 0x797fda3025
04-25 09:46:15.681 20112 20112 E ArmVmp : Match on catch block at 0xc3 in for 0x797fda3025
04-25 09:46:16.036 20112 20112 E ArmVmp : Match on catch block at 0xc3 in for 0x797fda3025
04-25 09:46:16.039 20112 20112 E ArmVmp : Match on catch block at 0xc3 in for 0x797fda3025
04-25 09:46:16.058 20112 20112 E ArmVmp : Match on catch block at 0xc3 in for 0x797fda3025
04-25 09:46:16.060 20112 20112 E ArmVmp : Match on catch block at 0xc3 in for 0x797fda3025
04-25 09:46:16.144 20112 20112 E ArmVmp : Match on catch block at 0xc3 in for 0x797fda3025
04-25 09:46:16.147 20112 20112 E ArmVmp : Match on catch block at 0xc3 in for 0x797fda3025
04-25 09:46:16.156 20112 20112 E ArmVmp : Match on catch block at 0xc3 in for 0x797fda3025
04-25 09:46:16.159 20112 20112 E ArmVmp : Match on catch block at 0xc3 in for 0x797fda3025
04-25 09:46:16.204 20112 20112 E ArmVmp : Match on catch block at 0xc3 in for 0x797fda3025
04-25 09:46:16.208 20112 20112 E ArmVmp : Match on catch block at 0xc3 in for 0x797fda3025
04-25 09:46:16.237 20112 20112 E ArmVmp : Match on catch block at 0xc3 in for 0x797fda3025
04-25 09:46:16.242 20112 20112 E ArmVmp : Match on catch block at 0xc3 in for 0x797fda3025
04-25 09:46:16.255 20112 20112 E ArmVmp : Match on catch block at 0xc3 in for 0x797fda3025
04-25 09:46:16.258 20112 20112 E ArmVmp : Match on catch block at 0xc3 in for 0x797fda3025
04-25 09:46:16.675 20112 20112 E ArmVmp : Match on catch block at 0xc3 in for 0x797fda3025
04-25 09:46:16.678 20112 20112 E ArmVmp : Match on catch block at 0xc3 in for 0x797fda3025
04-25 09:46:16.939 20112 20112 E ArmVmp : Match on catch block at 0x0a in for 0x797fda3035
04-25 09:46:16.944 20112 20112 E ArmVmp : Match on catch block at 0x0a in for 0x797fda3035
04-25 09:46:17.081 20112 20112 W StickerImageFil: type=1400 audit(0.0:590357): avc: granted { execute } for path="/data/data/com.mbwhatsapp/files/decompressed/libs.spk.zst/libstatic-webp.so" dev="dm-41" ino=50186 scontext=u:r:untrusted_app:s0:c89,c257,c512,c768 tcontext=u:object_r:app_data_file:s0:c89,c257,c512,c768 tclass=file app=com.mbwhatsapp
04-25 09:46:17.228 20112 20112 E ArmVmp : Match on catch block at 0xc3 in for 0x797fda3021
04-25 09:46:17.235 20112 20112 E ArmVmp : Match on catch block at 0xc3 in for 0x797fda3021
04-25 09:46:17.314 20112 20255 W Parcel : Expecting binder but got null!
04-25 09:46:17.315 20112 20112 W Looper : PerfMonitor doFrame : time=324ms vsyncFrame=0 latency=240ms procState=-1 historyMsgCount=5 (msgIndex=3 wall=239ms seq=764 late=9ms h=android.app.ActivityThread$H w=159)
04-25 09:46:17.361 20112 20112 E ArmVmp : Match on catch block at 0xc3 in for 0x797fda3025
04-25 09:46:17.367 20112 20112 E ArmVmp : Match on catch block at 0xc3 in for 0x797fda3025
04-25 09:46:17.396 20112 20112 W Looper : PerfMonitor doFrame : time=43ms vsyncFrame=0 latency=357ms procState=-1 historyMsgCount=59 (msgIndex=1 wall=324ms seq=767 late=240ms h=android.view.Choreographer$FrameHandler c=android.view.Choreographer$FrameDisplayEventReceiver)
04-25 09:46:17.424 20112 20128 W com.mbwhatsapp: Cleared Reference was only reachable from finalizer (only reported once)
04-25 09:46:17.503 20112 20112 E ArmVmp : Match on catch block at 0xc3 in for 0x797fda3025
04-25 09:46:17.508 20112 20112 E ArmVmp : Match on catch block at 0xc3 in for 0x797fda3025
04-25 09:46:17.572 20112 20351 W com.mbwhatsapp: Accessing hidden method Landroid/app/MiuiNotification;-><init>()V (blocked, reflection, denied)
04-25 09:46:17.585 20112 20112 E ArmVmp : Match on catch block at 0xc3 in for 0x797fda3025
04-25 09:46:17.592 20112 20112 E ArmVmp : Match on catch block at 0xc3 in for 0x797fda3025
04-25 09:46:17.645 20112 20112 E ArmVmp : Match on catch block at 0xc3 in for 0x797fda3025
04-25 09:46:17.652 20112 20112 E ArmVmp : Match on catch block at 0xc3 in for 0x797fda3025
04-25 09:46:17.692 20112 20112 E ArmVmp : Match on catch block at 0xc3 in for 0x797fda3025
04-25 09:46:17.701 20112 20112 E ArmVmp : Match on catch block at 0xc3 in for 0x797fda3025
04-25 09:46:17.783 20112 20112 E ArmVmp : Match on catch block at 0xc3 in for 0x797fda3025
04-25 09:46:17.790 20112 20112 E ArmVmp : Match on catch block at 0xc3 in for 0x797fda3025
04-25 09:46:17.831 20112 20112 E ArmVmp : Match on catch block at 0xc3 in for 0x797fda3025
04-25 09:46:17.838 20112 20112 E ArmVmp : Match on catch block at 0xc3 in for 0x797fda3025
04-25 09:46:17.849 20112 20351 W com.mbwhatsapp: Accessing hidden method Landroid/app/MiuiNotification;-><init>()V (blocked, reflection, denied)
04-25 09:46:17.857 20112 20112 E ArmVmp : Match on catch block at 0xc3 in for 0x797fda3025
04-25 09:46:17.862 20112 20112 E ArmVmp : Match on catch block at 0xc3 in for 0x797fda3025
04-25 09:46:17.894 20112 20112 E ArmVmp : Match on catch block at 0xc3 in for 0x797fda3025
04-25 09:46:17.900 20112 20112 E ArmVmp : Match on catch block at 0xc3 in for 0x797fda3025
04-25 09:46:17.909 20112 20112 E ArmVmp : Match on catch block at 0xc3 in for 0x797fda3025
04-25 09:46:17.913 20112 20112 E ArmVmp : Match on catch block at 0xc3 in for 0x797fda3025
04-25 09:46:17.927 20112 20112 E ArmVmp : Match on catch block at 0xc3 in for 0x797fda3025
04-25 09:46:17.932 20112 20112 E ArmVmp : Match on catch block at 0xc3 in for 0x797fda3025
04-25 09:46:17.939 20112 20112 E ArmVmp : Match on catch block at 0xc3 in for 0x797fda3025
04-25 09:46:17.943 20112 20112 E ArmVmp : Match on catch block at 0xc3 in for 0x797fda3025
04-25 09:46:17.949 20112 20112 E ArmVmp : Match on catch block at 0xc3 in for 0x797fda3025
04-25 09:46:17.954 20112 20112 E ArmVmp : Match on catch block at 0xc3 in for 0x797fda3025
04-25 09:46:17.966 20112 20112 E ArmVmp : Match on catch block at 0xc3 in for 0x797fda3025
04-25 09:46:17.972 20112 20112 E ArmVmp : Match on catch block at 0xc3 in for 0x797fda3025
04-25 09:46:17.980 20112 20112 E ArmVmp : Match on catch block at 0xc3 in for 0x797fda3025
04-25 09:46:17.984 20112 20112 E ArmVmp : Match on catch block at 0xc3 in for 0x797fda3025
04-25 09:46:17.990 20112 20112 E ArmVmp : Match on catch block at 0xc3 in for 0x797fda3025
04-25 09:46:17.994 20112 20112 E ArmVmp : Match on catch block at 0xc3 in for 0x797fda3025
04-25 09:46:18.000 20112 20112 E ArmVmp : Match on catch block at 0xc3 in for 0x797fda3025
04-25 09:46:18.004 20112 20112 E ArmVmp : Match on catch block at 0xc3 in for 0x797fda3025
04-25 09:46:18.011 20112 20112 E ArmVmp : Match on catch block at 0xc3 in for 0x797fda3025
04-25 09:46:18.015 20112 20112 E ArmVmp : Match on catch block at 0xc3 in for 0x797fda3025
04-25 09:46:18.022 20112 20112 E ArmVmp : Match on catch block at 0xc3 in for 0x797fda3025
04-25 09:46:18.026 20112 20112 E ArmVmp : Match on catch block at 0xc3 in for 0x797fda3025
04-25 09:46:18.033 20112 20112 E ArmVmp : Match on catch block at 0xc3 in for 0x797fda3025
04-25 09:46:18.037 20112 20112 E ArmVmp : Match on catch block at 0xc3 in for 0x797fda3025
04-25 09:46:18.045 20112 20112 E ArmVmp : Match on catch block at 0xc3 in for 0x797fda3025
04-25 09:46:18.051 20112 20112 E ArmVmp : Match on catch block at 0xc3 in for 0x797fda3025
04-25 09:46:18.115 20112 20112 E ArmVmp : Match on catch block at 0xc3 in for 0x797fda3025
04-25 09:46:18.119 20112 20112 E ArmVmp : Match on catch block at 0xc3 in for 0x797fda3025
04-25 09:46:18.127 20112 20112 E ArmVmp : Match on catch block at 0xc3 in for 0x797fda3025
04-25 09:46:18.131 20112 20112 E ArmVmp : Match on catch block at 0xc3 in for 0x797fda3025
04-25 09:46:18.139 20112 20112 E ArmVmp : Match on catch block at 0xc3 in for 0x797fda3025
04-25 09:46:18.144 20112 20112 E ArmVmp : Match on catch block at 0xc3 in for 0x797fda3025
04-25 09:46:18.155 20112 20112 E ArmVmp : Match on catch block at 0xc3 in for 0x797fda3025
04-25 09:46:18.161 20112 20112 E ArmVmp : Match on catch block at 0xc3 in for 0x797fda3025
04-25 09:46:18.167 20112 20112 E ArmVmp : Match on catch block at 0xc3 in for 0x797fda3025
04-25 09:46:18.173 20112 20112 E ArmVmp : Match on catch block at 0xc3 in for 0x797fda3025
04-25 09:46:18.189 20112 20112 E ArmVmp : Match on catch block at 0xc3 in for 0x797fda3025
04-25 09:46:18.194 20112 20112 E ArmVmp : Match on catch block at 0xc3 in for 0x797fda3025
04-25 09:46:18.200 20112 20112 E ArmVmp : Match on catch block at 0xc3 in for 0x797fda3025
04-25 09:46:18.204 20112 20112 E ArmVmp : Match on catch block at 0xc3 in for 0x797fda3025
04-25 09:46:18.233 20112 20112 E ArmVmp : Match on catch block at 0xc3 in for 0x797fda3025
04-25 09:46:18.237 20112 20112 E ArmVmp : Match on catch block at 0xc3 in for 0x797fda3025
04-25 09:46:18.472 20112 20112 E ArmVmp : Match on catch block at 0xc3 in for 0x797fda3025
04-25 09:46:18.477 20112 20112 E ArmVmp : Match on catch block at 0xc3 in for 0x797fda3025
04-25 09:46:18.520 20112 20112 E ArmVmp : Match on catch block at 0xc3 in for 0x797fda3025
04-25 09:46:18.527 20112 20112 E ArmVmp : Match on catch block at 0xc3 in for 0x797fda3025
04-25 09:46:18.554 20112 20112 E ArmVmp : Match on catch block at 0xc3 in for 0x797fda3025
04-25 09:46:18.558 20112 20112 E ArmVmp : Match on catch block at 0xc3 in for 0x797fda3025
04-25 09:46:18.592 20112 20255 W Parcel : Expecting binder but got null!
04-25 09:46:18.601 20112 20112 E ArmVmp : Match on catch block at 0xc3 in for 0x797fda3025
04-25 09:46:18.605 20112 20112 E ArmVmp : Match on catch block at 0xc3 in for 0x797fda3025
04-25 09:46:18.641 20112 20112 E ArmVmp : Match on catch block at 0xc3 in for 0x797fda3025
04-25 09:46:18.645 20112 20112 E ArmVmp : Match on catch block at 0xc3 in for 0x797fda3025
04-25 09:46:18.659 20112 20112 E ArmVmp : Match on catch block at 0xc3 in for 0x797fda3025
04-25 09:46:18.662 20112 20112 E ArmVmp : Match on catch block at 0xc3 in for 0x797fda3025
04-25 09:46:18.676 20112 20112 E ArmVmp : Match on catch block at 0xc3 in for 0x797fda3025
04-25 09:46:18.682 20112 20112 E ArmVmp : Match on catch block at 0xc3 in for 0x797fda3025
04-25 09:46:18.689 20112 20112 E ArmVmp : Match on catch block at 0xc3 in for 0x797fda3025
04-25 09:46:18.693 20112 20112 E ArmVmp : Match on catch block at 0xc3 in for 0x797fda3025
04-25 09:46:18.813 20112 20112 E ArmVmp : Match on catch block at 0xc3 in for 0x797fda3025
04-25 09:46:18.818 20112 20112 E ArmVmp : Match on catch block at 0xc3 in for 0x797fda3025
04-25 09:46:18.839 20112 20112 E ArmVmp : Match on catch block at 0xc3 in for 0x797fda3025
04-25 09:46:18.843 20112 20112 E ArmVmp : Match on catch block at 0xc3 in for 0x797fda3025
04-25 09:46:18.854 20112 20112 E ArmVmp : Match on catch block at 0xc3 in for 0x797fda3025
04-25 09:46:18.859 20112 20112 E ArmVmp : Match on catch block at 0xc3 in for 0x797fda3025
04-25 09:46:18.923 20112 20112 E ArmVmp : Match on catch block at 0xc3 in for 0x797fda3025
04-25 09:46:18.928 20112 20112 E ArmVmp : Match on catch block at 0xc3 in for 0x797fda3025
04-25 09:46:18.940 20112 20112 E ArmVmp : Match on catch block at 0xc3 in for 0x797fda3025
04-25 09:46:18.944 20112 20112 E ArmVmp : Match on catch block at 0xc3 in for 0x797fda3025
04-25 09:46:18.956 20112 20112 E ArmVmp : Match on catch block at 0xc3 in for 0x797fda3025
04-25 09:46:18.960 20112 20112 E ArmVmp : Match on catch block at 0xc3 in for 0x797fda3025
04-25 09:46:18.970 20112 20112 E ArmVmp : Match on catch block at 0xc3 in for 0x797fda3025
04-25 09:46:18.974 20112 20112 E ArmVmp : Match on catch block at 0xc3 in for 0x797fda3025
04-25 09:46:18.985 20112 20112 E ArmVmp : Match on catch block at 0xc3 in for 0x797fda3025
04-25 09:46:18.989 20112 20112 E ArmVmp : Match on catch block at 0xc3 in for 0x797fda3025
04-25 09:46:19.000 20112 20112 E ArmVmp : Match on catch block at 0xc3 in for 0x797fda3025
04-25 09:46:19.004 20112 20112 E ArmVmp : Match on catch block at 0xc3 in for 0x797fda3025
04-25 09:46:19.023 20112 20112 E ArmVmp : Match on catch block at 0xc3 in for 0x797fda3025
04-25 09:46:19.027 20112 20112 E ArmVmp : Match on catch block at 0xc3 in for 0x797fda3025
04-25 09:46:19.044 20112 20351 W com.mbwhatsapp: Accessing hidden method Landroid/app/MiuiNotification;-><init>()V (blocked, reflection, denied)
04-25 09:46:19.047 20112 20112 E ArmVmp : Match on catch block at 0xc3 in for 0x797fda3025
04-25 09:46:19.050 20112 20112 E ArmVmp : Match on catch block at 0xc3 in for 0x797fda3025
04-25 09:46:19.068 20112 20112 E ArmVmp : Match on catch block at 0xc3 in for 0x797fda3025
04-25 09:46:19.072 20112 20112 E ArmVmp : Match on catch block at 0xc3 in for 0x797fda3025
04-25 09:46:19.085 20112 20112 E ArmVmp : Match on catch block at 0xc3 in for 0x797fda3025
04-25 09:46:19.089 20112 20112 E ArmVmp : Match on catch block at 0xc3 in for 0x797fda3025
04-25 09:46:19.104 20112 20112 E ArmVmp : Match on catch block at 0xc3 in for 0x797fda3025
04-25 09:46:19.108 20112 20112 E ArmVmp : Match on catch block at 0xc3 in for 0x797fda3025
04-25 09:46:19.120 20112 20351 W com.mbwhatsapp: Accessing hidden method Landroid/app/MiuiNotification;-><init>()V (blocked, reflection, denied)
04-25 09:46:19.122 20112 20112 E ArmVmp : Match on catch block at 0xc3 in for 0x797fda3025
04-25 09:46:19.127 20112 20112 E ArmVmp : Match on catch block at 0xc3 in for 0x797fda3025
04-25 09:46:19.147 20112 20351 W com.mbwhatsapp: Accessing hidden method Landroid/app/MiuiNotification;-><init>()V (blocked, reflection, denied)
04-25 09:46:19.148 20112 20112 E ArmVmp : Match on catch block at 0xc3 in for 0x797fda3025
04-25 09:46:19.152 20112 20112 E ArmVmp : Match on catch block at 0xc3 in for 0x797fda3025
04-25 09:46:19.174 20112 20351 W com.mbwhatsapp: Accessing hidden method Landroid/app/MiuiNotification;-><init>()V (blocked, reflection, denied)
04-25 09:46:19.179 20112 20112 E ArmVmp : Match on catch block at 0xc3 in for 0x797fda3025
04-25 09:46:19.184 20112 20112 E ArmVmp : Match on catch block at 0xc3 in for 0x797fda3025
04-25 09:46:19.201 20112 20112 E ArmVmp : Match on catch block at 0xc3 in for 0x797fda3025
04-25 09:46:19.206 20112 20112 E ArmVmp : Match on catch block at 0xc3 in for 0x797fda3025
04-25 09:46:19.227 20112 20351 W com.mbwhatsapp: Accessing hidden method Landroid/app/MiuiNotification;-><init>()V (blocked, reflection, denied)
04-25 09:46:19.230 20112 20112 E ArmVmp : Match on catch block at 0xc3 in for 0x797fda3025
04-25 09:46:19.235 20112 20112 E ArmVmp : Match on catch block at 0xc3 in for 0x797fda3025
04-25 09:46:19.252 20112 20351 W com.mbwhatsapp: Accessing hidden method Landroid/app/MiuiNotification;-><init>()V (blocked, reflection, denied)
04-25 09:46:19.262 20112 20112 E ArmVmp : Match on catch block at 0xc3 in for 0x797fda3025
04-25 09:46:19.267 20112 20112 E ArmVmp : Match on catch block at 0xc3 in for 0x797fda3025
04-25 09:46:19.274 20112 20351 W com.mbwhatsapp: Accessing hidden method Landroid/app/MiuiNotification;-><init>()V (blocked, reflection, denied)
04-25 09:46:19.282 20112 20351 W com.mbwhatsapp: Accessing hidden method Landroid/app/MiuiNotification;-><init>()V (blocked, reflection, denied)
04-25 09:46:19.301 20112 20112 E ArmVmp : Match on catch block at 0xc3 in for 0x797fda3025
04-25 09:46:19.306 20112 20112 E ArmVmp : Match on catch block at 0xc3 in for 0x797fda3025
04-25 09:46:19.317 20112 20351 W com.mbwhatsapp: Accessing hidden method Landroid/app/MiuiNotification;-><init>()V (blocked, reflection, denied)
04-25 09:46:19.323 20112 20112 E ArmVmp : Match on catch block at 0xc3 in for 0x797fda3025
04-25 09:46:19.327 20112 20112 E ArmVmp : Match on catch block at 0xc3 in for 0x797fda3025
04-25 09:46:19.340 20112 20351 W com.mbwhatsapp: Accessing hidden method Landroid/app/MiuiNotification;-><init>()V (blocked, reflection, denied)
04-25 09:46:19.345 20112 20112 E ArmVmp : Match on catch block at 0xc3 in for 0x797fda3025
04-25 09:46:19.349 20112 20112 E ArmVmp : Match on catch block at 0xc3 in for 0x797fda3025
04-25 09:46:19.369 20112 20112 E ArmVmp : Match on catch block at 0xc3 in for 0x797fda3025
04-25 09:46:19.373 20112 20112 E ArmVmp : Match on catch block at 0xc3 in for 0x797fda3025
04-25 09:46:19.384 20112 20351 W com.mbwhatsapp: Accessing hidden method Landroid/app/MiuiNotification;-><init>()V (blocked, reflection, denied)
04-25 09:46:19.409 20112 20351 W com.mbwhatsapp: Accessing hidden method Landroid/app/MiuiNotification;-><init>()V (blocked, reflection, denied)
04-25 09:46:19.413 20112 20112 E ArmVmp : Match on catch block at 0xc3 in for 0x797fda3025
04-25 09:46:19.418 20112 20112 E ArmVmp : Match on catch block at 0xc3 in for 0x797fda3025
04-25 09:46:19.434 20112 20112 E ArmVmp : Match on catch block at 0xc3 in for 0x797fda3025
04-25 09:46:19.442 20112 20112 E ArmVmp : Match on catch block at 0xc3 in for 0x797fda3025
04-25 09:46:19.452 20112 20351 W com.mbwhatsapp: Accessing hidden method Landroid/app/MiuiNotification;-><init>()V (blocked, reflection, denied)
04-25 09:46:19.458 20112 20351 W com.mbwhatsapp: Accessing hidden method Landroid/app/MiuiNotification;-><init>()V (blocked, reflection, denied)
04-25 09:46:19.468 20112 20351 W com.mbwhatsapp: Accessing hidden method Landroid/app/MiuiNotification;-><init>()V (blocked, reflection, denied)
04-25 09:46:19.479 20112 20112 E ArmVmp : Match on catch block at 0xc3 in for 0x797fda3025
04-25 09:46:19.483 20112 20112 E ArmVmp : Match on catch block at 0xc3 in for 0x797fda3025
04-25 09:46:19.495 20112 20351 W com.mbwhatsapp: Accessing hidden method Landroid/app/MiuiNotification;-><init>()V (blocked, reflection, denied)
04-25 09:46:19.501 20112 20112 E ArmVmp : Match on catch block at 0xc3 in for 0x797fda3025
04-25 09:46:19.507 20112 20112 E ArmVmp : Match on catch block at 0xc3 in for 0x797fda3025
04-25 09:46:19.518 20112 20351 W com.mbwhatsapp: Accessing hidden method Landroid/app/MiuiNotification;-><init>()V (blocked, reflection, denied)
04-25 09:46:19.535 20112 20112 E ArmVmp : Match on catch block at 0xc3 in for 0x797fda3025
04-25 09:46:19.539 20112 20112 E ArmVmp : Match on catch block at 0xc3 in for 0x797fda3025
04-25 09:46:19.545 20112 20112 E ArmVmp : Match on catch block at 0xc3 in for 0x797fda3025
04-25 09:46:19.550 20112 20112 E ArmVmp : Match on catch block at 0xc3 in for 0x797fda3025
04-25 09:46:19.569 20112 20112 E ArmVmp : Match on catch block at 0xc3 in for 0x797fda3025
04-25 09:46:19.573 20112 20112 E ArmVmp : Match on catch block at 0xc3 in for 0x797fda3025
04-25 09:46:19.586 20112 20351 W com.mbwhatsapp: Accessing hidden method Landroid/app/MiuiNotification;-><init>()V (blocked, reflection, denied)
04-25 09:46:19.591 20112 20351 W com.mbwhatsapp: Accessing hidden method Landroid/app/MiuiNotification;-><init>()V (blocked, reflection, denied)
04-25 09:46:19.601 20112 20351 W com.mbwhatsapp: Accessing hidden method Landroid/app/MiuiNotification;-><init>()V (blocked, reflection, denied)
04-25 09:46:19.617 20112 20351 W com.mbwhatsapp: Accessing hidden method Landroid/app/MiuiNotification;-><init>()V (blocked, reflection, denied)
04-25 09:46:19.618 20112 20112 E ArmVmp : Match on catch block at 0xc3 in for 0x797fda3025
04-25 09:46:19.624 20112 20112 E ArmVmp : Match on catch block at 0xc3 in for 0x797fda3025
04-25 09:46:19.635 20112 20112 E ArmVmp : Match on catch block at 0xc3 in for 0x797fda3025
04-25 09:46:19.642 20112 20112 E ArmVmp : Match on catch block at 0xc3 in for 0x797fda3025
04-25 09:46:19.653 20112 20351 W com.mbwhatsapp: Accessing hidden method Landroid/app/MiuiNotification;-><init>()V (blocked, reflection, denied)
04-25 09:46:19.663 20112 20351 W com.mbwhatsapp: Accessing hidden method Landroid/app/MiuiNotification;-><init>()V (blocked, reflection, denied)
04-25 09:46:19.681 20112 20112 W InputEventReceiver: Attempted to finish an input event but the input event receiver has already been disposed.
04-25 09:46:19.686 20112 20112 E ArmVmp : Match on catch block at 0xc3 in for 0x797fda3025
04-25 09:46:19.692 20112 20112 E ArmVmp : Match on catch block at 0xc3 in for 0x797fda3025
04-25 09:46:19.704 20112 20351 W com.mbwhatsapp: Accessing hidden method Landroid/app/MiuiNotification;-><init>()V (blocked, reflection, denied)
04-25 09:46:19.705 20112 20112 E ArmVmp : Match on catch block at 0xc3 in for 0x797fda3025
04-25 09:46:19.710 20112 20112 E ArmVmp : Match on catch block at 0xc3 in for 0x797fda3025
04-25 09:46:19.720 20112 20351 W com.mbwhatsapp: Accessing hidden method Landroid/app/MiuiNotification;-><init>()V (blocked, reflection, denied)
04-25 09:46:19.736 20112 20112 E ArmVmp : Match on catch block at 0xc3 in for 0x797fda3025
04-25 09:46:19.742 20112 20112 E ArmVmp : Match on catch block at 0xc3 in for 0x797fda3025
04-25 09:46:19.761 20112 20112 E ArmVmp : Match on catch block at 0xc3 in for 0x797fda3025
04-25 09:46:19.766 20112 20112 E ArmVmp : Match on catch block at 0xc3 in for 0x797fda3025
04-25 09:46:19.775 20112 20351 W com.mbwhatsapp: Accessing hidden method Landroid/app/MiuiNotification;-><init>()V (blocked, reflection, denied)
04-25 09:46:19.779 20112 20112 E ArmVmp : Match on catch block at 0xc3 in for 0x797fda3025
04-25 09:46:19.787 20112 20112 E ArmVmp : Match on catch block at 0xc3 in for 0x797fda3025
04-25 09:46:19.881 20112 20112 E ArmVmp : Match on catch block at 0xc3 in for 0x797fda3025
04-25 09:46:19.885 20112 20112 E ArmVmp : Match on catch block at 0xc3 in for 0x797fda3025
04-25 09:46:19.901 20112 20351 W com.mbwhatsapp: Accessing hidden method Landroid/app/MiuiNotification;-><init>()V (blocked, reflection, denied)
04-25 09:46:19.901 20112 20112 E ArmVmp : Match on catch block at 0xc3 in for 0x797fda3025
04-25 09:46:19.906 20112 20112 E ArmVmp : Match on catch block at 0xc3 in for 0x797fda3025
04-25 09:46:19.918 20112 20112 E ArmVmp : Match on catch block at 0xc3 in for 0x797fda3025
04-25 09:46:19.923 20112 20112 E ArmVmp : Match on catch block at 0xc3 in for 0x797fda3025
04-25 09:46:19.929 20112 20351 W com.mbwhatsapp: Accessing hidden method Landroid/app/MiuiNotification;-><init>()V (blocked, reflection, denied)
04-25 09:46:19.931 20112 20112 E ArmVmp : Match on catch block at 0xc3 in for 0x797fda3025
04-25 09:46:19.935 20112 20112 E ArmVmp : Match on catch block at 0xc3 in for 0x797fda3025
04-25 09:46:19.948 20112 20112 E ArmVmp : Match on catch block at 0xc3 in for 0x797fda3025
04-25 09:46:19.955 20112 20112 E ArmVmp : Match on catch block at 0xc3 in for 0x797fda3025
04-25 09:46:19.962 20112 20112 E ArmVmp : Match on catch block at 0xc3 in for 0x797fda3025
04-25 09:46:19.967 20112 20112 E ArmVmp : Match on catch block at 0xc3 in for 0x797fda3025
04-25 09:46:19.975 20112 20351 W com.mbwhatsapp: Accessing hidden method Landroid/app/MiuiNotification;-><init>()V (blocked, reflection, denied)
04-25 09:46:19.983 20112 20112 E ArmVmp : Match on catch block at 0xc3 in for 0x797fda3025
04-25 09:46:19.987 20112 20112 E ArmVmp : Match on catch block at 0xc3 in for 0x797fda3025
04-25 09:46:20.001 20112 20351 W com.mbwhatsapp: Accessing hidden method Landroid/app/MiuiNotification;-><init>()V (blocked, reflection, denied)
04-25 09:46:20.015 20112 20112 E ArmVmp : Match on catch block at 0xc3 in for 0x797fda3025
04-25 09:46:20.021 20112 20112 E ArmVmp : Match on catch block at 0xc3 in for 0x797fda3025
04-25 09:46:20.035 20112 20112 E ArmVmp : Match on catch block at 0xc3 in for 0x797fda3025
04-25 09:46:20.040 20112 20112 E ArmVmp : Match on catch block at 0xc3 in for 0x797fda3025
04-25 09:46:20.048 20112 20351 W com.mbwhatsapp: Accessing hidden method Landroid/app/MiuiNotification;-><init>()V (blocked, reflection, denied)
04-25 09:46:20.058 20112 20112 E ArmVmp : Match on catch block at 0xc3 in for 0x797fda3025
04-25 09:46:20.062 20112 20112 E ArmVmp : Match on catch block at 0xc3 in for 0x797fda3025
04-25 09:46:20.070 20112 20351 W com.mbwhatsapp: Accessing hidden method Landroid/app/MiuiNotification;-><init>()V (blocked, reflection, denied)
04-25 09:46:20.081 20112 20351 W com.mbwhatsapp: Accessing hidden method Landroid/app/MiuiNotification;-><init>()V (blocked, reflection, denied)
04-25 09:46:20.102 20112 20112 E ArmVmp : Match on catch block at 0xc3 in for 0x797fda3025
04-25 09:46:20.108 20112 20112 E ArmVmp : Match on catch block at 0xc3 in for 0x797fda3025
04-25 09:46:20.115 20112 20351 W com.mbwhatsapp: Accessing hidden method Landroid/app/MiuiNotification;-><init>()V (blocked, reflection, denied)
04-25 09:46:20.124 20112 20112 E ArmVmp : Match on catch block at 0xc3 in for 0x797fda3025
04-25 09:46:20.128 20112 20112 E ArmVmp : Match on catch block at 0xc3 in for 0x797fda3025
04-25 09:46:20.136 20112 20351 W com.mbwhatsapp: Accessing hidden method Landroid/app/MiuiNotification;-><init>()V (blocked, reflection, denied)
04-25 09:46:20.147 20112 20351 W com.mbwhatsapp: Accessing hidden method Landroid/app/MiuiNotification;-><init>()V (blocked, reflection, denied)
04-25 09:46:20.161 20112 20112 E ArmVmp : Match on catch block at 0xc3 in for 0x797fda3025
04-25 09:46:20.165 20112 20112 E ArmVmp : Match on catch block at 0xc3 in for 0x797fda3025
04-25 09:46:20.231 20112 20112 E ArmVmp : Match on catch block at 0xc3 in for 0x797fda3025
04-25 09:46:20.238 20112 20112 E ArmVmp : Match on catch block at 0xc3 in for 0x797fda3025
04-25 09:46:20.291 20112 20112 E ArmVmp : Match on catch block at 0xc3 in for 0x797fda3025
04-25 09:46:20.295 20112 20112 E ArmVmp : Match on catch block at 0xc3 in for 0x797fda3025
04-25 09:46:20.303 20112 20112 E ArmVmp : Match on catch block at 0xc3 in for 0x797fda3025
04-25 09:46:20.309 20112 20112 E ArmVmp : Match on catch block at 0xc3 in for 0x797fda3025
04-25 09:46:20.336 20112 20112 E ArmVmp : Match on catch block at 0xc3 in for 0x797fda3025
04-25 09:46:20.340 20112 20112 E ArmVmp : Match on catch block at 0xc3 in for 0x797fda3025
04-25 09:46:20.369 20112 20112 E ArmVmp : Match on catch block at 0xc3 in for 0x797fda3025
04-25 09:46:20.373 20112 20112 E ArmVmp : Match on catch block at 0xc3 in for 0x797fda3025
04-25 09:46:20.398 20112 20112 E ArmVmp : Match on catch block at 0xc3 in for 0x797fda3025
04-25 09:46:20.402 20112 20112 E ArmVmp : Match on catch block at 0xc3 in for 0x797fda3025
04-25 09:46:20.410 20112 20112 E ArmVmp : Match on catch block at 0xc3 in for 0x797fda3025
04-25 09:46:20.415 20112 20112 E ArmVmp : Match on catch block at 0xc3 in for 0x797fda3025
04-25 09:46:20.421 20112 20112 E ArmVmp : Match on catch block at 0xc3 in for 0x797fda3025
04-25 09:46:20.427 20112 20112 E ArmVmp : Match on catch block at 0xc3 in for 0x797fda3025
04-25 09:46:20.431 20112 20112 E ArmVmp : Match on catch block at 0xc3 in for 0x797fda3025
04-25 09:46:20.438 20112 20112 E ArmVmp : Match on catch block at 0xc3 in for 0x797fda3025
04-25 09:46:20.444 20112 20112 E ArmVmp : Match on catch block at 0xc3 in for 0x797fda3025
04-25 09:46:20.450 20112 20112 E ArmVmp : Match on catch block at 0xc3 in for 0x797fda3025
04-25 09:46:20.457 20112 20112 E ArmVmp : Match on catch block at 0xc3 in for 0x797fda3025
04-25 09:46:20.461 20112 20112 E ArmVmp : Match on catch block at 0xc3 in for 0x797fda3025
04-25 09:46:20.469 20112 20112 E ArmVmp : Match on catch block at 0xc3 in for 0x797fda3025
04-25 09:46:20.474 20112 20112 E ArmVmp : Match on catch block at 0xc3 in for 0x797fda3025
04-25 09:46:20.480 20112 20112 E ArmVmp : Match on catch block at 0xc3 in for 0x797fda3025
04-25 09:46:20.485 20112 20112 E ArmVmp : Match on catch block at 0xc3 in for 0x797fda3025
04-25 09:46:20.492 20112 20112 E ArmVmp : Match on catch block at 0xc3 in for 0x797fda3025
04-25 09:46:20.496 20112 20112 E ArmVmp : Match on catch block at 0xc3 in for 0x797fda3025
04-25 09:46:20.504 20112 20112 E ArmVmp : Match on catch block at 0xc3 in for 0x797fda3025
04-25 09:46:20.510 20112 20112 E ArmVmp : Match on catch block at 0xc3 in for 0x797fda3025
04-25 09:46:20.518 20112 20112 E ArmVmp : Match on catch block at 0xc3 in for 0x797fda3025
04-25 09:46:20.523 20112 20112 E ArmVmp : Match on catch block at 0xc3 in for 0x797fda3025
04-25 09:46:20.527 20112 20112 E ArmVmp : Match on catch block at 0xc3 in for 0x797fda3025
04-25 09:46:20.532 20112 20112 E ArmVmp : Match on catch block at 0xc3 in for 0x797fda3025
04-25 09:46:20.538 20112 20112 E ArmVmp : Match on catch block at 0xc3 in for 0x797fda3025
04-25 09:46:20.543 20112 20112 E ArmVmp : Match on catch block at 0xc3 in for 0x797fda3025
04-25 09:46:20.547 20112 20112 E ArmVmp : Match on catch block at 0xc3 in for 0x797fda3025
04-25 09:46:20.553 20112 20112 E ArmVmp : Match on catch block at 0xc3 in for 0x797fda3025
04-25 09:46:20.559 20112 20112 E ArmVmp : Match on catch block at 0xc3 in for 0x797fda3025
04-25 09:46:20.564 20112 20112 E ArmVmp : Match on catch block at 0xc3 in for 0x797fda3025
04-25 09:46:20.569 20112 20112 E ArmVmp : Match on catch block at 0xc3 in for 0x797fda3025
04-25 09:46:20.574 20112 20112 E ArmVmp : Match on catch block at 0xc3 in for 0x797fda3025
04-25 09:46:20.580 20112 20112 E ArmVmp : Match on catch block at 0xc3 in for 0x797fda3025
04-25 09:46:20.584 20112 20112 E ArmVmp : Match on catch block at 0xc3 in for 0x797fda3025
04-25 09:46:20.591 20112 20112 E ArmVmp : Match on catch block at 0xc3 in for 0x797fda3025
04-25 09:46:20.595 20112 20112 E ArmVmp : Match on catch block at 0xc3 in for 0x797fda3025
04-25 09:46:20.604 20112 20112 E ArmVmp : Match on catch block at 0xc3 in for 0x797fda3025
04-25 09:46:20.608 20112 20112 E ArmVmp : Match on catch block at 0xc3 in for 0x797fda3025
04-25 09:46:20.613 20112 20112 E ArmVmp : Match on catch block at 0xc3 in for 0x797fda3025
04-25 09:46:20.618 20112 20112 E ArmVmp : Match on catch block at 0xc3 in for 0x797fda3025
04-25 09:46:20.625 20112 20112 E ArmVmp : Match on catch block at 0xc3 in for 0x797fda3025
04-25 09:46:20.629 20112 20112 E ArmVmp : Match on catch block at 0xc3 in for 0x797fda3025
04-25 09:46:20.637 20112 20112 E ArmVmp : Match on catch block at 0xc3 in for 0x797fda3025
04-25 09:46:20.640 20112 20112 E ArmVmp : Match on catch block at 0xc3 in for 0x797fda3025
04-25 09:46:20.647 20112 20112 E ArmVmp : Match on catch block at 0xc3 in for 0x797fda3025
04-25 09:46:20.653 20112 20112 E ArmVmp : Match on catch block at 0xc3 in for 0x797fda3025
04-25 09:46:20.658 20112 20112 E ArmVmp : Match on catch block at 0xc3 in for 0x797fda3025
04-25 09:46:20.663 20112 20112 E ArmVmp : Match on catch block at 0xc3 in for 0x797fda3025
04-25 09:46:20.670 20112 20112 E ArmVmp : Match on catch block at 0xc3 in for 0x797fda3025
04-25 09:46:20.674 20112 20112 E ArmVmp : Match on catch block at 0xc3 in for 0x797fda3025
04-25 09:46:20.680 20112 20112 E ArmVmp : Match on catch block at 0xc3 in for 0x797fda3025
04-25 09:46:20.684 20112 20112 E ArmVmp : Match on catch block at 0xc3 in for 0x797fda3025
04-25 09:46:20.693 20112 20112 E ArmVmp : Match on catch block at 0xc3 in for 0x797fda3025
04-25 09:46:20.697 20112 20112 E ArmVmp : Match on catch block at 0xc3 in for 0x797fda3025
04-25 09:46:20.705 20112 20112 E ArmVmp : Match on catch block at 0xc3 in for 0x797fda3025
04-25 09:46:20.709 20112 20112 E ArmVmp : Match on catch block at 0xc3 in for 0x797fda3025
04-25 09:46:20.735 20112 20112 E ArmVmp : Match on catch block at 0xc3 in for 0x797fda3025
04-25 09:46:20.740 20112 20112 E ArmVmp : Match on catch block at 0xc3 in for 0x797fda3025
04-25 09:46:20.758 20112 20112 E ArmVmp : Match on catch block at 0xc3 in for 0x797fda3025
04-25 09:46:20.762 20112 20112 E ArmVmp : Match on catch block at 0xc3 in for 0x797fda3025
04-25 09:46:20.783 20112 20112 E ArmVmp : Match on catch block at 0xc3 in for 0x797fda3025
04-25 09:46:20.787 20112 20112 E ArmVmp : Match on catch block at 0xc3 in for 0x797fda3025
04-25 09:46:20.802 20112 20112 E ArmVmp : Match on catch block at 0xc3 in for 0x797fda3025
04-25 09:46:20.808 20112 20112 E ArmVmp : Match on catch block at 0xc3 in for 0x797fda3025
04-25 09:46:20.847 20112 20112 E ArmVmp : Match on catch block at 0xc3 in for 0x797fda3025
04-25 09:46:20.851 20112 20112 E ArmVmp : Match on catch block at 0xc3 in for 0x797fda3025
04-25 09:46:20.860 20112 20112 E ArmVmp : Match on catch block at 0xc3 in for 0x797fda3025
04-25 09:46:20.864 20112 20112 E ArmVmp : Match on catch block at 0xc3 in for 0x797fda3025
04-25 09:46:20.880 20112 20112 E ArmVmp : Match on catch block at 0xc3 in for 0x797fda3025
04-25 09:46:20.884 20112 20112 E ArmVmp : Match on catch block at 0xc3 in for 0x797fda3025
04-25 09:46:21.052 20112 20112 E ArmVmp : Match on catch block at 0xc3 in for 0x797fda3025
04-25 09:46:21.057 20112 20112 E ArmVmp : Match on catch block at 0xc3 in for 0x797fda3025
04-25 09:46:21.066 20112 20112 E ArmVmp : Match on catch block at 0xc3 in for 0x797fda3025
04-25 09:46:21.072 20112 20112 E ArmVmp : Match on catch block at 0xc3 in for 0x797fda3025
04-25 09:46:21.112 20112 20112 E ArmVmp : Match on catch block at 0xc3 in for 0x797fda3025
04-25 09:46:21.118 20112 20112 E ArmVmp : Match on catch block at 0xc3 in for 0x797fda3025
04-25 09:46:21.157 20112 20112 E ArmVmp : Match on catch block at 0xc3 in for 0x797fda3025
04-25 09:46:21.162 20112 20112 E ArmVmp : Match on catch block at 0xc3 in for 0x797fda3025
04-25 09:46:21.187 20112 20112 E ArmVmp : Match on catch block at 0xc3 in for 0x797fda3025
04-25 09:46:21.192 20112 20112 E ArmVmp : Match on catch block at 0xc3 in for 0x797fda3025
04-25 09:46:21.230 20112 20112 E ArmVmp : Match on catch block at 0xc3 in for 0x797fda3025
04-25 09:46:21.237 20112 20112 E ArmVmp : Match on catch block at 0xc3 in for 0x797fda3025
04-25 09:46:21.265 20112 20112 E ArmVmp : Match on catch block at 0xc3 in for 0x797fda3025
04-25 09:46:21.274 20112 20112 E ArmVmp : Match on catch block at 0xc3 in for 0x797fda3025
04-25 09:46:21.336 20112 20112 E ArmVmp : Match on catch block at 0xc3 in for 0x797fda3025
04-25 09:46:21.341 20112 20112 E ArmVmp : Match on catch block at 0xc3 in for 0x797fda3025
04-25 09:46:21.347 20112 20112 E ArmVmp : Match on catch block at 0xc3 in for 0x797fda3025
04-25 09:46:21.352 20112 20112 E ArmVmp : Match on catch block at 0xc3 in for 0x797fda3025
04-25 09:46:21.414 20112 20112 E ArmVmp : Match on catch block at 0xc3 in for 0x797fda3025
04-25 09:46:21.421 20112 20112 E ArmVmp : Match on catch block at 0xc3 in for 0x797fda3025
04-25 09:46:21.436 20112 20112 E ArmVmp : Match on catch block at 0xc3 in for 0x797fda3025
04-25 09:46:21.441 20112 20112 E ArmVmp : Match on catch block at 0xc3 in for 0x797fda3025
04-25 09:46:21.481 20112 20112 E ArmVmp : Match on catch block at 0xc3 in for 0x797fda3025
04-25 09:46:21.486 20112 20112 E ArmVmp : Match on catch block at 0xc3 in for 0x797fda3025
04-25 09:46:21.503 20112 20112 E ArmVmp : Match on catch block at 0xc3 in for 0x797fda3025
04-25 09:46:21.508 20112 20112 E ArmVmp : Match on catch block at 0xc3 in for 0x797fda3025
04-25 09:46:21.536 20112 20112 E ArmVmp : Match on catch block at 0xc3 in for 0x797fda3025
04-25 09:46:21.543 20112 20112 E ArmVmp : Match on catch block at 0xc3 in for 0x797fda3025
04-25 09:46:21.561 20112 20112 E ArmVmp : Match on catch block at 0xc3 in for 0x797fda3025
04-25 09:46:21.568 20112 20112 E ArmVmp : Match on catch block at 0xc3 in for 0x797fda3025
04-25 09:46:26.294 20112 20112 E ArmVmp : Match on catch block at 0x0a in for 0x797fda3049
04-25 09:46:26.329 20112 20255 W Parcel : Expecting binder but got null!
04-25 09:46:27.522 20112 20112 W InputEventReceiver: Attempted to finish an input event but the input event receiver has already been disposed.
04-25 09:46:30.275 20112 20255 W Parcel : Expecting binder but got null!
04-25 09:46:30.324 20112 20112 W BottomSheetBehavior: BottomSheetBehavior now supports multiple callbacks. `setBottomSheetCallback()` removes all existing callbacks, including ones set internally by library authors, which may result in unintended behavior. This may change in the future. Please use `addBottomSheetCallback()` and `removeBottomSheetCallback()` instead to set your own callbacks.
04-25 09:46:30.324 20112 20112 W BottomSheetBehavior: BottomSheetBehavior now supports multiple callbacks. `setBottomSheetCallback()` removes all existing callbacks, including ones set internally by library authors, which may result in unintended behavior. This may change in the future. Please use `addBottomSheetCallback()` and `removeBottomSheetCallback()` instead to set your own callbacks.
04-25 09:46:30.393 20112 20112 W BottomSheetBehavior: BottomSheetBehavior now supports multiple callbacks. `setBottomSheetCallback()` removes all existing callbacks, including ones set internally by library authors, which may result in unintended behavior. This may change in the future. Please use `addBottomSheetCallback()` and `removeBottomSheetCallback()` instead to set your own callbacks.
04-25 09:46:30.393 20112 20112 W BottomSheetBehavior: BottomSheetBehavior now supports multiple callbacks. `setBottomSheetCallback()` removes all existing callbacks, including ones set internally by library authors, which may result in unintended behavior. This may change in the future. Please use `addBottomSheetCallback()` and `removeBottomSheetCallback()` instead to set your own callbacks.
04-25 09:46:30.426 20112 20112 W BottomSheetBehavior: BottomSheetBehavior now supports multiple callbacks. `setBottomSheetCallback()` removes all existing callbacks, including ones set internally by library authors, which may result in unintended behavior. This may change in the future. Please use `addBottomSheetCallback()` and `removeBottomSheetCallback()` instead to set your own callbacks.
04-25 09:46:30.426 20112 20112 W BottomSheetBehavior: BottomSheetBehavior now supports multiple callbacks. `setBottomSheetCallback()` removes all existing callbacks, including ones set internally by library authors, which may result in unintended behavior. This may change in the future. Please use `addBottomSheetCallback()` and `removeBottomSheetCallback()` instead to set your own callbacks.
04-25 09:46:30.480 20112 20112 E RecyclerView: No adapter attached; skipping layout
04-25 09:46:30.481 20112 20112 E RecyclerView: No adapter attached; skipping layout
04-25 09:46:30.484 20112 20112 E RecyclerView: No adapter attached; skipping layout
04-25 09:46:30.753 20112 20255 W Parcel : Expecting binder but got null!
04-25 09:46:31.459 20112 20255 W RenderInspector: DequeueBuffer time out on com.mbwhatsapp/com.mbwhatsapp.status.playback.StatusPlaybackActivity, count=1, avg=12 ms, max=12 ms.
04-25 09:46:31.943 20112 20255 W RenderInspector: DequeueBuffer time out on com.mbwhatsapp/com.mbwhatsapp.status.playback.StatusPlaybackActivity, count=9, avg=14 ms, max=18 ms.
04-25 09:46:32.097 20112 20209 E SQLiteDatabase: Error inserting transferred=0 media_job_uuid=4abff852-edd6-4b1d-b4da-18e939e78964 transcoded=0 gif_attribution=0 first_scan_length=0 direct_path=/v/t62.7161- 24/33538249_353069811079794_6142686962209329022_n.enc?ccb=11- 4&oh=01_Q5AaIDYSXczukqJDUnXPXfcDnMKShWzEZY6DqrV8s0Sck1o4&oe=66513A76&_nc_sid=5e03e0 thumbnail_height_width_ratio=0.0 is_animated_sticker=0 file_hash=Ml8DP/VdJK2ZcOzk39A0L4LiA8jT+0vvlhgqU6GbXGc= file_path=Media/.Statuses/0432e0e272154a2d9e1036daab1a445c.mp4 file_size=0 partial_media_hash=null face_x=0 face_y=0 height=848 trim_to=0 media_key_timestamp=1714014275000 message_url=https://mmg.whatsapp.net/v/t62.7161- 24/33538249_353069811079794_6142686962209329022_n.enc?ccb=11- 4&oh=01_Q5AaIDYSXczukqJDUnXPXfcDnMKShWzEZY6DqrV8s0Sck1o4&oe=66513A76&_nc_sid=5e03e0 &mms3=true media_caption=null trim_from=0 mime_type=video/mp4 partial_media_enc_hash=null width=480 original_file_hash=null has_streaming_sidecar=1 autotransfer_retry_enabled=0 media_upload_handle=null message_row_id=166 multicast_id=null enc_file_hash=gisMpIYelt3OaEuOHT/JBzc/ssyc096Bwl7UeLbgmtw= mute_video=0 page_count=0 first_scan_sidecar=null suspicious_content=0 file_length=2155978 media_name=null media_duration=11 chat_row_id=25 media_key=[B@2826d0f
04-25 09:46:32.097 20112 20209 E SQLiteDatabase: android.database.sqlite.SQLiteConstraintException: UNIQUE constraint failed: message_media.message_row_id (code 1555 SQLITE_CONSTRAINT_PRIMARYKEY)
04-25 09:46:32.097 20112 20209 E SQLiteDatabase: at android.database.sqlite.SQLiteConnection.nativeExecuteForLastInsertedRowId(Native Method)
04-25 09:46:32.097 20112 20209 E SQLiteDatabase: at android.database.sqlite.SQLiteConnection.executeForLastInsertedRowId(SQLiteConnecti on.java:961)
04-25 09:46:32.097 20112 20209 E SQLiteDatabase: at android.database.sqlite.SQLiteSession.executeForLastInsertedRowId(SQLiteSession.jav a:790)
04-25 09:46:32.097 20112 20209 E SQLiteDatabase: at android.database.sqlite.SQLiteStatement.executeInsert(SQLiteStatement.java:89)
04-25 09:46:32.097 20112 20209 E SQLiteDatabase: at android.database.sqlite.SQLiteDatabase.insertWithOnConflict(SQLiteDatabase.java:186 8)
04-25 09:46:32.097 20112 20209 E SQLiteDatabase: at android.database.sqlite.SQLiteDatabase.insert(SQLiteDatabase.java:1737)
04-25 09:46:32.097 20112 20209 E SQLiteDatabase: at X.2tm.A08(Unknown Source:6)
04-25 09:46:32.097 20112 20209 E SQLiteDatabase: at X.35Y.A07(Unknown Source:212)
04-25 09:46:32.097 20112 20209 E SQLiteDatabase: at X.3QF.A14(Unknown Source:470)
04-25 09:46:32.097 20112 20209 E SQLiteDatabase: at X.3gU.run(Unknown Source:982)
04-25 09:46:32.097 20112 20209 E SQLiteDatabase: at android.os.Handler.handleCallback(Handler.java:942)
04-25 09:46:32.097 20112 20209 E SQLiteDatabase: at android.os.Handler.dispatchMessage(Handler.java:99)
04-25 09:46:32.097 20112 20209 E SQLiteDatabase: at X.0zq.dispatchMessage(Unknown Source:4)
04-25 09:46:32.097 20112 20209 E SQLiteDatabase: at android.os.Looper.loopOnce(Looper.java:211)
04-25 09:46:32.097 20112 20209 E SQLiteDatabase: at android.os.Looper.loop(Looper.java:300)
04-25 09:46:32.097 20112 20209 E SQLiteDatabase: at android.os.HandlerThread.run(HandlerThread.java:67)
04-25 09:46:32.139 20112 20209 E SQLiteDatabase: Error inserting transferred=0 media_job_uuid=4abff852-edd6-4b1d-b4da-18e939e78964 transcoded=0 gif_attribution=0 first_scan_length=0 direct_path=/v/t62.7161- 24/33538249_353069811079794_6142686962209329022_n.enc?ccb=11- 4&oh=01_Q5AaIDYSXczukqJDUnXPXfcDnMKShWzEZY6DqrV8s0Sck1o4&oe=66513A76&_nc_sid=5e03e0 thumbnail_height_width_ratio=0.0 is_animated_sticker=0 file_hash=Ml8DP/VdJK2ZcOzk39A0L4LiA8jT+0vvlhgqU6GbXGc= file_path=Media/.Statuses/0432e0e272154a2d9e1036daab1a445c.mp4 file_size=0 partial_media_hash=null face_x=0 face_y=0 height=848 trim_to=0 media_key_timestamp=1714014275000 message_url=https://mmg.whatsapp.net/v/t62.7161- 24/33538249_353069811079794_6142686962209329022_n.enc?ccb=11- 4&oh=01_Q5AaIDYSXczukqJDUnXPXfcDnMKShWzEZY6DqrV8s0Sck1o4&oe=66513A76&_nc_sid=5e03e0 &mms3=true media_caption=null trim_from=0 mime_type=video/mp4 partial_media_enc_hash=null width=480 original_file_hash=null has_streaming_sidecar=1 autotransfer_retry_enabled=0 media_upload_handle=null message_row_id=166 multicast_id=null enc_file_hash=gisMpIYelt3OaEuOHT/JBzc/ssyc096Bwl7UeLbgmtw= mute_video=0 page_count=0 first_scan_sidecar=null suspicious_content=0 file_length=2155978 media_name=null media_duration=11 chat_row_id=25 media_key=[B@2826d0f
04-25 09:46:32.139 20112 20209 E SQLiteDatabase: android.database.sqlite.SQLiteConstraintException: UNIQUE constraint failed: message_media.message_row_id (code 1555 SQLITE_CONSTRAINT_PRIMARYKEY)
04-25 09:46:32.139 20112 20209 E SQLiteDatabase: at android.database.sqlite.SQLiteConnection.nativeExecuteForLastInsertedRowId(Native Method)
04-25 09:46:32.139 20112 20209 E SQLiteDatabase: at android.database.sqlite.SQLiteConnection.executeForLastInsertedRowId(SQLiteConnecti on.java:961)
04-25 09:46:32.139 20112 20209 E SQLiteDatabase: at android.database.sqlite.SQLiteSession.executeForLastInsertedRowId(SQLiteSession.jav a:790)
04-25 09:46:32.139 20112 20209 E SQLiteDatabase: at android.database.sqlite.SQLiteStatement.executeInsert(SQLiteStatement.java:89)
04-25 09:46:32.139 20112 20209 E SQLiteDatabase: at android.database.sqlite.SQLiteDatabase.insertWithOnConflict(SQLiteDatabase.java:186 8)
04-25 09:46:32.139 20112 20209 E SQLiteDatabase: at android.database.sqlite.SQLiteDatabase.insert(SQLiteDatabase.java:1737)
04-25 09:46:32.139 20112 20209 E SQLiteDatabase: at X.2tm.A08(Unknown Source:6)
04-25 09:46:32.139 20112 20209 E SQLiteDatabase: at X.35Y.A07(Unknown Source:212)
04-25 09:46:32.139 20112 20209 E SQLiteDatabase: at X.3QF.A14(Unknown Source:470)
04-25 09:46:32.139 20112 20209 E SQLiteDatabase: at X.3gU.run(Unknown Source:982)
04-25 09:46:32.139 20112 20209 E SQLiteDatabase: at android.os.Handler.handleCallback(Handler.java:942)
04-25 09:46:32.139 20112 20209 E SQLiteDatabase: at android.os.Handler.dispatchMessage(Handler.java:99)
04-25 09:46:32.139 20112 20209 E SQLiteDatabase: at X.0zq.dispatchMessage(Unknown Source:4)
04-25 09:46:32.139 20112 20209 E SQLiteDatabase: at android.os.Looper.loopOnce(Looper.java:211)
