04-25 09:54:35.328 20112 20255 E com.mbwhatsapp: == MALI DEBUG ===eglp_winsys_populate_image_templates ==12288
04-25 09:54:35.350 20112 22639 W libc : Access denied finding property "vendor.audio.cpu.sched"
04-25 09:54:35.350 20112 22639 W libc : Access denied finding property "vendor.audio.rt.mode"
04-25 09:54:35.487 20112 23217 W MediaCodec: [mId: 2] video-debug onReleaseOutputBuffer: Render time interval reaches 166ms before pts: 33333
04-25 09:54:35.495 20112 20255 E com.mbwhatsapp: == MALI DEBUG ===eglp_winsys_populate_image_templates ==12288
04-25 09:54:35.490 20112 20112 W RenderThread: type=1400 audit(0.0:590725): avc: denied { getattr } for name="dmabuf:" dev="dmabuf" ino=1 scontext=u:r:untrusted_app:s0:c89,c257,c512,c768 tcontext=u:object_r:unlabeled:s0 tclass=filesystem permissive=0 app=com.mbwhatsapp
04-25 09:54:35.506 20112 20255 E com.mbwhatsapp: == MALI DEBUG ===eglp_winsys_populate_image_templates ==12288
04-25 09:54:35.502 20112 20112 W RenderThread: type=1400 audit(0.0:590726): avc: denied { getattr } for name="dmabuf:" dev="dmabuf" ino=1 scontext=u:r:untrusted_app:s0:c89,c257,c512,c768 tcontext=u:object_r:unlabeled:s0 tclass=filesystem permissive=0 app=com.mbwhatsapp
04-25 09:54:35.534 20112 20112 W RenderThread: type=1400 audit(0.0:590727): avc: denied { getattr } for name="dmabuf:" dev="dmabuf" ino=1 scontext=u:r:untrusted_app:s0:c89,c257,c512,c768 tcontext=u:object_r:unlabeled:s0 tclass=filesystem permissive=0 app=com.mbwhatsapp
04-25 09:54:35.540 20112 20255 E com.mbwhatsapp: == MALI DEBUG ===eglp_winsys_populate_image_templates ==12288
04-25 09:54:35.561 20112 20255 E com.mbwhatsapp: == MALI DEBUG ===eglp_winsys_populate_image_templates ==12288
04-25 09:54:35.554 20112 20112 W RenderThread: type=1400 audit(0.0:590728): avc: denied { getattr } for name="dmabuf:" dev="dmabuf" ino=1 scontext=u:r:untrusted_app:s0:c89,c257,c512,c768 tcontext=u:object_r:unlabeled:s0 tclass=filesystem permissive=0 app=com.mbwhatsapp
04-25 09:54:35.606 20112 20255 E com.mbwhatsapp: == MALI DEBUG ===eglp_winsys_populate_image_templates ==12288
04-25 09:54:35.602 20112 20112 W RenderThread: type=1400 audit(0.0:590729): avc: denied { getattr } for name="dmabuf:" dev="dmabuf" ino=1 scontext=u:r:untrusted_app:s0:c89,c257,c512,c768 tcontext=u:object_r:unlabeled:s0 tclass=filesystem permissive=0 app=com.mbwhatsapp
04-25 09:54:36.037 20112 23217 W Codec2Client: query -- param skipped: index = 1342179345.
04-25 09:54:36.037 20112 23217 W Codec2Client: query -- param skipped: index = 2415921170.
04-25 09:54:36.037 20112 23217 W Codec2Client: query -- param skipped: index = 1610614798.
04-25 09:54:36.042 20112 23227 W Codec2Client: query -- param skipped: index = 1342179345.
04-25 09:54:36.042 20112 23227 W Codec2Client: query -- param skipped: index = 2415921170.
04-25 09:54:36.042 20112 23227 W Codec2Client: query -- param skipped: index = 1610614798.
04-25 09:54:36.047 20112 23217 W BufferQueueProducer: [SurfaceTexture-0-20112-0] (id:4e9000000013,api:3,p:20112,c:20112) detachBuffer: slot 0 is not owned by the producer (state = FREE)
04-25 09:54:36.047 20112 23217 W BufferQueueProducer: [SurfaceTexture-0-20112-0] (id:4e9000000013,api:3,p:20112,c:20112) detachBuffer: slot 1 is not owned by the producer (state = FREE)
04-25 09:54:36.048 20112 23217 W BufferQueueProducer: [SurfaceTexture-0-20112-0] (id:4e9000000013,api:3,p:20112,c:20112) detachBuffer: slot 2 is not owned by the producer (state = FREE)
04-25 09:54:36.048 20112 23217 W BufferQueueProducer: [SurfaceTexture-0-20112-0] (id:4e9000000013,api:3,p:20112,c:20112) detachBuffer: slot 3 is not owned by the producer (state = FREE)
04-25 09:54:36.049 20112 23217 W BufferQueueProducer: [SurfaceTexture-0-20112-0] (id:4e9000000013,api:3,p:20112,c:20112) detachBuffer: slot 6 is not owned by the producer (state = FREE)
04-25 09:54:36.049 20112 23217 W BufferQueueProducer: [SurfaceTexture-0-20112-0] (id:4e9000000013,api:3,p:20112,c:20112) detachBuffer: slot 7 is not owned by the producer (state = FREE)
04-25 09:54:36.049 20112 23217 W BufferQueueProducer: [SurfaceTexture-0-20112-0] (id:4e9000000013,api:3,p:20112,c:20112) detachBuffer: slot 8 is not owned by the producer (state = FREE)
04-25 09:54:36.049 20112 23217 W BufferQueueProducer: [SurfaceTexture-0-20112-0] (id:4e9000000013,api:3,p:20112,c:20112) detachBuffer: slot 9 is not owned by the producer (state = ACQUIRED)
04-25 09:54:36.051 20112 23217 W BufferQueueProducer: [SurfaceTexture-0-20112-0] (id:4e9000000013,api:3,p:20112,c:20112) detachBuffer: slot 17 is not owned by the producer (state = FREE)
04-25 09:54:36.052 20112 23217 W BufferQueueProducer: [SurfaceTexture-0-20112-0] (id:4e9000000013,api:3,p:20112,c:20112) detachBuffer: slot 18 is not owned by the producer (state = FREE)
04-25 09:54:36.052 20112 23217 W BufferQueueProducer: [SurfaceTexture-0-20112-0] (id:4e9000000013,api:3,p:20112,c:20112) detachBuffer: slot 19 is not owned by the producer (state = FREE)
04-25 09:54:36.052 20112 23217 W BufferQueueProducer: [SurfaceTexture-0-20112-0] (id:4e9000000013,api:3,p:20112,c:20112) detachBuffer: slot 20 is not owned by the producer (state = FREE)
04-25 09:54:36.053 20112 23217 W BufferQueueProducer: [SurfaceTexture-0-20112-0] (id:4e9000000013,api:3,p:20112,c:20112) detachBuffer: slot 24 is not owned by the producer (state = FREE)
04-25 09:54:36.053 20112 23217 W BufferQueueProducer: [SurfaceTexture-0-20112-0] (id:4e9000000013,api:3,p:20112,c:20112) detachBuffer: slot 25 is not owned by the producer (state = FREE)
04-25 09:54:36.054 20112 23217 W BufferQueueProducer: [SurfaceTexture-0-20112-0] (id:4e9000000013,api:3,p:20112,c:20112) detachBuffer: slot 26 is not owned by the producer (state = FREE)
04-25 09:54:36.054 20112 23217 W BufferQueueProducer: [SurfaceTexture-0-20112-0] (id:4e9000000013,api:3,p:20112,c:20112) detachBuffer: slot 27 is not owned by the producer (state = FREE)
04-25 09:54:36.054 20112 23217 W BufferQueueProducer: [SurfaceTexture-0-20112-0] (id:4e9000000013,api:3,p:20112,c:20112) detachBuffer: slot 28 is not owned by the producer (state = FREE)
04-25 09:54:36.054 20112 23217 W BufferQueueProducer: [SurfaceTexture-0-20112-0] (id:4e9000000013,api:3,p:20112,c:20112) detachBuffer: slot 29 is not owned by the producer (state = FREE)
04-25 09:54:36.054 20112 23217 W BufferQueueProducer: [SurfaceTexture-0-20112-0] (id:4e9000000013,api:3,p:20112,c:20112) detachBuffer: slot 30 is not owned by the producer (state = FREE)
04-25 09:54:36.054 20112 23217 W BufferQueueProducer: [SurfaceTexture-0-20112-0] (id:4e9000000013,api:3,p:20112,c:20112) detachBuffer: slot 31 is not owned by the producer (state = FREE)
04-25 09:54:36.055 20112 23217 W BufferQueueProducer: [SurfaceTexture-0-20112-0] (id:4e9000000013,api:3,p:20112,c:20112) detachBuffer: slot 32 is not owned by the producer (state = FREE)
04-25 09:54:36.055 20112 23217 W BufferQueueProducer: [SurfaceTexture-0-20112-0] (id:4e9000000013,api:3,p:20112,c:20112) detachBuffer: slot 33 is not owned by the producer (state = FREE)
04-25 09:54:36.055 20112 23217 W BufferQueueProducer: [SurfaceTexture-0-20112-0] (id:4e9000000013,api:3,p:20112,c:20112) detachBuffer: slot 34 is not owned by the producer (state = FREE)
04-25 09:54:36.055 20112 23217 W BufferQueueProducer: [SurfaceTexture-0-20112-0] (id:4e9000000013,api:3,p:20112,c:20112) detachBuffer: slot 35 is not owned by the producer (state = FREE)
04-25 09:54:36.055 20112 23217 W BufferQueueProducer: [SurfaceTexture-0-20112-0] (id:4e9000000013,api:3,p:20112,c:20112) detachBuffer: slot 36 is not owned by the producer (state = FREE)
04-25 09:54:36.056 20112 23217 W BufferQueueProducer: [SurfaceTexture-0-20112-0] (id:4e9000000013,api:3,p:20112,c:20112) detachBuffer: slot 37 is not owned by the producer (state = FREE)
04-25 09:54:36.056 20112 23217 W BufferQueueProducer: [SurfaceTexture-0-20112-0] (id:4e9000000013,api:3,p:20112,c:20112) detachBuffer: slot 38 is not owned by the producer (state = FREE)
04-25 09:54:36.056 20112 23217 W BufferQueueProducer: [SurfaceTexture-0-20112-0] (id:4e9000000013,api:3,p:20112,c:20112) detachBuffer: slot 39 is not owned by the producer (state = FREE)
04-25 09:54:36.056 20112 23217 W BufferQueueProducer: [SurfaceTexture-0-20112-0] (id:4e9000000013,api:3,p:20112,c:20112) detachBuffer: slot 40 is not owned by the producer (state = FREE)
04-25 09:54:36.056 20112 23217 W BufferQueueProducer: [SurfaceTexture-0-20112-0] (id:4e9000000013,api:3,p:20112,c:20112) detachBuffer: slot 41 is not owned by the producer (state = FREE)
04-25 09:54:36.056 20112 23217 W BufferQueueProducer: [SurfaceTexture-0-20112-0] (id:4e9000000013,api:3,p:20112,c:20112) detachBuffer: slot 42 is not owned by the producer (state = FREE)
04-25 09:54:36.057 20112 23217 W BufferQueueProducer: [SurfaceTexture-0-20112-0] (id:4e9000000013,api:3,p:20112,c:20112) detachBuffer: slot 43 is not owned by the producer (state = FREE)
04-25 09:54:36.057 20112 23217 W BufferQueueProducer: [SurfaceTexture-0-20112-0] (id:4e9000000013,api:3,p:20112,c:20112) detachBuffer: slot 44 is not owned by the producer (state = FREE)
04-25 09:54:36.057 20112 23217 W BufferQueueProducer: [SurfaceTexture-0-20112-0] (id:4e9000000013,api:3,p:20112,c:20112) detachBuffer: slot 45 is not owned by the producer (state = FREE)
04-25 09:54:36.057 20112 23217 W BufferQueueProducer: [SurfaceTexture-0-20112-0] (id:4e9000000013,api:3,p:20112,c:20112) detachBuffer: slot 46 is not owned by the producer (state = FREE)
04-25 09:54:36.057 20112 23217 W BufferQueueProducer: [SurfaceTexture-0-20112-0] (id:4e9000000013,api:3,p:20112,c:20112) detachBuffer: slot 47 is not owned by the producer (state = FREE)
04-25 09:54:36.057 20112 23217 W BufferQueueProducer: [SurfaceTexture-0-20112-0] (id:4e9000000013,api:3,p:20112,c:20112) detachBuffer: slot 48 is not owned by the producer (state = FREE)
04-25 09:54:36.058 20112 23217 W BufferQueueProducer: [SurfaceTexture-0-20112-0] (id:4e9000000013,api:3,p:20112,c:20112) detachBuffer: slot 49 is not owned by the producer (state = FREE)
04-25 09:54:36.058 20112 23217 W BufferQueueProducer: [SurfaceTexture-0-20112-0] (id:4e9000000013,api:3,p:20112,c:20112) detachBuffer: slot 50 is not owned by the producer (state = FREE)
04-25 09:54:36.058 20112 23217 W BufferQueueProducer: [SurfaceTexture-0-20112-0] (id:4e9000000013,api:3,p:20112,c:20112) detachBuffer: slot 51 is not owned by the producer (state = FREE)
04-25 09:54:36.058 20112 23217 W BufferQueueProducer: [SurfaceTexture-0-20112-0] (id:4e9000000013,api:3,p:20112,c:20112) detachBuffer: slot 52 is not owned by the producer (state = FREE)
04-25 09:54:36.058 20112 23217 W BufferQueueProducer: [SurfaceTexture-0-20112-0] (id:4e9000000013,api:3,p:20112,c:20112) detachBuffer: slot 53 is not owned by the producer (state = FREE)
04-25 09:54:36.058 20112 23217 W BufferQueueProducer: [SurfaceTexture-0-20112-0] (id:4e9000000013,api:3,p:20112,c:20112) detachBuffer: slot 54 is not owned by the producer (state = FREE)
04-25 09:54:36.058 20112 23217 W BufferQueueProducer: [SurfaceTexture-0-20112-0] (id:4e9000000013,api:3,p:20112,c:20112) detachBuffer: slot 55 is not owned by the producer (state = FREE)
04-25 09:54:36.058 20112 23217 W BufferQueueProducer: [SurfaceTexture-0-20112-0] (id:4e9000000013,api:3,p:20112,c:20112) detachBuffer: slot 56 is not owned by the producer (state = FREE)
04-25 09:54:36.058 20112 23217 W BufferQueueProducer: [SurfaceTexture-0-20112-0] (id:4e9000000013,api:3,p:20112,c:20112) detachBuffer: slot 57 is not owned by the producer (state = FREE)
04-25 09:54:36.058 20112 23217 W BufferQueueProducer: [SurfaceTexture-0-20112-0] (id:4e9000000013,api:3,p:20112,c:20112) detachBuffer: slot 58 is not owned by the producer (state = FREE)
04-25 09:54:36.059 20112 23217 W BufferQueueProducer: [SurfaceTexture-0-20112-0] (id:4e9000000013,api:3,p:20112,c:20112) detachBuffer: slot 59 is not owned by the producer (state = FREE)
04-25 09:54:36.059 20112 23217 W BufferQueueProducer: [SurfaceTexture-0-20112-0] (id:4e9000000013,api:3,p:20112,c:20112) detachBuffer: slot 60 is not owned by the producer (state = FREE)
04-25 09:54:36.059 20112 23217 W BufferQueueProducer: [SurfaceTexture-0-20112-0] (id:4e9000000013,api:3,p:20112,c:20112) detachBuffer: slot 61 is not owned by the producer (state = FREE)
04-25 09:54:36.059 20112 23217 W BufferQueueProducer: [SurfaceTexture-0-20112-0] (id:4e9000000013,api:3,p:20112,c:20112) detachBuffer: slot 62 is not owned by the producer (state = FREE)
04-25 09:54:36.059 20112 23217 W BufferQueueProducer: [SurfaceTexture-0-20112-0] (id:4e9000000013,api:3,p:20112,c:20112) detachBuffer: slot 63 is not owned by the producer (state = FREE)
04-25 09:54:36.094 20112 23236 W BufferQueueProducer: [MediaCodec.release] (id:4e9000000019,api:3,p:20112,c:20112) detachBuffer: slot 12 is not owned by the producer (state = FREE)
04-25 09:54:36.095 20112 23236 W BufferQueueProducer: [MediaCodec.release] (id:4e9000000019,api:3,p:20112,c:20112) detachBuffer: slot 13 is not owned by the producer (state = FREE)
04-25 09:54:36.096 20112 23236 W BufferQueueProducer: [MediaCodec.release] (id:4e9000000019,api:3,p:20112,c:20112) detachBuffer: slot 14 is not owned by the producer (state = FREE)
04-25 09:54:36.097 20112 23236 W BufferQueueProducer: [MediaCodec.release] (id:4e9000000019,api:3,p:20112,c:20112) detachBuffer: slot 15 is not owned by the producer (state = FREE)
04-25 09:54:36.097 20112 23236 W BufferQueueProducer: [MediaCodec.release] (id:4e9000000019,api:3,p:20112,c:20112) detachBuffer: slot 16 is not owned by the producer (state = FREE)
04-25 09:54:36.098 20112 23236 W BufferQueueProducer: [MediaCodec.release] (id:4e9000000019,api:3,p:20112,c:20112) detachBuffer: slot 17 is not owned by the producer (state = FREE)
04-25 09:54:36.098 20112 23236 W BufferQueueProducer: [MediaCodec.release] (id:4e9000000019,api:3,p:20112,c:20112) detachBuffer: slot 18 is not owned by the producer (state = FREE)
04-25 09:54:36.098 20112 23236 W BufferQueueProducer: [MediaCodec.release] (id:4e9000000019,api:3,p:20112,c:20112) detachBuffer: slot 19 is not owned by the producer (state = FREE)
04-25 09:54:36.098 20112 23236 W BufferQueueProducer: [MediaCodec.release] (id:4e9000000019,api:3,p:20112,c:20112) detachBuffer: slot 20 is not owned by the producer (state = FREE)
04-25 09:54:36.098 20112 23236 W BufferQueueProducer: [MediaCodec.release] (id:4e9000000019,api:3,p:20112,c:20112) detachBuffer: slot 21 is not owned by the producer (state = FREE)
04-25 09:54:36.098 20112 23236 W BufferQueueProducer: [MediaCodec.release] (id:4e9000000019,api:3,p:20112,c:20112) detachBuffer: slot 22 is not owned by the producer (state = FREE)
04-25 09:54:36.098 20112 23236 W BufferQueueProducer: [MediaCodec.release] (id:4e9000000019,api:3,p:20112,c:20112) detachBuffer: slot 23 is not owned by the producer (state = FREE)
04-25 09:54:36.099 20112 23236 W BufferQueueProducer: [MediaCodec.release] (id:4e9000000019,api:3,p:20112,c:20112) detachBuffer: slot 24 is not owned by the producer (state = FREE)
04-25 09:54:36.099 20112 23236 W BufferQueueProducer: [MediaCodec.release] (id:4e9000000019,api:3,p:20112,c:20112) detachBuffer: slot 25 is not owned by the producer (state = FREE)
04-25 09:54:36.099 20112 23236 W BufferQueueProducer: [MediaCodec.release] (id:4e9000000019,api:3,p:20112,c:20112) detachBuffer: slot 26 is not owned by the producer (state = FREE)
04-25 09:54:36.100 20112 23236 W BufferQueueProducer: [MediaCodec.release] (id:4e9000000019,api:3,p:20112,c:20112) detachBuffer: slot 27 is not owned by the producer (state = FREE)
04-25 09:54:36.101 20112 20209 E SQLiteDatabase: Error inserting transferred=0 media_job_uuid=66683a38-6cf0-40ac-9c28-ec8091bbeec8 transcoded=0 gif_attribution=0 first_scan_length=0 direct_path=/v/t62.7161- 24/31566074_7192829377493454_8861144318928342597_n.enc?ccb=11- 4&oh=01_Q5AaIEffqQvVb1oeCnHuV0vb0xXFE0C4NQNERH02tPqcyDp_&oe=66508F41&_nc_sid=5e03e0 thumbnail_height_width_ratio=0.0 is_animated_sticker=0 file_hash=nxUFhCjxgDuK6NXP3pVhEYMtDhyxR6Yv06X3u8ky+A4= file_path=null file_size=0 partial_media_hash=null face_x=0 face_y=0 height=656 trim_to=0 media_key_timestamp=1713977796000 message_url=https://mmg.whatsapp.net/v/t62.7161- 24/31566074_7192829377493454_8861144318928342597_n.enc?ccb=11- 4&oh=01_Q5AaIEffqQvVb1oeCnHuV0vb0xXFE0C4NQNERH02tPqcyDp_&oe=66508F41&_nc_sid=5e03e0 &mms3=true media_caption=null trim_from=0 mime_type=video/mp4 partial_media_enc_hash=null width=384 original_file_hash=null has_streaming_sidecar=1 autotransfer_retry_enabled=0 media_upload_handle=null message_row_id=171 multicast_id=null enc_file_hash=8sgmAVcT79TzcADImpfPhBLYQeBNUb/jbWxmkfkNXgg= mute_video=0 page_count=0 first_scan_sidecar=null suspicious_content=0 file_length=5200924 media_name=null media_duration=30 chat_row_id=25 media_key=[B@225405b
04-25 09:54:36.101 20112 20209 E SQLiteDatabase: android.database.sqlite.SQLiteConstraintException: UNIQUE constraint failed: message_media.message_row_id (code 1555 SQLITE_CONSTRAINT_PRIMARYKEY)
04-25 09:54:36.101 20112 20209 E SQLiteDatabase: at android.database.sqlite.SQLiteConnection.nativeExecuteForLastInsertedRowId(Native Method)
04-25 09:54:36.101 20112 20209 E SQLiteDatabase: at android.database.sqlite.SQLiteConnection.executeForLastInsertedRowId(SQLiteConnecti on.java:961)
04-25 09:54:36.101 20112 20209 E SQLiteDatabase: at android.database.sqlite.SQLiteSession.executeForLastInsertedRowId(SQLiteSession.jav a:790)
04-25 09:54:36.101 20112 20209 E SQLiteDatabase: at android.database.sqlite.SQLiteStatement.executeInsert(SQLiteStatement.java:89)
04-25 09:54:36.101 20112 20209 E SQLiteDatabase: at android.database.sqlite.SQLiteDatabase.insertWithOnConflict(SQLiteDatabase.java:186 8)
04-25 09:54:36.101 20112 20209 E SQLiteDatabase: at android.database.sqlite.SQLiteDatabase.insert(SQLiteDatabase.java:1737)
04-25 09:54:36.101 20112 20209 E SQLiteDatabase: at X.2tm.A08(Unknown Source:6)
04-25 09:54:36.101 20112 20209 E SQLiteDatabase: at X.35Y.A07(Unknown Source:212)
04-25 09:54:36.101 20112 20209 E SQLiteDatabase: at X.3QF.A14(Unknown Source:470)
04-25 09:54:36.101 20112 20209 E SQLiteDatabase: at X.3gU.run(Unknown Source:982)
04-25 09:54:36.101 20112 20209 E SQLiteDatabase: at android.os.Handler.handleCallback(Handler.java:942)
04-25 09:54:36.101 20112 20209 E SQLiteDatabase: at android.os.Handler.dispatchMessage(Handler.java:99)
04-25 09:54:36.101 20112 20209 E SQLiteDatabase: at X.0zq.dispatchMessage(Unknown Source:4)
04-25 09:54:36.101 20112 20209 E SQLiteDatabase: at android.os.Looper.loopOnce(Looper.java:211)
04-25 09:54:36.101 20112 20209 E SQLiteDatabase: at android.os.Looper.loop(Looper.java:300)
04-25 09:54:36.101 20112 20209 E SQLiteDatabase: at android.os.HandlerThread.run(HandlerThread.java:67)
04-25 09:54:36.103 20112 23236 W BufferQueueProducer: [MediaCodec.release] (id:4e9000000019,api:3,p:20112,c:20112) detachBuffer: slot 28 is not owned by the producer (state = FREE)
04-25 09:54:36.106 20112 23236 W BufferQueueProducer: [MediaCodec.release] (id:4e9000000019,api:3,p:20112,c:20112) detachBuffer: slot 29 is not owned by the producer (state = FREE)
04-25 09:54:36.107 20112 23236 W BufferQueueProducer: [MediaCodec.release] (id:4e9000000019,api:3,p:20112,c:20112) detachBuffer: slot 30 is not owned by the producer (state = FREE)
04-25 09:54:36.107 20112 23236 W BufferQueueProducer: [MediaCodec.release] (id:4e9000000019,api:3,p:20112,c:20112) detachBuffer: slot 31 is not owned by the producer (state = FREE)
04-25 09:54:36.108 20112 23236 W BufferQueueProducer: [MediaCodec.release] (id:4e9000000019,api:3,p:20112,c:20112) detachBuffer: slot 32 is not owned by the producer (state = FREE)
04-25 09:54:36.108 20112 23236 W BufferQueueProducer: [MediaCodec.release] (id:4e9000000019,api:3,p:20112,c:20112) detachBuffer: slot 33 is not owned by the producer (state = FREE)
04-25 09:54:36.109 20112 23236 W BufferQueueProducer: [MediaCodec.release] (id:4e9000000019,api:3,p:20112,c:20112) detachBuffer: slot 34 is not owned by the producer (state = FREE)
04-25 09:54:36.111 20112 23236 W BufferQueueProducer: [MediaCodec.release] (id:4e9000000019,api:3,p:20112,c:20112) detachBuffer: slot 35 is not owned by the producer (state = FREE)
04-25 09:54:36.111 20112 23236 W BufferQueueProducer: [MediaCodec.release] (id:4e9000000019,api:3,p:20112,c:20112) detachBuffer: slot 36 is not owned by the producer (state = FREE)
04-25 09:54:36.111 20112 23236 W BufferQueueProducer: [MediaCodec.release] (id:4e9000000019,api:3,p:20112,c:20112) detachBuffer: slot 37 is not owned by the producer (state = FREE)
04-25 09:54:36.111 20112 23236 W BufferQueueProducer: [MediaCodec.release] (id:4e9000000019,api:3,p:20112,c:20112) detachBuffer: slot 38 is not owned by the producer (state = FREE)
04-25 09:54:36.111 20112 23236 W BufferQueueProducer: [MediaCodec.release] (id:4e9000000019,api:3,p:20112,c:20112) detachBuffer: slot 39 is not owned by the producer (state = FREE)
04-25 09:54:36.112 20112 23236 W BufferQueueProducer: [MediaCodec.release] (id:4e9000000019,api:3,p:20112,c:20112) detachBuffer: slot 40 is not owned by the producer (state = FREE)
04-25 09:54:36.112 20112 23236 W BufferQueueProducer: [MediaCodec.release] (id:4e9000000019,api:3,p:20112,c:20112) detachBuffer: slot 41 is not owned by the producer (state = FREE)
04-25 09:54:36.112 20112 23236 W BufferQueueProducer: [MediaCodec.release] (id:4e9000000019,api:3,p:20112,c:20112) detachBuffer: slot 42 is not owned by the producer (state = FREE)
04-25 09:54:36.112 20112 23236 W BufferQueueProducer: [MediaCodec.release] (id:4e9000000019,api:3,p:20112,c:20112) detachBuffer: slot 43 is not owned by the producer (state = FREE)
04-25 09:54:36.112 20112 23236 W BufferQueueProducer: [MediaCodec.release] (id:4e9000000019,api:3,p:20112,c:20112) detachBuffer: slot 44 is not owned by the producer (state = FREE)
04-25 09:54:36.112 20112 23236 W BufferQueueProducer: [MediaCodec.release] (id:4e9000000019,api:3,p:20112,c:20112) detachBuffer: slot 45 is not owned by the producer (state = FREE)
04-25 09:54:36.112 20112 23236 W BufferQueueProducer: [MediaCodec.release] (id:4e9000000019,api:3,p:20112,c:20112) detachBuffer: slot 46 is not owned by the producer (state = FREE)
04-25 09:54:36.112 20112 23236 W BufferQueueProducer: [MediaCodec.release] (id:4e9000000019,api:3,p:20112,c:20112) detachBuffer: slot 47 is not owned by the producer (state = FREE)
04-25 09:54:36.113 20112 23236 W BufferQueueProducer: [MediaCodec.release] (id:4e9000000019,api:3,p:20112,c:20112) detachBuffer: slot 48 is not owned by the producer (state = FREE)
04-25 09:54:36.113 20112 23236 W BufferQueueProducer: [MediaCodec.release] (id:4e9000000019,api:3,p:20112,c:20112) detachBuffer: slot 49 is not owned by the producer (state = FREE)
04-25 09:54:36.113 20112 23236 W BufferQueueProducer: [MediaCodec.release] (id:4e9000000019,api:3,p:20112,c:20112) detachBuffer: slot 50 is not owned by the producer (state = FREE)
04-25 09:54:36.113 20112 23236 W BufferQueueProducer: [MediaCodec.release] (id:4e9000000019,api:3,p:20112,c:20112) detachBuffer: slot 51 is not owned by the producer (state = FREE)
04-25 09:54:36.114 20112 23236 W BufferQueueProducer: [MediaCodec.release] (id:4e9000000019,api:3,p:20112,c:20112) detachBuffer: slot 52 is not owned by the producer (state = FREE)
04-25 09:54:36.114 20112 23236 W BufferQueueProducer: [MediaCodec.release] (id:4e9000000019,api:3,p:20112,c:20112) detachBuffer: slot 53 is not owned by the producer (state = FREE)
04-25 09:54:36.114 20112 23236 W BufferQueueProducer: [MediaCodec.release] (id:4e9000000019,api:3,p:20112,c:20112) detachBuffer: slot 54 is not owned by the producer (state = FREE)
04-25 09:54:36.114 20112 23236 W BufferQueueProducer: [MediaCodec.release] (id:4e9000000019,api:3,p:20112,c:20112) detachBuffer: slot 55 is not owned by the producer (state = FREE)
04-25 09:54:36.114 20112 23236 W BufferQueueProducer: [MediaCodec.release] (id:4e9000000019,api:3,p:20112,c:20112) detachBuffer: slot 56 is not owned by the producer (state = FREE)
04-25 09:54:36.115 20112 23236 W BufferQueueProducer: [MediaCodec.release] (id:4e9000000019,api:3,p:20112,c:20112) detachBuffer: slot 57 is not owned by the producer (state = FREE)
04-25 09:54:36.115 20112 23236 W BufferQueueProducer: [MediaCodec.release] (id:4e9000000019,api:3,p:20112,c:20112) detachBuffer: slot 58 is not owned by the producer (state = FREE)
04-25 09:54:36.115 20112 23236 W BufferQueueProducer: [MediaCodec.release] (id:4e9000000019,api:3,p:20112,c:20112) detachBuffer: slot 59 is not owned by the producer (state = FREE)
04-25 09:54:36.115 20112 23236 W BufferQueueProducer: [MediaCodec.release] (id:4e9000000019,api:3,p:20112,c:20112) detachBuffer: slot 60 is not owned by the producer (state = FREE)
04-25 09:54:36.115 20112 23236 W BufferQueueProducer: [MediaCodec.release] (id:4e9000000019,api:3,p:20112,c:20112) detachBuffer: slot 61 is not owned by the producer (state = FREE)
04-25 09:54:36.116 20112 23236 W BufferQueueProducer: [MediaCodec.release] (id:4e9000000019,api:3,p:20112,c:20112) detachBuffer: slot 62 is not owned by the producer (state = FREE)
04-25 09:54:36.116 20112 23236 W BufferQueueProducer: [MediaCodec.release] (id:4e9000000019,api:3,p:20112,c:20112) detachBuffer: slot 63 is not owned by the producer (state = FREE)
04-25 09:54:36.125 20112 22650 E BufferQueueProducer: [MediaCodec.release] (id:4e9000000019,api:0,p:-1,c:20112) cancelBuffer: BufferQueue has no connected producer
04-25 09:54:36.127 20112 22650 E BufferQueueProducer: [MediaCodec.release] (id:4e9000000019,api:0,p:-1,c:20112) cancelBuffer: BufferQueue has no connected producer
04-25 09:54:36.128 20112 22650 E BufferQueueProducer: [MediaCodec.release] (id:4e9000000019,api:0,p:-1,c:20112) cancelBuffer: BufferQueue has no connected producer
04-25 09:54:36.128 20112 22650 E BufferQueueProducer: [MediaCodec.release] (id:4e9000000019,api:0,p:-1,c:20112) cancelBuffer: BufferQueue has no connected producer
04-25 09:54:36.128 20112 22650 E BufferQueueProducer: [MediaCodec.release] (id:4e9000000019,api:0,p:-1,c:20112) cancelBuffer: BufferQueue has no connected producer
04-25 09:54:36.128 20112 22650 E BufferQueueProducer: [MediaCodec.release] (id:4e9000000019,api:0,p:-1,c:20112) cancelBuffer: BufferQueue has no connected producer
04-25 09:54:36.129 20112 22650 E BufferQueueProducer: [MediaCodec.release] (id:4e9000000019,api:0,p:-1,c:20112) cancelBuffer: BufferQueue has no connected producer
04-25 09:54:36.129 20112 22650 E BufferQueueProducer: [MediaCodec.release] (id:4e9000000019,api:0,p:-1,c:20112) cancelBuffer: BufferQueue has no connected producer
04-25 09:54:36.130 20112 22650 E BufferQueueProducer: [MediaCodec.release] (id:4e9000000019,api:0,p:-1,c:20112) cancelBuffer: BufferQueue has no connected producer
04-25 09:54:36.130 20112 22650 E BufferQueueProducer: [MediaCodec.release] (id:4e9000000019,api:0,p:-1,c:20112) cancelBuffer: BufferQueue has no connected producer
04-25 09:54:36.130 20112 22650 E BufferQueueProducer: [MediaCodec.release] (id:4e9000000019,api:0,p:-1,c:20112) cancelBuffer: BufferQueue has no connected producer
04-25 09:54:36.130 20112 22650 E BufferQueueProducer: [MediaCodec.release] (id:4e9000000019,api:0,p:-1,c:20112) cancelBuffer: BufferQueue has no connected producer
04-25 09:54:36.151 20112 20209 E SQLiteDatabase: Error inserting transferred=0 media_job_uuid=66683a38-6cf0-40ac-9c28-ec8091bbeec8 transcoded=0 gif_attribution=0 first_scan_length=0 direct_path=/v/t62.7161- 24/31566074_7192829377493454_8861144318928342597_n.enc?ccb=11- 4&oh=01_Q5AaIEffqQvVb1oeCnHuV0vb0xXFE0C4NQNERH02tPqcyDp_&oe=66508F41&_nc_sid=5e03e0 thumbnail_height_width_ratio=0.0 is_animated_sticker=0 file_hash=nxUFhCjxgDuK6NXP3pVhEYMtDhyxR6Yv06X3u8ky+A4= file_path=null file_size=0 partial_media_hash=null face_x=0 face_y=0 height=656 trim_to=0 media_key_timestamp=1713977796000 message_url=https://mmg.whatsapp.net/v/t62.7161- 24/31566074_7192829377493454_8861144318928342597_n.enc?ccb=11- 4&oh=01_Q5AaIEffqQvVb1oeCnHuV0vb0xXFE0C4NQNERH02tPqcyDp_&oe=66508F41&_nc_sid=5e03e0 &mms3=true media_caption=null trim_from=0 mime_type=video/mp4 partial_media_enc_hash=null width=384 original_file_hash=null has_streaming_sidecar=1 autotransfer_retry_enabled=0 media_upload_handle=null message_row_id=171 multicast_id=null enc_file_hash=8sgmAVcT79TzcADImpfPhBLYQeBNUb/jbWxmkfkNXgg= mute_video=0 page_count=0 first_scan_sidecar=null suspicious_content=0 file_length=5200924 media_name=null media_duration=30 chat_row_id=25 media_key=[B@225405b
04-25 09:54:36.151 20112 20209 E SQLiteDatabase: android.database.sqlite.SQLiteConstraintException: UNIQUE constraint failed: message_media.message_row_id (code 1555 SQLITE_CONSTRAINT_PRIMARYKEY)
04-25 09:54:36.151 20112 20209 E SQLiteDatabase: at android.database.sqlite.SQLiteConnection.nativeExecuteForLastInsertedRowId(Native Method)
04-25 09:54:36.151 20112 20209 E SQLiteDatabase: at android.database.sqlite.SQLiteConnection.executeForLastInsertedRowId(SQLiteConnecti on.java:961)
04-25 09:54:36.151 20112 20209 E SQLiteDatabase: at android.database.sqlite.SQLiteSession.executeForLastInsertedRowId(SQLiteSession.jav a:790)
04-25 09:54:36.151 20112 20209 E SQLiteDatabase: at android.database.sqlite.SQLiteStatement.executeInsert(SQLiteStatement.java:89)
04-25 09:54:36.151 20112 20209 E SQLiteDatabase: at android.database.sqlite.SQLiteDatabase.insertWithOnConflict(SQLiteDatabase.java:186 8)
04-25 09:54:36.151 20112 20209 E SQLiteDatabase: at android.database.sqlite.SQLiteDatabase.insert(SQLiteDatabase.java:1737)
04-25 09:54:36.151 20112 20209 E SQLiteDatabase: at X.2tm.A08(Unknown Source:6)
04-25 09:54:36.151 20112 20209 E SQLiteDatabase: at X.35Y.A07(Unknown Source:212)
04-25 09:54:36.151 20112 20209 E SQLiteDatabase: at X.3QF.A14(Unknown Source:470)
04-25 09:54:36.151 20112 20209 E SQLiteDatabase: at X.3gU.run(Unknown Source:982)
04-25 09:54:36.151 20112 20209 E SQLiteDatabase: at android.os.Handler.handleCallback(Handler.java:942)
04-25 09:54:36.151 20112 20209 E SQLiteDatabase: at android.os.Handler.dispatchMessage(Handler.java:99)
04-25 09:54:36.151 20112 20209 E SQLiteDatabase: at X.0zq.dispatchMessage(Unknown Source:4)
04-25 09:54:36.151 20112 20209 E SQLiteDatabase: at android.os.Looper.loopOnce(Looper.java:211)
04-25 09:54:36.151 20112 20209 E SQLiteDatabase: at android.os.Looper.loop(Looper.java:300)
04-25 09:54:36.151 20112 20209 E SQLiteDatabase: at android.os.HandlerThread.run(HandlerThread.java:67)
04-25 09:54:36.689 20112 20255 W Parcel : Expecting binder but got null!
04-25 09:54:36.735 20112 20112 W BottomSheetBehavior: BottomSheetBehavior now supports multiple callbacks. `setBottomSheetCallback()` removes all existing callbacks, including ones set internally by library authors, which may result in unintended behavior. This may change in the future. Please use `addBottomSheetCallback()` and `removeBottomSheetCallback()` instead to set your own callbacks.
04-25 09:54:36.735 20112 20112 W BottomSheetBehavior: BottomSheetBehavior now supports multiple callbacks. `setBottomSheetCallback()` removes all existing callbacks, including ones set internally by library authors, which may result in unintended behavior. This may change in the future. Please use `addBottomSheetCallback()` and `removeBottomSheetCallback()` instead to set your own callbacks.
04-25 09:54:36.784 20112 20112 W BottomSheetBehavior: BottomSheetBehavior now supports multiple callbacks. `setBottomSheetCallback()` removes all existing callbacks, including ones set internally by library authors, which may result in unintended behavior. This may change in the future. Please use `addBottomSheetCallback()` and `removeBottomSheetCallback()` instead to set your own callbacks.
04-25 09:54:36.784 20112 20112 W BottomSheetBehavior: BottomSheetBehavior now supports multiple callbacks. `setBottomSheetCallback()` removes all existing callbacks, including ones set internally by library authors, which may result in unintended behavior. This may change in the future. Please use `addBottomSheetCallback()` and `removeBottomSheetCallback()` instead to set your own callbacks.
04-25 09:54:36.810 20112 20112 W BottomSheetBehavior: BottomSheetBehavior now supports multiple callbacks. `setBottomSheetCallback()` removes all existing callbacks, including ones set internally by library authors, which may result in unintended behavior. This may change in the future. Please use `addBottomSheetCallback()` and `removeBottomSheetCallback()` instead to set your own callbacks.
04-25 09:54:36.810 20112 20112 W BottomSheetBehavior: BottomSheetBehavior now supports multiple callbacks. `setBottomSheetCallback()` removes all existing callbacks, including ones set internally by library authors, which may result in unintended behavior. This may change in the future. Please use `addBottomSheetCallback()` and `removeBottomSheetCallback()` instead to set your own callbacks.
04-25 09:54:36.864 20112 20112 E RecyclerView: No adapter attached; skipping layout
04-25 09:54:37.088 20112 23246 W ColorUtils: expected specified color aspects (2:0:0:0)
04-25 09:54:37.103 20112 23246 W Codec2Client: query -- param skipped: index = 1107298332.
04-25 09:54:37.103 20112 23246 W CCodec : This behavior is subject to change. It is recommended that app developers double check whether the requested max input size is in reasonable range.
04-25 09:54:37.112 20112 23246 W Codec2Client: query -- param skipped: index = 1342179345.
04-25 09:54:37.112 20112 23246 W Codec2Client: query -- param skipped: index = 2415921170.
04-25 09:54:37.112 20112 23246 W Codec2Client: query -- param skipped: index = 1610614798.
04-25 09:54:37.204 20112 23255 W Codec2Client: query -- param skipped: index = 1107298332.
04-25 09:54:37.204 20112 23255 W CCodec : This behavior is subject to change. It is recommended that app developers double check whether the requested max input size is in reasonable range.
04-25 09:54:37.215 20112 23255 W Codec2Client: query -- param skipped: index = 1342179345.
04-25 09:54:37.215 20112 23255 W Codec2Client: query -- param skipped: index = 2415921170.
04-25 09:54:37.215 20112 23255 W Codec2Client: query -- param skipped: index = 1610614798.
04-25 09:54:37.282 20112 20255 E com.mbwhatsapp: == MALI DEBUG ===eglp_winsys_populate_image_templates ==12288
04-25 09:54:37.278 20112 20112 W RenderThread: type=1400 audit(0.0:590731): avc: denied { getattr } for name="dmabuf:" dev="dmabuf" ino=1 scontext=u:r:untrusted_app:s0:c89,c257,c512,c768 tcontext=u:object_r:unlabeled:s0 tclass=filesystem permissive=0 app=com.mbwhatsapp
04-25 09:54:37.312 20112 23242 W libc : Access denied finding property "vendor.audio.cpu.sched"
04-25 09:54:37.312 20112 23242 W libc : Access denied finding property "vendor.audio.rt.mode"
04-25 09:54:37.420 20112 23245 W MediaCodec: [mId: 4] video-debug onReleaseOutputBuffer: Render time interval reaches 146ms before pts: 33333
04-25 09:54:37.444 20112 20255 E com.mbwhatsapp: == MALI DEBUG ===eglp_winsys_populate_image_templates ==12288
04-25 09:54:37.438 20112 20112 W RenderThread: type=1400 audit(0.0:590732): avc: denied { getattr } for name="dmabuf:" dev="dmabuf" ino=1 scontext=u:r:untrusted_app:s0:c89,c257,c512,c768 tcontext=u:object_r:unlabeled:s0 tclass=filesystem permissive=0 app=com.mbwhatsapp
04-25 09:54:37.523 20112 20255 E com.mbwhatsapp: == MALI DEBUG ===eglp_winsys_populate_image_templates ==12288
04-25 09:54:37.518 20112 20112 W RenderThread: type=1400 audit(0.0:590733): avc: denied { getattr } for name="dmabuf:" dev="dmabuf" ino=1 scontext=u:r:untrusted_app:s0:c89,c257,c512,c768 tcontext=u:object_r:unlabeled:s0 tclass=filesystem permissive=0 app=com.mbwhatsapp
04-25 09:54:37.546 20112 20112 W RenderThread: type=1400 audit(0.0:590734): avc: denied { getattr } for name="dmabuf:" dev="dmabuf" ino=1 scontext=u:r:untrusted_app:s0:c89,c257,c512,c768 tcontext=u:object_r:unlabeled:s0 tclass=filesystem permissive=0 app=com.mbwhatsapp
04-25 09:54:37.553 20112 20255 E com.mbwhatsapp: == MALI DEBUG ===eglp_winsys_populate_image_templates ==12288
04-25 09:54:37.586 20112 20255 E com.mbwhatsapp: == MALI DEBUG ===eglp_winsys_populate_image_templates ==12288
04-25 09:54:37.582 20112 20112 W RenderThread: type=1400 audit(0.0:590735): avc: denied { getattr } for name="dmabuf:" dev="dmabuf" ino=1 scontext=u:r:untrusted_app:s0:c89,c257,c512,c768 tcontext=u:object_r:unlabeled:s0 tclass=filesystem permissive=0 app=com.mbwhatsapp
04-25 09:54:37.608 20112 20255 E com.mbwhatsapp: == MALI DEBUG ===eglp_winsys_populate_image_templates ==12288
04-25 09:54:37.641 20112 20255 E com.mbwhatsapp: == MALI DEBUG ===eglp_winsys_populate_image_templates ==12288
04-25 09:54:37.686 20112 20255 E com.mbwhatsapp: == MALI DEBUG ===eglp_winsys_populate_image_templates ==12288
04-25 09:54:37.711 20112 20255 E com.mbwhatsapp: == MALI DEBUG ===eglp_winsys_populate_image_templates ==12288
04-25 09:54:37.749 20112 20255 E com.mbwhatsapp: == MALI DEBUG ===eglp_winsys_populate_image_templates ==12288
04-25 09:54:37.774 20112 20255 E com.mbwhatsapp: == MALI DEBUG ===eglp_winsys_populate_image_templates ==12288
04-25 09:54:37.831 20112 20255 E com.mbwhatsapp: == MALI DEBUG ===eglp_winsys_populate_image_templates ==12288
04-25 09:54:37.853 20112 20255 E com.mbwhatsapp: == MALI DEBUG ===eglp_winsys_populate_image_templates ==12288
04-25 09:54:37.906 20112 20255 E com.mbwhatsapp: == MALI DEBUG ===eglp_winsys_populate_image_templates ==12288
04-25 09:54:37.943 20112 20255 E com.mbwhatsapp: == MALI DEBUG ===eglp_winsys_populate_image_templates ==12288
04-25 09:54:37.958 20112 20209 E SQLiteDatabase: Error inserting transferred=1 media_job_uuid=8eb9698a-f33b-492b-a09c-462062e43504 transcoded=0 gif_attribution=0 first_scan_length=0 direct_path=/v/t62.7161- 24/30617612_7539171992814541_6443554454280509339_n.enc?ccb=11- 4&oh=01_Q5AaIJyNzITNut8SB0qqp86r7jMVFYGcNIBXei2UeU2zd3hQ&oe=66514C5E&_nc_sid=5e03e0 thumbnail_height_width_ratio=1.7857143 is_animated_sticker=0 file_hash=Z72F9ekPrEcrwCI0pouaNFgHHSJxv+pCpNfreDQqkIA= file_path=Media/.Statuses/5331acf92c5641f18efae474f1eee33a.mp4 file_size=894392 partial_media_hash=null face_x=0 face_y=0 height=640 trim_to=0 media_key_timestamp=1714019505000 message_url=https://mmg.whatsapp.net/v/t62.7161- 24/30617612_7539171992814541_6443554454280509339_n.enc?ccb=11- 4&oh=01_Q5AaIJyNzITNut8SB0qqp86r7jMVFYGcNIBXei2UeU2zd3hQ&oe=66514C5E&_nc_sid=5e03e0 &mms3=true media_caption=null trim_from=0 mime_type=video/mp4 partial_media_enc_hash=null width=360 original_file_hash=null has_streaming_sidecar=1 autotransfer_retry_enabled=1 media_upload_handle=null message_row_id=163 multicast_id=null enc_file_hash=IOCjIUZ4BdXRJkvZ5SOlJ8ES04pBkwfeO0d16pTaur4= mute_video=0 page_count=0 first_scan_sidecar=null suspicious_content=0 file_length=894392 media_name=null media_duration=9 chat_row_id=25 media_key=[B@e67d437
04-25 09:54:37.958 20112 20209 E SQLiteDatabase: android.database.sqlite.SQLiteConstraintException: UNIQUE constraint failed: message_media.message_row_id (code 1555 SQLITE_CONSTRAINT_PRIMARYKEY)
04-25 09:54:37.958 20112 20209 E SQLiteDatabase: at android.database.sqlite.SQLiteConnection.nativeExecuteForLastInsertedRowId(Native Method)
04-25 09:54:37.958 20112 20209 E SQLiteDatabase: at android.database.sqlite.SQLiteConnection.executeForLastInsertedRowId(SQLiteConnecti on.java:961)
04-25 09:54:37.958 20112 20209 E SQLiteDatabase: at android.database.sqlite.SQLiteSession.executeForLastInsertedRowId(SQLiteSession.jav a:790)
04-25 09:54:37.958 20112 20209 E SQLiteDatabase: at android.database.sqlite.SQLiteStatement.executeInsert(SQLiteStatement.java:89)
04-25 09:54:37.958 20112 20209 E SQLiteDatabase: at android.database.sqlite.SQLiteDatabase.insertWithOnConflict(SQLiteDatabase.java:186 8)
04-25 09:54:37.958 20112 20209 E SQLiteDatabase: at android.database.sqlite.SQLiteDatabase.insert(SQLiteDatabase.java:1737)
04-25 09:54:37.958 20112 20209 E SQLiteDatabase: at X.2tm.A08(Unknown Source:6)
04-25 09:54:37.958 20112 20209 E SQLiteDatabase: at X.35Y.A07(Unknown Source:212)
04-25 09:54:37.958 20112 20209 E SQLiteDatabase: at X.3QF.A14(Unknown Source:470)
04-25 09:54:37.958 20112 20209 E SQLiteDatabase: at X.3gU.run(Unknown Source:982)
04-25 09:54:37.958 20112 20209 E SQLiteDatabase: at android.os.Handler.handleCallback(Handler.java:942)
04-25 09:54:37.958 20112 20209 E SQLiteDatabase: at android.os.Handler.dispatchMessage(Handler.java:99)
04-25 09:54:37.958 20112 20209 E SQLiteDatabase: at X.0zq.dispatchMessage(Unknown Source:4)
04-25 09:54:37.958 20112 20209 E SQLiteDatabase: at android.os.Looper.loopOnce(Looper.java:211)
04-25 09:54:37.958 20112 20209 E SQLiteDatabase: at android.os.Looper.loop(Looper.java:300)
04-25 09:54:37.958 20112 20209 E SQLiteDatabase: at android.os.HandlerThread.run(HandlerThread.java:67)
04-25 09:54:37.995 20112 20255 E com.mbwhatsapp: == MALI DEBUG ===eglp_winsys_populate_image_templates ==12288
04-25 09:54:38.059 20112 20255 E com.mbwhatsapp: == MALI DEBUG ===eglp_winsys_populate_image_templates ==12288
04-25 09:54:38.391 20112 20209 E SQLiteDatabase: Error inserting transferred=0 media_job_uuid=8627042d-1b11-499e-b5a7-30a99c9e3f25 transcoded=0 gif_attribution=0 first_scan_length=0 direct_path=/v/t62.7161- 24/30958287_963915205139527_2036545865709028525_n.enc?ccb=11- 4&oh=01_Q5AaILLDX9dLY85HfHrX-d-Za3yXWw6DFfFi3aPlHP5-CfRE&oe=665142C5&_nc_sid=5e03e0 thumbnail_height_width_ratio=0.0 is_animated_sticker=0 file_hash=5J6Hzeq2uuQWn4NyWuxzQt+XeUrDVrr+Gp5yOHMfq/Y= file_path=null file_size=0 partial_media_hash=null face_x=0 face_y=0 height=1024 trim_to=0 media_key_timestamp=1714019507000 message_url=https://mmg.whatsapp.net/v/t62.7161- 24/30958287_963915205139527_2036545865709028525_n.enc?ccb=11- 4&oh=01_Q5AaILLDX9dLY85HfHrX-d-Za3yXWw6DFfFi3aPlHP5- CfRE&oe=665142C5&_nc_sid=5e03e0&mms3=true media_caption=null trim_from=0 mime_type=video/mp4 partial_media_enc_hash=null width=576 original_file_hash=null has_streaming_sidecar=1 autotransfer_retry_enabled=1 media_upload_handle=null message_row_id=162 multicast_id=null enc_file_hash=5aMj8amY5/W3cIN3bZYn+QToxZW2P0xEwQkXgHcXNFE= mute_video=0 page_count=0 first_scan_sidecar=null suspicious_content=0 file_length=1095119 media_name=null media_duration=10 chat_row_id=25 media_key=[B@2019388
04-25 09:54:38.391 20112 20209 E SQLiteDatabase: android.database.sqlite.SQLiteConstraintException: UNIQUE constraint failed: message_media.message_row_id (code 1555 SQLITE_CONSTRAINT_PRIMARYKEY)
04-25 09:54:38.391 20112 20209 E SQLiteDatabase: at android.database.sqlite.SQLiteConnection.nativeExecuteForLastInsertedRowId(Native Method)
04-25 09:54:38.391 20112 20209 E SQLiteDatabase: at android.database.sqlite.SQLiteConnection.executeForLastInsertedRowId(SQLiteConnecti on.java:961)
04-25 09:54:38.391 20112 20209 E SQLiteDatabase: at android.database.sqlite.SQLiteSession.executeForLastInsertedRowId(SQLiteSession.jav a:790)
04-25 09:54:38.391 20112 20209 E SQLiteDatabase: at android.database.sqlite.SQLiteStatement.executeInsert(SQLiteStatement.java:89)
04-25 09:54:38.391 20112 20209 E SQLiteDatabase: at android.database.sqlite.SQLiteDatabase.insertWithOnConflict(SQLiteDatabase.java:186 8)
04-25 09:54:38.391 20112 20209 E SQLiteDatabase: at android.database.sqlite.SQLiteDatabase.insert(SQLiteDatabase.java:1737)
04-25 09:54:38.391 20112 20209 E SQLiteDatabase: at X.2tm.A08(Unknown Source:6)
04-25 09:54:38.391 20112 20209 E SQLiteDatabase: at X.35Y.A07(Unknown Source:212)
04-25 09:54:38.391 20112 20209 E SQLiteDatabase: at X.3QF.A14(Unknown Source:470)
04-25 09:54:38.391 20112 20209 E SQLiteDatabase: at X.3gU.run(Unknown Source:982)
04-25 09:54:38.391 20112 20209 E SQLiteDatabase: at android.os.Handler.handleCallback(Handler.java:942)
04-25 09:54:38.391 20112 20209 E SQLiteDatabase: at android.os.Handler.dispatchMessage(Handler.java:99)
04-25 09:54:38.391 20112 20209 E SQLiteDatabase: at X.0zq.dispatchMessage(Unknown Source:4)
04-25 09:54:38.391 20112 20209 E SQLiteDatabase: at android.os.Looper.loopOnce(Looper.java:211)
04-25 09:54:38.391 20112 20209 E SQLiteDatabase: at android.os.Looper.loop(Looper.java:300)
04-25 09:54:38.391 20112 20209 E SQLiteDatabase: at android.os.HandlerThread.run(HandlerThread.java:67)
04-25 09:54:38.597 20112 20255 E com.mbwhatsapp: == MALI DEBUG ===eglp_winsys_populate_image_templates ==12288
04-25 09:54:38.642 20112 20255 E com.mbwhatsapp: == MALI DEBUG ===eglp_winsys_populate_image_templates ==12288
04-25 09:54:38.751 20112 20255 E com.mbwhatsapp: == MALI DEBUG ===eglp_winsys_populate_image_templates ==12288
04-25 09:54:39.031 20112 20209 E SQLiteDatabase: Error inserting transferred=0 media_job_uuid=b5be56f2-f469-4984-b31e-0e70d0bcf38b transcoded=0 gif_attribution=0 first_scan_length=0 direct_path=/v/t62.7161- 24/56107309_803308238397798_1357935782222698343_n.enc?ccb=11- 4&oh=01_Q5AaIAB5AfqcT7jf9bQCsMy-VZ390QFlJ6lX_p3WYjsAGPew&oe=66514D0D&_nc_sid=5e03e0 thumbnail_height_width_ratio=0.0 is_animated_sticker=0 file_hash=jJNMPlJGlkmrQ5O46feaa4kBv+UzYmdnku3wT5p4VWg= file_path=Media/.Statuses/a81772b6b6794e7dade5f1e8d35350a1.mp4 file_size=0 partial_media_hash=null face_x=0 face_y=0 height=774 trim_to=0 media_key_timestamp=1714015905000 message_url=https://mmg.whatsapp.net/v/t62.7161- 24/56107309_803308238397798_1357935782222698343_n.enc?ccb=11- 4&oh=01_Q5AaIAB5AfqcT7jf9bQCsMy- VZ390QFlJ6lX_p3WYjsAGPew&oe=66514D0D&_nc_sid=5e03e0&mms3=true media_caption=null trim_from=0 mime_type=video/mp4 partial_media_enc_hash=null width=576 original_file_hash=null has_streaming_sidecar=1 autotransfer_retry_enabled=1 media_upload_handle=null message_row_id=164 multicast_id=null enc_file_hash=I8VAda2vBgBJSYr3Z0AG1FbDRd7Ec4l7SOs+RaO80RY= mute_video=0 page_count=0 first_scan_sidecar=null suspicious_content=0 file_length=1428426 media_name=null media_duration=14 chat_row_id=25 media_key=[B@a73d62c
04-25 09:54:39.031 20112 20209 E SQLiteDatabase: android.database.sqlite.SQLiteConstraintException: UNIQUE constraint failed: message_media.message_row_id (code 1555 SQLITE_CONSTRAINT_PRIMARYKEY)
04-25 09:54:39.031 20112 20209 E SQLiteDatabase: at android.database.sqlite.SQLiteConnection.nativeExecuteForLastInsertedRowId(Native Method)
04-25 09:54:39.031 20112 20209 E SQLiteDatabase: at android.database.sqlite.SQLiteConnection.executeForLastInsertedRowId(SQLiteConnecti on.java:961)
04-25 09:54:39.031 20112 20209 E SQLiteDatabase: at android.database.sqlite.SQLiteSession.executeForLastInsertedRowId(SQLiteSession.jav a:790)
04-25 09:54:39.031 20112 20209 E SQLiteDatabase: at android.database.sqlite.SQLiteStatement.executeInsert(SQLiteStatement.java:89)
04-25 09:54:39.031 20112 20209 E SQLiteDatabase: at android.database.sqlite.SQLiteDatabase.insertWithOnConflict(SQLiteDatabase.java:186 8)
04-25 09:54:39.031 20112 20209 E SQLiteDatabase: at android.database.sqlite.SQLiteDatabase.insert(SQLiteDatabase.java:1737)
04-25 09:54:39.031 20112 20209 E SQLiteDatabase: at X.2tm.A08(Unknown Source:6)
04-25 09:54:39.031 20112 20209 E SQLiteDatabase: at X.35Y.A07(Unknown Source:212)
04-25 09:54:39.031 20112 20209 E SQLiteDatabase: at X.3QF.A14(Unknown Source:470)
04-25 09:54:39.031 20112 20209 E SQLiteDatabase: at X.3gU.run(Unknown Source:982)
04-25 09:54:39.031 20112 20209 E SQLiteDatabase: at android.os.Handler.handleCallback(Handler.java:942)
04-25 09:54:39.031 20112 20209 E SQLiteDatabase: at android.os.Handler.dispatchMessage(Handler.java:99)
04-25 09:54:39.031 20112 20209 E SQLiteDatabase: at X.0zq.dispatchMessage(Unknown Source:4)
04-25 09:54:39.031 20112 20209 E SQLiteDatabase: at android.os.Looper.loopOnce(Looper.java:211)
04-25 09:54:39.031 20112 20209 E SQLiteDatabase: at android.os.Looper.loop(Looper.java:300)
04-25 09:54:39.031 20112 20209 E SQLiteDatabase: at android.os.HandlerThread.run(HandlerThread.java:67)
04-25 09:54:39.350 20112 20555 W BpBinder: Slow Binder: BpBinder transact took 233 ms, interface=android.media.IMediaMetadataRetriever, code=5 oneway=false
04-25 09:54:40.425 20112 23245 W Codec2Client: query -- param skipped: index = 1342179345.
04-25 09:54:40.425 20112 23245 W Codec2Client: query -- param skipped: index = 2415921170.
04-25 09:54:40.425 20112 23245 W Codec2Client: query -- param skipped: index = 1610614798.
04-25 09:54:40.430 20112 23255 W Codec2Client: query -- param skipped: index = 1342179345.
04-25 09:54:40.430 20112 23255 W Codec2Client: query -- param skipped: index = 2415921170.
04-25 09:54:40.430 20112 23255 W Codec2Client: query -- param skipped: index = 1610614798.
04-25 09:54:40.434 20112 23245 W BufferQueueProducer: [SurfaceTexture-0-20112-1] (id:4e900000001b,api:3,p:20112,c:20112) detachBuffer: slot 4 is not owned by the producer (state = FREE)
04-25 09:54:40.434 20112 23245 W BufferQueueProducer: [SurfaceTexture-0-20112-1] (id:4e900000001b,api:3,p:20112,c:20112) detachBuffer: slot 5 is not owned by the producer (state = FREE)
04-25 09:54:40.435 20112 23245 W BufferQueueProducer: [SurfaceTexture-0-20112-1] (id:4e900000001b,api:3,p:20112,c:20112) detachBuffer: slot 6 is not owned by the producer (state = FREE)
04-25 09:54:40.435 20112 23245 W BufferQueueProducer: [SurfaceTexture-0-20112-1] (id:4e900000001b,api:3,p:20112,c:20112) detachBuffer: slot 7 is not owned by the producer (state = ACQUIRED)
04-25 09:54:40.435 20112 23245 W BufferQueueProducer: [SurfaceTexture-0-20112-1] (id:4e900000001b,api:3,p:20112,c:20112) detachBuffer: slot 10 is not owned by the producer (state = FREE)
04-25 09:54:40.436 20112 23245 W BufferQueueProducer: [SurfaceTexture-0-20112-1] (id:4e900000001b,api:3,p:20112,c:20112) detachBuffer: slot 15 is not owned by the producer (state = FREE)
04-25 09:54:40.437 20112 23245 W BufferQueueProducer: [SurfaceTexture-0-20112-1] (id:4e900000001b,api:3,p:20112,c:20112) detachBuffer: slot 17 is not owned by the producer (state = FREE)
04-25 09:54:40.437 20112 23245 W BufferQueueProducer: [SurfaceTexture-0-20112-1] (id:4e900000001b,api:3,p:20112,c:20112) detachBuffer: slot 18 is not owned by the producer (state = FREE)
