04-25 10:08:11.060 20112 22650 E BufferQueueProducer: [MediaCodec.release] (id:4e900000008e,api:0,p:-1,c:20112) cancelBuffer: BufferQueue has no connected producer
04-25 10:08:11.060 20112 22650 E BufferQueueProducer: [MediaCodec.release] (id:4e900000008e,api:0,p:-1,c:20112) cancelBuffer: BufferQueue has no connected producer
04-25 10:08:11.060 20112 22650 E BufferQueueProducer: [MediaCodec.release] (id:4e900000008e,api:0,p:-1,c:20112) cancelBuffer: BufferQueue has no connected producer
04-25 10:08:11.060 20112 22650 E BufferQueueProducer: [MediaCodec.release] (id:4e900000008e,api:0,p:-1,c:20112) cancelBuffer: BufferQueue has no connected producer
04-25 10:08:11.061 20112 22650 E BufferQueueProducer: [MediaCodec.release] (id:4e900000008e,api:0,p:-1,c:20112) cancelBuffer: BufferQueue has no connected producer
04-25 10:08:11.061 20112 22650 E BufferQueueProducer: [MediaCodec.release] (id:4e900000008e,api:0,p:-1,c:20112) cancelBuffer: BufferQueue has no connected producer
04-25 10:08:11.061 20112 22650 E BufferQueueProducer: [MediaCodec.release] (id:4e900000008e,api:0,p:-1,c:20112) cancelBuffer: BufferQueue has no connected producer
04-25 10:08:11.062 20112 22650 E BufferQueueProducer: [MediaCodec.release] (id:4e900000008e,api:0,p:-1,c:20112) cancelBuffer: BufferQueue has no connected producer
04-25 10:08:16.262 20112 20255 W Parcel : Expecting binder but got null!
04-25 10:08:16.303 20112 20112 W BottomSheetBehavior: BottomSheetBehavior now supports multiple callbacks. `setBottomSheetCallback()` removes all existing callbacks, including ones set internally by library authors, which may result in unintended behavior. This may change in the future. Please use `addBottomSheetCallback()` and `removeBottomSheetCallback()` instead to set your own callbacks.
04-25 10:08:16.303 20112 20112 W BottomSheetBehavior: BottomSheetBehavior now supports multiple callbacks. `setBottomSheetCallback()` removes all existing callbacks, including ones set internally by library authors, which may result in unintended behavior. This may change in the future. Please use `addBottomSheetCallback()` and `removeBottomSheetCallback()` instead to set your own callbacks.
04-25 10:08:16.360 20112 20112 W BottomSheetBehavior: BottomSheetBehavior now supports multiple callbacks. `setBottomSheetCallback()` removes all existing callbacks, including ones set internally by library authors, which may result in unintended behavior. This may change in the future. Please use `addBottomSheetCallback()` and `removeBottomSheetCallback()` instead to set your own callbacks.
04-25 10:08:16.360 20112 20112 W BottomSheetBehavior: BottomSheetBehavior now supports multiple callbacks. `setBottomSheetCallback()` removes all existing callbacks, including ones set internally by library authors, which may result in unintended behavior. This may change in the future. Please use `addBottomSheetCallback()` and `removeBottomSheetCallback()` instead to set your own callbacks.
04-25 10:08:16.381 20112 20112 W BottomSheetBehavior: BottomSheetBehavior now supports multiple callbacks. `setBottomSheetCallback()` removes all existing callbacks, including ones set internally by library authors, which may result in unintended behavior. This may change in the future. Please use `addBottomSheetCallback()` and `removeBottomSheetCallback()` instead to set your own callbacks.
04-25 10:08:16.381 20112 20112 W BottomSheetBehavior: BottomSheetBehavior now supports multiple callbacks. `setBottomSheetCallback()` removes all existing callbacks, including ones set internally by library authors, which may result in unintended behavior. This may change in the future. Please use `addBottomSheetCallback()` and `removeBottomSheetCallback()` instead to set your own callbacks.
04-25 10:08:16.409 20112 20112 E RecyclerView: No adapter attached; skipping layout
04-25 10:08:16.411 20112 20112 E RecyclerView: No adapter attached; skipping layout
04-25 10:08:16.412 20112 20112 E RecyclerView: No adapter attached; skipping layout
04-25 10:08:16.512 20112 28671 W ColorUtils: expected specified color aspects (2:0:0:0)
04-25 10:08:16.534 20112 28671 W Codec2Client: query -- param skipped: index = 1107298332.
04-25 10:08:16.535 20112 28671 W CCodec : This behavior is subject to change. It is recommended that app developers double check whether the requested max input size is in reasonable range.
04-25 10:08:16.563 20112 28671 W Codec2Client: query -- param skipped: index = 1342179345.
04-25 10:08:16.563 20112 28671 W Codec2Client: query -- param skipped: index = 2415921170.
04-25 10:08:16.563 20112 28671 W Codec2Client: query -- param skipped: index = 1610614798.
04-25 10:08:16.580 20112 20209 E SQLiteDatabase: Error inserting transferred=0 media_job_uuid=5fd28373-941f-4200-8658-e884b85952ab transcoded=0 gif_attribution=0 first_scan_length=0 direct_path=/v/t62.7161- 24/32040302_833469885313680_6471045476544318345_n.enc?ccb=11- 4&oh=01_Q5AaII9B2NG3tmnSM_5VNg_Ji1a-bKguSHOgKve3HsPJ8tR8&oe=665123D1&_nc_sid=5e03e0 thumbnail_height_width_ratio=0.0 is_animated_sticker=0 file_hash=mvquqQwqtk3K0KnUzKkO3Qr0W5RMYkfTQOC7WmQuz9U= file_path=Media/.Statuses/93e5516324174d1bb27fff4d6d2b0a82.mp4 file_size=0 partial_media_hash=null face_x=0 face_y=0 height=1024 trim_to=0 media_key_timestamp=1714015455000 message_url=https://mmg.whatsapp.net/v/t62.7161- 24/32040302_833469885313680_6471045476544318345_n.enc?ccb=11- 4&oh=01_Q5AaII9B2NG3tmnSM_5VNg_Ji1a- bKguSHOgKve3HsPJ8tR8&oe=665123D1&_nc_sid=5e03e0&mms3=true media_caption=null trim_from=0 mime_type=video/mp4 partial_media_enc_hash=null width=576 original_file_hash=null has_streaming_sidecar=1 autotransfer_retry_enabled=1 media_upload_handle=null message_row_id=165 multicast_id=null enc_file_hash=C7Rk2dmlMuEGclpG2+rVN3+F3KX4y0DOFa1kdspv8/g= mute_video=0 page_count=0 first_scan_sidecar=null suspicious_content=0 file_length=153571 media_name=null media_duration=6 chat_row_id=25 media_key=[B@b778f22
04-25 10:08:16.580 20112 20209 E SQLiteDatabase: android.database.sqlite.SQLiteConstraintException: UNIQUE constraint failed: message_media.message_row_id (code 1555 SQLITE_CONSTRAINT_PRIMARYKEY)
04-25 10:08:16.580 20112 20209 E SQLiteDatabase: at android.database.sqlite.SQLiteConnection.nativeExecuteForLastInsertedRowId(Native Method)
04-25 10:08:16.580 20112 20209 E SQLiteDatabase: at android.database.sqlite.SQLiteConnection.executeForLastInsertedRowId(SQLiteConnecti on.java:961)
04-25 10:08:16.580 20112 20209 E SQLiteDatabase: at android.database.sqlite.SQLiteSession.executeForLastInsertedRowId(SQLiteSession.jav a:790)
04-25 10:08:16.580 20112 20209 E SQLiteDatabase: at android.database.sqlite.SQLiteStatement.executeInsert(SQLiteStatement.java:89)
04-25 10:08:16.580 20112 20209 E SQLiteDatabase: at android.database.sqlite.SQLiteDatabase.insertWithOnConflict(SQLiteDatabase.java:186 8)
04-25 10:08:16.580 20112 20209 E SQLiteDatabase: at android.database.sqlite.SQLiteDatabase.insert(SQLiteDatabase.java:1737)
04-25 10:08:16.580 20112 20209 E SQLiteDatabase: at X.2tm.A08(Unknown Source:6)
04-25 10:08:16.580 20112 20209 E SQLiteDatabase: at X.35Y.A07(Unknown Source:212)
04-25 10:08:16.580 20112 20209 E SQLiteDatabase: at X.3QF.A14(Unknown Source:470)
04-25 10:08:16.580 20112 20209 E SQLiteDatabase: at X.3gU.run(Unknown Source:982)
04-25 10:08:16.580 20112 20209 E SQLiteDatabase: at android.os.Handler.handleCallback(Handler.java:942)
04-25 10:08:16.580 20112 20209 E SQLiteDatabase: at android.os.Handler.dispatchMessage(Handler.java:99)
04-25 10:08:16.580 20112 20209 E SQLiteDatabase: at X.0zq.dispatchMessage(Unknown Source:4)
04-25 10:08:16.580 20112 20209 E SQLiteDatabase: at android.os.Looper.loopOnce(Looper.java:211)
04-25 10:08:16.580 20112 20209 E SQLiteDatabase: at android.os.Looper.loop(Looper.java:300)
04-25 10:08:16.580 20112 20209 E SQLiteDatabase: at android.os.HandlerThread.run(HandlerThread.java:67)
04-25 10:08:16.630 20112 20555 W BpBinder: Slow Binder: BpBinder transact took 232 ms, interface=android.media.IMediaMetadataRetriever, code=5 oneway=false
04-25 10:08:16.677 20112 28687 W Codec2Client: query -- param skipped: index = 1107298332.
04-25 10:08:16.677 20112 28687 W CCodec : This behavior is subject to change. It is recommended that app developers double check whether the requested max input size is in reasonable range.
04-25 10:08:16.681 20112 28687 W Codec2Client: query -- param skipped: index = 1342179345.
04-25 10:08:16.681 20112 28687 W Codec2Client: query -- param skipped: index = 2415921170.
04-25 10:08:16.681 20112 28687 W Codec2Client: query -- param skipped: index = 1610614798.
04-25 10:08:16.769 20112 28659 W libc : Access denied finding property "vendor.audio.cpu.sched"
04-25 10:08:16.769 20112 28659 W libc : Access denied finding property "vendor.audio.rt.mode"
04-25 10:08:16.870 20112 20112 W RenderThread: type=1400 audit(0.0:591378): avc: denied { getattr } for name="dmabuf:" dev="dmabuf" ino=1 scontext=u:r:untrusted_app:s0:c89,c257,c512,c768 tcontext=u:object_r:unlabeled:s0 tclass=filesystem permissive=0 app=com.mbwhatsapp
04-25 10:08:16.876 20112 20255 E com.mbwhatsapp: == MALI DEBUG ===eglp_winsys_populate_image_templates ==12288
04-25 10:08:16.944 20112 28670 W MediaCodec: [mId: 30] video-debug onReleaseOutputBuffer: Render time interval reaches 218ms before pts: 33333
04-25 10:08:16.982 20112 20255 E com.mbwhatsapp: == MALI DEBUG ===eglp_winsys_populate_image_templates ==12288
04-25 10:08:16.994 20112 20555 W BpBinder: Slow Binder: BpBinder transact took 220 ms, interface=android.media.IMediaMetadataRetriever, code=5 oneway=false
04-25 10:08:17.032 20112 20255 E com.mbwhatsapp: == MALI DEBUG ===eglp_winsys_populate_image_templates ==12288
04-25 10:08:17.045 20112 20255 E com.mbwhatsapp: == MALI DEBUG ===eglp_winsys_populate_image_templates ==12288
04-25 10:08:17.089 20112 20255 E com.mbwhatsapp: == MALI DEBUG ===eglp_winsys_populate_image_templates ==12288
04-25 10:08:17.123 20112 20255 E com.mbwhatsapp: == MALI DEBUG ===eglp_winsys_populate_image_templates ==12288
04-25 10:08:17.146 20112 20255 E com.mbwhatsapp: == MALI DEBUG ===eglp_winsys_populate_image_templates ==12288
04-25 10:08:17.179 20112 20255 E com.mbwhatsapp: == MALI DEBUG ===eglp_winsys_populate_image_templates ==12288
04-25 10:08:17.223 20112 20255 E com.mbwhatsapp: == MALI DEBUG ===eglp_winsys_populate_image_templates ==12288
04-25 10:08:17.257 20112 20255 E com.mbwhatsapp: == MALI DEBUG ===eglp_winsys_populate_image_templates ==12288
04-25 10:08:17.280 20112 20255 E com.mbwhatsapp: == MALI DEBUG ===eglp_winsys_populate_image_templates ==12288
04-25 10:08:17.323 20112 20255 E com.mbwhatsapp: == MALI DEBUG ===eglp_winsys_populate_image_templates ==12288
04-25 10:08:17.356 20112 20255 E com.mbwhatsapp: == MALI DEBUG ===eglp_winsys_populate_image_templates ==12288
04-25 10:08:17.379 20112 20255 E com.mbwhatsapp: == MALI DEBUG ===eglp_winsys_populate_image_templates ==12288
04-25 10:08:17.415 20112 20255 E com.mbwhatsapp: == MALI DEBUG ===eglp_winsys_populate_image_templates ==12288
04-25 10:08:17.453 20112 20255 E com.mbwhatsapp: == MALI DEBUG ===eglp_winsys_populate_image_templates ==12288
04-25 10:08:17.490 20112 20255 E com.mbwhatsapp: == MALI DEBUG ===eglp_winsys_populate_image_templates ==12288
04-25 10:08:17.506 20112 20112 W RenderThread: type=1400 audit(0.0:591399): avc: denied { getattr } for name="dmabuf:" dev="dmabuf" ino=1 scontext=u:r:untrusted_app:s0:c89,c257,c512,c768 tcontext=u:object_r:unlabeled:s0 tclass=filesystem permissive=0 app=com.mbwhatsapp
04-25 10:08:17.512 20112 20255 E com.mbwhatsapp: == MALI DEBUG ===eglp_winsys_populate_image_templates ==12288
04-25 10:08:17.550 20112 20112 W RenderThread: type=1400 audit(0.0:591400): avc: denied { getattr } for name="dmabuf:" dev="dmabuf" ino=1 scontext=u:r:untrusted_app:s0:c89,c257,c512,c768 tcontext=u:object_r:unlabeled:s0 tclass=filesystem permissive=0 app=com.mbwhatsapp
04-25 10:08:17.556 20112 20255 E com.mbwhatsapp: == MALI DEBUG ===eglp_winsys_populate_image_templates ==12288
04-25 10:08:17.590 20112 20255 E com.mbwhatsapp: == MALI DEBUG ===eglp_winsys_populate_image_templates ==12288
04-25 10:08:17.586 20112 20112 W RenderThread: type=1400 audit(0.0:591401): avc: denied { getattr } for name="dmabuf:" dev="dmabuf" ino=1 scontext=u:r:untrusted_app:s0:c89,c257,c512,c768 tcontext=u:object_r:unlabeled:s0 tclass=filesystem permissive=0 app=com.mbwhatsapp
04-25 10:08:28.084 20112 28670 E CCodecBufferChannel: [WA] long time elapsed since last input queued, let's queue a specific work to HAL to notify something
04-25 10:08:28.114 20112 28670 E CCodecBufferChannel: [WA] long time elapsed since last input queued, let's queue a specific work to HAL to notify something
04-25 10:08:28.146 20112 28670 E CCodecBufferChannel: [WA] long time elapsed since last input queued, let's queue a specific work to HAL to notify something
04-25 10:08:28.176 20112 28670 E CCodecBufferChannel: [WA] long time elapsed since last input queued, let's queue a specific work to HAL to notify something
04-25 10:08:28.207 20112 28670 E CCodecBufferChannel: [WA] long time elapsed since last input queued, let's queue a specific work to HAL to notify something
04-25 10:08:28.249 20112 28670 E CCodecBufferChannel: [WA] long time elapsed since last input queued, let's queue a specific work to HAL to notify something
04-25 10:08:28.633 20112 28670 W Codec2Client: query -- param skipped: index = 1342179345.
04-25 10:08:28.633 20112 28670 W Codec2Client: query -- param skipped: index = 2415921170.
04-25 10:08:28.633 20112 28670 W Codec2Client: query -- param skipped: index = 1610614798.
04-25 10:08:28.638 20112 28687 W Codec2Client: query -- param skipped: index = 1342179345.
04-25 10:08:28.638 20112 28687 W Codec2Client: query -- param skipped: index = 2415921170.
04-25 10:08:28.638 20112 28687 W Codec2Client: query -- param skipped: index = 1610614798.
04-25 10:08:28.642 20112 28670 W BufferQueueProducer: [SurfaceTexture-0-20112-9] (id:4e9000000090,api:3,p:20112,c:20112) detachBuffer: slot 1 is not owned by the producer (state = ACQUIRED)
04-25 10:08:28.644 20112 28670 W BufferQueueProducer: [SurfaceTexture-0-20112-9] (id:4e9000000090,api:3,p:20112,c:20112) detachBuffer: slot 13 is not owned by the producer (state = FREE)
04-25 10:08:28.644 20112 28670 W BufferQueueProducer: [SurfaceTexture-0-20112-9] (id:4e9000000090,api:3,p:20112,c:20112) detachBuffer: slot 14 is not owned by the producer (state = FREE)
04-25 10:08:28.645 20112 28670 W BufferQueueProducer: [SurfaceTexture-0-20112-9] (id:4e9000000090,api:3,p:20112,c:20112) detachBuffer: slot 15 is not owned by the producer (state = FREE)
04-25 10:08:28.645 20112 28670 W BufferQueueProducer: [SurfaceTexture-0-20112-9] (id:4e9000000090,api:3,p:20112,c:20112) detachBuffer: slot 16 is not owned by the producer (state = FREE)
04-25 10:08:28.645 20112 28670 W BufferQueueProducer: [SurfaceTexture-0-20112-9] (id:4e9000000090,api:3,p:20112,c:20112) detachBuffer: slot 17 is not owned by the producer (state = FREE)
04-25 10:08:28.645 20112 28670 W BufferQueueProducer: [SurfaceTexture-0-20112-9] (id:4e9000000090,api:3,p:20112,c:20112) detachBuffer: slot 18 is not owned by the producer (state = FREE)
04-25 10:08:28.645 20112 28670 W BufferQueueProducer: [SurfaceTexture-0-20112-9] (id:4e9000000090,api:3,p:20112,c:20112) detachBuffer: slot 19 is not owned by the producer (state = FREE)
04-25 10:08:28.646 20112 28670 W BufferQueueProducer: [SurfaceTexture-0-20112-9] (id:4e9000000090,api:3,p:20112,c:20112) detachBuffer: slot 20 is not owned by the producer (state = FREE)
04-25 10:08:28.646 20112 28670 W BufferQueueProducer: [SurfaceTexture-0-20112-9] (id:4e9000000090,api:3,p:20112,c:20112) detachBuffer: slot 21 is not owned by the producer (state = FREE)
04-25 10:08:28.646 20112 28670 W BufferQueueProducer: [SurfaceTexture-0-20112-9] (id:4e9000000090,api:3,p:20112,c:20112) detachBuffer: slot 22 is not owned by the producer (state = FREE)
04-25 10:08:28.646 20112 28670 W BufferQueueProducer: [SurfaceTexture-0-20112-9] (id:4e9000000090,api:3,p:20112,c:20112) detachBuffer: slot 23 is not owned by the producer (state = FREE)
04-25 10:08:28.646 20112 28670 W BufferQueueProducer: [SurfaceTexture-0-20112-9] (id:4e9000000090,api:3,p:20112,c:20112) detachBuffer: slot 24 is not owned by the producer (state = FREE)
04-25 10:08:28.647 20112 28670 W BufferQueueProducer: [SurfaceTexture-0-20112-9] (id:4e9000000090,api:3,p:20112,c:20112) detachBuffer: slot 25 is not owned by the producer (state = FREE)
04-25 10:08:28.647 20112 28670 W BufferQueueProducer: [SurfaceTexture-0-20112-9] (id:4e9000000090,api:3,p:20112,c:20112) detachBuffer: slot 26 is not owned by the producer (state = FREE)
04-25 10:08:28.647 20112 28670 W BufferQueueProducer: [SurfaceTexture-0-20112-9] (id:4e9000000090,api:3,p:20112,c:20112) detachBuffer: slot 27 is not owned by the producer (state = FREE)
04-25 10:08:28.647 20112 28670 W BufferQueueProducer: [SurfaceTexture-0-20112-9] (id:4e9000000090,api:3,p:20112,c:20112) detachBuffer: slot 28 is not owned by the producer (state = FREE)
04-25 10:08:28.647 20112 28670 W BufferQueueProducer: [SurfaceTexture-0-20112-9] (id:4e9000000090,api:3,p:20112,c:20112) detachBuffer: slot 29 is not owned by the producer (state = FREE)
04-25 10:08:28.647 20112 28670 W BufferQueueProducer: [SurfaceTexture-0-20112-9] (id:4e9000000090,api:3,p:20112,c:20112) detachBuffer: slot 30 is not owned by the producer (state = FREE)
04-25 10:08:28.647 20112 28670 W BufferQueueProducer: [SurfaceTexture-0-20112-9] (id:4e9000000090,api:3,p:20112,c:20112) detachBuffer: slot 31 is not owned by the producer (state = FREE)
04-25 10:08:28.647 20112 28670 W BufferQueueProducer: [SurfaceTexture-0-20112-9] (id:4e9000000090,api:3,p:20112,c:20112) detachBuffer: slot 32 is not owned by the producer (state = FREE)
04-25 10:08:28.647 20112 28670 W BufferQueueProducer: [SurfaceTexture-0-20112-9] (id:4e9000000090,api:3,p:20112,c:20112) detachBuffer: slot 33 is not owned by the producer (state = FREE)
04-25 10:08:28.648 20112 28670 W BufferQueueProducer: [SurfaceTexture-0-20112-9] (id:4e9000000090,api:3,p:20112,c:20112) detachBuffer: slot 34 is not owned by the producer (state = FREE)
04-25 10:08:28.648 20112 28670 W BufferQueueProducer: [SurfaceTexture-0-20112-9] (id:4e9000000090,api:3,p:20112,c:20112) detachBuffer: slot 35 is not owned by the producer (state = FREE)
04-25 10:08:28.648 20112 28670 W BufferQueueProducer: [SurfaceTexture-0-20112-9] (id:4e9000000090,api:3,p:20112,c:20112) detachBuffer: slot 36 is not owned by the producer (state = FREE)
04-25 10:08:28.649 20112 28670 W BufferQueueProducer: [SurfaceTexture-0-20112-9] (id:4e9000000090,api:3,p:20112,c:20112) detachBuffer: slot 37 is not owned by the producer (state = FREE)
04-25 10:08:28.649 20112 28670 W BufferQueueProducer: [SurfaceTexture-0-20112-9] (id:4e9000000090,api:3,p:20112,c:20112) detachBuffer: slot 38 is not owned by the producer (state = FREE)
04-25 10:08:28.649 20112 28670 W BufferQueueProducer: [SurfaceTexture-0-20112-9] (id:4e9000000090,api:3,p:20112,c:20112) detachBuffer: slot 39 is not owned by the producer (state = FREE)
04-25 10:08:28.649 20112 28670 W BufferQueueProducer: [SurfaceTexture-0-20112-9] (id:4e9000000090,api:3,p:20112,c:20112) detachBuffer: slot 40 is not owned by the producer (state = FREE)
04-25 10:08:28.650 20112 28670 W BufferQueueProducer: [SurfaceTexture-0-20112-9] (id:4e9000000090,api:3,p:20112,c:20112) detachBuffer: slot 41 is not owned by the producer (state = FREE)
04-25 10:08:28.650 20112 28670 W BufferQueueProducer: [SurfaceTexture-0-20112-9] (id:4e9000000090,api:3,p:20112,c:20112) detachBuffer: slot 42 is not owned by the producer (state = FREE)
04-25 10:08:28.650 20112 28670 W BufferQueueProducer: [SurfaceTexture-0-20112-9] (id:4e9000000090,api:3,p:20112,c:20112) detachBuffer: slot 43 is not owned by the producer (state = FREE)
04-25 10:08:28.650 20112 28670 W BufferQueueProducer: [SurfaceTexture-0-20112-9] (id:4e9000000090,api:3,p:20112,c:20112) detachBuffer: slot 44 is not owned by the producer (state = FREE)
04-25 10:08:28.650 20112 28670 W BufferQueueProducer: [SurfaceTexture-0-20112-9] (id:4e9000000090,api:3,p:20112,c:20112) detachBuffer: slot 45 is not owned by the producer (state = FREE)
04-25 10:08:28.650 20112 28670 W BufferQueueProducer: [SurfaceTexture-0-20112-9] (id:4e9000000090,api:3,p:20112,c:20112) detachBuffer: slot 46 is not owned by the producer (state = FREE)
04-25 10:08:28.651 20112 28670 W BufferQueueProducer: [SurfaceTexture-0-20112-9] (id:4e9000000090,api:3,p:20112,c:20112) detachBuffer: slot 47 is not owned by the producer (state = FREE)
04-25 10:08:28.651 20112 28670 W BufferQueueProducer: [SurfaceTexture-0-20112-9] (id:4e9000000090,api:3,p:20112,c:20112) detachBuffer: slot 48 is not owned by the producer (state = FREE)
04-25 10:08:28.651 20112 28670 W BufferQueueProducer: [SurfaceTexture-0-20112-9] (id:4e9000000090,api:3,p:20112,c:20112) detachBuffer: slot 49 is not owned by the producer (state = FREE)
04-25 10:08:28.651 20112 28670 W BufferQueueProducer: [SurfaceTexture-0-20112-9] (id:4e9000000090,api:3,p:20112,c:20112) detachBuffer: slot 50 is not owned by the producer (state = FREE)
04-25 10:08:28.651 20112 28670 W BufferQueueProducer: [SurfaceTexture-0-20112-9] (id:4e9000000090,api:3,p:20112,c:20112) detachBuffer: slot 51 is not owned by the producer (state = FREE)
04-25 10:08:28.651 20112 28670 W BufferQueueProducer: [SurfaceTexture-0-20112-9] (id:4e9000000090,api:3,p:20112,c:20112) detachBuffer: slot 52 is not owned by the producer (state = FREE)
04-25 10:08:28.651 20112 28670 W BufferQueueProducer: [SurfaceTexture-0-20112-9] (id:4e9000000090,api:3,p:20112,c:20112) detachBuffer: slot 53 is not owned by the producer (state = FREE)
04-25 10:08:28.652 20112 28670 W BufferQueueProducer: [SurfaceTexture-0-20112-9] (id:4e9000000090,api:3,p:20112,c:20112) detachBuffer: slot 54 is not owned by the producer (state = FREE)
04-25 10:08:28.652 20112 28670 W BufferQueueProducer: [SurfaceTexture-0-20112-9] (id:4e9000000090,api:3,p:20112,c:20112) detachBuffer: slot 55 is not owned by the producer (state = FREE)
04-25 10:08:28.652 20112 28670 W BufferQueueProducer: [SurfaceTexture-0-20112-9] (id:4e9000000090,api:3,p:20112,c:20112) detachBuffer: slot 56 is not owned by the producer (state = FREE)
04-25 10:08:28.652 20112 28670 W BufferQueueProducer: [SurfaceTexture-0-20112-9] (id:4e9000000090,api:3,p:20112,c:20112) detachBuffer: slot 57 is not owned by the producer (state = FREE)
04-25 10:08:28.652 20112 28670 W BufferQueueProducer: [SurfaceTexture-0-20112-9] (id:4e9000000090,api:3,p:20112,c:20112) detachBuffer: slot 58 is not owned by the producer (state = FREE)
04-25 10:08:28.652 20112 28670 W BufferQueueProducer: [SurfaceTexture-0-20112-9] (id:4e9000000090,api:3,p:20112,c:20112) detachBuffer: slot 59 is not owned by the producer (state = FREE)
04-25 10:08:28.652 20112 28670 W BufferQueueProducer: [SurfaceTexture-0-20112-9] (id:4e9000000090,api:3,p:20112,c:20112) detachBuffer: slot 60 is not owned by the producer (state = FREE)
04-25 10:08:28.653 20112 28670 W BufferQueueProducer: [SurfaceTexture-0-20112-9] (id:4e9000000090,api:3,p:20112,c:20112) detachBuffer: slot 61 is not owned by the producer (state = FREE)
04-25 10:08:28.653 20112 28670 W BufferQueueProducer: [SurfaceTexture-0-20112-9] (id:4e9000000090,api:3,p:20112,c:20112) detachBuffer: slot 62 is not owned by the producer (state = FREE)
04-25 10:08:28.653 20112 28670 W BufferQueueProducer: [SurfaceTexture-0-20112-9] (id:4e9000000090,api:3,p:20112,c:20112) detachBuffer: slot 63 is not owned by the producer (state = FREE)
04-25 10:08:28.676 20112 28757 W BufferQueueProducer: [MediaCodec.release] (id:4e9000000091,api:3,p:20112,c:20112) detachBuffer: slot 12 is not owned by the producer (state = FREE)
04-25 10:08:28.677 20112 28757 W BufferQueueProducer: [MediaCodec.release] (id:4e9000000091,api:3,p:20112,c:20112) detachBuffer: slot 13 is not owned by the producer (state = FREE)
04-25 10:08:28.677 20112 28757 W BufferQueueProducer: [MediaCodec.release] (id:4e9000000091,api:3,p:20112,c:20112) detachBuffer: slot 14 is not owned by the producer (state = FREE)
04-25 10:08:28.677 20112 28757 W BufferQueueProducer: [MediaCodec.release] (id:4e9000000091,api:3,p:20112,c:20112) detachBuffer: slot 15 is not owned by the producer (state = FREE)
04-25 10:08:28.677 20112 28757 W BufferQueueProducer: [MediaCodec.release] (id:4e9000000091,api:3,p:20112,c:20112) detachBuffer: slot 16 is not owned by the producer (state = FREE)
04-25 10:08:28.677 20112 28757 W BufferQueueProducer: [MediaCodec.release] (id:4e9000000091,api:3,p:20112,c:20112) detachBuffer: slot 17 is not owned by the producer (state = FREE)
04-25 10:08:28.677 20112 28757 W BufferQueueProducer: [MediaCodec.release] (id:4e9000000091,api:3,p:20112,c:20112) detachBuffer: slot 18 is not owned by the producer (state = FREE)
04-25 10:08:28.677 20112 28757 W BufferQueueProducer: [MediaCodec.release] (id:4e9000000091,api:3,p:20112,c:20112) detachBuffer: slot 19 is not owned by the producer (state = FREE)
04-25 10:08:28.678 20112 28757 W BufferQueueProducer: [MediaCodec.release] (id:4e9000000091,api:3,p:20112,c:20112) detachBuffer: slot 20 is not owned by the producer (state = FREE)
04-25 10:08:28.678 20112 28757 W BufferQueueProducer: [MediaCodec.release] (id:4e9000000091,api:3,p:20112,c:20112) detachBuffer: slot 21 is not owned by the producer (state = FREE)
04-25 10:08:28.678 20112 28757 W BufferQueueProducer: [MediaCodec.release] (id:4e9000000091,api:3,p:20112,c:20112) detachBuffer: slot 22 is not owned by the producer (state = FREE)
04-25 10:08:28.678 20112 28757 W BufferQueueProducer: [MediaCodec.release] (id:4e9000000091,api:3,p:20112,c:20112) detachBuffer: slot 23 is not owned by the producer (state = FREE)
04-25 10:08:28.678 20112 28757 W BufferQueueProducer: [MediaCodec.release] (id:4e9000000091,api:3,p:20112,c:20112) detachBuffer: slot 24 is not owned by the producer (state = FREE)
04-25 10:08:28.679 20112 28757 W BufferQueueProducer: [MediaCodec.release] (id:4e9000000091,api:3,p:20112,c:20112) detachBuffer: slot 25 is not owned by the producer (state = FREE)
04-25 10:08:28.679 20112 28757 W BufferQueueProducer: [MediaCodec.release] (id:4e9000000091,api:3,p:20112,c:20112) detachBuffer: slot 26 is not owned by the producer (state = FREE)
04-25 10:08:28.680 20112 28757 W BufferQueueProducer: [MediaCodec.release] (id:4e9000000091,api:3,p:20112,c:20112) detachBuffer: slot 27 is not owned by the producer (state = FREE)
04-25 10:08:28.681 20112 28757 W BufferQueueProducer: [MediaCodec.release] (id:4e9000000091,api:3,p:20112,c:20112) detachBuffer: slot 28 is not owned by the producer (state = FREE)
04-25 10:08:28.682 20112 28757 W BufferQueueProducer: [MediaCodec.release] (id:4e9000000091,api:3,p:20112,c:20112) detachBuffer: slot 29 is not owned by the producer (state = FREE)
04-25 10:08:28.685 20112 28757 W BufferQueueProducer: [MediaCodec.release] (id:4e9000000091,api:3,p:20112,c:20112) detachBuffer: slot 30 is not owned by the producer (state = FREE)
04-25 10:08:28.686 20112 28757 W BufferQueueProducer: [MediaCodec.release] (id:4e9000000091,api:3,p:20112,c:20112) detachBuffer: slot 31 is not owned by the producer (state = FREE)
04-25 10:08:28.686 20112 28757 W BufferQueueProducer: [MediaCodec.release] (id:4e9000000091,api:3,p:20112,c:20112) detachBuffer: slot 32 is not owned by the producer (state = FREE)
04-25 10:08:28.686 20112 28757 W BufferQueueProducer: [MediaCodec.release] (id:4e9000000091,api:3,p:20112,c:20112) detachBuffer: slot 33 is not owned by the producer (state = FREE)
04-25 10:08:28.686 20112 28757 W BufferQueueProducer: [MediaCodec.release] (id:4e9000000091,api:3,p:20112,c:20112) detachBuffer: slot 34 is not owned by the producer (state = FREE)
04-25 10:08:28.687 20112 28757 W BufferQueueProducer: [MediaCodec.release] (id:4e9000000091,api:3,p:20112,c:20112) detachBuffer: slot 35 is not owned by the producer (state = FREE)
04-25 10:08:28.687 20112 28757 W BufferQueueProducer: [MediaCodec.release] (id:4e9000000091,api:3,p:20112,c:20112) detachBuffer: slot 36 is not owned by the producer (state = FREE)
04-25 10:08:28.687 20112 28757 W BufferQueueProducer: [MediaCodec.release] (id:4e9000000091,api:3,p:20112,c:20112) detachBuffer: slot 37 is not owned by the producer (state = FREE)
04-25 10:08:28.687 20112 28757 W BufferQueueProducer: [MediaCodec.release] (id:4e9000000091,api:3,p:20112,c:20112) detachBuffer: slot 38 is not owned by the producer (state = FREE)
04-25 10:08:28.687 20112 28757 W BufferQueueProducer: [MediaCodec.release] (id:4e9000000091,api:3,p:20112,c:20112) detachBuffer: slot 39 is not owned by the producer (state = FREE)
04-25 10:08:28.688 20112 28757 W BufferQueueProducer: [MediaCodec.release] (id:4e9000000091,api:3,p:20112,c:20112) detachBuffer: slot 40 is not owned by the producer (state = FREE)
04-25 10:08:28.688 20112 28757 W BufferQueueProducer: [MediaCodec.release] (id:4e9000000091,api:3,p:20112,c:20112) detachBuffer: slot 41 is not owned by the producer (state = FREE)
04-25 10:08:28.688 20112 28757 W BufferQueueProducer: [MediaCodec.release] (id:4e9000000091,api:3,p:20112,c:20112) detachBuffer: slot 42 is not owned by the producer (state = FREE)
04-25 10:08:28.688 20112 28757 W BufferQueueProducer: [MediaCodec.release] (id:4e9000000091,api:3,p:20112,c:20112) detachBuffer: slot 43 is not owned by the producer (state = FREE)
04-25 10:08:28.689 20112 28757 W BufferQueueProducer: [MediaCodec.release] (id:4e9000000091,api:3,p:20112,c:20112) detachBuffer: slot 44 is not owned by the producer (state = FREE)
04-25 10:08:28.689 20112 28757 W BufferQueueProducer: [MediaCodec.release] (id:4e9000000091,api:3,p:20112,c:20112) detachBuffer: slot 45 is not owned by the producer (state = FREE)
04-25 10:08:28.689 20112 28757 W BufferQueueProducer: [MediaCodec.release] (id:4e9000000091,api:3,p:20112,c:20112) detachBuffer: slot 46 is not owned by the producer (state = FREE)
04-25 10:08:28.689 20112 28757 W BufferQueueProducer: [MediaCodec.release] (id:4e9000000091,api:3,p:20112,c:20112) detachBuffer: slot 47 is not owned by the producer (state = FREE)
04-25 10:08:28.690 20112 28757 W BufferQueueProducer: [MediaCodec.release] (id:4e9000000091,api:3,p:20112,c:20112) detachBuffer: slot 48 is not owned by the producer (state = FREE)
04-25 10:08:28.690 20112 28757 W BufferQueueProducer: [MediaCodec.release] (id:4e9000000091,api:3,p:20112,c:20112) detachBuffer: slot 49 is not owned by the producer (state = FREE)
04-25 10:08:28.690 20112 28757 W BufferQueueProducer: [MediaCodec.release] (id:4e9000000091,api:3,p:20112,c:20112) detachBuffer: slot 50 is not owned by the producer (state = FREE)
04-25 10:08:28.691 20112 28757 W BufferQueueProducer: [MediaCodec.release] (id:4e9000000091,api:3,p:20112,c:20112) detachBuffer: slot 51 is not owned by the producer (state = FREE)
04-25 10:08:28.691 20112 28757 W BufferQueueProducer: [MediaCodec.release] (id:4e9000000091,api:3,p:20112,c:20112) detachBuffer: slot 52 is not owned by the producer (state = FREE)
04-25 10:08:28.691 20112 28757 W BufferQueueProducer: [MediaCodec.release] (id:4e9000000091,api:3,p:20112,c:20112) detachBuffer: slot 53 is not owned by the producer (state = FREE)
04-25 10:08:28.692 20112 28757 W BufferQueueProducer: [MediaCodec.release] (id:4e9000000091,api:3,p:20112,c:20112) detachBuffer: slot 54 is not owned by the producer (state = FREE)
04-25 10:08:28.692 20112 28757 W BufferQueueProducer: [MediaCodec.release] (id:4e9000000091,api:3,p:20112,c:20112) detachBuffer: slot 55 is not owned by the producer (state = FREE)
04-25 10:08:28.694 20112 28757 W BufferQueueProducer: [MediaCodec.release] (id:4e9000000091,api:3,p:20112,c:20112) detachBuffer: slot 56 is not owned by the producer (state = FREE)
04-25 10:08:28.694 20112 28757 W BufferQueueProducer: [MediaCodec.release] (id:4e9000000091,api:3,p:20112,c:20112) detachBuffer: slot 57 is not owned by the producer (state = FREE)
04-25 10:08:28.694 20112 28757 W BufferQueueProducer: [MediaCodec.release] (id:4e9000000091,api:3,p:20112,c:20112) detachBuffer: slot 58 is not owned by the producer (state = FREE)
04-25 10:08:28.695 20112 28757 W BufferQueueProducer: [MediaCodec.release] (id:4e9000000091,api:3,p:20112,c:20112) detachBuffer: slot 59 is not owned by the producer (state = FREE)
04-25 10:08:28.695 20112 28757 W BufferQueueProducer: [MediaCodec.release] (id:4e9000000091,api:3,p:20112,c:20112) detachBuffer: slot 60 is not owned by the producer (state = FREE)
04-25 10:08:28.695 20112 28757 W BufferQueueProducer: [MediaCodec.release] (id:4e9000000091,api:3,p:20112,c:20112) detachBuffer: slot 61 is not owned by the producer (state = FREE)
04-25 10:08:28.695 20112 28757 W BufferQueueProducer: [MediaCodec.release] (id:4e9000000091,api:3,p:20112,c:20112) detachBuffer: slot 62 is not owned by the producer (state = FREE)
04-25 10:08:28.695 20112 28757 W BufferQueueProducer: [MediaCodec.release] (id:4e9000000091,api:3,p:20112,c:20112) detachBuffer: slot 63 is not owned by the producer (state = FREE)
04-25 10:08:28.698 20112 28670 E send_data_to_xlog: send_video_play_to_xlog, start
04-25 10:08:28.698 20112 28670 E xlog_client: xlog_open: Error in open xlog
04-25 10:08:28.698 20112 28670 E xlog_client: xlog open fail
04-25 10:08:28.706 20112 22650 E BufferQueueProducer: [MediaCodec.release] (id:4e9000000091,api:0,p:-1,c:20112) cancelBuffer: BufferQueue has no connected producer
04-25 10:08:28.707 20112 22650 E BufferQueueProducer: [MediaCodec.release] (id:4e9000000091,api:0,p:-1,c:20112) cancelBuffer: BufferQueue has no connected producer
04-25 10:08:28.707 20112 22650 E BufferQueueProducer: [MediaCodec.release] (id:4e9000000091,api:0,p:-1,c:20112) cancelBuffer: BufferQueue has no connected producer
04-25 10:08:28.708 20112 22650 E BufferQueueProducer: [MediaCodec.release] (id:4e9000000091,api:0,p:-1,c:20112) cancelBuffer: BufferQueue has no connected producer
04-25 10:08:28.708 20112 22650 E BufferQueueProducer: [MediaCodec.release] (id:4e9000000091,api:0,p:-1,c:20112) cancelBuffer: BufferQueue has no connected producer
04-25 10:08:28.708 20112 22650 E BufferQueueProducer: [MediaCodec.release] (id:4e9000000091,api:0,p:-1,c:20112) cancelBuffer: BufferQueue has no connected producer
04-25 10:08:28.708 20112 22650 E BufferQueueProducer: [MediaCodec.release] (id:4e9000000091,api:0,p:-1,c:20112) cancelBuffer: BufferQueue has no connected producer
04-25 10:08:28.709 20112 22650 E BufferQueueProducer: [MediaCodec.release] (id:4e9000000091,api:0,p:-1,c:20112) cancelBuffer: BufferQueue has no connected producer
04-25 10:08:28.709 20112 22650 E BufferQueueProducer: [MediaCodec.release] (id:4e9000000091,api:0,p:-1,c:20112) cancelBuffer: BufferQueue has no connected producer
04-25 10:08:28.710 20112 22650 E BufferQueueProducer: [MediaCodec.release] (id:4e9000000091,api:0,p:-1,c:20112) cancelBuffer: BufferQueue has no connected producer
04-25 10:08:28.710 20112 22650 E BufferQueueProducer: [MediaCodec.release] (id:4e9000000091,api:0,p:-1,c:20112) cancelBuffer: BufferQueue has no connected producer
04-25 10:08:28.710 20112 22650 E BufferQueueProducer: [MediaCodec.release] (id:4e9000000091,api:0,p:-1,c:20112) cancelBuffer: BufferQueue has no connected producer
04-25 10:08:40.848 20112 22053 E SQLiteDatabase: Error inserting dirty_version=-1 version=0 lt_hash=null collection_name=critical_unblock_low
04-25 10:08:40.848 20112 22053 E SQLiteDatabase: android.database.sqlite.SQLiteConstraintException: UNIQUE constraint failed: collection_versions.collection_name (code 1555 SQLITE_CONSTRAINT_PRIMARYKEY)
04-25 10:08:40.848 20112 22053 E SQLiteDatabase: at android.database.sqlite.SQLiteConnection.nativeExecuteForLastInsertedRowId(Native Method)
04-25 10:08:40.848 20112 22053 E SQLiteDatabase: at android.database.sqlite.SQLiteConnection.executeForLastInsertedRowId(SQLiteConnecti on.java:961)
04-25 10:08:40.848 20112 22053 E SQLiteDatabase: at android.database.sqlite.SQLiteSession.executeForLastInsertedRowId(SQLiteSession.jav a:790)
04-25 10:08:40.848 20112 22053 E SQLiteDatabase: at android.database.sqlite.SQLiteStatement.executeInsert(SQLiteStatement.java:89)
04-25 10:08:40.848 20112 22053 E SQLiteDatabase: at android.database.sqlite.SQLiteDatabase.insertWithOnConflict(SQLiteDatabase.java:186 8)
04-25 10:08:40.848 20112 22053 E SQLiteDatabase: at android.database.sqlite.SQLiteDatabase.insert(SQLiteDatabase.java:1737)
04-25 10:08:40.848 20112 22053 E SQLiteDatabase: at X.2tm.A08(Unknown Source:6)
04-25 10:08:40.848 20112 22053 E SQLiteDatabase: at X.2sR.A03(Unknown Source:39)
04-25 10:08:40.848 20112 22053 E SQLiteDatabase: at X.2sR.A04(Unknown Source:29)
04-25 10:08:40.848 20112 22053 E SQLiteDatabase: at X.3Uy.A01(Unknown Source:1345)
04-25 10:08:40.848 20112 22053 E SQLiteDatabase: at X.3Uy.A02(Unknown Source:93)
04-25 10:08:40.848 20112 22053 E SQLiteDatabase: at X.3g7.run(Unknown Source:259)
04-25 10:08:40.848 20112 22053 E SQLiteDatabase: at X.0yM.A1J(Unknown Source:2)
04-25 10:08:40.848 20112 22053 E SQLiteDatabase: at X.1nX.run(Unknown Source:91)
04-25 10:08:40.848 20112 22053 E SQLiteDatabase: at java.util.concurrent.ThreadPoolExecutor.runWorker(ThreadPoolExecutor.java:1145)
04-25 10:08:40.848 20112 22053 E SQLiteDatabase: at java.util.concurrent.ThreadPoolExecutor$Worker.run(ThreadPoolExecutor.java:644)
04-25 10:08:40.848 20112 22053 E SQLiteDatabase: at X.3gH.run(Unknown Source:1548)
04-25 10:08:40.848 20112 22053 E SQLiteDatabase: at java.lang.Thread.run(Thread.java:1012)
04-25 10:08:41.056 20112 20252 E SQLiteDatabase: Error inserting dirty_version=-1 version=0 lt_hash=null collection_name=critical_unblock_low
04-25 10:08:41.056 20112 20252 E SQLiteDatabase: android.database.sqlite.SQLiteConstraintException: UNIQUE constraint failed: collection_versions.collection_name (code 1555 SQLITE_CONSTRAINT_PRIMARYKEY)
04-25 10:08:41.056 20112 20252 E SQLiteDatabase: at android.database.sqlite.SQLiteConnection.nativeExecuteForLastInsertedRowId(Native Method)
04-25 10:08:41.056 20112 20252 E SQLiteDatabase: at android.database.sqlite.SQLiteConnection.executeForLastInsertedRowId(SQLiteConnecti on.java:961)
04-25 10:08:41.056 20112 20252 E SQLiteDatabase: at android.database.sqlite.SQLiteSession.executeForLastInsertedRowId(SQLiteSession.jav a:790)
04-25 10:08:41.056 20112 20252 E SQLiteDatabase: at android.database.sqlite.SQLiteStatement.executeInsert(SQLiteStatement.java:89)
04-25 10:08:41.056 20112 20252 E SQLiteDatabase: at android.database.sqlite.SQLiteDatabase.insertWithOnConflict(SQLiteDatabase.java:186 8)
04-25 10:08:41.056 20112 20252 E SQLiteDatabase: at android.database.sqlite.SQLiteDatabase.insert(SQLiteDatabase.java:1737)
04-25 10:08:41.056 20112 20252 E SQLiteDatabase: at X.2tm.A08(Unknown Source:6)
04-25 10:08:41.056 20112 20252 E SQLiteDatabase: at X.2sR.A03(Unknown Source:39)
04-25 10:08:41.056 20112 20252 E SQLiteDatabase: at X.2sR.A05(Unknown Source:14)
04-25 10:08:41.056 20112 20252 E SQLiteDatabase: at X.32N.A07(Unknown Source:2205)
04-25 10:08:41.056 20112 20252 E SQLiteDatabase: at X.32N.A06(Unknown Source:507)
04-25 10:08:41.056 20112 20252 E SQLiteDatabase: at X.3eA.run(Unknown Source:2207)
04-25 10:08:41.056 20112 20252 E SQLiteDatabase: at java.util.concurrent.ThreadPoolExecutor.runWorker(ThreadPoolExecutor.java:1145)
04-25 10:08:41.056 20112 20252 E SQLiteDatabase: at java.util.concurrent.ThreadPoolExecutor$Worker.run(ThreadPoolExecutor.java:644)
04-25 10:08:41.056 20112 20252 E SQLiteDatabase: at X.3gH.run(Unknown Source:1548)
04-25 10:08:41.056 20112 20252 E SQLiteDatabase: at java.lang.Thread.run(Thread.java:1012)
04-25 10:09:24.334 20112 22053 E SQLiteDatabase: Error inserting dirty_version=-1 version=0 lt_hash=null collection_name=regular_high
04-25 10:09:24.334 20112 22053 E SQLiteDatabase: android.database.sqlite.SQLiteConstraintException: UNIQUE constraint failed: collection_versions.collection_name (code 1555 SQLITE_CONSTRAINT_PRIMARYKEY)
04-25 10:09:24.334 20112 22053 E SQLiteDatabase: at android.database.sqlite.SQLiteConnection.nativeExecuteForLastInsertedRowId(Native Method)
04-25 10:09:24.334 20112 22053 E SQLiteDatabase: at android.database.sqlite.SQLiteConnection.executeForLastInsertedRowId(SQLiteConnecti on.java:961)
04-25 10:09:24.334 20112 22053 E SQLiteDatabase: at android.database.sqlite.SQLiteSession.executeForLastInsertedRowId(SQLiteSession.jav a:790)
04-25 10:09:24.334 20112 22053 E SQLiteDatabase: at android.database.sqlite.SQLiteStatement.executeInsert(SQLiteStatement.java:89)
04-25 10:09:24.334 20112 22053 E SQLiteDatabase: at android.database.sqlite.SQLiteDatabase.insertWithOnConflict(SQLiteDatabase.java:186 8)
04-25 10:09:24.334 20112 22053 E SQLiteDatabase: at android.database.sqlite.SQLiteDatabase.insert(SQLiteDatabase.java:1737)
04-25 10:09:24.334 20112 22053 E SQLiteDatabase: at X.2tm.A08(Unknown Source:6)
04-25 10:09:24.334 20112 22053 E SQLiteDatabase: at X.2sR.A03(Unknown Source:39)
04-25 10:09:24.334 20112 22053 E SQLiteDatabase: at X.2sR.A05(Unknown Source:14)
04-25 10:09:24.334 20112 22053 E SQLiteDatabase: at X.3eA.run(Unknown Source:2101)
04-25 10:09:24.334 20112 22053 E SQLiteDatabase: at java.util.concurrent.ThreadPoolExecutor.runWorker(ThreadPoolExecutor.java:1145)
04-25 10:09:24.334 20112 22053 E SQLiteDatabase: at java.util.concurrent.ThreadPoolExecutor$Worker.run(ThreadPoolExecutor.java:644)
04-25 10:09:24.334 20112 22053 E SQLiteDatabase: at X.3gH.run(Unknown Source:1548)
04-25 10:09:24.334 20112 22053 E SQLiteDatabase: at java.lang.Thread.run(Thread.java:1012)
04-25 10:09:28.184 20112 20255 E com.mbwhatsapp: mali-debug: still pending callback,wait...
04-25 10:20:12.212 20112 20112 E ArmVmp : Match on catch block at 0x0a in for 0x797fda3031
04-25 10:20:12.235 20112 20112 E ArmVmp : Match on catch block at 0x0a in for 0x797fda304d
04-25 10:20:12.280 20112 20112 W Activity: Can request only one set of permissions at a time
04-25 10:20:12.366 20112 20112 W Looper : PerfMonitor looperActivity : package=com.mbwhatsapp/.HomeActivity time=0ms latency=481ms procState=-1 historyMsgCount=2 (msgIndex=2 wall=459ms seq=121961 late=24ms h=android.app.ActivityThread$H w=159)
04-25 10:20:12.943 20112 20255 W Parcel : Expecting binder but got null!
04-25 10:20:12.943 20112 20112 W Looper : PerfMonitor doFrame : time=528ms vsyncFrame=0 latency=48ms procState=-1 historyMsgCount=16
04-25 10:20:12.951 20112 20112 E ArmVmp : Match on catch block at 0x0a in for 0x797fda3035
04-25 10:20:12.963 20112 20112 W Looper : PerfMonitor looperActivity : package=com.mbwhatsapp/mbmodsd.mbmodsw.mbsettings.yo.PauseActivity time=19ms latency=551ms procState=-1 historyMsgCount=18 (msgIndex=15 wall=528ms seq=121986 late=48ms h=android.view.Choreographer$FrameHandler c=android.view.Choreographer$FrameDisplayEventReceiver)
04-25 10:20:12.992 20112 20112 W Looper : PerfMonitor doFrame : time=28ms vsyncFrame=0 latency=541ms procState=-1 historyMsgCount=7 (msgIndex=1 wall=528ms seq=121986 late=48ms h=android.view.Choreographer$FrameHandler c=android.view.Choreographer$FrameDisplayEventReceiver)
04-25 10:20:13.002 20112 20112 W Looper : PerfMonitor looperActivity : package=com.mbwhatsapp/mbmodsd.mbmodsw.mbsettings.yo.PauseActivity time=0ms latency=448ms procState=-1 historyMsgCount=28 (msgIndex=1 wall=528ms seq=121986 late=48ms h=android.view.Choreographer$FrameHandler c=android.view.Choreographer$FrameDisplayEventReceiver)
04-25 10:20:13.002 20112 20112 W Looper : PerfMonitor looperActivity : package=com.mbwhatsapp/mbmodsd.mbmodsw.mbsettings.yo.PauseActivity time=0ms latency=442ms procState=-1 historyMsgCount=29 (msgIndex=1 wall=528ms seq=121986 late=48ms h=android.view.Choreographer$FrameHandler c=android.view.Choreographer$FrameDisplayEventReceiver)
04-25 10:20:13.597 20112 20112 W MessageThumbsTh: type=1400 audit(0.0:591548): avc: denied { search } for name="ppm" dev="proc" ino=4026531923 scontext=u:r:untrusted_app:s0:c89,c257,c512,c768 tcontext=u:object_r:proc_ppm:s0 tclass=dir permissive=0 app=com.mbwhatsapp
04-25 10:20:13.597 20112 20112 W MessageThumbsTh: type=1400 audit(0.0:591549): avc: denied { search } for name="ppm" dev="proc" ino=4026531923 scontext=u:r:untrusted_app:s0:c89,c257,c512,c768 tcontext=u:object_r:proc_ppm:s0 tclass=dir permissive=0 app=com.mbwhatsapp
04-25 10:20:27.642 20112 20112 W Activity: PerfMonitor: Slow Operation: Activity com.mbwhatsapp/.HomeActivity onPause took 61ms
04-25 10:24:56.565 20112 20112 W MessageThumbsTh: type=1400 audit(0.0:591962): avc: denied { search } for name="ppm" dev="proc" ino=4026531923 scontext=u:r:untrusted_app:s0:c89,c257,c512,c768 tcontext=u:object_r:proc_ppm:s0 tclass=dir permissive=0 app=com.mbwhatsapp
04-25 10:24:56.569 20112 20112 W MessageThumbsTh: type=1400 audit(0.0:591963): avc: denied { search } for name="ppm" dev="proc" ino=4026531923 scontext=u:r:untrusted_app:s0:c89,c257,c512,c768 tcontext=u:object_r:proc_ppm:s0 tclass=dir permissive=0 app=com.mbwhatsapp
04-25 10:24:57.555 20112 20209 E SQLiteDatabase: Error inserting transferred=0 media_job_uuid=9d7740e5-1fbd-443b-8251-7443c20fdfd4 transcoded=0 gif_attribution=0 first_scan_length=0 direct_path=/v/t62.7161- 24/35385492_965895961693982_8203555177398474110_n.enc?ccb=11- 4&oh=01_Q5AaIPehtQIKzt-bSzUZ03S1fDOWstthKDTou5N2j3imtiS5&oe=6651D9CC&_nc_sid=5e03e0 thumbnail_height_width_ratio=1.7777778 is_animated_sticker=0 file_hash=kb2C67cacQR/I7ShVTqpadG+FwSGfvvRlI6Ghr65da8= file_path=null file_size=0 partial_media_hash=null face_x=0 face_y=0 height=640 trim_to=0 media_key_timestamp=1714062127000 message_url=https://mmg.whatsapp.net/v/t62.7161- 24/35385492_965895961693982_8203555177398474110_n.enc?ccb=11- 4&oh=01_Q5AaIPehtQIKzt- bSzUZ03S1fDOWstthKDTou5N2j3imtiS5&oe=6651D9CC&_nc_sid=5e03e0&mms3=true media_caption=null trim_from=0 mime_type=video/mp4 partial_media_enc_hash=null width=360 original_file_hash=null has_streaming_sidecar=1 autotransfer_retry_enabled=1 media_upload_handle=null message_row_id=909 multicast_id=null enc_file_hash=MxndKnLC5D7KuSEIIUU/FVQs6qzx2l0/HOrAQGu1ye8= mute_video=0 page_count=0 first_scan_sidecar=null suspicious_content=0 file_length=265342 media_name=null media_duration=15 chat_row_id=25 media_key=[B@56c27e0
04-25 10:24:57.555 20112 20209 E SQLiteDatabase: android.database.sqlite.SQLiteConstraintException: UNIQUE constraint failed: message_media.message_row_id (code 1555 SQLITE_CONSTRAINT_PRIMARYKEY)
04-25 10:24:57.555 20112 20209 E SQLiteDatabase: at android.database.sqlite.SQLiteConnection.nativeExecuteForLastInsertedRowId(Native Method)
04-25 10:24:57.555 20112 20209 E SQLiteDatabase: at android.database.sqlite.SQLiteConnection.executeForLastInsertedRowId(SQLiteConnecti on.java:961)
04-25 10:24:57.555 20112 20209 E SQLiteDatabase: at android.database.sqlite.SQLiteSession.executeForLastInsertedRowId(SQLiteSession.jav a:790)
04-25 10:24:57.555 20112 20209 E SQLiteDatabase: at android.database.sqlite.SQLiteStatement.executeInsert(SQLiteStatement.java:89)
04-25 10:24:57.555 20112 20209 E SQLiteDatabase: at android.database.sqlite.SQLiteDatabase.insertWithOnConflict(SQLiteDatabase.java:186 8)
04-25 10:24:57.555 20112 20209 E SQLiteDatabase: at android.database.sqlite.SQLiteDatabase.insert(SQLiteDatabase.java:1737)
04-25 10:24:57.555 20112 20209 E SQLiteDatabase: at X.2tm.A08(Unknown Source:6)
04-25 10:24:57.555 20112 20209 E SQLiteDatabase: at X.35Y.A07(Unknown Source:212)
04-25 10:24:57.555 20112 20209 E SQLiteDatabase: at X.3QF.A14(Unknown Source:470)
04-25 10:24:57.555 20112 20209 E SQLiteDatabase: at X.3gU.run(Unknown Source:982)
04-25 10:24:57.555 20112 20209 E SQLiteDatabase: at android.os.Handler.handleCallback(Handler.java:942)
04-25 10:24:57.555 20112 20209 E SQLiteDatabase: at android.os.Handler.dispatchMessage(Handler.java:99)
04-25 10:24:57.555 20112 20209 E SQLiteDatabase: at X.0zq.dispatchMessage(Unknown Source:4)
04-25 10:24:57.555 20112 20209 E SQLiteDatabase: at android.os.Looper.loopOnce(Looper.java:211)
04-25 10:24:57.555 20112 20209 E SQLiteDatabase: at android.os.Looper.loop(Looper.java:300)
04-25 10:24:57.555 20112 20209 E SQLiteDatabase: at android.os.HandlerThread.run(HandlerThread.java:67)
04-25 10:24:57.827 20112 20112 W Choreographer: Frame time is 0.139003 now = 753868129280933 timestampNanos = 753868129419936 ms in the future! Check that graphics HAL is generating vsync timestamps using the correct timebase.
04-25 10:24:57.853 20112 20112 W Choreographer: Frame time is 0.053557 now = 753868154921933 timestampNanos = 753868154975490 ms in the future! Check that graphics HAL is generating vsync timestamps using the correct timebase.
04-25 10:25:03.848 20112 20112 E ArmVmp : Match on catch block at 0x0a in for 0x797fda3035
04-25 10:25:03.854 20112 20112 E ArmVmp : Match on catch block at 0x0a in for 0x797fda3035
04-25 10:25:03.912 20112 20112 W Looper : PerfMonitor looperActivity : package=com.mbwhatsapp/.Conversation time=0ms latency=344ms procState=-1 historyMsgCount=6 (msgIndex=6 wall=339ms seq=125693 late=6ms h=android.app.ActivityThread$H w=159)
04-25 10:25:03.974 20112 20112 E ArmVmp : Match on catch block at 0xc3 in for 0x797fda3021
04-25 10:25:03.977 20112 20112 E ArmVmp : Match on catch block at 0xc3 in for 0x797fda3021
04-25 10:25:03.993 20112 20255 W Parcel : Expecting binder but got null!
04-25 10:25:03.998 20112 20112 W Looper : PerfMonitor doFrame : time=87ms vsyncFrame=0 latency=336ms procState=-1 historyMsgCount=6 (msgIndex=1 wall=339ms seq=125693 late=6ms h=android.app.ActivityThread$H w=159)
04-25 10:25:04.031 20112 20112 E ArmVmp : Match on catch block at 0xc3 in for 0x797fda3025
04-25 10:25:04.034 20112 20112 E ArmVmp : Match on catch block at 0xc3 in for 0x797fda3025
04-25 10:25:04.066 20112 20112 E ArmVmp : Match on catch block at 0xc3 in for 0x797fda3025
04-25 10:25:04.068 20112 20112 E ArmVmp : Match on catch block at 0xc3 in for 0x797fda3025
04-25 10:25:04.090 20112 20112 E ArmVmp : Match on catch block at 0xc3 in for 0x797fda3025
04-25 10:25:04.096 20112 20112 E ArmVmp : Match on catch block at 0xc3 in for 0x797fda3025
