04-25 10:25:04.111 20112 20112 E ArmVmp : Match on catch block at 0xc3 in for 0x797fda3025
04-25 10:25:04.115 20112 20112 E ArmVmp : Match on catch block at 0xc3 in for 0x797fda3025
04-25 10:25:04.130 20112 20112 E ArmVmp : Match on catch block at 0xc3 in for 0x797fda3025
04-25 10:25:04.133 20112 20112 E ArmVmp : Match on catch block at 0xc3 in for 0x797fda3025
04-25 10:25:04.153 20112 20112 E ArmVmp : Match on catch block at 0xc3 in for 0x797fda3025
04-25 10:25:04.156 20112 20112 E ArmVmp : Match on catch block at 0xc3 in for 0x797fda3025
04-25 10:25:04.168 20112 20112 E ArmVmp : Match on catch block at 0xc3 in for 0x797fda3025
04-25 10:25:04.172 20112 20112 E ArmVmp : Match on catch block at 0xc3 in for 0x797fda3025
04-25 10:25:04.184 20112 20112 E ArmVmp : Match on catch block at 0xc3 in for 0x797fda3025
04-25 10:25:04.187 20112 20112 E ArmVmp : Match on catch block at 0xc3 in for 0x797fda3025
04-25 10:25:04.199 20112 20112 E ArmVmp : Match on catch block at 0xc3 in for 0x797fda3025
04-25 10:25:04.203 20112 20112 E ArmVmp : Match on catch block at 0xc3 in for 0x797fda3025
04-25 10:25:04.592 20112 20112 E ArmVmp : Match on catch block at 0xc3 in for 0x797fda3025
04-25 10:25:04.596 20112 20112 E ArmVmp : Match on catch block at 0xc3 in for 0x797fda3025
04-25 10:25:04.715 20112 20112 E ArmVmp : Match on catch block at 0xc3 in for 0x797fda3025
04-25 10:25:04.719 20112 20112 E ArmVmp : Match on catch block at 0xc3 in for 0x797fda3025
04-25 10:25:04.726 20112 20112 E ArmVmp : Match on catch block at 0xc3 in for 0x797fda3025
04-25 10:25:04.729 20112 20112 E ArmVmp : Match on catch block at 0xc3 in for 0x797fda3025
04-25 10:25:04.736 20112 20112 E ArmVmp : Match on catch block at 0xc3 in for 0x797fda3025
04-25 10:25:04.740 20112 20112 E ArmVmp : Match on catch block at 0xc3 in for 0x797fda3025
04-25 10:25:04.748 20112 20112 E ArmVmp : Match on catch block at 0xc3 in for 0x797fda3025
04-25 10:25:04.752 20112 20112 E ArmVmp : Match on catch block at 0xc3 in for 0x797fda3025
04-25 10:25:04.760 20112 20112 E ArmVmp : Match on catch block at 0xc3 in for 0x797fda3025
04-25 10:25:04.764 20112 20112 E ArmVmp : Match on catch block at 0xc3 in for 0x797fda3025
04-25 10:25:04.771 20112 20112 E ArmVmp : Match on catch block at 0xc3 in for 0x797fda3025
04-25 10:25:04.775 20112 20112 E ArmVmp : Match on catch block at 0xc3 in for 0x797fda3025
04-25 10:25:04.781 20112 20112 E ArmVmp : Match on catch block at 0xc3 in for 0x797fda3025
04-25 10:25:04.785 20112 20112 E ArmVmp : Match on catch block at 0xc3 in for 0x797fda3025
04-25 10:25:04.792 20112 20112 E ArmVmp : Match on catch block at 0xc3 in for 0x797fda3025
04-25 10:25:04.796 20112 20112 E ArmVmp : Match on catch block at 0xc3 in for 0x797fda3025
04-25 10:25:04.802 20112 20112 E ArmVmp : Match on catch block at 0xc3 in for 0x797fda3025
04-25 10:25:04.806 20112 20112 E ArmVmp : Match on catch block at 0xc3 in for 0x797fda3025
04-25 10:25:04.814 20112 20112 E ArmVmp : Match on catch block at 0xc3 in for 0x797fda3025
04-25 10:25:04.818 20112 20112 E ArmVmp : Match on catch block at 0xc3 in for 0x797fda3025
04-25 10:25:04.827 20112 20112 E ArmVmp : Match on catch block at 0xc3 in for 0x797fda3025
04-25 10:25:04.830 20112 20112 E ArmVmp : Match on catch block at 0xc3 in for 0x797fda3025
04-25 10:25:04.836 20112 20112 E ArmVmp : Match on catch block at 0xc3 in for 0x797fda3025
04-25 10:25:04.840 20112 20112 E ArmVmp : Match on catch block at 0xc3 in for 0x797fda3025
04-25 10:25:04.847 20112 20112 E ArmVmp : Match on catch block at 0xc3 in for 0x797fda3025
04-25 10:25:04.851 20112 20112 E ArmVmp : Match on catch block at 0xc3 in for 0x797fda3025
04-25 10:25:04.858 20112 20112 E ArmVmp : Match on catch block at 0xc3 in for 0x797fda3025
04-25 10:25:04.862 20112 20112 E ArmVmp : Match on catch block at 0xc3 in for 0x797fda3025
04-25 10:25:04.869 20112 20112 E ArmVmp : Match on catch block at 0xc3 in for 0x797fda3025
04-25 10:25:04.872 20112 20112 E ArmVmp : Match on catch block at 0xc3 in for 0x797fda3025
04-25 10:25:04.880 20112 20112 E ArmVmp : Match on catch block at 0xc3 in for 0x797fda3025
04-25 10:25:04.884 20112 20112 E ArmVmp : Match on catch block at 0xc3 in for 0x797fda3025
04-25 10:25:04.891 20112 20112 E ArmVmp : Match on catch block at 0xc3 in for 0x797fda3025
04-25 10:25:04.894 20112 20112 E ArmVmp : Match on catch block at 0xc3 in for 0x797fda3025
04-25 10:25:04.902 20112 20112 E ArmVmp : Match on catch block at 0xc3 in for 0x797fda3025
04-25 10:25:04.906 20112 20112 E ArmVmp : Match on catch block at 0xc3 in for 0x797fda3025
04-25 10:25:04.914 20112 20112 E ArmVmp : Match on catch block at 0xc3 in for 0x797fda3025
04-25 10:25:04.917 20112 20112 E ArmVmp : Match on catch block at 0xc3 in for 0x797fda3025
04-25 10:25:04.924 20112 20112 E ArmVmp : Match on catch block at 0xc3 in for 0x797fda3025
04-25 10:25:04.929 20112 20112 E ArmVmp : Match on catch block at 0xc3 in for 0x797fda3025
04-25 10:25:04.936 20112 20112 E ArmVmp : Match on catch block at 0xc3 in for 0x797fda3025
04-25 10:25:04.939 20112 20112 E ArmVmp : Match on catch block at 0xc3 in for 0x797fda3025
04-25 10:25:04.947 20112 20112 E ArmVmp : Match on catch block at 0xc3 in for 0x797fda3025
04-25 10:25:04.950 20112 20112 E ArmVmp : Match on catch block at 0xc3 in for 0x797fda3025
04-25 10:25:04.958 20112 20112 E ArmVmp : Match on catch block at 0xc3 in for 0x797fda3025
04-25 10:25:04.962 20112 20112 E ArmVmp : Match on catch block at 0xc3 in for 0x797fda3025
04-25 10:25:04.969 20112 20112 E ArmVmp : Match on catch block at 0xc3 in for 0x797fda3025
04-25 10:25:04.972 20112 20112 E ArmVmp : Match on catch block at 0xc3 in for 0x797fda3025
04-25 10:25:04.981 20112 20112 E ArmVmp : Match on catch block at 0xc3 in for 0x797fda3025
04-25 10:25:04.984 20112 20112 E ArmVmp : Match on catch block at 0xc3 in for 0x797fda3025
04-25 10:25:04.992 20112 20112 E ArmVmp : Match on catch block at 0xc3 in for 0x797fda3025
04-25 10:25:04.994 20112 20112 E ArmVmp : Match on catch block at 0xc3 in for 0x797fda3025
04-25 10:25:05.002 20112 20112 E ArmVmp : Match on catch block at 0xc3 in for 0x797fda3025
04-25 10:25:05.006 20112 20112 E ArmVmp : Match on catch block at 0xc3 in for 0x797fda3025
04-25 10:25:05.014 20112 20112 E ArmVmp : Match on catch block at 0xc3 in for 0x797fda3025
04-25 10:25:05.017 20112 20112 E ArmVmp : Match on catch block at 0xc3 in for 0x797fda3025
04-25 10:25:05.026 20112 20112 E ArmVmp : Match on catch block at 0xc3 in for 0x797fda3025
04-25 10:25:05.029 20112 20112 E ArmVmp : Match on catch block at 0xc3 in for 0x797fda3025
04-25 10:25:05.091 20112 20112 E ArmVmp : Match on catch block at 0xc3 in for 0x797fda3025
04-25 10:25:05.094 20112 20112 E ArmVmp : Match on catch block at 0xc3 in for 0x797fda3025
04-25 10:25:05.132 20112 20112 E ArmVmp : Match on catch block at 0xc3 in for 0x797fda3025
04-25 10:25:05.134 20112 20112 E ArmVmp : Match on catch block at 0xc3 in for 0x797fda3025
04-25 10:25:05.156 20112 20112 E ArmVmp : Match on catch block at 0xc3 in for 0x797fda3025
04-25 10:25:05.158 20112 20112 E ArmVmp : Match on catch block at 0xc3 in for 0x797fda3025
04-25 10:25:05.229 20112 20112 E ArmVmp : Match on catch block at 0xc3 in for 0x797fda3025
04-25 10:25:05.232 20112 20112 E ArmVmp : Match on catch block at 0xc3 in for 0x797fda3025
04-25 10:25:05.240 20112 20112 E ArmVmp : Match on catch block at 0xc3 in for 0x797fda3025
04-25 10:25:05.243 20112 20112 E ArmVmp : Match on catch block at 0xc3 in for 0x797fda3025
04-25 10:25:05.288 20112 20112 E ArmVmp : Match on catch block at 0xc3 in for 0x797fda3025
04-25 10:25:05.293 20112 20112 E ArmVmp : Match on catch block at 0xc3 in for 0x797fda3025
04-25 10:25:05.320 20112 20112 E ArmVmp : Match on catch block at 0xc3 in for 0x797fda3025
04-25 10:25:05.325 20112 20112 E ArmVmp : Match on catch block at 0xc3 in for 0x797fda3025
04-25 10:25:05.338 20112 20112 E ArmVmp : Match on catch block at 0xc3 in for 0x797fda3025
04-25 10:25:05.342 20112 20112 E ArmVmp : Match on catch block at 0xc3 in for 0x797fda3025
04-25 10:25:05.766 20112 20112 E ArmVmp : Match on catch block at 0xc3 in for 0x797fda3025
04-25 10:25:05.772 20112 20112 E ArmVmp : Match on catch block at 0xc3 in for 0x797fda3025
04-25 10:25:19.363 20112 20112 W Choreographer: Frame time is 0.085655 now = 753889664732319 timestampNanos = 753889664817974 ms in the future! Check that graphics HAL is generating vsync timestamps using the correct timebase.
04-25 10:25:25.620 20112 20255 W Parcel : Expecting binder but got null!
04-25 10:25:25.665 20112 20112 W BottomSheetBehavior: BottomSheetBehavior now supports multiple callbacks. `setBottomSheetCallback()` removes all existing callbacks, including ones set internally by library authors, which may result in unintended behavior. This may change in the future. Please use `addBottomSheetCallback()` and `removeBottomSheetCallback()` instead to set your own callbacks.
04-25 10:25:25.665 20112 20112 W BottomSheetBehavior: BottomSheetBehavior now supports multiple callbacks. `setBottomSheetCallback()` removes all existing callbacks, including ones set internally by library authors, which may result in unintended behavior. This may change in the future. Please use `addBottomSheetCallback()` and `removeBottomSheetCallback()` instead to set your own callbacks.
04-25 10:25:25.716 20112 20112 W BottomSheetBehavior: BottomSheetBehavior now supports multiple callbacks. `setBottomSheetCallback()` removes all existing callbacks, including ones set internally by library authors, which may result in unintended behavior. This may change in the future. Please use `addBottomSheetCallback()` and `removeBottomSheetCallback()` instead to set your own callbacks.
04-25 10:25:25.716 20112 20112 W BottomSheetBehavior: BottomSheetBehavior now supports multiple callbacks. `setBottomSheetCallback()` removes all existing callbacks, including ones set internally by library authors, which may result in unintended behavior. This may change in the future. Please use `addBottomSheetCallback()` and `removeBottomSheetCallback()` instead to set your own callbacks.
04-25 10:25:25.755 20112 20112 E RecyclerView: No adapter attached; skipping layout
04-25 10:25:25.767 20112 758 W ColorUtils: expected specified color aspects (2:0:0:0)
04-25 10:25:25.781 20112 758 W Codec2Client: query -- param skipped: index = 1107298332.
04-25 10:25:25.781 20112 758 W CCodec : This behavior is subject to change. It is recommended that app developers double check whether the requested max input size is in reasonable range.
04-25 10:25:25.787 20112 758 W Codec2Client: query -- param skipped: index = 1342179345.
04-25 10:25:25.787 20112 758 W Codec2Client: query -- param skipped: index = 2415921170.
04-25 10:25:25.787 20112 758 W Codec2Client: query -- param skipped: index = 1610614798.
04-25 10:25:25.916 20112 770 W Codec2Client: query -- param skipped: index = 1107298332.
04-25 10:25:25.917 20112 770 W CCodec : This behavior is subject to change. It is recommended that app developers double check whether the requested max input size is in reasonable range.
04-25 10:25:25.919 20112 770 W Codec2Client: query -- param skipped: index = 1342179345.
04-25 10:25:25.920 20112 770 W Codec2Client: query -- param skipped: index = 2415921170.
04-25 10:25:25.920 20112 770 W Codec2Client: query -- param skipped: index = 1610614798.
04-25 10:25:26.011 20112 754 W libc : Access denied finding property "vendor.audio.cpu.sched"
04-25 10:25:26.011 20112 754 W libc : Access denied finding property "vendor.audio.rt.mode"
04-25 10:25:26.097 20112 756 W BufferQueueProducer: [SurfaceTexture-1-20112-11] (id:4e9000000099,api:3,p:20112,c:20112) detachBuffer: slot 21 is not owned by the producer (state = FREE)
04-25 10:25:26.097 20112 756 W BufferQueueProducer: [SurfaceTexture-1-20112-11] (id:4e9000000099,api:3,p:20112,c:20112) detachBuffer: slot 22 is not owned by the producer (state = FREE)
04-25 10:25:26.097 20112 756 W BufferQueueProducer: [SurfaceTexture-1-20112-11] (id:4e9000000099,api:3,p:20112,c:20112) detachBuffer: slot 23 is not owned by the producer (state = FREE)
04-25 10:25:26.097 20112 756 W BufferQueueProducer: [SurfaceTexture-1-20112-11] (id:4e9000000099,api:3,p:20112,c:20112) detachBuffer: slot 24 is not owned by the producer (state = FREE)
04-25 10:25:26.098 20112 756 W BufferQueueProducer: [SurfaceTexture-1-20112-11] (id:4e9000000099,api:3,p:20112,c:20112) detachBuffer: slot 25 is not owned by the producer (state = FREE)
04-25 10:25:26.098 20112 756 W BufferQueueProducer: [SurfaceTexture-1-20112-11] (id:4e9000000099,api:3,p:20112,c:20112) detachBuffer: slot 26 is not owned by the producer (state = FREE)
04-25 10:25:26.098 20112 756 W BufferQueueProducer: [SurfaceTexture-1-20112-11] (id:4e9000000099,api:3,p:20112,c:20112) detachBuffer: slot 27 is not owned by the producer (state = FREE)
04-25 10:25:26.098 20112 756 W BufferQueueProducer: [SurfaceTexture-1-20112-11] (id:4e9000000099,api:3,p:20112,c:20112) detachBuffer: slot 28 is not owned by the producer (state = FREE)
04-25 10:25:26.098 20112 756 W BufferQueueProducer: [SurfaceTexture-1-20112-11] (id:4e9000000099,api:3,p:20112,c:20112) detachBuffer: slot 29 is not owned by the producer (state = FREE)
04-25 10:25:26.098 20112 756 W BufferQueueProducer: [SurfaceTexture-1-20112-11] (id:4e9000000099,api:3,p:20112,c:20112) detachBuffer: slot 30 is not owned by the producer (state = FREE)
04-25 10:25:26.098 20112 756 W BufferQueueProducer: [SurfaceTexture-1-20112-11] (id:4e9000000099,api:3,p:20112,c:20112) detachBuffer: slot 31 is not owned by the producer (state = FREE)
04-25 10:25:26.098 20112 756 W BufferQueueProducer: [SurfaceTexture-1-20112-11] (id:4e9000000099,api:3,p:20112,c:20112) detachBuffer: slot 32 is not owned by the producer (state = FREE)
04-25 10:25:26.098 20112 756 W BufferQueueProducer: [SurfaceTexture-1-20112-11] (id:4e9000000099,api:3,p:20112,c:20112) detachBuffer: slot 33 is not owned by the producer (state = FREE)
04-25 10:25:26.098 20112 756 W BufferQueueProducer: [SurfaceTexture-1-20112-11] (id:4e9000000099,api:3,p:20112,c:20112) detachBuffer: slot 34 is not owned by the producer (state = FREE)
04-25 10:25:26.099 20112 756 W BufferQueueProducer: [SurfaceTexture-1-20112-11] (id:4e9000000099,api:3,p:20112,c:20112) detachBuffer: slot 35 is not owned by the producer (state = FREE)
04-25 10:25:26.099 20112 756 W BufferQueueProducer: [SurfaceTexture-1-20112-11] (id:4e9000000099,api:3,p:20112,c:20112) detachBuffer: slot 36 is not owned by the producer (state = FREE)
04-25 10:25:26.099 20112 756 W BufferQueueProducer: [SurfaceTexture-1-20112-11] (id:4e9000000099,api:3,p:20112,c:20112) detachBuffer: slot 37 is not owned by the producer (state = FREE)
04-25 10:25:26.099 20112 756 W BufferQueueProducer: [SurfaceTexture-1-20112-11] (id:4e9000000099,api:3,p:20112,c:20112) detachBuffer: slot 38 is not owned by the producer (state = FREE)
04-25 10:25:26.099 20112 756 W BufferQueueProducer: [SurfaceTexture-1-20112-11] (id:4e9000000099,api:3,p:20112,c:20112) detachBuffer: slot 39 is not owned by the producer (state = FREE)
04-25 10:25:26.099 20112 756 W BufferQueueProducer: [SurfaceTexture-1-20112-11] (id:4e9000000099,api:3,p:20112,c:20112) detachBuffer: slot 40 is not owned by the producer (state = FREE)
04-25 10:25:26.099 20112 756 W BufferQueueProducer: [SurfaceTexture-1-20112-11] (id:4e9000000099,api:3,p:20112,c:20112) detachBuffer: slot 41 is not owned by the producer (state = FREE)
04-25 10:25:26.099 20112 756 W BufferQueueProducer: [SurfaceTexture-1-20112-11] (id:4e9000000099,api:3,p:20112,c:20112) detachBuffer: slot 42 is not owned by the producer (state = FREE)
04-25 10:25:26.099 20112 756 W BufferQueueProducer: [SurfaceTexture-1-20112-11] (id:4e9000000099,api:3,p:20112,c:20112) detachBuffer: slot 43 is not owned by the producer (state = FREE)
04-25 10:25:26.099 20112 756 W BufferQueueProducer: [SurfaceTexture-1-20112-11] (id:4e9000000099,api:3,p:20112,c:20112) detachBuffer: slot 44 is not owned by the producer (state = FREE)
04-25 10:25:26.100 20112 756 W BufferQueueProducer: [SurfaceTexture-1-20112-11] (id:4e9000000099,api:3,p:20112,c:20112) detachBuffer: slot 45 is not owned by the producer (state = FREE)
04-25 10:25:26.101 20112 756 W BufferQueueProducer: [SurfaceTexture-1-20112-11] (id:4e9000000099,api:3,p:20112,c:20112) detachBuffer: slot 46 is not owned by the producer (state = FREE)
04-25 10:25:26.101 20112 756 W BufferQueueProducer: [SurfaceTexture-1-20112-11] (id:4e9000000099,api:3,p:20112,c:20112) detachBuffer: slot 47 is not owned by the producer (state = FREE)
04-25 10:25:26.102 20112 756 W BufferQueueProducer: [SurfaceTexture-1-20112-11] (id:4e9000000099,api:3,p:20112,c:20112) detachBuffer: slot 48 is not owned by the producer (state = FREE)
04-25 10:25:26.102 20112 756 W BufferQueueProducer: [SurfaceTexture-1-20112-11] (id:4e9000000099,api:3,p:20112,c:20112) detachBuffer: slot 49 is not owned by the producer (state = FREE)
04-25 10:25:26.104 20112 756 W BufferQueueProducer: [SurfaceTexture-1-20112-11] (id:4e9000000099,api:3,p:20112,c:20112) detachBuffer: slot 50 is not owned by the producer (state = FREE)
04-25 10:25:26.104 20112 756 W BufferQueueProducer: [SurfaceTexture-1-20112-11] (id:4e9000000099,api:3,p:20112,c:20112) detachBuffer: slot 51 is not owned by the producer (state = FREE)
04-25 10:25:26.104 20112 756 W BufferQueueProducer: [SurfaceTexture-1-20112-11] (id:4e9000000099,api:3,p:20112,c:20112) detachBuffer: slot 52 is not owned by the producer (state = FREE)
04-25 10:25:26.104 20112 756 W BufferQueueProducer: [SurfaceTexture-1-20112-11] (id:4e9000000099,api:3,p:20112,c:20112) detachBuffer: slot 53 is not owned by the producer (state = FREE)
04-25 10:25:26.104 20112 756 W BufferQueueProducer: [SurfaceTexture-1-20112-11] (id:4e9000000099,api:3,p:20112,c:20112) detachBuffer: slot 54 is not owned by the producer (state = FREE)
04-25 10:25:26.104 20112 756 W BufferQueueProducer: [SurfaceTexture-1-20112-11] (id:4e9000000099,api:3,p:20112,c:20112) detachBuffer: slot 55 is not owned by the producer (state = FREE)
04-25 10:25:26.105 20112 756 W BufferQueueProducer: [SurfaceTexture-1-20112-11] (id:4e9000000099,api:3,p:20112,c:20112) detachBuffer: slot 56 is not owned by the producer (state = FREE)
04-25 10:25:26.105 20112 756 W BufferQueueProducer: [SurfaceTexture-1-20112-11] (id:4e9000000099,api:3,p:20112,c:20112) detachBuffer: slot 57 is not owned by the producer (state = FREE)
04-25 10:25:26.106 20112 756 W BufferQueueProducer: [SurfaceTexture-1-20112-11] (id:4e9000000099,api:3,p:20112,c:20112) detachBuffer: slot 58 is not owned by the producer (state = FREE)
04-25 10:25:26.106 20112 756 W BufferQueueProducer: [SurfaceTexture-1-20112-11] (id:4e9000000099,api:3,p:20112,c:20112) detachBuffer: slot 59 is not owned by the producer (state = FREE)
04-25 10:25:26.106 20112 756 W BufferQueueProducer: [SurfaceTexture-1-20112-11] (id:4e9000000099,api:3,p:20112,c:20112) detachBuffer: slot 60 is not owned by the producer (state = FREE)
04-25 10:25:26.106 20112 756 W BufferQueueProducer: [SurfaceTexture-1-20112-11] (id:4e9000000099,api:3,p:20112,c:20112) detachBuffer: slot 61 is not owned by the producer (state = FREE)
04-25 10:25:26.106 20112 756 W BufferQueueProducer: [SurfaceTexture-1-20112-11] (id:4e9000000099,api:3,p:20112,c:20112) detachBuffer: slot 62 is not owned by the producer (state = FREE)
04-25 10:25:26.106 20112 756 W BufferQueueProducer: [SurfaceTexture-1-20112-11] (id:4e9000000099,api:3,p:20112,c:20112) detachBuffer: slot 63 is not owned by the producer (state = FREE)
04-25 10:25:26.254 20112 20255 E com.mbwhatsapp: == MALI DEBUG ===eglp_winsys_populate_image_templates ==12288
04-25 10:25:26.253 20112 20112 W RenderThread: type=1400 audit(0.0:591971): avc: denied { getattr } for name="dmabuf:" dev="dmabuf" ino=1 scontext=u:r:untrusted_app:s0:c89,c257,c512,c768 tcontext=u:object_r:unlabeled:s0 tclass=filesystem permissive=0 app=com.mbwhatsapp
04-25 10:25:26.298 20112 20255 E com.mbwhatsapp: == MALI DEBUG ===eglp_winsys_populate_image_templates ==12288
04-25 10:25:26.293 20112 20112 W RenderThread: type=1400 audit(0.0:591972): avc: denied { getattr } for name="dmabuf:" dev="dmabuf" ino=1 scontext=u:r:untrusted_app:s0:c89,c257,c512,c768 tcontext=u:object_r:unlabeled:s0 tclass=filesystem permissive=0 app=com.mbwhatsapp
04-25 10:25:26.329 20112 20112 W RenderThread: type=1400 audit(0.0:591973): avc: denied { getattr } for name="dmabuf:" dev="dmabuf" ino=1 scontext=u:r:untrusted_app:s0:c89,c257,c512,c768 tcontext=u:object_r:unlabeled:s0 tclass=filesystem permissive=0 app=com.mbwhatsapp
04-25 10:25:26.331 20112 20255 E com.mbwhatsapp: == MALI DEBUG ===eglp_winsys_populate_image_templates ==12288
04-25 10:25:26.341 20112 20209 E SQLiteDatabase: Error inserting transferred=1 media_job_uuid=9d7740e5-1fbd-443b-8251-7443c20fdfd4 transcoded=0 gif_attribution=0 first_scan_length=0 direct_path=/v/t62.7161- 24/35385492_965895961693982_8203555177398474110_n.enc?ccb=11- 4&oh=01_Q5AaIPehtQIKzt-bSzUZ03S1fDOWstthKDTou5N2j3imtiS5&oe=6651D9CC&_nc_sid=5e03e0 thumbnail_height_width_ratio=1.7777778 is_animated_sticker=0 file_hash=kb2C67cacQR/I7ShVTqpadG+FwSGfvvRlI6Ghr65da8= file_path=Media/.Statuses/4f5b5cad62ad4f6bac87a486bd489816.mp4 file_size=265342 partial_media_hash=null face_x=0 face_y=0 height=640 trim_to=0 media_key_timestamp=1714062127000 message_url=https://mmg.whatsapp.net/v/t62.7161- 24/35385492_965895961693982_8203555177398474110_n.enc?ccb=11- 4&oh=01_Q5AaIPehtQIKzt- bSzUZ03S1fDOWstthKDTou5N2j3imtiS5&oe=6651D9CC&_nc_sid=5e03e0&mms3=true media_caption=null trim_from=0 mime_type=video/mp4 partial_media_enc_hash=null width=360 original_file_hash=null has_streaming_sidecar=1 autotransfer_retry_enabled=1 media_upload_handle=null message_row_id=909 multicast_id=null enc_file_hash=MxndKnLC5D7KuSEIIUU/FVQs6qzx2l0/HOrAQGu1ye8= mute_video=0 page_count=0 first_scan_sidecar=null suspicious_content=0 file_length=265342 media_name=null media_duration=15 chat_row_id=25 media_key=[B@56c27e0
04-25 10:25:26.341 20112 20209 E SQLiteDatabase: android.database.sqlite.SQLiteConstraintException: UNIQUE constraint failed: message_media.message_row_id (code 1555 SQLITE_CONSTRAINT_PRIMARYKEY)
04-25 10:25:26.341 20112 20209 E SQLiteDatabase: at android.database.sqlite.SQLiteConnection.nativeExecuteForLastInsertedRowId(Native Method)
04-25 10:25:26.341 20112 20209 E SQLiteDatabase: at android.database.sqlite.SQLiteConnection.executeForLastInsertedRowId(SQLiteConnecti on.java:961)
04-25 10:25:26.341 20112 20209 E SQLiteDatabase: at android.database.sqlite.SQLiteSession.executeForLastInsertedRowId(SQLiteSession.jav a:790)
04-25 10:25:26.341 20112 20209 E SQLiteDatabase: at android.database.sqlite.SQLiteStatement.executeInsert(SQLiteStatement.java:89)
04-25 10:25:26.341 20112 20209 E SQLiteDatabase: at android.database.sqlite.SQLiteDatabase.insertWithOnConflict(SQLiteDatabase.java:186 8)
04-25 10:25:26.341 20112 20209 E SQLiteDatabase: at android.database.sqlite.SQLiteDatabase.insert(SQLiteDatabase.java:1737)
04-25 10:25:26.341 20112 20209 E SQLiteDatabase: at X.2tm.A08(Unknown Source:6)
04-25 10:25:26.341 20112 20209 E SQLiteDatabase: at X.35Y.A07(Unknown Source:212)
04-25 10:25:26.341 20112 20209 E SQLiteDatabase: at X.3QF.A14(Unknown Source:470)
04-25 10:25:26.341 20112 20209 E SQLiteDatabase: at X.3gU.run(Unknown Source:982)
04-25 10:25:26.341 20112 20209 E SQLiteDatabase: at android.os.Handler.handleCallback(Handler.java:942)
04-25 10:25:26.341 20112 20209 E SQLiteDatabase: at android.os.Handler.dispatchMessage(Handler.java:99)
04-25 10:25:26.341 20112 20209 E SQLiteDatabase: at X.0zq.dispatchMessage(Unknown Source:4)
04-25 10:25:26.341 20112 20209 E SQLiteDatabase: at android.os.Looper.loopOnce(Looper.java:211)
04-25 10:25:26.341 20112 20209 E SQLiteDatabase: at android.os.Looper.loop(Looper.java:300)
04-25 10:25:26.341 20112 20209 E SQLiteDatabase: at android.os.HandlerThread.run(HandlerThread.java:67)
04-25 10:25:26.355 20112 20255 E com.mbwhatsapp: == MALI DEBUG ===eglp_winsys_populate_image_templates ==12288
04-25 10:25:26.353 20112 20112 W RenderThread: type=1400 audit(0.0:591974): avc: denied { getattr } for name="dmabuf:" dev="dmabuf" ino=1 scontext=u:r:untrusted_app:s0:c89,c257,c512,c768 tcontext=u:object_r:unlabeled:s0 tclass=filesystem permissive=0 app=com.mbwhatsapp
04-25 10:25:26.377 20112 20112 W RenderThread: type=1400 audit(0.0:591975): avc: denied { getattr } for name="dmabuf:" dev="dmabuf" ino=1 scontext=u:r:untrusted_app:s0:c89,c257,c512,c768 tcontext=u:object_r:unlabeled:s0 tclass=filesystem permissive=0 app=com.mbwhatsapp
04-25 10:25:26.382 20112 20255 E com.mbwhatsapp: == MALI DEBUG ===eglp_winsys_populate_image_templates ==12288
04-25 10:25:26.481 20112 20112 W RenderThread: type=1400 audit(0.0:591976): avc: denied { getattr } for name="dmabuf:" dev="dmabuf" ino=1 scontext=u:r:untrusted_app:s0:c89,c257,c512,c768 tcontext=u:object_r:unlabeled:s0 tclass=filesystem permissive=0 app=com.mbwhatsapp
04-25 10:25:26.483 20112 20255 E com.mbwhatsapp: == MALI DEBUG ===eglp_winsys_populate_image_templates ==12288
04-25 10:25:26.525 20112 20112 W RenderThread: type=1400 audit(0.0:591977): avc: denied { getattr } for name="dmabuf:" dev="dmabuf" ino=1 scontext=u:r:untrusted_app:s0:c89,c257,c512,c768 tcontext=u:object_r:unlabeled:s0 tclass=filesystem permissive=0 app=com.mbwhatsapp
04-25 10:25:26.527 20112 20255 E com.mbwhatsapp: == MALI DEBUG ===eglp_winsys_populate_image_templates ==12288
04-25 10:25:26.560 20112 20255 E com.mbwhatsapp: == MALI DEBUG ===eglp_winsys_populate_image_templates ==12288
04-25 10:25:26.583 20112 20255 E com.mbwhatsapp: == MALI DEBUG ===eglp_winsys_populate_image_templates ==12288
04-25 10:25:26.627 20112 20255 E com.mbwhatsapp: == MALI DEBUG ===eglp_winsys_populate_image_templates ==12288
04-25 10:25:26.661 20112 20255 E com.mbwhatsapp: == MALI DEBUG ===eglp_winsys_populate_image_templates ==12288
04-25 10:25:26.683 20112 20255 E com.mbwhatsapp: == MALI DEBUG ===eglp_winsys_populate_image_templates ==12288
04-25 10:25:26.727 20112 20255 E com.mbwhatsapp: == MALI DEBUG ===eglp_winsys_populate_image_templates ==12288
04-25 10:25:26.761 20112 20255 E com.mbwhatsapp: == MALI DEBUG ===eglp_winsys_populate_image_templates ==12288
04-25 10:25:26.782 20112 20255 E com.mbwhatsapp: == MALI DEBUG ===eglp_winsys_populate_image_templates ==12288
04-25 10:25:26.816 20112 20255 E com.mbwhatsapp: == MALI DEBUG ===eglp_winsys_populate_image_templates ==12288
04-25 10:25:26.861 20112 20255 E com.mbwhatsapp: == MALI DEBUG ===eglp_winsys_populate_image_templates ==12288
04-25 10:25:26.894 20112 20255 E com.mbwhatsapp: == MALI DEBUG ===eglp_winsys_populate_image_templates ==12288
04-25 10:25:26.961 20112 20255 E com.mbwhatsapp: == MALI DEBUG ===eglp_winsys_populate_image_templates ==12288
04-25 10:25:27.027 20112 20255 E com.mbwhatsapp: == MALI DEBUG ===eglp_winsys_populate_image_templates ==12288
04-25 10:25:27.049 20112 20255 E com.mbwhatsapp: == MALI DEBUG ===eglp_winsys_populate_image_templates ==12288
04-25 10:25:27.127 20112 20255 E com.mbwhatsapp: == MALI DEBUG ===eglp_winsys_populate_image_templates ==12288
04-25 10:25:40.848 20112 756 E CCodecBufferChannel: [WA] long time elapsed since last input queued, let's queue a specific work to HAL to notify something
04-25 10:25:40.890 20112 756 E CCodecBufferChannel: [WA] long time elapsed since last input queued, let's queue a specific work to HAL to notify something
04-25 10:25:40.921 20112 756 E CCodecBufferChannel: [WA] long time elapsed since last input queued, let's queue a specific work to HAL to notify something
04-25 10:25:40.951 20112 756 E CCodecBufferChannel: [WA] long time elapsed since last input queued, let's queue a specific work to HAL to notify something
04-25 10:25:40.991 20112 756 E CCodecBufferChannel: [WA] long time elapsed since last input queued, let's queue a specific work to HAL to notify something
04-25 10:25:41.021 20112 756 E CCodecBufferChannel: [WA] long time elapsed since last input queued, let's queue a specific work to HAL to notify something
04-25 10:25:41.052 20112 756 E CCodecBufferChannel: [WA] long time elapsed since last input queued, let's queue a specific work to HAL to notify something
04-25 10:25:41.082 20112 756 E CCodecBufferChannel: [WA] long time elapsed since last input queued, let's queue a specific work to HAL to notify something
04-25 10:25:41.122 20112 756 E CCodecBufferChannel: [WA] long time elapsed since last input queued, let's queue a specific work to HAL to notify something
04-25 10:25:41.153 20112 756 E CCodecBufferChannel: [WA] long time elapsed since last input queued, let's queue a specific work to HAL to notify something
04-25 10:25:41.184 20112 756 E CCodecBufferChannel: [WA] long time elapsed since last input queued, let's queue a specific work to HAL to notify something
04-25 10:25:41.216 20112 756 E CCodecBufferChannel: [WA] long time elapsed since last input queued, let's queue a specific work to HAL to notify something
04-25 10:25:41.503 20112 756 W Codec2Client: query -- param skipped: index = 1342179345.
04-25 10:25:41.503 20112 756 W Codec2Client: query -- param skipped: index = 2415921170.
04-25 10:25:41.503 20112 756 W Codec2Client: query -- param skipped: index = 1610614798.
04-25 10:25:41.505 20112 770 W Codec2Client: query -- param skipped: index = 1342179345.
04-25 10:25:41.505 20112 770 W Codec2Client: query -- param skipped: index = 2415921170.
04-25 10:25:41.505 20112 770 W Codec2Client: query -- param skipped: index = 1610614798.
04-25 10:25:41.513 20112 756 W BufferQueueProducer: [SurfaceTexture-0-20112-10] (id:4e9000000098,api:3,p:20112,c:20112) detachBuffer: slot 7 is not owned by the producer (state = FREE)
04-25 10:25:41.513 20112 756 W BufferQueueProducer: [SurfaceTexture-0-20112-10] (id:4e9000000098,api:3,p:20112,c:20112) detachBuffer: slot 9 is not owned by the producer (state = FREE)
04-25 10:25:41.514 20112 756 W BufferQueueProducer: [SurfaceTexture-0-20112-10] (id:4e9000000098,api:3,p:20112,c:20112) detachBuffer: slot 12 is not owned by the producer (state = FREE)
04-25 10:25:41.514 20112 756 W BufferQueueProducer: [SurfaceTexture-0-20112-10] (id:4e9000000098,api:3,p:20112,c:20112) detachBuffer: slot 13 is not owned by the producer (state = FREE)
04-25 10:25:41.514 20112 756 W BufferQueueProducer: [SurfaceTexture-0-20112-10] (id:4e9000000098,api:3,p:20112,c:20112) detachBuffer: slot 14 is not owned by the producer (state = FREE)
04-25 10:25:41.514 20112 756 W BufferQueueProducer: [SurfaceTexture-0-20112-10] (id:4e9000000098,api:3,p:20112,c:20112) detachBuffer: slot 16 is not owned by the producer (state = FREE)
04-25 10:25:41.515 20112 756 W BufferQueueProducer: [SurfaceTexture-0-20112-10] (id:4e9000000098,api:3,p:20112,c:20112) detachBuffer: slot 17 is not owned by the producer (state = FREE)
04-25 10:25:41.515 20112 756 W BufferQueueProducer: [SurfaceTexture-0-20112-10] (id:4e9000000098,api:3,p:20112,c:20112) detachBuffer: slot 20 is not owned by the producer (state = ACQUIRED)
04-25 10:25:41.515 20112 756 W BufferQueueProducer: [SurfaceTexture-0-20112-10] (id:4e9000000098,api:3,p:20112,c:20112) detachBuffer: slot 22 is not owned by the producer (state = FREE)
04-25 10:25:41.515 20112 756 W BufferQueueProducer: [SurfaceTexture-0-20112-10] (id:4e9000000098,api:3,p:20112,c:20112) detachBuffer: slot 23 is not owned by the producer (state = FREE)
04-25 10:25:41.515 20112 756 W BufferQueueProducer: [SurfaceTexture-0-20112-10] (id:4e9000000098,api:3,p:20112,c:20112) detachBuffer: slot 24 is not owned by the producer (state = FREE)
04-25 10:25:41.515 20112 756 W BufferQueueProducer: [SurfaceTexture-0-20112-10] (id:4e9000000098,api:3,p:20112,c:20112) detachBuffer: slot 25 is not owned by the producer (state = FREE)
04-25 10:25:41.516 20112 756 W BufferQueueProducer: [SurfaceTexture-0-20112-10] (id:4e9000000098,api:3,p:20112,c:20112) detachBuffer: slot 26 is not owned by the producer (state = FREE)
04-25 10:25:41.516 20112 756 W BufferQueueProducer: [SurfaceTexture-0-20112-10] (id:4e9000000098,api:3,p:20112,c:20112) detachBuffer: slot 27 is not owned by the producer (state = FREE)
04-25 10:25:41.516 20112 756 W BufferQueueProducer: [SurfaceTexture-0-20112-10] (id:4e9000000098,api:3,p:20112,c:20112) detachBuffer: slot 28 is not owned by the producer (state = FREE)
04-25 10:25:41.516 20112 756 W BufferQueueProducer: [SurfaceTexture-0-20112-10] (id:4e9000000098,api:3,p:20112,c:20112) detachBuffer: slot 29 is not owned by the producer (state = FREE)
04-25 10:25:41.516 20112 756 W BufferQueueProducer: [SurfaceTexture-0-20112-10] (id:4e9000000098,api:3,p:20112,c:20112) detachBuffer: slot 30 is not owned by the producer (state = FREE)
04-25 10:25:41.516 20112 756 W BufferQueueProducer: [SurfaceTexture-0-20112-10] (id:4e9000000098,api:3,p:20112,c:20112) detachBuffer: slot 31 is not owned by the producer (state = FREE)
04-25 10:25:41.516 20112 756 W BufferQueueProducer: [SurfaceTexture-0-20112-10] (id:4e9000000098,api:3,p:20112,c:20112) detachBuffer: slot 32 is not owned by the producer (state = FREE)
04-25 10:25:41.517 20112 756 W BufferQueueProducer: [SurfaceTexture-0-20112-10] (id:4e9000000098,api:3,p:20112,c:20112) detachBuffer: slot 33 is not owned by the producer (state = FREE)
04-25 10:25:41.517 20112 756 W BufferQueueProducer: [SurfaceTexture-0-20112-10] (id:4e9000000098,api:3,p:20112,c:20112) detachBuffer: slot 34 is not owned by the producer (state = FREE)
04-25 10:25:41.517 20112 756 W BufferQueueProducer: [SurfaceTexture-0-20112-10] (id:4e9000000098,api:3,p:20112,c:20112) detachBuffer: slot 35 is not owned by the producer (state = FREE)
04-25 10:25:41.517 20112 756 W BufferQueueProducer: [SurfaceTexture-0-20112-10] (id:4e9000000098,api:3,p:20112,c:20112) detachBuffer: slot 36 is not owned by the producer (state = FREE)
04-25 10:25:41.517 20112 756 W BufferQueueProducer: [SurfaceTexture-0-20112-10] (id:4e9000000098,api:3,p:20112,c:20112) detachBuffer: slot 37 is not owned by the producer (state = FREE)
04-25 10:25:41.518 20112 756 W BufferQueueProducer: [SurfaceTexture-0-20112-10] (id:4e9000000098,api:3,p:20112,c:20112) detachBuffer: slot 38 is not owned by the producer (state = FREE)
04-25 10:25:41.518 20112 756 W BufferQueueProducer: [SurfaceTexture-0-20112-10] (id:4e9000000098,api:3,p:20112,c:20112) detachBuffer: slot 39 is not owned by the producer (state = FREE)
04-25 10:25:41.518 20112 756 W BufferQueueProducer: [SurfaceTexture-0-20112-10] (id:4e9000000098,api:3,p:20112,c:20112) detachBuffer: slot 40 is not owned by the producer (state = FREE)
04-25 10:25:41.518 20112 756 W BufferQueueProducer: [SurfaceTexture-0-20112-10] (id:4e9000000098,api:3,p:20112,c:20112) detachBuffer: slot 41 is not owned by the producer (state = FREE)
04-25 10:25:41.518 20112 756 W BufferQueueProducer: [SurfaceTexture-0-20112-10] (id:4e9000000098,api:3,p:20112,c:20112) detachBuffer: slot 42 is not owned by the producer (state = FREE)
04-25 10:25:41.518 20112 756 W BufferQueueProducer: [SurfaceTexture-0-20112-10] (id:4e9000000098,api:3,p:20112,c:20112) detachBuffer: slot 43 is not owned by the producer (state = FREE)
04-25 10:25:41.518 20112 756 W BufferQueueProducer: [SurfaceTexture-0-20112-10] (id:4e9000000098,api:3,p:20112,c:20112) detachBuffer: slot 44 is not owned by the producer (state = FREE)
04-25 10:25:41.518 20112 756 W BufferQueueProducer: [SurfaceTexture-0-20112-10] (id:4e9000000098,api:3,p:20112,c:20112) detachBuffer: slot 45 is not owned by the producer (state = FREE)
04-25 10:25:41.518 20112 756 W BufferQueueProducer: [SurfaceTexture-0-20112-10] (id:4e9000000098,api:3,p:20112,c:20112) detachBuffer: slot 46 is not owned by the producer (state = FREE)
04-25 10:25:41.519 20112 756 W BufferQueueProducer: [SurfaceTexture-0-20112-10] (id:4e9000000098,api:3,p:20112,c:20112) detachBuffer: slot 47 is not owned by the producer (state = FREE)
04-25 10:25:41.519 20112 756 W BufferQueueProducer: [SurfaceTexture-0-20112-10] (id:4e9000000098,api:3,p:20112,c:20112) detachBuffer: slot 48 is not owned by the producer (state = FREE)
04-25 10:25:41.519 20112 756 W BufferQueueProducer: [SurfaceTexture-0-20112-10] (id:4e9000000098,api:3,p:20112,c:20112) detachBuffer: slot 49 is not owned by the producer (state = FREE)
04-25 10:25:41.519 20112 756 W BufferQueueProducer: [SurfaceTexture-0-20112-10] (id:4e9000000098,api:3,p:20112,c:20112) detachBuffer: slot 50 is not owned by the producer (state = FREE)
04-25 10:25:41.519 20112 756 W BufferQueueProducer: [SurfaceTexture-0-20112-10] (id:4e9000000098,api:3,p:20112,c:20112) detachBuffer: slot 51 is not owned by the producer (state = FREE)
04-25 10:25:41.519 20112 756 W BufferQueueProducer: [SurfaceTexture-0-20112-10] (id:4e9000000098,api:3,p:20112,c:20112) detachBuffer: slot 52 is not owned by the producer (state = FREE)
04-25 10:25:41.519 20112 756 W BufferQueueProducer: [SurfaceTexture-0-20112-10] (id:4e9000000098,api:3,p:20112,c:20112) detachBuffer: slot 53 is not owned by the producer (state = FREE)
04-25 10:25:41.519 20112 756 W BufferQueueProducer: [SurfaceTexture-0-20112-10] (id:4e9000000098,api:3,p:20112,c:20112) detachBuffer: slot 54 is not owned by the producer (state = FREE)
04-25 10:25:41.519 20112 756 W BufferQueueProducer: [SurfaceTexture-0-20112-10] (id:4e9000000098,api:3,p:20112,c:20112) detachBuffer: slot 55 is not owned by the producer (state = FREE)
04-25 10:25:41.519 20112 756 W BufferQueueProducer: [SurfaceTexture-0-20112-10] (id:4e9000000098,api:3,p:20112,c:20112) detachBuffer: slot 56 is not owned by the producer (state = FREE)
04-25 10:25:41.520 20112 756 W BufferQueueProducer: [SurfaceTexture-0-20112-10] (id:4e9000000098,api:3,p:20112,c:20112) detachBuffer: slot 57 is not owned by the producer (state = FREE)
04-25 10:25:41.520 20112 756 W BufferQueueProducer: [SurfaceTexture-0-20112-10] (id:4e9000000098,api:3,p:20112,c:20112) detachBuffer: slot 58 is not owned by the producer (state = FREE)
04-25 10:25:41.520 20112 756 W BufferQueueProducer: [SurfaceTexture-0-20112-10] (id:4e9000000098,api:3,p:20112,c:20112) detachBuffer: slot 59 is not owned by the producer (state = FREE)
04-25 10:25:41.520 20112 756 W BufferQueueProducer: [SurfaceTexture-0-20112-10] (id:4e9000000098,api:3,p:20112,c:20112) detachBuffer: slot 60 is not owned by the producer (state = FREE)
04-25 10:25:41.520 20112 756 W BufferQueueProducer: [SurfaceTexture-0-20112-10] (id:4e9000000098,api:3,p:20112,c:20112) detachBuffer: slot 61 is not owned by the producer (state = FREE)
04-25 10:25:41.520 20112 756 W BufferQueueProducer: [SurfaceTexture-0-20112-10] (id:4e9000000098,api:3,p:20112,c:20112) detachBuffer: slot 62 is not owned by the producer (state = FREE)
04-25 10:25:41.520 20112 756 W BufferQueueProducer: [SurfaceTexture-0-20112-10] (id:4e9000000098,api:3,p:20112,c:20112) detachBuffer: slot 63 is not owned by the producer (state = FREE)
04-25 10:25:41.535 20112 20255 E com.mbwhatsapp: mali-debug: still pending callback,wait...
04-25 10:25:41.543 20112 795 W BufferQueueProducer: [MediaCodec.release] (id:4e900000009a,api:3,p:20112,c:20112) detachBuffer: slot 14 is not owned by the producer (state = FREE)
04-25 10:25:41.544 20112 795 W BufferQueueProducer: [MediaCodec.release] (id:4e900000009a,api:3,p:20112,c:20112) detachBuffer: slot 15 is not owned by the producer (state = FREE)
04-25 10:25:41.545 20112 795 W BufferQueueProducer: [MediaCodec.release] (id:4e900000009a,api:3,p:20112,c:20112) detachBuffer: slot 16 is not owned by the producer (state = FREE)
04-25 10:25:41.546 20112 795 W BufferQueueProducer: [MediaCodec.release] (id:4e900000009a,api:3,p:20112,c:20112) detachBuffer: slot 17 is not owned by the producer (state = FREE)
04-25 10:25:41.546 20112 795 W BufferQueueProducer: [MediaCodec.release] (id:4e900000009a,api:3,p:20112,c:20112) detachBuffer: slot 18 is not owned by the producer (state = FREE)
04-25 10:25:41.546 20112 795 W BufferQueueProducer: [MediaCodec.release] (id:4e900000009a,api:3,p:20112,c:20112) detachBuffer: slot 19 is not owned by the producer (state = FREE)
04-25 10:25:41.547 20112 795 W BufferQueueProducer: [MediaCodec.release] (id:4e900000009a,api:3,p:20112,c:20112) detachBuffer: slot 20 is not owned by the producer (state = FREE)
04-25 10:25:41.549 20112 795 W BufferQueueProducer: [MediaCodec.release] (id:4e900000009a,api:3,p:20112,c:20112) detachBuffer: slot 21 is not owned by the producer (state = FREE)
04-25 10:25:41.549 20112 795 W BufferQueueProducer: [MediaCodec.release] (id:4e900000009a,api:3,p:20112,c:20112) detachBuffer: slot 22 is not owned by the producer (state = FREE)
04-25 10:25:41.549 20112 795 W BufferQueueProducer: [MediaCodec.release] (id:4e900000009a,api:3,p:20112,c:20112) detachBuffer: slot 23 is not owned by the producer (state = FREE)
04-25 10:25:41.549 20112 795 W BufferQueueProducer: [MediaCodec.release] (id:4e900000009a,api:3,p:20112,c:20112) detachBuffer: slot 24 is not owned by the producer (state = FREE)
04-25 10:25:41.549 20112 795 W BufferQueueProducer: [MediaCodec.release] (id:4e900000009a,api:3,p:20112,c:20112) detachBuffer: slot 25 is not owned by the producer (state = FREE)
04-25 10:25:41.549 20112 795 W BufferQueueProducer: [MediaCodec.release] (id:4e900000009a,api:3,p:20112,c:20112) detachBuffer: slot 26 is not owned by the producer (state = FREE)
04-25 10:25:41.550 20112 795 W BufferQueueProducer: [MediaCodec.release] (id:4e900000009a,api:3,p:20112,c:20112) detachBuffer: slot 27 is not owned by the producer (state = FREE)
04-25 10:25:41.550 20112 795 W BufferQueueProducer: [MediaCodec.release] (id:4e900000009a,api:3,p:20112,c:20112) detachBuffer: slot 28 is not owned by the producer (state = FREE)
04-25 10:25:41.550 20112 795 W BufferQueueProducer: [MediaCodec.release] (id:4e900000009a,api:3,p:20112,c:20112) detachBuffer: slot 29 is not owned by the producer (state = FREE)
04-25 10:25:41.552 20112 795 W BufferQueueProducer: [MediaCodec.release] (id:4e900000009a,api:3,p:20112,c:20112) detachBuffer: slot 30 is not owned by the producer (state = FREE)
04-25 10:25:41.552 20112 795 W BufferQueueProducer: [MediaCodec.release] (id:4e900000009a,api:3,p:20112,c:20112) detachBuffer: slot 31 is not owned by the producer (state = FREE)
04-25 10:25:41.552 20112 795 W BufferQueueProducer: [MediaCodec.release] (id:4e900000009a,api:3,p:20112,c:20112) detachBuffer: slot 32 is not owned by the producer (state = FREE)
04-25 10:25:41.552 20112 795 W BufferQueueProducer: [MediaCodec.release] (id:4e900000009a,api:3,p:20112,c:20112) detachBuffer: slot 33 is not owned by the producer (state = FREE)
04-25 10:25:41.552 20112 795 W BufferQueueProducer: [MediaCodec.release] (id:4e900000009a,api:3,p:20112,c:20112) detachBuffer: slot 34 is not owned by the producer (state = FREE)
04-25 10:25:41.552 20112 795 W BufferQueueProducer: [MediaCodec.release] (id:4e900000009a,api:3,p:20112,c:20112) detachBuffer: slot 35 is not owned by the producer (state = FREE)
04-25 10:25:41.552 20112 795 W BufferQueueProducer: [MediaCodec.release] (id:4e900000009a,api:3,p:20112,c:20112) detachBuffer: slot 36 is not owned by the producer (state = FREE)
04-25 10:25:41.553 20112 795 W BufferQueueProducer: [MediaCodec.release] (id:4e900000009a,api:3,p:20112,c:20112) detachBuffer: slot 37 is not owned by the producer (state = FREE)
04-25 10:25:41.554 20112 795 W BufferQueueProducer: [MediaCodec.release] (id:4e900000009a,api:3,p:20112,c:20112) detachBuffer: slot 38 is not owned by the producer (state = FREE)
04-25 10:25:41.554 20112 795 W BufferQueueProducer: [MediaCodec.release] (id:4e900000009a,api:3,p:20112,c:20112) detachBuffer: slot 39 is not owned by the producer (state = FREE)
04-25 10:25:41.554 20112 795 W BufferQueueProducer: [MediaCodec.release] (id:4e900000009a,api:3,p:20112,c:20112) detachBuffer: slot 40 is not owned by the producer (state = FREE)
04-25 10:25:41.555 20112 795 W BufferQueueProducer: [MediaCodec.release] (id:4e900000009a,api:3,p:20112,c:20112) detachBuffer: slot 41 is not owned by the producer (state = FREE)
04-25 10:25:41.555 20112 795 W BufferQueueProducer: [MediaCodec.release] (id:4e900000009a,api:3,p:20112,c:20112) detachBuffer: slot 42 is not owned by the producer (state = FREE)
04-25 10:25:41.556 20112 795 W BufferQueueProducer: [MediaCodec.release] (id:4e900000009a,api:3,p:20112,c:20112) detachBuffer: slot 43 is not owned by the producer (state = FREE)
04-25 10:25:41.556 20112 795 W BufferQueueProducer: [MediaCodec.release] (id:4e900000009a,api:3,p:20112,c:20112) detachBuffer: slot 44 is not owned by the producer (state = FREE)
04-25 10:25:41.556 20112 795 W BufferQueueProducer: [MediaCodec.release] (id:4e900000009a,api:3,p:20112,c:20112) detachBuffer: slot 45 is not owned by the producer (state = FREE)
04-25 10:25:41.557 20112 795 W BufferQueueProducer: [MediaCodec.release] (id:4e900000009a,api:3,p:20112,c:20112) detachBuffer: slot 46 is not owned by the producer (state = FREE)
04-25 10:25:41.557 20112 795 W BufferQueueProducer: [MediaCodec.release] (id:4e900000009a,api:3,p:20112,c:20112) detachBuffer: slot 47 is not owned by the producer (state = FREE)
04-25 10:25:41.558 20112 795 W BufferQueueProducer: [MediaCodec.release] (id:4e900000009a,api:3,p:20112,c:20112) detachBuffer: slot 48 is not owned by the producer (state = FREE)
04-25 10:25:41.558 20112 795 W BufferQueueProducer: [MediaCodec.release] (id:4e900000009a,api:3,p:20112,c:20112) detachBuffer: slot 49 is not owned by the producer (state = FREE)
04-25 10:25:41.558 20112 795 W BufferQueueProducer: [MediaCodec.release] (id:4e900000009a,api:3,p:20112,c:20112) detachBuffer: slot 50 is not owned by the producer (state = FREE)
04-25 10:25:41.558 20112 795 W BufferQueueProducer: [MediaCodec.release] (id:4e900000009a,api:3,p:20112,c:20112) detachBuffer: slot 51 is not owned by the producer (state = FREE)
04-25 10:25:41.558 20112 795 W BufferQueueProducer: [MediaCodec.release] (id:4e900000009a,api:3,p:20112,c:20112) detachBuffer: slot 52 is not owned by the producer (state = FREE)
04-25 10:25:41.558 20112 795 W BufferQueueProducer: [MediaCodec.release] (id:4e900000009a,api:3,p:20112,c:20112) detachBuffer: slot 53 is not owned by the producer (state = FREE)
04-25 10:25:41.558 20112 795 W BufferQueueProducer: [MediaCodec.release] (id:4e900000009a,api:3,p:20112,c:20112) detachBuffer: slot 54 is not owned by the producer (state = FREE)
04-25 10:25:41.558 20112 795 W BufferQueueProducer: [MediaCodec.release] (id:4e900000009a,api:3,p:20112,c:20112) detachBuffer: slot 55 is not owned by the producer (state = FREE)
04-25 10:25:41.559 20112 795 W BufferQueueProducer: [MediaCodec.release] (id:4e900000009a,api:3,p:20112,c:20112) detachBuffer: slot 56 is not owned by the producer (state = FREE)
04-25 10:25:41.559 20112 795 W BufferQueueProducer: [MediaCodec.release] (id:4e900000009a,api:3,p:20112,c:20112) detachBuffer: slot 57 is not owned by the producer (state = FREE)
04-25 10:25:41.559 20112 795 W BufferQueueProducer: [MediaCodec.release] (id:4e900000009a,api:3,p:20112,c:20112) detachBuffer: slot 58 is not owned by the producer (state = FREE)
04-25 10:25:41.559 20112 795 W BufferQueueProducer: [MediaCodec.release] (id:4e900000009a,api:3,p:20112,c:20112) detachBuffer: slot 59 is not owned by the producer (state = FREE)
04-25 10:25:41.559 20112 795 W BufferQueueProducer: [MediaCodec.release] (id:4e900000009a,api:3,p:20112,c:20112) detachBuffer: slot 60 is not owned by the producer (state = FREE)
04-25 10:25:41.559 20112 795 W BufferQueueProducer: [MediaCodec.release] (id:4e900000009a,api:3,p:20112,c:20112) detachBuffer: slot 61 is not owned by the producer (state = FREE)
04-25 10:25:41.560 20112 795 W BufferQueueProducer: [MediaCodec.release] (id:4e900000009a,api:3,p:20112,c:20112) detachBuffer: slot 62 is not owned by the producer (state = FREE)
04-25 10:25:41.560 20112 795 W BufferQueueProducer: [MediaCodec.release] (id:4e900000009a,api:3,p:20112,c:20112) detachBuffer: slot 63 is not owned by the producer (state = FREE)
04-25 10:25:41.563 20112 756 E send_data_to_xlog: send_video_play_to_xlog, start
04-25 10:25:41.563 20112 756 E xlog_client: xlog_open: Error in open xlog
04-25 10:25:41.563 20112 756 E xlog_client: xlog open fail
04-25 10:25:41.569 20112 22650 E BufferQueueProducer: [MediaCodec.release] (id:4e900000009a,api:0,p:-1,c:20112) cancelBuffer: BufferQueue has no connected producer
04-25 10:25:41.569 20112 22650 E BufferQueueProducer: [MediaCodec.release] (id:4e900000009a,api:0,p:-1,c:20112) cancelBuffer: BufferQueue has no connected producer
04-25 10:25:41.570 20112 22650 E BufferQueueProducer: [MediaCodec.release] (id:4e900000009a,api:0,p:-1,c:20112) cancelBuffer: BufferQueue has no connected producer
04-25 10:25:41.570 20112 22650 E BufferQueueProducer: [MediaCodec.release] (id:4e900000009a,api:0,p:-1,c:20112) cancelBuffer: BufferQueue has no connected producer
04-25 10:25:41.570 20112 22650 E BufferQueueProducer: [MediaCodec.release] (id:4e900000009a,api:0,p:-1,c:20112) cancelBuffer: BufferQueue has no connected producer
04-25 10:25:41.571 20112 22650 E BufferQueueProducer: [MediaCodec.release] (id:4e900000009a,api:0,p:-1,c:20112) cancelBuffer: BufferQueue has no connected producer
04-25 10:25:41.571 20112 22650 E BufferQueueProducer: [MediaCodec.release] (id:4e900000009a,api:0,p:-1,c:20112) cancelBuffer: BufferQueue has no connected producer
04-25 10:25:41.571 20112 22650 E BufferQueueProducer: [MediaCodec.release] (id:4e900000009a,api:0,p:-1,c:20112) cancelBuffer: BufferQueue has no connected producer
04-25 10:25:41.572 20112 22650 E BufferQueueProducer: [MediaCodec.release] (id:4e900000009a,api:0,p:-1,c:20112) cancelBuffer: BufferQueue has no connected producer
04-25 10:25:41.572 20112 22650 E BufferQueueProducer: [MediaCodec.release] (id:4e900000009a,api:0,p:-1,c:20112) cancelBuffer: BufferQueue has no connected producer
04-25 10:25:41.572 20112 22650 E BufferQueueProducer: [MediaCodec.release] (id:4e900000009a,api:0,p:-1,c:20112) cancelBuffer: BufferQueue has no connected producer
