04-25 09:59:40.989 20112 24655 W SQLiteLog: (28) double-quoted string literal: "9C6845D54C0C1D866298212522A5F9C5"
04-25 09:59:41.266 20112 20299 E SQLiteDatabase: Error inserting dirty_version=-1 version=0 lt_hash=null collection_name=regular_high
04-25 09:59:41.266 20112 20299 E SQLiteDatabase: android.database.sqlite.SQLiteConstraintException: UNIQUE constraint failed: collection_versions.collection_name (code 1555 SQLITE_CONSTRAINT_PRIMARYKEY)
04-25 09:59:41.266 20112 20299 E SQLiteDatabase: at android.database.sqlite.SQLiteConnection.nativeExecuteForLastInsertedRowId(Native Method)
04-25 09:59:41.266 20112 20299 E SQLiteDatabase: at android.database.sqlite.SQLiteConnection.executeForLastInsertedRowId(SQLiteConnecti on.java:961)
04-25 09:59:41.266 20112 20299 E SQLiteDatabase: at android.database.sqlite.SQLiteSession.executeForLastInsertedRowId(SQLiteSession.jav a:790)
04-25 09:59:41.266 20112 20299 E SQLiteDatabase: at android.database.sqlite.SQLiteStatement.executeInsert(SQLiteStatement.java:89)
04-25 09:59:41.266 20112 20299 E SQLiteDatabase: at android.database.sqlite.SQLiteDatabase.insertWithOnConflict(SQLiteDatabase.java:186 8)
04-25 09:59:41.266 20112 20299 E SQLiteDatabase: at android.database.sqlite.SQLiteDatabase.insert(SQLiteDatabase.java:1737)
04-25 09:59:41.266 20112 20299 E SQLiteDatabase: at X.2tm.A08(Unknown Source:6)
04-25 09:59:41.266 20112 20299 E SQLiteDatabase: at X.2sR.A03(Unknown Source:39)
04-25 09:59:41.266 20112 20299 E SQLiteDatabase: at X.2sR.A05(Unknown Source:14)
04-25 09:59:41.266 20112 20299 E SQLiteDatabase: at X.3eA.run(Unknown Source:2101)
04-25 09:59:41.266 20112 20299 E SQLiteDatabase: at java.util.concurrent.ThreadPoolExecutor.runWorker(ThreadPoolExecutor.java:1145)
04-25 09:59:41.266 20112 20299 E SQLiteDatabase: at java.util.concurrent.ThreadPoolExecutor$Worker.run(ThreadPoolExecutor.java:644)
04-25 09:59:41.266 20112 20299 E SQLiteDatabase: at X.3gH.run(Unknown Source:1548)
04-25 09:59:41.266 20112 20299 E SQLiteDatabase: at java.lang.Thread.run(Thread.java:1012)
04-25 09:59:41.273 20112 20299 E SQLiteDatabase: Error inserting dirty_version=-1 version=0 lt_hash=null collection_name=regular_low
04-25 09:59:41.273 20112 20299 E SQLiteDatabase: android.database.sqlite.SQLiteConstraintException: UNIQUE constraint failed: collection_versions.collection_name (code 1555 SQLITE_CONSTRAINT_PRIMARYKEY)
04-25 09:59:41.273 20112 20299 E SQLiteDatabase: at android.database.sqlite.SQLiteConnection.nativeExecuteForLastInsertedRowId(Native Method)
04-25 09:59:41.273 20112 20299 E SQLiteDatabase: at android.database.sqlite.SQLiteConnection.executeForLastInsertedRowId(SQLiteConnecti on.java:961)
04-25 09:59:41.273 20112 20299 E SQLiteDatabase: at android.database.sqlite.SQLiteSession.executeForLastInsertedRowId(SQLiteSession.jav a:790)
04-25 09:59:41.273 20112 20299 E SQLiteDatabase: at android.database.sqlite.SQLiteStatement.executeInsert(SQLiteStatement.java:89)
04-25 09:59:41.273 20112 20299 E SQLiteDatabase: at android.database.sqlite.SQLiteDatabase.insertWithOnConflict(SQLiteDatabase.java:186 8)
04-25 09:59:41.273 20112 20299 E SQLiteDatabase: at android.database.sqlite.SQLiteDatabase.insert(SQLiteDatabase.java:1737)
04-25 09:59:41.273 20112 20299 E SQLiteDatabase: at X.2tm.A08(Unknown Source:6)
04-25 09:59:41.273 20112 20299 E SQLiteDatabase: at X.2sR.A03(Unknown Source:39)
04-25 09:59:41.273 20112 20299 E SQLiteDatabase: at X.2sR.A05(Unknown Source:14)
04-25 09:59:41.273 20112 20299 E SQLiteDatabase: at X.3eA.run(Unknown Source:2101)
04-25 09:59:41.273 20112 20299 E SQLiteDatabase: at java.util.concurrent.ThreadPoolExecutor.runWorker(ThreadPoolExecutor.java:1145)
04-25 09:59:41.273 20112 20299 E SQLiteDatabase: at java.util.concurrent.ThreadPoolExecutor$Worker.run(ThreadPoolExecutor.java:644)
04-25 09:59:41.273 20112 20299 E SQLiteDatabase: at X.3gH.run(Unknown Source:1548)
04-25 09:59:41.273 20112 20299 E SQLiteDatabase: at java.lang.Thread.run(Thread.java:1012)
04-25 09:59:48.151 20112 20112 E ArmVmp : Match on catch block at 0x0a in for 0x797fda3035
04-25 09:59:48.155 20112 20112 E ArmVmp : Match on catch block at 0x0a in for 0x797fda3035
04-25 09:59:48.244 20112 20112 E ArmVmp : Match on catch block at 0xc3 in for 0x797fda3021
04-25 09:59:48.246 20112 20112 E ArmVmp : Match on catch block at 0xc3 in for 0x797fda3021
04-25 09:59:48.262 20112 20255 W Parcel : Expecting binder but got null!
04-25 09:59:48.290 20112 20112 E ArmVmp : Match on catch block at 0xc3 in for 0x797fda3025
04-25 09:59:48.292 20112 20112 E ArmVmp : Match on catch block at 0xc3 in for 0x797fda3025
04-25 09:59:48.321 20112 20112 E ArmVmp : Match on catch block at 0xc3 in for 0x797fda3025
04-25 09:59:48.324 20112 20112 E ArmVmp : Match on catch block at 0xc3 in for 0x797fda3025
04-25 09:59:48.347 20112 20112 E ArmVmp : Match on catch block at 0xc3 in for 0x797fda3025
04-25 09:59:48.351 20112 20112 E ArmVmp : Match on catch block at 0xc3 in for 0x797fda3025
04-25 09:59:48.376 20112 20112 E ArmVmp : Match on catch block at 0xc3 in for 0x797fda3025
04-25 09:59:48.378 20112 20112 E ArmVmp : Match on catch block at 0xc3 in for 0x797fda3025
04-25 09:59:48.399 20112 20112 E ArmVmp : Match on catch block at 0xc3 in for 0x797fda3025
04-25 09:59:48.401 20112 20112 E ArmVmp : Match on catch block at 0xc3 in for 0x797fda3025
04-25 09:59:48.427 20112 20112 E ArmVmp : Match on catch block at 0xc3 in for 0x797fda3025
04-25 09:59:48.430 20112 20112 E ArmVmp : Match on catch block at 0xc3 in for 0x797fda3025
04-25 09:59:48.452 20112 20112 E ArmVmp : Match on catch block at 0xc3 in for 0x797fda3025
04-25 09:59:48.457 20112 20112 E ArmVmp : Match on catch block at 0xc3 in for 0x797fda3025
04-25 09:59:48.470 20112 20112 E ArmVmp : Match on catch block at 0xc3 in for 0x797fda3025
04-25 09:59:48.473 20112 20112 E ArmVmp : Match on catch block at 0xc3 in for 0x797fda3025
04-25 09:59:48.852 20112 20112 E ArmVmp : Match on catch block at 0xc3 in for 0x797fda3025
04-25 09:59:48.856 20112 20112 E ArmVmp : Match on catch block at 0xc3 in for 0x797fda3025
04-25 09:59:48.996 20112 20112 E ArmVmp : Match on catch block at 0xc3 in for 0x797fda3025
04-25 09:59:49.001 20112 20112 E ArmVmp : Match on catch block at 0xc3 in for 0x797fda3025
04-25 09:59:49.009 20112 20112 E ArmVmp : Match on catch block at 0xc3 in for 0x797fda3025
04-25 09:59:49.014 20112 20112 E ArmVmp : Match on catch block at 0xc3 in for 0x797fda3025
04-25 09:59:49.020 20112 20112 E ArmVmp : Match on catch block at 0xc3 in for 0x797fda3025
04-25 09:59:49.024 20112 20112 E ArmVmp : Match on catch block at 0xc3 in for 0x797fda3025
04-25 09:59:49.030 20112 20112 E ArmVmp : Match on catch block at 0xc3 in for 0x797fda3025
04-25 09:59:49.034 20112 20112 E ArmVmp : Match on catch block at 0xc3 in for 0x797fda3025
04-25 09:59:49.041 20112 20112 E ArmVmp : Match on catch block at 0xc3 in for 0x797fda3025
04-25 09:59:49.045 20112 20112 E ArmVmp : Match on catch block at 0xc3 in for 0x797fda3025
04-25 09:59:49.052 20112 20112 E ArmVmp : Match on catch block at 0xc3 in for 0x797fda3025
04-25 09:59:49.056 20112 20112 E ArmVmp : Match on catch block at 0xc3 in for 0x797fda3025
04-25 09:59:49.063 20112 20112 E ArmVmp : Match on catch block at 0xc3 in for 0x797fda3025
04-25 09:59:49.067 20112 20112 E ArmVmp : Match on catch block at 0xc3 in for 0x797fda3025
04-25 09:59:49.075 20112 20112 E ArmVmp : Match on catch block at 0xc3 in for 0x797fda3025
04-25 09:59:49.080 20112 20112 E ArmVmp : Match on catch block at 0xc3 in for 0x797fda3025
04-25 09:59:49.087 20112 20112 E ArmVmp : Match on catch block at 0xc3 in for 0x797fda3025
04-25 09:59:49.090 20112 20112 E ArmVmp : Match on catch block at 0xc3 in for 0x797fda3025
04-25 09:59:49.096 20112 20112 E ArmVmp : Match on catch block at 0xc3 in for 0x797fda3025
04-25 09:59:49.099 20112 20112 E ArmVmp : Match on catch block at 0xc3 in for 0x797fda3025
04-25 09:59:49.107 20112 20112 E ArmVmp : Match on catch block at 0xc3 in for 0x797fda3025
04-25 09:59:49.111 20112 20112 E ArmVmp : Match on catch block at 0xc3 in for 0x797fda3025
04-25 09:59:49.117 20112 20112 E ArmVmp : Match on catch block at 0xc3 in for 0x797fda3025
04-25 09:59:49.120 20112 20112 E ArmVmp : Match on catch block at 0xc3 in for 0x797fda3025
04-25 09:59:49.128 20112 20112 E ArmVmp : Match on catch block at 0xc3 in for 0x797fda3025
04-25 09:59:49.131 20112 20112 E ArmVmp : Match on catch block at 0xc3 in for 0x797fda3025
04-25 09:59:49.139 20112 20112 E ArmVmp : Match on catch block at 0xc3 in for 0x797fda3025
04-25 09:59:49.142 20112 20112 E ArmVmp : Match on catch block at 0xc3 in for 0x797fda3025
04-25 09:59:49.151 20112 20112 E ArmVmp : Match on catch block at 0xc3 in for 0x797fda3025
04-25 09:59:49.154 20112 20112 E ArmVmp : Match on catch block at 0xc3 in for 0x797fda3025
04-25 09:59:49.163 20112 20112 E ArmVmp : Match on catch block at 0xc3 in for 0x797fda3025
04-25 09:59:49.166 20112 20112 E ArmVmp : Match on catch block at 0xc3 in for 0x797fda3025
04-25 09:59:49.174 20112 20112 E ArmVmp : Match on catch block at 0xc3 in for 0x797fda3025
04-25 09:59:49.178 20112 20112 E ArmVmp : Match on catch block at 0xc3 in for 0x797fda3025
04-25 09:59:49.184 20112 20112 E ArmVmp : Match on catch block at 0xc3 in for 0x797fda3025
04-25 09:59:49.187 20112 20112 E ArmVmp : Match on catch block at 0xc3 in for 0x797fda3025
04-25 09:59:49.196 20112 20112 E ArmVmp : Match on catch block at 0xc3 in for 0x797fda3025
04-25 09:59:49.199 20112 20112 E ArmVmp : Match on catch block at 0xc3 in for 0x797fda3025
04-25 09:59:49.206 20112 20112 E ArmVmp : Match on catch block at 0xc3 in for 0x797fda3025
04-25 09:59:49.210 20112 20112 E ArmVmp : Match on catch block at 0xc3 in for 0x797fda3025
04-25 09:59:49.219 20112 20112 E ArmVmp : Match on catch block at 0xc3 in for 0x797fda3025
04-25 09:59:49.222 20112 20112 E ArmVmp : Match on catch block at 0xc3 in for 0x797fda3025
04-25 09:59:49.229 20112 20112 E ArmVmp : Match on catch block at 0xc3 in for 0x797fda3025
04-25 09:59:49.232 20112 20112 E ArmVmp : Match on catch block at 0xc3 in for 0x797fda3025
04-25 09:59:49.240 20112 20112 E ArmVmp : Match on catch block at 0xc3 in for 0x797fda3025
04-25 09:59:49.244 20112 20112 E ArmVmp : Match on catch block at 0xc3 in for 0x797fda3025
04-25 09:59:49.252 20112 20112 E ArmVmp : Match on catch block at 0xc3 in for 0x797fda3025
04-25 09:59:49.255 20112 20112 E ArmVmp : Match on catch block at 0xc3 in for 0x797fda3025
04-25 09:59:49.262 20112 20112 E ArmVmp : Match on catch block at 0xc3 in for 0x797fda3025
04-25 09:59:49.266 20112 20112 E ArmVmp : Match on catch block at 0xc3 in for 0x797fda3025
04-25 09:59:49.275 20112 20112 E ArmVmp : Match on catch block at 0xc3 in for 0x797fda3025
04-25 09:59:49.278 20112 20112 E ArmVmp : Match on catch block at 0xc3 in for 0x797fda3025
04-25 09:59:49.284 20112 20112 E ArmVmp : Match on catch block at 0xc3 in for 0x797fda3025
04-25 09:59:49.289 20112 20112 E ArmVmp : Match on catch block at 0xc3 in for 0x797fda3025
04-25 09:59:49.295 20112 20112 E ArmVmp : Match on catch block at 0xc3 in for 0x797fda3025
04-25 09:59:49.298 20112 20112 E ArmVmp : Match on catch block at 0xc3 in for 0x797fda3025
04-25 09:59:49.352 20112 20112 E ArmVmp : Match on catch block at 0xc3 in for 0x797fda3025
04-25 09:59:49.357 20112 20112 E ArmVmp : Match on catch block at 0xc3 in for 0x797fda3025
04-25 09:59:49.842 20112 20112 E ArmVmp : Match on catch block at 0xc3 in for 0x797fda3025
04-25 09:59:49.846 20112 20112 E ArmVmp : Match on catch block at 0xc3 in for 0x797fda3025
04-25 09:59:49.925 20112 20112 E ArmVmp : Match on catch block at 0xc3 in for 0x797fda3025
04-25 09:59:49.928 20112 20112 E ArmVmp : Match on catch block at 0xc3 in for 0x797fda3025
04-25 09:59:49.946 20112 20112 E ArmVmp : Match on catch block at 0xc3 in for 0x797fda3025
04-25 09:59:49.948 20112 20112 E ArmVmp : Match on catch block at 0xc3 in for 0x797fda3025
04-25 09:59:50.019 20112 20112 E ArmVmp : Match on catch block at 0xc3 in for 0x797fda3025
04-25 09:59:50.022 20112 20112 E ArmVmp : Match on catch block at 0xc3 in for 0x797fda3025
04-25 09:59:50.030 20112 20112 E ArmVmp : Match on catch block at 0xc3 in for 0x797fda3025
04-25 09:59:50.033 20112 20112 E ArmVmp : Match on catch block at 0xc3 in for 0x797fda3025
04-25 09:59:50.069 20112 20112 E ArmVmp : Match on catch block at 0xc3 in for 0x797fda3025
04-25 09:59:50.075 20112 20112 E ArmVmp : Match on catch block at 0xc3 in for 0x797fda3025
04-25 09:59:50.106 20112 20112 E ArmVmp : Match on catch block at 0xc3 in for 0x797fda3025
04-25 09:59:50.110 20112 20112 E ArmVmp : Match on catch block at 0xc3 in for 0x797fda3025
04-25 09:59:50.121 20112 20112 E ArmVmp : Match on catch block at 0xc3 in for 0x797fda3025
04-25 09:59:50.125 20112 20112 E ArmVmp : Match on catch block at 0xc3 in for 0x797fda3025
04-25 09:59:50.133 20112 20112 E ArmVmp : Match on catch block at 0xc3 in for 0x797fda3025
04-25 09:59:50.137 20112 20112 E ArmVmp : Match on catch block at 0xc3 in for 0x797fda3025
04-25 09:59:50.554 20112 20112 E ArmVmp : Match on catch block at 0xc3 in for 0x797fda3025
04-25 09:59:50.557 20112 20112 E ArmVmp : Match on catch block at 0xc3 in for 0x797fda3025
04-25 09:59:56.706 20112 22621 E SQLiteDatabase: Error inserting dirty_version=-1 version=0 lt_hash=null collection_name=regular_high
04-25 09:59:56.706 20112 22621 E SQLiteDatabase: android.database.sqlite.SQLiteConstraintException: UNIQUE constraint failed: collection_versions.collection_name (code 1555 SQLITE_CONSTRAINT_PRIMARYKEY)
04-25 09:59:56.706 20112 22621 E SQLiteDatabase: at android.database.sqlite.SQLiteConnection.nativeExecuteForLastInsertedRowId(Native Method)
04-25 09:59:56.706 20112 22621 E SQLiteDatabase: at android.database.sqlite.SQLiteConnection.executeForLastInsertedRowId(SQLiteConnecti on.java:961)
04-25 09:59:56.706 20112 22621 E SQLiteDatabase: at android.database.sqlite.SQLiteSession.executeForLastInsertedRowId(SQLiteSession.jav a:790)
04-25 09:59:56.706 20112 22621 E SQLiteDatabase: at android.database.sqlite.SQLiteStatement.executeInsert(SQLiteStatement.java:89)
04-25 09:59:56.706 20112 22621 E SQLiteDatabase: at android.database.sqlite.SQLiteDatabase.insertWithOnConflict(SQLiteDatabase.java:186 8)
04-25 09:59:56.706 20112 22621 E SQLiteDatabase: at android.database.sqlite.SQLiteDatabase.insert(SQLiteDatabase.java:1737)
04-25 09:59:56.706 20112 22621 E SQLiteDatabase: at X.2tm.A08(Unknown Source:6)
04-25 09:59:56.706 20112 22621 E SQLiteDatabase: at X.2sR.A03(Unknown Source:39)
04-25 09:59:56.706 20112 22621 E SQLiteDatabase: at X.2sR.A05(Unknown Source:14)
04-25 09:59:56.706 20112 22621 E SQLiteDatabase: at X.3eA.run(Unknown Source:2101)
04-25 09:59:56.706 20112 22621 E SQLiteDatabase: at java.util.concurrent.ThreadPoolExecutor.runWorker(ThreadPoolExecutor.java:1145)
04-25 09:59:56.706 20112 22621 E SQLiteDatabase: at java.util.concurrent.ThreadPoolExecutor$Worker.run(ThreadPoolExecutor.java:644)
04-25 09:59:56.706 20112 22621 E SQLiteDatabase: at X.3gH.run(Unknown Source:1548)
04-25 09:59:56.706 20112 22621 E SQLiteDatabase: at java.lang.Thread.run(Thread.java:1012)
04-25 09:59:58.997 20112 20299 E SQLiteDatabase: Error inserting dirty_version=-1 version=0 lt_hash=null collection_name=regular_high
04-25 09:59:58.997 20112 20299 E SQLiteDatabase: android.database.sqlite.SQLiteConstraintException: UNIQUE constraint failed: collection_versions.collection_name (code 1555 SQLITE_CONSTRAINT_PRIMARYKEY)
04-25 09:59:58.997 20112 20299 E SQLiteDatabase: at android.database.sqlite.SQLiteConnection.nativeExecuteForLastInsertedRowId(Native Method)
04-25 09:59:58.997 20112 20299 E SQLiteDatabase: at android.database.sqlite.SQLiteConnection.executeForLastInsertedRowId(SQLiteConnecti on.java:961)
04-25 09:59:58.997 20112 20299 E SQLiteDatabase: at android.database.sqlite.SQLiteSession.executeForLastInsertedRowId(SQLiteSession.jav a:790)
04-25 09:59:58.997 20112 20299 E SQLiteDatabase: at android.database.sqlite.SQLiteStatement.executeInsert(SQLiteStatement.java:89)
04-25 09:59:58.997 20112 20299 E SQLiteDatabase: at android.database.sqlite.SQLiteDatabase.insertWithOnConflict(SQLiteDatabase.java:186 8)
04-25 09:59:58.997 20112 20299 E SQLiteDatabase: at android.database.sqlite.SQLiteDatabase.insert(SQLiteDatabase.java:1737)
04-25 09:59:58.997 20112 20299 E SQLiteDatabase: at X.2tm.A08(Unknown Source:6)
04-25 09:59:58.997 20112 20299 E SQLiteDatabase: at X.2sR.A03(Unknown Source:39)
04-25 09:59:58.997 20112 20299 E SQLiteDatabase: at X.2sR.A05(Unknown Source:14)
04-25 09:59:58.997 20112 20299 E SQLiteDatabase: at X.3eA.run(Unknown Source:2101)
04-25 09:59:58.997 20112 20299 E SQLiteDatabase: at java.util.concurrent.ThreadPoolExecutor.runWorker(ThreadPoolExecutor.java:1145)
04-25 09:59:58.997 20112 20299 E SQLiteDatabase: at java.util.concurrent.ThreadPoolExecutor$Worker.run(ThreadPoolExecutor.java:644)
04-25 09:59:58.997 20112 20299 E SQLiteDatabase: at X.3gH.run(Unknown Source:1548)
04-25 09:59:58.997 20112 20299 E SQLiteDatabase: at java.lang.Thread.run(Thread.java:1012)
04-25 10:00:05.322 20112 20112 E ArmVmp : Match on catch block at 0x0a in for 0x797fda3035
04-25 10:00:05.326 20112 20112 E ArmVmp : Match on catch block at 0x0a in for 0x797fda3035
04-25 10:00:05.411 20112 20112 E ArmVmp : Match on catch block at 0xc3 in for 0x797fda3021
04-25 10:00:05.414 20112 20112 E ArmVmp : Match on catch block at 0xc3 in for 0x797fda3021
04-25 10:00:05.427 20112 20255 W Parcel : Expecting binder but got null!
04-25 10:00:05.459 20112 20112 E ArmVmp : Match on catch block at 0xc3 in for 0x797fda3025
04-25 10:00:05.462 20112 20112 E ArmVmp : Match on catch block at 0xc3 in for 0x797fda3025
04-25 10:00:05.491 20112 20112 E ArmVmp : Match on catch block at 0xc3 in for 0x797fda3025
04-25 10:00:05.494 20112 20112 E ArmVmp : Match on catch block at 0xc3 in for 0x797fda3025
04-25 10:00:05.517 20112 20112 E ArmVmp : Match on catch block at 0xc3 in for 0x797fda3025
04-25 10:00:05.520 20112 20112 E ArmVmp : Match on catch block at 0xc3 in for 0x797fda3025
04-25 10:00:05.534 20112 20112 E ArmVmp : Match on catch block at 0xc3 in for 0x797fda3025
04-25 10:00:05.538 20112 20112 E ArmVmp : Match on catch block at 0xc3 in for 0x797fda3025
04-25 10:00:05.553 20112 20112 E ArmVmp : Match on catch block at 0xc3 in for 0x797fda3025
04-25 10:00:05.556 20112 20112 E ArmVmp : Match on catch block at 0xc3 in for 0x797fda3025
04-25 10:00:05.570 20112 20112 E ArmVmp : Match on catch block at 0xc3 in for 0x797fda3025
04-25 10:00:05.573 20112 20112 E ArmVmp : Match on catch block at 0xc3 in for 0x797fda3025
04-25 10:00:05.586 20112 20112 E ArmVmp : Match on catch block at 0xc3 in for 0x797fda3025
04-25 10:00:05.591 20112 20112 E ArmVmp : Match on catch block at 0xc3 in for 0x797fda3025
04-25 10:00:05.603 20112 20112 E ArmVmp : Match on catch block at 0xc3 in for 0x797fda3025
04-25 10:00:05.607 20112 20112 E ArmVmp : Match on catch block at 0xc3 in for 0x797fda3025
04-25 10:00:05.614 20112 20112 E ArmVmp : Match on catch block at 0xc3 in for 0x797fda3025
04-25 10:00:05.619 20112 20112 E ArmVmp : Match on catch block at 0xc3 in for 0x797fda3025
04-25 10:00:05.628 20112 20112 E ArmVmp : Match on catch block at 0xc3 in for 0x797fda3025
04-25 10:00:05.632 20112 20112 E ArmVmp : Match on catch block at 0xc3 in for 0x797fda3025
04-25 10:00:06.014 20112 20112 E ArmVmp : Match on catch block at 0xc3 in for 0x797fda3025
04-25 10:00:06.019 20112 20112 E ArmVmp : Match on catch block at 0xc3 in for 0x797fda3025
04-25 10:00:06.170 20112 20112 E ArmVmp : Match on catch block at 0xc3 in for 0x797fda3025
04-25 10:00:06.175 20112 20112 E ArmVmp : Match on catch block at 0xc3 in for 0x797fda3025
04-25 10:00:06.182 20112 20112 E ArmVmp : Match on catch block at 0xc3 in for 0x797fda3025
04-25 10:00:06.186 20112 20112 E ArmVmp : Match on catch block at 0xc3 in for 0x797fda3025
04-25 10:00:06.193 20112 20112 E ArmVmp : Match on catch block at 0xc3 in for 0x797fda3025
04-25 10:00:06.198 20112 20112 E ArmVmp : Match on catch block at 0xc3 in for 0x797fda3025
04-25 10:00:06.204 20112 20112 E ArmVmp : Match on catch block at 0xc3 in for 0x797fda3025
04-25 10:00:06.208 20112 20112 E ArmVmp : Match on catch block at 0xc3 in for 0x797fda3025
04-25 10:00:06.215 20112 20112 E ArmVmp : Match on catch block at 0xc3 in for 0x797fda3025
04-25 10:00:06.219 20112 20112 E ArmVmp : Match on catch block at 0xc3 in for 0x797fda3025
04-25 10:00:06.226 20112 20112 E ArmVmp : Match on catch block at 0xc3 in for 0x797fda3025
04-25 10:00:06.230 20112 20112 E ArmVmp : Match on catch block at 0xc3 in for 0x797fda3025
04-25 10:00:06.238 20112 20112 E ArmVmp : Match on catch block at 0xc3 in for 0x797fda3025
04-25 10:00:06.242 20112 20112 E ArmVmp : Match on catch block at 0xc3 in for 0x797fda3025
04-25 10:00:06.248 20112 20112 E ArmVmp : Match on catch block at 0xc3 in for 0x797fda3025
04-25 10:00:06.252 20112 20112 E ArmVmp : Match on catch block at 0xc3 in for 0x797fda3025
04-25 10:00:06.259 20112 20112 E ArmVmp : Match on catch block at 0xc3 in for 0x797fda3025
04-25 10:00:06.263 20112 20112 E ArmVmp : Match on catch block at 0xc3 in for 0x797fda3025
04-25 10:00:06.271 20112 20112 E ArmVmp : Match on catch block at 0xc3 in for 0x797fda3025
04-25 10:00:06.276 20112 20112 E ArmVmp : Match on catch block at 0xc3 in for 0x797fda3025
04-25 10:00:06.281 20112 20112 E ArmVmp : Match on catch block at 0xc3 in for 0x797fda3025
04-25 10:00:06.285 20112 20112 E ArmVmp : Match on catch block at 0xc3 in for 0x797fda3025
04-25 10:00:06.292 20112 20112 E ArmVmp : Match on catch block at 0xc3 in for 0x797fda3025
04-25 10:00:06.296 20112 20112 E ArmVmp : Match on catch block at 0xc3 in for 0x797fda3025
04-25 10:00:06.303 20112 20112 E ArmVmp : Match on catch block at 0xc3 in for 0x797fda3025
04-25 10:00:06.306 20112 20112 E ArmVmp : Match on catch block at 0xc3 in for 0x797fda3025
04-25 10:00:06.313 20112 20112 E ArmVmp : Match on catch block at 0xc3 in for 0x797fda3025
04-25 10:00:06.317 20112 20112 E ArmVmp : Match on catch block at 0xc3 in for 0x797fda3025
04-25 10:00:06.324 20112 20112 E ArmVmp : Match on catch block at 0xc3 in for 0x797fda3025
04-25 10:00:06.327 20112 20112 E ArmVmp : Match on catch block at 0xc3 in for 0x797fda3025
04-25 10:00:06.336 20112 20112 E ArmVmp : Match on catch block at 0xc3 in for 0x797fda3025
04-25 10:00:06.340 20112 20112 E ArmVmp : Match on catch block at 0xc3 in for 0x797fda3025
04-25 10:00:06.347 20112 20112 E ArmVmp : Match on catch block at 0xc3 in for 0x797fda3025
04-25 10:00:06.350 20112 20112 E ArmVmp : Match on catch block at 0xc3 in for 0x797fda3025
04-25 10:00:06.357 20112 20112 E ArmVmp : Match on catch block at 0xc3 in for 0x797fda3025
04-25 10:00:06.363 20112 20112 E ArmVmp : Match on catch block at 0xc3 in for 0x797fda3025
04-25 10:00:06.369 20112 20112 E ArmVmp : Match on catch block at 0xc3 in for 0x797fda3025
04-25 10:00:06.373 20112 20112 E ArmVmp : Match on catch block at 0xc3 in for 0x797fda3025
04-25 10:00:06.382 20112 20112 E ArmVmp : Match on catch block at 0xc3 in for 0x797fda3025
04-25 10:00:06.385 20112 20112 E ArmVmp : Match on catch block at 0xc3 in for 0x797fda3025
04-25 10:00:06.392 20112 20112 E ArmVmp : Match on catch block at 0xc3 in for 0x797fda3025
04-25 10:00:06.396 20112 20112 E ArmVmp : Match on catch block at 0xc3 in for 0x797fda3025
04-25 10:00:06.402 20112 20112 E ArmVmp : Match on catch block at 0xc3 in for 0x797fda3025
04-25 10:00:06.406 20112 20112 E ArmVmp : Match on catch block at 0xc3 in for 0x797fda3025
04-25 10:00:06.413 20112 20112 E ArmVmp : Match on catch block at 0xc3 in for 0x797fda3025
04-25 10:00:06.416 20112 20112 E ArmVmp : Match on catch block at 0xc3 in for 0x797fda3025
04-25 10:00:06.424 20112 20112 E ArmVmp : Match on catch block at 0xc3 in for 0x797fda3025
04-25 10:00:06.427 20112 20112 E ArmVmp : Match on catch block at 0xc3 in for 0x797fda3025
04-25 10:00:06.435 20112 20112 E ArmVmp : Match on catch block at 0xc3 in for 0x797fda3025
04-25 10:00:06.438 20112 20112 E ArmVmp : Match on catch block at 0xc3 in for 0x797fda3025
04-25 10:00:06.447 20112 20112 E ArmVmp : Match on catch block at 0xc3 in for 0x797fda3025
04-25 10:00:06.451 20112 20112 E ArmVmp : Match on catch block at 0xc3 in for 0x797fda3025
04-25 10:00:06.458 20112 20112 E ArmVmp : Match on catch block at 0xc3 in for 0x797fda3025
04-25 10:00:06.462 20112 20112 E ArmVmp : Match on catch block at 0xc3 in for 0x797fda3025
04-25 10:00:06.469 20112 20112 E ArmVmp : Match on catch block at 0xc3 in for 0x797fda3025
04-25 10:00:06.472 20112 20112 E ArmVmp : Match on catch block at 0xc3 in for 0x797fda3025
04-25 10:00:06.514 20112 20112 E ArmVmp : Match on catch block at 0xc3 in for 0x797fda3025
04-25 10:00:06.518 20112 20112 E ArmVmp : Match on catch block at 0xc3 in for 0x797fda3025
04-25 10:00:07.016 20112 20112 E ArmVmp : Match on catch block at 0xc3 in for 0x797fda3025
04-25 10:00:07.020 20112 20112 E ArmVmp : Match on catch block at 0xc3 in for 0x797fda3025
04-25 10:00:07.083 20112 20112 E ArmVmp : Match on catch block at 0xc3 in for 0x797fda3025
04-25 10:00:07.087 20112 20112 E ArmVmp : Match on catch block at 0xc3 in for 0x797fda3025
04-25 10:00:07.094 20112 20112 E ArmVmp : Match on catch block at 0xc3 in for 0x797fda3025
04-25 10:00:07.098 20112 20112 E ArmVmp : Match on catch block at 0xc3 in for 0x797fda3025
04-25 10:00:07.105 20112 20112 E ArmVmp : Match on catch block at 0xc3 in for 0x797fda3025
04-25 10:00:07.109 20112 20112 E ArmVmp : Match on catch block at 0xc3 in for 0x797fda3025
04-25 10:00:07.116 20112 20112 E ArmVmp : Match on catch block at 0xc3 in for 0x797fda3025
04-25 10:00:07.121 20112 20112 E ArmVmp : Match on catch block at 0xc3 in for 0x797fda3025
04-25 10:00:07.127 20112 20112 E ArmVmp : Match on catch block at 0xc3 in for 0x797fda3025
04-25 10:00:07.131 20112 20112 E ArmVmp : Match on catch block at 0xc3 in for 0x797fda3025
04-25 10:00:07.137 20112 20112 E ArmVmp : Match on catch block at 0xc3 in for 0x797fda3025
04-25 10:00:07.143 20112 20112 E ArmVmp : Match on catch block at 0xc3 in for 0x797fda3025
04-25 10:00:07.148 20112 20112 E ArmVmp : Match on catch block at 0xc3 in for 0x797fda3025
04-25 10:00:07.152 20112 20112 E ArmVmp : Match on catch block at 0xc3 in for 0x797fda3025
04-25 10:00:07.159 20112 20112 E ArmVmp : Match on catch block at 0xc3 in for 0x797fda3025
04-25 10:00:07.163 20112 20112 E ArmVmp : Match on catch block at 0xc3 in for 0x797fda3025
04-25 10:00:07.170 20112 20112 E ArmVmp : Match on catch block at 0xc3 in for 0x797fda3025
04-25 10:00:07.174 20112 20112 E ArmVmp : Match on catch block at 0xc3 in for 0x797fda3025
04-25 10:00:07.181 20112 20112 E ArmVmp : Match on catch block at 0xc3 in for 0x797fda3025
04-25 10:00:07.186 20112 20112 E ArmVmp : Match on catch block at 0xc3 in for 0x797fda3025
04-25 10:00:07.192 20112 20112 E ArmVmp : Match on catch block at 0xc3 in for 0x797fda3025
04-25 10:00:07.197 20112 20112 E ArmVmp : Match on catch block at 0xc3 in for 0x797fda3025
04-25 10:00:07.204 20112 20112 E ArmVmp : Match on catch block at 0xc3 in for 0x797fda3025
04-25 10:00:07.208 20112 20112 E ArmVmp : Match on catch block at 0xc3 in for 0x797fda3025
04-25 10:00:07.215 20112 20112 E ArmVmp : Match on catch block at 0xc3 in for 0x797fda3025
04-25 10:00:07.218 20112 20112 E ArmVmp : Match on catch block at 0xc3 in for 0x797fda3025
04-25 10:00:07.226 20112 20112 E ArmVmp : Match on catch block at 0xc3 in for 0x797fda3025
04-25 10:00:07.230 20112 20112 E ArmVmp : Match on catch block at 0xc3 in for 0x797fda3025
04-25 10:00:07.236 20112 20112 E ArmVmp : Match on catch block at 0xc3 in for 0x797fda3025
04-25 10:00:07.240 20112 20112 E ArmVmp : Match on catch block at 0xc3 in for 0x797fda3025
04-25 10:00:07.248 20112 20112 E ArmVmp : Match on catch block at 0xc3 in for 0x797fda3025
04-25 10:00:07.251 20112 20112 E ArmVmp : Match on catch block at 0xc3 in for 0x797fda3025
04-25 10:00:07.259 20112 20112 E ArmVmp : Match on catch block at 0xc3 in for 0x797fda3025
04-25 10:00:07.262 20112 20112 E ArmVmp : Match on catch block at 0xc3 in for 0x797fda3025
04-25 10:00:07.271 20112 20112 E ArmVmp : Match on catch block at 0xc3 in for 0x797fda3025
04-25 10:00:07.274 20112 20112 E ArmVmp : Match on catch block at 0xc3 in for 0x797fda3025
04-25 10:00:07.281 20112 20112 E ArmVmp : Match on catch block at 0xc3 in for 0x797fda3025
04-25 10:00:07.285 20112 20112 E ArmVmp : Match on catch block at 0xc3 in for 0x797fda3025
04-25 10:00:07.292 20112 20112 E ArmVmp : Match on catch block at 0xc3 in for 0x797fda3025
04-25 10:00:07.296 20112 20112 E ArmVmp : Match on catch block at 0xc3 in for 0x797fda3025
04-25 10:00:07.303 20112 20112 E ArmVmp : Match on catch block at 0xc3 in for 0x797fda3025
04-25 10:00:07.307 20112 20112 E ArmVmp : Match on catch block at 0xc3 in for 0x797fda3025
04-25 10:00:07.314 20112 20112 E ArmVmp : Match on catch block at 0xc3 in for 0x797fda3025
04-25 10:00:07.318 20112 20112 E ArmVmp : Match on catch block at 0xc3 in for 0x797fda3025
04-25 10:00:07.325 20112 20112 E ArmVmp : Match on catch block at 0xc3 in for 0x797fda3025
04-25 10:00:07.328 20112 20112 E ArmVmp : Match on catch block at 0xc3 in for 0x797fda3025
04-25 10:00:07.336 20112 20112 E ArmVmp : Match on catch block at 0xc3 in for 0x797fda3025
04-25 10:00:07.339 20112 20112 E ArmVmp : Match on catch block at 0xc3 in for 0x797fda3025
04-25 10:00:07.516 20112 20112 E ArmVmp : Match on catch block at 0xc3 in for 0x797fda3025
04-25 10:00:07.520 20112 20112 E ArmVmp : Match on catch block at 0xc3 in for 0x797fda3025
04-25 10:00:08.016 20112 20112 E ArmVmp : Match on catch block at 0xc3 in for 0x797fda3025
04-25 10:00:08.020 20112 20112 E ArmVmp : Match on catch block at 0xc3 in for 0x797fda3025
04-25 10:00:08.518 20112 20112 E ArmVmp : Match on catch block at 0xc3 in for 0x797fda3025
04-25 10:00:08.522 20112 20112 E ArmVmp : Match on catch block at 0xc3 in for 0x797fda3025
04-25 10:00:09.017 20112 20112 E ArmVmp : Match on catch block at 0xc3 in for 0x797fda3025
04-25 10:00:09.019 20112 20112 E ArmVmp : Match on catch block at 0xc3 in for 0x797fda3025
04-25 10:00:09.105 20112 20112 E ArmVmp : Match on catch block at 0xc3 in for 0x797fda3025
04-25 10:00:09.108 20112 20112 E ArmVmp : Match on catch block at 0xc3 in for 0x797fda3025
04-25 10:00:09.116 20112 20112 E ArmVmp : Match on catch block at 0xc3 in for 0x797fda3025
04-25 10:00:09.119 20112 20112 E ArmVmp : Match on catch block at 0xc3 in for 0x797fda3025
04-25 10:00:09.142 20112 20112 E ArmVmp : Match on catch block at 0xc3 in for 0x797fda3025
04-25 10:00:09.144 20112 20112 E ArmVmp : Match on catch block at 0xc3 in for 0x797fda3025
04-25 10:00:09.153 20112 20255 E FrameEvents: updateAcquireFence: Did not find frame.
04-25 10:00:09.176 20112 20112 E ArmVmp : Match on catch block at 0xc3 in for 0x797fda3025
04-25 10:00:09.178 20112 20112 E ArmVmp : Match on catch block at 0xc3 in for 0x797fda3025
04-25 10:00:09.265 20112 20112 W ResourceType: Bad XML block: header size 18254 or total size 169478669 is larger than data size 380
04-25 10:00:09.268 20112 20112 W ResourceType: Bad XML block: header size 18254 or total size 169478669 is larger than data size 633
04-25 10:00:09.278 20112 20112 W ResourceType: Bad XML block: header size 18254 or total size 169478669 is larger than data size 677
04-25 10:00:09.282 20112 20112 W ResourceType: Bad XML block: header size 18254 or total size 169478669 is larger than data size 248
04-25 10:00:09.288 20112 20112 W ResourceType: Bad XML block: header size 18254 or total size 169478669 is larger than data size 571
04-25 10:00:09.294 20112 20112 W ResourceType: Bad XML block: header size 18254 or total size 169478669 is larger than data size 333
04-25 10:00:09.297 20112 20112 W ResourceType: Bad XML block: header size 18254 or total size 169478669 is larger than data size 650
04-25 10:00:09.300 20112 20112 W ResourceType: Bad XML block: header size 18254 or total size 169478669 is larger than data size 1150
04-25 10:00:09.304 20112 20112 W ResourceType: Bad XML block: header size 18254 or total size 169478669 is larger than data size 491
04-25 10:00:09.307 20112 20112 W ResourceType: Bad XML block: header size 18254 or total size 169478669 is larger than data size 1150
04-25 10:00:09.310 20112 20112 W ResourceType: Bad XML block: header size 18254 or total size 169478669 is larger than data size 659
04-25 10:00:09.313 20112 20112 W ResourceType: Bad XML block: header size 18254 or total size 169478669 is larger than data size 593
04-25 10:00:09.321 20112 20112 W ResourceType: Bad XML block: header size 18254 or total size 169478669 is larger than data size 1171
04-25 10:00:09.323 20112 20112 W ResourceType: Bad XML block: header size 18254 or total size 169478669 is larger than data size 510
04-25 10:00:09.334 20112 20112 W ResourceType: Bad XML block: header size 18254 or total size 169478669 is larger than data size 853
04-25 10:00:09.390 20112 20112 W ResourceType: Bad XML block: header size 18254 or total size 169478669 is larger than data size 650
04-25 10:00:09.429 20112 20112 W View : requestLayout() improperly called by android.widget.Space{28c1006 I.ED..... ......I. 33,99-44,110 #7f0b00ba app:id/action_tile_spacing} during layout: running second layout pass
04-25 10:00:09.429 20112 20112 W View : requestLayout() improperly called by android.widget.Space{d28d6c7 I.ED..... ......I. 33,99-44,110 #7f0b00ba app:id/action_tile_spacing} during layout: running second layout pass
04-25 10:00:09.429 20112 20112 W View : requestLayout() improperly called by android.widget.Space{be44f4 I.ED..... ......I. 33,99-44,110 #7f0b00ba app:id/action_tile_spacing} during layout: running second layout pass
04-25 10:00:09.434 20112 20112 E ArmVmp : Match on catch block at 0xc3 in for 0x797fda3025
04-25 10:00:09.437 20112 20112 E ArmVmp : Match on catch block at 0xc3 in for 0x797fda3025
04-25 10:00:09.453 20112 20112 E ArmVmp : Match on catch block at 0xc3 in for 0x797fda3025
04-25 10:00:09.456 20112 20112 E ArmVmp : Match on catch block at 0xc3 in for 0x797fda3025
04-25 10:00:09.468 20112 20112 E ArmVmp : Match on catch block at 0xc3 in for 0x797fda3025
04-25 10:00:09.470 20112 20112 E ArmVmp : Match on catch block at 0xc3 in for 0x797fda3025
04-25 10:00:09.508 20112 20255 W Parcel : Expecting binder but got null!
04-25 10:00:09.510 20112 20112 E ArmVmp : Match on catch block at 0xc3 in for 0x797fda3025
04-25 10:00:09.514 20112 20112 E ArmVmp : Match on catch block at 0xc3 in for 0x797fda3025
04-25 10:00:09.530 20112 20112 E ArmVmp : Match on catch block at 0xc3 in for 0x797fda3025
04-25 10:00:09.535 20112 20112 E ArmVmp : Match on catch block at 0xc3 in for 0x797fda3025
04-25 10:00:09.558 20112 20112 E ArmVmp : Match on catch block at 0xc3 in for 0x797fda3025
04-25 10:00:09.561 20112 20112 E ArmVmp : Match on catch block at 0xc3 in for 0x797fda3025
04-25 10:00:09.586 20112 20112 E ArmVmp : Match on catch block at 0xc3 in for 0x797fda3025
04-25 10:00:09.589 20112 20112 E ArmVmp : Match on catch block at 0xc3 in for 0x797fda3025
04-25 10:00:09.605 20112 20112 E ArmVmp : Match on catch block at 0xc3 in for 0x797fda3025
04-25 10:00:09.608 20112 20112 E ArmVmp : Match on catch block at 0xc3 in for 0x797fda3025
04-25 10:00:09.614 20112 20112 E ArmVmp : Match on catch block at 0xc3 in for 0x797fda3025
04-25 10:00:09.618 20112 20112 E ArmVmp : Match on catch block at 0xc3 in for 0x797fda3025
04-25 10:00:09.637 20112 20112 E ArmVmp : Match on catch block at 0xc3 in for 0x797fda3025
04-25 10:00:09.640 20112 20112 E ArmVmp : Match on catch block at 0xc3 in for 0x797fda3025
04-25 10:00:09.656 20112 20112 E ArmVmp : Match on catch block at 0xc3 in for 0x797fda3025
04-25 10:00:09.659 20112 20112 E ArmVmp : Match on catch block at 0xc3 in for 0x797fda3025
04-25 10:00:09.675 20112 20112 W ResourceType: Bad XML block: header size 18254 or total size 169478669 is larger than data size 650
04-25 10:00:09.681 20112 20112 E ArmVmp : Match on catch block at 0xc3 in for 0x797fda3025
04-25 10:00:09.683 20112 20112 E ArmVmp : Match on catch block at 0xc3 in for 0x797fda3025
04-25 10:00:09.708 20112 20112 E ArmVmp : Match on catch block at 0xc3 in for 0x797fda3025
04-25 10:00:09.713 20112 20112 E ArmVmp : Match on catch block at 0xc3 in for 0x797fda3025
04-25 10:00:09.796 20112 20112 E ArmVmp : Match on catch block at 0xc3 in for 0x797fda3025
04-25 10:00:09.801 20112 20112 E ArmVmp : Match on catch block at 0xc3 in for 0x797fda3025
04-25 10:00:10.192 20112 20112 W Choreographer: Frame time is 0.040231 now = 752808551041639 timestampNanos = 752808551081870 ms in the future! Check that graphics HAL is generating vsync timestamps using the correct timebase.
04-25 10:00:11.464 20112 20255 E FrameEvents: updateAcquireFence: Did not find frame.
04-25 10:00:11.585 20112 20255 W Parcel : Expecting binder but got null!
04-25 10:00:15.567 20112 20255 E FrameEvents: updateAcquireFence: Did not find frame.
04-25 10:00:17.406 20112 20255 W Parcel : Expecting binder but got null!
04-25 10:00:23.572 20112 20112 E ArmVmp : Match on catch block at 0x0a in for 0x797fda3035
04-25 10:00:23.576 20112 20112 E ArmVmp : Match on catch block at 0x0a in for 0x797fda3035
04-25 10:00:23.684 20112 20112 E ArmVmp : Match on catch block at 0xc3 in for 0x797fda3021
04-25 10:00:23.686 20112 20112 E ArmVmp : Match on catch block at 0xc3 in for 0x797fda3021
04-25 10:00:23.701 20112 20255 W Parcel : Expecting binder but got null!
04-25 10:00:23.735 20112 20112 E ArmVmp : Match on catch block at 0xc3 in for 0x797fda3025
04-25 10:00:23.738 20112 20112 E ArmVmp : Match on catch block at 0xc3 in for 0x797fda3025
04-25 10:00:23.799 20112 20112 E ArmVmp : Match on catch block at 0xc3 in for 0x797fda3025
04-25 10:00:23.803 20112 20112 E ArmVmp : Match on catch block at 0xc3 in for 0x797fda3025
04-25 10:00:23.819 20112 20112 W OnBackInvokedCallback: OnBackInvokedCallback is not enabled for the application.
04-25 10:00:23.819 20112 20112 W OnBackInvokedCallback: Set 'android:enableOnBackInvokedCallback="true"' in the application manifest.
04-25 10:00:23.819 20112 20112 W OnBackInvokedCallback: OnBackInvokedCallback is not enabled for the application.
04-25 10:00:23.819 20112 20112 W OnBackInvokedCallback: Set 'android:enableOnBackInvokedCallback="true"' in the application manifest.
04-25 10:00:23.834 20112 20112 E ArmVmp : Match on catch block at 0xc3 in for 0x797fda3025
04-25 10:00:23.837 20112 20112 E ArmVmp : Match on catch block at 0xc3 in for 0x797fda3025
04-25 10:00:23.866 20112 20112 E ArmVmp : Match on catch block at 0xc3 in for 0x797fda3025
04-25 10:00:23.872 20112 20112 E ArmVmp : Match on catch block at 0xc3 in for 0x797fda3025
04-25 10:00:23.888 20112 20112 E ArmVmp : Match on catch block at 0xc3 in for 0x797fda3025
04-25 10:00:23.892 20112 20112 E ArmVmp : Match on catch block at 0xc3 in for 0x797fda3025
04-25 10:00:23.909 20112 20112 E ArmVmp : Match on catch block at 0xc3 in for 0x797fda3025
04-25 10:00:23.915 20112 20112 E ArmVmp : Match on catch block at 0xc3 in for 0x797fda3025
04-25 10:00:23.929 20112 20112 E ArmVmp : Match on catch block at 0xc3 in for 0x797fda3025
04-25 10:00:23.933 20112 20112 E ArmVmp : Match on catch block at 0xc3 in for 0x797fda3025
04-25 10:00:23.943 20112 20112 E ArmVmp : Match on catch block at 0xc3 in for 0x797fda3025
04-25 10:00:23.947 20112 20112 E ArmVmp : Match on catch block at 0xc3 in for 0x797fda3025
04-25 10:00:24.002 20112 20112 E ArmVmp : Match on catch block at 0xc3 in for 0x797fda3025
04-25 10:00:24.008 20112 20112 E ArmVmp : Match on catch block at 0xc3 in for 0x797fda3025
04-25 10:00:24.026 20112 20112 E ArmVmp : Match on catch block at 0xc3 in for 0x797fda3025
04-25 10:00:24.034 20112 20112 E ArmVmp : Match on catch block at 0xc3 in for 0x797fda3025
04-25 10:00:24.058 20112 20112 W OnBackInvokedCallback: OnBackInvokedCallback is not enabled for the application.
04-25 10:00:24.058 20112 20112 W OnBackInvokedCallback: Set 'android:enableOnBackInvokedCallback="true"' in the application manifest.
04-25 10:00:24.100 20112 20112 E ArmVmp : Match on catch block at 0xc3 in for 0x797fda3025
04-25 10:00:24.104 20112 20112 E ArmVmp : Match on catch block at 0xc3 in for 0x797fda3025
04-25 10:00:24.125 20112 20112 E ArmVmp : Match on catch block at 0xc3 in for 0x797fda3025
04-25 10:00:24.131 20112 20112 E ArmVmp : Match on catch block at 0xc3 in for 0x797fda3025
04-25 10:00:24.300 20112 20112 E ArmVmp : Match on catch block at 0xc3 in for 0x797fda3025
04-25 10:00:24.304 20112 20112 E ArmVmp : Match on catch block at 0xc3 in for 0x797fda3025
04-25 10:00:24.316 20112 20112 E ArmVmp : Match on catch block at 0xc3 in for 0x797fda3025
04-25 10:00:24.319 20112 20112 E ArmVmp : Match on catch block at 0xc3 in for 0x797fda3025
04-25 10:00:24.335 20112 20112 E ArmVmp : Match on catch block at 0xc3 in for 0x797fda3025
04-25 10:00:24.340 20112 20112 E ArmVmp : Match on catch block at 0xc3 in for 0x797fda3025
04-25 10:00:24.525 20112 20112 E ArmVmp : Match on catch block at 0xc3 in for 0x797fda3025
04-25 10:00:24.530 20112 20112 E ArmVmp : Match on catch block at 0xc3 in for 0x797fda3025
04-25 10:00:24.537 20112 20112 E ArmVmp : Match on catch block at 0xc3 in for 0x797fda3025
04-25 10:00:24.541 20112 20112 E ArmVmp : Match on catch block at 0xc3 in for 0x797fda3025
04-25 10:00:24.548 20112 20112 E ArmVmp : Match on catch block at 0xc3 in for 0x797fda3025
04-25 10:00:24.553 20112 20112 E ArmVmp : Match on catch block at 0xc3 in for 0x797fda3025
04-25 10:00:24.560 20112 20112 E ArmVmp : Match on catch block at 0xc3 in for 0x797fda3025
04-25 10:00:24.565 20112 20112 E ArmVmp : Match on catch block at 0xc3 in for 0x797fda3025
04-25 10:00:24.572 20112 20112 E ArmVmp : Match on catch block at 0xc3 in for 0x797fda3025
04-25 10:00:24.576 20112 20112 E ArmVmp : Match on catch block at 0xc3 in for 0x797fda3025
04-25 10:00:24.584 20112 20112 E ArmVmp : Match on catch block at 0xc3 in for 0x797fda3025
04-25 10:00:24.588 20112 20112 E ArmVmp : Match on catch block at 0xc3 in for 0x797fda3025
04-25 10:00:24.596 20112 20112 E ArmVmp : Match on catch block at 0xc3 in for 0x797fda3025
04-25 10:00:24.599 20112 20112 E ArmVmp : Match on catch block at 0xc3 in for 0x797fda3025
04-25 10:00:24.606 20112 20112 E ArmVmp : Match on catch block at 0xc3 in for 0x797fda3025
04-25 10:00:24.610 20112 20112 E ArmVmp : Match on catch block at 0xc3 in for 0x797fda3025
04-25 10:00:24.615 20112 20112 E ArmVmp : Match on catch block at 0xc3 in for 0x797fda3025
04-25 10:00:24.619 20112 20112 E ArmVmp : Match on catch block at 0xc3 in for 0x797fda3025
04-25 10:00:24.626 20112 20112 E ArmVmp : Match on catch block at 0xc3 in for 0x797fda3025
04-25 10:00:24.630 20112 20112 E ArmVmp : Match on catch block at 0xc3 in for 0x797fda3025
04-25 10:00:24.636 20112 20112 E ArmVmp : Match on catch block at 0xc3 in for 0x797fda3025
04-25 10:00:24.640 20112 20112 E ArmVmp : Match on catch block at 0xc3 in for 0x797fda3025
04-25 10:00:24.646 20112 20112 E ArmVmp : Match on catch block at 0xc3 in for 0x797fda3025
04-25 10:00:24.651 20112 20112 E ArmVmp : Match on catch block at 0xc3 in for 0x797fda3025
04-25 10:00:24.658 20112 20112 E ArmVmp : Match on catch block at 0xc3 in for 0x797fda3025
04-25 10:00:24.661 20112 20112 E ArmVmp : Match on catch block at 0xc3 in for 0x797fda3025
04-25 10:00:24.668 20112 20112 E ArmVmp : Match on catch block at 0xc3 in for 0x797fda3025
04-25 10:00:24.672 20112 20112 E ArmVmp : Match on catch block at 0xc3 in for 0x797fda3025
04-25 10:00:24.679 20112 20112 E ArmVmp : Match on catch block at 0xc3 in for 0x797fda3025
04-25 10:00:24.682 20112 20112 E ArmVmp : Match on catch block at 0xc3 in for 0x797fda3025
04-25 10:00:24.692 20112 20112 E ArmVmp : Match on catch block at 0xc3 in for 0x797fda3025
04-25 10:00:24.695 20112 20112 E ArmVmp : Match on catch block at 0xc3 in for 0x797fda3025
04-25 10:00:24.703 20112 20112 E ArmVmp : Match on catch block at 0xc3 in for 0x797fda3025
04-25 10:00:24.706 20112 20112 E ArmVmp : Match on catch block at 0xc3 in for 0x797fda3025
04-25 10:00:24.714 20112 20112 E ArmVmp : Match on catch block at 0xc3 in for 0x797fda3025
04-25 10:00:24.716 20112 20112 E ArmVmp : Match on catch block at 0xc3 in for 0x797fda3025
04-25 10:00:24.725 20112 20112 E ArmVmp : Match on catch block at 0xc3 in for 0x797fda3025
04-25 10:00:24.727 20112 20112 E ArmVmp : Match on catch block at 0xc3 in for 0x797fda3025
04-25 10:00:24.735 20112 20112 E ArmVmp : Match on catch block at 0xc3 in for 0x797fda3025
04-25 10:00:24.738 20112 20112 E ArmVmp : Match on catch block at 0xc3 in for 0x797fda3025
04-25 10:00:24.746 20112 20112 E ArmVmp : Match on catch block at 0xc3 in for 0x797fda3025
04-25 10:00:24.750 20112 20112 E ArmVmp : Match on catch block at 0xc3 in for 0x797fda3025
04-25 10:00:24.757 20112 20112 E ArmVmp : Match on catch block at 0xc3 in for 0x797fda3025
04-25 10:00:24.761 20112 20112 E ArmVmp : Match on catch block at 0xc3 in for 0x797fda3025
04-25 10:00:24.768 20112 20112 E ArmVmp : Match on catch block at 0xc3 in for 0x797fda3025
04-25 10:00:24.772 20112 20112 E ArmVmp : Match on catch block at 0xc3 in for 0x797fda3025
04-25 10:00:24.779 20112 20112 E ArmVmp : Match on catch block at 0xc3 in for 0x797fda3025
04-25 10:00:24.783 20112 20112 E ArmVmp : Match on catch block at 0xc3 in for 0x797fda3025
04-25 10:00:24.791 20112 20112 E ArmVmp : Match on catch block at 0xc3 in for 0x797fda3025
04-25 10:00:24.794 20112 20112 E ArmVmp : Match on catch block at 0xc3 in for 0x797fda3025
04-25 10:00:24.802 20112 20112 E ArmVmp : Match on catch block at 0xc3 in for 0x797fda3025
04-25 10:00:24.804 20112 20112 E ArmVmp : Match on catch block at 0xc3 in for 0x797fda3025
04-25 10:00:24.813 20112 20112 E ArmVmp : Match on catch block at 0xc3 in for 0x797fda3025
04-25 10:00:24.817 20112 20112 E ArmVmp : Match on catch block at 0xc3 in for 0x797fda3025
04-25 10:00:24.823 20112 20112 E ArmVmp : Match on catch block at 0xc3 in for 0x797fda3025
04-25 10:00:24.827 20112 20112 E ArmVmp : Match on catch block at 0xc3 in for 0x797fda3025
04-25 10:00:24.835 20112 20112 E ArmVmp : Match on catch block at 0xc3 in for 0x797fda3025
04-25 10:00:24.838 20112 20112 E ArmVmp : Match on catch block at 0xc3 in for 0x797fda3025
04-25 10:00:25.337 20112 20112 E ArmVmp : Match on catch block at 0xc3 in for 0x797fda3025
04-25 10:00:25.341 20112 20112 E ArmVmp : Match on catch block at 0xc3 in for 0x797fda3025
04-25 10:00:25.468 20112 20112 E ArmVmp : Match on catch block at 0xc3 in for 0x797fda3025
04-25 10:00:25.470 20112 20112 E ArmVmp : Match on catch block at 0xc3 in for 0x797fda3025
04-25 10:00:25.835 20112 20112 E ArmVmp : Match on catch block at 0xc3 in for 0x797fda3025
04-25 10:00:25.838 20112 20112 E ArmVmp : Match on catch block at 0xc3 in for 0x797fda3025
04-25 10:00:25.891 20112 20112 E ArmVmp : Match on catch block at 0xc3 in for 0x797fda3025
04-25 10:00:25.894 20112 20112 E ArmVmp : Match on catch block at 0xc3 in for 0x797fda3025
04-25 10:00:25.903 20112 20112 E ArmVmp : Match on catch block at 0xc3 in for 0x797fda3025
04-25 10:00:25.905 20112 20112 E ArmVmp : Match on catch block at 0xc3 in for 0x797fda3025
04-25 10:00:25.914 20112 20112 E ArmVmp : Match on catch block at 0xc3 in for 0x797fda3025
04-25 10:00:25.916 20112 20112 E ArmVmp : Match on catch block at 0xc3 in for 0x797fda3025
04-25 10:00:25.925 20112 20112 E ArmVmp : Match on catch block at 0xc3 in for 0x797fda3025
04-25 10:00:25.928 20112 20112 E ArmVmp : Match on catch block at 0xc3 in for 0x797fda3025
04-25 10:00:25.940 20112 20112 E ArmVmp : Match on catch block at 0xc3 in for 0x797fda3025
04-25 10:00:25.943 20112 20112 E ArmVmp : Match on catch block at 0xc3 in for 0x797fda3025
04-25 10:00:25.949 20112 20112 E ArmVmp : Match on catch block at 0xc3 in for 0x797fda3025
04-25 10:00:25.952 20112 20112 E ArmVmp : Match on catch block at 0xc3 in for 0x797fda3025
04-25 10:00:25.959 20112 20112 E ArmVmp : Match on catch block at 0xc3 in for 0x797fda3025
04-25 10:00:25.963 20112 20112 E ArmVmp : Match on catch block at 0xc3 in for 0x797fda3025
04-25 10:00:25.970 20112 20112 E ArmVmp : Match on catch block at 0xc3 in for 0x797fda3025
04-25 10:00:25.973 20112 20112 E ArmVmp : Match on catch block at 0xc3 in for 0x797fda3025
04-25 10:00:25.981 20112 20112 E ArmVmp : Match on catch block at 0xc3 in for 0x797fda3025
04-25 10:00:25.984 20112 20112 E ArmVmp : Match on catch block at 0xc3 in for 0x797fda3025
04-25 10:00:25.993 20112 20112 E ArmVmp : Match on catch block at 0xc3 in for 0x797fda3025
04-25 10:00:25.996 20112 20112 E ArmVmp : Match on catch block at 0xc3 in for 0x797fda3025
04-25 10:00:26.003 20112 20112 E ArmVmp : Match on catch block at 0xc3 in for 0x797fda3025
04-25 10:00:26.006 20112 20112 E ArmVmp : Match on catch block at 0xc3 in for 0x797fda3025
04-25 10:00:26.015 20112 20112 E ArmVmp : Match on catch block at 0xc3 in for 0x797fda3025
04-25 10:00:26.017 20112 20112 E ArmVmp : Match on catch block at 0xc3 in for 0x797fda3025
04-25 10:00:26.025 20112 20112 E ArmVmp : Match on catch block at 0xc3 in for 0x797fda3025
04-25 10:00:26.029 20112 20112 E ArmVmp : Match on catch block at 0xc3 in for 0x797fda3025
04-25 10:00:26.037 20112 20112 E ArmVmp : Match on catch block at 0xc3 in for 0x797fda3025
04-25 10:00:26.039 20112 20112 E ArmVmp : Match on catch block at 0xc3 in for 0x797fda3025
04-25 10:00:26.047 20112 20112 E ArmVmp : Match on catch block at 0xc3 in for 0x797fda3025
04-25 10:00:26.050 20112 20112 E ArmVmp : Match on catch block at 0xc3 in for 0x797fda3025
04-25 10:00:26.058 20112 20112 E ArmVmp : Match on catch block at 0xc3 in for 0x797fda3025
04-25 10:00:26.062 20112 20112 E ArmVmp : Match on catch block at 0xc3 in for 0x797fda3025
04-25 10:00:26.069 20112 20112 E ArmVmp : Match on catch block at 0xc3 in for 0x797fda3025
04-25 10:00:26.072 20112 20112 E ArmVmp : Match on catch block at 0xc3 in for 0x797fda3025
04-25 10:00:26.080 20112 20112 E ArmVmp : Match on catch block at 0xc3 in for 0x797fda3025
04-25 10:00:26.083 20112 20112 E ArmVmp : Match on catch block at 0xc3 in for 0x797fda3025
04-25 10:00:26.091 20112 20112 E ArmVmp : Match on catch block at 0xc3 in for 0x797fda3025
