04-25 09:54:48.635 20112 20112 W BottomSheetBehavior: BottomSheetBehavior now supports multiple callbacks. `setBottomSheetCallback()` removes all existing callbacks, including ones set internally by library authors, which may result in unintended behavior. This may change in the future. Please use `addBottomSheetCallback()` and `removeBottomSheetCallback()` instead to set your own callbacks.
04-25 09:54:48.635 20112 20112 W BottomSheetBehavior: BottomSheetBehavior now supports multiple callbacks. `setBottomSheetCallback()` removes all existing callbacks, including ones set internally by library authors, which may result in unintended behavior. This may change in the future. Please use `addBottomSheetCallback()` and `removeBottomSheetCallback()` instead to set your own callbacks.
04-25 09:54:48.650 20112 20112 W BottomSheetBehavior: BottomSheetBehavior now supports multiple callbacks. `setBottomSheetCallback()` removes all existing callbacks, including ones set internally by library authors, which may result in unintended behavior. This may change in the future. Please use `addBottomSheetCallback()` and `removeBottomSheetCallback()` instead to set your own callbacks.
04-25 09:54:48.650 20112 20112 W BottomSheetBehavior: BottomSheetBehavior now supports multiple callbacks. `setBottomSheetCallback()` removes all existing callbacks, including ones set internally by library authors, which may result in unintended behavior. This may change in the future. Please use `addBottomSheetCallback()` and `removeBottomSheetCallback()` instead to set your own callbacks.
04-25 09:54:48.666 20112 20112 W BottomSheetBehavior: BottomSheetBehavior now supports multiple callbacks. `setBottomSheetCallback()` removes all existing callbacks, including ones set internally by library authors, which may result in unintended behavior. This may change in the future. Please use `addBottomSheetCallback()` and `removeBottomSheetCallback()` instead to set your own callbacks.
04-25 09:54:48.666 20112 20112 W BottomSheetBehavior: BottomSheetBehavior now supports multiple callbacks. `setBottomSheetCallback()` removes all existing callbacks, including ones set internally by library authors, which may result in unintended behavior. This may change in the future. Please use `addBottomSheetCallback()` and `removeBottomSheetCallback()` instead to set your own callbacks.
04-25 09:54:48.726 20112 20112 E RecyclerView: No adapter attached; skipping layout
04-25 09:54:48.727 20112 20112 E RecyclerView: No adapter attached; skipping layout
04-25 09:54:48.727 20112 20112 E RecyclerView: No adapter attached; skipping layout
04-25 09:54:48.824 20112 23633 W ColorUtils: expected specified color aspects (2:0:0:0)
04-25 09:54:48.839 20112 23633 W Codec2Client: query -- param skipped: index = 1107298332.
04-25 09:54:48.840 20112 23633 W CCodec : This behavior is subject to change. It is recommended that app developers double check whether the requested max input size is in reasonable range.
04-25 09:54:48.847 20112 23633 W Codec2Client: query -- param skipped: index = 1342179345.
04-25 09:54:48.847 20112 23633 W Codec2Client: query -- param skipped: index = 2415921170.
04-25 09:54:48.847 20112 23633 W Codec2Client: query -- param skipped: index = 1610614798.
04-25 09:54:48.963 20112 20555 W BpBinder: Slow Binder: BpBinder transact took 267 ms, interface=android.media.IMediaMetadataRetriever, code=3 oneway=false
04-25 09:54:49.037 20112 23642 W Codec2Client: query -- param skipped: index = 1107298332.
04-25 09:54:49.037 20112 23642 W CCodec : This behavior is subject to change. It is recommended that app developers double check whether the requested max input size is in reasonable range.
04-25 09:54:49.043 20112 23642 W Codec2Client: query -- param skipped: index = 1342179345.
04-25 09:54:49.043 20112 23642 W Codec2Client: query -- param skipped: index = 2415921170.
04-25 09:54:49.043 20112 23642 W Codec2Client: query -- param skipped: index = 1610614798.
04-25 09:54:49.120 20112 20255 E com.mbwhatsapp: == MALI DEBUG ===eglp_winsys_populate_image_templates ==12288
04-25 09:54:49.114 20112 20112 W RenderThread: type=1400 audit(0.0:590824): avc: denied { getattr } for name="dmabuf:" dev="dmabuf" ino=1 scontext=u:r:untrusted_app:s0:c89,c257,c512,c768 tcontext=u:object_r:unlabeled:s0 tclass=filesystem permissive=0 app=com.mbwhatsapp
04-25 09:54:49.128 20112 23630 W libc : Access denied finding property "vendor.audio.cpu.sched"
04-25 09:54:49.128 20112 23630 W libc : Access denied finding property "vendor.audio.rt.mode"
04-25 09:54:49.273 20112 23632 W MediaCodec: [mId: 10] video-debug onReleaseOutputBuffer: Render time interval reaches 194ms before pts: 16677
04-25 09:54:49.278 20112 20112 W RenderThread: type=1400 audit(0.0:590827): avc: denied { getattr } for name="dmabuf:" dev="dmabuf" ino=1 scontext=u:r:untrusted_app:s0:c89,c257,c512,c768 tcontext=u:object_r:unlabeled:s0 tclass=filesystem permissive=0 app=com.mbwhatsapp
04-25 09:54:49.284 20112 20255 E com.mbwhatsapp: == MALI DEBUG ===eglp_winsys_populate_image_templates ==12288
04-25 09:54:49.303 20112 20255 E com.mbwhatsapp: == MALI DEBUG ===eglp_winsys_populate_image_templates ==12288
04-25 09:54:49.298 20112 20112 W RenderThread: type=1400 audit(0.0:590828): avc: denied { getattr } for name="dmabuf:" dev="dmabuf" ino=1 scontext=u:r:untrusted_app:s0:c89,c257,c512,c768 tcontext=u:object_r:unlabeled:s0 tclass=filesystem permissive=0 app=com.mbwhatsapp
04-25 09:54:49.323 20112 20555 W BpBinder: Slow Binder: BpBinder transact took 359 ms, interface=android.media.IMediaMetadataRetriever, code=5 oneway=false
04-25 09:54:49.326 20112 20255 E com.mbwhatsapp: == MALI DEBUG ===eglp_winsys_populate_image_templates ==12288
04-25 09:54:49.322 20112 20112 W RenderThread: type=1400 audit(0.0:590829): avc: denied { getattr } for name="dmabuf:" dev="dmabuf" ino=1 scontext=u:r:untrusted_app:s0:c89,c257,c512,c768 tcontext=u:object_r:unlabeled:s0 tclass=filesystem permissive=0 app=com.mbwhatsapp
04-25 09:54:49.358 20112 20112 W RenderThread: type=1400 audit(0.0:590830): avc: denied { getattr } for name="dmabuf:" dev="dmabuf" ino=1 scontext=u:r:untrusted_app:s0:c89,c257,c512,c768 tcontext=u:object_r:unlabeled:s0 tclass=filesystem permissive=0 app=com.mbwhatsapp
04-25 09:54:49.363 20112 20255 E com.mbwhatsapp: == MALI DEBUG ===eglp_winsys_populate_image_templates ==12288
04-25 09:54:49.388 20112 20255 E com.mbwhatsapp: == MALI DEBUG ===eglp_winsys_populate_image_templates ==12288
04-25 09:54:49.401 20112 20255 E com.mbwhatsapp: == MALI DEBUG ===eglp_winsys_populate_image_templates ==12288
04-25 09:54:49.425 20112 20255 E com.mbwhatsapp: == MALI DEBUG ===eglp_winsys_populate_image_templates ==12288
04-25 09:54:49.454 20112 20255 E com.mbwhatsapp: == MALI DEBUG ===eglp_winsys_populate_image_templates ==12288
04-25 09:54:49.477 20112 20255 E com.mbwhatsapp: == MALI DEBUG ===eglp_winsys_populate_image_templates ==12288
04-25 09:54:49.507 20112 20255 E com.mbwhatsapp: == MALI DEBUG ===eglp_winsys_populate_image_templates ==12288
04-25 09:54:49.543 20112 20255 E com.mbwhatsapp: == MALI DEBUG ===eglp_winsys_populate_image_templates ==12288
04-25 09:54:49.557 20112 20255 E com.mbwhatsapp: == MALI DEBUG ===eglp_winsys_populate_image_templates ==12288
04-25 09:54:49.638 20112 20255 E com.mbwhatsapp: == MALI DEBUG ===eglp_winsys_populate_image_templates ==12288
04-25 09:54:49.670 20112 20255 E com.mbwhatsapp: == MALI DEBUG ===eglp_winsys_populate_image_templates ==12288
04-25 09:54:49.726 20112 20255 E com.mbwhatsapp: == MALI DEBUG ===eglp_winsys_populate_image_templates ==12288
04-25 09:54:49.795 20112 20255 E com.mbwhatsapp: == MALI DEBUG ===eglp_winsys_populate_image_templates ==12288
04-25 09:54:49.925 20112 23632 W Codec2Client: query -- param skipped: index = 1342179345.
04-25 09:54:49.925 20112 23632 W Codec2Client: query -- param skipped: index = 2415921170.
04-25 09:54:49.925 20112 23632 W Codec2Client: query -- param skipped: index = 1610614798.
04-25 09:54:49.929 20112 23642 W Codec2Client: query -- param skipped: index = 1342179345.
04-25 09:54:49.929 20112 23642 W Codec2Client: query -- param skipped: index = 2415921170.
04-25 09:54:49.929 20112 23642 W Codec2Client: query -- param skipped: index = 1610614798.
04-25 09:54:49.933 20112 23632 W BufferQueueProducer: [SurfaceTexture-0-20112-2] (id:4e9000000021,api:3,p:20112,c:20112) detachBuffer: slot 4 is not owned by the producer (state = FREE)
04-25 09:54:49.933 20112 23632 W BufferQueueProducer: [SurfaceTexture-0-20112-2] (id:4e9000000021,api:3,p:20112,c:20112) detachBuffer: slot 5 is not owned by the producer (state = FREE)
04-25 09:54:49.934 20112 23632 W BufferQueueProducer: [SurfaceTexture-0-20112-2] (id:4e9000000021,api:3,p:20112,c:20112) detachBuffer: slot 6 is not owned by the producer (state = FREE)
04-25 09:54:49.934 20112 23632 W BufferQueueProducer: [SurfaceTexture-0-20112-2] (id:4e9000000021,api:3,p:20112,c:20112) detachBuffer: slot 7 is not owned by the producer (state = FREE)
04-25 09:54:49.934 20112 23632 W BufferQueueProducer: [SurfaceTexture-0-20112-2] (id:4e9000000021,api:3,p:20112,c:20112) detachBuffer: slot 11 is not owned by the producer (state = FREE)
04-25 09:54:49.935 20112 23632 W BufferQueueProducer: [SurfaceTexture-0-20112-2] (id:4e9000000021,api:3,p:20112,c:20112) detachBuffer: slot 13 is not owned by the producer (state = FREE)
04-25 09:54:49.935 20112 23632 W BufferQueueProducer: [SurfaceTexture-0-20112-2] (id:4e9000000021,api:3,p:20112,c:20112) detachBuffer: slot 14 is not owned by the producer (state = FREE)
04-25 09:54:49.936 20112 23632 W BufferQueueProducer: [SurfaceTexture-0-20112-2] (id:4e9000000021,api:3,p:20112,c:20112) detachBuffer: slot 16 is not owned by the producer (state = ACQUIRED)
04-25 09:54:49.936 20112 23632 W BufferQueueProducer: [SurfaceTexture-0-20112-2] (id:4e9000000021,api:3,p:20112,c:20112) detachBuffer: slot 20 is not owned by the producer (state = FREE)
04-25 09:54:49.937 20112 23632 W BufferQueueProducer: [SurfaceTexture-0-20112-2] (id:4e9000000021,api:3,p:20112,c:20112) detachBuffer: slot 21 is not owned by the producer (state = FREE)
04-25 09:54:49.937 20112 23632 W BufferQueueProducer: [SurfaceTexture-0-20112-2] (id:4e9000000021,api:3,p:20112,c:20112) detachBuffer: slot 22 is not owned by the producer (state = FREE)
04-25 09:54:49.937 20112 23632 W BufferQueueProducer: [SurfaceTexture-0-20112-2] (id:4e9000000021,api:3,p:20112,c:20112) detachBuffer: slot 23 is not owned by the producer (state = FREE)
04-25 09:54:49.938 20112 23632 W BufferQueueProducer: [SurfaceTexture-0-20112-2] (id:4e9000000021,api:3,p:20112,c:20112) detachBuffer: slot 24 is not owned by the producer (state = FREE)
04-25 09:54:49.938 20112 23632 W BufferQueueProducer: [SurfaceTexture-0-20112-2] (id:4e9000000021,api:3,p:20112,c:20112) detachBuffer: slot 25 is not owned by the producer (state = FREE)
04-25 09:54:49.938 20112 23632 W BufferQueueProducer: [SurfaceTexture-0-20112-2] (id:4e9000000021,api:3,p:20112,c:20112) detachBuffer: slot 26 is not owned by the producer (state = FREE)
04-25 09:54:49.939 20112 23632 W BufferQueueProducer: [SurfaceTexture-0-20112-2] (id:4e9000000021,api:3,p:20112,c:20112) detachBuffer: slot 27 is not owned by the producer (state = FREE)
04-25 09:54:49.939 20112 23632 W BufferQueueProducer: [SurfaceTexture-0-20112-2] (id:4e9000000021,api:3,p:20112,c:20112) detachBuffer: slot 28 is not owned by the producer (state = FREE)
04-25 09:54:49.939 20112 23632 W BufferQueueProducer: [SurfaceTexture-0-20112-2] (id:4e9000000021,api:3,p:20112,c:20112) detachBuffer: slot 29 is not owned by the producer (state = FREE)
04-25 09:54:49.939 20112 23632 W BufferQueueProducer: [SurfaceTexture-0-20112-2] (id:4e9000000021,api:3,p:20112,c:20112) detachBuffer: slot 30 is not owned by the producer (state = FREE)
04-25 09:54:49.940 20112 23632 W BufferQueueProducer: [SurfaceTexture-0-20112-2] (id:4e9000000021,api:3,p:20112,c:20112) detachBuffer: slot 31 is not owned by the producer (state = FREE)
04-25 09:54:49.940 20112 23632 W BufferQueueProducer: [SurfaceTexture-0-20112-2] (id:4e9000000021,api:3,p:20112,c:20112) detachBuffer: slot 32 is not owned by the producer (state = FREE)
04-25 09:54:49.940 20112 23632 W BufferQueueProducer: [SurfaceTexture-0-20112-2] (id:4e9000000021,api:3,p:20112,c:20112) detachBuffer: slot 33 is not owned by the producer (state = FREE)
04-25 09:54:49.940 20112 23632 W BufferQueueProducer: [SurfaceTexture-0-20112-2] (id:4e9000000021,api:3,p:20112,c:20112) detachBuffer: slot 34 is not owned by the producer (state = FREE)
04-25 09:54:49.940 20112 23632 W BufferQueueProducer: [SurfaceTexture-0-20112-2] (id:4e9000000021,api:3,p:20112,c:20112) detachBuffer: slot 35 is not owned by the producer (state = FREE)
04-25 09:54:49.940 20112 23632 W BufferQueueProducer: [SurfaceTexture-0-20112-2] (id:4e9000000021,api:3,p:20112,c:20112) detachBuffer: slot 36 is not owned by the producer (state = FREE)
04-25 09:54:49.941 20112 23632 W BufferQueueProducer: [SurfaceTexture-0-20112-2] (id:4e9000000021,api:3,p:20112,c:20112) detachBuffer: slot 37 is not owned by the producer (state = FREE)
04-25 09:54:49.941 20112 23632 W BufferQueueProducer: [SurfaceTexture-0-20112-2] (id:4e9000000021,api:3,p:20112,c:20112) detachBuffer: slot 38 is not owned by the producer (state = FREE)
04-25 09:54:49.941 20112 20112 E RecyclerView: No adapter attached; skipping layout
04-25 09:54:49.941 20112 23632 W BufferQueueProducer: [SurfaceTexture-0-20112-2] (id:4e9000000021,api:3,p:20112,c:20112) detachBuffer: slot 39 is not owned by the producer (state = FREE)
04-25 09:54:49.941 20112 23632 W BufferQueueProducer: [SurfaceTexture-0-20112-2] (id:4e9000000021,api:3,p:20112,c:20112) detachBuffer: slot 40 is not owned by the producer (state = FREE)
04-25 09:54:49.941 20112 23632 W BufferQueueProducer: [SurfaceTexture-0-20112-2] (id:4e9000000021,api:3,p:20112,c:20112) detachBuffer: slot 41 is not owned by the producer (state = FREE)
04-25 09:54:49.941 20112 23632 W BufferQueueProducer: [SurfaceTexture-0-20112-2] (id:4e9000000021,api:3,p:20112,c:20112) detachBuffer: slot 42 is not owned by the producer (state = FREE)
04-25 09:54:49.942 20112 23632 W BufferQueueProducer: [SurfaceTexture-0-20112-2] (id:4e9000000021,api:3,p:20112,c:20112) detachBuffer: slot 43 is not owned by the producer (state = FREE)
04-25 09:54:49.942 20112 23632 W BufferQueueProducer: [SurfaceTexture-0-20112-2] (id:4e9000000021,api:3,p:20112,c:20112) detachBuffer: slot 44 is not owned by the producer (state = FREE)
04-25 09:54:49.942 20112 23632 W BufferQueueProducer: [SurfaceTexture-0-20112-2] (id:4e9000000021,api:3,p:20112,c:20112) detachBuffer: slot 45 is not owned by the producer (state = FREE)
04-25 09:54:49.942 20112 23632 W BufferQueueProducer: [SurfaceTexture-0-20112-2] (id:4e9000000021,api:3,p:20112,c:20112) detachBuffer: slot 46 is not owned by the producer (state = FREE)
04-25 09:54:49.943 20112 23632 W BufferQueueProducer: [SurfaceTexture-0-20112-2] (id:4e9000000021,api:3,p:20112,c:20112) detachBuffer: slot 47 is not owned by the producer (state = FREE)
04-25 09:54:49.943 20112 23632 W BufferQueueProducer: [SurfaceTexture-0-20112-2] (id:4e9000000021,api:3,p:20112,c:20112) detachBuffer: slot 48 is not owned by the producer (state = FREE)
04-25 09:54:49.943 20112 23632 W BufferQueueProducer: [SurfaceTexture-0-20112-2] (id:4e9000000021,api:3,p:20112,c:20112) detachBuffer: slot 49 is not owned by the producer (state = FREE)
04-25 09:54:49.943 20112 23632 W BufferQueueProducer: [SurfaceTexture-0-20112-2] (id:4e9000000021,api:3,p:20112,c:20112) detachBuffer: slot 50 is not owned by the producer (state = FREE)
04-25 09:54:49.943 20112 23632 W BufferQueueProducer: [SurfaceTexture-0-20112-2] (id:4e9000000021,api:3,p:20112,c:20112) detachBuffer: slot 51 is not owned by the producer (state = FREE)
04-25 09:54:49.943 20112 23632 W BufferQueueProducer: [SurfaceTexture-0-20112-2] (id:4e9000000021,api:3,p:20112,c:20112) detachBuffer: slot 52 is not owned by the producer (state = FREE)
04-25 09:54:49.944 20112 23632 W BufferQueueProducer: [SurfaceTexture-0-20112-2] (id:4e9000000021,api:3,p:20112,c:20112) detachBuffer: slot 53 is not owned by the producer (state = FREE)
04-25 09:54:49.944 20112 23632 W BufferQueueProducer: [SurfaceTexture-0-20112-2] (id:4e9000000021,api:3,p:20112,c:20112) detachBuffer: slot 54 is not owned by the producer (state = FREE)
04-25 09:54:49.944 20112 23632 W BufferQueueProducer: [SurfaceTexture-0-20112-2] (id:4e9000000021,api:3,p:20112,c:20112) detachBuffer: slot 55 is not owned by the producer (state = FREE)
04-25 09:54:49.944 20112 23632 W BufferQueueProducer: [SurfaceTexture-0-20112-2] (id:4e9000000021,api:3,p:20112,c:20112) detachBuffer: slot 56 is not owned by the producer (state = FREE)
04-25 09:54:49.944 20112 23632 W BufferQueueProducer: [SurfaceTexture-0-20112-2] (id:4e9000000021,api:3,p:20112,c:20112) detachBuffer: slot 57 is not owned by the producer (state = FREE)
04-25 09:54:49.944 20112 23632 W BufferQueueProducer: [SurfaceTexture-0-20112-2] (id:4e9000000021,api:3,p:20112,c:20112) detachBuffer: slot 58 is not owned by the producer (state = FREE)
04-25 09:54:49.945 20112 23632 W BufferQueueProducer: [SurfaceTexture-0-20112-2] (id:4e9000000021,api:3,p:20112,c:20112) detachBuffer: slot 59 is not owned by the producer (state = FREE)
04-25 09:54:49.945 20112 23632 W BufferQueueProducer: [SurfaceTexture-0-20112-2] (id:4e9000000021,api:3,p:20112,c:20112) detachBuffer: slot 60 is not owned by the producer (state = FREE)
04-25 09:54:49.945 20112 23632 W BufferQueueProducer: [SurfaceTexture-0-20112-2] (id:4e9000000021,api:3,p:20112,c:20112) detachBuffer: slot 61 is not owned by the producer (state = FREE)
04-25 09:54:49.945 20112 23632 W BufferQueueProducer: [SurfaceTexture-0-20112-2] (id:4e9000000021,api:3,p:20112,c:20112) detachBuffer: slot 62 is not owned by the producer (state = FREE)
04-25 09:54:49.945 20112 23632 W BufferQueueProducer: [SurfaceTexture-0-20112-2] (id:4e9000000021,api:3,p:20112,c:20112) detachBuffer: slot 63 is not owned by the producer (state = FREE)
04-25 09:54:49.953 20112 20209 E SQLiteDatabase: Error inserting transferred=0 media_job_uuid=45d7d87c-976f-42b4-a299-3e0d1165d6f9 transcoded=0 gif_attribution=0 first_scan_length=0 direct_path=/v/t62.7161- 24/30637593_959923055767325_7955029216225556241_n.enc?ccb=11- 4&oh=01_Q5AaIDTMyZBLygHSathjngsqpS_ggBw2Slop-lv7LJKwiOTe&oe=66511981&_nc_sid=5e03e0 thumbnail_height_width_ratio=0.0 is_animated_sticker=0 file_hash=RUeNEHNaYyXEICOwk8Fc6pqb+ZCUcdwe4Ru8/vlAaB4= file_path=null file_size=0 partial_media_hash=null face_x=0 face_y=0 height=640 trim_to=0 media_key_timestamp=1714000064000 message_url=https://mmg.whatsapp.net/v/t62.7161- 24/30637593_959923055767325_7955029216225556241_n.enc?ccb=11- 4&oh=01_Q5AaIDTMyZBLygHSathjngsqpS_ggBw2Slop- lv7LJKwiOTe&oe=66511981&_nc_sid=5e03e0&mms3=true media_caption=null trim_from=0 mime_type=video/mp4 partial_media_enc_hash=null width=360 original_file_hash=null has_streaming_sidecar=1 autotransfer_retry_enabled=0 media_upload_handle=null message_row_id=168 multicast_id=null enc_file_hash=1bsxCttLbJluiCAaCL/dmusyCnHr0oBdjPXGTbRrxJk= mute_video=0 page_count=0 first_scan_sidecar=null suspicious_content=0 file_length=1985133 media_name=null media_duration=16 chat_row_id=25 media_key=[B@e8604d2
04-25 09:54:49.953 20112 20209 E SQLiteDatabase: android.database.sqlite.SQLiteConstraintException: UNIQUE constraint failed: message_media.message_row_id (code 1555 SQLITE_CONSTRAINT_PRIMARYKEY)
04-25 09:54:49.953 20112 20209 E SQLiteDatabase: at android.database.sqlite.SQLiteConnection.nativeExecuteForLastInsertedRowId(Native Method)
04-25 09:54:49.953 20112 20209 E SQLiteDatabase: at android.database.sqlite.SQLiteConnection.executeForLastInsertedRowId(SQLiteConnecti on.java:961)
04-25 09:54:49.953 20112 20209 E SQLiteDatabase: at android.database.sqlite.SQLiteSession.executeForLastInsertedRowId(SQLiteSession.jav a:790)
04-25 09:54:49.953 20112 20209 E SQLiteDatabase: at android.database.sqlite.SQLiteStatement.executeInsert(SQLiteStatement.java:89)
04-25 09:54:49.953 20112 20209 E SQLiteDatabase: at android.database.sqlite.SQLiteDatabase.insertWithOnConflict(SQLiteDatabase.java:186 8)
04-25 09:54:49.953 20112 20209 E SQLiteDatabase: at android.database.sqlite.SQLiteDatabase.insert(SQLiteDatabase.java:1737)
04-25 09:54:49.953 20112 20209 E SQLiteDatabase: at X.2tm.A08(Unknown Source:6)
04-25 09:54:49.953 20112 20209 E SQLiteDatabase: at X.35Y.A07(Unknown Source:212)
04-25 09:54:49.953 20112 20209 E SQLiteDatabase: at X.3QF.A14(Unknown Source:470)
04-25 09:54:49.953 20112 20209 E SQLiteDatabase: at X.3gU.run(Unknown Source:982)
04-25 09:54:49.953 20112 20209 E SQLiteDatabase: at android.os.Handler.handleCallback(Handler.java:942)
04-25 09:54:49.953 20112 20209 E SQLiteDatabase: at android.os.Handler.dispatchMessage(Handler.java:99)
04-25 09:54:49.953 20112 20209 E SQLiteDatabase: at X.0zq.dispatchMessage(Unknown Source:4)
04-25 09:54:49.953 20112 20209 E SQLiteDatabase: at android.os.Looper.loopOnce(Looper.java:211)
04-25 09:54:49.953 20112 20209 E SQLiteDatabase: at android.os.Looper.loop(Looper.java:300)
04-25 09:54:49.953 20112 20209 E SQLiteDatabase: at android.os.HandlerThread.run(HandlerThread.java:67)
04-25 09:54:49.966 20112 20209 E SQLiteDatabase: Error inserting transferred=0 media_job_uuid=45d7d87c-976f-42b4-a299-3e0d1165d6f9 transcoded=0 gif_attribution=0 first_scan_length=0 direct_path=/v/t62.7161- 24/30637593_959923055767325_7955029216225556241_n.enc?ccb=11- 4&oh=01_Q5AaIDTMyZBLygHSathjngsqpS_ggBw2Slop-lv7LJKwiOTe&oe=66511981&_nc_sid=5e03e0 thumbnail_height_width_ratio=0.0 is_animated_sticker=0 file_hash=RUeNEHNaYyXEICOwk8Fc6pqb+ZCUcdwe4Ru8/vlAaB4= file_path=null file_size=0 partial_media_hash=null face_x=0 face_y=0 height=640 trim_to=0 media_key_timestamp=1714000064000 message_url=https://mmg.whatsapp.net/v/t62.7161- 24/30637593_959923055767325_7955029216225556241_n.enc?ccb=11- 4&oh=01_Q5AaIDTMyZBLygHSathjngsqpS_ggBw2Slop- lv7LJKwiOTe&oe=66511981&_nc_sid=5e03e0&mms3=true media_caption=null trim_from=0 mime_type=video/mp4 partial_media_enc_hash=null width=360 original_file_hash=null has_streaming_sidecar=1 autotransfer_retry_enabled=0 media_upload_handle=null message_row_id=168 multicast_id=null enc_file_hash=1bsxCttLbJluiCAaCL/dmusyCnHr0oBdjPXGTbRrxJk= mute_video=0 page_count=0 first_scan_sidecar=null suspicious_content=0 file_length=1985133 media_name=null media_duration=16 chat_row_id=25 media_key=[B@e8604d2
04-25 09:54:49.966 20112 20209 E SQLiteDatabase: android.database.sqlite.SQLiteConstraintException: UNIQUE constraint failed: message_media.message_row_id (code 1555 SQLITE_CONSTRAINT_PRIMARYKEY)
04-25 09:54:49.966 20112 20209 E SQLiteDatabase: at android.database.sqlite.SQLiteConnection.nativeExecuteForLastInsertedRowId(Native Method)
04-25 09:54:49.966 20112 20209 E SQLiteDatabase: at android.database.sqlite.SQLiteConnection.executeForLastInsertedRowId(SQLiteConnecti on.java:961)
04-25 09:54:49.966 20112 20209 E SQLiteDatabase: at android.database.sqlite.SQLiteSession.executeForLastInsertedRowId(SQLiteSession.jav a:790)
04-25 09:54:49.966 20112 20209 E SQLiteDatabase: at android.database.sqlite.SQLiteStatement.executeInsert(SQLiteStatement.java:89)
04-25 09:54:49.966 20112 20209 E SQLiteDatabase: at android.database.sqlite.SQLiteDatabase.insertWithOnConflict(SQLiteDatabase.java:186 8)
04-25 09:54:49.966 20112 20209 E SQLiteDatabase: at android.database.sqlite.SQLiteDatabase.insert(SQLiteDatabase.java:1737)
04-25 09:54:49.966 20112 20209 E SQLiteDatabase: at X.2tm.A08(Unknown Source:6)
04-25 09:54:49.966 20112 20209 E SQLiteDatabase: at X.35Y.A07(Unknown Source:212)
04-25 09:54:49.966 20112 20209 E SQLiteDatabase: at X.3QF.A14(Unknown Source:470)
04-25 09:54:49.966 20112 20209 E SQLiteDatabase: at X.3gU.run(Unknown Source:982)
04-25 09:54:49.966 20112 20209 E SQLiteDatabase: at android.os.Handler.handleCallback(Handler.java:942)
04-25 09:54:49.966 20112 20209 E SQLiteDatabase: at android.os.Handler.dispatchMessage(Handler.java:99)
04-25 09:54:49.966 20112 20209 E SQLiteDatabase: at X.0zq.dispatchMessage(Unknown Source:4)
04-25 09:54:49.966 20112 20209 E SQLiteDatabase: at android.os.Looper.loopOnce(Looper.java:211)
04-25 09:54:49.966 20112 20209 E SQLiteDatabase: at android.os.Looper.loop(Looper.java:300)
04-25 09:54:49.966 20112 20209 E SQLiteDatabase: at android.os.HandlerThread.run(HandlerThread.java:67)
04-25 09:54:50.004 20112 23664 W BufferQueueProducer: [MediaCodec.release] (id:4e9000000022,api:3,p:20112,c:20112) detachBuffer: slot 12 is not owned by the producer (state = FREE)
04-25 09:54:50.004 20112 23664 W BufferQueueProducer: [MediaCodec.release] (id:4e9000000022,api:3,p:20112,c:20112) detachBuffer: slot 13 is not owned by the producer (state = FREE)
04-25 09:54:50.005 20112 23664 W BufferQueueProducer: [MediaCodec.release] (id:4e9000000022,api:3,p:20112,c:20112) detachBuffer: slot 14 is not owned by the producer (state = FREE)
04-25 09:54:50.005 20112 23664 W BufferQueueProducer: [MediaCodec.release] (id:4e9000000022,api:3,p:20112,c:20112) detachBuffer: slot 15 is not owned by the producer (state = FREE)
04-25 09:54:50.006 20112 23664 W BufferQueueProducer: [MediaCodec.release] (id:4e9000000022,api:3,p:20112,c:20112) detachBuffer: slot 16 is not owned by the producer (state = FREE)
04-25 09:54:50.006 20112 23664 W BufferQueueProducer: [MediaCodec.release] (id:4e9000000022,api:3,p:20112,c:20112) detachBuffer: slot 17 is not owned by the producer (state = FREE)
04-25 09:54:50.006 20112 23664 W BufferQueueProducer: [MediaCodec.release] (id:4e9000000022,api:3,p:20112,c:20112) detachBuffer: slot 18 is not owned by the producer (state = FREE)
04-25 09:54:50.006 20112 23664 W BufferQueueProducer: [MediaCodec.release] (id:4e9000000022,api:3,p:20112,c:20112) detachBuffer: slot 19 is not owned by the producer (state = FREE)
04-25 09:54:50.007 20112 23664 W BufferQueueProducer: [MediaCodec.release] (id:4e9000000022,api:3,p:20112,c:20112) detachBuffer: slot 20 is not owned by the producer (state = FREE)
04-25 09:54:50.007 20112 23664 W BufferQueueProducer: [MediaCodec.release] (id:4e9000000022,api:3,p:20112,c:20112) detachBuffer: slot 21 is not owned by the producer (state = FREE)
04-25 09:54:50.007 20112 23664 W BufferQueueProducer: [MediaCodec.release] (id:4e9000000022,api:3,p:20112,c:20112) detachBuffer: slot 22 is not owned by the producer (state = FREE)
04-25 09:54:50.007 20112 23664 W BufferQueueProducer: [MediaCodec.release] (id:4e9000000022,api:3,p:20112,c:20112) detachBuffer: slot 23 is not owned by the producer (state = FREE)
04-25 09:54:50.007 20112 23664 W BufferQueueProducer: [MediaCodec.release] (id:4e9000000022,api:3,p:20112,c:20112) detachBuffer: slot 24 is not owned by the producer (state = FREE)
04-25 09:54:50.007 20112 23664 W BufferQueueProducer: [MediaCodec.release] (id:4e9000000022,api:3,p:20112,c:20112) detachBuffer: slot 25 is not owned by the producer (state = FREE)
04-25 09:54:50.007 20112 23664 W BufferQueueProducer: [MediaCodec.release] (id:4e9000000022,api:3,p:20112,c:20112) detachBuffer: slot 26 is not owned by the producer (state = FREE)
04-25 09:54:50.007 20112 23664 W BufferQueueProducer: [MediaCodec.release] (id:4e9000000022,api:3,p:20112,c:20112) detachBuffer: slot 27 is not owned by the producer (state = FREE)
04-25 09:54:50.008 20112 23664 W BufferQueueProducer: [MediaCodec.release] (id:4e9000000022,api:3,p:20112,c:20112) detachBuffer: slot 28 is not owned by the producer (state = FREE)
04-25 09:54:50.008 20112 23664 W BufferQueueProducer: [MediaCodec.release] (id:4e9000000022,api:3,p:20112,c:20112) detachBuffer: slot 29 is not owned by the producer (state = FREE)
04-25 09:54:50.008 20112 23664 W BufferQueueProducer: [MediaCodec.release] (id:4e9000000022,api:3,p:20112,c:20112) detachBuffer: slot 30 is not owned by the producer (state = FREE)
04-25 09:54:50.008 20112 23664 W BufferQueueProducer: [MediaCodec.release] (id:4e9000000022,api:3,p:20112,c:20112) detachBuffer: slot 31 is not owned by the producer (state = FREE)
04-25 09:54:50.008 20112 23664 W BufferQueueProducer: [MediaCodec.release] (id:4e9000000022,api:3,p:20112,c:20112) detachBuffer: slot 32 is not owned by the producer (state = FREE)
04-25 09:54:50.008 20112 23664 W BufferQueueProducer: [MediaCodec.release] (id:4e9000000022,api:3,p:20112,c:20112) detachBuffer: slot 33 is not owned by the producer (state = FREE)
04-25 09:54:50.009 20112 23664 W BufferQueueProducer: [MediaCodec.release] (id:4e9000000022,api:3,p:20112,c:20112) detachBuffer: slot 34 is not owned by the producer (state = FREE)
04-25 09:54:50.009 20112 23664 W BufferQueueProducer: [MediaCodec.release] (id:4e9000000022,api:3,p:20112,c:20112) detachBuffer: slot 35 is not owned by the producer (state = FREE)
04-25 09:54:50.009 20112 23664 W BufferQueueProducer: [MediaCodec.release] (id:4e9000000022,api:3,p:20112,c:20112) detachBuffer: slot 36 is not owned by the producer (state = FREE)
04-25 09:54:50.009 20112 23664 W BufferQueueProducer: [MediaCodec.release] (id:4e9000000022,api:3,p:20112,c:20112) detachBuffer: slot 37 is not owned by the producer (state = FREE)
04-25 09:54:50.009 20112 23664 W BufferQueueProducer: [MediaCodec.release] (id:4e9000000022,api:3,p:20112,c:20112) detachBuffer: slot 38 is not owned by the producer (state = FREE)
04-25 09:54:50.010 20112 23664 W BufferQueueProducer: [MediaCodec.release] (id:4e9000000022,api:3,p:20112,c:20112) detachBuffer: slot 39 is not owned by the producer (state = FREE)
04-25 09:54:50.010 20112 23664 W BufferQueueProducer: [MediaCodec.release] (id:4e9000000022,api:3,p:20112,c:20112) detachBuffer: slot 40 is not owned by the producer (state = FREE)
04-25 09:54:50.010 20112 23664 W BufferQueueProducer: [MediaCodec.release] (id:4e9000000022,api:3,p:20112,c:20112) detachBuffer: slot 41 is not owned by the producer (state = FREE)
04-25 09:54:50.010 20112 23664 W BufferQueueProducer: [MediaCodec.release] (id:4e9000000022,api:3,p:20112,c:20112) detachBuffer: slot 42 is not owned by the producer (state = FREE)
04-25 09:54:50.010 20112 23664 W BufferQueueProducer: [MediaCodec.release] (id:4e9000000022,api:3,p:20112,c:20112) detachBuffer: slot 43 is not owned by the producer (state = FREE)
04-25 09:54:50.010 20112 23664 W BufferQueueProducer: [MediaCodec.release] (id:4e9000000022,api:3,p:20112,c:20112) detachBuffer: slot 44 is not owned by the producer (state = FREE)
04-25 09:54:50.010 20112 23664 W BufferQueueProducer: [MediaCodec.release] (id:4e9000000022,api:3,p:20112,c:20112) detachBuffer: slot 45 is not owned by the producer (state = FREE)
04-25 09:54:50.011 20112 23664 W BufferQueueProducer: [MediaCodec.release] (id:4e9000000022,api:3,p:20112,c:20112) detachBuffer: slot 46 is not owned by the producer (state = FREE)
04-25 09:54:50.011 20112 23664 W BufferQueueProducer: [MediaCodec.release] (id:4e9000000022,api:3,p:20112,c:20112) detachBuffer: slot 47 is not owned by the producer (state = FREE)
04-25 09:54:50.011 20112 23664 W BufferQueueProducer: [MediaCodec.release] (id:4e9000000022,api:3,p:20112,c:20112) detachBuffer: slot 48 is not owned by the producer (state = FREE)
04-25 09:54:50.011 20112 23664 W BufferQueueProducer: [MediaCodec.release] (id:4e9000000022,api:3,p:20112,c:20112) detachBuffer: slot 49 is not owned by the producer (state = FREE)
04-25 09:54:50.011 20112 23664 W BufferQueueProducer: [MediaCodec.release] (id:4e9000000022,api:3,p:20112,c:20112) detachBuffer: slot 50 is not owned by the producer (state = FREE)
04-25 09:54:50.011 20112 23664 W BufferQueueProducer: [MediaCodec.release] (id:4e9000000022,api:3,p:20112,c:20112) detachBuffer: slot 51 is not owned by the producer (state = FREE)
04-25 09:54:50.012 20112 23664 W BufferQueueProducer: [MediaCodec.release] (id:4e9000000022,api:3,p:20112,c:20112) detachBuffer: slot 52 is not owned by the producer (state = FREE)
04-25 09:54:50.012 20112 23664 W BufferQueueProducer: [MediaCodec.release] (id:4e9000000022,api:3,p:20112,c:20112) detachBuffer: slot 53 is not owned by the producer (state = FREE)
04-25 09:54:50.012 20112 23664 W BufferQueueProducer: [MediaCodec.release] (id:4e9000000022,api:3,p:20112,c:20112) detachBuffer: slot 54 is not owned by the producer (state = FREE)
04-25 09:54:50.012 20112 23664 W BufferQueueProducer: [MediaCodec.release] (id:4e9000000022,api:3,p:20112,c:20112) detachBuffer: slot 55 is not owned by the producer (state = FREE)
04-25 09:54:50.012 20112 23664 W BufferQueueProducer: [MediaCodec.release] (id:4e9000000022,api:3,p:20112,c:20112) detachBuffer: slot 56 is not owned by the producer (state = FREE)
04-25 09:54:50.013 20112 23664 W BufferQueueProducer: [MediaCodec.release] (id:4e9000000022,api:3,p:20112,c:20112) detachBuffer: slot 57 is not owned by the producer (state = FREE)
04-25 09:54:50.013 20112 23664 W BufferQueueProducer: [MediaCodec.release] (id:4e9000000022,api:3,p:20112,c:20112) detachBuffer: slot 58 is not owned by the producer (state = FREE)
04-25 09:54:50.015 20112 23664 W BufferQueueProducer: [MediaCodec.release] (id:4e9000000022,api:3,p:20112,c:20112) detachBuffer: slot 59 is not owned by the producer (state = FREE)
04-25 09:54:50.019 20112 23664 W BufferQueueProducer: [MediaCodec.release] (id:4e9000000022,api:3,p:20112,c:20112) detachBuffer: slot 60 is not owned by the producer (state = FREE)
04-25 09:54:50.019 20112 23664 W BufferQueueProducer: [MediaCodec.release] (id:4e9000000022,api:3,p:20112,c:20112) detachBuffer: slot 61 is not owned by the producer (state = FREE)
04-25 09:54:50.019 20112 23664 W BufferQueueProducer: [MediaCodec.release] (id:4e9000000022,api:3,p:20112,c:20112) detachBuffer: slot 62 is not owned by the producer (state = FREE)
04-25 09:54:50.019 20112 23664 W BufferQueueProducer: [MediaCodec.release] (id:4e9000000022,api:3,p:20112,c:20112) detachBuffer: slot 63 is not owned by the producer (state = FREE)
04-25 09:54:50.032 20112 22650 E BufferQueueProducer: [MediaCodec.release] (id:4e9000000022,api:0,p:-1,c:20112) cancelBuffer: BufferQueue has no connected producer
04-25 09:54:50.033 20112 22650 E BufferQueueProducer: [MediaCodec.release] (id:4e9000000022,api:0,p:-1,c:20112) cancelBuffer: BufferQueue has no connected producer
04-25 09:54:50.033 20112 22650 E BufferQueueProducer: [MediaCodec.release] (id:4e9000000022,api:0,p:-1,c:20112) cancelBuffer: BufferQueue has no connected producer
04-25 09:54:50.033 20112 22650 E BufferQueueProducer: [MediaCodec.release] (id:4e9000000022,api:0,p:-1,c:20112) cancelBuffer: BufferQueue has no connected producer
04-25 09:54:50.033 20112 22650 E BufferQueueProducer: [MediaCodec.release] (id:4e9000000022,api:0,p:-1,c:20112) cancelBuffer: BufferQueue has no connected producer
04-25 09:54:50.033 20112 22650 E BufferQueueProducer: [MediaCodec.release] (id:4e9000000022,api:0,p:-1,c:20112) cancelBuffer: BufferQueue has no connected producer
04-25 09:54:50.034 20112 22650 E BufferQueueProducer: [MediaCodec.release] (id:4e9000000022,api:0,p:-1,c:20112) cancelBuffer: BufferQueue has no connected producer
04-25 09:54:50.035 20112 22650 E BufferQueueProducer: [MediaCodec.release] (id:4e9000000022,api:0,p:-1,c:20112) cancelBuffer: BufferQueue has no connected producer
04-25 09:54:50.035 20112 22650 E BufferQueueProducer: [MediaCodec.release] (id:4e9000000022,api:0,p:-1,c:20112) cancelBuffer: BufferQueue has no connected producer
04-25 09:54:50.036 20112 22650 E BufferQueueProducer: [MediaCodec.release] (id:4e9000000022,api:0,p:-1,c:20112) cancelBuffer: BufferQueue has no connected producer
04-25 09:54:50.036 20112 22650 E BufferQueueProducer: [MediaCodec.release] (id:4e9000000022,api:0,p:-1,c:20112) cancelBuffer: BufferQueue has no connected producer
04-25 09:54:50.038 20112 22650 E BufferQueueProducer: [MediaCodec.release] (id:4e9000000022,api:0,p:-1,c:20112) cancelBuffer: BufferQueue has no connected producer
04-25 09:54:50.312 20112 20209 E SQLiteDatabase: Error inserting transferred=1 media_job_uuid=9c6b44b7-acf2-407e-8f0b-e949f7c8fa5d transcoded=0 gif_attribution=0 first_scan_length=5995 direct_path=/o1/v/t62.7118-24/f1/m233/up-oil-image-d7b7b080- 9e05-491e-8766-e1e0b2155ca5?ccb=9- 4&oh=01_Q5AaIHrKCPIjtB8m0sC40S93lE8_wzRINF_8PYNz1XAPEnQi&oe=665114EC&_nc_sid=000000 thumbnail_height_width_ratio=0.68 is_animated_sticker=0 file_hash=x6I0RkSk4/hiV78X0ACLKSXfnoEbR1Cv7kWCQv2mi9w= file_path=Media/.Statuses/3c5db78ae84c4cd9bc888688f260b15f.jpg file_size=46593 partial_media_hash=DgvSYuavvXls09VCLPdopfSgthKWYNaI3rbNfdEM0R4= face_x=0 face_y=0 height=731 trim_to=0 media_key_timestamp=1714000592000 message_url=https://mmg.whatsapp.net/o1/v/t62.7118-24/f1/m233/up-oil-image- d7b7b080-9e05-491e-8766-e1e0b2155ca5?ccb=9- 4&oh=01_Q5AaIHrKCPIjtB8m0sC40S93lE8_wzRINF_8PYNz1XAPEnQi&oe=665114EC&_nc_sid=000000 &mms3=true media_caption=null trim_from=0 mime_type=image/jpeg partial_media_enc_hash=null width=1080 original_file_hash=null has_streaming_sidecar=1 autotransfer_retry_enabled=1 media_upload_handle=null message_row_id=167 multicast_id=null enc_file_hash=CkiLBgWnAcY7aQteDg6bNG7W8GlVCObco4hXygZvxmY= mute_video=0 page_count=0 first_scan_sidecar=[B@eaeef34 suspicious_content=0 file_length=46593 media_name=null media_duration=0 chat_row_id=25 media_key=[B@395e15d
04-25 09:54:50.312 20112 20209 E SQLiteDatabase: android.database.sqlite.SQLiteConstraintException: UNIQUE constraint failed: message_media.message_row_id (code 1555 SQLITE_CONSTRAINT_PRIMARYKEY)
04-25 09:54:50.312 20112 20209 E SQLiteDatabase: at android.database.sqlite.SQLiteConnection.nativeExecuteForLastInsertedRowId(Native Method)
04-25 09:54:50.312 20112 20209 E SQLiteDatabase: at android.database.sqlite.SQLiteConnection.executeForLastInsertedRowId(SQLiteConnecti on.java:961)
04-25 09:54:50.312 20112 20209 E SQLiteDatabase: at android.database.sqlite.SQLiteSession.executeForLastInsertedRowId(SQLiteSession.jav a:790)
04-25 09:54:50.312 20112 20209 E SQLiteDatabase: at android.database.sqlite.SQLiteStatement.executeInsert(SQLiteStatement.java:89)
04-25 09:54:50.312 20112 20209 E SQLiteDatabase: at android.database.sqlite.SQLiteDatabase.insertWithOnConflict(SQLiteDatabase.java:186 8)
04-25 09:54:50.312 20112 20209 E SQLiteDatabase: at android.database.sqlite.SQLiteDatabase.insert(SQLiteDatabase.java:1737)
04-25 09:54:50.312 20112 20209 E SQLiteDatabase: at X.2tm.A08(Unknown Source:6)
04-25 09:54:50.312 20112 20209 E SQLiteDatabase: at X.35Y.A07(Unknown Source:212)
04-25 09:54:50.312 20112 20209 E SQLiteDatabase: at X.3QF.A14(Unknown Source:470)
04-25 09:54:50.312 20112 20209 E SQLiteDatabase: at X.3gU.run(Unknown Source:982)
04-25 09:54:50.312 20112 20209 E SQLiteDatabase: at android.os.Handler.handleCallback(Handler.java:942)
04-25 09:54:50.312 20112 20209 E SQLiteDatabase: at android.os.Handler.dispatchMessage(Handler.java:99)
04-25 09:54:50.312 20112 20209 E SQLiteDatabase: at X.0zq.dispatchMessage(Unknown Source:4)
04-25 09:54:50.312 20112 20209 E SQLiteDatabase: at android.os.Looper.loopOnce(Looper.java:211)
04-25 09:54:50.312 20112 20209 E SQLiteDatabase: at android.os.Looper.loop(Looper.java:300)
04-25 09:54:50.312 20112 20209 E SQLiteDatabase: at android.os.HandlerThread.run(HandlerThread.java:67)
04-25 09:54:50.921 20112 20209 E SQLiteDatabase: Error inserting transferred=0 media_job_uuid=e8a7bc64-5d21-4f18-b74d-71354e0324a4 transcoded=0 gif_attribution=0 first_scan_length=0 direct_path=/v/t62.7161- 24/32631128_420653534010360_7778383764098524158_n.enc?ccb=11- 4&oh=01_Q5AaIGkc064kj1FeLWaXcvLgLnVA5R2jpbtKmy3hICfENuhr&oe=6650DF38&_nc_sid=5e03e0 thumbnail_height_width_ratio=0.0 is_animated_sticker=0 file_hash=VZTMltUXbE5WebQwrzJWlbQH6Lc8LlCDCWewFyZjgqA= file_path=Media/.Statuses/243ac5b6919747279b4aa3e5cc922584.mp4 file_size=0 partial_media_hash=null face_x=0 face_y=0 height=848 trim_to=0 media_key_timestamp=1713991056000 message_url=https://mmg.whatsapp.net/v/t62.7161- 24/32631128_420653534010360_7778383764098524158_n.enc?ccb=11- 4&oh=01_Q5AaIGkc064kj1FeLWaXcvLgLnVA5R2jpbtKmy3hICfENuhr&oe=6650DF38&_nc_sid=5e03e0 &mms3=true media_caption=null trim_from=0 mime_type=video/mp4 partial_media_enc_hash=null width=480 original_file_hash=null has_streaming_sidecar=1 autotransfer_retry_enabled=0 media_upload_handle=null message_row_id=169 multicast_id=null enc_file_hash=aFN5zZcGu+PtGxZmzxn+/2apaxZkWIwugZ+OjBwm/Gw= mute_video=0 page_count=0 first_scan_sidecar=null suspicious_content=0 file_length=2819077 media_name=null media_duration=14 chat_row_id=25 media_key=[B@c34f7db
04-25 09:54:50.921 20112 20209 E SQLiteDatabase: android.database.sqlite.SQLiteConstraintException: UNIQUE constraint failed: message_media.message_row_id (code 1555 SQLITE_CONSTRAINT_PRIMARYKEY)
04-25 09:54:50.921 20112 20209 E SQLiteDatabase: at android.database.sqlite.SQLiteConnection.nativeExecuteForLastInsertedRowId(Native Method)
04-25 09:54:50.921 20112 20209 E SQLiteDatabase: at android.database.sqlite.SQLiteConnection.executeForLastInsertedRowId(SQLiteConnecti on.java:961)
04-25 09:54:50.921 20112 20209 E SQLiteDatabase: at android.database.sqlite.SQLiteSession.executeForLastInsertedRowId(SQLiteSession.jav a:790)
04-25 09:54:50.921 20112 20209 E SQLiteDatabase: at android.database.sqlite.SQLiteStatement.executeInsert(SQLiteStatement.java:89)
04-25 09:54:50.921 20112 20209 E SQLiteDatabase: at android.database.sqlite.SQLiteDatabase.insertWithOnConflict(SQLiteDatabase.java:186 8)
04-25 09:54:50.921 20112 20209 E SQLiteDatabase: at android.database.sqlite.SQLiteDatabase.insert(SQLiteDatabase.java:1737)
04-25 09:54:50.921 20112 20209 E SQLiteDatabase: at X.2tm.A08(Unknown Source:6)
04-25 09:54:50.921 20112 20209 E SQLiteDatabase: at X.35Y.A07(Unknown Source:212)
04-25 09:54:50.921 20112 20209 E SQLiteDatabase: at X.3QF.A14(Unknown Source:470)
04-25 09:54:50.921 20112 20209 E SQLiteDatabase: at X.3gU.run(Unknown Source:982)
04-25 09:54:50.921 20112 20209 E SQLiteDatabase: at android.os.Handler.handleCallback(Handler.java:942)
04-25 09:54:50.921 20112 20209 E SQLiteDatabase: at android.os.Handler.dispatchMessage(Handler.java:99)
04-25 09:54:50.921 20112 20209 E SQLiteDatabase: at X.0zq.dispatchMessage(Unknown Source:4)
04-25 09:54:50.921 20112 20209 E SQLiteDatabase: at android.os.Looper.loopOnce(Looper.java:211)
04-25 09:54:50.921 20112 20209 E SQLiteDatabase: at android.os.Looper.loop(Looper.java:300)
04-25 09:54:50.921 20112 20209 E SQLiteDatabase: at android.os.HandlerThread.run(HandlerThread.java:67)
04-25 09:54:50.930 20112 20209 E SQLiteDatabase: Error inserting transferred=0 media_job_uuid=e8a7bc64-5d21-4f18-b74d-71354e0324a4 transcoded=0 gif_attribution=0 first_scan_length=0 direct_path=/v/t62.7161- 24/32631128_420653534010360_7778383764098524158_n.enc?ccb=11- 4&oh=01_Q5AaIGkc064kj1FeLWaXcvLgLnVA5R2jpbtKmy3hICfENuhr&oe=6650DF38&_nc_sid=5e03e0 thumbnail_height_width_ratio=0.0 is_animated_sticker=0 file_hash=VZTMltUXbE5WebQwrzJWlbQH6Lc8LlCDCWewFyZjgqA= file_path=Media/.Statuses/243ac5b6919747279b4aa3e5cc922584.mp4 file_size=0 partial_media_hash=null face_x=0 face_y=0 height=848 trim_to=0 media_key_timestamp=1713991056000 message_url=https://mmg.whatsapp.net/v/t62.7161- 24/32631128_420653534010360_7778383764098524158_n.enc?ccb=11- 4&oh=01_Q5AaIGkc064kj1FeLWaXcvLgLnVA5R2jpbtKmy3hICfENuhr&oe=6650DF38&_nc_sid=5e03e0 &mms3=true media_caption=null trim_from=0 mime_type=video/mp4 partial_media_enc_hash=null width=480 original_file_hash=null has_streaming_sidecar=1 autotransfer_retry_enabled=0 media_upload_handle=null message_row_id=169 multicast_id=null enc_file_hash=aFN5zZcGu+PtGxZmzxn+/2apaxZkWIwugZ+OjBwm/Gw= mute_video=0 page_count=0 first_scan_sidecar=null suspicious_content=0 file_length=2819077 media_name=null media_duration=14 chat_row_id=25 media_key=[B@c34f7db
04-25 09:54:50.930 20112 20209 E SQLiteDatabase: android.database.sqlite.SQLiteConstraintException: UNIQUE constraint failed: message_media.message_row_id (code 1555 SQLITE_CONSTRAINT_PRIMARYKEY)
04-25 09:54:50.930 20112 20209 E SQLiteDatabase: at android.database.sqlite.SQLiteConnection.nativeExecuteForLastInsertedRowId(Native Method)
04-25 09:54:50.930 20112 20209 E SQLiteDatabase: at android.database.sqlite.SQLiteConnection.executeForLastInsertedRowId(SQLiteConnecti on.java:961)
04-25 09:54:50.930 20112 20209 E SQLiteDatabase: at android.database.sqlite.SQLiteSession.executeForLastInsertedRowId(SQLiteSession.jav a:790)
04-25 09:54:50.930 20112 20209 E SQLiteDatabase: at android.database.sqlite.SQLiteStatement.executeInsert(SQLiteStatement.java:89)
04-25 09:54:50.930 20112 20209 E SQLiteDatabase: at android.database.sqlite.SQLiteDatabase.insertWithOnConflict(SQLiteDatabase.java:186 8)
04-25 09:54:50.930 20112 20209 E SQLiteDatabase: at android.database.sqlite.SQLiteDatabase.insert(SQLiteDatabase.java:1737)
04-25 09:54:50.930 20112 20209 E SQLiteDatabase: at X.2tm.A08(Unknown Source:6)
04-25 09:54:50.930 20112 20209 E SQLiteDatabase: at X.35Y.A07(Unknown Source:212)
04-25 09:54:50.930 20112 20209 E SQLiteDatabase: at X.3QF.A14(Unknown Source:470)
04-25 09:54:50.930 20112 20209 E SQLiteDatabase: at X.3gU.run(Unknown Source:982)
04-25 09:54:50.930 20112 20209 E SQLiteDatabase: at android.os.Handler.handleCallback(Handler.java:942)
04-25 09:54:50.930 20112 20209 E SQLiteDatabase: at android.os.Handler.dispatchMessage(Handler.java:99)
04-25 09:54:50.930 20112 20209 E SQLiteDatabase: at X.0zq.dispatchMessage(Unknown Source:4)
04-25 09:54:50.930 20112 20209 E SQLiteDatabase: at android.os.Looper.loopOnce(Looper.java:211)
04-25 09:54:50.930 20112 20209 E SQLiteDatabase: at android.os.Looper.loop(Looper.java:300)
04-25 09:54:50.930 20112 20209 E SQLiteDatabase: at android.os.HandlerThread.run(HandlerThread.java:67)
04-25 09:54:51.806 20112 20255 W Parcel : Expecting binder but got null!
04-25 09:54:51.844 20112 20112 W BottomSheetBehavior: BottomSheetBehavior now supports multiple callbacks. `setBottomSheetCallback()` removes all existing callbacks, including ones set internally by library authors, which may result in unintended behavior. This may change in the future. Please use `addBottomSheetCallback()` and `removeBottomSheetCallback()` instead to set your own callbacks.
04-25 09:54:51.844 20112 20112 W BottomSheetBehavior: BottomSheetBehavior now supports multiple callbacks. `setBottomSheetCallback()` removes all existing callbacks, including ones set internally by library authors, which may result in unintended behavior. This may change in the future. Please use `addBottomSheetCallback()` and `removeBottomSheetCallback()` instead to set your own callbacks.
04-25 09:54:51.887 20112 20112 W BottomSheetBehavior: BottomSheetBehavior now supports multiple callbacks. `setBottomSheetCallback()` removes all existing callbacks, including ones set internally by library authors, which may result in unintended behavior. This may change in the future. Please use `addBottomSheetCallback()` and `removeBottomSheetCallback()` instead to set your own callbacks.
04-25 09:54:51.887 20112 20112 W BottomSheetBehavior: BottomSheetBehavior now supports multiple callbacks. `setBottomSheetCallback()` removes all existing callbacks, including ones set internally by library authors, which may result in unintended behavior. This may change in the future. Please use `addBottomSheetCallback()` and `removeBottomSheetCallback()` instead to set your own callbacks.
04-25 09:54:51.901 20112 20112 W BottomSheetBehavior: BottomSheetBehavior now supports multiple callbacks. `setBottomSheetCallback()` removes all existing callbacks, including ones set internally by library authors, which may result in unintended behavior. This may change in the future. Please use `addBottomSheetCallback()` and `removeBottomSheetCallback()` instead to set your own callbacks.
04-25 09:54:51.901 20112 20112 W BottomSheetBehavior: BottomSheetBehavior now supports multiple callbacks. `setBottomSheetCallback()` removes all existing callbacks, including ones set internally by library authors, which may result in unintended behavior. This may change in the future. Please use `addBottomSheetCallback()` and `removeBottomSheetCallback()` instead to set your own callbacks.
04-25 09:54:51.933 20112 20112 E RecyclerView: No adapter attached; skipping layout
04-25 09:54:51.934 20112 20112 E RecyclerView: No adapter attached; skipping layout
04-25 09:54:51.935 20112 20112 E RecyclerView: No adapter attached; skipping layout
04-25 09:54:52.162 20112 20555 W BpBinder: Slow Binder: BpBinder transact took 229 ms, interface=android.media.IMediaMetadataRetriever, code=5 oneway=false
04-25 09:54:53.021 20112 20209 E SQLiteDatabase: Error inserting transferred=1 media_job_uuid=e8a7bc64-5d21-4f18-b74d-71354e0324a4 transcoded=0 gif_attribution=0 first_scan_length=0 direct_path=/v/t62.7161- 24/32631128_420653534010360_7778383764098524158_n.enc?ccb=11- 4&oh=01_Q5AaIGkc064kj1FeLWaXcvLgLnVA5R2jpbtKmy3hICfENuhr&oe=6650DF38&_nc_sid=5e03e0 thumbnail_height_width_ratio=1.7857143 is_animated_sticker=0 file_hash=VZTMltUXbE5WebQwrzJWlbQH6Lc8LlCDCWewFyZjgqA= file_path=Media/.Statuses/243ac5b6919747279b4aa3e5cc922584.mp4 file_size=2819077 partial_media_hash=null face_x=0 face_y=0 height=848 trim_to=0 media_key_timestamp=1713991056000 message_url=https://mmg.whatsapp.net/v/t62.7161- 24/32631128_420653534010360_7778383764098524158_n.enc?ccb=11- 4&oh=01_Q5AaIGkc064kj1FeLWaXcvLgLnVA5R2jpbtKmy3hICfENuhr&oe=6650DF38&_nc_sid=5e03e0 &mms3=true media_caption=null trim_from=0 mime_type=video/mp4 partial_media_enc_hash=null width=480 original_file_hash=null has_streaming_sidecar=1 autotransfer_retry_enabled=1 media_upload_handle=null message_row_id=169 multicast_id=null enc_file_hash=aFN5zZcGu+PtGxZmzxn+/2apaxZkWIwugZ+OjBwm/Gw= mute_video=0 page_count=0 first_scan_sidecar=null suspicious_content=0 file_length=2819077 media_name=null media_duration=14 chat_row_id=25 media_key=[B@c34f7db
