04-25 09:54:53.021 20112 20209 E SQLiteDatabase: android.database.sqlite.SQLiteConstraintException: UNIQUE constraint failed: message_media.message_row_id (code 1555 SQLITE_CONSTRAINT_PRIMARYKEY)
04-25 09:54:53.021 20112 20209 E SQLiteDatabase: at android.database.sqlite.SQLiteConnection.nativeExecuteForLastInsertedRowId(Native Method)
04-25 09:54:53.021 20112 20209 E SQLiteDatabase: at android.database.sqlite.SQLiteConnection.executeForLastInsertedRowId(SQLiteConnecti on.java:961)
04-25 09:54:53.021 20112 20209 E SQLiteDatabase: at android.database.sqlite.SQLiteSession.executeForLastInsertedRowId(SQLiteSession.jav a:790)
04-25 09:54:53.021 20112 20209 E SQLiteDatabase: at android.database.sqlite.SQLiteStatement.executeInsert(SQLiteStatement.java:89)
04-25 09:54:53.021 20112 20209 E SQLiteDatabase: at android.database.sqlite.SQLiteDatabase.insertWithOnConflict(SQLiteDatabase.java:186 8)
04-25 09:54:53.021 20112 20209 E SQLiteDatabase: at android.database.sqlite.SQLiteDatabase.insert(SQLiteDatabase.java:1737)
04-25 09:54:53.021 20112 20209 E SQLiteDatabase: at X.2tm.A08(Unknown Source:6)
04-25 09:54:53.021 20112 20209 E SQLiteDatabase: at X.35Y.A07(Unknown Source:212)
04-25 09:54:53.021 20112 20209 E SQLiteDatabase: at X.3QF.A14(Unknown Source:470)
04-25 09:54:53.021 20112 20209 E SQLiteDatabase: at X.3gU.run(Unknown Source:982)
04-25 09:54:53.021 20112 20209 E SQLiteDatabase: at android.os.Handler.handleCallback(Handler.java:942)
04-25 09:54:53.021 20112 20209 E SQLiteDatabase: at android.os.Handler.dispatchMessage(Handler.java:99)
04-25 09:54:53.021 20112 20209 E SQLiteDatabase: at X.0zq.dispatchMessage(Unknown Source:4)
04-25 09:54:53.021 20112 20209 E SQLiteDatabase: at android.os.Looper.loopOnce(Looper.java:211)
04-25 09:54:53.021 20112 20209 E SQLiteDatabase: at android.os.Looper.loop(Looper.java:300)
04-25 09:54:53.021 20112 20209 E SQLiteDatabase: at android.os.HandlerThread.run(HandlerThread.java:67)
04-25 09:54:53.046 20112 20209 E SQLiteDatabase: Error inserting transferred=0 media_job_uuid=45d7d87c-976f-42b4-a299-3e0d1165d6f9 transcoded=0 gif_attribution=0 first_scan_length=0 direct_path=/v/t62.7161- 24/30637593_959923055767325_7955029216225556241_n.enc?ccb=11- 4&oh=01_Q5AaIDTMyZBLygHSathjngsqpS_ggBw2Slop-lv7LJKwiOTe&oe=66511981&_nc_sid=5e03e0 thumbnail_height_width_ratio=0.0 is_animated_sticker=0 file_hash=RUeNEHNaYyXEICOwk8Fc6pqb+ZCUcdwe4Ru8/vlAaB4= file_path=null file_size=0 partial_media_hash=null face_x=0 face_y=0 height=640 trim_to=0 media_key_timestamp=1714000064000 message_url=https://mmg.whatsapp.net/v/t62.7161- 24/30637593_959923055767325_7955029216225556241_n.enc?ccb=11- 4&oh=01_Q5AaIDTMyZBLygHSathjngsqpS_ggBw2Slop- lv7LJKwiOTe&oe=66511981&_nc_sid=5e03e0&mms3=true media_caption=null trim_from=0 mime_type=video/mp4 partial_media_enc_hash=null width=360 original_file_hash=null has_streaming_sidecar=1 autotransfer_retry_enabled=1 media_upload_handle=null message_row_id=168 multicast_id=null enc_file_hash=1bsxCttLbJluiCAaCL/dmusyCnHr0oBdjPXGTbRrxJk= mute_video=0 page_count=0 first_scan_sidecar=null suspicious_content=0 file_length=1985133 media_name=null media_duration=16 chat_row_id=25 media_key=[B@e8604d2
04-25 09:54:53.046 20112 20209 E SQLiteDatabase: android.database.sqlite.SQLiteConstraintException: UNIQUE constraint failed: message_media.message_row_id (code 1555 SQLITE_CONSTRAINT_PRIMARYKEY)
04-25 09:54:53.046 20112 20209 E SQLiteDatabase: at android.database.sqlite.SQLiteConnection.nativeExecuteForLastInsertedRowId(Native Method)
04-25 09:54:53.046 20112 20209 E SQLiteDatabase: at android.database.sqlite.SQLiteConnection.executeForLastInsertedRowId(SQLiteConnecti on.java:961)
04-25 09:54:53.046 20112 20209 E SQLiteDatabase: at android.database.sqlite.SQLiteSession.executeForLastInsertedRowId(SQLiteSession.jav a:790)
04-25 09:54:53.046 20112 20209 E SQLiteDatabase: at android.database.sqlite.SQLiteStatement.executeInsert(SQLiteStatement.java:89)
04-25 09:54:53.046 20112 20209 E SQLiteDatabase: at android.database.sqlite.SQLiteDatabase.insertWithOnConflict(SQLiteDatabase.java:186 8)
04-25 09:54:53.046 20112 20209 E SQLiteDatabase: at android.database.sqlite.SQLiteDatabase.insert(SQLiteDatabase.java:1737)
04-25 09:54:53.046 20112 20209 E SQLiteDatabase: at X.2tm.A08(Unknown Source:6)
04-25 09:54:53.046 20112 20209 E SQLiteDatabase: at X.35Y.A07(Unknown Source:212)
04-25 09:54:53.046 20112 20209 E SQLiteDatabase: at X.3QF.A14(Unknown Source:470)
04-25 09:54:53.046 20112 20209 E SQLiteDatabase: at X.3gU.run(Unknown Source:982)
04-25 09:54:53.046 20112 20209 E SQLiteDatabase: at android.os.Handler.handleCallback(Handler.java:942)
04-25 09:54:53.046 20112 20209 E SQLiteDatabase: at android.os.Handler.dispatchMessage(Handler.java:99)
04-25 09:54:53.046 20112 20209 E SQLiteDatabase: at X.0zq.dispatchMessage(Unknown Source:4)
04-25 09:54:53.046 20112 20209 E SQLiteDatabase: at android.os.Looper.loopOnce(Looper.java:211)
04-25 09:54:53.046 20112 20209 E SQLiteDatabase: at android.os.Looper.loop(Looper.java:300)
04-25 09:54:53.046 20112 20209 E SQLiteDatabase: at android.os.HandlerThread.run(HandlerThread.java:67)
04-25 09:54:55.030 20112 20255 W Parcel : Expecting binder but got null!
04-25 09:54:55.068 20112 20112 W BottomSheetBehavior: BottomSheetBehavior now supports multiple callbacks. `setBottomSheetCallback()` removes all existing callbacks, including ones set internally by library authors, which may result in unintended behavior. This may change in the future. Please use `addBottomSheetCallback()` and `removeBottomSheetCallback()` instead to set your own callbacks.
04-25 09:54:55.068 20112 20112 W BottomSheetBehavior: BottomSheetBehavior now supports multiple callbacks. `setBottomSheetCallback()` removes all existing callbacks, including ones set internally by library authors, which may result in unintended behavior. This may change in the future. Please use `addBottomSheetCallback()` and `removeBottomSheetCallback()` instead to set your own callbacks.
04-25 09:54:55.108 20112 20112 W BottomSheetBehavior: BottomSheetBehavior now supports multiple callbacks. `setBottomSheetCallback()` removes all existing callbacks, including ones set internally by library authors, which may result in unintended behavior. This may change in the future. Please use `addBottomSheetCallback()` and `removeBottomSheetCallback()` instead to set your own callbacks.
04-25 09:54:55.108 20112 20112 W BottomSheetBehavior: BottomSheetBehavior now supports multiple callbacks. `setBottomSheetCallback()` removes all existing callbacks, including ones set internally by library authors, which may result in unintended behavior. This may change in the future. Please use `addBottomSheetCallback()` and `removeBottomSheetCallback()` instead to set your own callbacks.
04-25 09:54:55.127 20112 20112 W BottomSheetBehavior: BottomSheetBehavior now supports multiple callbacks. `setBottomSheetCallback()` removes all existing callbacks, including ones set internally by library authors, which may result in unintended behavior. This may change in the future. Please use `addBottomSheetCallback()` and `removeBottomSheetCallback()` instead to set your own callbacks.
04-25 09:54:55.127 20112 20112 W BottomSheetBehavior: BottomSheetBehavior now supports multiple callbacks. `setBottomSheetCallback()` removes all existing callbacks, including ones set internally by library authors, which may result in unintended behavior. This may change in the future. Please use `addBottomSheetCallback()` and `removeBottomSheetCallback()` instead to set your own callbacks.
04-25 09:54:55.147 20112 20112 E RecyclerView: No adapter attached; skipping layout
04-25 09:54:55.150 20112 20112 E RecyclerView: No adapter attached; skipping layout
04-25 09:54:55.211 20112 20209 E SQLiteDatabase: Error inserting transferred=0 media_job_uuid=66683a38-6cf0-40ac-9c28-ec8091bbeec8 transcoded=0 gif_attribution=0 first_scan_length=0 direct_path=/v/t62.7161- 24/31566074_7192829377493454_8861144318928342597_n.enc?ccb=11- 4&oh=01_Q5AaIEffqQvVb1oeCnHuV0vb0xXFE0C4NQNERH02tPqcyDp_&oe=66508F41&_nc_sid=5e03e0 thumbnail_height_width_ratio=0.0 is_animated_sticker=0 file_hash=nxUFhCjxgDuK6NXP3pVhEYMtDhyxR6Yv06X3u8ky+A4= file_path=null file_size=0 partial_media_hash=null face_x=0 face_y=0 height=656 trim_to=0 media_key_timestamp=1713977796000 message_url=https://mmg.whatsapp.net/v/t62.7161- 24/31566074_7192829377493454_8861144318928342597_n.enc?ccb=11- 4&oh=01_Q5AaIEffqQvVb1oeCnHuV0vb0xXFE0C4NQNERH02tPqcyDp_&oe=66508F41&_nc_sid=5e03e0 &mms3=true media_caption=null trim_from=0 mime_type=video/mp4 partial_media_enc_hash=null width=384 original_file_hash=null has_streaming_sidecar=1 autotransfer_retry_enabled=1 media_upload_handle=null message_row_id=171 multicast_id=null enc_file_hash=8sgmAVcT79TzcADImpfPhBLYQeBNUb/jbWxmkfkNXgg= mute_video=0 page_count=0 first_scan_sidecar=null suspicious_content=0 file_length=5200924 media_name=null media_duration=30 chat_row_id=25 media_key=[B@225405b
04-25 09:54:55.211 20112 20209 E SQLiteDatabase: android.database.sqlite.SQLiteConstraintException: UNIQUE constraint failed: message_media.message_row_id (code 1555 SQLITE_CONSTRAINT_PRIMARYKEY)
04-25 09:54:55.211 20112 20209 E SQLiteDatabase: at android.database.sqlite.SQLiteConnection.nativeExecuteForLastInsertedRowId(Native Method)
04-25 09:54:55.211 20112 20209 E SQLiteDatabase: at android.database.sqlite.SQLiteConnection.executeForLastInsertedRowId(SQLiteConnecti on.java:961)
04-25 09:54:55.211 20112 20209 E SQLiteDatabase: at android.database.sqlite.SQLiteSession.executeForLastInsertedRowId(SQLiteSession.jav a:790)
04-25 09:54:55.211 20112 20209 E SQLiteDatabase: at android.database.sqlite.SQLiteStatement.executeInsert(SQLiteStatement.java:89)
04-25 09:54:55.211 20112 20209 E SQLiteDatabase: at android.database.sqlite.SQLiteDatabase.insertWithOnConflict(SQLiteDatabase.java:186 8)
04-25 09:54:55.211 20112 20209 E SQLiteDatabase: at android.database.sqlite.SQLiteDatabase.insert(SQLiteDatabase.java:1737)
04-25 09:54:55.211 20112 20209 E SQLiteDatabase: at X.2tm.A08(Unknown Source:6)
04-25 09:54:55.211 20112 20209 E SQLiteDatabase: at X.35Y.A07(Unknown Source:212)
04-25 09:54:55.211 20112 20209 E SQLiteDatabase: at X.3QF.A14(Unknown Source:470)
04-25 09:54:55.211 20112 20209 E SQLiteDatabase: at X.3gU.run(Unknown Source:982)
04-25 09:54:55.211 20112 20209 E SQLiteDatabase: at android.os.Handler.handleCallback(Handler.java:942)
04-25 09:54:55.211 20112 20209 E SQLiteDatabase: at android.os.Handler.dispatchMessage(Handler.java:99)
04-25 09:54:55.211 20112 20209 E SQLiteDatabase: at X.0zq.dispatchMessage(Unknown Source:4)
04-25 09:54:55.211 20112 20209 E SQLiteDatabase: at android.os.Looper.loopOnce(Looper.java:211)
04-25 09:54:55.211 20112 20209 E SQLiteDatabase: at android.os.Looper.loop(Looper.java:300)
04-25 09:54:55.211 20112 20209 E SQLiteDatabase: at android.os.HandlerThread.run(HandlerThread.java:67)
04-25 09:54:55.255 20112 23754 W ColorUtils: expected specified color aspects (2:0:0:0)
04-25 09:54:55.270 20112 23754 W Codec2Client: query -- param skipped: index = 1107298332.
04-25 09:54:55.270 20112 23754 W CCodec : This behavior is subject to change. It is recommended that app developers double check whether the requested max input size is in reasonable range.
04-25 09:54:55.280 20112 23754 W Codec2Client: query -- param skipped: index = 1342179345.
04-25 09:54:55.280 20112 23754 W Codec2Client: query -- param skipped: index = 2415921170.
04-25 09:54:55.280 20112 23754 W Codec2Client: query -- param skipped: index = 1610614798.
04-25 09:54:55.387 20112 23769 W Codec2Client: query -- param skipped: index = 1107298332.
04-25 09:54:55.387 20112 23769 W CCodec : This behavior is subject to change. It is recommended that app developers double check whether the requested max input size is in reasonable range.
04-25 09:54:55.389 20112 23769 W Codec2Client: query -- param skipped: index = 1342179345.
04-25 09:54:55.389 20112 23769 W Codec2Client: query -- param skipped: index = 2415921170.
04-25 09:54:55.389 20112 23769 W Codec2Client: query -- param skipped: index = 1610614798.
04-25 09:54:55.462 20112 23742 W libc : Access denied finding property "vendor.audio.cpu.sched"
04-25 09:54:55.462 20112 23742 W libc : Access denied finding property "vendor.audio.rt.mode"
04-25 09:54:55.518 20112 20112 W RenderThread: type=1400 audit(0.0:590855): avc: denied { getattr } for name="dmabuf:" dev="dmabuf" ino=1 scontext=u:r:untrusted_app:s0:c89,c257,c512,c768 tcontext=u:object_r:unlabeled:s0 tclass=filesystem permissive=0 app=com.mbwhatsapp
04-25 09:54:55.524 20112 20255 E com.mbwhatsapp: == MALI DEBUG ===eglp_winsys_populate_image_templates ==12288
04-25 09:54:55.677 20112 23753 W MediaCodec: [mId: 12] video-debug onReleaseOutputBuffer: Render time interval reaches 167ms before pts: 100000
04-25 09:54:55.682 20112 20112 W RenderThread: type=1400 audit(0.0:590858): avc: denied { getattr } for name="dmabuf:" dev="dmabuf" ino=1 scontext=u:r:untrusted_app:s0:c89,c257,c512,c768 tcontext=u:object_r:unlabeled:s0 tclass=filesystem permissive=0 app=com.mbwhatsapp
04-25 09:54:55.686 20112 20255 E com.mbwhatsapp: == MALI DEBUG ===eglp_winsys_populate_image_templates ==12288
04-25 09:54:55.686 20112 20555 W BpBinder: Slow Binder: BpBinder transact took 221 ms, interface=android.media.IMediaMetadataRetriever, code=5 oneway=false
04-25 09:54:55.724 20112 20255 E com.mbwhatsapp: == MALI DEBUG ===eglp_winsys_populate_image_templates ==12288
04-25 09:54:55.743 20112 20255 E com.mbwhatsapp: == MALI DEBUG ===eglp_winsys_populate_image_templates ==12288
04-25 09:54:55.785 20112 20255 E com.mbwhatsapp: == MALI DEBUG ===eglp_winsys_populate_image_templates ==12288
04-25 09:54:55.819 20112 20255 E com.mbwhatsapp: == MALI DEBUG ===eglp_winsys_populate_image_templates ==12288
04-25 09:54:55.852 20112 20255 E com.mbwhatsapp: == MALI DEBUG ===eglp_winsys_populate_image_templates ==12288
04-25 09:54:55.864 20112 20255 E com.mbwhatsapp: == MALI DEBUG ===eglp_winsys_populate_image_templates ==12288
04-25 09:54:55.977 20112 20112 E RecyclerView: No adapter attached; skipping layout
04-25 09:54:55.980 20112 23753 W Codec2Client: query -- param skipped: index = 1342179345.
04-25 09:54:55.980 20112 23753 W Codec2Client: query -- param skipped: index = 2415921170.
04-25 09:54:55.980 20112 23753 W Codec2Client: query -- param skipped: index = 1610614798.
04-25 09:54:55.984 20112 23769 W Codec2Client: query -- param skipped: index = 1342179345.
04-25 09:54:55.984 20112 23769 W Codec2Client: query -- param skipped: index = 2415921170.
04-25 09:54:55.984 20112 23769 W Codec2Client: query -- param skipped: index = 1610614798.
04-25 09:54:55.989 20112 23753 W BufferQueueProducer: [SurfaceTexture-0-20112-3] (id:4e9000000025,api:3,p:20112,c:20112) detachBuffer: slot 0 is not owned by the producer (state = FREE)
04-25 09:54:55.990 20112 23753 W BufferQueueProducer: [SurfaceTexture-0-20112-3] (id:4e9000000025,api:3,p:20112,c:20112) detachBuffer: slot 2 is not owned by the producer (state = FREE)
04-25 09:54:55.990 20112 23753 W BufferQueueProducer: [SurfaceTexture-0-20112-3] (id:4e9000000025,api:3,p:20112,c:20112) detachBuffer: slot 3 is not owned by the producer (state = FREE)
04-25 09:54:55.990 20112 23753 W BufferQueueProducer: [SurfaceTexture-0-20112-3] (id:4e9000000025,api:3,p:20112,c:20112) detachBuffer: slot 4 is not owned by the producer (state = FREE)
04-25 09:54:55.990 20112 23753 W BufferQueueProducer: [SurfaceTexture-0-20112-3] (id:4e9000000025,api:3,p:20112,c:20112) detachBuffer: slot 6 is not owned by the producer (state = FREE)
04-25 09:54:55.990 20112 23753 W BufferQueueProducer: [SurfaceTexture-0-20112-3] (id:4e9000000025,api:3,p:20112,c:20112) detachBuffer: slot 7 is not owned by the producer (state = FREE)
04-25 09:54:55.990 20112 23753 W BufferQueueProducer: [SurfaceTexture-0-20112-3] (id:4e9000000025,api:3,p:20112,c:20112) detachBuffer: slot 8 is not owned by the producer (state = ACQUIRED)
04-25 09:54:55.991 20112 23753 W BufferQueueProducer: [SurfaceTexture-0-20112-3] (id:4e9000000025,api:3,p:20112,c:20112) detachBuffer: slot 21 is not owned by the producer (state = FREE)
04-25 09:54:55.992 20112 23753 W BufferQueueProducer: [SurfaceTexture-0-20112-3] (id:4e9000000025,api:3,p:20112,c:20112) detachBuffer: slot 24 is not owned by the producer (state = FREE)
04-25 09:54:55.992 20112 23753 W BufferQueueProducer: [SurfaceTexture-0-20112-3] (id:4e9000000025,api:3,p:20112,c:20112) detachBuffer: slot 25 is not owned by the producer (state = FREE)
04-25 09:54:55.992 20112 23753 W BufferQueueProducer: [SurfaceTexture-0-20112-3] (id:4e9000000025,api:3,p:20112,c:20112) detachBuffer: slot 26 is not owned by the producer (state = FREE)
04-25 09:54:55.992 20112 23753 W BufferQueueProducer: [SurfaceTexture-0-20112-3] (id:4e9000000025,api:3,p:20112,c:20112) detachBuffer: slot 27 is not owned by the producer (state = FREE)
04-25 09:54:55.992 20112 23753 W BufferQueueProducer: [SurfaceTexture-0-20112-3] (id:4e9000000025,api:3,p:20112,c:20112) detachBuffer: slot 28 is not owned by the producer (state = FREE)
04-25 09:54:55.992 20112 23753 W BufferQueueProducer: [SurfaceTexture-0-20112-3] (id:4e9000000025,api:3,p:20112,c:20112) detachBuffer: slot 29 is not owned by the producer (state = FREE)
04-25 09:54:55.992 20112 23753 W BufferQueueProducer: [SurfaceTexture-0-20112-3] (id:4e9000000025,api:3,p:20112,c:20112) detachBuffer: slot 30 is not owned by the producer (state = FREE)
04-25 09:54:55.992 20112 23753 W BufferQueueProducer: [SurfaceTexture-0-20112-3] (id:4e9000000025,api:3,p:20112,c:20112) detachBuffer: slot 31 is not owned by the producer (state = FREE)
04-25 09:54:55.992 20112 23753 W BufferQueueProducer: [SurfaceTexture-0-20112-3] (id:4e9000000025,api:3,p:20112,c:20112) detachBuffer: slot 32 is not owned by the producer (state = FREE)
04-25 09:54:55.992 20112 23753 W BufferQueueProducer: [SurfaceTexture-0-20112-3] (id:4e9000000025,api:3,p:20112,c:20112) detachBuffer: slot 33 is not owned by the producer (state = FREE)
04-25 09:54:55.992 20112 23753 W BufferQueueProducer: [SurfaceTexture-0-20112-3] (id:4e9000000025,api:3,p:20112,c:20112) detachBuffer: slot 34 is not owned by the producer (state = FREE)
04-25 09:54:55.992 20112 23753 W BufferQueueProducer: [SurfaceTexture-0-20112-3] (id:4e9000000025,api:3,p:20112,c:20112) detachBuffer: slot 35 is not owned by the producer (state = FREE)
04-25 09:54:55.992 20112 23753 W BufferQueueProducer: [SurfaceTexture-0-20112-3] (id:4e9000000025,api:3,p:20112,c:20112) detachBuffer: slot 36 is not owned by the producer (state = FREE)
04-25 09:54:55.992 20112 23753 W BufferQueueProducer: [SurfaceTexture-0-20112-3] (id:4e9000000025,api:3,p:20112,c:20112) detachBuffer: slot 37 is not owned by the producer (state = FREE)
04-25 09:54:55.992 20112 23753 W BufferQueueProducer: [SurfaceTexture-0-20112-3] (id:4e9000000025,api:3,p:20112,c:20112) detachBuffer: slot 38 is not owned by the producer (state = FREE)
04-25 09:54:55.992 20112 23753 W BufferQueueProducer: [SurfaceTexture-0-20112-3] (id:4e9000000025,api:3,p:20112,c:20112) detachBuffer: slot 39 is not owned by the producer (state = FREE)
04-25 09:54:55.993 20112 23753 W BufferQueueProducer: [SurfaceTexture-0-20112-3] (id:4e9000000025,api:3,p:20112,c:20112) detachBuffer: slot 40 is not owned by the producer (state = FREE)
04-25 09:54:55.993 20112 23753 W BufferQueueProducer: [SurfaceTexture-0-20112-3] (id:4e9000000025,api:3,p:20112,c:20112) detachBuffer: slot 41 is not owned by the producer (state = FREE)
04-25 09:54:55.993 20112 23753 W BufferQueueProducer: [SurfaceTexture-0-20112-3] (id:4e9000000025,api:3,p:20112,c:20112) detachBuffer: slot 42 is not owned by the producer (state = FREE)
04-25 09:54:55.993 20112 23753 W BufferQueueProducer: [SurfaceTexture-0-20112-3] (id:4e9000000025,api:3,p:20112,c:20112) detachBuffer: slot 43 is not owned by the producer (state = FREE)
04-25 09:54:55.993 20112 23753 W BufferQueueProducer: [SurfaceTexture-0-20112-3] (id:4e9000000025,api:3,p:20112,c:20112) detachBuffer: slot 44 is not owned by the producer (state = FREE)
04-25 09:54:55.993 20112 23753 W BufferQueueProducer: [SurfaceTexture-0-20112-3] (id:4e9000000025,api:3,p:20112,c:20112) detachBuffer: slot 45 is not owned by the producer (state = FREE)
04-25 09:54:55.993 20112 23753 W BufferQueueProducer: [SurfaceTexture-0-20112-3] (id:4e9000000025,api:3,p:20112,c:20112) detachBuffer: slot 46 is not owned by the producer (state = FREE)
04-25 09:54:55.993 20112 23753 W BufferQueueProducer: [SurfaceTexture-0-20112-3] (id:4e9000000025,api:3,p:20112,c:20112) detachBuffer: slot 47 is not owned by the producer (state = FREE)
04-25 09:54:55.993 20112 23753 W BufferQueueProducer: [SurfaceTexture-0-20112-3] (id:4e9000000025,api:3,p:20112,c:20112) detachBuffer: slot 48 is not owned by the producer (state = FREE)
04-25 09:54:55.993 20112 23753 W BufferQueueProducer: [SurfaceTexture-0-20112-3] (id:4e9000000025,api:3,p:20112,c:20112) detachBuffer: slot 49 is not owned by the producer (state = FREE)
04-25 09:54:55.993 20112 23753 W BufferQueueProducer: [SurfaceTexture-0-20112-3] (id:4e9000000025,api:3,p:20112,c:20112) detachBuffer: slot 50 is not owned by the producer (state = FREE)
04-25 09:54:55.993 20112 23753 W BufferQueueProducer: [SurfaceTexture-0-20112-3] (id:4e9000000025,api:3,p:20112,c:20112) detachBuffer: slot 51 is not owned by the producer (state = FREE)
04-25 09:54:55.993 20112 23753 W BufferQueueProducer: [SurfaceTexture-0-20112-3] (id:4e9000000025,api:3,p:20112,c:20112) detachBuffer: slot 52 is not owned by the producer (state = FREE)
04-25 09:54:55.993 20112 23753 W BufferQueueProducer: [SurfaceTexture-0-20112-3] (id:4e9000000025,api:3,p:20112,c:20112) detachBuffer: slot 53 is not owned by the producer (state = FREE)
04-25 09:54:55.994 20112 23753 W BufferQueueProducer: [SurfaceTexture-0-20112-3] (id:4e9000000025,api:3,p:20112,c:20112) detachBuffer: slot 54 is not owned by the producer (state = FREE)
04-25 09:54:55.994 20112 23753 W BufferQueueProducer: [SurfaceTexture-0-20112-3] (id:4e9000000025,api:3,p:20112,c:20112) detachBuffer: slot 55 is not owned by the producer (state = FREE)
04-25 09:54:55.994 20112 23753 W BufferQueueProducer: [SurfaceTexture-0-20112-3] (id:4e9000000025,api:3,p:20112,c:20112) detachBuffer: slot 56 is not owned by the producer (state = FREE)
04-25 09:54:55.994 20112 23753 W BufferQueueProducer: [SurfaceTexture-0-20112-3] (id:4e9000000025,api:3,p:20112,c:20112) detachBuffer: slot 57 is not owned by the producer (state = FREE)
04-25 09:54:55.994 20112 23753 W BufferQueueProducer: [SurfaceTexture-0-20112-3] (id:4e9000000025,api:3,p:20112,c:20112) detachBuffer: slot 58 is not owned by the producer (state = FREE)
04-25 09:54:55.994 20112 23753 W BufferQueueProducer: [SurfaceTexture-0-20112-3] (id:4e9000000025,api:3,p:20112,c:20112) detachBuffer: slot 59 is not owned by the producer (state = FREE)
04-25 09:54:55.994 20112 23753 W BufferQueueProducer: [SurfaceTexture-0-20112-3] (id:4e9000000025,api:3,p:20112,c:20112) detachBuffer: slot 60 is not owned by the producer (state = FREE)
04-25 09:54:55.995 20112 23753 W BufferQueueProducer: [SurfaceTexture-0-20112-3] (id:4e9000000025,api:3,p:20112,c:20112) detachBuffer: slot 61 is not owned by the producer (state = FREE)
04-25 09:54:55.995 20112 23753 W BufferQueueProducer: [SurfaceTexture-0-20112-3] (id:4e9000000025,api:3,p:20112,c:20112) detachBuffer: slot 62 is not owned by the producer (state = FREE)
04-25 09:54:55.995 20112 23753 W BufferQueueProducer: [SurfaceTexture-0-20112-3] (id:4e9000000025,api:3,p:20112,c:20112) detachBuffer: slot 63 is not owned by the producer (state = FREE)
04-25 09:54:56.031 20112 23790 W BufferQueueProducer: [MediaCodec.release] (id:4e9000000026,api:3,p:20112,c:20112) detachBuffer: slot 16 is not owned by the producer (state = FREE)
04-25 09:54:56.032 20112 23790 W BufferQueueProducer: [MediaCodec.release] (id:4e9000000026,api:3,p:20112,c:20112) detachBuffer: slot 17 is not owned by the producer (state = FREE)
04-25 09:54:56.032 20112 23790 W BufferQueueProducer: [MediaCodec.release] (id:4e9000000026,api:3,p:20112,c:20112) detachBuffer: slot 18 is not owned by the producer (state = FREE)
04-25 09:54:56.034 20112 23790 W BufferQueueProducer: [MediaCodec.release] (id:4e9000000026,api:3,p:20112,c:20112) detachBuffer: slot 19 is not owned by the producer (state = FREE)
04-25 09:54:56.034 20112 23790 W BufferQueueProducer: [MediaCodec.release] (id:4e9000000026,api:3,p:20112,c:20112) detachBuffer: slot 20 is not owned by the producer (state = FREE)
04-25 09:54:56.035 20112 23790 W BufferQueueProducer: [MediaCodec.release] (id:4e9000000026,api:3,p:20112,c:20112) detachBuffer: slot 21 is not owned by the producer (state = FREE)
04-25 09:54:56.035 20112 23790 W BufferQueueProducer: [MediaCodec.release] (id:4e9000000026,api:3,p:20112,c:20112) detachBuffer: slot 22 is not owned by the producer (state = FREE)
04-25 09:54:56.035 20112 23790 W BufferQueueProducer: [MediaCodec.release] (id:4e9000000026,api:3,p:20112,c:20112) detachBuffer: slot 23 is not owned by the producer (state = FREE)
04-25 09:54:56.035 20112 23790 W BufferQueueProducer: [MediaCodec.release] (id:4e9000000026,api:3,p:20112,c:20112) detachBuffer: slot 24 is not owned by the producer (state = FREE)
04-25 09:54:56.035 20112 23790 W BufferQueueProducer: [MediaCodec.release] (id:4e9000000026,api:3,p:20112,c:20112) detachBuffer: slot 25 is not owned by the producer (state = FREE)
04-25 09:54:56.035 20112 23790 W BufferQueueProducer: [MediaCodec.release] (id:4e9000000026,api:3,p:20112,c:20112) detachBuffer: slot 26 is not owned by the producer (state = FREE)
04-25 09:54:56.035 20112 23790 W BufferQueueProducer: [MediaCodec.release] (id:4e9000000026,api:3,p:20112,c:20112) detachBuffer: slot 27 is not owned by the producer (state = FREE)
04-25 09:54:56.036 20112 23790 W BufferQueueProducer: [MediaCodec.release] (id:4e9000000026,api:3,p:20112,c:20112) detachBuffer: slot 28 is not owned by the producer (state = FREE)
04-25 09:54:56.036 20112 23790 W BufferQueueProducer: [MediaCodec.release] (id:4e9000000026,api:3,p:20112,c:20112) detachBuffer: slot 29 is not owned by the producer (state = FREE)
04-25 09:54:56.036 20112 23790 W BufferQueueProducer: [MediaCodec.release] (id:4e9000000026,api:3,p:20112,c:20112) detachBuffer: slot 30 is not owned by the producer (state = FREE)
04-25 09:54:56.036 20112 23790 W BufferQueueProducer: [MediaCodec.release] (id:4e9000000026,api:3,p:20112,c:20112) detachBuffer: slot 31 is not owned by the producer (state = FREE)
04-25 09:54:56.036 20112 23790 W BufferQueueProducer: [MediaCodec.release] (id:4e9000000026,api:3,p:20112,c:20112) detachBuffer: slot 32 is not owned by the producer (state = FREE)
04-25 09:54:56.036 20112 23790 W BufferQueueProducer: [MediaCodec.release] (id:4e9000000026,api:3,p:20112,c:20112) detachBuffer: slot 33 is not owned by the producer (state = FREE)
04-25 09:54:56.036 20112 23790 W BufferQueueProducer: [MediaCodec.release] (id:4e9000000026,api:3,p:20112,c:20112) detachBuffer: slot 34 is not owned by the producer (state = FREE)
04-25 09:54:56.037 20112 23790 W BufferQueueProducer: [MediaCodec.release] (id:4e9000000026,api:3,p:20112,c:20112) detachBuffer: slot 35 is not owned by the producer (state = FREE)
04-25 09:54:56.037 20112 23790 W BufferQueueProducer: [MediaCodec.release] (id:4e9000000026,api:3,p:20112,c:20112) detachBuffer: slot 36 is not owned by the producer (state = FREE)
04-25 09:54:56.037 20112 23790 W BufferQueueProducer: [MediaCodec.release] (id:4e9000000026,api:3,p:20112,c:20112) detachBuffer: slot 37 is not owned by the producer (state = FREE)
04-25 09:54:56.037 20112 23790 W BufferQueueProducer: [MediaCodec.release] (id:4e9000000026,api:3,p:20112,c:20112) detachBuffer: slot 38 is not owned by the producer (state = FREE)
04-25 09:54:56.037 20112 23790 W BufferQueueProducer: [MediaCodec.release] (id:4e9000000026,api:3,p:20112,c:20112) detachBuffer: slot 39 is not owned by the producer (state = FREE)
04-25 09:54:56.037 20112 23790 W BufferQueueProducer: [MediaCodec.release] (id:4e9000000026,api:3,p:20112,c:20112) detachBuffer: slot 40 is not owned by the producer (state = FREE)
04-25 09:54:56.037 20112 23790 W BufferQueueProducer: [MediaCodec.release] (id:4e9000000026,api:3,p:20112,c:20112) detachBuffer: slot 41 is not owned by the producer (state = FREE)
04-25 09:54:56.038 20112 23790 W BufferQueueProducer: [MediaCodec.release] (id:4e9000000026,api:3,p:20112,c:20112) detachBuffer: slot 42 is not owned by the producer (state = FREE)
04-25 09:54:56.038 20112 23790 W BufferQueueProducer: [MediaCodec.release] (id:4e9000000026,api:3,p:20112,c:20112) detachBuffer: slot 43 is not owned by the producer (state = FREE)
04-25 09:54:56.038 20112 23790 W BufferQueueProducer: [MediaCodec.release] (id:4e9000000026,api:3,p:20112,c:20112) detachBuffer: slot 44 is not owned by the producer (state = FREE)
04-25 09:54:56.038 20112 23790 W BufferQueueProducer: [MediaCodec.release] (id:4e9000000026,api:3,p:20112,c:20112) detachBuffer: slot 45 is not owned by the producer (state = FREE)
04-25 09:54:56.038 20112 23790 W BufferQueueProducer: [MediaCodec.release] (id:4e9000000026,api:3,p:20112,c:20112) detachBuffer: slot 46 is not owned by the producer (state = FREE)
04-25 09:54:56.038 20112 23790 W BufferQueueProducer: [MediaCodec.release] (id:4e9000000026,api:3,p:20112,c:20112) detachBuffer: slot 47 is not owned by the producer (state = FREE)
04-25 09:54:56.038 20112 23790 W BufferQueueProducer: [MediaCodec.release] (id:4e9000000026,api:3,p:20112,c:20112) detachBuffer: slot 48 is not owned by the producer (state = FREE)
04-25 09:54:56.038 20112 23790 W BufferQueueProducer: [MediaCodec.release] (id:4e9000000026,api:3,p:20112,c:20112) detachBuffer: slot 49 is not owned by the producer (state = FREE)
04-25 09:54:56.039 20112 23790 W BufferQueueProducer: [MediaCodec.release] (id:4e9000000026,api:3,p:20112,c:20112) detachBuffer: slot 50 is not owned by the producer (state = FREE)
04-25 09:54:56.039 20112 23790 W BufferQueueProducer: [MediaCodec.release] (id:4e9000000026,api:3,p:20112,c:20112) detachBuffer: slot 51 is not owned by the producer (state = FREE)
04-25 09:54:56.039 20112 23790 W BufferQueueProducer: [MediaCodec.release] (id:4e9000000026,api:3,p:20112,c:20112) detachBuffer: slot 52 is not owned by the producer (state = FREE)
04-25 09:54:56.039 20112 23790 W BufferQueueProducer: [MediaCodec.release] (id:4e9000000026,api:3,p:20112,c:20112) detachBuffer: slot 53 is not owned by the producer (state = FREE)
04-25 09:54:56.039 20112 23790 W BufferQueueProducer: [MediaCodec.release] (id:4e9000000026,api:3,p:20112,c:20112) detachBuffer: slot 54 is not owned by the producer (state = FREE)
04-25 09:54:56.039 20112 23790 W BufferQueueProducer: [MediaCodec.release] (id:4e9000000026,api:3,p:20112,c:20112) detachBuffer: slot 55 is not owned by the producer (state = FREE)
04-25 09:54:56.039 20112 23790 W BufferQueueProducer: [MediaCodec.release] (id:4e9000000026,api:3,p:20112,c:20112) detachBuffer: slot 56 is not owned by the producer (state = FREE)
04-25 09:54:56.039 20112 23790 W BufferQueueProducer: [MediaCodec.release] (id:4e9000000026,api:3,p:20112,c:20112) detachBuffer: slot 57 is not owned by the producer (state = FREE)
04-25 09:54:56.039 20112 23790 W BufferQueueProducer: [MediaCodec.release] (id:4e9000000026,api:3,p:20112,c:20112) detachBuffer: slot 58 is not owned by the producer (state = FREE)
04-25 09:54:56.039 20112 23790 W BufferQueueProducer: [MediaCodec.release] (id:4e9000000026,api:3,p:20112,c:20112) detachBuffer: slot 59 is not owned by the producer (state = FREE)
04-25 09:54:56.040 20112 23790 W BufferQueueProducer: [MediaCodec.release] (id:4e9000000026,api:3,p:20112,c:20112) detachBuffer: slot 60 is not owned by the producer (state = FREE)
04-25 09:54:56.040 20112 23790 W BufferQueueProducer: [MediaCodec.release] (id:4e9000000026,api:3,p:20112,c:20112) detachBuffer: slot 61 is not owned by the producer (state = FREE)
04-25 09:54:56.040 20112 23790 W BufferQueueProducer: [MediaCodec.release] (id:4e9000000026,api:3,p:20112,c:20112) detachBuffer: slot 62 is not owned by the producer (state = FREE)
04-25 09:54:56.040 20112 23790 W BufferQueueProducer: [MediaCodec.release] (id:4e9000000026,api:3,p:20112,c:20112) detachBuffer: slot 63 is not owned by the producer (state = FREE)
04-25 09:54:56.051 20112 22650 E BufferQueueProducer: [MediaCodec.release] (id:4e9000000026,api:0,p:-1,c:20112) cancelBuffer: BufferQueue has no connected producer
04-25 09:54:56.052 20112 22650 E BufferQueueProducer: [MediaCodec.release] (id:4e9000000026,api:0,p:-1,c:20112) cancelBuffer: BufferQueue has no connected producer
04-25 09:54:56.052 20112 22650 E BufferQueueProducer: [MediaCodec.release] (id:4e9000000026,api:0,p:-1,c:20112) cancelBuffer: BufferQueue has no connected producer
04-25 09:54:56.054 20112 22650 E BufferQueueProducer: [MediaCodec.release] (id:4e9000000026,api:0,p:-1,c:20112) cancelBuffer: BufferQueue has no connected producer
04-25 09:54:56.055 20112 22650 E BufferQueueProducer: [MediaCodec.release] (id:4e9000000026,api:0,p:-1,c:20112) cancelBuffer: BufferQueue has no connected producer
04-25 09:54:56.056 20112 22650 E BufferQueueProducer: [MediaCodec.release] (id:4e9000000026,api:0,p:-1,c:20112) cancelBuffer: BufferQueue has no connected producer
04-25 09:54:56.056 20112 22650 E BufferQueueProducer: [MediaCodec.release] (id:4e9000000026,api:0,p:-1,c:20112) cancelBuffer: BufferQueue has no connected producer
04-25 09:54:56.057 20112 22650 E BufferQueueProducer: [MediaCodec.release] (id:4e9000000026,api:0,p:-1,c:20112) cancelBuffer: BufferQueue has no connected producer
04-25 09:54:56.059 20112 22650 E BufferQueueProducer: [MediaCodec.release] (id:4e9000000026,api:0,p:-1,c:20112) cancelBuffer: BufferQueue has no connected producer
04-25 09:54:56.059 20112 22650 E BufferQueueProducer: [MediaCodec.release] (id:4e9000000026,api:0,p:-1,c:20112) cancelBuffer: BufferQueue has no connected producer
04-25 09:54:56.060 20112 22650 E BufferQueueProducer: [MediaCodec.release] (id:4e9000000026,api:0,p:-1,c:20112) cancelBuffer: BufferQueue has no connected producer
04-25 09:54:56.060 20112 22650 E BufferQueueProducer: [MediaCodec.release] (id:4e9000000026,api:0,p:-1,c:20112) cancelBuffer: BufferQueue has no connected producer
04-25 09:54:56.060 20112 22650 E BufferQueueProducer: [MediaCodec.release] (id:4e9000000026,api:0,p:-1,c:20112) cancelBuffer: BufferQueue has no connected producer
04-25 09:54:56.061 20112 22650 E BufferQueueProducer: [MediaCodec.release] (id:4e9000000026,api:0,p:-1,c:20112) cancelBuffer: BufferQueue has no connected producer
04-25 09:54:56.062 20112 22650 E BufferQueueProducer: [MediaCodec.release] (id:4e9000000026,api:0,p:-1,c:20112) cancelBuffer: BufferQueue has no connected producer
04-25 09:54:56.064 20112 22650 E BufferQueueProducer: [MediaCodec.release] (id:4e9000000026,api:0,p:-1,c:20112) cancelBuffer: BufferQueue has no connected producer
04-25 09:54:56.082 20112 23794 W ColorUtils: expected specified color aspects (2:0:0:0)
04-25 09:54:56.091 20112 23794 W Codec2Client: query -- param skipped: index = 1107298332.
04-25 09:54:56.091 20112 23794 W CCodec : This behavior is subject to change. It is recommended that app developers double check whether the requested max input size is in reasonable range.
04-25 09:54:56.095 20112 23794 W Codec2Client: query -- param skipped: index = 1342179345.
04-25 09:54:56.095 20112 23794 W Codec2Client: query -- param skipped: index = 2415921170.
04-25 09:54:56.095 20112 23794 W Codec2Client: query -- param skipped: index = 1610614798.
04-25 09:54:56.156 20112 23803 W Codec2Client: query -- param skipped: index = 1107298332.
04-25 09:54:56.156 20112 23803 W CCodec : This behavior is subject to change. It is recommended that app developers double check whether the requested max input size is in reasonable range.
04-25 09:54:56.158 20112 23803 W Codec2Client: query -- param skipped: index = 1342179345.
04-25 09:54:56.159 20112 23803 W Codec2Client: query -- param skipped: index = 2415921170.
04-25 09:54:56.159 20112 23803 W Codec2Client: query -- param skipped: index = 1610614798.
04-25 09:54:56.186 20112 20255 E com.mbwhatsapp: == MALI DEBUG ===eglp_winsys_populate_image_templates ==12288
04-25 09:54:56.219 20112 23742 W libc : Access denied finding property "vendor.audio.cpu.sched"
04-25 09:54:56.219 20112 23742 W libc : Access denied finding property "vendor.audio.rt.mode"
04-25 09:54:56.353 20112 23793 W MediaCodec: [mId: 14] video-debug onReleaseOutputBuffer: Render time interval reaches 178ms before pts: 33333
04-25 09:54:56.358 20112 20112 W RenderThread: type=1400 audit(0.0:590866): avc: denied { getattr } for name="dmabuf:" dev="dmabuf" ino=1 scontext=u:r:untrusted_app:s0:c89,c257,c512,c768 tcontext=u:object_r:unlabeled:s0 tclass=filesystem permissive=0 app=com.mbwhatsapp
04-25 09:54:56.365 20112 20255 E com.mbwhatsapp: == MALI DEBUG ===eglp_winsys_populate_image_templates ==12288
04-25 09:54:56.406 20112 20112 W RenderThread: type=1400 audit(0.0:590867): avc: denied { getattr } for name="dmabuf:" dev="dmabuf" ino=1 scontext=u:r:untrusted_app:s0:c89,c257,c512,c768 tcontext=u:object_r:unlabeled:s0 tclass=filesystem permissive=0 app=com.mbwhatsapp
04-25 09:54:56.410 20112 20255 E com.mbwhatsapp: == MALI DEBUG ===eglp_winsys_populate_image_templates ==12288
04-25 09:54:56.442 20112 20255 E com.mbwhatsapp: == MALI DEBUG ===eglp_winsys_populate_image_templates ==12288
04-25 09:54:56.438 20112 20112 W RenderThread: type=1400 audit(0.0:590868): avc: denied { getattr } for name="dmabuf:" dev="dmabuf" ino=1 scontext=u:r:untrusted_app:s0:c89,c257,c512,c768 tcontext=u:object_r:unlabeled:s0 tclass=filesystem permissive=0 app=com.mbwhatsapp
04-25 09:54:56.475 20112 20255 E com.mbwhatsapp: == MALI DEBUG ===eglp_winsys_populate_image_templates ==12288
04-25 09:54:56.470 20112 20112 W RenderThread: type=1400 audit(0.0:590869): avc: denied { getattr } for name="dmabuf:" dev="dmabuf" ino=1 scontext=u:r:untrusted_app:s0:c89,c257,c512,c768 tcontext=u:object_r:unlabeled:s0 tclass=filesystem permissive=0 app=com.mbwhatsapp
04-25 09:54:56.523 20112 20255 E com.mbwhatsapp: == MALI DEBUG ===eglp_winsys_populate_image_templates ==12288
04-25 09:54:56.518 20112 20112 W RenderThread: type=1400 audit(0.0:590870): avc: denied { getattr } for name="dmabuf:" dev="dmabuf" ino=1 scontext=u:r:untrusted_app:s0:c89,c257,c512,c768 tcontext=u:object_r:unlabeled:s0 tclass=filesystem permissive=0 app=com.mbwhatsapp
04-25 09:54:56.776 20112 20209 E SQLiteDatabase: Error inserting transferred=0 media_job_uuid=66683a38-6cf0-40ac-9c28-ec8091bbeec8 transcoded=0 gif_attribution=0 first_scan_length=0 direct_path=/v/t62.7161- 24/31566074_7192829377493454_8861144318928342597_n.enc?ccb=11- 4&oh=01_Q5AaIEffqQvVb1oeCnHuV0vb0xXFE0C4NQNERH02tPqcyDp_&oe=66508F41&_nc_sid=5e03e0 thumbnail_height_width_ratio=0.0 is_animated_sticker=0 file_hash=nxUFhCjxgDuK6NXP3pVhEYMtDhyxR6Yv06X3u8ky+A4= file_path=null file_size=0 partial_media_hash=null face_x=0 face_y=0 height=656 trim_to=0 media_key_timestamp=1713977796000 message_url=https://mmg.whatsapp.net/v/t62.7161- 24/31566074_7192829377493454_8861144318928342597_n.enc?ccb=11- 4&oh=01_Q5AaIEffqQvVb1oeCnHuV0vb0xXFE0C4NQNERH02tPqcyDp_&oe=66508F41&_nc_sid=5e03e0 &mms3=true media_caption=null trim_from=0 mime_type=video/mp4 partial_media_enc_hash=null width=384 original_file_hash=null has_streaming_sidecar=1 autotransfer_retry_enabled=0 media_upload_handle=null message_row_id=171 multicast_id=null enc_file_hash=8sgmAVcT79TzcADImpfPhBLYQeBNUb/jbWxmkfkNXgg= mute_video=0 page_count=0 first_scan_sidecar=null suspicious_content=0 file_length=5200924 media_name=null media_duration=30 chat_row_id=25 media_key=[B@225405b
04-25 09:54:56.776 20112 20209 E SQLiteDatabase: android.database.sqlite.SQLiteConstraintException: UNIQUE constraint failed: message_media.message_row_id (code 1555 SQLITE_CONSTRAINT_PRIMARYKEY)
04-25 09:54:56.776 20112 20209 E SQLiteDatabase: at android.database.sqlite.SQLiteConnection.nativeExecuteForLastInsertedRowId(Native Method)
04-25 09:54:56.776 20112 20209 E SQLiteDatabase: at android.database.sqlite.SQLiteConnection.executeForLastInsertedRowId(SQLiteConnecti on.java:961)
04-25 09:54:56.776 20112 20209 E SQLiteDatabase: at android.database.sqlite.SQLiteSession.executeForLastInsertedRowId(SQLiteSession.jav a:790)
04-25 09:54:56.776 20112 20209 E SQLiteDatabase: at android.database.sqlite.SQLiteStatement.executeInsert(SQLiteStatement.java:89)
04-25 09:54:56.776 20112 20209 E SQLiteDatabase: at android.database.sqlite.SQLiteDatabase.insertWithOnConflict(SQLiteDatabase.java:186 8)
04-25 09:54:56.776 20112 20209 E SQLiteDatabase: at android.database.sqlite.SQLiteDatabase.insert(SQLiteDatabase.java:1737)
04-25 09:54:56.776 20112 20209 E SQLiteDatabase: at X.2tm.A08(Unknown Source:6)
04-25 09:54:56.776 20112 20209 E SQLiteDatabase: at X.35Y.A07(Unknown Source:212)
04-25 09:54:56.776 20112 20209 E SQLiteDatabase: at X.3QF.A14(Unknown Source:470)
04-25 09:54:56.776 20112 20209 E SQLiteDatabase: at X.3gU.run(Unknown Source:982)
04-25 09:54:56.776 20112 20209 E SQLiteDatabase: at android.os.Handler.handleCallback(Handler.java:942)
04-25 09:54:56.776 20112 20209 E SQLiteDatabase: at android.os.Handler.dispatchMessage(Handler.java:99)
04-25 09:54:56.776 20112 20209 E SQLiteDatabase: at X.0zq.dispatchMessage(Unknown Source:4)
04-25 09:54:56.776 20112 20209 E SQLiteDatabase: at android.os.Looper.loopOnce(Looper.java:211)
04-25 09:54:56.776 20112 20209 E SQLiteDatabase: at android.os.Looper.loop(Looper.java:300)
04-25 09:54:56.776 20112 20209 E SQLiteDatabase: at android.os.HandlerThread.run(HandlerThread.java:67)
04-25 09:54:56.826 20112 20209 E SQLiteDatabase: Error inserting transferred=0 media_job_uuid=66683a38-6cf0-40ac-9c28-ec8091bbeec8 transcoded=0 gif_attribution=0 first_scan_length=0 direct_path=/v/t62.7161- 24/31566074_7192829377493454_8861144318928342597_n.enc?ccb=11- 4&oh=01_Q5AaIEffqQvVb1oeCnHuV0vb0xXFE0C4NQNERH02tPqcyDp_&oe=66508F41&_nc_sid=5e03e0 thumbnail_height_width_ratio=0.0 is_animated_sticker=0 file_hash=nxUFhCjxgDuK6NXP3pVhEYMtDhyxR6Yv06X3u8ky+A4= file_path=null file_size=0 partial_media_hash=null face_x=0 face_y=0 height=656 trim_to=0 media_key_timestamp=1713977796000 message_url=https://mmg.whatsapp.net/v/t62.7161- 24/31566074_7192829377493454_8861144318928342597_n.enc?ccb=11- 4&oh=01_Q5AaIEffqQvVb1oeCnHuV0vb0xXFE0C4NQNERH02tPqcyDp_&oe=66508F41&_nc_sid=5e03e0 &mms3=true media_caption=null trim_from=0 mime_type=video/mp4 partial_media_enc_hash=null width=384 original_file_hash=null has_streaming_sidecar=1 autotransfer_retry_enabled=0 media_upload_handle=null message_row_id=171 multicast_id=null enc_file_hash=8sgmAVcT79TzcADImpfPhBLYQeBNUb/jbWxmkfkNXgg= mute_video=0 page_count=0 first_scan_sidecar=null suspicious_content=0 file_length=5200924 media_name=null media_duration=30 chat_row_id=25 media_key=[B@225405b
04-25 09:54:56.826 20112 20209 E SQLiteDatabase: android.database.sqlite.SQLiteConstraintException: UNIQUE constraint failed: message_media.message_row_id (code 1555 SQLITE_CONSTRAINT_PRIMARYKEY)
04-25 09:54:56.826 20112 20209 E SQLiteDatabase: at android.database.sqlite.SQLiteConnection.nativeExecuteForLastInsertedRowId(Native Method)
04-25 09:54:56.826 20112 20209 E SQLiteDatabase: at android.database.sqlite.SQLiteConnection.executeForLastInsertedRowId(SQLiteConnecti on.java:961)
04-25 09:54:56.826 20112 20209 E SQLiteDatabase: at android.database.sqlite.SQLiteSession.executeForLastInsertedRowId(SQLiteSession.jav a:790)
04-25 09:54:56.826 20112 20209 E SQLiteDatabase: at android.database.sqlite.SQLiteStatement.executeInsert(SQLiteStatement.java:89)
04-25 09:54:56.826 20112 20209 E SQLiteDatabase: at android.database.sqlite.SQLiteDatabase.insertWithOnConflict(SQLiteDatabase.java:186 8)
04-25 09:54:56.826 20112 20209 E SQLiteDatabase: at android.database.sqlite.SQLiteDatabase.insert(SQLiteDatabase.java:1737)
04-25 09:54:56.826 20112 20209 E SQLiteDatabase: at X.2tm.A08(Unknown Source:6)
04-25 09:54:56.826 20112 20209 E SQLiteDatabase: at X.35Y.A07(Unknown Source:212)
04-25 09:54:56.826 20112 20209 E SQLiteDatabase: at X.3QF.A14(Unknown Source:470)
04-25 09:54:56.826 20112 20209 E SQLiteDatabase: at X.3gU.run(Unknown Source:982)
04-25 09:54:56.826 20112 20209 E SQLiteDatabase: at android.os.Handler.handleCallback(Handler.java:942)
04-25 09:54:56.826 20112 20209 E SQLiteDatabase: at android.os.Handler.dispatchMessage(Handler.java:99)
04-25 09:54:56.826 20112 20209 E SQLiteDatabase: at X.0zq.dispatchMessage(Unknown Source:4)
04-25 09:54:56.826 20112 20209 E SQLiteDatabase: at android.os.Looper.loopOnce(Looper.java:211)
04-25 09:54:56.826 20112 20209 E SQLiteDatabase: at android.os.Looper.loop(Looper.java:300)
04-25 09:54:56.826 20112 20209 E SQLiteDatabase: at android.os.HandlerThread.run(HandlerThread.java:67)
04-25 09:54:56.831 20112 23793 W Codec2Client: query -- param skipped: index = 1342179345.
04-25 09:54:56.831 20112 23793 W Codec2Client: query -- param skipped: index = 2415921170.
04-25 09:54:56.831 20112 23793 W Codec2Client: query -- param skipped: index = 1610614798.
04-25 09:54:56.835 20112 23803 W Codec2Client: query -- param skipped: index = 1342179345.
04-25 09:54:56.835 20112 23803 W Codec2Client: query -- param skipped: index = 2415921170.
04-25 09:54:56.835 20112 23803 W Codec2Client: query -- param skipped: index = 1610614798.
04-25 09:54:56.843 20112 23793 W BufferQueueProducer: [SurfaceTexture-0-20112-3] (id:4e9000000025,api:3,p:20112,c:20112) detachBuffer: slot 0 is not owned by the producer (state = FREE)
04-25 09:54:56.843 20112 23793 W BufferQueueProducer: [SurfaceTexture-0-20112-3] (id:4e9000000025,api:3,p:20112,c:20112) detachBuffer: slot 1 is not owned by the producer (state = FREE)
04-25 09:54:56.843 20112 23793 W BufferQueueProducer: [SurfaceTexture-0-20112-3] (id:4e9000000025,api:3,p:20112,c:20112) detachBuffer: slot 2 is not owned by the producer (state = FREE)
04-25 09:54:56.843 20112 23793 W BufferQueueProducer: [SurfaceTexture-0-20112-3] (id:4e9000000025,api:3,p:20112,c:20112) detachBuffer: slot 3 is not owned by the producer (state = FREE)
04-25 09:54:56.844 20112 23793 W BufferQueueProducer: [SurfaceTexture-0-20112-3] (id:4e9000000025,api:3,p:20112,c:20112) detachBuffer: slot 7 is not owned by the producer (state = FREE)
04-25 09:54:56.845 20112 23793 W BufferQueueProducer: [SurfaceTexture-0-20112-3] (id:4e9000000025,api:3,p:20112,c:20112) detachBuffer: slot 8 is not owned by the producer (state = FREE)
04-25 09:54:56.845 20112 23793 W BufferQueueProducer: [SurfaceTexture-0-20112-3] (id:4e9000000025,api:3,p:20112,c:20112) detachBuffer: slot 9 is not owned by the producer (state = FREE)
04-25 09:54:56.845 20112 23793 W BufferQueueProducer: [SurfaceTexture-0-20112-3] (id:4e9000000025,api:3,p:20112,c:20112) detachBuffer: slot 10 is not owned by the producer (state = ACQUIRED)
04-25 09:54:56.845 20112 23793 W BufferQueueProducer: [SurfaceTexture-0-20112-3] (id:4e9000000025,api:3,p:20112,c:20112) detachBuffer: slot 11 is not owned by the producer (state = FREE)
04-25 09:54:56.846 20112 23793 W BufferQueueProducer: [SurfaceTexture-0-20112-3] (id:4e9000000025,api:3,p:20112,c:20112) detachBuffer: slot 12 is not owned by the producer (state = FREE)
04-25 09:54:56.846 20112 23793 W BufferQueueProducer: [SurfaceTexture-0-20112-3] (id:4e9000000025,api:3,p:20112,c:20112) detachBuffer: slot 13 is not owned by the producer (state = FREE)
04-25 09:54:56.846 20112 23793 W BufferQueueProducer: [SurfaceTexture-0-20112-3] (id:4e9000000025,api:3,p:20112,c:20112) detachBuffer: slot 14 is not owned by the producer (state = FREE)
04-25 09:54:56.846 20112 23793 W BufferQueueProducer: [SurfaceTexture-0-20112-3] (id:4e9000000025,api:3,p:20112,c:20112) detachBuffer: slot 15 is not owned by the producer (state = FREE)
04-25 09:54:56.847 20112 23793 W BufferQueueProducer: [SurfaceTexture-0-20112-3] (id:4e9000000025,api:3,p:20112,c:20112) detachBuffer: slot 16 is not owned by the producer (state = FREE)
04-25 09:54:56.847 20112 23793 W BufferQueueProducer: [SurfaceTexture-0-20112-3] (id:4e9000000025,api:3,p:20112,c:20112) detachBuffer: slot 17 is not owned by the producer (state = FREE)
04-25 09:54:56.847 20112 23793 W BufferQueueProducer: [SurfaceTexture-0-20112-3] (id:4e9000000025,api:3,p:20112,c:20112) detachBuffer: slot 18 is not owned by the producer (state = FREE)
04-25 09:54:56.847 20112 23793 W BufferQueueProducer: [SurfaceTexture-0-20112-3] (id:4e9000000025,api:3,p:20112,c:20112) detachBuffer: slot 19 is not owned by the producer (state = FREE)
04-25 09:54:56.847 20112 23793 W BufferQueueProducer: [SurfaceTexture-0-20112-3] (id:4e9000000025,api:3,p:20112,c:20112) detachBuffer: slot 20 is not owned by the producer (state = FREE)
04-25 09:54:56.848 20112 23793 W BufferQueueProducer: [SurfaceTexture-0-20112-3] (id:4e9000000025,api:3,p:20112,c:20112) detachBuffer: slot 24 is not owned by the producer (state = FREE)
04-25 09:54:56.848 20112 23793 W BufferQueueProducer: [SurfaceTexture-0-20112-3] (id:4e9000000025,api:3,p:20112,c:20112) detachBuffer: slot 25 is not owned by the producer (state = FREE)
04-25 09:54:56.848 20112 23793 W BufferQueueProducer: [SurfaceTexture-0-20112-3] (id:4e9000000025,api:3,p:20112,c:20112) detachBuffer: slot 26 is not owned by the producer (state = FREE)
04-25 09:54:56.849 20112 23793 W BufferQueueProducer: [SurfaceTexture-0-20112-3] (id:4e9000000025,api:3,p:20112,c:20112) detachBuffer: slot 27 is not owned by the producer (state = FREE)
04-25 09:54:56.849 20112 23793 W BufferQueueProducer: [SurfaceTexture-0-20112-3] (id:4e9000000025,api:3,p:20112,c:20112) detachBuffer: slot 28 is not owned by the producer (state = FREE)
04-25 09:54:56.849 20112 23793 W BufferQueueProducer: [SurfaceTexture-0-20112-3] (id:4e9000000025,api:3,p:20112,c:20112) detachBuffer: slot 29 is not owned by the producer (state = FREE)
