04-25 09:54:43.677 20112 23512 W BufferQueueProducer: [MediaCodec.release] (id:4e900000001d,api:3,p:20112,c:20112) detachBuffer: slot 51 is not owned by the producer (state = FREE)
04-25 09:54:43.678 20112 23512 W BufferQueueProducer: [MediaCodec.release] (id:4e900000001d,api:3,p:20112,c:20112) detachBuffer: slot 52 is not owned by the producer (state = FREE)
04-25 09:54:43.678 20112 23512 W BufferQueueProducer: [MediaCodec.release] (id:4e900000001d,api:3,p:20112,c:20112) detachBuffer: slot 53 is not owned by the producer (state = FREE)
04-25 09:54:43.678 20112 23512 W BufferQueueProducer: [MediaCodec.release] (id:4e900000001d,api:3,p:20112,c:20112) detachBuffer: slot 54 is not owned by the producer (state = FREE)
04-25 09:54:43.678 20112 23512 W BufferQueueProducer: [MediaCodec.release] (id:4e900000001d,api:3,p:20112,c:20112) detachBuffer: slot 55 is not owned by the producer (state = FREE)
04-25 09:54:43.678 20112 23512 W BufferQueueProducer: [MediaCodec.release] (id:4e900000001d,api:3,p:20112,c:20112) detachBuffer: slot 56 is not owned by the producer (state = FREE)
04-25 09:54:43.678 20112 23512 W BufferQueueProducer: [MediaCodec.release] (id:4e900000001d,api:3,p:20112,c:20112) detachBuffer: slot 57 is not owned by the producer (state = FREE)
04-25 09:54:43.679 20112 23512 W BufferQueueProducer: [MediaCodec.release] (id:4e900000001d,api:3,p:20112,c:20112) detachBuffer: slot 58 is not owned by the producer (state = FREE)
04-25 09:54:43.679 20112 23512 W BufferQueueProducer: [MediaCodec.release] (id:4e900000001d,api:3,p:20112,c:20112) detachBuffer: slot 59 is not owned by the producer (state = FREE)
04-25 09:54:43.680 20112 23512 W BufferQueueProducer: [MediaCodec.release] (id:4e900000001d,api:3,p:20112,c:20112) detachBuffer: slot 60 is not owned by the producer (state = FREE)
04-25 09:54:43.680 20112 23512 W BufferQueueProducer: [MediaCodec.release] (id:4e900000001d,api:3,p:20112,c:20112) detachBuffer: slot 61 is not owned by the producer (state = FREE)
04-25 09:54:43.681 20112 23512 W BufferQueueProducer: [MediaCodec.release] (id:4e900000001d,api:3,p:20112,c:20112) detachBuffer: slot 62 is not owned by the producer (state = FREE)
04-25 09:54:43.681 20112 23512 W BufferQueueProducer: [MediaCodec.release] (id:4e900000001d,api:3,p:20112,c:20112) detachBuffer: slot 63 is not owned by the producer (state = FREE)
04-25 09:54:43.688 20112 23462 E send_data_to_xlog: send_video_play_to_xlog, start
04-25 09:54:43.688 20112 23462 E xlog_client: xlog_open: Error in open xlog
04-25 09:54:43.688 20112 23462 E xlog_client: xlog open fail
04-25 09:54:43.695 20112 22650 E BufferQueueProducer: [MediaCodec.release] (id:4e900000001d,api:0,p:-1,c:20112) cancelBuffer: BufferQueue has no connected producer
04-25 09:54:43.696 20112 22650 E BufferQueueProducer: [MediaCodec.release] (id:4e900000001d,api:0,p:-1,c:20112) cancelBuffer: BufferQueue has no connected producer
04-25 09:54:43.697 20112 22650 E BufferQueueProducer: [MediaCodec.release] (id:4e900000001d,api:0,p:-1,c:20112) cancelBuffer: BufferQueue has no connected producer
04-25 09:54:43.698 20112 22650 E BufferQueueProducer: [MediaCodec.release] (id:4e900000001d,api:0,p:-1,c:20112) cancelBuffer: BufferQueue has no connected producer
04-25 09:54:43.699 20112 22650 E BufferQueueProducer: [MediaCodec.release] (id:4e900000001d,api:0,p:-1,c:20112) cancelBuffer: BufferQueue has no connected producer
04-25 09:54:43.699 20112 22650 E BufferQueueProducer: [MediaCodec.release] (id:4e900000001d,api:0,p:-1,c:20112) cancelBuffer: BufferQueue has no connected producer
04-25 09:54:43.699 20112 22650 E BufferQueueProducer: [MediaCodec.release] (id:4e900000001d,api:0,p:-1,c:20112) cancelBuffer: BufferQueue has no connected producer
04-25 09:54:43.700 20112 22650 E BufferQueueProducer: [MediaCodec.release] (id:4e900000001d,api:0,p:-1,c:20112) cancelBuffer: BufferQueue has no connected producer
04-25 09:54:43.700 20112 22650 E BufferQueueProducer: [MediaCodec.release] (id:4e900000001d,api:0,p:-1,c:20112) cancelBuffer: BufferQueue has no connected producer
04-25 09:54:43.701 20112 22650 E BufferQueueProducer: [MediaCodec.release] (id:4e900000001d,api:0,p:-1,c:20112) cancelBuffer: BufferQueue has no connected producer
04-25 09:54:43.702 20112 22650 E BufferQueueProducer: [MediaCodec.release] (id:4e900000001d,api:0,p:-1,c:20112) cancelBuffer: BufferQueue has no connected producer
04-25 09:54:43.705 20112 22650 E BufferQueueProducer: [MediaCodec.release] (id:4e900000001d,api:0,p:-1,c:20112) cancelBuffer: BufferQueue has no connected producer
04-25 09:54:43.705 20112 22650 E BufferQueueProducer: [MediaCodec.release] (id:4e900000001d,api:0,p:-1,c:20112) cancelBuffer: BufferQueue has no connected producer
04-25 09:54:43.705 20112 22650 E BufferQueueProducer: [MediaCodec.release] (id:4e900000001d,api:0,p:-1,c:20112) cancelBuffer: BufferQueue has no connected producer
04-25 09:54:43.705 20112 22650 E BufferQueueProducer: [MediaCodec.release] (id:4e900000001d,api:0,p:-1,c:20112) cancelBuffer: BufferQueue has no connected producer
04-25 09:54:43.708 20112 22650 E BufferQueueProducer: [MediaCodec.release] (id:4e900000001d,api:0,p:-1,c:20112) cancelBuffer: BufferQueue has no connected producer
04-25 09:54:43.725 20112 23516 W ColorUtils: expected specified color aspects (2:0:0:0)
04-25 09:54:43.733 20112 23516 W Codec2Client: query -- param skipped: index = 1107298332.
04-25 09:54:43.733 20112 23516 W CCodec : This behavior is subject to change. It is recommended that app developers double check whether the requested max input size is in reasonable range.
04-25 09:54:43.737 20112 23516 W Codec2Client: query -- param skipped: index = 1342179345.
04-25 09:54:43.737 20112 23516 W Codec2Client: query -- param skipped: index = 2415921170.
04-25 09:54:43.737 20112 23516 W Codec2Client: query -- param skipped: index = 1610614798.
04-25 09:54:43.797 20112 23525 W Codec2Client: query -- param skipped: index = 1107298332.
04-25 09:54:43.797 20112 23525 W CCodec : This behavior is subject to change. It is recommended that app developers double check whether the requested max input size is in reasonable range.
04-25 09:54:43.800 20112 23525 W Codec2Client: query -- param skipped: index = 1342179345.
04-25 09:54:43.800 20112 23525 W Codec2Client: query -- param skipped: index = 2415921170.
04-25 09:54:43.800 20112 23525 W Codec2Client: query -- param skipped: index = 1610614798.
04-25 09:54:43.846 20112 23242 W libc : Access denied finding property "vendor.audio.cpu.sched"
04-25 09:54:43.847 20112 23242 W libc : Access denied finding property "vendor.audio.rt.mode"
04-25 09:54:43.862 20112 20112 W RenderThread: type=1400 audit(0.0:590800): avc: denied { getattr } for name="dmabuf:" dev="dmabuf" ino=1 scontext=u:r:untrusted_app:s0:c89,c257,c512,c768 tcontext=u:object_r:unlabeled:s0 tclass=filesystem permissive=0 app=com.mbwhatsapp
04-25 09:54:43.869 20112 20255 E com.mbwhatsapp: == MALI DEBUG ===eglp_winsys_populate_image_templates ==12288
04-25 09:54:44.005 20112 23515 W MediaCodec: [mId: 8] video-debug onReleaseOutputBuffer: Render time interval reaches 145ms before pts: 100000
04-25 09:54:44.049 20112 20255 E com.mbwhatsapp: == MALI DEBUG ===eglp_winsys_populate_image_templates ==12288
04-25 09:54:44.042 20112 20112 W RenderThread: type=1400 audit(0.0:590801): avc: denied { getattr } for name="dmabuf:" dev="dmabuf" ino=1 scontext=u:r:untrusted_app:s0:c89,c257,c512,c768 tcontext=u:object_r:unlabeled:s0 tclass=filesystem permissive=0 app=com.mbwhatsapp
04-25 09:54:44.074 20112 20112 W RenderThread: type=1400 audit(0.0:590804): avc: denied { getattr } for name="dmabuf:" dev="dmabuf" ino=1 scontext=u:r:untrusted_app:s0:c89,c257,c512,c768 tcontext=u:object_r:unlabeled:s0 tclass=filesystem permissive=0 app=com.mbwhatsapp
04-25 09:54:44.080 20112 20255 E com.mbwhatsapp: == MALI DEBUG ===eglp_winsys_populate_image_templates ==12288
04-25 09:54:44.101 20112 20255 E com.mbwhatsapp: == MALI DEBUG ===eglp_winsys_populate_image_templates ==12288
04-25 09:54:44.147 20112 20255 E com.mbwhatsapp: == MALI DEBUG ===eglp_winsys_populate_image_templates ==12288
04-25 09:54:44.179 20112 20255 E com.mbwhatsapp: == MALI DEBUG ===eglp_winsys_populate_image_templates ==12288
04-25 09:54:44.192 20112 20209 E SQLiteDatabase: Error inserting transferred=1 media_job_uuid=d07c3b32-4827-4d8c-a810-d5a1ad56f091 transcoded=0 gif_attribution=0 first_scan_length=0 direct_path=/v/t62.7161- 24/13785323_1508597296673469_4017368057045395481_n.enc?ccb=11-4&oh=01_Q5AaIK2JLQXz- yqDExRYtOkZCWmLom3QdFOBzr8Lv-HMjSCm&oe=66513FBD&_nc_sid=5e03e0 thumbnail_height_width_ratio=1.7857143 is_animated_sticker=0 file_hash=0MEIsIK1abuWZs56eERF2mEXyYiCvhVjyWg2fKIzQbc= file_path=Media/.Statuses/5dcf1870afb04d9788b5b73f8d81bf8d.mp4 file_size=560144 partial_media_hash=null face_x=0 face_y=0 height=1024 trim_to=0 media_key_timestamp=1714019629000 message_url=https://mmg.whatsapp.net/v/t62.7161- 24/13785323_1508597296673469_4017368057045395481_n.enc?ccb=11-4&oh=01_Q5AaIK2JLQXz- yqDExRYtOkZCWmLom3QdFOBzr8Lv-HMjSCm&oe=66513FBD&_nc_sid=5e03e0&mms3=true media_caption=null trim_from=0 mime_type=video/mp4 partial_media_enc_hash=null width=576 original_file_hash=null has_streaming_sidecar=1 autotransfer_retry_enabled=1 media_upload_handle=null message_row_id=161 multicast_id=null enc_file_hash=so4OBzXHun8jQdO/pzW0SH+915szaUJyt29WjzOYNSo= mute_video=0 page_count=0 first_scan_sidecar=null suspicious_content=0 file_length=560144 media_name=null media_duration=9 chat_row_id=25 media_key=[B@b873c5b
04-25 09:54:44.192 20112 20209 E SQLiteDatabase: android.database.sqlite.SQLiteConstraintException: UNIQUE constraint failed: message_media.message_row_id (code 1555 SQLITE_CONSTRAINT_PRIMARYKEY)
04-25 09:54:44.192 20112 20209 E SQLiteDatabase: at android.database.sqlite.SQLiteConnection.nativeExecuteForLastInsertedRowId(Native Method)
04-25 09:54:44.192 20112 20209 E SQLiteDatabase: at android.database.sqlite.SQLiteConnection.executeForLastInsertedRowId(SQLiteConnecti on.java:961)
04-25 09:54:44.192 20112 20209 E SQLiteDatabase: at android.database.sqlite.SQLiteSession.executeForLastInsertedRowId(SQLiteSession.jav a:790)
04-25 09:54:44.192 20112 20209 E SQLiteDatabase: at android.database.sqlite.SQLiteStatement.executeInsert(SQLiteStatement.java:89)
04-25 09:54:44.192 20112 20209 E SQLiteDatabase: at android.database.sqlite.SQLiteDatabase.insertWithOnConflict(SQLiteDatabase.java:186 8)
04-25 09:54:44.192 20112 20209 E SQLiteDatabase: at android.database.sqlite.SQLiteDatabase.insert(SQLiteDatabase.java:1737)
04-25 09:54:44.192 20112 20209 E SQLiteDatabase: at X.2tm.A08(Unknown Source:6)
04-25 09:54:44.192 20112 20209 E SQLiteDatabase: at X.35Y.A07(Unknown Source:212)
04-25 09:54:44.192 20112 20209 E SQLiteDatabase: at X.3QF.A14(Unknown Source:470)
04-25 09:54:44.192 20112 20209 E SQLiteDatabase: at X.3gU.run(Unknown Source:982)
04-25 09:54:44.192 20112 20209 E SQLiteDatabase: at android.os.Handler.handleCallback(Handler.java:942)
04-25 09:54:44.192 20112 20209 E SQLiteDatabase: at android.os.Handler.dispatchMessage(Handler.java:99)
04-25 09:54:44.192 20112 20209 E SQLiteDatabase: at X.0zq.dispatchMessage(Unknown Source:4)
04-25 09:54:44.192 20112 20209 E SQLiteDatabase: at android.os.Looper.loopOnce(Looper.java:211)
04-25 09:54:44.192 20112 20209 E SQLiteDatabase: at android.os.Looper.loop(Looper.java:300)
04-25 09:54:44.192 20112 20209 E SQLiteDatabase: at android.os.HandlerThread.run(HandlerThread.java:67)
04-25 09:54:44.212 20112 20255 E com.mbwhatsapp: == MALI DEBUG ===eglp_winsys_populate_image_templates ==12288
04-25 09:54:44.349 20112 20255 E com.mbwhatsapp: == MALI DEBUG ===eglp_winsys_populate_image_templates ==12288
04-25 09:54:44.392 20112 20255 E com.mbwhatsapp: == MALI DEBUG ===eglp_winsys_populate_image_templates ==12288
04-25 09:54:44.424 20112 20255 E com.mbwhatsapp: == MALI DEBUG ===eglp_winsys_populate_image_templates ==12288
04-25 09:54:44.456 20112 20255 E com.mbwhatsapp: == MALI DEBUG ===eglp_winsys_populate_image_templates ==12288
04-25 09:54:44.479 20112 20255 E com.mbwhatsapp: == MALI DEBUG ===eglp_winsys_populate_image_templates ==12288
04-25 09:54:45.051 20112 23515 W Codec2Client: query -- param skipped: index = 1342179345.
04-25 09:54:45.051 20112 23515 W Codec2Client: query -- param skipped: index = 2415921170.
04-25 09:54:45.051 20112 23515 W Codec2Client: query -- param skipped: index = 1610614798.
04-25 09:54:45.055 20112 23525 W Codec2Client: query -- param skipped: index = 1342179345.
04-25 09:54:45.055 20112 23525 W Codec2Client: query -- param skipped: index = 2415921170.
04-25 09:54:45.055 20112 23525 W Codec2Client: query -- param skipped: index = 1610614798.
04-25 09:54:45.061 20112 23515 W BufferQueueProducer: [SurfaceTexture-0-20112-1] (id:4e900000001b,api:3,p:20112,c:20112) detachBuffer: slot 2 is not owned by the producer (state = FREE)
04-25 09:54:45.062 20112 23515 W BufferQueueProducer: [SurfaceTexture-0-20112-1] (id:4e900000001b,api:3,p:20112,c:20112) detachBuffer: slot 8 is not owned by the producer (state = FREE)
04-25 09:54:45.063 20112 23515 W BufferQueueProducer: [SurfaceTexture-0-20112-1] (id:4e900000001b,api:3,p:20112,c:20112) detachBuffer: slot 10 is not owned by the producer (state = FREE)
04-25 09:54:45.063 20112 23515 W BufferQueueProducer: [SurfaceTexture-0-20112-1] (id:4e900000001b,api:3,p:20112,c:20112) detachBuffer: slot 11 is not owned by the producer (state = FREE)
04-25 09:54:45.063 20112 23515 W BufferQueueProducer: [SurfaceTexture-0-20112-1] (id:4e900000001b,api:3,p:20112,c:20112) detachBuffer: slot 12 is not owned by the producer (state = FREE)
04-25 09:54:45.063 20112 23515 W BufferQueueProducer: [SurfaceTexture-0-20112-1] (id:4e900000001b,api:3,p:20112,c:20112) detachBuffer: slot 13 is not owned by the producer (state = FREE)
04-25 09:54:45.063 20112 23515 W BufferQueueProducer: [SurfaceTexture-0-20112-1] (id:4e900000001b,api:3,p:20112,c:20112) detachBuffer: slot 14 is not owned by the producer (state = FREE)
04-25 09:54:45.064 20112 23515 W BufferQueueProducer: [SurfaceTexture-0-20112-1] (id:4e900000001b,api:3,p:20112,c:20112) detachBuffer: slot 17 is not owned by the producer (state = ACQUIRED)
04-25 09:54:45.066 20112 23515 W BufferQueueProducer: [SurfaceTexture-0-20112-1] (id:4e900000001b,api:3,p:20112,c:20112) detachBuffer: slot 24 is not owned by the producer (state = FREE)
04-25 09:54:45.066 20112 23515 W BufferQueueProducer: [SurfaceTexture-0-20112-1] (id:4e900000001b,api:3,p:20112,c:20112) detachBuffer: slot 25 is not owned by the producer (state = FREE)
04-25 09:54:45.066 20112 23515 W BufferQueueProducer: [SurfaceTexture-0-20112-1] (id:4e900000001b,api:3,p:20112,c:20112) detachBuffer: slot 26 is not owned by the producer (state = FREE)
04-25 09:54:45.066 20112 23515 W BufferQueueProducer: [SurfaceTexture-0-20112-1] (id:4e900000001b,api:3,p:20112,c:20112) detachBuffer: slot 27 is not owned by the producer (state = FREE)
04-25 09:54:45.066 20112 23515 W BufferQueueProducer: [SurfaceTexture-0-20112-1] (id:4e900000001b,api:3,p:20112,c:20112) detachBuffer: slot 28 is not owned by the producer (state = FREE)
04-25 09:54:45.066 20112 23515 W BufferQueueProducer: [SurfaceTexture-0-20112-1] (id:4e900000001b,api:3,p:20112,c:20112) detachBuffer: slot 29 is not owned by the producer (state = FREE)
04-25 09:54:45.066 20112 23515 W BufferQueueProducer: [SurfaceTexture-0-20112-1] (id:4e900000001b,api:3,p:20112,c:20112) detachBuffer: slot 30 is not owned by the producer (state = FREE)
04-25 09:54:45.067 20112 23515 W BufferQueueProducer: [SurfaceTexture-0-20112-1] (id:4e900000001b,api:3,p:20112,c:20112) detachBuffer: slot 31 is not owned by the producer (state = FREE)
04-25 09:54:45.067 20112 23515 W BufferQueueProducer: [SurfaceTexture-0-20112-1] (id:4e900000001b,api:3,p:20112,c:20112) detachBuffer: slot 32 is not owned by the producer (state = FREE)
04-25 09:54:45.067 20112 23515 W BufferQueueProducer: [SurfaceTexture-0-20112-1] (id:4e900000001b,api:3,p:20112,c:20112) detachBuffer: slot 33 is not owned by the producer (state = FREE)
04-25 09:54:45.067 20112 23515 W BufferQueueProducer: [SurfaceTexture-0-20112-1] (id:4e900000001b,api:3,p:20112,c:20112) detachBuffer: slot 34 is not owned by the producer (state = FREE)
04-25 09:54:45.067 20112 23515 W BufferQueueProducer: [SurfaceTexture-0-20112-1] (id:4e900000001b,api:3,p:20112,c:20112) detachBuffer: slot 35 is not owned by the producer (state = FREE)
04-25 09:54:45.067 20112 23515 W BufferQueueProducer: [SurfaceTexture-0-20112-1] (id:4e900000001b,api:3,p:20112,c:20112) detachBuffer: slot 36 is not owned by the producer (state = FREE)
04-25 09:54:45.067 20112 23515 W BufferQueueProducer: [SurfaceTexture-0-20112-1] (id:4e900000001b,api:3,p:20112,c:20112) detachBuffer: slot 37 is not owned by the producer (state = FREE)
04-25 09:54:45.067 20112 23515 W BufferQueueProducer: [SurfaceTexture-0-20112-1] (id:4e900000001b,api:3,p:20112,c:20112) detachBuffer: slot 38 is not owned by the producer (state = FREE)
04-25 09:54:45.067 20112 23515 W BufferQueueProducer: [SurfaceTexture-0-20112-1] (id:4e900000001b,api:3,p:20112,c:20112) detachBuffer: slot 39 is not owned by the producer (state = FREE)
04-25 09:54:45.068 20112 23515 W BufferQueueProducer: [SurfaceTexture-0-20112-1] (id:4e900000001b,api:3,p:20112,c:20112) detachBuffer: slot 40 is not owned by the producer (state = FREE)
04-25 09:54:45.068 20112 23515 W BufferQueueProducer: [SurfaceTexture-0-20112-1] (id:4e900000001b,api:3,p:20112,c:20112) detachBuffer: slot 41 is not owned by the producer (state = FREE)
04-25 09:54:45.068 20112 23515 W BufferQueueProducer: [SurfaceTexture-0-20112-1] (id:4e900000001b,api:3,p:20112,c:20112) detachBuffer: slot 42 is not owned by the producer (state = FREE)
04-25 09:54:45.068 20112 23515 W BufferQueueProducer: [SurfaceTexture-0-20112-1] (id:4e900000001b,api:3,p:20112,c:20112) detachBuffer: slot 43 is not owned by the producer (state = FREE)
04-25 09:54:45.068 20112 23515 W BufferQueueProducer: [SurfaceTexture-0-20112-1] (id:4e900000001b,api:3,p:20112,c:20112) detachBuffer: slot 44 is not owned by the producer (state = FREE)
04-25 09:54:45.068 20112 23515 W BufferQueueProducer: [SurfaceTexture-0-20112-1] (id:4e900000001b,api:3,p:20112,c:20112) detachBuffer: slot 45 is not owned by the producer (state = FREE)
04-25 09:54:45.068 20112 23515 W BufferQueueProducer: [SurfaceTexture-0-20112-1] (id:4e900000001b,api:3,p:20112,c:20112) detachBuffer: slot 46 is not owned by the producer (state = FREE)
04-25 09:54:45.068 20112 23515 W BufferQueueProducer: [SurfaceTexture-0-20112-1] (id:4e900000001b,api:3,p:20112,c:20112) detachBuffer: slot 47 is not owned by the producer (state = FREE)
04-25 09:54:45.068 20112 23515 W BufferQueueProducer: [SurfaceTexture-0-20112-1] (id:4e900000001b,api:3,p:20112,c:20112) detachBuffer: slot 48 is not owned by the producer (state = FREE)
04-25 09:54:45.068 20112 23515 W BufferQueueProducer: [SurfaceTexture-0-20112-1] (id:4e900000001b,api:3,p:20112,c:20112) detachBuffer: slot 49 is not owned by the producer (state = FREE)
04-25 09:54:45.069 20112 23515 W BufferQueueProducer: [SurfaceTexture-0-20112-1] (id:4e900000001b,api:3,p:20112,c:20112) detachBuffer: slot 50 is not owned by the producer (state = FREE)
04-25 09:54:45.069 20112 23515 W BufferQueueProducer: [SurfaceTexture-0-20112-1] (id:4e900000001b,api:3,p:20112,c:20112) detachBuffer: slot 51 is not owned by the producer (state = FREE)
04-25 09:54:45.069 20112 23515 W BufferQueueProducer: [SurfaceTexture-0-20112-1] (id:4e900000001b,api:3,p:20112,c:20112) detachBuffer: slot 52 is not owned by the producer (state = FREE)
04-25 09:54:45.069 20112 23515 W BufferQueueProducer: [SurfaceTexture-0-20112-1] (id:4e900000001b,api:3,p:20112,c:20112) detachBuffer: slot 53 is not owned by the producer (state = FREE)
04-25 09:54:45.069 20112 23515 W BufferQueueProducer: [SurfaceTexture-0-20112-1] (id:4e900000001b,api:3,p:20112,c:20112) detachBuffer: slot 54 is not owned by the producer (state = FREE)
04-25 09:54:45.069 20112 23515 W BufferQueueProducer: [SurfaceTexture-0-20112-1] (id:4e900000001b,api:3,p:20112,c:20112) detachBuffer: slot 55 is not owned by the producer (state = FREE)
04-25 09:54:45.069 20112 23515 W BufferQueueProducer: [SurfaceTexture-0-20112-1] (id:4e900000001b,api:3,p:20112,c:20112) detachBuffer: slot 56 is not owned by the producer (state = FREE)
04-25 09:54:45.069 20112 23515 W BufferQueueProducer: [SurfaceTexture-0-20112-1] (id:4e900000001b,api:3,p:20112,c:20112) detachBuffer: slot 57 is not owned by the producer (state = FREE)
04-25 09:54:45.070 20112 23515 W BufferQueueProducer: [SurfaceTexture-0-20112-1] (id:4e900000001b,api:3,p:20112,c:20112) detachBuffer: slot 58 is not owned by the producer (state = FREE)
04-25 09:54:45.070 20112 23515 W BufferQueueProducer: [SurfaceTexture-0-20112-1] (id:4e900000001b,api:3,p:20112,c:20112) detachBuffer: slot 59 is not owned by the producer (state = FREE)
04-25 09:54:45.070 20112 23515 W BufferQueueProducer: [SurfaceTexture-0-20112-1] (id:4e900000001b,api:3,p:20112,c:20112) detachBuffer: slot 60 is not owned by the producer (state = FREE)
04-25 09:54:45.070 20112 23515 W BufferQueueProducer: [SurfaceTexture-0-20112-1] (id:4e900000001b,api:3,p:20112,c:20112) detachBuffer: slot 61 is not owned by the producer (state = FREE)
04-25 09:54:45.070 20112 23515 W BufferQueueProducer: [SurfaceTexture-0-20112-1] (id:4e900000001b,api:3,p:20112,c:20112) detachBuffer: slot 62 is not owned by the producer (state = FREE)
04-25 09:54:45.070 20112 23515 W BufferQueueProducer: [SurfaceTexture-0-20112-1] (id:4e900000001b,api:3,p:20112,c:20112) detachBuffer: slot 63 is not owned by the producer (state = FREE)
04-25 09:54:45.115 20112 23561 W BufferQueueProducer: [MediaCodec.release] (id:4e900000001e,api:3,p:20112,c:20112) detachBuffer: slot 16 is not owned by the producer (state = FREE)
04-25 09:54:45.116 20112 23561 W BufferQueueProducer: [MediaCodec.release] (id:4e900000001e,api:3,p:20112,c:20112) detachBuffer: slot 17 is not owned by the producer (state = FREE)
04-25 09:54:45.116 20112 23561 W BufferQueueProducer: [MediaCodec.release] (id:4e900000001e,api:3,p:20112,c:20112) detachBuffer: slot 18 is not owned by the producer (state = FREE)
04-25 09:54:45.116 20112 23561 W BufferQueueProducer: [MediaCodec.release] (id:4e900000001e,api:3,p:20112,c:20112) detachBuffer: slot 19 is not owned by the producer (state = FREE)
04-25 09:54:45.117 20112 23561 W BufferQueueProducer: [MediaCodec.release] (id:4e900000001e,api:3,p:20112,c:20112) detachBuffer: slot 20 is not owned by the producer (state = FREE)
04-25 09:54:45.117 20112 23561 W BufferQueueProducer: [MediaCodec.release] (id:4e900000001e,api:3,p:20112,c:20112) detachBuffer: slot 21 is not owned by the producer (state = FREE)
04-25 09:54:45.117 20112 23561 W BufferQueueProducer: [MediaCodec.release] (id:4e900000001e,api:3,p:20112,c:20112) detachBuffer: slot 22 is not owned by the producer (state = FREE)
04-25 09:54:45.117 20112 23561 W BufferQueueProducer: [MediaCodec.release] (id:4e900000001e,api:3,p:20112,c:20112) detachBuffer: slot 23 is not owned by the producer (state = FREE)
04-25 09:54:45.118 20112 23561 W BufferQueueProducer: [MediaCodec.release] (id:4e900000001e,api:3,p:20112,c:20112) detachBuffer: slot 24 is not owned by the producer (state = FREE)
04-25 09:54:45.118 20112 23561 W BufferQueueProducer: [MediaCodec.release] (id:4e900000001e,api:3,p:20112,c:20112) detachBuffer: slot 25 is not owned by the producer (state = FREE)
04-25 09:54:45.118 20112 23561 W BufferQueueProducer: [MediaCodec.release] (id:4e900000001e,api:3,p:20112,c:20112) detachBuffer: slot 26 is not owned by the producer (state = FREE)
04-25 09:54:45.118 20112 23561 W BufferQueueProducer: [MediaCodec.release] (id:4e900000001e,api:3,p:20112,c:20112) detachBuffer: slot 27 is not owned by the producer (state = FREE)
04-25 09:54:45.118 20112 23561 W BufferQueueProducer: [MediaCodec.release] (id:4e900000001e,api:3,p:20112,c:20112) detachBuffer: slot 28 is not owned by the producer (state = FREE)
04-25 09:54:45.119 20112 23561 W BufferQueueProducer: [MediaCodec.release] (id:4e900000001e,api:3,p:20112,c:20112) detachBuffer: slot 29 is not owned by the producer (state = FREE)
04-25 09:54:45.119 20112 23561 W BufferQueueProducer: [MediaCodec.release] (id:4e900000001e,api:3,p:20112,c:20112) detachBuffer: slot 30 is not owned by the producer (state = FREE)
04-25 09:54:45.119 20112 23561 W BufferQueueProducer: [MediaCodec.release] (id:4e900000001e,api:3,p:20112,c:20112) detachBuffer: slot 31 is not owned by the producer (state = FREE)
04-25 09:54:45.119 20112 23561 W BufferQueueProducer: [MediaCodec.release] (id:4e900000001e,api:3,p:20112,c:20112) detachBuffer: slot 32 is not owned by the producer (state = FREE)
04-25 09:54:45.119 20112 23561 W BufferQueueProducer: [MediaCodec.release] (id:4e900000001e,api:3,p:20112,c:20112) detachBuffer: slot 33 is not owned by the producer (state = FREE)
04-25 09:54:45.119 20112 23561 W BufferQueueProducer: [MediaCodec.release] (id:4e900000001e,api:3,p:20112,c:20112) detachBuffer: slot 34 is not owned by the producer (state = FREE)
04-25 09:54:45.120 20112 23561 W BufferQueueProducer: [MediaCodec.release] (id:4e900000001e,api:3,p:20112,c:20112) detachBuffer: slot 35 is not owned by the producer (state = FREE)
04-25 09:54:45.120 20112 23561 W BufferQueueProducer: [MediaCodec.release] (id:4e900000001e,api:3,p:20112,c:20112) detachBuffer: slot 36 is not owned by the producer (state = FREE)
04-25 09:54:45.120 20112 23561 W BufferQueueProducer: [MediaCodec.release] (id:4e900000001e,api:3,p:20112,c:20112) detachBuffer: slot 37 is not owned by the producer (state = FREE)
04-25 09:54:45.120 20112 23561 W BufferQueueProducer: [MediaCodec.release] (id:4e900000001e,api:3,p:20112,c:20112) detachBuffer: slot 38 is not owned by the producer (state = FREE)
04-25 09:54:45.120 20112 23561 W BufferQueueProducer: [MediaCodec.release] (id:4e900000001e,api:3,p:20112,c:20112) detachBuffer: slot 39 is not owned by the producer (state = FREE)
04-25 09:54:45.120 20112 23561 W BufferQueueProducer: [MediaCodec.release] (id:4e900000001e,api:3,p:20112,c:20112) detachBuffer: slot 40 is not owned by the producer (state = FREE)
04-25 09:54:45.120 20112 23561 W BufferQueueProducer: [MediaCodec.release] (id:4e900000001e,api:3,p:20112,c:20112) detachBuffer: slot 41 is not owned by the producer (state = FREE)
04-25 09:54:45.121 20112 23561 W BufferQueueProducer: [MediaCodec.release] (id:4e900000001e,api:3,p:20112,c:20112) detachBuffer: slot 42 is not owned by the producer (state = FREE)
04-25 09:54:45.121 20112 23561 W BufferQueueProducer: [MediaCodec.release] (id:4e900000001e,api:3,p:20112,c:20112) detachBuffer: slot 43 is not owned by the producer (state = FREE)
04-25 09:54:45.121 20112 23561 W BufferQueueProducer: [MediaCodec.release] (id:4e900000001e,api:3,p:20112,c:20112) detachBuffer: slot 44 is not owned by the producer (state = FREE)
04-25 09:54:45.121 20112 23561 W BufferQueueProducer: [MediaCodec.release] (id:4e900000001e,api:3,p:20112,c:20112) detachBuffer: slot 45 is not owned by the producer (state = FREE)
04-25 09:54:45.122 20112 23561 W BufferQueueProducer: [MediaCodec.release] (id:4e900000001e,api:3,p:20112,c:20112) detachBuffer: slot 46 is not owned by the producer (state = FREE)
04-25 09:54:45.122 20112 23561 W BufferQueueProducer: [MediaCodec.release] (id:4e900000001e,api:3,p:20112,c:20112) detachBuffer: slot 47 is not owned by the producer (state = FREE)
04-25 09:54:45.122 20112 23561 W BufferQueueProducer: [MediaCodec.release] (id:4e900000001e,api:3,p:20112,c:20112) detachBuffer: slot 48 is not owned by the producer (state = FREE)
04-25 09:54:45.122 20112 23561 W BufferQueueProducer: [MediaCodec.release] (id:4e900000001e,api:3,p:20112,c:20112) detachBuffer: slot 49 is not owned by the producer (state = FREE)
04-25 09:54:45.122 20112 23561 W BufferQueueProducer: [MediaCodec.release] (id:4e900000001e,api:3,p:20112,c:20112) detachBuffer: slot 50 is not owned by the producer (state = FREE)
04-25 09:54:45.124 20112 23561 W BufferQueueProducer: [MediaCodec.release] (id:4e900000001e,api:3,p:20112,c:20112) detachBuffer: slot 51 is not owned by the producer (state = FREE)
04-25 09:54:45.126 20112 23561 W BufferQueueProducer: [MediaCodec.release] (id:4e900000001e,api:3,p:20112,c:20112) detachBuffer: slot 52 is not owned by the producer (state = FREE)
04-25 09:54:45.126 20112 23561 W BufferQueueProducer: [MediaCodec.release] (id:4e900000001e,api:3,p:20112,c:20112) detachBuffer: slot 53 is not owned by the producer (state = FREE)
04-25 09:54:45.126 20112 23561 W BufferQueueProducer: [MediaCodec.release] (id:4e900000001e,api:3,p:20112,c:20112) detachBuffer: slot 54 is not owned by the producer (state = FREE)
04-25 09:54:45.126 20112 23561 W BufferQueueProducer: [MediaCodec.release] (id:4e900000001e,api:3,p:20112,c:20112) detachBuffer: slot 55 is not owned by the producer (state = FREE)
04-25 09:54:45.127 20112 23561 W BufferQueueProducer: [MediaCodec.release] (id:4e900000001e,api:3,p:20112,c:20112) detachBuffer: slot 56 is not owned by the producer (state = FREE)
04-25 09:54:45.128 20112 23561 W BufferQueueProducer: [MediaCodec.release] (id:4e900000001e,api:3,p:20112,c:20112) detachBuffer: slot 57 is not owned by the producer (state = FREE)
04-25 09:54:45.128 20112 23561 W BufferQueueProducer: [MediaCodec.release] (id:4e900000001e,api:3,p:20112,c:20112) detachBuffer: slot 58 is not owned by the producer (state = FREE)
04-25 09:54:45.128 20112 23561 W BufferQueueProducer: [MediaCodec.release] (id:4e900000001e,api:3,p:20112,c:20112) detachBuffer: slot 59 is not owned by the producer (state = FREE)
04-25 09:54:45.129 20112 23561 W BufferQueueProducer: [MediaCodec.release] (id:4e900000001e,api:3,p:20112,c:20112) detachBuffer: slot 60 is not owned by the producer (state = FREE)
04-25 09:54:45.129 20112 23561 W BufferQueueProducer: [MediaCodec.release] (id:4e900000001e,api:3,p:20112,c:20112) detachBuffer: slot 61 is not owned by the producer (state = FREE)
04-25 09:54:45.129 20112 23561 W BufferQueueProducer: [MediaCodec.release] (id:4e900000001e,api:3,p:20112,c:20112) detachBuffer: slot 62 is not owned by the producer (state = FREE)
04-25 09:54:45.129 20112 23561 W BufferQueueProducer: [MediaCodec.release] (id:4e900000001e,api:3,p:20112,c:20112) detachBuffer: slot 63 is not owned by the producer (state = FREE)
04-25 09:54:45.139 20112 22650 E BufferQueueProducer: [MediaCodec.release] (id:4e900000001e,api:0,p:-1,c:20112) cancelBuffer: BufferQueue has no connected producer
04-25 09:54:45.140 20112 22650 E BufferQueueProducer: [MediaCodec.release] (id:4e900000001e,api:0,p:-1,c:20112) cancelBuffer: BufferQueue has no connected producer
04-25 09:54:45.140 20112 22650 E BufferQueueProducer: [MediaCodec.release] (id:4e900000001e,api:0,p:-1,c:20112) cancelBuffer: BufferQueue has no connected producer
04-25 09:54:45.141 20112 22650 E BufferQueueProducer: [MediaCodec.release] (id:4e900000001e,api:0,p:-1,c:20112) cancelBuffer: BufferQueue has no connected producer
04-25 09:54:45.141 20112 22650 E BufferQueueProducer: [MediaCodec.release] (id:4e900000001e,api:0,p:-1,c:20112) cancelBuffer: BufferQueue has no connected producer
04-25 09:54:45.141 20112 22650 E BufferQueueProducer: [MediaCodec.release] (id:4e900000001e,api:0,p:-1,c:20112) cancelBuffer: BufferQueue has no connected producer
04-25 09:54:45.142 20112 22650 E BufferQueueProducer: [MediaCodec.release] (id:4e900000001e,api:0,p:-1,c:20112) cancelBuffer: BufferQueue has no connected producer
04-25 09:54:45.142 20112 22650 E BufferQueueProducer: [MediaCodec.release] (id:4e900000001e,api:0,p:-1,c:20112) cancelBuffer: BufferQueue has no connected producer
04-25 09:54:45.143 20112 22650 E BufferQueueProducer: [MediaCodec.release] (id:4e900000001e,api:0,p:-1,c:20112) cancelBuffer: BufferQueue has no connected producer
04-25 09:54:45.144 20112 22650 E BufferQueueProducer: [MediaCodec.release] (id:4e900000001e,api:0,p:-1,c:20112) cancelBuffer: BufferQueue has no connected producer
04-25 09:54:45.144 20112 22650 E BufferQueueProducer: [MediaCodec.release] (id:4e900000001e,api:0,p:-1,c:20112) cancelBuffer: BufferQueue has no connected producer
04-25 09:54:45.146 20112 22650 E BufferQueueProducer: [MediaCodec.release] (id:4e900000001e,api:0,p:-1,c:20112) cancelBuffer: BufferQueue has no connected producer
04-25 09:54:45.146 20112 22650 E BufferQueueProducer: [MediaCodec.release] (id:4e900000001e,api:0,p:-1,c:20112) cancelBuffer: BufferQueue has no connected producer
04-25 09:54:45.147 20112 22650 E BufferQueueProducer: [MediaCodec.release] (id:4e900000001e,api:0,p:-1,c:20112) cancelBuffer: BufferQueue has no connected producer
04-25 09:54:45.147 20112 22650 E BufferQueueProducer: [MediaCodec.release] (id:4e900000001e,api:0,p:-1,c:20112) cancelBuffer: BufferQueue has no connected producer
04-25 09:54:45.148 20112 22650 E BufferQueueProducer: [MediaCodec.release] (id:4e900000001e,api:0,p:-1,c:20112) cancelBuffer: BufferQueue has no connected producer
04-25 09:54:45.915 20112 20255 W Parcel : Expecting binder but got null!
04-25 09:54:45.959 20112 20112 W BottomSheetBehavior: BottomSheetBehavior now supports multiple callbacks. `setBottomSheetCallback()` removes all existing callbacks, including ones set internally by library authors, which may result in unintended behavior. This may change in the future. Please use `addBottomSheetCallback()` and `removeBottomSheetCallback()` instead to set your own callbacks.
04-25 09:54:45.959 20112 20112 W BottomSheetBehavior: BottomSheetBehavior now supports multiple callbacks. `setBottomSheetCallback()` removes all existing callbacks, including ones set internally by library authors, which may result in unintended behavior. This may change in the future. Please use `addBottomSheetCallback()` and `removeBottomSheetCallback()` instead to set your own callbacks.
04-25 09:54:45.999 20112 20112 W BottomSheetBehavior: BottomSheetBehavior now supports multiple callbacks. `setBottomSheetCallback()` removes all existing callbacks, including ones set internally by library authors, which may result in unintended behavior. This may change in the future. Please use `addBottomSheetCallback()` and `removeBottomSheetCallback()` instead to set your own callbacks.
04-25 09:54:45.999 20112 20112 W BottomSheetBehavior: BottomSheetBehavior now supports multiple callbacks. `setBottomSheetCallback()` removes all existing callbacks, including ones set internally by library authors, which may result in unintended behavior. This may change in the future. Please use `addBottomSheetCallback()` and `removeBottomSheetCallback()` instead to set your own callbacks.
04-25 09:54:46.018 20112 20112 W BottomSheetBehavior: BottomSheetBehavior now supports multiple callbacks. `setBottomSheetCallback()` removes all existing callbacks, including ones set internally by library authors, which may result in unintended behavior. This may change in the future. Please use `addBottomSheetCallback()` and `removeBottomSheetCallback()` instead to set your own callbacks.
04-25 09:54:46.018 20112 20112 W BottomSheetBehavior: BottomSheetBehavior now supports multiple callbacks. `setBottomSheetCallback()` removes all existing callbacks, including ones set internally by library authors, which may result in unintended behavior. This may change in the future. Please use `addBottomSheetCallback()` and `removeBottomSheetCallback()` instead to set your own callbacks.
04-25 09:54:46.067 20112 20112 E RecyclerView: No adapter attached; skipping layout
04-25 09:54:46.069 20112 20112 E RecyclerView: No adapter attached; skipping layout
04-25 09:54:46.069 20112 20112 E RecyclerView: No adapter attached; skipping layout
04-25 09:54:46.364 20112 20555 W BpBinder: Slow Binder: BpBinder transact took 259 ms, interface=android.media.IMediaMetadataRetriever, code=5 oneway=false
04-25 09:54:47.302 20112 20209 E SQLiteDatabase: Error inserting transferred=1 media_job_uuid=4abff852-edd6-4b1d-b4da-18e939e78964 transcoded=0 gif_attribution=0 first_scan_length=0 direct_path=/v/t62.7161- 24/33538249_353069811079794_6142686962209329022_n.enc?ccb=11- 4&oh=01_Q5AaIDYSXczukqJDUnXPXfcDnMKShWzEZY6DqrV8s0Sck1o4&oe=66513A76&_nc_sid=5e03e0 thumbnail_height_width_ratio=1.7857143 is_animated_sticker=0 file_hash=Ml8DP/VdJK2ZcOzk39A0L4LiA8jT+0vvlhgqU6GbXGc= file_path=Media/.Statuses/0432e0e272154a2d9e1036daab1a445c.mp4 file_size=2155978 partial_media_hash=null face_x=0 face_y=0 height=848 trim_to=0 media_key_timestamp=1714014275000 message_url=https://mmg.whatsapp.net/v/t62.7161- 24/33538249_353069811079794_6142686962209329022_n.enc?ccb=11- 4&oh=01_Q5AaIDYSXczukqJDUnXPXfcDnMKShWzEZY6DqrV8s0Sck1o4&oe=66513A76&_nc_sid=5e03e0 &mms3=true media_caption=null trim_from=0 mime_type=video/mp4 partial_media_enc_hash=null width=480 original_file_hash=null has_streaming_sidecar=1 autotransfer_retry_enabled=1 media_upload_handle=null message_row_id=166 multicast_id=null enc_file_hash=gisMpIYelt3OaEuOHT/JBzc/ssyc096Bwl7UeLbgmtw= mute_video=0 page_count=0 first_scan_sidecar=null suspicious_content=0 file_length=2155978 media_name=null media_duration=11 chat_row_id=25 media_key=[B@2826d0f
04-25 09:54:47.302 20112 20209 E SQLiteDatabase: android.database.sqlite.SQLiteConstraintException: UNIQUE constraint failed: message_media.message_row_id (code 1555 SQLITE_CONSTRAINT_PRIMARYKEY)
04-25 09:54:47.302 20112 20209 E SQLiteDatabase: at android.database.sqlite.SQLiteConnection.nativeExecuteForLastInsertedRowId(Native Method)
04-25 09:54:47.302 20112 20209 E SQLiteDatabase: at android.database.sqlite.SQLiteConnection.executeForLastInsertedRowId(SQLiteConnecti on.java:961)
04-25 09:54:47.302 20112 20209 E SQLiteDatabase: at android.database.sqlite.SQLiteSession.executeForLastInsertedRowId(SQLiteSession.jav a:790)
04-25 09:54:47.302 20112 20209 E SQLiteDatabase: at android.database.sqlite.SQLiteStatement.executeInsert(SQLiteStatement.java:89)
04-25 09:54:47.302 20112 20209 E SQLiteDatabase: at android.database.sqlite.SQLiteDatabase.insertWithOnConflict(SQLiteDatabase.java:186 8)
04-25 09:54:47.302 20112 20209 E SQLiteDatabase: at android.database.sqlite.SQLiteDatabase.insert(SQLiteDatabase.java:1737)
04-25 09:54:47.302 20112 20209 E SQLiteDatabase: at X.2tm.A08(Unknown Source:6)
04-25 09:54:47.302 20112 20209 E SQLiteDatabase: at X.35Y.A07(Unknown Source:212)
04-25 09:54:47.302 20112 20209 E SQLiteDatabase: at X.3QF.A14(Unknown Source:470)
04-25 09:54:47.302 20112 20209 E SQLiteDatabase: at X.3gU.run(Unknown Source:982)
04-25 09:54:47.302 20112 20209 E SQLiteDatabase: at android.os.Handler.handleCallback(Handler.java:942)
04-25 09:54:47.302 20112 20209 E SQLiteDatabase: at android.os.Handler.dispatchMessage(Handler.java:99)
04-25 09:54:47.302 20112 20209 E SQLiteDatabase: at X.0zq.dispatchMessage(Unknown Source:4)
04-25 09:54:47.302 20112 20209 E SQLiteDatabase: at android.os.Looper.loopOnce(Looper.java:211)
04-25 09:54:47.302 20112 20209 E SQLiteDatabase: at android.os.Looper.loop(Looper.java:300)
04-25 09:54:47.302 20112 20209 E SQLiteDatabase: at android.os.HandlerThread.run(HandlerThread.java:67)
04-25 09:54:47.598 20112 20209 E SQLiteDatabase: Error inserting transferred=0 media_job_uuid=5fd28373-941f-4200-8658-e884b85952ab transcoded=0 gif_attribution=0 first_scan_length=0 direct_path=/v/t62.7161- 24/32040302_833469885313680_6471045476544318345_n.enc?ccb=11- 4&oh=01_Q5AaII9B2NG3tmnSM_5VNg_Ji1a-bKguSHOgKve3HsPJ8tR8&oe=665123D1&_nc_sid=5e03e0 thumbnail_height_width_ratio=0.0 is_animated_sticker=0 file_hash=mvquqQwqtk3K0KnUzKkO3Qr0W5RMYkfTQOC7WmQuz9U= file_path=Media/.Statuses/93e5516324174d1bb27fff4d6d2b0a82.mp4 file_size=0 partial_media_hash=null face_x=0 face_y=0 height=1024 trim_to=0 media_key_timestamp=1714015455000 message_url=https://mmg.whatsapp.net/v/t62.7161- 24/32040302_833469885313680_6471045476544318345_n.enc?ccb=11- 4&oh=01_Q5AaII9B2NG3tmnSM_5VNg_Ji1a- bKguSHOgKve3HsPJ8tR8&oe=665123D1&_nc_sid=5e03e0&mms3=true media_caption=null trim_from=0 mime_type=video/mp4 partial_media_enc_hash=null width=576 original_file_hash=null has_streaming_sidecar=1 autotransfer_retry_enabled=1 media_upload_handle=null message_row_id=165 multicast_id=null enc_file_hash=C7Rk2dmlMuEGclpG2+rVN3+F3KX4y0DOFa1kdspv8/g= mute_video=0 page_count=0 first_scan_sidecar=null suspicious_content=0 file_length=153571 media_name=null media_duration=6 chat_row_id=25 media_key=[B@b778f22
04-25 09:54:47.598 20112 20209 E SQLiteDatabase: android.database.sqlite.SQLiteConstraintException: UNIQUE constraint failed: message_media.message_row_id (code 1555 SQLITE_CONSTRAINT_PRIMARYKEY)
04-25 09:54:47.598 20112 20209 E SQLiteDatabase: at android.database.sqlite.SQLiteConnection.nativeExecuteForLastInsertedRowId(Native Method)
04-25 09:54:47.598 20112 20209 E SQLiteDatabase: at android.database.sqlite.SQLiteConnection.executeForLastInsertedRowId(SQLiteConnecti on.java:961)
04-25 09:54:47.598 20112 20209 E SQLiteDatabase: at android.database.sqlite.SQLiteSession.executeForLastInsertedRowId(SQLiteSession.jav a:790)
04-25 09:54:47.598 20112 20209 E SQLiteDatabase: at android.database.sqlite.SQLiteStatement.executeInsert(SQLiteStatement.java:89)
04-25 09:54:47.598 20112 20209 E SQLiteDatabase: at android.database.sqlite.SQLiteDatabase.insertWithOnConflict(SQLiteDatabase.java:186 8)
04-25 09:54:47.598 20112 20209 E SQLiteDatabase: at android.database.sqlite.SQLiteDatabase.insert(SQLiteDatabase.java:1737)
04-25 09:54:47.598 20112 20209 E SQLiteDatabase: at X.2tm.A08(Unknown Source:6)
04-25 09:54:47.598 20112 20209 E SQLiteDatabase: at X.35Y.A07(Unknown Source:212)
04-25 09:54:47.598 20112 20209 E SQLiteDatabase: at X.3QF.A14(Unknown Source:470)
04-25 09:54:47.598 20112 20209 E SQLiteDatabase: at X.3gU.run(Unknown Source:982)
04-25 09:54:47.598 20112 20209 E SQLiteDatabase: at android.os.Handler.handleCallback(Handler.java:942)
04-25 09:54:47.598 20112 20209 E SQLiteDatabase: at android.os.Handler.dispatchMessage(Handler.java:99)
04-25 09:54:47.598 20112 20209 E SQLiteDatabase: at X.0zq.dispatchMessage(Unknown Source:4)
04-25 09:54:47.598 20112 20209 E SQLiteDatabase: at android.os.Looper.loopOnce(Looper.java:211)
04-25 09:54:47.598 20112 20209 E SQLiteDatabase: at android.os.Looper.loop(Looper.java:300)
04-25 09:54:47.598 20112 20209 E SQLiteDatabase: at android.os.HandlerThread.run(HandlerThread.java:67)
04-25 09:54:47.602 20112 20209 E SQLiteDatabase: Error inserting transferred=0 media_job_uuid=45d7d87c-976f-42b4-a299-3e0d1165d6f9 transcoded=0 gif_attribution=0 first_scan_length=0 direct_path=/v/t62.7161- 24/30637593_959923055767325_7955029216225556241_n.enc?ccb=11- 4&oh=01_Q5AaIDTMyZBLygHSathjngsqpS_ggBw2Slop-lv7LJKwiOTe&oe=66511981&_nc_sid=5e03e0 thumbnail_height_width_ratio=0.0 is_animated_sticker=0 file_hash=RUeNEHNaYyXEICOwk8Fc6pqb+ZCUcdwe4Ru8/vlAaB4= file_path=null file_size=0 partial_media_hash=null face_x=0 face_y=0 height=640 trim_to=0 media_key_timestamp=1714000064000 message_url=https://mmg.whatsapp.net/v/t62.7161- 24/30637593_959923055767325_7955029216225556241_n.enc?ccb=11- 4&oh=01_Q5AaIDTMyZBLygHSathjngsqpS_ggBw2Slop- lv7LJKwiOTe&oe=66511981&_nc_sid=5e03e0&mms3=true media_caption=null trim_from=0 mime_type=video/mp4 partial_media_enc_hash=null width=360 original_file_hash=null has_streaming_sidecar=1 autotransfer_retry_enabled=0 media_upload_handle=null message_row_id=168 multicast_id=null enc_file_hash=1bsxCttLbJluiCAaCL/dmusyCnHr0oBdjPXGTbRrxJk= mute_video=0 page_count=0 first_scan_sidecar=null suspicious_content=0 file_length=1985133 media_name=null media_duration=16 chat_row_id=25 media_key=[B@e8604d2
04-25 09:54:47.602 20112 20209 E SQLiteDatabase: android.database.sqlite.SQLiteConstraintException: UNIQUE constraint failed: message_media.message_row_id (code 1555 SQLITE_CONSTRAINT_PRIMARYKEY)
04-25 09:54:47.602 20112 20209 E SQLiteDatabase: at android.database.sqlite.SQLiteConnection.nativeExecuteForLastInsertedRowId(Native Method)
04-25 09:54:47.602 20112 20209 E SQLiteDatabase: at android.database.sqlite.SQLiteConnection.executeForLastInsertedRowId(SQLiteConnecti on.java:961)
04-25 09:54:47.602 20112 20209 E SQLiteDatabase: at android.database.sqlite.SQLiteSession.executeForLastInsertedRowId(SQLiteSession.jav a:790)
04-25 09:54:47.602 20112 20209 E SQLiteDatabase: at android.database.sqlite.SQLiteStatement.executeInsert(SQLiteStatement.java:89)
04-25 09:54:47.602 20112 20209 E SQLiteDatabase: at android.database.sqlite.SQLiteDatabase.insertWithOnConflict(SQLiteDatabase.java:186 8)
04-25 09:54:47.602 20112 20209 E SQLiteDatabase: at android.database.sqlite.SQLiteDatabase.insert(SQLiteDatabase.java:1737)
04-25 09:54:47.602 20112 20209 E SQLiteDatabase: at X.2tm.A08(Unknown Source:6)
04-25 09:54:47.602 20112 20209 E SQLiteDatabase: at X.35Y.A07(Unknown Source:212)
04-25 09:54:47.602 20112 20209 E SQLiteDatabase: at X.3QF.A14(Unknown Source:470)
04-25 09:54:47.602 20112 20209 E SQLiteDatabase: at X.3gU.run(Unknown Source:982)
04-25 09:54:47.602 20112 20209 E SQLiteDatabase: at android.os.Handler.handleCallback(Handler.java:942)
04-25 09:54:47.602 20112 20209 E SQLiteDatabase: at android.os.Handler.dispatchMessage(Handler.java:99)
04-25 09:54:47.602 20112 20209 E SQLiteDatabase: at X.0zq.dispatchMessage(Unknown Source:4)
04-25 09:54:47.602 20112 20209 E SQLiteDatabase: at android.os.Looper.loopOnce(Looper.java:211)
04-25 09:54:47.602 20112 20209 E SQLiteDatabase: at android.os.Looper.loop(Looper.java:300)
04-25 09:54:47.602 20112 20209 E SQLiteDatabase: at android.os.HandlerThread.run(HandlerThread.java:67)
04-25 09:54:47.639 20112 20209 E SQLiteDatabase: Error inserting transferred=0 media_job_uuid=45d7d87c-976f-42b4-a299-3e0d1165d6f9 transcoded=0 gif_attribution=0 first_scan_length=0 direct_path=/v/t62.7161- 24/30637593_959923055767325_7955029216225556241_n.enc?ccb=11- 4&oh=01_Q5AaIDTMyZBLygHSathjngsqpS_ggBw2Slop-lv7LJKwiOTe&oe=66511981&_nc_sid=5e03e0 thumbnail_height_width_ratio=0.0 is_animated_sticker=0 file_hash=RUeNEHNaYyXEICOwk8Fc6pqb+ZCUcdwe4Ru8/vlAaB4= file_path=null file_size=0 partial_media_hash=null face_x=0 face_y=0 height=640 trim_to=0 media_key_timestamp=1714000064000 message_url=https://mmg.whatsapp.net/v/t62.7161- 24/30637593_959923055767325_7955029216225556241_n.enc?ccb=11- 4&oh=01_Q5AaIDTMyZBLygHSathjngsqpS_ggBw2Slop- lv7LJKwiOTe&oe=66511981&_nc_sid=5e03e0&mms3=true media_caption=null trim_from=0 mime_type=video/mp4 partial_media_enc_hash=null width=360 original_file_hash=null has_streaming_sidecar=1 autotransfer_retry_enabled=0 media_upload_handle=null message_row_id=168 multicast_id=null enc_file_hash=1bsxCttLbJluiCAaCL/dmusyCnHr0oBdjPXGTbRrxJk= mute_video=0 page_count=0 first_scan_sidecar=null suspicious_content=0 file_length=1985133 media_name=null media_duration=16 chat_row_id=25 media_key=[B@e8604d2
04-25 09:54:47.639 20112 20209 E SQLiteDatabase: android.database.sqlite.SQLiteConstraintException: UNIQUE constraint failed: message_media.message_row_id (code 1555 SQLITE_CONSTRAINT_PRIMARYKEY)
04-25 09:54:47.639 20112 20209 E SQLiteDatabase: at android.database.sqlite.SQLiteConnection.nativeExecuteForLastInsertedRowId(Native Method)
04-25 09:54:47.639 20112 20209 E SQLiteDatabase: at android.database.sqlite.SQLiteConnection.executeForLastInsertedRowId(SQLiteConnecti on.java:961)
04-25 09:54:47.639 20112 20209 E SQLiteDatabase: at android.database.sqlite.SQLiteSession.executeForLastInsertedRowId(SQLiteSession.jav a:790)
04-25 09:54:47.639 20112 20209 E SQLiteDatabase: at android.database.sqlite.SQLiteStatement.executeInsert(SQLiteStatement.java:89)
04-25 09:54:47.639 20112 20209 E SQLiteDatabase: at android.database.sqlite.SQLiteDatabase.insertWithOnConflict(SQLiteDatabase.java:186 8)
04-25 09:54:47.639 20112 20209 E SQLiteDatabase: at android.database.sqlite.SQLiteDatabase.insert(SQLiteDatabase.java:1737)
04-25 09:54:47.639 20112 20209 E SQLiteDatabase: at X.2tm.A08(Unknown Source:6)
04-25 09:54:47.639 20112 20209 E SQLiteDatabase: at X.35Y.A07(Unknown Source:212)
04-25 09:54:47.639 20112 20209 E SQLiteDatabase: at X.3QF.A14(Unknown Source:470)
04-25 09:54:47.639 20112 20209 E SQLiteDatabase: at X.3gU.run(Unknown Source:982)
04-25 09:54:47.639 20112 20209 E SQLiteDatabase: at android.os.Handler.handleCallback(Handler.java:942)
04-25 09:54:47.639 20112 20209 E SQLiteDatabase: at android.os.Handler.dispatchMessage(Handler.java:99)
04-25 09:54:47.639 20112 20209 E SQLiteDatabase: at X.0zq.dispatchMessage(Unknown Source:4)
04-25 09:54:47.639 20112 20209 E SQLiteDatabase: at android.os.Looper.loopOnce(Looper.java:211)
04-25 09:54:47.639 20112 20209 E SQLiteDatabase: at android.os.Looper.loop(Looper.java:300)
04-25 09:54:47.639 20112 20209 E SQLiteDatabase: at android.os.HandlerThread.run(HandlerThread.java:67)
04-25 09:54:48.551 20112 20255 W Parcel : Expecting binder but got null!
04-25 09:54:48.594 20112 20112 W BottomSheetBehavior: BottomSheetBehavior now supports multiple callbacks. `setBottomSheetCallback()` removes all existing callbacks, including ones set internally by library authors, which may result in unintended behavior. This may change in the future. Please use `addBottomSheetCallback()` and `removeBottomSheetCallback()` instead to set your own callbacks.
04-25 09:54:48.594 20112 20112 W BottomSheetBehavior: BottomSheetBehavior now supports multiple callbacks. `setBottomSheetCallback()` removes all existing callbacks, including ones set internally by library authors, which may result in unintended behavior. This may change in the future. Please use `addBottomSheetCallback()` and `removeBottomSheetCallback()` instead to set your own callbacks.
