04-25 09:58:43.436 20112 20112 E ArmVmp : Match on catch block at 0xc3 in for 0x797fda3025
04-25 09:58:43.442 20112 20112 E ArmVmp : Match on catch block at 0xc3 in for 0x797fda3025
04-25 09:58:43.446 20112 20112 E ArmVmp : Match on catch block at 0xc3 in for 0x797fda3025
04-25 09:58:43.452 20112 20112 E ArmVmp : Match on catch block at 0xc3 in for 0x797fda3025
04-25 09:58:43.456 20112 20112 E ArmVmp : Match on catch block at 0xc3 in for 0x797fda3025
04-25 09:58:43.466 20112 20112 E ArmVmp : Match on catch block at 0xc3 in for 0x797fda3025
04-25 09:58:43.470 20112 20112 E ArmVmp : Match on catch block at 0xc3 in for 0x797fda3025
04-25 09:58:43.477 20112 20112 E ArmVmp : Match on catch block at 0xc3 in for 0x797fda3025
04-25 09:58:43.480 20112 20112 E ArmVmp : Match on catch block at 0xc3 in for 0x797fda3025
04-25 09:58:43.509 20112 20112 E ArmVmp : Match on catch block at 0xc3 in for 0x797fda3025
04-25 09:58:43.513 20112 20112 E ArmVmp : Match on catch block at 0xc3 in for 0x797fda3025
04-25 09:58:43.525 20112 20255 E FrameEvents: updateAcquireFence: Did not find frame.
04-25 09:58:43.545 20112 20112 E ArmVmp : Match on catch block at 0xc3 in for 0x797fda3025
04-25 09:58:43.551 20112 20112 E ArmVmp : Match on catch block at 0xc3 in for 0x797fda3025
04-25 09:58:43.675 20112 20112 W ResourceType: Bad XML block: header size 18254 or total size 169478669 is larger than data size 380
04-25 09:58:43.679 20112 20112 W ResourceType: Bad XML block: header size 18254 or total size 169478669 is larger than data size 633
04-25 09:58:43.689 20112 20112 W ResourceType: Bad XML block: header size 18254 or total size 169478669 is larger than data size 677
04-25 09:58:43.693 20112 20112 W ResourceType: Bad XML block: header size 18254 or total size 169478669 is larger than data size 248
04-25 09:58:43.700 20112 20112 W ResourceType: Bad XML block: header size 18254 or total size 169478669 is larger than data size 571
04-25 09:58:43.706 20112 20112 W ResourceType: Bad XML block: header size 18254 or total size 169478669 is larger than data size 333
04-25 09:58:43.709 20112 20112 W ResourceType: Bad XML block: header size 18254 or total size 169478669 is larger than data size 650
04-25 09:58:43.713 20112 20112 W ResourceType: Bad XML block: header size 18254 or total size 169478669 is larger than data size 1150
04-25 09:58:43.716 20112 20112 W ResourceType: Bad XML block: header size 18254 or total size 169478669 is larger than data size 491
04-25 09:58:43.719 20112 20112 W ResourceType: Bad XML block: header size 18254 or total size 169478669 is larger than data size 1150
04-25 09:58:43.722 20112 20112 W ResourceType: Bad XML block: header size 18254 or total size 169478669 is larger than data size 659
04-25 09:58:43.726 20112 20112 W ResourceType: Bad XML block: header size 18254 or total size 169478669 is larger than data size 593
04-25 09:58:43.773 20112 20112 W ResourceType: Bad XML block: header size 18254 or total size 169478669 is larger than data size 473
04-25 09:58:43.776 20112 20112 W ResourceType: Bad XML block: header size 18254 or total size 169478669 is larger than data size 510
04-25 09:58:43.781 20112 20112 W SQLiteLog: (28) double-quoted string literal: "7"
04-25 09:58:43.781 20112 20112 W SQLiteLog: (28) double-quoted string literal: "7"
04-25 09:58:43.806 20112 20112 W ResourceType: Bad XML block: header size 18254 or total size 169478669 is larger than data size 473
04-25 09:58:43.841 20112 20112 W Looper : PerfMonitor looperActivity : package=com.mbwhatsapp/.group.GroupChatInfoActivity time=0ms latency=303ms procState=-1 historyMsgCount=21 (msgIndex=21 wall=281ms seq=48163 late=23ms h=android.app.ActivityThread$H w=159)
04-25 09:58:43.843 20112 20112 E ArmVmp : Match on catch block at 0xc3 in for 0x797fda3025
04-25 09:58:43.847 20112 20112 E ArmVmp : Match on catch block at 0xc3 in for 0x797fda3025
04-25 09:58:43.878 20112 20112 W View : requestLayout() improperly called by android.widget.Space{c58c597 I.ED..... ......I. 33,99-44,110 #7f0b00ba app:id/action_tile_spacing} during layout: running second layout pass
04-25 09:58:43.878 20112 20112 W View : requestLayout() improperly called by android.widget.Space{7ca5384 I.ED..... ......I. 33,99-44,110 #7f0b00ba app:id/action_tile_spacing} during layout: running second layout pass
04-25 09:58:43.878 20112 20112 W View : requestLayout() improperly called by android.widget.Space{2aff76d I.ED..... ......I. 33,99-44,110 #7f0b00ba app:id/action_tile_spacing} during layout: running second layout pass
04-25 09:58:43.893 20112 20112 W ResourceType: Bad XML block: header size 18254 or total size 169478669 is larger than data size 853
04-25 09:58:43.909 20112 20112 E ArmVmp : Match on catch block at 0xc3 in for 0x797fda3025
04-25 09:58:43.912 20112 20112 E ArmVmp : Match on catch block at 0xc3 in for 0x797fda3025
04-25 09:58:43.929 20112 20112 E ArmVmp : Match on catch block at 0xc3 in for 0x797fda3025
04-25 09:58:43.932 20112 20112 E ArmVmp : Match on catch block at 0xc3 in for 0x797fda3025
04-25 09:58:43.977 20112 20255 W Parcel : Expecting binder but got null!
04-25 09:58:43.979 20112 20112 E ArmVmp : Match on catch block at 0xc3 in for 0x797fda3025
04-25 09:58:43.983 20112 20112 E ArmVmp : Match on catch block at 0xc3 in for 0x797fda3025
04-25 09:58:44.001 20112 20112 E ArmVmp : Match on catch block at 0xc3 in for 0x797fda3025
04-25 09:58:44.005 20112 20112 E ArmVmp : Match on catch block at 0xc3 in for 0x797fda3025
04-25 09:58:44.015 20112 20112 E ArmVmp : Match on catch block at 0xc3 in for 0x797fda3025
04-25 09:58:44.020 20112 20112 E ArmVmp : Match on catch block at 0xc3 in for 0x797fda3025
04-25 09:58:44.041 20112 20112 E ArmVmp : Match on catch block at 0xc3 in for 0x797fda3025
04-25 09:58:44.045 20112 20112 E ArmVmp : Match on catch block at 0xc3 in for 0x797fda3025
04-25 09:58:44.067 20112 20112 E ArmVmp : Match on catch block at 0xc3 in for 0x797fda3025
04-25 09:58:44.072 20112 20112 E ArmVmp : Match on catch block at 0xc3 in for 0x797fda3025
04-25 09:58:44.083 20112 20112 E ArmVmp : Match on catch block at 0xc3 in for 0x797fda3025
04-25 09:58:44.088 20112 20112 E ArmVmp : Match on catch block at 0xc3 in for 0x797fda3025
04-25 09:58:44.097 20112 20112 E ArmVmp : Match on catch block at 0xc3 in for 0x797fda3025
04-25 09:58:44.100 20112 20112 E ArmVmp : Match on catch block at 0xc3 in for 0x797fda3025
04-25 09:58:44.119 20112 20112 E ArmVmp : Match on catch block at 0xc3 in for 0x797fda3025
04-25 09:58:44.123 20112 20112 E ArmVmp : Match on catch block at 0xc3 in for 0x797fda3025
04-25 09:58:44.146 20112 20112 E ArmVmp : Match on catch block at 0xc3 in for 0x797fda3025
04-25 09:58:44.149 20112 20112 E ArmVmp : Match on catch block at 0xc3 in for 0x797fda3025
04-25 09:58:44.165 20112 20112 E ArmVmp : Match on catch block at 0xc3 in for 0x797fda3025
04-25 09:58:44.169 20112 20112 E ArmVmp : Match on catch block at 0xc3 in for 0x797fda3025
04-25 09:58:44.181 20112 20112 E ArmVmp : Match on catch block at 0xc3 in for 0x797fda3025
04-25 09:58:44.185 20112 20112 E ArmVmp : Match on catch block at 0xc3 in for 0x797fda3025
04-25 09:58:44.194 20112 20112 E ArmVmp : Match on catch block at 0xc3 in for 0x797fda3025
04-25 09:58:44.199 20112 20112 E ArmVmp : Match on catch block at 0xc3 in for 0x797fda3025
04-25 09:58:44.206 20112 20112 E ArmVmp : Match on catch block at 0xc3 in for 0x797fda3025
04-25 09:58:44.210 20112 20112 E ArmVmp : Match on catch block at 0xc3 in for 0x797fda3025
04-25 09:58:44.225 20112 20112 E ArmVmp : Match on catch block at 0xc3 in for 0x797fda3025
04-25 09:58:44.229 20112 20112 E ArmVmp : Match on catch block at 0xc3 in for 0x797fda3025
04-25 09:58:44.254 20112 20112 E ArmVmp : Match on catch block at 0xc3 in for 0x797fda3025
04-25 09:58:44.257 20112 20112 E ArmVmp : Match on catch block at 0xc3 in for 0x797fda3025
04-25 09:58:44.279 20112 20112 E ArmVmp : Match on catch block at 0xc3 in for 0x797fda3025
04-25 09:58:44.282 20112 20112 E ArmVmp : Match on catch block at 0xc3 in for 0x797fda3025
04-25 09:58:45.015 20112 20112 W View : requestLayout() improperly called by com.mbwhatsapp.TextEmojiLabel{c03d229 VFED..C.. ......ID 0,0-575,82 #7f0b06ab app:id/conversation_contact_name} during layout: running second layout pass
04-25 09:58:45.079 20112 20112 W View : requestLayout() improperly called by com.mbwhatsapp.TextEmojiLabel{c03d229 VFED..C.. ......ID 0,0-575,82 #7f0b06ab app:id/conversation_contact_name} during layout: running second layout pass
04-25 09:58:45.182 20112 20112 W View : requestLayout() improperly called by com.mbwhatsapp.TextEmojiLabel{c03d229 VFED..C.. ......ID 0,0-575,82 #7f0b06ab app:id/conversation_contact_name} during layout: running second layout pass
04-25 09:58:45.251 20112 20112 W View : requestLayout() improperly called by com.mbwhatsapp.TextEmojiLabel{c03d229 VFED..C.. ......ID 0,0-575,82 #7f0b06ab app:id/conversation_contact_name} during layout: running second layout pass
04-25 09:58:45.285 20112 20112 W View : requestLayout() improperly called by com.mbwhatsapp.TextEmojiLabel{c03d229 VFED..C.. ......ID 0,0-575,82 #7f0b06ab app:id/conversation_contact_name} during layout: running second layout pass
04-25 09:58:45.331 20112 20112 W View : requestLayout() improperly called by com.mbwhatsapp.TextEmojiLabel{c03d229 VFED..C.. ......ID 0,0-575,82 #7f0b06ab app:id/conversation_contact_name} during layout: running second layout pass
04-25 09:58:47.858 20112 20112 W View : requestLayout() improperly called by com.mbwhatsapp.TextEmojiLabel{c03d229 VFED..C.. ......ID 0,0-575,82 #7f0b06ab app:id/conversation_contact_name} during layout: running second layout pass
04-25 09:58:48.201 20112 20112 W View : requestLayout() improperly called by com.mbwhatsapp.TextEmojiLabel{c03d229 VFED..C.. ......ID 0,0-575,82 #7f0b06ab app:id/conversation_contact_name} during layout: running second layout pass
04-25 09:58:48.293 20112 20112 W View : requestLayout() improperly called by com.mbwhatsapp.TextEmojiLabel{c03d229 VFED..C.. ......ID 0,0-575,82 #7f0b06ab app:id/conversation_contact_name} during layout: running second layout pass
04-25 09:58:48.663 20112 20112 W View : requestLayout() improperly called by com.mbwhatsapp.TextEmojiLabel{c03d229 VFED..C.. ......ID 0,0-575,82 #7f0b06ab app:id/conversation_contact_name} during layout: running second layout pass
04-25 09:58:48.787 20112 20112 W View : requestLayout() improperly called by com.mbwhatsapp.TextEmojiLabel{c03d229 VFED..C.. ......ID 0,0-575,82 #7f0b06ab app:id/conversation_contact_name} during layout: running second layout pass
04-25 09:58:49.103 20112 20112 W View : requestLayout() improperly called by com.mbwhatsapp.TextEmojiLabel{c03d229 VFED..C.. ......ID 0,0-575,82 #7f0b06ab app:id/conversation_contact_name} during layout: running second layout pass
04-25 09:58:50.142 20112 20112 W View : requestLayout() improperly called by com.mbwhatsapp.TextEmojiLabel{c03d229 VFED..C.. ......ID 0,0-575,82 #7f0b06ab app:id/conversation_contact_name} during layout: running second layout pass
04-25 09:58:50.739 20112 20112 W View : requestLayout() improperly called by com.mbwhatsapp.TextEmojiLabel{c03d229 VFED..C.. ......ID 0,0-575,82 #7f0b06ab app:id/conversation_contact_name} during layout: running second layout pass
04-25 09:58:50.833 20112 20112 W View : requestLayout() improperly called by com.mbwhatsapp.TextEmojiLabel{c03d229 VFED..C.. ......ID 0,0-575,82 #7f0b06ab app:id/conversation_contact_name} during layout: running second layout pass
04-25 09:58:50.899 20112 20112 W View : requestLayout() improperly called by com.mbwhatsapp.TextEmojiLabel{c03d229 VFED..C.. ......ID 0,0-575,82 #7f0b06ab app:id/conversation_contact_name} during layout: running second layout pass
04-25 09:58:50.962 20112 20112 W View : requestLayout() improperly called by com.mbwhatsapp.TextEmojiLabel{c03d229 VFED..C.. ......ID 0,0-575,82 #7f0b06ab app:id/conversation_contact_name} during layout: running second layout pass
04-25 09:58:51.103 20112 20255 W RenderInspector: QueueBuffer time out on com.mbwhatsapp/com.mbwhatsapp.group.GroupChatInfoActivity, count=1, avg=30 ms, max=30 ms.
04-25 09:58:51.406 20112 20112 W View : requestLayout() improperly called by com.mbwhatsapp.TextEmojiLabel{c03d229 VFED..C.. ......ID 0,0-575,82 #7f0b06ab app:id/conversation_contact_name} during layout: running second layout pass
04-25 09:58:52.370 20112 20112 W View : requestLayout() improperly called by com.mbwhatsapp.TextEmojiLabel{c03d229 VFED..C.. ......ID 0,0-575,82 #7f0b06ab app:id/conversation_contact_name} during layout: running second layout pass
04-25 09:58:52.507 20112 20112 W View : requestLayout() improperly called by com.mbwhatsapp.TextEmojiLabel{c03d229 VFED..C.. ......ID 0,0-575,82 #7f0b06ab app:id/conversation_contact_name} during layout: running second layout pass
04-25 09:58:52.694 20112 20112 W View : requestLayout() improperly called by com.mbwhatsapp.TextEmojiLabel{c03d229 VFED..C.. ......ID 0,0-575,82 #7f0b06ab app:id/conversation_contact_name} during layout: running second layout pass
04-25 09:58:52.769 20112 20112 W View : requestLayout() improperly called by com.mbwhatsapp.TextEmojiLabel{c03d229 VFED..C.. ......ID 0,0-575,82 #7f0b06ab app:id/conversation_contact_name} during layout: running second layout pass
04-25 09:58:52.848 20112 20112 W View : requestLayout() improperly called by com.mbwhatsapp.TextEmojiLabel{c03d229 VFED..C.. ......ID 0,0-575,82 #7f0b06ab app:id/conversation_contact_name} during layout: running second layout pass
04-25 09:58:53.538 20112 20112 W View : requestLayout() improperly called by com.mbwhatsapp.TextEmojiLabel{c03d229 VFED..C.. ......ID 0,0-575,82 #7f0b06ab app:id/conversation_contact_name} during layout: running second layout pass
04-25 09:58:53.873 20112 20112 W View : requestLayout() improperly called by com.mbwhatsapp.TextEmojiLabel{c03d229 VFED..C.. ......ID 0,0-575,82 #7f0b06ab app:id/conversation_contact_name} during layout: running second layout pass
04-25 09:58:54.152 20112 20112 W Choreographer: Frame time is 0.227385 now = 752732510913942 timestampNanos = 752732511141327 ms in the future! Check that graphics HAL is generating vsync timestamps using the correct timebase.
04-25 09:58:54.496 20112 20112 W View : requestLayout() improperly called by com.mbwhatsapp.TextEmojiLabel{c03d229 VFED..C.. ......ID 0,0-575,82 #7f0b06ab app:id/conversation_contact_name} during layout: running second layout pass
04-25 09:58:55.786 20112 20255 W Parcel : Expecting binder but got null!
04-25 09:58:56.271 20112 20112 W View : requestLayout() improperly called by com.mbwhatsapp.TextEmojiLabel{c03d229 VFED..C.. ......ID 0,0-575,82 #7f0b06ab app:id/conversation_contact_name} during layout: running second layout pass
04-25 09:59:00.688 20112 20112 W View : requestLayout() improperly called by com.mbwhatsapp.TextEmojiLabel{c03d229 VFED..C.. ......ID 0,0-575,82 #7f0b06ab app:id/conversation_contact_name} during layout: running second layout pass
04-25 09:59:01.222 20112 20255 W Parcel : Expecting binder but got null!
04-25 09:59:01.897 20112 20112 W InputEventReceiver: Attempted to finish an input event but the input event receiver has already been disposed.
04-25 09:59:02.689 20112 20255 W Parcel : Expecting binder but got null!
04-25 09:59:04.473 20112 20112 W View : requestLayout() improperly called by com.mbwhatsapp.TextEmojiLabel{c03d229 VFED..C.. ......ID 0,0-575,82 #7f0b06ab app:id/conversation_contact_name} during layout: running second layout pass
04-25 09:59:05.197 20112 20255 W Parcel : Expecting binder but got null!
04-25 09:59:05.796 20112 20112 W View : requestLayout() improperly called by com.mbwhatsapp.TextEmojiLabel{c03d229 VFED..C.. ......ID 0,0-575,82 #7f0b06ab app:id/conversation_contact_name} during layout: running second layout pass
04-25 09:59:06.594 20112 20112 W View : requestLayout() improperly called by com.mbwhatsapp.TextEmojiLabel{c03d229 VFED..C.. ......ID 0,0-575,82 #7f0b06ab app:id/conversation_contact_name} during layout: running second layout pass
04-25 09:59:07.243 20112 20112 W View : requestLayout() improperly called by com.mbwhatsapp.TextEmojiLabel{c03d229 VFED..C.. ......ID 0,0-575,82 #7f0b06ab app:id/conversation_contact_name} during layout: running second layout pass
04-25 09:59:07.322 20112 20112 W View : requestLayout() improperly called by com.mbwhatsapp.TextEmojiLabel{c03d229 VFED..C.. ......ID 0,0-575,82 #7f0b06ab app:id/conversation_contact_name} during layout: running second layout pass
04-25 09:59:07.400 20112 20112 W View : requestLayout() improperly called by com.mbwhatsapp.TextEmojiLabel{c03d229 VFED..C.. ......ID 0,0-575,82 #7f0b06ab app:id/conversation_contact_name} during layout: running second layout pass
04-25 09:59:08.413 20112 20112 W View : requestLayout() improperly called by com.mbwhatsapp.TextEmojiLabel{c03d229 VFED..C.. ......ID 0,0-575,82 #7f0b06ab app:id/conversation_contact_name} during layout: running second layout pass
04-25 09:59:08.471 20112 20112 W View : requestLayout() improperly called by com.mbwhatsapp.TextEmojiLabel{c03d229 VFED..C.. ......ID 0,0-575,82 #7f0b06ab app:id/conversation_contact_name} during layout: running second layout pass
04-25 09:59:08.556 20112 20112 W View : requestLayout() improperly called by com.mbwhatsapp.TextEmojiLabel{c03d229 VFED..C.. ......ID 0,0-575,82 #7f0b06ab app:id/conversation_contact_name} during layout: running second layout pass
04-25 09:59:08.744 20112 20112 W View : requestLayout() improperly called by com.mbwhatsapp.TextEmojiLabel{c03d229 VFED..C.. ......ID 0,0-575,82 #7f0b06ab app:id/conversation_contact_name} during layout: running second layout pass
04-25 09:59:08.818 20112 20112 W View : requestLayout() improperly called by com.mbwhatsapp.TextEmojiLabel{c03d229 VFED..C.. ......ID 0,0-575,82 #7f0b06ab app:id/conversation_contact_name} during layout: running second layout pass
04-25 09:59:08.880 20112 20112 W View : requestLayout() improperly called by com.mbwhatsapp.TextEmojiLabel{c03d229 VFED..C.. ......ID 0,0-575,82 #7f0b06ab app:id/conversation_contact_name} during layout: running second layout pass
04-25 09:59:12.154 20112 20255 W Parcel : Expecting binder but got null!
04-25 09:59:12.613 20112 20112 W View : requestLayout() improperly called by com.mbwhatsapp.TextEmojiLabel{c03d229 VFED..C.. ......ID 0,0-575,82 #7f0b06ab app:id/conversation_contact_name} during layout: running second layout pass
04-25 09:59:13.416 20112 20112 W View : requestLayout() improperly called by com.mbwhatsapp.TextEmojiLabel{c03d229 VFED..C.. ......ID 0,0-575,82 #7f0b06ab app:id/conversation_contact_name} during layout: running second layout pass
04-25 09:59:14.378 20112 20112 E ArmVmp : Match on catch block at 0x0a in for 0x797fda3035
04-25 09:59:14.382 20112 20112 E ArmVmp : Match on catch block at 0x0a in for 0x797fda3035
04-25 09:59:14.433 20112 20112 E ArmVmp : Match on catch block at 0xc3 in for 0x797fda3025
04-25 09:59:14.438 20112 20112 E ArmVmp : Match on catch block at 0xc3 in for 0x797fda3025
04-25 09:59:14.492 20112 20112 E ArmVmp : Match on catch block at 0xc3 in for 0x797fda3025
04-25 09:59:14.495 20112 20112 E ArmVmp : Match on catch block at 0xc3 in for 0x797fda3025
04-25 09:59:14.503 20112 20112 E ArmVmp : Match on catch block at 0xc3 in for 0x797fda3025
04-25 09:59:14.507 20112 20112 E ArmVmp : Match on catch block at 0xc3 in for 0x797fda3025
04-25 09:59:14.528 20112 20112 E ArmVmp : Match on catch block at 0xc3 in for 0x797fda3025
04-25 09:59:14.532 20112 20112 E ArmVmp : Match on catch block at 0xc3 in for 0x797fda3025
04-25 09:59:14.546 20112 20112 E ArmVmp : Match on catch block at 0xc3 in for 0x797fda3025
04-25 09:59:14.550 20112 20112 E ArmVmp : Match on catch block at 0xc3 in for 0x797fda3025
04-25 09:59:14.563 20112 20112 E ArmVmp : Match on catch block at 0xc3 in for 0x797fda3025
04-25 09:59:14.567 20112 20112 E ArmVmp : Match on catch block at 0xc3 in for 0x797fda3025
04-25 09:59:14.572 20112 20112 E ArmVmp : Match on catch block at 0xc3 in for 0x797fda3025
04-25 09:59:14.578 20112 20112 E ArmVmp : Match on catch block at 0xc3 in for 0x797fda3025
04-25 09:59:14.583 20112 20112 E ArmVmp : Match on catch block at 0xc3 in for 0x797fda3025
04-25 09:59:14.586 20112 20112 E ArmVmp : Match on catch block at 0xc3 in for 0x797fda3025
04-25 09:59:14.592 20112 20112 E ArmVmp : Match on catch block at 0xc3 in for 0x797fda3025
04-25 09:59:14.596 20112 20112 E ArmVmp : Match on catch block at 0xc3 in for 0x797fda3025
04-25 09:59:14.601 20112 20112 E ArmVmp : Match on catch block at 0xc3 in for 0x797fda3025
04-25 09:59:14.605 20112 20112 E ArmVmp : Match on catch block at 0xc3 in for 0x797fda3025
04-25 09:59:14.613 20112 20112 E ArmVmp : Match on catch block at 0xc3 in for 0x797fda3025
04-25 09:59:14.616 20112 20112 E ArmVmp : Match on catch block at 0xc3 in for 0x797fda3025
04-25 09:59:14.624 20112 20112 E ArmVmp : Match on catch block at 0xc3 in for 0x797fda3025
04-25 09:59:14.627 20112 20112 E ArmVmp : Match on catch block at 0xc3 in for 0x797fda3025
04-25 09:59:14.634 20112 20112 E ArmVmp : Match on catch block at 0xc3 in for 0x797fda3025
04-25 09:59:14.638 20112 20112 E ArmVmp : Match on catch block at 0xc3 in for 0x797fda3025
04-25 09:59:14.646 20112 20112 E ArmVmp : Match on catch block at 0xc3 in for 0x797fda3025
04-25 09:59:14.650 20112 20112 E ArmVmp : Match on catch block at 0xc3 in for 0x797fda3025
04-25 09:59:14.657 20112 20112 E ArmVmp : Match on catch block at 0xc3 in for 0x797fda3025
04-25 09:59:14.661 20112 20112 E ArmVmp : Match on catch block at 0xc3 in for 0x797fda3025
04-25 09:59:14.667 20112 20112 E ArmVmp : Match on catch block at 0xc3 in for 0x797fda3025
04-25 09:59:14.671 20112 20112 E ArmVmp : Match on catch block at 0xc3 in for 0x797fda3025
04-25 09:59:14.679 20112 20112 E ArmVmp : Match on catch block at 0xc3 in for 0x797fda3025
04-25 09:59:14.683 20112 20112 E ArmVmp : Match on catch block at 0xc3 in for 0x797fda3025
04-25 09:59:14.690 20112 20112 E ArmVmp : Match on catch block at 0xc3 in for 0x797fda3025
04-25 09:59:14.694 20112 20112 E ArmVmp : Match on catch block at 0xc3 in for 0x797fda3025
04-25 09:59:14.701 20112 20112 E ArmVmp : Match on catch block at 0xc3 in for 0x797fda3025
04-25 09:59:14.706 20112 20112 E ArmVmp : Match on catch block at 0xc3 in for 0x797fda3025
04-25 09:59:14.714 20112 20112 E ArmVmp : Match on catch block at 0xc3 in for 0x797fda3025
04-25 09:59:14.719 20112 20112 E ArmVmp : Match on catch block at 0xc3 in for 0x797fda3025
04-25 09:59:14.725 20112 20112 E ArmVmp : Match on catch block at 0xc3 in for 0x797fda3025
04-25 09:59:14.729 20112 20112 E ArmVmp : Match on catch block at 0xc3 in for 0x797fda3025
04-25 09:59:14.741 20112 20112 E ArmVmp : Match on catch block at 0xc3 in for 0x797fda3025
04-25 09:59:14.749 20112 20112 E ArmVmp : Match on catch block at 0xc3 in for 0x797fda3025
04-25 09:59:14.755 20112 20112 E ArmVmp : Match on catch block at 0xc3 in for 0x797fda3025
04-25 09:59:14.761 20112 20112 E ArmVmp : Match on catch block at 0xc3 in for 0x797fda3025
04-25 09:59:14.767 20112 20112 E ArmVmp : Match on catch block at 0xc3 in for 0x797fda3025
04-25 09:59:14.774 20112 20112 E ArmVmp : Match on catch block at 0xc3 in for 0x797fda3025
04-25 09:59:14.782 20112 20112 E ArmVmp : Match on catch block at 0xc3 in for 0x797fda3025
04-25 09:59:14.786 20112 20112 E ArmVmp : Match on catch block at 0xc3 in for 0x797fda3025
04-25 09:59:14.793 20112 20112 E ArmVmp : Match on catch block at 0xc3 in for 0x797fda3025
04-25 09:59:14.798 20112 20112 E ArmVmp : Match on catch block at 0xc3 in for 0x797fda3025
04-25 09:59:14.804 20112 20112 E ArmVmp : Match on catch block at 0xc3 in for 0x797fda3025
04-25 09:59:14.807 20112 20112 E ArmVmp : Match on catch block at 0xc3 in for 0x797fda3025
04-25 09:59:14.814 20112 20112 E ArmVmp : Match on catch block at 0xc3 in for 0x797fda3025
04-25 09:59:14.819 20112 20112 E ArmVmp : Match on catch block at 0xc3 in for 0x797fda3025
04-25 09:59:14.829 20112 20112 E ArmVmp : Match on catch block at 0xc3 in for 0x797fda3025
04-25 09:59:14.833 20112 20112 E ArmVmp : Match on catch block at 0xc3 in for 0x797fda3025
04-25 09:59:14.839 20112 20112 E ArmVmp : Match on catch block at 0xc3 in for 0x797fda3025
04-25 09:59:14.842 20112 20112 E ArmVmp : Match on catch block at 0xc3 in for 0x797fda3025
04-25 09:59:14.847 20112 20112 E ArmVmp : Match on catch block at 0xc3 in for 0x797fda3025
04-25 09:59:14.852 20112 20112 E ArmVmp : Match on catch block at 0xc3 in for 0x797fda3025
04-25 09:59:14.869 20112 20112 E ArmVmp : Match on catch block at 0xc3 in for 0x797fda3025
04-25 09:59:14.872 20112 20112 E ArmVmp : Match on catch block at 0xc3 in for 0x797fda3025
04-25 09:59:14.898 20112 20112 E ArmVmp : Match on catch block at 0xc3 in for 0x797fda3025
04-25 09:59:14.903 20112 20112 E ArmVmp : Match on catch block at 0xc3 in for 0x797fda3025
04-25 09:59:15.038 20112 20112 E ArmVmp : Match on catch block at 0xc3 in for 0x797fda3025
04-25 09:59:15.042 20112 20112 E ArmVmp : Match on catch block at 0xc3 in for 0x797fda3025
04-25 09:59:15.049 20112 20112 E ArmVmp : Match on catch block at 0xc3 in for 0x797fda3025
04-25 09:59:15.053 20112 20112 E ArmVmp : Match on catch block at 0xc3 in for 0x797fda3025
04-25 09:59:15.091 20112 20112 E ArmVmp : Match on catch block at 0xc3 in for 0x797fda3025
04-25 09:59:15.095 20112 20112 E ArmVmp : Match on catch block at 0xc3 in for 0x797fda3025
04-25 09:59:15.114 20112 20112 E ArmVmp : Match on catch block at 0xc3 in for 0x797fda3025
04-25 09:59:15.119 20112 20112 E ArmVmp : Match on catch block at 0xc3 in for 0x797fda3025
04-25 09:59:15.133 20112 20112 E ArmVmp : Match on catch block at 0xc3 in for 0x797fda3025
04-25 09:59:15.138 20112 20112 E ArmVmp : Match on catch block at 0xc3 in for 0x797fda3025
04-25 09:59:15.147 20112 20112 E ArmVmp : Match on catch block at 0xc3 in for 0x797fda3025
04-25 09:59:15.151 20112 20112 E ArmVmp : Match on catch block at 0xc3 in for 0x797fda3025
04-25 09:59:15.168 20112 20112 E ArmVmp : Match on catch block at 0xc3 in for 0x797fda3025
04-25 09:59:15.174 20112 20112 E ArmVmp : Match on catch block at 0xc3 in for 0x797fda3025
04-25 09:59:15.190 20112 20112 E ArmVmp : Match on catch block at 0xc3 in for 0x797fda3025
04-25 09:59:15.203 20112 20112 E ArmVmp : Match on catch block at 0xc3 in for 0x797fda3025
04-25 09:59:15.223 20112 20112 E ArmVmp : Match on catch block at 0xc3 in for 0x797fda3025
04-25 09:59:15.233 20112 20112 E ArmVmp : Match on catch block at 0xc3 in for 0x797fda3025
04-25 09:59:15.248 20112 20112 E ArmVmp : Match on catch block at 0xc3 in for 0x797fda3025
04-25 09:59:15.255 20112 20112 E ArmVmp : Match on catch block at 0xc3 in for 0x797fda3025
04-25 09:59:15.263 20112 20112 E ArmVmp : Match on catch block at 0xc3 in for 0x797fda3025
04-25 09:59:15.271 20112 20112 E ArmVmp : Match on catch block at 0xc3 in for 0x797fda3025
04-25 09:59:15.278 20112 20112 E ArmVmp : Match on catch block at 0xc3 in for 0x797fda3025
04-25 09:59:15.283 20112 20112 E ArmVmp : Match on catch block at 0xc3 in for 0x797fda3025
04-25 09:59:15.288 20112 20112 E ArmVmp : Match on catch block at 0xc3 in for 0x797fda3025
04-25 09:59:15.292 20112 20112 E ArmVmp : Match on catch block at 0xc3 in for 0x797fda3025
04-25 09:59:15.300 20112 20112 E ArmVmp : Match on catch block at 0xc3 in for 0x797fda3025
04-25 09:59:15.304 20112 20112 E ArmVmp : Match on catch block at 0xc3 in for 0x797fda3025
04-25 09:59:15.326 20112 20112 E ArmVmp : Match on catch block at 0xc3 in for 0x797fda3025
04-25 09:59:15.332 20112 20112 E ArmVmp : Match on catch block at 0xc3 in for 0x797fda3025
04-25 09:59:15.608 20112 20112 E ArmVmp : Match on catch block at 0x0a in for 0x797fda3031
04-25 09:59:15.631 20112 20112 E ArmVmp : Match on catch block at 0x0a in for 0x797fda304d
04-25 09:59:15.666 20112 20112 W Activity: Can request only one set of permissions at a time
04-25 09:59:15.795 20112 20112 E ActivityImpl: get life cycle exception
04-25 09:59:15.795 20112 20112 E ActivityImpl: java.lang.ClassCastException: android.os.BinderProxy cannot be cast to android.app.servertransaction.ClientTransaction
04-25 09:59:15.795 20112 20112 E ActivityImpl: at android.app.ActivityImpl.checkAccessControl(ActivityImpl.java:63)
04-25 09:59:15.795 20112 20112 E ActivityImpl: at android.app.ActivityImpl.onResume(ActivityImpl.java:139)
04-25 09:59:15.795 20112 20112 E ActivityImpl: at android.app.Activity.onResume(Activity.java:2104)
04-25 09:59:15.795 20112 20112 E ActivityImpl: at X.03u.onResume(Unknown Source:3)
04-25 09:59:15.795 20112 20112 E ActivityImpl: at X.4fW.onResume(Unknown Source:0)
04-25 09:59:15.795 20112 20112 E ActivityImpl: at X.4fV.onResume(Unknown Source:0)
04-25 09:59:15.795 20112 20112 E ActivityImpl: at X.4fS.onResume(Unknown Source:0)
04-25 09:59:15.795 20112 20112 E ActivityImpl: at X.4fQ.onResume(Unknown Source:0)
04-25 09:59:15.795 20112 20112 E ActivityImpl: at X.4bS.onResume(Unknown Source:0)
04-25 09:59:15.795 20112 20112 E ActivityImpl: at com.mbwhatsapp.HomeActivity.onResume(Unknown Source:30)
04-25 09:59:15.795 20112 20112 E ActivityImpl: at android.app.Instrumentation.callActivityOnResume(Instrumentation.java:1584)
04-25 09:59:15.795 20112 20112 E ActivityImpl: at android.app.Activity.performResume(Activity.java:8697)
04-25 09:59:15.795 20112 20112 E ActivityImpl: at android.app.ActivityThread.performResumeActivity(ActivityThread.java:5041)
04-25 09:59:15.795 20112 20112 E ActivityImpl: at android.app.ActivityThread.handleResumeActivity(ActivityThread.java:5085)
04-25 09:59:15.795 20112 20112 E ActivityImpl: at android.app.servertransaction.ResumeActivityItem.execute(ResumeActivityItem.java:54 )
04-25 09:59:15.795 20112 20112 E ActivityImpl: at android.app.servertransaction.ActivityTransactionItem.execute(ActivityTransactionIt em.java:45)
04-25 09:59:15.795 20112 20112 E ActivityImpl: at android.app.servertransaction.TransactionExecutor.executeLifecycleState(Transaction Executor.java:176)
04-25 09:59:15.795 20112 20112 E ActivityImpl: at android.app.servertransaction.TransactionExecutor.execute(TransactionExecutor.java: 97)
04-25 09:59:15.795 20112 20112 E ActivityImpl: at android.app.ClientTransactionHandler.executeTransaction(ClientTransactionHandler.ja va:64)
04-25 09:59:15.795 20112 20112 E ActivityImpl: at android.app.ActivityThread.handleRelaunchActivityLocally(ActivityThread.java:6005)
04-25 09:59:15.795 20112 20112 E ActivityImpl: at android.app.ActivityThread$H.handleMessage(ActivityThread.java:2450)
04-25 09:59:15.795 20112 20112 E ActivityImpl: at android.os.Handler.dispatchMessage(Handler.java:106)
04-25 09:59:15.795 20112 20112 E ActivityImpl: at android.os.Looper.loopOnce(Looper.java:211)
04-25 09:59:15.795 20112 20112 E ActivityImpl: at android.os.Looper.loop(Looper.java:300)
04-25 09:59:15.795 20112 20112 E ActivityImpl: at android.app.ActivityThread.main(ActivityThread.java:8315)
04-25 09:59:15.795 20112 20112 E ActivityImpl: at java.lang.reflect.Method.invoke(Native Method)
04-25 09:59:15.795 20112 20112 E ActivityImpl: at com.android.internal.os.RuntimeInit$MethodAndArgsCaller.run(RuntimeInit.java:581)
04-25 09:59:15.795 20112 20112 E ActivityImpl: at com.android.internal.os.ZygoteInit.main(ZygoteInit.java:1028)
04-25 09:59:16.215 20112 20112 E ArmVmp : Match on catch block at 0xc3 in for 0x797fda3025
04-25 09:59:16.222 20112 20112 E ArmVmp : Match on catch block at 0xc3 in for 0x797fda3025
04-25 09:59:16.234 20112 20112 W Looper : PerfMonitor doFrame : time=420ms vsyncFrame=0 latency=479ms procState=-1 historyMsgCount=6 (msgIndex=5 wall=475ms seq=53229 late=14ms h=android.app.ActivityThread$H w=160)
04-25 09:59:16.300 20112 20112 W Looper : PerfMonitor looperActivity : package=com.mbwhatsapp/.HomeActivity time=15ms latency=644ms procState=-1 historyMsgCount=17 (msgIndex=1 wall=475ms seq=53229 late=14ms h=android.app.ActivityThread$H w=160) (msgIndex=3 wall=420ms seq=53231 late=479ms h=android.view.Choreographer$FrameHandler c=android.view.Choreographer$FrameDisplayEventReceiver)
04-25 09:59:16.316 20112 20112 W Looper : PerfMonitor looperActivity : package=com.mbwhatsapp/.HomeActivity time=16ms latency=659ms procState=-1 historyMsgCount=18 (msgIndex=1 wall=475ms seq=53229 late=14ms h=android.app.ActivityThread$H w=160) (msgIndex=3 wall=420ms seq=53231 late=479ms h=android.view.Choreographer$FrameHandler c=android.view.Choreographer$FrameDisplayEventReceiver)
04-25 09:59:16.430 20112 20112 W Looper : PerfMonitor doFrame : time=104ms vsyncFrame=0 latency=504ms procState=-1 historyMsgCount=56 (msgIndex=1 wall=420ms seq=53231 late=479ms h=android.view.Choreographer$FrameHandler c=android.view.Choreographer$FrameDisplayEventReceiver)
04-25 09:59:16.442 20112 20112 E ArmVmp : Match on catch block at 0x0a in for 0x797fda3035
04-25 09:59:22.671 20112 20255 W Parcel : Expecting binder but got null!
04-25 09:59:24.681 20112 20255 W Parcel : Expecting binder but got null!
04-25 09:59:28.955 20112 20255 E FrameEvents: updateAcquireFence: Did not find frame.
04-25 09:59:30.020 20112 20112 E ArmVmp : Match on catch block at 0x0a in for 0x797fda3035
04-25 09:59:30.024 20112 20112 E ArmVmp : Match on catch block at 0x0a in for 0x797fda3035
04-25 09:59:30.113 20112 20112 E ArmVmp : Match on catch block at 0xc3 in for 0x797fda3021
04-25 09:59:30.115 20112 20112 E ArmVmp : Match on catch block at 0xc3 in for 0x797fda3021
04-25 09:59:30.131 20112 20255 W Parcel : Expecting binder but got null!
04-25 09:59:30.163 20112 20112 E ArmVmp : Match on catch block at 0xc3 in for 0x797fda3025
04-25 09:59:30.166 20112 20112 E ArmVmp : Match on catch block at 0xc3 in for 0x797fda3025
04-25 09:59:30.197 20112 20112 E ArmVmp : Match on catch block at 0xc3 in for 0x797fda3025
04-25 09:59:30.199 20112 20112 E ArmVmp : Match on catch block at 0xc3 in for 0x797fda3025
04-25 09:59:30.224 20112 20112 E ArmVmp : Match on catch block at 0xc3 in for 0x797fda3025
04-25 09:59:30.228 20112 20112 E ArmVmp : Match on catch block at 0xc3 in for 0x797fda3025
04-25 09:59:30.247 20112 20112 E ArmVmp : Match on catch block at 0xc3 in for 0x797fda3025
04-25 09:59:30.251 20112 20112 E ArmVmp : Match on catch block at 0xc3 in for 0x797fda3025
04-25 09:59:30.263 20112 20112 E ArmVmp : Match on catch block at 0xc3 in for 0x797fda3025
04-25 09:59:30.266 20112 20112 E ArmVmp : Match on catch block at 0xc3 in for 0x797fda3025
04-25 09:59:30.280 20112 20112 E ArmVmp : Match on catch block at 0xc3 in for 0x797fda3025
04-25 09:59:30.284 20112 20112 E ArmVmp : Match on catch block at 0xc3 in for 0x797fda3025
04-25 09:59:30.297 20112 20112 E ArmVmp : Match on catch block at 0xc3 in for 0x797fda3025
04-25 09:59:30.300 20112 20112 E ArmVmp : Match on catch block at 0xc3 in for 0x797fda3025
04-25 09:59:30.309 20112 20112 E ArmVmp : Match on catch block at 0xc3 in for 0x797fda3025
04-25 09:59:30.312 20112 20112 E ArmVmp : Match on catch block at 0xc3 in for 0x797fda3025
04-25 09:59:30.320 20112 20112 E ArmVmp : Match on catch block at 0xc3 in for 0x797fda3025
04-25 09:59:30.324 20112 20112 E ArmVmp : Match on catch block at 0xc3 in for 0x797fda3025
04-25 09:59:30.333 20112 20112 E ArmVmp : Match on catch block at 0xc3 in for 0x797fda3025
04-25 09:59:30.336 20112 20112 E ArmVmp : Match on catch block at 0xc3 in for 0x797fda3025
04-25 09:59:30.729 20112 20112 E ArmVmp : Match on catch block at 0xc3 in for 0x797fda3025
04-25 09:59:30.732 20112 20112 E ArmVmp : Match on catch block at 0xc3 in for 0x797fda3025
04-25 09:59:30.742 20112 20112 E ArmVmp : Match on catch block at 0xc3 in for 0x797fda3025
04-25 09:59:30.744 20112 20112 E ArmVmp : Match on catch block at 0xc3 in for 0x797fda3025
04-25 09:59:30.770 20112 20112 E ArmVmp : Match on catch block at 0xc3 in for 0x797fda3025
04-25 09:59:30.773 20112 20112 E ArmVmp : Match on catch block at 0xc3 in for 0x797fda3025
04-25 09:59:30.784 20112 20255 E FrameEvents: updateAcquireFence: Did not find frame.
04-25 09:59:30.805 20112 20112 E ArmVmp : Match on catch block at 0xc3 in for 0x797fda3025
04-25 09:59:30.808 20112 20112 E ArmVmp : Match on catch block at 0xc3 in for 0x797fda3025
04-25 09:59:30.901 20112 20112 W ResourceType: Bad XML block: header size 18254 or total size 169478669 is larger than data size 380
04-25 09:59:30.904 20112 20112 W ResourceType: Bad XML block: header size 18254 or total size 169478669 is larger than data size 633
04-25 09:59:30.914 20112 20112 W ResourceType: Bad XML block: header size 18254 or total size 169478669 is larger than data size 677
04-25 09:59:30.917 20112 20112 W ResourceType: Bad XML block: header size 18254 or total size 169478669 is larger than data size 248
04-25 09:59:30.923 20112 20112 W ResourceType: Bad XML block: header size 18254 or total size 169478669 is larger than data size 571
04-25 09:59:30.928 20112 20112 W ResourceType: Bad XML block: header size 18254 or total size 169478669 is larger than data size 333
04-25 09:59:30.932 20112 20112 W ResourceType: Bad XML block: header size 18254 or total size 169478669 is larger than data size 650
04-25 09:59:30.935 20112 20112 W ResourceType: Bad XML block: header size 18254 or total size 169478669 is larger than data size 1150
04-25 09:59:30.939 20112 20112 W ResourceType: Bad XML block: header size 18254 or total size 169478669 is larger than data size 491
04-25 09:59:30.942 20112 20112 W ResourceType: Bad XML block: header size 18254 or total size 169478669 is larger than data size 1150
04-25 09:59:30.945 20112 20112 W ResourceType: Bad XML block: header size 18254 or total size 169478669 is larger than data size 659
04-25 09:59:30.948 20112 20112 W ResourceType: Bad XML block: header size 18254 or total size 169478669 is larger than data size 593
04-25 09:59:30.956 20112 20112 W ResourceType: Bad XML block: header size 18254 or total size 169478669 is larger than data size 1171
04-25 09:59:30.960 20112 20112 W ResourceType: Bad XML block: header size 18254 or total size 169478669 is larger than data size 510
04-25 09:59:30.972 20112 20112 W ResourceType: Bad XML block: header size 18254 or total size 169478669 is larger than data size 853
04-25 09:59:31.018 20112 20112 W ResourceType: Bad XML block: header size 18254 or total size 169478669 is larger than data size 650
04-25 09:59:31.061 20112 20112 W View : requestLayout() improperly called by android.widget.Space{74c901d I.ED..... ......I. 33,99-44,110 #7f0b00ba app:id/action_tile_spacing} during layout: running second layout pass
04-25 09:59:31.061 20112 20112 W View : requestLayout() improperly called by android.widget.Space{2f06292 I.ED..... ......I. 33,99-44,110 #7f0b00ba app:id/action_tile_spacing} during layout: running second layout pass
04-25 09:59:31.061 20112 20112 W View : requestLayout() improperly called by android.widget.Space{d4ea463 I.ED..... ......I. 33,99-44,110 #7f0b00ba app:id/action_tile_spacing} during layout: running second layout pass
04-25 09:59:31.067 20112 20112 E ArmVmp : Match on catch block at 0xc3 in for 0x797fda3025
04-25 09:59:31.070 20112 20112 E ArmVmp : Match on catch block at 0xc3 in for 0x797fda3025
04-25 09:59:31.082 20112 20112 E ArmVmp : Match on catch block at 0xc3 in for 0x797fda3025
04-25 09:59:31.085 20112 20112 E ArmVmp : Match on catch block at 0xc3 in for 0x797fda3025
04-25 09:59:31.102 20112 20112 E ArmVmp : Match on catch block at 0xc3 in for 0x797fda3025
04-25 09:59:31.104 20112 20112 E ArmVmp : Match on catch block at 0xc3 in for 0x797fda3025
04-25 09:59:31.142 20112 20255 W Parcel : Expecting binder but got null!
04-25 09:59:31.144 20112 20112 E ArmVmp : Match on catch block at 0xc3 in for 0x797fda3025
04-25 09:59:31.148 20112 20112 E ArmVmp : Match on catch block at 0xc3 in for 0x797fda3025
04-25 09:59:31.159 20112 20112 E ArmVmp : Match on catch block at 0xc3 in for 0x797fda3025
04-25 09:59:31.163 20112 20112 E ArmVmp : Match on catch block at 0xc3 in for 0x797fda3025
04-25 09:59:31.175 20112 20112 E ArmVmp : Match on catch block at 0xc3 in for 0x797fda3025
04-25 09:59:31.179 20112 20112 E ArmVmp : Match on catch block at 0xc3 in for 0x797fda3025
04-25 09:59:31.188 20112 20112 E ArmVmp : Match on catch block at 0xc3 in for 0x797fda3025
04-25 09:59:31.192 20112 20112 E ArmVmp : Match on catch block at 0xc3 in for 0x797fda3025
04-25 09:59:31.213 20112 20112 E ArmVmp : Match on catch block at 0xc3 in for 0x797fda3025
04-25 09:59:31.218 20112 20112 E ArmVmp : Match on catch block at 0xc3 in for 0x797fda3025
04-25 09:59:31.227 20112 20112 E ArmVmp : Match on catch block at 0xc3 in for 0x797fda3025
04-25 09:59:31.233 20112 20112 E ArmVmp : Match on catch block at 0xc3 in for 0x797fda3025
04-25 09:59:31.255 20112 20112 E ArmVmp : Match on catch block at 0xc3 in for 0x797fda3025
04-25 09:59:31.258 20112 20112 E ArmVmp : Match on catch block at 0xc3 in for 0x797fda3025
04-25 09:59:31.271 20112 20112 E ArmVmp : Match on catch block at 0xc3 in for 0x797fda3025
04-25 09:59:31.279 20112 20112 E ArmVmp : Match on catch block at 0xc3 in for 0x797fda3025
04-25 09:59:31.296 20112 20112 W VRI[ContactInfoActivity]: Dropping event (paused for transition):MotionEvent { action=ACTION_DOWN, actionButton=0, id[0]=0, x[0]=887.3178, y[0]=1197.2513, toolType[0]=TOOL_TYPE_FINGER, buttonState=0, classification=NONE, metaState=0, flags=0x80000, edgeFlags=0x0, pointerCount=1, historySize=0, eventTime=752769628, downTime=752769628, deviceId=4, source=0x1002, displayId=0, eventId=438942774 }
04-25 09:59:31.296 20112 20112 W VRI[ContactInfoActivity]: Dropping event (paused for transition):MotionEvent { action=ACTION_MOVE, actionButton=0, id[0]=0, x[0]=889.0252, y[0]=1143.6437, toolType[0]=TOOL_TYPE_FINGER, buttonState=0, classification=NONE, metaState=0, flags=0x80000, edgeFlags=0x0, pointerCount=1, historySize=3, eventTime=752769647, downTime=752769628, deviceId=4, source=0x1002, displayId=0, eventId=612032192 }
04-25 09:59:31.299 20112 20112 E ArmVmp : Match on catch block at 0xc3 in for 0x797fda3025
04-25 09:59:31.303 20112 20112 E ArmVmp : Match on catch block at 0xc3 in for 0x797fda3025
04-25 09:59:31.313 20112 20112 W VRI[ContactInfoActivity]: Dropping event (paused for transition):MotionEvent { action=ACTION_MOVE, actionButton=0, id[0]=0, x[0]=891.4551, y[0]=1064.7561, toolType[0]=TOOL_TYPE_FINGER, buttonState=0, classification=NONE, metaState=0, flags=0x80000, edgeFlags=0x0, pointerCount=1, historySize=3, eventTime=752769658, downTime=752769628, deviceId=4, source=0x1002, displayId=0, eventId=35277072 }
04-25 09:59:31.315 20112 20112 E ArmVmp : Match on catch block at 0xc3 in for 0x797fda3025
04-25 09:59:31.319 20112 20112 E ArmVmp : Match on catch block at 0xc3 in for 0x797fda3025
04-25 09:59:31.336 20112 20112 W VRI[ContactInfoActivity]: Dropping event (paused for transition):MotionEvent { action=ACTION_MOVE, actionButton=0, id[0]=0, x[0]=914.3153, y[0]=882.2717, toolType[0]=TOOL_TYPE_FINGER, buttonState=0, classification=NONE, metaState=0, flags=0x80000, edgeFlags=0x0, pointerCount=1, historySize=6, eventTime=752769680, downTime=752769628, deviceId=4, source=0x1002, displayId=0, eventId=799678263 }
04-25 09:59:31.338 20112 20112 E ArmVmp : Match on catch block at 0xc3 in for 0x797fda3025
04-25 09:59:31.341 20112 20112 E ArmVmp : Match on catch block at 0xc3 in for 0x797fda3025
04-25 09:59:31.353 20112 20112 W VRI[ContactInfoActivity]: Dropping event (paused for transition):MotionEvent { action=ACTION_MOVE, actionButton=0, id[0]=0, x[0]=953.81165, y[0]=738.76996, toolType[0]=TOOL_TYPE_FINGER, buttonState=0, classification=NONE, metaState=0, flags=0x80000, edgeFlags=0x0, pointerCount=1, historySize=4, eventTime=752769700, downTime=752769628, deviceId=4, source=0x1002, displayId=0, eventId=428896960 }
04-25 09:59:31.353 20112 20112 W VRI[ContactInfoActivity]: Cancelling event (paused for transition):MotionEvent { action=ACTION_CANCEL, actionButton=0, id[0]=0, x[0]=953.81165, y[0]=738.76996, toolType[0]=TOOL_TYPE_FINGER, buttonState=0, classification=NONE, metaState=0, flags=0x80000, edgeFlags=0x0, pointerCount=1, historySize=0, eventTime=752769703, downTime=752769628, deviceId=4, source=0x1002, displayId=0, eventId=492775914 }
04-25 09:59:31.353 20112 20112 W VRI[ContactInfoActivity]: Cancelling event (paused for transition):MotionEvent { action=ACTION_CANCEL, actionButton=0, id[0]=0, x[0]=953.81165, y[0]=738.76996, toolType[0]=TOOL_TYPE_FINGER, buttonState=0, classification=NONE, metaState=0, flags=0x80000, edgeFlags=0x0, pointerCount=1, historySize=0, eventTime=752769703, downTime=752769628, deviceId=4, source=0x1002, displayId=0, eventId=492775914 }
04-25 09:59:31.353 20112 20112 W VRI[ContactInfoActivity]: Cancelling event (paused for transition):MotionEvent { action=ACTION_CANCEL, actionButton=0, id[0]=0, x[0]=953.81165, y[0]=738.76996, toolType[0]=TOOL_TYPE_FINGER, buttonState=0, classification=NONE, metaState=0, flags=0x80000, edgeFlags=0x0, pointerCount=1, historySize=0, eventTime=752769703, downTime=752769628, deviceId=4, source=0x1002, displayId=0, eventId=492775914 }
04-25 09:59:31.353 20112 20112 W VRI[ContactInfoActivity]: Cancelling event (paused for transition):MotionEvent { action=ACTION_CANCEL, actionButton=0, id[0]=0, x[0]=953.81165, y[0]=738.76996, toolType[0]=TOOL_TYPE_FINGER, buttonState=0, classification=NONE, metaState=0, flags=0x80000, edgeFlags=0x0, pointerCount=1, historySize=0, eventTime=752769703, downTime=752769628, deviceId=4, source=0x1002, displayId=0, eventId=492775914 }
04-25 09:59:31.356 20112 20112 E ArmVmp : Match on catch block at 0xc3 in for 0x797fda3025
04-25 09:59:31.359 20112 20112 E ArmVmp : Match on catch block at 0xc3 in for 0x797fda3025
04-25 09:59:31.369 20112 20112 E ArmVmp : Match on catch block at 0xc3 in for 0x797fda3025
04-25 09:59:31.372 20112 20112 E ArmVmp : Match on catch block at 0xc3 in for 0x797fda3025
04-25 09:59:31.382 20112 20112 E ArmVmp : Match on catch block at 0xc3 in for 0x797fda3025
04-25 09:59:31.384 20112 20112 E ArmVmp : Match on catch block at 0xc3 in for 0x797fda3025
04-25 09:59:31.441 20112 20112 E ArmVmp : Match on catch block at 0xc3 in for 0x797fda3025
04-25 09:59:31.445 20112 20112 E ArmVmp : Match on catch block at 0xc3 in for 0x797fda3025
04-25 09:59:32.978 20112 20255 W Parcel : Expecting binder but got null!
04-25 09:59:34.048 20112 20255 W Parcel : Expecting binder but got null!
04-25 09:59:34.835 20112 20112 W ResourceType: Bad XML block: header size 18254 or total size 169478669 is larger than data size 853
04-25 09:59:34.858 20112 20112 W ResourceType: Bad XML block: header size 18254 or total size 169478669 is larger than data size 853
04-25 09:59:34.869 20112 20112 W View : requestLayout() improperly called by com.mbwhatsapp.TextEmojiLabel{ba99a25 VFED..C.. ......ID 0,0-441,82 #7f0b06ab app:id/conversation_contact_name} during layout: running second layout pass
04-25 09:59:34.886 20112 20112 W View : requestLayout() improperly called by com.mbwhatsapp.TextEmojiLabel{ba99a25 VFED..C.. ......ID 0,0-441,82 #7f0b06ab app:id/conversation_contact_name} during layout: running second layout pass
04-25 09:59:35.860 20112 20112 E ArmVmp : Match on catch block at 0x0a in for 0x797fda3035
04-25 09:59:35.864 20112 20112 E ArmVmp : Match on catch block at 0x0a in for 0x797fda3035
04-25 09:59:35.906 20112 20112 E ArmVmp : Match on catch block at 0xc3 in for 0x797fda3025
04-25 09:59:35.908 20112 20112 E ArmVmp : Match on catch block at 0xc3 in for 0x797fda3025
04-25 09:59:35.914 20112 20255 E FrameEvents: updateAcquireFence: Did not find frame.
04-25 09:59:35.915 20112 20255 E com.mbwhatsapp: mali-debug: still pending callback,wait...
04-25 09:59:35.923 20112 20112 E ArmVmp : Match on catch block at 0xc3 in for 0x797fda3025
04-25 09:59:35.925 20112 20112 E ArmVmp : Match on catch block at 0xc3 in for 0x797fda3025
04-25 09:59:35.949 20112 20112 E ArmVmp : Match on catch block at 0xc3 in for 0x797fda3025
04-25 09:59:35.952 20112 20112 E ArmVmp : Match on catch block at 0xc3 in for 0x797fda3025
04-25 09:59:36.292 20112 20112 E ArmVmp : Match on catch block at 0xc3 in for 0x797fda3025
04-25 09:59:36.296 20112 20112 E ArmVmp : Match on catch block at 0xc3 in for 0x797fda3025
04-25 09:59:36.309 20112 20112 E ArmVmp : Match on catch block at 0xc3 in for 0x797fda3025
04-25 09:59:36.313 20112 20112 E ArmVmp : Match on catch block at 0xc3 in for 0x797fda3025
04-25 09:59:36.327 20112 20112 E ArmVmp : Match on catch block at 0xc3 in for 0x797fda3025
04-25 09:59:36.333 20112 20112 E ArmVmp : Match on catch block at 0xc3 in for 0x797fda3025
04-25 09:59:36.454 20112 20112 E ArmVmp : Match on catch block at 0xc3 in for 0x797fda3025
04-25 09:59:36.457 20112 20112 E ArmVmp : Match on catch block at 0xc3 in for 0x797fda3025
04-25 09:59:36.478 20112 20112 E ArmVmp : Match on catch block at 0xc3 in for 0x797fda3025
04-25 09:59:36.481 20112 20112 E ArmVmp : Match on catch block at 0xc3 in for 0x797fda3025
04-25 09:59:36.488 20112 20112 E ArmVmp : Match on catch block at 0xc3 in for 0x797fda3025
04-25 09:59:36.495 20112 20112 E ArmVmp : Match on catch block at 0xc3 in for 0x797fda3025
04-25 09:59:36.504 20112 20112 E ArmVmp : Match on catch block at 0xc3 in for 0x797fda3025
04-25 09:59:36.507 20112 20112 E ArmVmp : Match on catch block at 0xc3 in for 0x797fda3025
04-25 09:59:36.516 20112 20112 E ArmVmp : Match on catch block at 0xc3 in for 0x797fda3025
04-25 09:59:36.519 20112 20112 E ArmVmp : Match on catch block at 0xc3 in for 0x797fda3025
04-25 09:59:36.553 20112 20112 E ArmVmp : Match on catch block at 0xc3 in for 0x797fda3025
04-25 09:59:36.556 20112 20112 E ArmVmp : Match on catch block at 0xc3 in for 0x797fda3025
04-25 09:59:38.434 20112 20112 W Choreographer: Frame time is 0.123453 now = 752776792448945 timestampNanos = 752776792572398 ms in the future! Check that graphics HAL is generating vsync timestamps using the correct timebase.
04-25 09:59:39.942 20112 20255 W Parcel : Expecting binder but got null!
04-25 09:59:40.897 20112 20255 W Parcel : Expecting binder but got null!
04-25 09:59:40.989 20112 24655 W SQLiteLog: (28) double-quoted string literal: "16D0B277CC4903F99F7B4B65C5E72C58"
