04-25 10:05:57.801 20112 20112 E ArmVmp : Match on catch block at 0xc3 in for 0x797fda3025
04-25 10:05:57.804 20112 20112 E ArmVmp : Match on catch block at 0xc3 in for 0x797fda3025
04-25 10:05:57.812 20112 20112 E ArmVmp : Match on catch block at 0xc3 in for 0x797fda3025
04-25 10:05:57.815 20112 20112 E ArmVmp : Match on catch block at 0xc3 in for 0x797fda3025
04-25 10:05:57.824 20112 20112 E ArmVmp : Match on catch block at 0xc3 in for 0x797fda3025
04-25 10:05:57.828 20112 20112 E ArmVmp : Match on catch block at 0xc3 in for 0x797fda3025
04-25 10:05:57.833 20112 20112 E ArmVmp : Match on catch block at 0xc3 in for 0x797fda3025
04-25 10:05:57.838 20112 20112 E ArmVmp : Match on catch block at 0xc3 in for 0x797fda3025
04-25 10:05:57.844 20112 20112 E ArmVmp : Match on catch block at 0xc3 in for 0x797fda3025
04-25 10:05:57.847 20112 20112 E ArmVmp : Match on catch block at 0xc3 in for 0x797fda3025
04-25 10:05:57.855 20112 20112 E ArmVmp : Match on catch block at 0xc3 in for 0x797fda3025
04-25 10:05:57.859 20112 20112 E ArmVmp : Match on catch block at 0xc3 in for 0x797fda3025
04-25 10:05:57.868 20112 20112 E ArmVmp : Match on catch block at 0xc3 in for 0x797fda3025
04-25 10:05:57.871 20112 20112 E ArmVmp : Match on catch block at 0xc3 in for 0x797fda3025
04-25 10:05:57.878 20112 20112 E ArmVmp : Match on catch block at 0xc3 in for 0x797fda3025
04-25 10:05:57.881 20112 20112 E ArmVmp : Match on catch block at 0xc3 in for 0x797fda3025
04-25 10:05:57.889 20112 20112 E ArmVmp : Match on catch block at 0xc3 in for 0x797fda3025
04-25 10:05:57.892 20112 20112 E ArmVmp : Match on catch block at 0xc3 in for 0x797fda3025
04-25 10:05:57.901 20112 20112 E ArmVmp : Match on catch block at 0xc3 in for 0x797fda3025
04-25 10:05:57.904 20112 20112 E ArmVmp : Match on catch block at 0xc3 in for 0x797fda3025
04-25 10:05:57.911 20112 20112 E ArmVmp : Match on catch block at 0xc3 in for 0x797fda3025
04-25 10:05:57.914 20112 20112 E ArmVmp : Match on catch block at 0xc3 in for 0x797fda3025
04-25 10:05:57.922 20112 20112 E ArmVmp : Match on catch block at 0xc3 in for 0x797fda3025
04-25 10:05:57.925 20112 20112 E ArmVmp : Match on catch block at 0xc3 in for 0x797fda3025
04-25 10:05:57.933 20112 20112 E ArmVmp : Match on catch block at 0xc3 in for 0x797fda3025
04-25 10:05:57.936 20112 20112 E ArmVmp : Match on catch block at 0xc3 in for 0x797fda3025
04-25 10:05:57.945 20112 20112 E ArmVmp : Match on catch block at 0xc3 in for 0x797fda3025
04-25 10:05:57.947 20112 20112 E ArmVmp : Match on catch block at 0xc3 in for 0x797fda3025
04-25 10:05:57.955 20112 20112 E ArmVmp : Match on catch block at 0xc3 in for 0x797fda3025
04-25 10:05:57.959 20112 20112 E ArmVmp : Match on catch block at 0xc3 in for 0x797fda3025
04-25 10:05:57.968 20112 20112 E ArmVmp : Match on catch block at 0xc3 in for 0x797fda3025
04-25 10:05:57.971 20112 20112 E ArmVmp : Match on catch block at 0xc3 in for 0x797fda3025
04-25 10:05:57.979 20112 20112 E ArmVmp : Match on catch block at 0xc3 in for 0x797fda3025
04-25 10:05:57.982 20112 20112 E ArmVmp : Match on catch block at 0xc3 in for 0x797fda3025
04-25 10:05:57.989 20112 20112 E ArmVmp : Match on catch block at 0xc3 in for 0x797fda3025
04-25 10:05:57.992 20112 20112 E ArmVmp : Match on catch block at 0xc3 in for 0x797fda3025
04-25 10:05:58.000 20112 20112 E ArmVmp : Match on catch block at 0xc3 in for 0x797fda3025
04-25 10:05:58.004 20112 20112 E ArmVmp : Match on catch block at 0xc3 in for 0x797fda3025
04-25 10:05:58.089 20112 20112 E ArmVmp : Match on catch block at 0xc3 in for 0x797fda3025
04-25 10:05:58.092 20112 20112 E ArmVmp : Match on catch block at 0xc3 in for 0x797fda3025
04-25 10:05:58.589 20112 20112 E ArmVmp : Match on catch block at 0xc3 in for 0x797fda3025
04-25 10:05:58.592 20112 20112 E ArmVmp : Match on catch block at 0xc3 in for 0x797fda3025
04-25 10:05:58.622 20112 20112 E ArmVmp : Match on catch block at 0xc3 in for 0x797fda3025
04-25 10:05:58.625 20112 20112 E ArmVmp : Match on catch block at 0xc3 in for 0x797fda3025
04-25 10:05:58.633 20112 20112 E ArmVmp : Match on catch block at 0xc3 in for 0x797fda3025
04-25 10:05:58.637 20112 20112 E ArmVmp : Match on catch block at 0xc3 in for 0x797fda3025
04-25 10:05:58.644 20112 20112 E ArmVmp : Match on catch block at 0xc3 in for 0x797fda3025
04-25 10:05:58.647 20112 20112 E ArmVmp : Match on catch block at 0xc3 in for 0x797fda3025
04-25 10:05:58.655 20112 20112 E ArmVmp : Match on catch block at 0xc3 in for 0x797fda3025
04-25 10:05:58.658 20112 20112 E ArmVmp : Match on catch block at 0xc3 in for 0x797fda3025
04-25 10:05:58.667 20112 20112 E ArmVmp : Match on catch block at 0xc3 in for 0x797fda3025
04-25 10:05:58.670 20112 20112 E ArmVmp : Match on catch block at 0xc3 in for 0x797fda3025
04-25 10:05:58.678 20112 20112 E ArmVmp : Match on catch block at 0xc3 in for 0x797fda3025
04-25 10:05:58.681 20112 20112 E ArmVmp : Match on catch block at 0xc3 in for 0x797fda3025
04-25 10:05:58.689 20112 20112 E ArmVmp : Match on catch block at 0xc3 in for 0x797fda3025
04-25 10:05:58.692 20112 20112 E ArmVmp : Match on catch block at 0xc3 in for 0x797fda3025
04-25 10:05:58.701 20112 20112 E ArmVmp : Match on catch block at 0xc3 in for 0x797fda3025
04-25 10:05:58.704 20112 20112 E ArmVmp : Match on catch block at 0xc3 in for 0x797fda3025
04-25 10:05:58.711 20112 20112 E ArmVmp : Match on catch block at 0xc3 in for 0x797fda3025
04-25 10:05:58.714 20112 20112 E ArmVmp : Match on catch block at 0xc3 in for 0x797fda3025
04-25 10:05:58.722 20112 20112 E ArmVmp : Match on catch block at 0xc3 in for 0x797fda3025
04-25 10:05:58.726 20112 20112 E ArmVmp : Match on catch block at 0xc3 in for 0x797fda3025
04-25 10:05:58.734 20112 20112 E ArmVmp : Match on catch block at 0xc3 in for 0x797fda3025
04-25 10:05:58.737 20112 20112 E ArmVmp : Match on catch block at 0xc3 in for 0x797fda3025
04-25 10:05:58.745 20112 20112 E ArmVmp : Match on catch block at 0xc3 in for 0x797fda3025
04-25 10:05:58.748 20112 20112 E ArmVmp : Match on catch block at 0xc3 in for 0x797fda3025
04-25 10:05:58.756 20112 20112 E ArmVmp : Match on catch block at 0xc3 in for 0x797fda3025
04-25 10:05:58.760 20112 20112 E ArmVmp : Match on catch block at 0xc3 in for 0x797fda3025
04-25 10:05:58.767 20112 20112 E ArmVmp : Match on catch block at 0xc3 in for 0x797fda3025
04-25 10:05:58.770 20112 20112 E ArmVmp : Match on catch block at 0xc3 in for 0x797fda3025
04-25 10:05:58.778 20112 20112 E ArmVmp : Match on catch block at 0xc3 in for 0x797fda3025
04-25 10:05:58.782 20112 20112 E ArmVmp : Match on catch block at 0xc3 in for 0x797fda3025
04-25 10:05:58.790 20112 20112 E ArmVmp : Match on catch block at 0xc3 in for 0x797fda3025
04-25 10:05:58.793 20112 20112 E ArmVmp : Match on catch block at 0xc3 in for 0x797fda3025
04-25 10:05:58.800 20112 20112 E ArmVmp : Match on catch block at 0xc3 in for 0x797fda3025
04-25 10:05:58.803 20112 20112 E ArmVmp : Match on catch block at 0xc3 in for 0x797fda3025
04-25 10:05:58.811 20112 20112 E ArmVmp : Match on catch block at 0xc3 in for 0x797fda3025
04-25 10:05:58.815 20112 20112 E ArmVmp : Match on catch block at 0xc3 in for 0x797fda3025
04-25 10:05:58.822 20112 20112 E ArmVmp : Match on catch block at 0xc3 in for 0x797fda3025
04-25 10:05:58.825 20112 20112 E ArmVmp : Match on catch block at 0xc3 in for 0x797fda3025
04-25 10:05:58.834 20112 20112 E ArmVmp : Match on catch block at 0xc3 in for 0x797fda3025
04-25 10:05:58.838 20112 20112 E ArmVmp : Match on catch block at 0xc3 in for 0x797fda3025
04-25 10:05:58.845 20112 20112 E ArmVmp : Match on catch block at 0xc3 in for 0x797fda3025
04-25 10:05:58.848 20112 20112 E ArmVmp : Match on catch block at 0xc3 in for 0x797fda3025
04-25 10:05:58.856 20112 20112 E ArmVmp : Match on catch block at 0xc3 in for 0x797fda3025
04-25 10:05:58.859 20112 20112 E ArmVmp : Match on catch block at 0xc3 in for 0x797fda3025
04-25 10:05:58.867 20112 20112 E ArmVmp : Match on catch block at 0xc3 in for 0x797fda3025
04-25 10:05:58.869 20112 20112 E ArmVmp : Match on catch block at 0xc3 in for 0x797fda3025
04-25 10:05:58.878 20112 20112 E ArmVmp : Match on catch block at 0xc3 in for 0x797fda3025
04-25 10:05:58.881 20112 20112 E ArmVmp : Match on catch block at 0xc3 in for 0x797fda3025
04-25 10:05:59.090 20112 20112 E ArmVmp : Match on catch block at 0xc3 in for 0x797fda3025
04-25 10:05:59.094 20112 20112 E ArmVmp : Match on catch block at 0xc3 in for 0x797fda3025
04-25 10:05:59.590 20112 20112 E ArmVmp : Match on catch block at 0xc3 in for 0x797fda3025
04-25 10:05:59.593 20112 20112 E ArmVmp : Match on catch block at 0xc3 in for 0x797fda3025
04-25 10:06:00.092 20112 20112 E ArmVmp : Match on catch block at 0xc3 in for 0x797fda3025
04-25 10:06:00.095 20112 20112 E ArmVmp : Match on catch block at 0xc3 in for 0x797fda3025
04-25 10:06:00.286 20112 20112 E ArmVmp : Match on catch block at 0xc3 in for 0x797fda3025
04-25 10:06:00.288 20112 20112 E ArmVmp : Match on catch block at 0xc3 in for 0x797fda3025
04-25 10:06:00.322 20112 20112 E ArmVmp : Match on catch block at 0xc3 in for 0x797fda3025
04-25 10:06:00.324 20112 20112 E ArmVmp : Match on catch block at 0xc3 in for 0x797fda3025
04-25 10:06:00.333 20112 20112 W Choreographer: Frame time is 0.055117 now = 753158691787429 timestampNanos = 753158691842546 ms in the future! Check that graphics HAL is generating vsync timestamps using the correct timebase.
04-25 10:06:00.592 20112 20112 E ArmVmp : Match on catch block at 0xc3 in for 0x797fda3025
04-25 10:06:00.596 20112 20112 E ArmVmp : Match on catch block at 0xc3 in for 0x797fda3025
04-25 10:06:00.638 20112 20112 E ArmVmp : Match on catch block at 0xc3 in for 0x797fda3025
04-25 10:06:00.641 20112 20112 E ArmVmp : Match on catch block at 0xc3 in for 0x797fda3025
04-25 10:06:00.674 20112 20112 E ArmVmp : Match on catch block at 0xc3 in for 0x797fda3025
04-25 10:06:00.676 20112 20112 E ArmVmp : Match on catch block at 0xc3 in for 0x797fda3025
04-25 10:06:00.825 20112 20112 E ArmVmp : Match on catch block at 0xc3 in for 0x797fda3025
04-25 10:06:00.827 20112 20112 E ArmVmp : Match on catch block at 0xc3 in for 0x797fda3025
04-25 10:06:00.835 20112 20112 E ArmVmp : Match on catch block at 0xc3 in for 0x797fda3025
04-25 10:06:00.839 20112 20112 E ArmVmp : Match on catch block at 0xc3 in for 0x797fda3025
04-25 10:06:00.871 20112 20112 E ArmVmp : Match on catch block at 0xc3 in for 0x797fda3025
04-25 10:06:00.875 20112 20112 E ArmVmp : Match on catch block at 0xc3 in for 0x797fda3025
04-25 10:06:00.919 20112 20112 E ArmVmp : Match on catch block at 0xc3 in for 0x797fda3025
04-25 10:06:00.923 20112 20112 E ArmVmp : Match on catch block at 0xc3 in for 0x797fda3025
04-25 10:06:00.942 20112 20112 E ArmVmp : Match on catch block at 0xc3 in for 0x797fda3025
04-25 10:06:00.949 20112 20112 E ArmVmp : Match on catch block at 0xc3 in for 0x797fda3025
04-25 10:06:01.147 20112 20555 W BpBinder: Slow Binder: BpBinder transact took 208 ms, interface=android.media.IMediaMetadataRetriever, code=5 oneway=false
04-25 10:06:01.150 20112 20112 W MessageThumbsTh: type=1400 audit(0.0:591225): avc: denied { search } for name="ppm" dev="proc" ino=4026531923 scontext=u:r:untrusted_app:s0:c89,c257,c512,c768 tcontext=u:object_r:proc_ppm:s0 tclass=dir permissive=0 app=com.mbwhatsapp
04-25 10:06:01.154 20112 20112 W MessageThumbsTh: type=1400 audit(0.0:591226): avc: denied { search } for name="ppm" dev="proc" ino=4026531923 scontext=u:r:untrusted_app:s0:c89,c257,c512,c768 tcontext=u:object_r:proc_ppm:s0 tclass=dir permissive=0 app=com.mbwhatsapp
04-25 10:06:01.373 20112 20112 E ArmVmp : Match on catch block at 0xc3 in for 0x797fda3025
04-25 10:06:01.382 20112 20112 E ArmVmp : Match on catch block at 0xc3 in for 0x797fda3025
04-25 10:06:05.704 20112 20255 W Parcel : Expecting binder but got null!
04-25 10:06:14.983 20112 20255 W Parcel : Expecting binder but got null!
04-25 10:06:15.030 20112 20112 W BottomSheetBehavior: BottomSheetBehavior now supports multiple callbacks. `setBottomSheetCallback()` removes all existing callbacks, including ones set internally by library authors, which may result in unintended behavior. This may change in the future. Please use `addBottomSheetCallback()` and `removeBottomSheetCallback()` instead to set your own callbacks.
04-25 10:06:15.030 20112 20112 W BottomSheetBehavior: BottomSheetBehavior now supports multiple callbacks. `setBottomSheetCallback()` removes all existing callbacks, including ones set internally by library authors, which may result in unintended behavior. This may change in the future. Please use `addBottomSheetCallback()` and `removeBottomSheetCallback()` instead to set your own callbacks.
04-25 10:06:15.091 20112 20112 W BottomSheetBehavior: BottomSheetBehavior now supports multiple callbacks. `setBottomSheetCallback()` removes all existing callbacks, including ones set internally by library authors, which may result in unintended behavior. This may change in the future. Please use `addBottomSheetCallback()` and `removeBottomSheetCallback()` instead to set your own callbacks.
04-25 10:06:15.091 20112 20112 W BottomSheetBehavior: BottomSheetBehavior now supports multiple callbacks. `setBottomSheetCallback()` removes all existing callbacks, including ones set internally by library authors, which may result in unintended behavior. This may change in the future. Please use `addBottomSheetCallback()` and `removeBottomSheetCallback()` instead to set your own callbacks.
04-25 10:06:15.106 20112 20112 W BottomSheetBehavior: BottomSheetBehavior now supports multiple callbacks. `setBottomSheetCallback()` removes all existing callbacks, including ones set internally by library authors, which may result in unintended behavior. This may change in the future. Please use `addBottomSheetCallback()` and `removeBottomSheetCallback()` instead to set your own callbacks.
04-25 10:06:15.106 20112 20112 W BottomSheetBehavior: BottomSheetBehavior now supports multiple callbacks. `setBottomSheetCallback()` removes all existing callbacks, including ones set internally by library authors, which may result in unintended behavior. This may change in the future. Please use `addBottomSheetCallback()` and `removeBottomSheetCallback()` instead to set your own callbacks.
04-25 10:06:15.127 20112 20112 W BottomSheetBehavior: BottomSheetBehavior now supports multiple callbacks. `setBottomSheetCallback()` removes all existing callbacks, including ones set internally by library authors, which may result in unintended behavior. This may change in the future. Please use `addBottomSheetCallback()` and `removeBottomSheetCallback()` instead to set your own callbacks.
04-25 10:06:15.127 20112 20112 W BottomSheetBehavior: BottomSheetBehavior now supports multiple callbacks. `setBottomSheetCallback()` removes all existing callbacks, including ones set internally by library authors, which may result in unintended behavior. This may change in the future. Please use `addBottomSheetCallback()` and `removeBottomSheetCallback()` instead to set your own callbacks.
04-25 10:06:15.153 20112 27854 W ColorUtils: expected specified color aspects (2:0:0:0)
04-25 10:06:15.160 20112 20112 E RecyclerView: No adapter attached; skipping layout
04-25 10:06:15.163 20112 20112 E RecyclerView: No adapter attached; skipping layout
04-25 10:06:15.164 20112 20112 E RecyclerView: No adapter attached; skipping layout
04-25 10:06:15.174 20112 27854 W Codec2Client: query -- param skipped: index = 1107298332.
04-25 10:06:15.175 20112 27854 W CCodec : This behavior is subject to change. It is recommended that app developers double check whether the requested max input size is in reasonable range.
04-25 10:06:15.180 20112 27854 W Codec2Client: query -- param skipped: index = 1342179345.
04-25 10:06:15.180 20112 27854 W Codec2Client: query -- param skipped: index = 2415921170.
04-25 10:06:15.180 20112 27854 W Codec2Client: query -- param skipped: index = 1610614798.
04-25 10:06:15.313 20112 27875 W Codec2Client: query -- param skipped: index = 1107298332.
04-25 10:06:15.313 20112 27875 W CCodec : This behavior is subject to change. It is recommended that app developers double check whether the requested max input size is in reasonable range.
04-25 10:06:15.331 20112 27875 W Codec2Client: query -- param skipped: index = 1342179345.
04-25 10:06:15.332 20112 27875 W Codec2Client: query -- param skipped: index = 2415921170.
04-25 10:06:15.332 20112 27875 W Codec2Client: query -- param skipped: index = 1610614798.
04-25 10:06:15.442 20112 27851 W libc : Access denied finding property "vendor.audio.cpu.sched"
04-25 10:06:15.442 20112 27851 W libc : Access denied finding property "vendor.audio.rt.mode"
04-25 10:06:15.447 20112 20555 W BpBinder: Slow Binder: BpBinder transact took 299 ms, interface=android.media.IMediaMetadataRetriever, code=5 oneway=false
04-25 10:06:15.529 20112 27853 W BufferQueueProducer: [SurfaceTexture-1-20112-5] (id:4e9000000083,api:3,p:20112,c:20112) detachBuffer: slot 19 is not owned by the producer (state = FREE)
04-25 10:06:15.529 20112 27853 W BufferQueueProducer: [SurfaceTexture-1-20112-5] (id:4e9000000083,api:3,p:20112,c:20112) detachBuffer: slot 20 is not owned by the producer (state = FREE)
04-25 10:06:15.530 20112 27853 W BufferQueueProducer: [SurfaceTexture-1-20112-5] (id:4e9000000083,api:3,p:20112,c:20112) detachBuffer: slot 21 is not owned by the producer (state = FREE)
04-25 10:06:15.530 20112 27853 W BufferQueueProducer: [SurfaceTexture-1-20112-5] (id:4e9000000083,api:3,p:20112,c:20112) detachBuffer: slot 22 is not owned by the producer (state = FREE)
04-25 10:06:15.530 20112 27853 W BufferQueueProducer: [SurfaceTexture-1-20112-5] (id:4e9000000083,api:3,p:20112,c:20112) detachBuffer: slot 23 is not owned by the producer (state = FREE)
04-25 10:06:15.530 20112 27853 W BufferQueueProducer: [SurfaceTexture-1-20112-5] (id:4e9000000083,api:3,p:20112,c:20112) detachBuffer: slot 24 is not owned by the producer (state = FREE)
04-25 10:06:15.531 20112 27853 W BufferQueueProducer: [SurfaceTexture-1-20112-5] (id:4e9000000083,api:3,p:20112,c:20112) detachBuffer: slot 25 is not owned by the producer (state = FREE)
04-25 10:06:15.531 20112 27853 W BufferQueueProducer: [SurfaceTexture-1-20112-5] (id:4e9000000083,api:3,p:20112,c:20112) detachBuffer: slot 26 is not owned by the producer (state = FREE)
04-25 10:06:15.531 20112 27853 W BufferQueueProducer: [SurfaceTexture-1-20112-5] (id:4e9000000083,api:3,p:20112,c:20112) detachBuffer: slot 27 is not owned by the producer (state = FREE)
04-25 10:06:15.531 20112 27853 W BufferQueueProducer: [SurfaceTexture-1-20112-5] (id:4e9000000083,api:3,p:20112,c:20112) detachBuffer: slot 28 is not owned by the producer (state = FREE)
04-25 10:06:15.531 20112 27853 W BufferQueueProducer: [SurfaceTexture-1-20112-5] (id:4e9000000083,api:3,p:20112,c:20112) detachBuffer: slot 29 is not owned by the producer (state = FREE)
04-25 10:06:15.531 20112 27853 W BufferQueueProducer: [SurfaceTexture-1-20112-5] (id:4e9000000083,api:3,p:20112,c:20112) detachBuffer: slot 30 is not owned by the producer (state = FREE)
04-25 10:06:15.532 20112 27853 W BufferQueueProducer: [SurfaceTexture-1-20112-5] (id:4e9000000083,api:3,p:20112,c:20112) detachBuffer: slot 31 is not owned by the producer (state = FREE)
04-25 10:06:15.532 20112 27853 W BufferQueueProducer: [SurfaceTexture-1-20112-5] (id:4e9000000083,api:3,p:20112,c:20112) detachBuffer: slot 32 is not owned by the producer (state = FREE)
04-25 10:06:15.532 20112 27853 W BufferQueueProducer: [SurfaceTexture-1-20112-5] (id:4e9000000083,api:3,p:20112,c:20112) detachBuffer: slot 33 is not owned by the producer (state = FREE)
04-25 10:06:15.532 20112 27853 W BufferQueueProducer: [SurfaceTexture-1-20112-5] (id:4e9000000083,api:3,p:20112,c:20112) detachBuffer: slot 34 is not owned by the producer (state = FREE)
04-25 10:06:15.532 20112 27853 W BufferQueueProducer: [SurfaceTexture-1-20112-5] (id:4e9000000083,api:3,p:20112,c:20112) detachBuffer: slot 35 is not owned by the producer (state = FREE)
04-25 10:06:15.532 20112 27853 W BufferQueueProducer: [SurfaceTexture-1-20112-5] (id:4e9000000083,api:3,p:20112,c:20112) detachBuffer: slot 36 is not owned by the producer (state = FREE)
04-25 10:06:15.532 20112 27853 W BufferQueueProducer: [SurfaceTexture-1-20112-5] (id:4e9000000083,api:3,p:20112,c:20112) detachBuffer: slot 37 is not owned by the producer (state = FREE)
04-25 10:06:15.532 20112 27853 W BufferQueueProducer: [SurfaceTexture-1-20112-5] (id:4e9000000083,api:3,p:20112,c:20112) detachBuffer: slot 38 is not owned by the producer (state = FREE)
04-25 10:06:15.533 20112 27853 W BufferQueueProducer: [SurfaceTexture-1-20112-5] (id:4e9000000083,api:3,p:20112,c:20112) detachBuffer: slot 39 is not owned by the producer (state = FREE)
04-25 10:06:15.533 20112 27853 W BufferQueueProducer: [SurfaceTexture-1-20112-5] (id:4e9000000083,api:3,p:20112,c:20112) detachBuffer: slot 40 is not owned by the producer (state = FREE)
04-25 10:06:15.533 20112 27853 W BufferQueueProducer: [SurfaceTexture-1-20112-5] (id:4e9000000083,api:3,p:20112,c:20112) detachBuffer: slot 41 is not owned by the producer (state = FREE)
04-25 10:06:15.533 20112 27853 W BufferQueueProducer: [SurfaceTexture-1-20112-5] (id:4e9000000083,api:3,p:20112,c:20112) detachBuffer: slot 42 is not owned by the producer (state = FREE)
04-25 10:06:15.533 20112 27853 W BufferQueueProducer: [SurfaceTexture-1-20112-5] (id:4e9000000083,api:3,p:20112,c:20112) detachBuffer: slot 43 is not owned by the producer (state = FREE)
04-25 10:06:15.533 20112 27853 W BufferQueueProducer: [SurfaceTexture-1-20112-5] (id:4e9000000083,api:3,p:20112,c:20112) detachBuffer: slot 44 is not owned by the producer (state = FREE)
04-25 10:06:15.534 20112 27853 W BufferQueueProducer: [SurfaceTexture-1-20112-5] (id:4e9000000083,api:3,p:20112,c:20112) detachBuffer: slot 45 is not owned by the producer (state = FREE)
04-25 10:06:15.534 20112 27853 W BufferQueueProducer: [SurfaceTexture-1-20112-5] (id:4e9000000083,api:3,p:20112,c:20112) detachBuffer: slot 46 is not owned by the producer (state = FREE)
04-25 10:06:15.534 20112 27853 W BufferQueueProducer: [SurfaceTexture-1-20112-5] (id:4e9000000083,api:3,p:20112,c:20112) detachBuffer: slot 47 is not owned by the producer (state = FREE)
04-25 10:06:15.534 20112 27853 W BufferQueueProducer: [SurfaceTexture-1-20112-5] (id:4e9000000083,api:3,p:20112,c:20112) detachBuffer: slot 48 is not owned by the producer (state = FREE)
04-25 10:06:15.535 20112 27853 W BufferQueueProducer: [SurfaceTexture-1-20112-5] (id:4e9000000083,api:3,p:20112,c:20112) detachBuffer: slot 49 is not owned by the producer (state = FREE)
04-25 10:06:15.537 20112 27853 W BufferQueueProducer: [SurfaceTexture-1-20112-5] (id:4e9000000083,api:3,p:20112,c:20112) detachBuffer: slot 50 is not owned by the producer (state = FREE)
04-25 10:06:15.537 20112 27853 W BufferQueueProducer: [SurfaceTexture-1-20112-5] (id:4e9000000083,api:3,p:20112,c:20112) detachBuffer: slot 51 is not owned by the producer (state = FREE)
04-25 10:06:15.537 20112 27853 W BufferQueueProducer: [SurfaceTexture-1-20112-5] (id:4e9000000083,api:3,p:20112,c:20112) detachBuffer: slot 52 is not owned by the producer (state = FREE)
04-25 10:06:15.538 20112 27853 W BufferQueueProducer: [SurfaceTexture-1-20112-5] (id:4e9000000083,api:3,p:20112,c:20112) detachBuffer: slot 53 is not owned by the producer (state = FREE)
04-25 10:06:15.538 20112 27853 W BufferQueueProducer: [SurfaceTexture-1-20112-5] (id:4e9000000083,api:3,p:20112,c:20112) detachBuffer: slot 54 is not owned by the producer (state = FREE)
04-25 10:06:15.538 20112 27853 W BufferQueueProducer: [SurfaceTexture-1-20112-5] (id:4e9000000083,api:3,p:20112,c:20112) detachBuffer: slot 55 is not owned by the producer (state = FREE)
04-25 10:06:15.538 20112 27853 W BufferQueueProducer: [SurfaceTexture-1-20112-5] (id:4e9000000083,api:3,p:20112,c:20112) detachBuffer: slot 56 is not owned by the producer (state = FREE)
04-25 10:06:15.540 20112 27853 W BufferQueueProducer: [SurfaceTexture-1-20112-5] (id:4e9000000083,api:3,p:20112,c:20112) detachBuffer: slot 57 is not owned by the producer (state = FREE)
04-25 10:06:15.540 20112 27853 W BufferQueueProducer: [SurfaceTexture-1-20112-5] (id:4e9000000083,api:3,p:20112,c:20112) detachBuffer: slot 58 is not owned by the producer (state = FREE)
04-25 10:06:15.540 20112 27853 W BufferQueueProducer: [SurfaceTexture-1-20112-5] (id:4e9000000083,api:3,p:20112,c:20112) detachBuffer: slot 59 is not owned by the producer (state = FREE)
04-25 10:06:15.540 20112 27853 W BufferQueueProducer: [SurfaceTexture-1-20112-5] (id:4e9000000083,api:3,p:20112,c:20112) detachBuffer: slot 60 is not owned by the producer (state = FREE)
04-25 10:06:15.540 20112 27853 W BufferQueueProducer: [SurfaceTexture-1-20112-5] (id:4e9000000083,api:3,p:20112,c:20112) detachBuffer: slot 61 is not owned by the producer (state = FREE)
04-25 10:06:15.540 20112 27853 W BufferQueueProducer: [SurfaceTexture-1-20112-5] (id:4e9000000083,api:3,p:20112,c:20112) detachBuffer: slot 62 is not owned by the producer (state = FREE)
04-25 10:06:15.540 20112 27853 W BufferQueueProducer: [SurfaceTexture-1-20112-5] (id:4e9000000083,api:3,p:20112,c:20112) detachBuffer: slot 63 is not owned by the producer (state = FREE)
04-25 10:06:15.626 20112 20112 W RenderThread: type=1400 audit(0.0:591235): avc: denied { getattr } for name="dmabuf:" dev="dmabuf" ino=1 scontext=u:r:untrusted_app:s0:c89,c257,c512,c768 tcontext=u:object_r:unlabeled:s0 tclass=filesystem permissive=0 app=com.mbwhatsapp
04-25 10:06:15.630 20112 20255 E com.mbwhatsapp: == MALI DEBUG ===eglp_winsys_populate_image_templates ==12288
04-25 10:06:15.671 20112 20255 E com.mbwhatsapp: == MALI DEBUG ===eglp_winsys_populate_image_templates ==12288
04-25 10:06:15.666 20112 20112 W RenderThread: type=1400 audit(0.0:591236): avc: denied { getattr } for name="dmabuf:" dev="dmabuf" ino=1 scontext=u:r:untrusted_app:s0:c89,c257,c512,c768 tcontext=u:object_r:unlabeled:s0 tclass=filesystem permissive=0 app=com.mbwhatsapp
04-25 10:06:15.690 20112 20112 W RenderThread: type=1400 audit(0.0:591238): avc: denied { getattr } for name="dmabuf:" dev="dmabuf" ino=1 scontext=u:r:untrusted_app:s0:c89,c257,c512,c768 tcontext=u:object_r:unlabeled:s0 tclass=filesystem permissive=0 app=com.mbwhatsapp
04-25 10:06:15.718 20112 20112 W RenderThread: type=1400 audit(0.0:591240): avc: denied { getattr } for name="dmabuf:" dev="dmabuf" ino=1 scontext=u:r:untrusted_app:s0:c89,c257,c512,c768 tcontext=u:object_r:unlabeled:s0 tclass=filesystem permissive=0 app=com.mbwhatsapp
04-25 10:06:15.742 20112 20112 W RenderThread: type=1400 audit(0.0:591241): avc: denied { getattr } for name="dmabuf:" dev="dmabuf" ino=1 scontext=u:r:untrusted_app:s0:c89,c257,c512,c768 tcontext=u:object_r:unlabeled:s0 tclass=filesystem permissive=0 app=com.mbwhatsapp
04-25 10:06:15.749 20112 20255 E com.mbwhatsapp: == MALI DEBUG ===eglp_winsys_populate_image_templates ==12288
04-25 10:06:15.769 20112 20255 E com.mbwhatsapp: == MALI DEBUG ===eglp_winsys_populate_image_templates ==12288
04-25 10:06:15.777 20112 20555 W BpBinder: Slow Binder: BpBinder transact took 214 ms, interface=android.media.IMediaMetadataRetriever, code=5 oneway=false
04-25 10:06:15.791 20112 20255 E com.mbwhatsapp: == MALI DEBUG ===eglp_winsys_populate_image_templates ==12288
04-25 10:06:15.802 20112 20255 E com.mbwhatsapp: == MALI DEBUG ===eglp_winsys_populate_image_templates ==12288
04-25 10:06:15.824 20112 20255 E com.mbwhatsapp: == MALI DEBUG ===eglp_winsys_populate_image_templates ==12288
04-25 10:06:15.846 20112 20255 E com.mbwhatsapp: == MALI DEBUG ===eglp_winsys_populate_image_templates ==12288
04-25 10:06:15.871 20112 20255 E com.mbwhatsapp: == MALI DEBUG ===eglp_winsys_populate_image_templates ==12288
04-25 10:06:15.893 20112 20255 E com.mbwhatsapp: == MALI DEBUG ===eglp_winsys_populate_image_templates ==12288
04-25 10:06:15.913 20112 20255 E com.mbwhatsapp: == MALI DEBUG ===eglp_winsys_populate_image_templates ==12288
04-25 10:06:15.926 20112 20255 E com.mbwhatsapp: == MALI DEBUG ===eglp_winsys_populate_image_templates ==12288
04-25 10:06:15.937 20112 20252 W BpBinder: Slow Binder: BpBinder transact took 212 ms, interface=android.media.IMediaMetadataRetriever, code=5 oneway=false
04-25 10:06:15.946 20112 20255 E com.mbwhatsapp: == MALI DEBUG ===eglp_winsys_populate_image_templates ==12288
04-25 10:06:15.959 20112 20255 E com.mbwhatsapp: == MALI DEBUG ===eglp_winsys_populate_image_templates ==12288
04-25 10:06:16.003 20112 20255 E com.mbwhatsapp: == MALI DEBUG ===eglp_winsys_populate_image_templates ==12288
04-25 10:06:16.018 20112 20209 E SQLiteDatabase: Error inserting transferred=1 media_job_uuid=45d7d87c-976f-42b4-a299-3e0d1165d6f9 transcoded=0 gif_attribution=0 first_scan_length=0 direct_path=/v/t62.7161- 24/30637593_959923055767325_7955029216225556241_n.enc?ccb=11- 4&oh=01_Q5AaIDTMyZBLygHSathjngsqpS_ggBw2Slop-lv7LJKwiOTe&oe=66511981&_nc_sid=5e03e0 thumbnail_height_width_ratio=1.7857143 is_animated_sticker=0 file_hash=RUeNEHNaYyXEICOwk8Fc6pqb+ZCUcdwe4Ru8/vlAaB4= file_path=Media/.Statuses/8dc37d0027554c5a9339f837b5b0db0b.mp4 file_size=1985133 partial_media_hash=null face_x=0 face_y=0 height=640 trim_to=0 media_key_timestamp=1714000064000 message_url=https://mmg.whatsapp.net/v/t62.7161- 24/30637593_959923055767325_7955029216225556241_n.enc?ccb=11- 4&oh=01_Q5AaIDTMyZBLygHSathjngsqpS_ggBw2Slop- lv7LJKwiOTe&oe=66511981&_nc_sid=5e03e0&mms3=true media_caption=null trim_from=0 mime_type=video/mp4 partial_media_enc_hash=null width=360 original_file_hash=null has_streaming_sidecar=1 autotransfer_retry_enabled=1 media_upload_handle=null message_row_id=168 multicast_id=null enc_file_hash=1bsxCttLbJluiCAaCL/dmusyCnHr0oBdjPXGTbRrxJk= mute_video=0 page_count=0 first_scan_sidecar=null suspicious_content=0 file_length=1985133 media_name=null media_duration=16 chat_row_id=25 media_key=[B@e8604d2
04-25 10:06:16.018 20112 20209 E SQLiteDatabase: android.database.sqlite.SQLiteConstraintException: UNIQUE constraint failed: message_media.message_row_id (code 1555 SQLITE_CONSTRAINT_PRIMARYKEY)
04-25 10:06:16.018 20112 20209 E SQLiteDatabase: at android.database.sqlite.SQLiteConnection.nativeExecuteForLastInsertedRowId(Native Method)
04-25 10:06:16.018 20112 20209 E SQLiteDatabase: at android.database.sqlite.SQLiteConnection.executeForLastInsertedRowId(SQLiteConnecti on.java:961)
04-25 10:06:16.018 20112 20209 E SQLiteDatabase: at android.database.sqlite.SQLiteSession.executeForLastInsertedRowId(SQLiteSession.jav a:790)
04-25 10:06:16.018 20112 20209 E SQLiteDatabase: at android.database.sqlite.SQLiteStatement.executeInsert(SQLiteStatement.java:89)
04-25 10:06:16.018 20112 20209 E SQLiteDatabase: at android.database.sqlite.SQLiteDatabase.insertWithOnConflict(SQLiteDatabase.java:186 8)
04-25 10:06:16.018 20112 20209 E SQLiteDatabase: at android.database.sqlite.SQLiteDatabase.insert(SQLiteDatabase.java:1737)
04-25 10:06:16.018 20112 20209 E SQLiteDatabase: at X.2tm.A08(Unknown Source:6)
04-25 10:06:16.018 20112 20209 E SQLiteDatabase: at X.35Y.A07(Unknown Source:212)
04-25 10:06:16.018 20112 20209 E SQLiteDatabase: at X.3QF.A14(Unknown Source:470)
04-25 10:06:16.018 20112 20209 E SQLiteDatabase: at X.3gU.run(Unknown Source:982)
04-25 10:06:16.018 20112 20209 E SQLiteDatabase: at android.os.Handler.handleCallback(Handler.java:942)
04-25 10:06:16.018 20112 20209 E SQLiteDatabase: at android.os.Handler.dispatchMessage(Handler.java:99)
04-25 10:06:16.018 20112 20209 E SQLiteDatabase: at X.0zq.dispatchMessage(Unknown Source:4)
04-25 10:06:16.018 20112 20209 E SQLiteDatabase: at android.os.Looper.loopOnce(Looper.java:211)
04-25 10:06:16.018 20112 20209 E SQLiteDatabase: at android.os.Looper.loop(Looper.java:300)
04-25 10:06:16.018 20112 20209 E SQLiteDatabase: at android.os.HandlerThread.run(HandlerThread.java:67)
04-25 10:06:16.038 20112 20255 E com.mbwhatsapp: == MALI DEBUG ===eglp_winsys_populate_image_templates ==12288
04-25 10:06:16.124 20112 20555 W BpBinder: Slow Binder: BpBinder transact took 295 ms, interface=android.media.IMediaMetadataRetriever, code=5 oneway=false
04-25 10:06:16.449 20112 20255 E com.mbwhatsapp: == MALI DEBUG ===eglp_winsys_populate_image_templates ==12288
04-25 10:06:16.529 20112 20255 E com.mbwhatsapp: == MALI DEBUG ===eglp_winsys_populate_image_templates ==12288
04-25 10:06:31.781 20112 27853 E CCodecBufferChannel: [WA] long time elapsed since last input queued, let's queue a specific work to HAL to notify something
04-25 10:06:31.832 20112 27853 E CCodecBufferChannel: [WA] long time elapsed since last input queued, let's queue a specific work to HAL to notify something
04-25 10:06:31.862 20112 27853 E CCodecBufferChannel: [WA] long time elapsed since last input queued, let's queue a specific work to HAL to notify something
04-25 10:06:31.911 20112 27853 E CCodecBufferChannel: [WA] long time elapsed since last input queued, let's queue a specific work to HAL to notify something
04-25 10:06:31.941 20112 27853 E CCodecBufferChannel: [WA] long time elapsed since last input queued, let's queue a specific work to HAL to notify something
04-25 10:06:31.982 20112 27853 E CCodecBufferChannel: [WA] long time elapsed since last input queued, let's queue a specific work to HAL to notify something
04-25 10:06:32.021 20112 27853 E CCodecBufferChannel: [WA] long time elapsed since last input queued, let's queue a specific work to HAL to notify something
04-25 10:06:32.061 20112 27853 E CCodecBufferChannel: [WA] long time elapsed since last input queued, let's queue a specific work to HAL to notify something
04-25 10:06:32.467 20112 20112 E RecyclerView: No adapter attached; skipping layout
04-25 10:06:32.467 20112 27853 W Codec2Client: query -- param skipped: index = 1342179345.
04-25 10:06:32.467 20112 27853 W Codec2Client: query -- param skipped: index = 2415921170.
04-25 10:06:32.467 20112 27853 W Codec2Client: query -- param skipped: index = 1610614798.
04-25 10:06:32.472 20112 27875 W Codec2Client: query -- param skipped: index = 1342179345.
04-25 10:06:32.472 20112 27875 W Codec2Client: query -- param skipped: index = 2415921170.
04-25 10:06:32.472 20112 27875 W Codec2Client: query -- param skipped: index = 1610614798.
04-25 10:06:32.481 20112 27853 W BufferQueueProducer: [SurfaceTexture-0-20112-6] (id:4e9000000084,api:3,p:20112,c:20112) detachBuffer: slot 0 is not owned by the producer (state = FREE)
04-25 10:06:32.481 20112 27853 W BufferQueueProducer: [SurfaceTexture-0-20112-6] (id:4e9000000084,api:3,p:20112,c:20112) detachBuffer: slot 1 is not owned by the producer (state = FREE)
04-25 10:06:32.482 20112 27853 W BufferQueueProducer: [SurfaceTexture-0-20112-6] (id:4e9000000084,api:3,p:20112,c:20112) detachBuffer: slot 2 is not owned by the producer (state = FREE)
04-25 10:06:32.482 20112 27853 W BufferQueueProducer: [SurfaceTexture-0-20112-6] (id:4e9000000084,api:3,p:20112,c:20112) detachBuffer: slot 3 is not owned by the producer (state = ACQUIRED)
04-25 10:06:32.485 20112 27853 W BufferQueueProducer: [SurfaceTexture-0-20112-6] (id:4e9000000084,api:3,p:20112,c:20112) detachBuffer: slot 12 is not owned by the producer (state = FREE)
04-25 10:06:32.486 20112 27853 W BufferQueueProducer: [SurfaceTexture-0-20112-6] (id:4e9000000084,api:3,p:20112,c:20112) detachBuffer: slot 16 is not owned by the producer (state = FREE)
04-25 10:06:32.487 20112 27853 W BufferQueueProducer: [SurfaceTexture-0-20112-6] (id:4e9000000084,api:3,p:20112,c:20112) detachBuffer: slot 18 is not owned by the producer (state = FREE)
04-25 10:06:32.487 20112 27853 W BufferQueueProducer: [SurfaceTexture-0-20112-6] (id:4e9000000084,api:3,p:20112,c:20112) detachBuffer: slot 19 is not owned by the producer (state = FREE)
04-25 10:06:32.487 20112 27853 W BufferQueueProducer: [SurfaceTexture-0-20112-6] (id:4e9000000084,api:3,p:20112,c:20112) detachBuffer: slot 20 is not owned by the producer (state = FREE)
04-25 10:06:32.488 20112 27853 W BufferQueueProducer: [SurfaceTexture-0-20112-6] (id:4e9000000084,api:3,p:20112,c:20112) detachBuffer: slot 21 is not owned by the producer (state = FREE)
04-25 10:06:32.488 20112 27853 W BufferQueueProducer: [SurfaceTexture-0-20112-6] (id:4e9000000084,api:3,p:20112,c:20112) detachBuffer: slot 22 is not owned by the producer (state = FREE)
04-25 10:06:32.488 20112 27853 W BufferQueueProducer: [SurfaceTexture-0-20112-6] (id:4e9000000084,api:3,p:20112,c:20112) detachBuffer: slot 23 is not owned by the producer (state = FREE)
04-25 10:06:32.488 20112 27853 W BufferQueueProducer: [SurfaceTexture-0-20112-6] (id:4e9000000084,api:3,p:20112,c:20112) detachBuffer: slot 24 is not owned by the producer (state = FREE)
04-25 10:06:32.488 20112 27853 W BufferQueueProducer: [SurfaceTexture-0-20112-6] (id:4e9000000084,api:3,p:20112,c:20112) detachBuffer: slot 25 is not owned by the producer (state = FREE)
04-25 10:06:32.488 20112 27853 W BufferQueueProducer: [SurfaceTexture-0-20112-6] (id:4e9000000084,api:3,p:20112,c:20112) detachBuffer: slot 26 is not owned by the producer (state = FREE)
04-25 10:06:32.489 20112 27853 W BufferQueueProducer: [SurfaceTexture-0-20112-6] (id:4e9000000084,api:3,p:20112,c:20112) detachBuffer: slot 27 is not owned by the producer (state = FREE)
04-25 10:06:32.489 20112 27853 W BufferQueueProducer: [SurfaceTexture-0-20112-6] (id:4e9000000084,api:3,p:20112,c:20112) detachBuffer: slot 28 is not owned by the producer (state = FREE)
04-25 10:06:32.489 20112 27853 W BufferQueueProducer: [SurfaceTexture-0-20112-6] (id:4e9000000084,api:3,p:20112,c:20112) detachBuffer: slot 29 is not owned by the producer (state = FREE)
04-25 10:06:32.489 20112 27853 W BufferQueueProducer: [SurfaceTexture-0-20112-6] (id:4e9000000084,api:3,p:20112,c:20112) detachBuffer: slot 30 is not owned by the producer (state = FREE)
04-25 10:06:32.489 20112 27853 W BufferQueueProducer: [SurfaceTexture-0-20112-6] (id:4e9000000084,api:3,p:20112,c:20112) detachBuffer: slot 31 is not owned by the producer (state = FREE)
04-25 10:06:32.490 20112 27853 W BufferQueueProducer: [SurfaceTexture-0-20112-6] (id:4e9000000084,api:3,p:20112,c:20112) detachBuffer: slot 32 is not owned by the producer (state = FREE)
04-25 10:06:32.490 20112 27853 W BufferQueueProducer: [SurfaceTexture-0-20112-6] (id:4e9000000084,api:3,p:20112,c:20112) detachBuffer: slot 33 is not owned by the producer (state = FREE)
04-25 10:06:32.490 20112 27853 W BufferQueueProducer: [SurfaceTexture-0-20112-6] (id:4e9000000084,api:3,p:20112,c:20112) detachBuffer: slot 34 is not owned by the producer (state = FREE)
04-25 10:06:32.491 20112 27853 W BufferQueueProducer: [SurfaceTexture-0-20112-6] (id:4e9000000084,api:3,p:20112,c:20112) detachBuffer: slot 35 is not owned by the producer (state = FREE)
04-25 10:06:32.491 20112 27853 W BufferQueueProducer: [SurfaceTexture-0-20112-6] (id:4e9000000084,api:3,p:20112,c:20112) detachBuffer: slot 36 is not owned by the producer (state = FREE)
04-25 10:06:32.491 20112 27853 W BufferQueueProducer: [SurfaceTexture-0-20112-6] (id:4e9000000084,api:3,p:20112,c:20112) detachBuffer: slot 37 is not owned by the producer (state = FREE)
04-25 10:06:32.491 20112 27853 W BufferQueueProducer: [SurfaceTexture-0-20112-6] (id:4e9000000084,api:3,p:20112,c:20112) detachBuffer: slot 38 is not owned by the producer (state = FREE)
04-25 10:06:32.491 20112 27853 W BufferQueueProducer: [SurfaceTexture-0-20112-6] (id:4e9000000084,api:3,p:20112,c:20112) detachBuffer: slot 39 is not owned by the producer (state = FREE)
04-25 10:06:32.491 20112 27853 W BufferQueueProducer: [SurfaceTexture-0-20112-6] (id:4e9000000084,api:3,p:20112,c:20112) detachBuffer: slot 40 is not owned by the producer (state = FREE)
04-25 10:06:32.492 20112 27853 W BufferQueueProducer: [SurfaceTexture-0-20112-6] (id:4e9000000084,api:3,p:20112,c:20112) detachBuffer: slot 41 is not owned by the producer (state = FREE)
04-25 10:06:32.492 20112 27853 W BufferQueueProducer: [SurfaceTexture-0-20112-6] (id:4e9000000084,api:3,p:20112,c:20112) detachBuffer: slot 42 is not owned by the producer (state = FREE)
04-25 10:06:32.492 20112 27853 W BufferQueueProducer: [SurfaceTexture-0-20112-6] (id:4e9000000084,api:3,p:20112,c:20112) detachBuffer: slot 43 is not owned by the producer (state = FREE)
04-25 10:06:32.493 20112 27853 W BufferQueueProducer: [SurfaceTexture-0-20112-6] (id:4e9000000084,api:3,p:20112,c:20112) detachBuffer: slot 44 is not owned by the producer (state = FREE)
04-25 10:06:32.493 20112 27853 W BufferQueueProducer: [SurfaceTexture-0-20112-6] (id:4e9000000084,api:3,p:20112,c:20112) detachBuffer: slot 45 is not owned by the producer (state = FREE)
04-25 10:06:32.493 20112 27853 W BufferQueueProducer: [SurfaceTexture-0-20112-6] (id:4e9000000084,api:3,p:20112,c:20112) detachBuffer: slot 46 is not owned by the producer (state = FREE)
04-25 10:06:32.494 20112 27853 W BufferQueueProducer: [SurfaceTexture-0-20112-6] (id:4e9000000084,api:3,p:20112,c:20112) detachBuffer: slot 47 is not owned by the producer (state = FREE)
04-25 10:06:32.494 20112 27853 W BufferQueueProducer: [SurfaceTexture-0-20112-6] (id:4e9000000084,api:3,p:20112,c:20112) detachBuffer: slot 48 is not owned by the producer (state = FREE)
04-25 10:06:32.495 20112 27853 W BufferQueueProducer: [SurfaceTexture-0-20112-6] (id:4e9000000084,api:3,p:20112,c:20112) detachBuffer: slot 49 is not owned by the producer (state = FREE)
04-25 10:06:32.495 20112 27853 W BufferQueueProducer: [SurfaceTexture-0-20112-6] (id:4e9000000084,api:3,p:20112,c:20112) detachBuffer: slot 50 is not owned by the producer (state = FREE)
04-25 10:06:32.495 20112 27853 W BufferQueueProducer: [SurfaceTexture-0-20112-6] (id:4e9000000084,api:3,p:20112,c:20112) detachBuffer: slot 51 is not owned by the producer (state = FREE)
04-25 10:06:32.496 20112 27853 W BufferQueueProducer: [SurfaceTexture-0-20112-6] (id:4e9000000084,api:3,p:20112,c:20112) detachBuffer: slot 52 is not owned by the producer (state = FREE)
04-25 10:06:32.496 20112 27853 W BufferQueueProducer: [SurfaceTexture-0-20112-6] (id:4e9000000084,api:3,p:20112,c:20112) detachBuffer: slot 53 is not owned by the producer (state = FREE)
04-25 10:06:32.497 20112 27853 W BufferQueueProducer: [SurfaceTexture-0-20112-6] (id:4e9000000084,api:3,p:20112,c:20112) detachBuffer: slot 54 is not owned by the producer (state = FREE)
04-25 10:06:32.497 20112 27853 W BufferQueueProducer: [SurfaceTexture-0-20112-6] (id:4e9000000084,api:3,p:20112,c:20112) detachBuffer: slot 55 is not owned by the producer (state = FREE)
04-25 10:06:32.498 20112 27853 W BufferQueueProducer: [SurfaceTexture-0-20112-6] (id:4e9000000084,api:3,p:20112,c:20112) detachBuffer: slot 56 is not owned by the producer (state = FREE)
04-25 10:06:32.498 20112 27853 W BufferQueueProducer: [SurfaceTexture-0-20112-6] (id:4e9000000084,api:3,p:20112,c:20112) detachBuffer: slot 57 is not owned by the producer (state = FREE)
04-25 10:06:32.499 20112 27853 W BufferQueueProducer: [SurfaceTexture-0-20112-6] (id:4e9000000084,api:3,p:20112,c:20112) detachBuffer: slot 58 is not owned by the producer (state = FREE)
04-25 10:06:32.499 20112 27853 W BufferQueueProducer: [SurfaceTexture-0-20112-6] (id:4e9000000084,api:3,p:20112,c:20112) detachBuffer: slot 59 is not owned by the producer (state = FREE)
04-25 10:06:32.499 20112 27853 W BufferQueueProducer: [SurfaceTexture-0-20112-6] (id:4e9000000084,api:3,p:20112,c:20112) detachBuffer: slot 60 is not owned by the producer (state = FREE)
04-25 10:06:32.500 20112 27853 W BufferQueueProducer: [SurfaceTexture-0-20112-6] (id:4e9000000084,api:3,p:20112,c:20112) detachBuffer: slot 61 is not owned by the producer (state = FREE)
04-25 10:06:32.500 20112 27853 W BufferQueueProducer: [SurfaceTexture-0-20112-6] (id:4e9000000084,api:3,p:20112,c:20112) detachBuffer: slot 62 is not owned by the producer (state = FREE)
04-25 10:06:32.500 20112 27853 W BufferQueueProducer: [SurfaceTexture-0-20112-6] (id:4e9000000084,api:3,p:20112,c:20112) detachBuffer: slot 63 is not owned by the producer (state = FREE)
04-25 10:06:32.525 20112 27948 W BufferQueueProducer: [MediaCodec.release] (id:4e9000000085,api:3,p:20112,c:20112) detachBuffer: slot 12 is not owned by the producer (state = FREE)
04-25 10:06:32.526 20112 27948 W BufferQueueProducer: [MediaCodec.release] (id:4e9000000085,api:3,p:20112,c:20112) detachBuffer: slot 13 is not owned by the producer (state = FREE)
04-25 10:06:32.526 20112 27948 W BufferQueueProducer: [MediaCodec.release] (id:4e9000000085,api:3,p:20112,c:20112) detachBuffer: slot 14 is not owned by the producer (state = FREE)
04-25 10:06:32.526 20112 27948 W BufferQueueProducer: [MediaCodec.release] (id:4e9000000085,api:3,p:20112,c:20112) detachBuffer: slot 15 is not owned by the producer (state = FREE)
04-25 10:06:32.526 20112 27948 W BufferQueueProducer: [MediaCodec.release] (id:4e9000000085,api:3,p:20112,c:20112) detachBuffer: slot 16 is not owned by the producer (state = FREE)
04-25 10:06:32.526 20112 27948 W BufferQueueProducer: [MediaCodec.release] (id:4e9000000085,api:3,p:20112,c:20112) detachBuffer: slot 17 is not owned by the producer (state = FREE)
04-25 10:06:32.527 20112 27948 W BufferQueueProducer: [MediaCodec.release] (id:4e9000000085,api:3,p:20112,c:20112) detachBuffer: slot 18 is not owned by the producer (state = FREE)
04-25 10:06:32.527 20112 27948 W BufferQueueProducer: [MediaCodec.release] (id:4e9000000085,api:3,p:20112,c:20112) detachBuffer: slot 19 is not owned by the producer (state = FREE)
04-25 10:06:32.527 20112 27948 W BufferQueueProducer: [MediaCodec.release] (id:4e9000000085,api:3,p:20112,c:20112) detachBuffer: slot 20 is not owned by the producer (state = FREE)
04-25 10:06:32.527 20112 27948 W BufferQueueProducer: [MediaCodec.release] (id:4e9000000085,api:3,p:20112,c:20112) detachBuffer: slot 21 is not owned by the producer (state = FREE)
04-25 10:06:32.527 20112 27948 W BufferQueueProducer: [MediaCodec.release] (id:4e9000000085,api:3,p:20112,c:20112) detachBuffer: slot 22 is not owned by the producer (state = FREE)
04-25 10:06:32.527 20112 27948 W BufferQueueProducer: [MediaCodec.release] (id:4e9000000085,api:3,p:20112,c:20112) detachBuffer: slot 23 is not owned by the producer (state = FREE)
04-25 10:06:32.527 20112 27948 W BufferQueueProducer: [MediaCodec.release] (id:4e9000000085,api:3,p:20112,c:20112) detachBuffer: slot 24 is not owned by the producer (state = FREE)
04-25 10:06:32.528 20112 27948 W BufferQueueProducer: [MediaCodec.release] (id:4e9000000085,api:3,p:20112,c:20112) detachBuffer: slot 25 is not owned by the producer (state = FREE)
04-25 10:06:32.528 20112 27948 W BufferQueueProducer: [MediaCodec.release] (id:4e9000000085,api:3,p:20112,c:20112) detachBuffer: slot 26 is not owned by the producer (state = FREE)
04-25 10:06:32.528 20112 27948 W BufferQueueProducer: [MediaCodec.release] (id:4e9000000085,api:3,p:20112,c:20112) detachBuffer: slot 27 is not owned by the producer (state = FREE)
04-25 10:06:32.528 20112 27948 W BufferQueueProducer: [MediaCodec.release] (id:4e9000000085,api:3,p:20112,c:20112) detachBuffer: slot 28 is not owned by the producer (state = FREE)
04-25 10:06:32.528 20112 27948 W BufferQueueProducer: [MediaCodec.release] (id:4e9000000085,api:3,p:20112,c:20112) detachBuffer: slot 29 is not owned by the producer (state = FREE)
04-25 10:06:32.529 20112 27948 W BufferQueueProducer: [MediaCodec.release] (id:4e9000000085,api:3,p:20112,c:20112) detachBuffer: slot 30 is not owned by the producer (state = FREE)
04-25 10:06:32.530 20112 27948 W BufferQueueProducer: [MediaCodec.release] (id:4e9000000085,api:3,p:20112,c:20112) detachBuffer: slot 31 is not owned by the producer (state = FREE)
04-25 10:06:32.530 20112 27948 W BufferQueueProducer: [MediaCodec.release] (id:4e9000000085,api:3,p:20112,c:20112) detachBuffer: slot 32 is not owned by the producer (state = FREE)
04-25 10:06:32.530 20112 27948 W BufferQueueProducer: [MediaCodec.release] (id:4e9000000085,api:3,p:20112,c:20112) detachBuffer: slot 33 is not owned by the producer (state = FREE)
04-25 10:06:32.530 20112 27948 W BufferQueueProducer: [MediaCodec.release] (id:4e9000000085,api:3,p:20112,c:20112) detachBuffer: slot 34 is not owned by the producer (state = FREE)
04-25 10:06:32.531 20112 27948 W BufferQueueProducer: [MediaCodec.release] (id:4e9000000085,api:3,p:20112,c:20112) detachBuffer: slot 35 is not owned by the producer (state = FREE)
04-25 10:06:32.531 20112 27948 W BufferQueueProducer: [MediaCodec.release] (id:4e9000000085,api:3,p:20112,c:20112) detachBuffer: slot 36 is not owned by the producer (state = FREE)
04-25 10:06:32.531 20112 27948 W BufferQueueProducer: [MediaCodec.release] (id:4e9000000085,api:3,p:20112,c:20112) detachBuffer: slot 37 is not owned by the producer (state = FREE)
04-25 10:06:32.532 20112 27948 W BufferQueueProducer: [MediaCodec.release] (id:4e9000000085,api:3,p:20112,c:20112) detachBuffer: slot 38 is not owned by the producer (state = FREE)
04-25 10:06:32.532 20112 27948 W BufferQueueProducer: [MediaCodec.release] (id:4e9000000085,api:3,p:20112,c:20112) detachBuffer: slot 39 is not owned by the producer (state = FREE)
04-25 10:06:32.532 20112 27948 W BufferQueueProducer: [MediaCodec.release] (id:4e9000000085,api:3,p:20112,c:20112) detachBuffer: slot 40 is not owned by the producer (state = FREE)
04-25 10:06:32.532 20112 27948 W BufferQueueProducer: [MediaCodec.release] (id:4e9000000085,api:3,p:20112,c:20112) detachBuffer: slot 41 is not owned by the producer (state = FREE)
04-25 10:06:32.533 20112 27948 W BufferQueueProducer: [MediaCodec.release] (id:4e9000000085,api:3,p:20112,c:20112) detachBuffer: slot 42 is not owned by the producer (state = FREE)
04-25 10:06:32.533 20112 27948 W BufferQueueProducer: [MediaCodec.release] (id:4e9000000085,api:3,p:20112,c:20112) detachBuffer: slot 43 is not owned by the producer (state = FREE)
04-25 10:06:32.533 20112 27948 W BufferQueueProducer: [MediaCodec.release] (id:4e9000000085,api:3,p:20112,c:20112) detachBuffer: slot 44 is not owned by the producer (state = FREE)
