04-25 10:06:32.534 20112 27948 W BufferQueueProducer: [MediaCodec.release] (id:4e9000000085,api:3,p:20112,c:20112) detachBuffer: slot 45 is not owned by the producer (state = FREE)
04-25 10:06:32.534 20112 27948 W BufferQueueProducer: [MediaCodec.release] (id:4e9000000085,api:3,p:20112,c:20112) detachBuffer: slot 46 is not owned by the producer (state = FREE)
04-25 10:06:32.534 20112 27948 W BufferQueueProducer: [MediaCodec.release] (id:4e9000000085,api:3,p:20112,c:20112) detachBuffer: slot 47 is not owned by the producer (state = FREE)
04-25 10:06:32.534 20112 27948 W BufferQueueProducer: [MediaCodec.release] (id:4e9000000085,api:3,p:20112,c:20112) detachBuffer: slot 48 is not owned by the producer (state = FREE)
04-25 10:06:32.535 20112 27948 W BufferQueueProducer: [MediaCodec.release] (id:4e9000000085,api:3,p:20112,c:20112) detachBuffer: slot 49 is not owned by the producer (state = FREE)
04-25 10:06:32.536 20112 27948 W BufferQueueProducer: [MediaCodec.release] (id:4e9000000085,api:3,p:20112,c:20112) detachBuffer: slot 50 is not owned by the producer (state = FREE)
04-25 10:06:32.536 20112 27948 W BufferQueueProducer: [MediaCodec.release] (id:4e9000000085,api:3,p:20112,c:20112) detachBuffer: slot 51 is not owned by the producer (state = FREE)
04-25 10:06:32.536 20112 27948 W BufferQueueProducer: [MediaCodec.release] (id:4e9000000085,api:3,p:20112,c:20112) detachBuffer: slot 52 is not owned by the producer (state = FREE)
04-25 10:06:32.537 20112 27948 W BufferQueueProducer: [MediaCodec.release] (id:4e9000000085,api:3,p:20112,c:20112) detachBuffer: slot 53 is not owned by the producer (state = FREE)
04-25 10:06:32.537 20112 27948 W BufferQueueProducer: [MediaCodec.release] (id:4e9000000085,api:3,p:20112,c:20112) detachBuffer: slot 54 is not owned by the producer (state = FREE)
04-25 10:06:32.537 20112 27948 W BufferQueueProducer: [MediaCodec.release] (id:4e9000000085,api:3,p:20112,c:20112) detachBuffer: slot 55 is not owned by the producer (state = FREE)
04-25 10:06:32.538 20112 27948 W BufferQueueProducer: [MediaCodec.release] (id:4e9000000085,api:3,p:20112,c:20112) detachBuffer: slot 56 is not owned by the producer (state = FREE)
04-25 10:06:32.538 20112 27948 W BufferQueueProducer: [MediaCodec.release] (id:4e9000000085,api:3,p:20112,c:20112) detachBuffer: slot 57 is not owned by the producer (state = FREE)
04-25 10:06:32.538 20112 27948 W BufferQueueProducer: [MediaCodec.release] (id:4e9000000085,api:3,p:20112,c:20112) detachBuffer: slot 58 is not owned by the producer (state = FREE)
04-25 10:06:32.538 20112 27948 W BufferQueueProducer: [MediaCodec.release] (id:4e9000000085,api:3,p:20112,c:20112) detachBuffer: slot 59 is not owned by the producer (state = FREE)
04-25 10:06:32.538 20112 27948 W BufferQueueProducer: [MediaCodec.release] (id:4e9000000085,api:3,p:20112,c:20112) detachBuffer: slot 60 is not owned by the producer (state = FREE)
04-25 10:06:32.539 20112 27948 W BufferQueueProducer: [MediaCodec.release] (id:4e9000000085,api:3,p:20112,c:20112) detachBuffer: slot 61 is not owned by the producer (state = FREE)
04-25 10:06:32.539 20112 27948 W BufferQueueProducer: [MediaCodec.release] (id:4e9000000085,api:3,p:20112,c:20112) detachBuffer: slot 62 is not owned by the producer (state = FREE)
04-25 10:06:32.539 20112 27948 W BufferQueueProducer: [MediaCodec.release] (id:4e9000000085,api:3,p:20112,c:20112) detachBuffer: slot 63 is not owned by the producer (state = FREE)
04-25 10:06:32.545 20112 27853 E send_data_to_xlog: send_video_play_to_xlog, start
04-25 10:06:32.545 20112 27853 E xlog_client: xlog_open: Error in open xlog
04-25 10:06:32.545 20112 27853 E xlog_client: xlog open fail
04-25 10:06:32.550 20112 22650 E BufferQueueProducer: [MediaCodec.release] (id:4e9000000085,api:0,p:-1,c:20112) cancelBuffer: BufferQueue has no connected producer
04-25 10:06:32.550 20112 22650 E BufferQueueProducer: [MediaCodec.release] (id:4e9000000085,api:0,p:-1,c:20112) cancelBuffer: BufferQueue has no connected producer
04-25 10:06:32.550 20112 22650 E BufferQueueProducer: [MediaCodec.release] (id:4e9000000085,api:0,p:-1,c:20112) cancelBuffer: BufferQueue has no connected producer
04-25 10:06:32.551 20112 22650 E BufferQueueProducer: [MediaCodec.release] (id:4e9000000085,api:0,p:-1,c:20112) cancelBuffer: BufferQueue has no connected producer
04-25 10:06:32.551 20112 22650 E BufferQueueProducer: [MediaCodec.release] (id:4e9000000085,api:0,p:-1,c:20112) cancelBuffer: BufferQueue has no connected producer
04-25 10:06:32.551 20112 22650 E BufferQueueProducer: [MediaCodec.release] (id:4e9000000085,api:0,p:-1,c:20112) cancelBuffer: BufferQueue has no connected producer
04-25 10:06:32.552 20112 22650 E BufferQueueProducer: [MediaCodec.release] (id:4e9000000085,api:0,p:-1,c:20112) cancelBuffer: BufferQueue has no connected producer
04-25 10:06:32.552 20112 22650 E BufferQueueProducer: [MediaCodec.release] (id:4e9000000085,api:0,p:-1,c:20112) cancelBuffer: BufferQueue has no connected producer
04-25 10:06:32.552 20112 22650 E BufferQueueProducer: [MediaCodec.release] (id:4e9000000085,api:0,p:-1,c:20112) cancelBuffer: BufferQueue has no connected producer
04-25 10:06:32.552 20112 22650 E BufferQueueProducer: [MediaCodec.release] (id:4e9000000085,api:0,p:-1,c:20112) cancelBuffer: BufferQueue has no connected producer
04-25 10:06:32.552 20112 22650 E BufferQueueProducer: [MediaCodec.release] (id:4e9000000085,api:0,p:-1,c:20112) cancelBuffer: BufferQueue has no connected producer
04-25 10:06:32.553 20112 22650 E BufferQueueProducer: [MediaCodec.release] (id:4e9000000085,api:0,p:-1,c:20112) cancelBuffer: BufferQueue has no connected producer
04-25 10:06:52.786 20112 28197 W ColorUtils: expected specified color aspects (2:0:0:0)
04-25 10:06:52.793 20112 28197 W Codec2Client: query -- param skipped: index = 1107298332.
04-25 10:06:52.793 20112 28197 W CCodec : This behavior is subject to change. It is recommended that app developers double check whether the requested max input size is in reasonable range.
04-25 10:06:52.796 20112 28197 W Codec2Client: query -- param skipped: index = 1342179345.
04-25 10:06:52.796 20112 28197 W Codec2Client: query -- param skipped: index = 2415921170.
04-25 10:06:52.796 20112 28197 W Codec2Client: query -- param skipped: index = 1610614798.
04-25 10:06:52.847 20112 28207 W Codec2Client: query -- param skipped: index = 1107298332.
04-25 10:06:52.847 20112 28207 W CCodec : This behavior is subject to change. It is recommended that app developers double check whether the requested max input size is in reasonable range.
04-25 10:06:52.849 20112 28207 W Codec2Client: query -- param skipped: index = 1342179345.
04-25 10:06:52.849 20112 28207 W Codec2Client: query -- param skipped: index = 2415921170.
04-25 10:06:52.849 20112 28207 W Codec2Client: query -- param skipped: index = 1610614798.
04-25 10:06:52.876 20112 20255 E com.mbwhatsapp: == MALI DEBUG ===eglp_winsys_populate_image_templates ==12288
04-25 10:06:52.870 20112 20112 W RenderThread: type=1400 audit(0.0:591264): avc: denied { getattr } for name="dmabuf:" dev="dmabuf" ino=1 scontext=u:r:untrusted_app:s0:c89,c257,c512,c768 tcontext=u:object_r:unlabeled:s0 tclass=filesystem permissive=0 app=com.mbwhatsapp
04-25 10:06:52.906 20112 27851 W libc : Access denied finding property "vendor.audio.cpu.sched"
04-25 10:06:52.906 20112 27851 W libc : Access denied finding property "vendor.audio.rt.mode"
04-25 10:06:53.030 20112 28196 W MediaCodec: [mId: 22] video-debug onReleaseOutputBuffer: Render time interval reaches 162ms before pts: 16677
04-25 10:06:53.043 20112 20255 E com.mbwhatsapp: == MALI DEBUG ===eglp_winsys_populate_image_templates ==12288
04-25 10:06:53.038 20112 20112 W RenderThread: type=1400 audit(0.0:591265): avc: denied { getattr } for name="dmabuf:" dev="dmabuf" ino=1 scontext=u:r:untrusted_app:s0:c89,c257,c512,c768 tcontext=u:object_r:unlabeled:s0 tclass=filesystem permissive=0 app=com.mbwhatsapp
04-25 10:06:53.050 20112 20112 W RenderThread: type=1400 audit(0.0:591266): avc: denied { getattr } for name="dmabuf:" dev="dmabuf" ino=1 scontext=u:r:untrusted_app:s0:c89,c257,c512,c768 tcontext=u:object_r:unlabeled:s0 tclass=filesystem permissive=0 app=com.mbwhatsapp
04-25 10:06:53.054 20112 20255 E com.mbwhatsapp: == MALI DEBUG ===eglp_winsys_populate_image_templates ==12288
04-25 10:06:53.066 20112 20255 E com.mbwhatsapp: == MALI DEBUG ===eglp_winsys_populate_image_templates ==12288
04-25 10:06:53.062 20112 20112 W RenderThread: type=1400 audit(0.0:591267): avc: denied { getattr } for name="dmabuf:" dev="dmabuf" ino=1 scontext=u:r:untrusted_app:s0:c89,c257,c512,c768 tcontext=u:object_r:unlabeled:s0 tclass=filesystem permissive=0 app=com.mbwhatsapp
04-25 10:06:53.087 20112 20255 E com.mbwhatsapp: == MALI DEBUG ===eglp_winsys_populate_image_templates ==12288
04-25 10:06:53.082 20112 20112 W RenderThread: type=1400 audit(0.0:591268): avc: denied { getattr } for name="dmabuf:" dev="dmabuf" ino=1 scontext=u:r:untrusted_app:s0:c89,c257,c512,c768 tcontext=u:object_r:unlabeled:s0 tclass=filesystem permissive=0 app=com.mbwhatsapp
04-25 10:06:53.094 20112 20112 W RenderThread: type=1400 audit(0.0:591269): avc: denied { getattr } for name="dmabuf:" dev="dmabuf" ino=1 scontext=u:r:untrusted_app:s0:c89,c257,c512,c768 tcontext=u:object_r:unlabeled:s0 tclass=filesystem permissive=0 app=com.mbwhatsapp
04-25 10:06:53.100 20112 20255 E com.mbwhatsapp: == MALI DEBUG ===eglp_winsys_populate_image_templates ==12288
04-25 10:06:53.132 20112 20255 E com.mbwhatsapp: == MALI DEBUG ===eglp_winsys_populate_image_templates ==12288
04-25 10:06:53.126 20112 20112 W RenderThread: type=1400 audit(0.0:591270): avc: denied { getattr } for name="dmabuf:" dev="dmabuf" ino=1 scontext=u:r:untrusted_app:s0:c89,c257,c512,c768 tcontext=u:object_r:unlabeled:s0 tclass=filesystem permissive=0 app=com.mbwhatsapp
04-25 10:06:53.144 20112 20255 E com.mbwhatsapp: == MALI DEBUG ===eglp_winsys_populate_image_templates ==12288
04-25 10:06:53.166 20112 20255 E com.mbwhatsapp: == MALI DEBUG ===eglp_winsys_populate_image_templates ==12288
04-25 10:06:53.188 20112 20255 E com.mbwhatsapp: == MALI DEBUG ===eglp_winsys_populate_image_templates ==12288
04-25 10:06:53.199 20112 20255 E com.mbwhatsapp: == MALI DEBUG ===eglp_winsys_populate_image_templates ==12288
04-25 10:06:53.232 20112 20255 E com.mbwhatsapp: == MALI DEBUG ===eglp_winsys_populate_image_templates ==12288
04-25 10:06:53.243 20112 20255 E com.mbwhatsapp: == MALI DEBUG ===eglp_winsys_populate_image_templates ==12288
04-25 10:06:53.266 20112 20255 E com.mbwhatsapp: == MALI DEBUG ===eglp_winsys_populate_image_templates ==12288
04-25 10:06:53.278 20112 20255 E com.mbwhatsapp: == MALI DEBUG ===eglp_winsys_populate_image_templates ==12288
04-25 10:06:53.299 20112 20255 E com.mbwhatsapp: == MALI DEBUG ===eglp_winsys_populate_image_templates ==12288
04-25 10:06:53.310 20112 20255 E com.mbwhatsapp: == MALI DEBUG ===eglp_winsys_populate_image_templates ==12288
04-25 10:06:53.334 20112 20255 E com.mbwhatsapp: == MALI DEBUG ===eglp_winsys_populate_image_templates ==12288
04-25 10:06:53.466 20112 20255 E com.mbwhatsapp: == MALI DEBUG ===eglp_winsys_populate_image_templates ==12288
04-25 10:06:53.644 20112 20255 E com.mbwhatsapp: == MALI DEBUG ===eglp_winsys_populate_image_templates ==12288
04-25 10:06:54.765 20112 20112 E ViewDragHelper: Ignoring pointerId=1 because ACTION_DOWN was not received for this pointer before ACTION_MOVE. It likely happened because ViewDragHelper did not receive all the events in the event stream.
04-25 10:06:54.765 20112 20112 E ViewDragHelper: Ignoring pointerId=1 because ACTION_DOWN was not received for this pointer before ACTION_MOVE. It likely happened because ViewDragHelper did not receive all the events in the event stream.
04-25 10:06:54.776 20112 20112 E ViewDragHelper: Ignoring pointerId=1 because ACTION_DOWN was not received for this pointer before ACTION_MOVE. It likely happened because ViewDragHelper did not receive all the events in the event stream.
04-25 10:06:54.776 20112 20112 E ViewDragHelper: Ignoring pointerId=1 because ACTION_DOWN was not received for this pointer before ACTION_MOVE. It likely happened because ViewDragHelper did not receive all the events in the event stream.
04-25 10:06:54.798 20112 20112 E ViewDragHelper: Ignoring pointerId=1 because ACTION_DOWN was not received for this pointer before ACTION_MOVE. It likely happened because ViewDragHelper did not receive all the events in the event stream.
04-25 10:06:54.798 20112 20112 E ViewDragHelper: Ignoring pointerId=1 because ACTION_DOWN was not received for this pointer before ACTION_MOVE. It likely happened because ViewDragHelper did not receive all the events in the event stream.
04-25 10:06:54.809 20112 20112 E ViewDragHelper: Ignoring pointerId=1 because ACTION_DOWN was not received for this pointer before ACTION_MOVE. It likely happened because ViewDragHelper did not receive all the events in the event stream.
04-25 10:06:54.809 20112 20112 E ViewDragHelper: Ignoring pointerId=1 because ACTION_DOWN was not received for this pointer before ACTION_MOVE. It likely happened because ViewDragHelper did not receive all the events in the event stream.
04-25 10:06:54.820 20112 20112 E ViewDragHelper: Ignoring pointerId=1 because ACTION_DOWN was not received for this pointer before ACTION_MOVE. It likely happened because ViewDragHelper did not receive all the events in the event stream.
04-25 10:06:54.821 20112 20112 E ViewDragHelper: Ignoring pointerId=1 because ACTION_DOWN was not received for this pointer before ACTION_MOVE. It likely happened because ViewDragHelper did not receive all the events in the event stream.
04-25 10:06:54.832 20112 20112 E ViewDragHelper: Ignoring pointerId=1 because ACTION_DOWN was not received for this pointer before ACTION_MOVE. It likely happened because ViewDragHelper did not receive all the events in the event stream.
04-25 10:06:54.832 20112 20112 E ViewDragHelper: Ignoring pointerId=1 because ACTION_DOWN was not received for this pointer before ACTION_MOVE. It likely happened because ViewDragHelper did not receive all the events in the event stream.
04-25 10:06:54.843 20112 20112 E ViewDragHelper: Ignoring pointerId=1 because ACTION_DOWN was not received for this pointer before ACTION_MOVE. It likely happened because ViewDragHelper did not receive all the events in the event stream.
04-25 10:06:54.843 20112 20112 E ViewDragHelper: Ignoring pointerId=1 because ACTION_DOWN was not received for this pointer before ACTION_MOVE. It likely happened because ViewDragHelper did not receive all the events in the event stream.
04-25 10:06:54.854 20112 20112 E ViewDragHelper: Ignoring pointerId=1 because ACTION_DOWN was not received for this pointer before ACTION_MOVE. It likely happened because ViewDragHelper did not receive all the events in the event stream.
04-25 10:06:54.854 20112 20112 E ViewDragHelper: Ignoring pointerId=1 because ACTION_DOWN was not received for this pointer before ACTION_MOVE. It likely happened because ViewDragHelper did not receive all the events in the event stream.
04-25 10:06:54.865 20112 20112 E ViewDragHelper: Ignoring pointerId=1 because ACTION_DOWN was not received for this pointer before ACTION_MOVE. It likely happened because ViewDragHelper did not receive all the events in the event stream.
04-25 10:06:54.865 20112 20112 E ViewDragHelper: Ignoring pointerId=1 because ACTION_DOWN was not received for this pointer before ACTION_MOVE. It likely happened because ViewDragHelper did not receive all the events in the event stream.
04-25 10:06:54.887 20112 20112 E ViewDragHelper: Ignoring pointerId=1 because ACTION_DOWN was not received for this pointer before ACTION_MOVE. It likely happened because ViewDragHelper did not receive all the events in the event stream.
04-25 10:06:54.887 20112 20112 E ViewDragHelper: Ignoring pointerId=1 because ACTION_DOWN was not received for this pointer before ACTION_MOVE. It likely happened because ViewDragHelper did not receive all the events in the event stream.
04-25 10:06:54.921 20112 20112 E ViewDragHelper: Ignoring pointerId=1 because ACTION_DOWN was not received for this pointer before ACTION_MOVE. It likely happened because ViewDragHelper did not receive all the events in the event stream.
04-25 10:06:54.921 20112 20112 E ViewDragHelper: Ignoring pointerId=1 because ACTION_DOWN was not received for this pointer before ACTION_MOVE. It likely happened because ViewDragHelper did not receive all the events in the event stream.
04-25 10:06:54.943 20112 20112 E ViewDragHelper: Ignoring pointerId=1 because ACTION_DOWN was not received for this pointer before ACTION_MOVE. It likely happened because ViewDragHelper did not receive all the events in the event stream.
04-25 10:06:54.943 20112 20112 E ViewDragHelper: Ignoring pointerId=1 because ACTION_DOWN was not received for this pointer before ACTION_MOVE. It likely happened because ViewDragHelper did not receive all the events in the event stream.
04-25 10:06:54.954 20112 20112 E ViewDragHelper: Ignoring pointerId=1 because ACTION_DOWN was not received for this pointer before ACTION_MOVE. It likely happened because ViewDragHelper did not receive all the events in the event stream.
04-25 10:06:54.954 20112 20112 E ViewDragHelper: Ignoring pointerId=1 because ACTION_DOWN was not received for this pointer before ACTION_MOVE. It likely happened because ViewDragHelper did not receive all the events in the event stream.
04-25 10:06:54.964 20112 27851 W MediaCodec: [mId: 23] video-debug queueInputBuffer: Input time interval reaches 997ms before pts: 1764716
04-25 10:06:54.965 20112 20112 E ViewDragHelper: Ignoring pointerId=1 because ACTION_DOWN was not received for this pointer before ACTION_MOVE. It likely happened because ViewDragHelper did not receive all the events in the event stream.
04-25 10:06:54.965 20112 20112 E ViewDragHelper: Ignoring pointerId=1 because ACTION_DOWN was not received for this pointer before ACTION_MOVE. It likely happened because ViewDragHelper did not receive all the events in the event stream.
04-25 10:06:54.976 20112 20112 E ViewDragHelper: Ignoring pointerId=1 because ACTION_DOWN was not received for this pointer before ACTION_MOVE. It likely happened because ViewDragHelper did not receive all the events in the event stream.
04-25 10:06:54.976 20112 20112 E ViewDragHelper: Ignoring pointerId=1 because ACTION_DOWN was not received for this pointer before ACTION_MOVE. It likely happened because ViewDragHelper did not receive all the events in the event stream.
04-25 10:06:55.010 20112 20112 E ViewDragHelper: Ignoring pointerId=1 because ACTION_DOWN was not received for this pointer before ACTION_MOVE. It likely happened because ViewDragHelper did not receive all the events in the event stream.
04-25 10:06:55.010 20112 20112 E ViewDragHelper: Ignoring pointerId=1 because ACTION_DOWN was not received for this pointer before ACTION_MOVE. It likely happened because ViewDragHelper did not receive all the events in the event stream.
04-25 10:06:55.021 20112 20112 E ViewDragHelper: Ignoring pointerId=1 because ACTION_DOWN was not received for this pointer before ACTION_MOVE. It likely happened because ViewDragHelper did not receive all the events in the event stream.
04-25 10:06:55.021 20112 20112 E ViewDragHelper: Ignoring pointerId=1 because ACTION_DOWN was not received for this pointer before ACTION_MOVE. It likely happened because ViewDragHelper did not receive all the events in the event stream.
04-25 10:06:55.032 20112 20112 E ViewDragHelper: Ignoring pointerId=1 because ACTION_DOWN was not received for this pointer before ACTION_MOVE. It likely happened because ViewDragHelper did not receive all the events in the event stream.
04-25 10:06:55.032 20112 20112 E ViewDragHelper: Ignoring pointerId=1 because ACTION_DOWN was not received for this pointer before ACTION_MOVE. It likely happened because ViewDragHelper did not receive all the events in the event stream.
04-25 10:06:55.043 20112 20112 E ViewDragHelper: Ignoring pointerId=1 because ACTION_DOWN was not received for this pointer before ACTION_MOVE. It likely happened because ViewDragHelper did not receive all the events in the event stream.
04-25 10:06:55.043 20112 20112 E ViewDragHelper: Ignoring pointerId=1 because ACTION_DOWN was not received for this pointer before ACTION_MOVE. It likely happened because ViewDragHelper did not receive all the events in the event stream.
04-25 10:06:55.054 20112 20112 E ViewDragHelper: Ignoring pointerId=1 because ACTION_DOWN was not received for this pointer before ACTION_MOVE. It likely happened because ViewDragHelper did not receive all the events in the event stream.
04-25 10:06:55.054 20112 20112 E ViewDragHelper: Ignoring pointerId=1 because ACTION_DOWN was not received for this pointer before ACTION_MOVE. It likely happened because ViewDragHelper did not receive all the events in the event stream.
04-25 10:06:55.121 20112 20112 E ViewDragHelper: Ignoring pointerId=1 because ACTION_DOWN was not received for this pointer before ACTION_MOVE. It likely happened because ViewDragHelper did not receive all the events in the event stream.
04-25 10:06:55.121 20112 20112 E ViewDragHelper: Ignoring pointerId=1 because ACTION_DOWN was not received for this pointer before ACTION_MOVE. It likely happened because ViewDragHelper did not receive all the events in the event stream.
04-25 10:06:55.144 20112 20112 E ViewDragHelper: Ignoring pointerId=1 because ACTION_DOWN was not received for this pointer before ACTION_MOVE. It likely happened because ViewDragHelper did not receive all the events in the event stream.
04-25 10:06:55.144 20112 20112 E ViewDragHelper: Ignoring pointerId=1 because ACTION_DOWN was not received for this pointer before ACTION_MOVE. It likely happened because ViewDragHelper did not receive all the events in the event stream.
04-25 10:06:55.154 20112 20112 E ViewDragHelper: Ignoring pointerId=1 because ACTION_DOWN was not received for this pointer before ACTION_MOVE. It likely happened because ViewDragHelper did not receive all the events in the event stream.
04-25 10:06:55.154 20112 20112 E ViewDragHelper: Ignoring pointerId=1 because ACTION_DOWN was not received for this pointer before ACTION_MOVE. It likely happened because ViewDragHelper did not receive all the events in the event stream.
04-25 10:06:55.166 20112 20112 E ViewDragHelper: Ignoring pointerId=1 because ACTION_DOWN was not received for this pointer before ACTION_MOVE. It likely happened because ViewDragHelper did not receive all the events in the event stream.
04-25 10:06:55.166 20112 20112 E ViewDragHelper: Ignoring pointerId=1 because ACTION_DOWN was not received for this pointer before ACTION_MOVE. It likely happened because ViewDragHelper did not receive all the events in the event stream.
04-25 10:06:55.188 20112 20112 E ViewDragHelper: Ignoring pointerId=1 because ACTION_DOWN was not received for this pointer before ACTION_MOVE. It likely happened because ViewDragHelper did not receive all the events in the event stream.
04-25 10:06:55.188 20112 20112 E ViewDragHelper: Ignoring pointerId=1 because ACTION_DOWN was not received for this pointer before ACTION_MOVE. It likely happened because ViewDragHelper did not receive all the events in the event stream.
04-25 10:06:55.199 20112 20112 E ViewDragHelper: Ignoring pointerId=1 because ACTION_DOWN was not received for this pointer before ACTION_MOVE. It likely happened because ViewDragHelper did not receive all the events in the event stream.
04-25 10:06:55.199 20112 20112 E ViewDragHelper: Ignoring pointerId=1 because ACTION_DOWN was not received for this pointer before ACTION_MOVE. It likely happened because ViewDragHelper did not receive all the events in the event stream.
04-25 10:06:55.210 20112 20112 E ViewDragHelper: Ignoring pointerId=1 because ACTION_DOWN was not received for this pointer before ACTION_MOVE. It likely happened because ViewDragHelper did not receive all the events in the event stream.
04-25 10:06:55.210 20112 20112 E ViewDragHelper: Ignoring pointerId=1 because ACTION_DOWN was not received for this pointer before ACTION_MOVE. It likely happened because ViewDragHelper did not receive all the events in the event stream.
04-25 10:06:55.254 20112 20112 E ViewDragHelper: Ignoring pointerId=1 because ACTION_DOWN was not received for this pointer before ACTION_MOVE. It likely happened because ViewDragHelper did not receive all the events in the event stream.
04-25 10:06:55.255 20112 20112 E ViewDragHelper: Ignoring pointerId=1 because ACTION_DOWN was not received for this pointer before ACTION_MOVE. It likely happened because ViewDragHelper did not receive all the events in the event stream.
04-25 10:06:57.809 20112 20112 E ViewDragHelper: Ignoring pointerId=1 because ACTION_DOWN was not received for this pointer before ACTION_MOVE. It likely happened because ViewDragHelper did not receive all the events in the event stream.
04-25 10:06:57.810 20112 20112 E ViewDragHelper: Ignoring pointerId=1 because ACTION_DOWN was not received for this pointer before ACTION_MOVE. It likely happened because ViewDragHelper did not receive all the events in the event stream.
04-25 10:06:57.977 20112 20112 E ViewDragHelper: Ignoring pointerId=1 because ACTION_DOWN was not received for this pointer before ACTION_MOVE. It likely happened because ViewDragHelper did not receive all the events in the event stream.
04-25 10:06:57.977 20112 20112 E ViewDragHelper: Ignoring pointerId=1 because ACTION_DOWN was not received for this pointer before ACTION_MOVE. It likely happened because ViewDragHelper did not receive all the events in the event stream.
04-25 10:06:58.345 20112 20112 E ViewDragHelper: Ignoring pointerId=1 because ACTION_DOWN was not received for this pointer before ACTION_MOVE. It likely happened because ViewDragHelper did not receive all the events in the event stream.
04-25 10:06:58.345 20112 20112 E ViewDragHelper: Ignoring pointerId=1 because ACTION_DOWN was not received for this pointer before ACTION_MOVE. It likely happened because ViewDragHelper did not receive all the events in the event stream.
04-25 10:06:58.356 20112 20112 E ViewDragHelper: Ignoring pointerId=1 because ACTION_DOWN was not received for this pointer before ACTION_MOVE. It likely happened because ViewDragHelper did not receive all the events in the event stream.
04-25 10:06:58.356 20112 20112 E ViewDragHelper: Ignoring pointerId=1 because ACTION_DOWN was not received for this pointer before ACTION_MOVE. It likely happened because ViewDragHelper did not receive all the events in the event stream.
04-25 10:07:00.726 20112 20112 E ViewDragHelper: Ignoring pointerId=1 because ACTION_DOWN was not received for this pointer before ACTION_MOVE. It likely happened because ViewDragHelper did not receive all the events in the event stream.
04-25 10:07:00.726 20112 20112 E ViewDragHelper: Ignoring pointerId=1 because ACTION_DOWN was not received for this pointer before ACTION_MOVE. It likely happened because ViewDragHelper did not receive all the events in the event stream.
04-25 10:07:00.893 20112 20112 E ViewDragHelper: Ignoring pointerId=1 because ACTION_DOWN was not received for this pointer before ACTION_MOVE. It likely happened because ViewDragHelper did not receive all the events in the event stream.
04-25 10:07:00.893 20112 20112 E ViewDragHelper: Ignoring pointerId=1 because ACTION_DOWN was not received for this pointer before ACTION_MOVE. It likely happened because ViewDragHelper did not receive all the events in the event stream.
04-25 10:07:00.913 20112 20112 E ViewDragHelper: Ignoring pointerId=1 because ACTION_DOWN was not received for this pointer before ACTION_MOVE. It likely happened because ViewDragHelper did not receive all the events in the event stream.
04-25 10:07:00.913 20112 20112 E ViewDragHelper: Ignoring pointerId=1 because ACTION_DOWN was not received for this pointer before ACTION_MOVE. It likely happened because ViewDragHelper did not receive all the events in the event stream.
04-25 10:07:01.330 20112 20112 E ViewDragHelper: Ignoring pointerId=1 because ACTION_DOWN was not received for this pointer before ACTION_MOVE. It likely happened because ViewDragHelper did not receive all the events in the event stream.
04-25 10:07:01.330 20112 20112 E ViewDragHelper: Ignoring pointerId=1 because ACTION_DOWN was not received for this pointer before ACTION_MOVE. It likely happened because ViewDragHelper did not receive all the events in the event stream.
04-25 10:07:01.476 20112 20112 E ViewDragHelper: Ignoring pointerId=1 because ACTION_DOWN was not received for this pointer before ACTION_MOVE. It likely happened because ViewDragHelper did not receive all the events in the event stream.
04-25 10:07:01.476 20112 20112 E ViewDragHelper: Ignoring pointerId=1 because ACTION_DOWN was not received for this pointer before ACTION_MOVE. It likely happened because ViewDragHelper did not receive all the events in the event stream.
04-25 10:07:01.497 20112 20112 E ViewDragHelper: Ignoring pointerId=1 because ACTION_DOWN was not received for this pointer before ACTION_MOVE. It likely happened because ViewDragHelper did not receive all the events in the event stream.
04-25 10:07:01.497 20112 20112 E ViewDragHelper: Ignoring pointerId=1 because ACTION_DOWN was not received for this pointer before ACTION_MOVE. It likely happened because ViewDragHelper did not receive all the events in the event stream.
04-25 10:07:01.517 20112 20112 E ViewDragHelper: Ignoring pointerId=1 because ACTION_DOWN was not received for this pointer before ACTION_MOVE. It likely happened because ViewDragHelper did not receive all the events in the event stream.
04-25 10:07:01.518 20112 20112 E ViewDragHelper: Ignoring pointerId=1 because ACTION_DOWN was not received for this pointer before ACTION_MOVE. It likely happened because ViewDragHelper did not receive all the events in the event stream.
04-25 10:07:01.538 20112 20112 E ViewDragHelper: Ignoring pointerId=1 because ACTION_DOWN was not received for this pointer before ACTION_MOVE. It likely happened because ViewDragHelper did not receive all the events in the event stream.
04-25 10:07:01.538 20112 20112 E ViewDragHelper: Ignoring pointerId=1 because ACTION_DOWN was not received for this pointer before ACTION_MOVE. It likely happened because ViewDragHelper did not receive all the events in the event stream.
04-25 10:07:01.543 20112 20112 E ViewDragHelper: Ignoring pointerId=1 because ACTION_DOWN was not received for this pointer before ACTION_MOVE. It likely happened because ViewDragHelper did not receive all the events in the event stream.
04-25 10:07:01.544 20112 20112 E ViewDragHelper: Ignoring pointerId=1 because ACTION_DOWN was not received for this pointer before ACTION_MOVE. It likely happened because ViewDragHelper did not receive all the events in the event stream.
04-25 10:07:01.574 20112 28196 W MediaCodec: [mId: 22] video-debug onReleaseOutputBuffer: Render time interval reaches 7657ms before pts: 967533
04-25 10:07:01.574 20112 28196 E CCodecBufferChannel: [WA] long time elapsed since last input queued, let's queue a specific work to HAL to notify something
04-25 10:07:01.580 20112 28196 E CCodecBufferChannel: [WA] long time elapsed since last input queued, let's queue a specific work to HAL to notify something
04-25 10:07:01.588 20112 28196 E CCodecBufferChannel: [WA] long time elapsed since last input queued, let's queue a specific work to HAL to notify something
04-25 10:07:01.596 20112 27851 W MediaCodec: [mId: 22] video-debug queueInputBuffer: Input time interval reaches 7797ms before pts: 1251166
04-25 10:07:01.652 20112 27851 W AudioTrack: getTimestamp_l(21537): retrograde timestamp time corrected, 753219990635741 < 753219990793971
04-25 10:07:01.684 20112 27851 W MediaCodec: [mId: 23] video-debug queueInputBuffer: Input time interval reaches 6720ms before pts: 1811156
04-25 10:07:04.166 20112 28196 W Codec2Client: query -- param skipped: index = 1342179345.
04-25 10:07:04.166 20112 28196 W Codec2Client: query -- param skipped: index = 2415921170.
04-25 10:07:04.166 20112 28196 W Codec2Client: query -- param skipped: index = 1610614798.
04-25 10:07:04.170 20112 28207 W Codec2Client: query -- param skipped: index = 1342179345.
04-25 10:07:04.170 20112 28207 W Codec2Client: query -- param skipped: index = 2415921170.
04-25 10:07:04.170 20112 28207 W Codec2Client: query -- param skipped: index = 1610614798.
04-25 10:07:04.173 20112 28196 W BufferQueueProducer: [SurfaceTexture-0-20112-6] (id:4e9000000084,api:3,p:20112,c:20112) detachBuffer: slot 2 is not owned by the producer (state = FREE)
04-25 10:07:04.173 20112 28196 W BufferQueueProducer: [SurfaceTexture-0-20112-6] (id:4e9000000084,api:3,p:20112,c:20112) detachBuffer: slot 3 is not owned by the producer (state = FREE)
04-25 10:07:04.173 20112 28196 W BufferQueueProducer: [SurfaceTexture-0-20112-6] (id:4e9000000084,api:3,p:20112,c:20112) detachBuffer: slot 5 is not owned by the producer (state = FREE)
04-25 10:07:04.173 20112 28196 W BufferQueueProducer: [SurfaceTexture-0-20112-6] (id:4e9000000084,api:3,p:20112,c:20112) detachBuffer: slot 7 is not owned by the producer (state = FREE)
04-25 10:07:04.173 20112 28196 W BufferQueueProducer: [SurfaceTexture-0-20112-6] (id:4e9000000084,api:3,p:20112,c:20112) detachBuffer: slot 11 is not owned by the producer (state = FREE)
04-25 10:07:04.173 20112 28196 W BufferQueueProducer: [SurfaceTexture-0-20112-6] (id:4e9000000084,api:3,p:20112,c:20112) detachBuffer: slot 13 is not owned by the producer (state = FREE)
04-25 10:07:04.173 20112 28196 W BufferQueueProducer: [SurfaceTexture-0-20112-6] (id:4e9000000084,api:3,p:20112,c:20112) detachBuffer: slot 14 is not owned by the producer (state = FREE)
04-25 10:07:04.174 20112 28196 W BufferQueueProducer: [SurfaceTexture-0-20112-6] (id:4e9000000084,api:3,p:20112,c:20112) detachBuffer: slot 17 is not owned by the producer (state = ACQUIRED)
04-25 10:07:04.174 20112 28196 W BufferQueueProducer: [SurfaceTexture-0-20112-6] (id:4e9000000084,api:3,p:20112,c:20112) detachBuffer: slot 20 is not owned by the producer (state = FREE)
04-25 10:07:04.174 20112 28196 W BufferQueueProducer: [SurfaceTexture-0-20112-6] (id:4e9000000084,api:3,p:20112,c:20112) detachBuffer: slot 21 is not owned by the producer (state = FREE)
04-25 10:07:04.174 20112 28196 W BufferQueueProducer: [SurfaceTexture-0-20112-6] (id:4e9000000084,api:3,p:20112,c:20112) detachBuffer: slot 22 is not owned by the producer (state = FREE)
04-25 10:07:04.174 20112 28196 W BufferQueueProducer: [SurfaceTexture-0-20112-6] (id:4e9000000084,api:3,p:20112,c:20112) detachBuffer: slot 23 is not owned by the producer (state = FREE)
04-25 10:07:04.174 20112 28196 W BufferQueueProducer: [SurfaceTexture-0-20112-6] (id:4e9000000084,api:3,p:20112,c:20112) detachBuffer: slot 24 is not owned by the producer (state = FREE)
04-25 10:07:04.174 20112 28196 W BufferQueueProducer: [SurfaceTexture-0-20112-6] (id:4e9000000084,api:3,p:20112,c:20112) detachBuffer: slot 25 is not owned by the producer (state = FREE)
04-25 10:07:04.174 20112 28196 W BufferQueueProducer: [SurfaceTexture-0-20112-6] (id:4e9000000084,api:3,p:20112,c:20112) detachBuffer: slot 26 is not owned by the producer (state = FREE)
04-25 10:07:04.175 20112 28196 W BufferQueueProducer: [SurfaceTexture-0-20112-6] (id:4e9000000084,api:3,p:20112,c:20112) detachBuffer: slot 27 is not owned by the producer (state = FREE)
04-25 10:07:04.175 20112 28196 W BufferQueueProducer: [SurfaceTexture-0-20112-6] (id:4e9000000084,api:3,p:20112,c:20112) detachBuffer: slot 28 is not owned by the producer (state = FREE)
04-25 10:07:04.175 20112 28196 W BufferQueueProducer: [SurfaceTexture-0-20112-6] (id:4e9000000084,api:3,p:20112,c:20112) detachBuffer: slot 29 is not owned by the producer (state = FREE)
04-25 10:07:04.175 20112 28196 W BufferQueueProducer: [SurfaceTexture-0-20112-6] (id:4e9000000084,api:3,p:20112,c:20112) detachBuffer: slot 30 is not owned by the producer (state = FREE)
04-25 10:07:04.175 20112 28196 W BufferQueueProducer: [SurfaceTexture-0-20112-6] (id:4e9000000084,api:3,p:20112,c:20112) detachBuffer: slot 31 is not owned by the producer (state = FREE)
04-25 10:07:04.175 20112 28196 W BufferQueueProducer: [SurfaceTexture-0-20112-6] (id:4e9000000084,api:3,p:20112,c:20112) detachBuffer: slot 32 is not owned by the producer (state = FREE)
04-25 10:07:04.175 20112 28196 W BufferQueueProducer: [SurfaceTexture-0-20112-6] (id:4e9000000084,api:3,p:20112,c:20112) detachBuffer: slot 33 is not owned by the producer (state = FREE)
04-25 10:07:04.175 20112 28196 W BufferQueueProducer: [SurfaceTexture-0-20112-6] (id:4e9000000084,api:3,p:20112,c:20112) detachBuffer: slot 34 is not owned by the producer (state = FREE)
04-25 10:07:04.175 20112 28196 W BufferQueueProducer: [SurfaceTexture-0-20112-6] (id:4e9000000084,api:3,p:20112,c:20112) detachBuffer: slot 35 is not owned by the producer (state = FREE)
04-25 10:07:04.175 20112 28196 W BufferQueueProducer: [SurfaceTexture-0-20112-6] (id:4e9000000084,api:3,p:20112,c:20112) detachBuffer: slot 36 is not owned by the producer (state = FREE)
04-25 10:07:04.176 20112 28196 W BufferQueueProducer: [SurfaceTexture-0-20112-6] (id:4e9000000084,api:3,p:20112,c:20112) detachBuffer: slot 37 is not owned by the producer (state = FREE)
04-25 10:07:04.176 20112 28196 W BufferQueueProducer: [SurfaceTexture-0-20112-6] (id:4e9000000084,api:3,p:20112,c:20112) detachBuffer: slot 38 is not owned by the producer (state = FREE)
04-25 10:07:04.176 20112 28196 W BufferQueueProducer: [SurfaceTexture-0-20112-6] (id:4e9000000084,api:3,p:20112,c:20112) detachBuffer: slot 39 is not owned by the producer (state = FREE)
04-25 10:07:04.176 20112 28196 W BufferQueueProducer: [SurfaceTexture-0-20112-6] (id:4e9000000084,api:3,p:20112,c:20112) detachBuffer: slot 40 is not owned by the producer (state = FREE)
04-25 10:07:04.176 20112 28196 W BufferQueueProducer: [SurfaceTexture-0-20112-6] (id:4e9000000084,api:3,p:20112,c:20112) detachBuffer: slot 41 is not owned by the producer (state = FREE)
04-25 10:07:04.176 20112 28196 W BufferQueueProducer: [SurfaceTexture-0-20112-6] (id:4e9000000084,api:3,p:20112,c:20112) detachBuffer: slot 42 is not owned by the producer (state = FREE)
04-25 10:07:04.176 20112 28196 W BufferQueueProducer: [SurfaceTexture-0-20112-6] (id:4e9000000084,api:3,p:20112,c:20112) detachBuffer: slot 43 is not owned by the producer (state = FREE)
04-25 10:07:04.177 20112 28196 W BufferQueueProducer: [SurfaceTexture-0-20112-6] (id:4e9000000084,api:3,p:20112,c:20112) detachBuffer: slot 44 is not owned by the producer (state = FREE)
04-25 10:07:04.177 20112 28196 W BufferQueueProducer: [SurfaceTexture-0-20112-6] (id:4e9000000084,api:3,p:20112,c:20112) detachBuffer: slot 45 is not owned by the producer (state = FREE)
04-25 10:07:04.177 20112 28196 W BufferQueueProducer: [SurfaceTexture-0-20112-6] (id:4e9000000084,api:3,p:20112,c:20112) detachBuffer: slot 46 is not owned by the producer (state = FREE)
04-25 10:07:04.177 20112 28196 W BufferQueueProducer: [SurfaceTexture-0-20112-6] (id:4e9000000084,api:3,p:20112,c:20112) detachBuffer: slot 47 is not owned by the producer (state = FREE)
04-25 10:07:04.177 20112 28196 W BufferQueueProducer: [SurfaceTexture-0-20112-6] (id:4e9000000084,api:3,p:20112,c:20112) detachBuffer: slot 48 is not owned by the producer (state = FREE)
04-25 10:07:04.177 20112 28196 W BufferQueueProducer: [SurfaceTexture-0-20112-6] (id:4e9000000084,api:3,p:20112,c:20112) detachBuffer: slot 49 is not owned by the producer (state = FREE)
04-25 10:07:04.177 20112 28196 W BufferQueueProducer: [SurfaceTexture-0-20112-6] (id:4e9000000084,api:3,p:20112,c:20112) detachBuffer: slot 50 is not owned by the producer (state = FREE)
04-25 10:07:04.177 20112 28196 W BufferQueueProducer: [SurfaceTexture-0-20112-6] (id:4e9000000084,api:3,p:20112,c:20112) detachBuffer: slot 51 is not owned by the producer (state = FREE)
04-25 10:07:04.177 20112 28196 W BufferQueueProducer: [SurfaceTexture-0-20112-6] (id:4e9000000084,api:3,p:20112,c:20112) detachBuffer: slot 52 is not owned by the producer (state = FREE)
04-25 10:07:04.177 20112 28196 W BufferQueueProducer: [SurfaceTexture-0-20112-6] (id:4e9000000084,api:3,p:20112,c:20112) detachBuffer: slot 53 is not owned by the producer (state = FREE)
04-25 10:07:04.177 20112 28196 W BufferQueueProducer: [SurfaceTexture-0-20112-6] (id:4e9000000084,api:3,p:20112,c:20112) detachBuffer: slot 54 is not owned by the producer (state = FREE)
04-25 10:07:04.178 20112 28196 W BufferQueueProducer: [SurfaceTexture-0-20112-6] (id:4e9000000084,api:3,p:20112,c:20112) detachBuffer: slot 55 is not owned by the producer (state = FREE)
04-25 10:07:04.178 20112 28196 W BufferQueueProducer: [SurfaceTexture-0-20112-6] (id:4e9000000084,api:3,p:20112,c:20112) detachBuffer: slot 56 is not owned by the producer (state = FREE)
04-25 10:07:04.178 20112 28196 W BufferQueueProducer: [SurfaceTexture-0-20112-6] (id:4e9000000084,api:3,p:20112,c:20112) detachBuffer: slot 57 is not owned by the producer (state = FREE)
04-25 10:07:04.178 20112 28196 W BufferQueueProducer: [SurfaceTexture-0-20112-6] (id:4e9000000084,api:3,p:20112,c:20112) detachBuffer: slot 58 is not owned by the producer (state = FREE)
04-25 10:07:04.178 20112 28196 W BufferQueueProducer: [SurfaceTexture-0-20112-6] (id:4e9000000084,api:3,p:20112,c:20112) detachBuffer: slot 59 is not owned by the producer (state = FREE)
04-25 10:07:04.178 20112 28196 W BufferQueueProducer: [SurfaceTexture-0-20112-6] (id:4e9000000084,api:3,p:20112,c:20112) detachBuffer: slot 60 is not owned by the producer (state = FREE)
04-25 10:07:04.178 20112 28196 W BufferQueueProducer: [SurfaceTexture-0-20112-6] (id:4e9000000084,api:3,p:20112,c:20112) detachBuffer: slot 61 is not owned by the producer (state = FREE)
04-25 10:07:04.178 20112 28196 W BufferQueueProducer: [SurfaceTexture-0-20112-6] (id:4e9000000084,api:3,p:20112,c:20112) detachBuffer: slot 62 is not owned by the producer (state = FREE)
04-25 10:07:04.178 20112 28196 W BufferQueueProducer: [SurfaceTexture-0-20112-6] (id:4e9000000084,api:3,p:20112,c:20112) detachBuffer: slot 63 is not owned by the producer (state = FREE)
04-25 10:07:04.202 20112 28247 W BufferQueueProducer: [MediaCodec.release] (id:4e9000000086,api:3,p:20112,c:20112) detachBuffer: slot 12 is not owned by the producer (state = FREE)
04-25 10:07:04.202 20112 28247 W BufferQueueProducer: [MediaCodec.release] (id:4e9000000086,api:3,p:20112,c:20112) detachBuffer: slot 13 is not owned by the producer (state = FREE)
04-25 10:07:04.203 20112 28247 W BufferQueueProducer: [MediaCodec.release] (id:4e9000000086,api:3,p:20112,c:20112) detachBuffer: slot 14 is not owned by the producer (state = FREE)
04-25 10:07:04.203 20112 28247 W BufferQueueProducer: [MediaCodec.release] (id:4e9000000086,api:3,p:20112,c:20112) detachBuffer: slot 15 is not owned by the producer (state = FREE)
04-25 10:07:04.203 20112 28247 W BufferQueueProducer: [MediaCodec.release] (id:4e9000000086,api:3,p:20112,c:20112) detachBuffer: slot 16 is not owned by the producer (state = FREE)
04-25 10:07:04.203 20112 28247 W BufferQueueProducer: [MediaCodec.release] (id:4e9000000086,api:3,p:20112,c:20112) detachBuffer: slot 17 is not owned by the producer (state = FREE)
04-25 10:07:04.203 20112 28247 W BufferQueueProducer: [MediaCodec.release] (id:4e9000000086,api:3,p:20112,c:20112) detachBuffer: slot 18 is not owned by the producer (state = FREE)
04-25 10:07:04.203 20112 28247 W BufferQueueProducer: [MediaCodec.release] (id:4e9000000086,api:3,p:20112,c:20112) detachBuffer: slot 19 is not owned by the producer (state = FREE)
04-25 10:07:04.203 20112 28247 W BufferQueueProducer: [MediaCodec.release] (id:4e9000000086,api:3,p:20112,c:20112) detachBuffer: slot 20 is not owned by the producer (state = FREE)
04-25 10:07:04.204 20112 28247 W BufferQueueProducer: [MediaCodec.release] (id:4e9000000086,api:3,p:20112,c:20112) detachBuffer: slot 21 is not owned by the producer (state = FREE)
04-25 10:07:04.204 20112 28247 W BufferQueueProducer: [MediaCodec.release] (id:4e9000000086,api:3,p:20112,c:20112) detachBuffer: slot 22 is not owned by the producer (state = FREE)
04-25 10:07:04.204 20112 28247 W BufferQueueProducer: [MediaCodec.release] (id:4e9000000086,api:3,p:20112,c:20112) detachBuffer: slot 23 is not owned by the producer (state = FREE)
04-25 10:07:04.205 20112 28247 W BufferQueueProducer: [MediaCodec.release] (id:4e9000000086,api:3,p:20112,c:20112) detachBuffer: slot 24 is not owned by the producer (state = FREE)
04-25 10:07:04.205 20112 28247 W BufferQueueProducer: [MediaCodec.release] (id:4e9000000086,api:3,p:20112,c:20112) detachBuffer: slot 25 is not owned by the producer (state = FREE)
04-25 10:07:04.205 20112 28247 W BufferQueueProducer: [MediaCodec.release] (id:4e9000000086,api:3,p:20112,c:20112) detachBuffer: slot 26 is not owned by the producer (state = FREE)
04-25 10:07:04.205 20112 28247 W BufferQueueProducer: [MediaCodec.release] (id:4e9000000086,api:3,p:20112,c:20112) detachBuffer: slot 27 is not owned by the producer (state = FREE)
04-25 10:07:04.206 20112 28247 W BufferQueueProducer: [MediaCodec.release] (id:4e9000000086,api:3,p:20112,c:20112) detachBuffer: slot 28 is not owned by the producer (state = FREE)
04-25 10:07:04.206 20112 28247 W BufferQueueProducer: [MediaCodec.release] (id:4e9000000086,api:3,p:20112,c:20112) detachBuffer: slot 29 is not owned by the producer (state = FREE)
04-25 10:07:04.206 20112 28247 W BufferQueueProducer: [MediaCodec.release] (id:4e9000000086,api:3,p:20112,c:20112) detachBuffer: slot 30 is not owned by the producer (state = FREE)
04-25 10:07:04.206 20112 28247 W BufferQueueProducer: [MediaCodec.release] (id:4e9000000086,api:3,p:20112,c:20112) detachBuffer: slot 31 is not owned by the producer (state = FREE)
04-25 10:07:04.206 20112 28247 W BufferQueueProducer: [MediaCodec.release] (id:4e9000000086,api:3,p:20112,c:20112) detachBuffer: slot 32 is not owned by the producer (state = FREE)
04-25 10:07:04.206 20112 28247 W BufferQueueProducer: [MediaCodec.release] (id:4e9000000086,api:3,p:20112,c:20112) detachBuffer: slot 33 is not owned by the producer (state = FREE)
04-25 10:07:04.207 20112 28247 W BufferQueueProducer: [MediaCodec.release] (id:4e9000000086,api:3,p:20112,c:20112) detachBuffer: slot 34 is not owned by the producer (state = FREE)
04-25 10:07:04.207 20112 28247 W BufferQueueProducer: [MediaCodec.release] (id:4e9000000086,api:3,p:20112,c:20112) detachBuffer: slot 35 is not owned by the producer (state = FREE)
04-25 10:07:04.207 20112 28247 W BufferQueueProducer: [MediaCodec.release] (id:4e9000000086,api:3,p:20112,c:20112) detachBuffer: slot 36 is not owned by the producer (state = FREE)
04-25 10:07:04.207 20112 28247 W BufferQueueProducer: [MediaCodec.release] (id:4e9000000086,api:3,p:20112,c:20112) detachBuffer: slot 37 is not owned by the producer (state = FREE)
04-25 10:07:04.207 20112 28247 W BufferQueueProducer: [MediaCodec.release] (id:4e9000000086,api:3,p:20112,c:20112) detachBuffer: slot 38 is not owned by the producer (state = FREE)
04-25 10:07:04.207 20112 28247 W BufferQueueProducer: [MediaCodec.release] (id:4e9000000086,api:3,p:20112,c:20112) detachBuffer: slot 39 is not owned by the producer (state = FREE)
04-25 10:07:04.207 20112 28247 W BufferQueueProducer: [MediaCodec.release] (id:4e9000000086,api:3,p:20112,c:20112) detachBuffer: slot 40 is not owned by the producer (state = FREE)
04-25 10:07:04.208 20112 28247 W BufferQueueProducer: [MediaCodec.release] (id:4e9000000086,api:3,p:20112,c:20112) detachBuffer: slot 41 is not owned by the producer (state = FREE)
04-25 10:07:04.208 20112 28247 W BufferQueueProducer: [MediaCodec.release] (id:4e9000000086,api:3,p:20112,c:20112) detachBuffer: slot 42 is not owned by the producer (state = FREE)
04-25 10:07:04.208 20112 28247 W BufferQueueProducer: [MediaCodec.release] (id:4e9000000086,api:3,p:20112,c:20112) detachBuffer: slot 43 is not owned by the producer (state = FREE)
04-25 10:07:04.208 20112 28247 W BufferQueueProducer: [MediaCodec.release] (id:4e9000000086,api:3,p:20112,c:20112) detachBuffer: slot 44 is not owned by the producer (state = FREE)
04-25 10:07:04.208 20112 28247 W BufferQueueProducer: [MediaCodec.release] (id:4e9000000086,api:3,p:20112,c:20112) detachBuffer: slot 45 is not owned by the producer (state = FREE)
04-25 10:07:04.208 20112 28247 W BufferQueueProducer: [MediaCodec.release] (id:4e9000000086,api:3,p:20112,c:20112) detachBuffer: slot 46 is not owned by the producer (state = FREE)
04-25 10:07:04.209 20112 28247 W BufferQueueProducer: [MediaCodec.release] (id:4e9000000086,api:3,p:20112,c:20112) detachBuffer: slot 47 is not owned by the producer (state = FREE)
04-25 10:07:04.209 20112 28247 W BufferQueueProducer: [MediaCodec.release] (id:4e9000000086,api:3,p:20112,c:20112) detachBuffer: slot 48 is not owned by the producer (state = FREE)
04-25 10:07:04.209 20112 28247 W BufferQueueProducer: [MediaCodec.release] (id:4e9000000086,api:3,p:20112,c:20112) detachBuffer: slot 49 is not owned by the producer (state = FREE)
04-25 10:07:04.209 20112 28247 W BufferQueueProducer: [MediaCodec.release] (id:4e9000000086,api:3,p:20112,c:20112) detachBuffer: slot 50 is not owned by the producer (state = FREE)
04-25 10:07:04.209 20112 28247 W BufferQueueProducer: [MediaCodec.release] (id:4e9000000086,api:3,p:20112,c:20112) detachBuffer: slot 51 is not owned by the producer (state = FREE)
04-25 10:07:04.209 20112 28247 W BufferQueueProducer: [MediaCodec.release] (id:4e9000000086,api:3,p:20112,c:20112) detachBuffer: slot 52 is not owned by the producer (state = FREE)
04-25 10:07:04.209 20112 28247 W BufferQueueProducer: [MediaCodec.release] (id:4e9000000086,api:3,p:20112,c:20112) detachBuffer: slot 53 is not owned by the producer (state = FREE)
