04-25 09:51:07.934 20112 20112 E ArmVmp : Match on catch block at 0xc3 in for 0x797fda3025
04-25 09:51:07.934 20112 20351 W com.mbwhatsapp: Accessing hidden method Landroid/app/MiuiNotification;-><init>()V (blocked, reflection, denied)
04-25 09:51:07.938 20112 20112 E ArmVmp : Match on catch block at 0xc3 in for 0x797fda3025
04-25 09:51:07.947 20112 20351 W com.mbwhatsapp: Accessing hidden method Landroid/app/MiuiNotification;-><init>()V (blocked, reflection, denied)
04-25 09:51:07.948 20112 20112 E ArmVmp : Match on catch block at 0xc3 in for 0x797fda3025
04-25 09:51:07.952 20112 20112 E ArmVmp : Match on catch block at 0xc3 in for 0x797fda3025
04-25 09:51:07.960 20112 20112 E ArmVmp : Match on catch block at 0xc3 in for 0x797fda3025
04-25 09:51:07.963 20112 20112 E ArmVmp : Match on catch block at 0xc3 in for 0x797fda3025
04-25 09:51:07.974 20112 20351 W com.mbwhatsapp: Accessing hidden method Landroid/app/MiuiNotification;-><init>()V (blocked, reflection, denied)
04-25 09:51:07.974 20112 20112 E ArmVmp : Match on catch block at 0xc3 in for 0x797fda3025
04-25 09:51:07.977 20112 20112 E ArmVmp : Match on catch block at 0xc3 in for 0x797fda3025
04-25 09:51:07.986 20112 20112 E ArmVmp : Match on catch block at 0xc3 in for 0x797fda3025
04-25 09:51:07.990 20112 20112 E ArmVmp : Match on catch block at 0xc3 in for 0x797fda3025
04-25 09:51:08.001 20112 20112 E ArmVmp : Match on catch block at 0xc3 in for 0x797fda3025
04-25 09:51:08.004 20112 20112 E ArmVmp : Match on catch block at 0xc3 in for 0x797fda3025
04-25 09:51:08.019 20112 20112 E ArmVmp : Match on catch block at 0xc3 in for 0x797fda3025
04-25 09:51:08.022 20112 20351 W com.mbwhatsapp: Accessing hidden method Landroid/app/MiuiNotification;-><init>()V (blocked, reflection, denied)
04-25 09:51:08.022 20112 20112 E ArmVmp : Match on catch block at 0xc3 in for 0x797fda3025
04-25 09:51:08.029 20112 20112 E ArmVmp : Match on catch block at 0xc3 in for 0x797fda3025
04-25 09:51:08.033 20112 20112 E ArmVmp : Match on catch block at 0xc3 in for 0x797fda3025
04-25 09:51:08.037 20112 20112 E ArmVmp : Match on catch block at 0xc3 in for 0x797fda3025
04-25 09:51:08.040 20112 20112 E ArmVmp : Match on catch block at 0xc3 in for 0x797fda3025
04-25 09:51:08.047 20112 20112 E ArmVmp : Match on catch block at 0xc3 in for 0x797fda3025
04-25 09:51:08.052 20112 20112 E ArmVmp : Match on catch block at 0xc3 in for 0x797fda3025
04-25 09:51:08.059 20112 20112 E ArmVmp : Match on catch block at 0xc3 in for 0x797fda3025
04-25 09:51:08.062 20112 20112 E ArmVmp : Match on catch block at 0xc3 in for 0x797fda3025
04-25 09:51:08.068 20112 20351 W com.mbwhatsapp: Accessing hidden method Landroid/app/MiuiNotification;-><init>()V (blocked, reflection, denied)
04-25 09:51:08.072 20112 20112 E ArmVmp : Match on catch block at 0xc3 in for 0x797fda3025
04-25 09:51:08.075 20112 20112 E ArmVmp : Match on catch block at 0xc3 in for 0x797fda3025
04-25 09:51:08.083 20112 20112 E ArmVmp : Match on catch block at 0xc3 in for 0x797fda3025
04-25 09:51:08.087 20112 20112 E ArmVmp : Match on catch block at 0xc3 in for 0x797fda3025
04-25 09:51:08.091 20112 20112 E ArmVmp : Match on catch block at 0xc3 in for 0x797fda3025
04-25 09:51:08.096 20112 20112 E ArmVmp : Match on catch block at 0xc3 in for 0x797fda3025
04-25 09:51:08.102 20112 20112 E ArmVmp : Match on catch block at 0xc3 in for 0x797fda3025
04-25 09:51:08.105 20112 20112 E ArmVmp : Match on catch block at 0xc3 in for 0x797fda3025
04-25 09:51:08.114 20112 20351 W com.mbwhatsapp: Accessing hidden method Landroid/app/MiuiNotification;-><init>()V (blocked, reflection, denied)
04-25 09:51:08.115 20112 20112 E ArmVmp : Match on catch block at 0xc3 in for 0x797fda3025
04-25 09:51:08.119 20112 20112 E ArmVmp : Match on catch block at 0xc3 in for 0x797fda3025
04-25 09:51:08.128 20112 20112 E ArmVmp : Match on catch block at 0xc3 in for 0x797fda3025
04-25 09:51:08.131 20112 20112 E ArmVmp : Match on catch block at 0xc3 in for 0x797fda3025
04-25 09:51:08.139 20112 20351 W com.mbwhatsapp: Accessing hidden method Landroid/app/MiuiNotification;-><init>()V (blocked, reflection, denied)
04-25 09:51:08.140 20112 20112 E ArmVmp : Match on catch block at 0xc3 in for 0x797fda3025
04-25 09:51:08.145 20112 20112 E ArmVmp : Match on catch block at 0xc3 in for 0x797fda3025
04-25 09:51:08.154 20112 20112 E ArmVmp : Match on catch block at 0xc3 in for 0x797fda3025
04-25 09:51:08.157 20112 20112 E ArmVmp : Match on catch block at 0xc3 in for 0x797fda3025
04-25 09:51:08.163 20112 20351 W com.mbwhatsapp: Accessing hidden method Landroid/app/MiuiNotification;-><init>()V (blocked, reflection, denied)
04-25 09:51:08.164 20112 20112 E ArmVmp : Match on catch block at 0xc3 in for 0x797fda3025
04-25 09:51:08.169 20112 20112 E ArmVmp : Match on catch block at 0xc3 in for 0x797fda3025
04-25 09:51:08.176 20112 20112 E ArmVmp : Match on catch block at 0xc3 in for 0x797fda3025
04-25 09:51:08.180 20112 20112 E ArmVmp : Match on catch block at 0xc3 in for 0x797fda3025
04-25 09:51:08.187 20112 20112 E ArmVmp : Match on catch block at 0xc3 in for 0x797fda3025
04-25 09:51:08.192 20112 20112 E ArmVmp : Match on catch block at 0xc3 in for 0x797fda3025
04-25 09:51:08.199 20112 20351 W com.mbwhatsapp: Accessing hidden method Landroid/app/MiuiNotification;-><init>()V (blocked, reflection, denied)
04-25 09:51:08.202 20112 20112 E ArmVmp : Match on catch block at 0xc3 in for 0x797fda3025
04-25 09:51:08.207 20112 20112 E ArmVmp : Match on catch block at 0xc3 in for 0x797fda3025
04-25 09:51:08.221 20112 20112 W InputEventReceiver: Attempted to finish an input event but the input event receiver has already been disposed.
04-25 09:51:08.269 20112 20112 E ArmVmp : Match on catch block at 0xc3 in for 0x797fda3025
04-25 09:51:08.274 20112 20112 E ArmVmp : Match on catch block at 0xc3 in for 0x797fda3025
04-25 09:51:08.284 20112 20351 W com.mbwhatsapp: Accessing hidden method Landroid/app/MiuiNotification;-><init>()V (blocked, reflection, denied)
04-25 09:51:08.302 20112 20112 E ArmVmp : Match on catch block at 0xc3 in for 0x797fda3025
04-25 09:51:08.308 20112 20112 E ArmVmp : Match on catch block at 0xc3 in for 0x797fda3025
04-25 09:51:08.319 20112 20112 E ArmVmp : Match on catch block at 0xc3 in for 0x797fda3025
04-25 09:51:08.325 20112 20112 E ArmVmp : Match on catch block at 0xc3 in for 0x797fda3025
04-25 09:51:08.336 20112 20351 W com.mbwhatsapp: Accessing hidden method Landroid/app/MiuiNotification;-><init>()V (blocked, reflection, denied)
04-25 09:51:08.339 20112 20112 E ArmVmp : Match on catch block at 0xc3 in for 0x797fda3025
04-25 09:51:08.343 20112 20112 E ArmVmp : Match on catch block at 0xc3 in for 0x797fda3025
04-25 09:51:08.480 20112 20112 E ArmVmp : Match on catch block at 0xc3 in for 0x797fda3025
04-25 09:51:08.483 20112 20112 E ArmVmp : Match on catch block at 0xc3 in for 0x797fda3025
04-25 09:51:08.525 20112 20255 W Parcel : Expecting binder but got null!
04-25 09:51:08.542 20112 20351 W com.mbwhatsapp: Accessing hidden method Landroid/app/MiuiNotification;-><init>()V (blocked, reflection, denied)
04-25 09:51:08.546 20112 20112 E ArmVmp : Match on catch block at 0xc3 in for 0x797fda3025
04-25 09:51:08.550 20112 20112 E ArmVmp : Match on catch block at 0xc3 in for 0x797fda3025
04-25 09:51:08.566 20112 20112 E ArmVmp : Match on catch block at 0xc3 in for 0x797fda3025
04-25 09:51:08.569 20112 20112 E ArmVmp : Match on catch block at 0xc3 in for 0x797fda3025
04-25 09:51:08.584 20112 20351 W com.mbwhatsapp: Accessing hidden method Landroid/app/MiuiNotification;-><init>()V (blocked, reflection, denied)
04-25 09:51:08.586 20112 20112 E ArmVmp : Match on catch block at 0xc3 in for 0x797fda3025
04-25 09:51:08.592 20112 20112 E ArmVmp : Match on catch block at 0xc3 in for 0x797fda3025
04-25 09:51:08.604 20112 20112 E ArmVmp : Match on catch block at 0xc3 in for 0x797fda3025
04-25 09:51:08.609 20112 20112 E ArmVmp : Match on catch block at 0xc3 in for 0x797fda3025
04-25 09:51:08.621 20112 20351 W com.mbwhatsapp: Accessing hidden method Landroid/app/MiuiNotification;-><init>()V (blocked, reflection, denied)
04-25 09:51:08.623 20112 20112 E ArmVmp : Match on catch block at 0xc3 in for 0x797fda3025
04-25 09:51:08.626 20112 20112 E ArmVmp : Match on catch block at 0xc3 in for 0x797fda3025
04-25 09:51:08.646 20112 20112 E ArmVmp : Match on catch block at 0xc3 in for 0x797fda3025
04-25 09:51:08.650 20112 20112 E ArmVmp : Match on catch block at 0xc3 in for 0x797fda3025
04-25 09:51:08.659 20112 20351 W com.mbwhatsapp: Accessing hidden method Landroid/app/MiuiNotification;-><init>()V (blocked, reflection, denied)
04-25 09:51:08.660 20112 20112 E ArmVmp : Match on catch block at 0xc3 in for 0x797fda3025
04-25 09:51:08.665 20112 20112 E ArmVmp : Match on catch block at 0xc3 in for 0x797fda3025
04-25 09:51:08.680 20112 20112 E ArmVmp : Match on catch block at 0xc3 in for 0x797fda3025
04-25 09:51:08.685 20112 20112 E ArmVmp : Match on catch block at 0xc3 in for 0x797fda3025
04-25 09:51:08.692 20112 20351 W com.mbwhatsapp: Accessing hidden method Landroid/app/MiuiNotification;-><init>()V (blocked, reflection, denied)
04-25 09:51:08.694 20112 20112 E ArmVmp : Match on catch block at 0xc3 in for 0x797fda3025
04-25 09:51:08.698 20112 20112 E ArmVmp : Match on catch block at 0xc3 in for 0x797fda3025
04-25 09:51:08.714 20112 20112 E ArmVmp : Match on catch block at 0xc3 in for 0x797fda3025
04-25 09:51:08.718 20112 20112 E ArmVmp : Match on catch block at 0xc3 in for 0x797fda3025
04-25 09:51:08.725 20112 20112 E ArmVmp : Match on catch block at 0xc3 in for 0x797fda3025
04-25 09:51:08.729 20112 20112 E ArmVmp : Match on catch block at 0xc3 in for 0x797fda3025
04-25 09:51:08.750 20112 20112 E ArmVmp : Match on catch block at 0xc3 in for 0x797fda3025
04-25 09:51:08.750 20112 20351 W com.mbwhatsapp: Accessing hidden method Landroid/app/MiuiNotification;-><init>()V (blocked, reflection, denied)
04-25 09:51:08.753 20112 20112 E ArmVmp : Match on catch block at 0xc3 in for 0x797fda3025
04-25 09:51:08.765 20112 20351 W com.mbwhatsapp: Accessing hidden method Landroid/app/MiuiNotification;-><init>()V (blocked, reflection, denied)
04-25 09:51:08.765 20112 20351 W com.mbwhatsapp: Reached maximum number of hidden api access warnings.
04-25 09:51:08.765 20112 20112 E ArmVmp : Match on catch block at 0xc3 in for 0x797fda3025
04-25 09:51:08.769 20112 20112 E ArmVmp : Match on catch block at 0xc3 in for 0x797fda3025
04-25 09:51:08.783 20112 20112 E ArmVmp : Match on catch block at 0xc3 in for 0x797fda3025
04-25 09:51:08.786 20112 20112 E ArmVmp : Match on catch block at 0xc3 in for 0x797fda3025
04-25 09:51:08.796 20112 20112 E ArmVmp : Match on catch block at 0xc3 in for 0x797fda3025
04-25 09:51:08.800 20112 20112 E ArmVmp : Match on catch block at 0xc3 in for 0x797fda3025
04-25 09:51:08.815 20112 20112 E ArmVmp : Match on catch block at 0xc3 in for 0x797fda3025
04-25 09:51:08.820 20112 20112 E ArmVmp : Match on catch block at 0xc3 in for 0x797fda3025
04-25 09:51:08.826 20112 20112 E ArmVmp : Match on catch block at 0xc3 in for 0x797fda3025
04-25 09:51:08.831 20112 20112 E ArmVmp : Match on catch block at 0xc3 in for 0x797fda3025
04-25 09:51:08.841 20112 20112 E ArmVmp : Match on catch block at 0xc3 in for 0x797fda3025
04-25 09:51:08.844 20112 20112 E ArmVmp : Match on catch block at 0xc3 in for 0x797fda3025
04-25 09:51:08.853 20112 20112 E ArmVmp : Match on catch block at 0xc3 in for 0x797fda3025
04-25 09:51:08.857 20112 20112 E ArmVmp : Match on catch block at 0xc3 in for 0x797fda3025
04-25 09:51:08.869 20112 20112 E ArmVmp : Match on catch block at 0xc3 in for 0x797fda3025
04-25 09:51:08.873 20112 20112 E ArmVmp : Match on catch block at 0xc3 in for 0x797fda3025
04-25 09:51:08.885 20112 20112 E ArmVmp : Match on catch block at 0xc3 in for 0x797fda3025
04-25 09:51:08.889 20112 20112 E ArmVmp : Match on catch block at 0xc3 in for 0x797fda3025
04-25 09:51:08.899 20112 20112 E ArmVmp : Match on catch block at 0xc3 in for 0x797fda3025
04-25 09:51:08.903 20112 20112 E ArmVmp : Match on catch block at 0xc3 in for 0x797fda3025
04-25 09:51:08.913 20112 20112 E ArmVmp : Match on catch block at 0xc3 in for 0x797fda3025
04-25 09:51:08.916 20112 20112 E ArmVmp : Match on catch block at 0xc3 in for 0x797fda3025
04-25 09:51:08.931 20112 20112 E ArmVmp : Match on catch block at 0xc3 in for 0x797fda3025
04-25 09:51:08.935 20112 20112 E ArmVmp : Match on catch block at 0xc3 in for 0x797fda3025
04-25 09:51:08.945 20112 20112 E ArmVmp : Match on catch block at 0xc3 in for 0x797fda3025
04-25 09:51:08.948 20112 20112 E ArmVmp : Match on catch block at 0xc3 in for 0x797fda3025
04-25 09:51:08.960 20112 20112 E ArmVmp : Match on catch block at 0xc3 in for 0x797fda3025
04-25 09:51:08.966 20112 20112 E ArmVmp : Match on catch block at 0xc3 in for 0x797fda3025
04-25 09:51:08.977 20112 20112 E ArmVmp : Match on catch block at 0xc3 in for 0x797fda3025
04-25 09:51:08.980 20112 20112 E ArmVmp : Match on catch block at 0xc3 in for 0x797fda3025
04-25 09:51:08.992 20112 20112 E ArmVmp : Match on catch block at 0xc3 in for 0x797fda3025
04-25 09:51:08.997 20112 20112 E ArmVmp : Match on catch block at 0xc3 in for 0x797fda3025
04-25 09:51:09.006 20112 20112 E ArmVmp : Match on catch block at 0xc3 in for 0x797fda3025
04-25 09:51:09.009 20112 20112 E ArmVmp : Match on catch block at 0xc3 in for 0x797fda3025
04-25 09:51:09.019 20112 20112 E ArmVmp : Match on catch block at 0xc3 in for 0x797fda3025
04-25 09:51:09.024 20112 20112 E ArmVmp : Match on catch block at 0xc3 in for 0x797fda3025
04-25 09:51:09.037 20112 20112 E ArmVmp : Match on catch block at 0xc3 in for 0x797fda3025
04-25 09:51:09.039 20112 20112 E ArmVmp : Match on catch block at 0xc3 in for 0x797fda3025
04-25 09:51:09.052 20112 20112 E ArmVmp : Match on catch block at 0xc3 in for 0x797fda3025
04-25 09:51:09.056 20112 20112 E ArmVmp : Match on catch block at 0xc3 in for 0x797fda3025
04-25 09:51:09.066 20112 20112 E ArmVmp : Match on catch block at 0xc3 in for 0x797fda3025
04-25 09:51:09.071 20112 20112 E ArmVmp : Match on catch block at 0xc3 in for 0x797fda3025
04-25 09:51:09.079 20112 20112 E ArmVmp : Match on catch block at 0xc3 in for 0x797fda3025
04-25 09:51:09.083 20112 20112 E ArmVmp : Match on catch block at 0xc3 in for 0x797fda3025
04-25 09:51:09.091 20112 20112 E ArmVmp : Match on catch block at 0xc3 in for 0x797fda3025
04-25 09:51:09.097 20112 20112 E ArmVmp : Match on catch block at 0xc3 in for 0x797fda3025
04-25 09:51:09.104 20112 20112 E ArmVmp : Match on catch block at 0xc3 in for 0x797fda3025
04-25 09:51:09.108 20112 20112 E ArmVmp : Match on catch block at 0xc3 in for 0x797fda3025
04-25 09:51:09.117 20112 20112 E ArmVmp : Match on catch block at 0xc3 in for 0x797fda3025
04-25 09:51:09.120 20112 20112 E ArmVmp : Match on catch block at 0xc3 in for 0x797fda3025
04-25 09:51:09.130 20112 20112 E ArmVmp : Match on catch block at 0xc3 in for 0x797fda3025
04-25 09:51:09.135 20112 20112 E ArmVmp : Match on catch block at 0xc3 in for 0x797fda3025
04-25 09:51:09.143 20112 20112 E ArmVmp : Match on catch block at 0xc3 in for 0x797fda3025
04-25 09:51:09.147 20112 20112 E ArmVmp : Match on catch block at 0xc3 in for 0x797fda3025
04-25 09:51:09.155 20112 20112 E ArmVmp : Match on catch block at 0xc3 in for 0x797fda3025
04-25 09:51:09.160 20112 20112 E ArmVmp : Match on catch block at 0xc3 in for 0x797fda3025
04-25 09:51:09.170 20112 20112 E ArmVmp : Match on catch block at 0xc3 in for 0x797fda3025
04-25 09:51:09.174 20112 20112 E ArmVmp : Match on catch block at 0xc3 in for 0x797fda3025
04-25 09:51:09.183 20112 20112 E ArmVmp : Match on catch block at 0xc3 in for 0x797fda3025
04-25 09:51:09.187 20112 20112 E ArmVmp : Match on catch block at 0xc3 in for 0x797fda3025
04-25 09:51:09.195 20112 20112 E ArmVmp : Match on catch block at 0xc3 in for 0x797fda3025
04-25 09:51:09.199 20112 20112 E ArmVmp : Match on catch block at 0xc3 in for 0x797fda3025
04-25 09:51:09.207 20112 20112 E ArmVmp : Match on catch block at 0xc3 in for 0x797fda3025
04-25 09:51:09.212 20112 20112 E ArmVmp : Match on catch block at 0xc3 in for 0x797fda3025
04-25 09:51:09.222 20112 20112 E ArmVmp : Match on catch block at 0xc3 in for 0x797fda3025
04-25 09:51:09.227 20112 20112 E ArmVmp : Match on catch block at 0xc3 in for 0x797fda3025
04-25 09:51:09.236 20112 20112 E ArmVmp : Match on catch block at 0xc3 in for 0x797fda3025
04-25 09:51:09.241 20112 20112 E ArmVmp : Match on catch block at 0xc3 in for 0x797fda3025
04-25 09:51:09.250 20112 20112 E ArmVmp : Match on catch block at 0xc3 in for 0x797fda3025
04-25 09:51:09.253 20112 20112 E ArmVmp : Match on catch block at 0xc3 in for 0x797fda3025
04-25 09:51:09.260 20112 20112 E ArmVmp : Match on catch block at 0xc3 in for 0x797fda3025
04-25 09:51:09.263 20112 20112 E ArmVmp : Match on catch block at 0xc3 in for 0x797fda3025
04-25 09:51:09.270 20112 20112 E ArmVmp : Match on catch block at 0xc3 in for 0x797fda3025
04-25 09:51:09.274 20112 20112 E ArmVmp : Match on catch block at 0xc3 in for 0x797fda3025
04-25 09:51:09.281 20112 20112 E ArmVmp : Match on catch block at 0xc3 in for 0x797fda3025
04-25 09:51:09.285 20112 20112 E ArmVmp : Match on catch block at 0xc3 in for 0x797fda3025
04-25 09:51:09.291 20112 20112 E ArmVmp : Match on catch block at 0xc3 in for 0x797fda3025
04-25 09:51:09.294 20112 20112 E ArmVmp : Match on catch block at 0xc3 in for 0x797fda3025
04-25 09:51:09.303 20112 20112 E ArmVmp : Match on catch block at 0xc3 in for 0x797fda3025
04-25 09:51:09.306 20112 20112 E ArmVmp : Match on catch block at 0xc3 in for 0x797fda3025
04-25 09:51:09.313 20112 20112 E ArmVmp : Match on catch block at 0xc3 in for 0x797fda3025
04-25 09:51:09.317 20112 20112 E ArmVmp : Match on catch block at 0xc3 in for 0x797fda3025
04-25 09:51:09.325 20112 20112 E ArmVmp : Match on catch block at 0xc3 in for 0x797fda3025
04-25 09:51:09.328 20112 20112 E ArmVmp : Match on catch block at 0xc3 in for 0x797fda3025
04-25 09:51:09.336 20112 20112 E ArmVmp : Match on catch block at 0xc3 in for 0x797fda3025
04-25 09:51:09.339 20112 20112 E ArmVmp : Match on catch block at 0xc3 in for 0x797fda3025
04-25 09:51:09.348 20112 20112 E ArmVmp : Match on catch block at 0xc3 in for 0x797fda3025
04-25 09:51:09.351 20112 20112 E ArmVmp : Match on catch block at 0xc3 in for 0x797fda3025
04-25 09:51:09.358 20112 20112 E ArmVmp : Match on catch block at 0xc3 in for 0x797fda3025
04-25 09:51:09.361 20112 20112 E ArmVmp : Match on catch block at 0xc3 in for 0x797fda3025
04-25 09:51:09.370 20112 20112 E ArmVmp : Match on catch block at 0xc3 in for 0x797fda3025
04-25 09:51:09.373 20112 20112 E ArmVmp : Match on catch block at 0xc3 in for 0x797fda3025
04-25 09:51:09.381 20112 20112 E ArmVmp : Match on catch block at 0xc3 in for 0x797fda3025
04-25 09:51:09.384 20112 20112 E ArmVmp : Match on catch block at 0xc3 in for 0x797fda3025
04-25 09:51:09.392 20112 20112 E ArmVmp : Match on catch block at 0xc3 in for 0x797fda3025
04-25 09:51:09.396 20112 20112 E ArmVmp : Match on catch block at 0xc3 in for 0x797fda3025
04-25 09:51:09.403 20112 20112 E ArmVmp : Match on catch block at 0xc3 in for 0x797fda3025
04-25 09:51:09.406 20112 20112 E ArmVmp : Match on catch block at 0xc3 in for 0x797fda3025
04-25 09:51:09.414 20112 20112 E ArmVmp : Match on catch block at 0xc3 in for 0x797fda3025
04-25 09:51:09.418 20112 20112 E ArmVmp : Match on catch block at 0xc3 in for 0x797fda3025
04-25 09:51:09.432 20112 20112 E ArmVmp : Match on catch block at 0xc3 in for 0x797fda3025
04-25 09:51:09.436 20112 20112 E ArmVmp : Match on catch block at 0xc3 in for 0x797fda3025
04-25 09:51:09.441 20112 20112 E ArmVmp : Match on catch block at 0xc3 in for 0x797fda3025
04-25 09:51:09.445 20112 20112 E ArmVmp : Match on catch block at 0xc3 in for 0x797fda3025
04-25 09:51:09.452 20112 20112 E ArmVmp : Match on catch block at 0xc3 in for 0x797fda3025
04-25 09:51:09.455 20112 20112 E ArmVmp : Match on catch block at 0xc3 in for 0x797fda3025
04-25 09:51:09.470 20112 20112 E ArmVmp : Match on catch block at 0xc3 in for 0x797fda3025
04-25 09:51:09.473 20112 20112 E ArmVmp : Match on catch block at 0xc3 in for 0x797fda3025
04-25 09:51:09.483 20112 20112 E ArmVmp : Match on catch block at 0xc3 in for 0x797fda3025
04-25 09:51:09.485 20112 20112 E ArmVmp : Match on catch block at 0xc3 in for 0x797fda3025
04-25 09:51:09.497 20112 20112 E ArmVmp : Match on catch block at 0xc3 in for 0x797fda3025
04-25 09:51:09.500 20112 20112 E ArmVmp : Match on catch block at 0xc3 in for 0x797fda3025
04-25 09:51:09.509 20112 20112 E ArmVmp : Match on catch block at 0xc3 in for 0x797fda3025
04-25 09:51:09.512 20112 20112 E ArmVmp : Match on catch block at 0xc3 in for 0x797fda3025
04-25 09:51:09.521 20112 20112 E ArmVmp : Match on catch block at 0xc3 in for 0x797fda3025
04-25 09:51:09.524 20112 20112 E ArmVmp : Match on catch block at 0xc3 in for 0x797fda3025
04-25 09:51:09.534 20112 20112 E ArmVmp : Match on catch block at 0xc3 in for 0x797fda3025
04-25 09:51:09.537 20112 20112 E ArmVmp : Match on catch block at 0xc3 in for 0x797fda3025
04-25 09:51:09.547 20112 20112 E ArmVmp : Match on catch block at 0xc3 in for 0x797fda3025
04-25 09:51:09.551 20112 20112 E ArmVmp : Match on catch block at 0xc3 in for 0x797fda3025
04-25 09:51:09.560 20112 20112 E ArmVmp : Match on catch block at 0xc3 in for 0x797fda3025
04-25 09:51:09.562 20112 20112 E ArmVmp : Match on catch block at 0xc3 in for 0x797fda3025
04-25 09:51:09.571 20112 20112 E ArmVmp : Match on catch block at 0xc3 in for 0x797fda3025
04-25 09:51:09.575 20112 20112 E ArmVmp : Match on catch block at 0xc3 in for 0x797fda3025
04-25 09:51:09.580 20112 20112 E ArmVmp : Match on catch block at 0xc3 in for 0x797fda3025
04-25 09:51:09.584 20112 20112 E ArmVmp : Match on catch block at 0xc3 in for 0x797fda3025
04-25 09:51:09.591 20112 20112 E ArmVmp : Match on catch block at 0xc3 in for 0x797fda3025
04-25 09:51:09.595 20112 20112 E ArmVmp : Match on catch block at 0xc3 in for 0x797fda3025
04-25 09:51:09.603 20112 20112 E ArmVmp : Match on catch block at 0xc3 in for 0x797fda3025
04-25 09:51:09.607 20112 20112 E ArmVmp : Match on catch block at 0xc3 in for 0x797fda3025
04-25 09:51:09.614 20112 20112 E ArmVmp : Match on catch block at 0xc3 in for 0x797fda3025
04-25 09:51:09.618 20112 20112 E ArmVmp : Match on catch block at 0xc3 in for 0x797fda3025
04-25 09:51:09.625 20112 20112 E ArmVmp : Match on catch block at 0xc3 in for 0x797fda3025
04-25 09:51:09.628 20112 20112 E ArmVmp : Match on catch block at 0xc3 in for 0x797fda3025
04-25 09:51:09.636 20112 20112 E ArmVmp : Match on catch block at 0xc3 in for 0x797fda3025
04-25 09:51:09.640 20112 20112 E ArmVmp : Match on catch block at 0xc3 in for 0x797fda3025
04-25 09:51:09.647 20112 20112 E ArmVmp : Match on catch block at 0xc3 in for 0x797fda3025
04-25 09:51:09.651 20112 20112 E ArmVmp : Match on catch block at 0xc3 in for 0x797fda3025
04-25 09:51:09.659 20112 20112 E ArmVmp : Match on catch block at 0xc3 in for 0x797fda3025
04-25 09:51:09.662 20112 20112 E ArmVmp : Match on catch block at 0xc3 in for 0x797fda3025
04-25 09:51:09.670 20112 20112 E ArmVmp : Match on catch block at 0xc3 in for 0x797fda3025
04-25 09:51:09.673 20112 20112 E ArmVmp : Match on catch block at 0xc3 in for 0x797fda3025
04-25 09:51:09.681 20112 20112 E ArmVmp : Match on catch block at 0xc3 in for 0x797fda3025
04-25 09:51:09.684 20112 20112 E ArmVmp : Match on catch block at 0xc3 in for 0x797fda3025
04-25 09:51:09.703 20112 20112 E ArmVmp : Match on catch block at 0xc3 in for 0x797fda3025
04-25 09:51:09.708 20112 20112 E ArmVmp : Match on catch block at 0xc3 in for 0x797fda3025
04-25 09:51:09.715 20112 20112 E ArmVmp : Match on catch block at 0xc3 in for 0x797fda3025
04-25 09:51:09.719 20112 20112 E ArmVmp : Match on catch block at 0xc3 in for 0x797fda3025
04-25 09:51:09.724 20112 20112 E ArmVmp : Match on catch block at 0xc3 in for 0x797fda3025
04-25 09:51:09.728 20112 20112 E ArmVmp : Match on catch block at 0xc3 in for 0x797fda3025
04-25 09:51:09.733 20112 20112 E ArmVmp : Match on catch block at 0xc3 in for 0x797fda3025
04-25 09:51:09.738 20112 20112 E ArmVmp : Match on catch block at 0xc3 in for 0x797fda3025
04-25 09:51:09.742 20112 20112 E ArmVmp : Match on catch block at 0xc3 in for 0x797fda3025
04-25 09:51:09.747 20112 20112 E ArmVmp : Match on catch block at 0xc3 in for 0x797fda3025
04-25 09:51:09.752 20112 20112 E ArmVmp : Match on catch block at 0xc3 in for 0x797fda3025
04-25 09:51:09.757 20112 20112 E ArmVmp : Match on catch block at 0xc3 in for 0x797fda3025
04-25 09:51:09.762 20112 20112 E ArmVmp : Match on catch block at 0xc3 in for 0x797fda3025
04-25 09:51:09.765 20112 20112 E ArmVmp : Match on catch block at 0xc3 in for 0x797fda3025
04-25 09:51:09.772 20112 20112 E ArmVmp : Match on catch block at 0xc3 in for 0x797fda3025
04-25 09:51:09.775 20112 20112 E ArmVmp : Match on catch block at 0xc3 in for 0x797fda3025
04-25 09:51:09.783 20112 20112 E ArmVmp : Match on catch block at 0xc3 in for 0x797fda3025
04-25 09:51:09.787 20112 20112 E ArmVmp : Match on catch block at 0xc3 in for 0x797fda3025
04-25 09:51:09.794 20112 20112 E ArmVmp : Match on catch block at 0xc3 in for 0x797fda3025
04-25 09:51:09.798 20112 20112 E ArmVmp : Match on catch block at 0xc3 in for 0x797fda3025
04-25 09:51:09.803 20112 20112 E ArmVmp : Match on catch block at 0xc3 in for 0x797fda3025
04-25 09:51:09.808 20112 20112 E ArmVmp : Match on catch block at 0xc3 in for 0x797fda3025
04-25 09:51:09.814 20112 20112 E ArmVmp : Match on catch block at 0xc3 in for 0x797fda3025
04-25 09:51:09.818 20112 20112 E ArmVmp : Match on catch block at 0xc3 in for 0x797fda3025
04-25 09:51:09.827 20112 20112 E ArmVmp : Match on catch block at 0xc3 in for 0x797fda3025
04-25 09:51:09.832 20112 20112 E ArmVmp : Match on catch block at 0xc3 in for 0x797fda3025
04-25 09:51:09.855 20112 20112 E ArmVmp : Match on catch block at 0xc3 in for 0x797fda3025
04-25 09:51:09.859 20112 20112 E ArmVmp : Match on catch block at 0xc3 in for 0x797fda3025
04-25 09:51:09.866 20112 20112 E ArmVmp : Match on catch block at 0xc3 in for 0x797fda3025
04-25 09:51:09.870 20112 20112 E ArmVmp : Match on catch block at 0xc3 in for 0x797fda3025
04-25 09:51:09.874 20112 20112 E ArmVmp : Match on catch block at 0xc3 in for 0x797fda3025
04-25 09:51:09.878 20112 20112 E ArmVmp : Match on catch block at 0xc3 in for 0x797fda3025
04-25 09:51:09.883 20112 20112 E ArmVmp : Match on catch block at 0xc3 in for 0x797fda3025
04-25 09:51:09.888 20112 20112 E ArmVmp : Match on catch block at 0xc3 in for 0x797fda3025
04-25 09:51:09.892 20112 20112 E ArmVmp : Match on catch block at 0xc3 in for 0x797fda3025
04-25 09:51:09.896 20112 20112 E ArmVmp : Match on catch block at 0xc3 in for 0x797fda3025
04-25 09:51:09.904 20112 20112 E ArmVmp : Match on catch block at 0xc3 in for 0x797fda3025
04-25 09:51:09.907 20112 20112 E ArmVmp : Match on catch block at 0xc3 in for 0x797fda3025
04-25 09:51:09.914 20112 20112 E ArmVmp : Match on catch block at 0xc3 in for 0x797fda3025
04-25 09:51:09.918 20112 20112 E ArmVmp : Match on catch block at 0xc3 in for 0x797fda3025
04-25 09:51:09.925 20112 20112 E ArmVmp : Match on catch block at 0xc3 in for 0x797fda3025
04-25 09:51:09.928 20112 20112 E ArmVmp : Match on catch block at 0xc3 in for 0x797fda3025
04-25 09:51:09.936 20112 20112 E ArmVmp : Match on catch block at 0xc3 in for 0x797fda3025
04-25 09:51:09.939 20112 20112 E ArmVmp : Match on catch block at 0xc3 in for 0x797fda3025
04-25 09:51:09.948 20112 20112 E ArmVmp : Match on catch block at 0xc3 in for 0x797fda3025
04-25 09:51:09.951 20112 20112 E ArmVmp : Match on catch block at 0xc3 in for 0x797fda3025
04-25 09:51:09.959 20112 20112 E ArmVmp : Match on catch block at 0xc3 in for 0x797fda3025
04-25 09:51:09.962 20112 20112 E ArmVmp : Match on catch block at 0xc3 in for 0x797fda3025
04-25 09:51:09.970 20112 20112 E ArmVmp : Match on catch block at 0xc3 in for 0x797fda3025
04-25 09:51:09.973 20112 20112 E ArmVmp : Match on catch block at 0xc3 in for 0x797fda3025
04-25 09:51:09.981 20112 20112 E ArmVmp : Match on catch block at 0xc3 in for 0x797fda3025
04-25 09:51:09.985 20112 20112 E ArmVmp : Match on catch block at 0xc3 in for 0x797fda3025
04-25 09:51:09.996 20112 20112 E ArmVmp : Match on catch block at 0xc3 in for 0x797fda3025
04-25 09:51:09.999 20112 20112 E ArmVmp : Match on catch block at 0xc3 in for 0x797fda3025
04-25 09:51:10.004 20112 20112 E ArmVmp : Match on catch block at 0xc3 in for 0x797fda3025
04-25 09:51:10.007 20112 20112 E ArmVmp : Match on catch block at 0xc3 in for 0x797fda3025
04-25 09:51:10.014 20112 20112 E ArmVmp : Match on catch block at 0xc3 in for 0x797fda3025
04-25 09:51:10.018 20112 20112 E ArmVmp : Match on catch block at 0xc3 in for 0x797fda3025
04-25 09:51:10.025 20112 20112 E ArmVmp : Match on catch block at 0xc3 in for 0x797fda3025
04-25 09:51:10.028 20112 20112 E ArmVmp : Match on catch block at 0xc3 in for 0x797fda3025
04-25 09:51:10.036 20112 20112 E ArmVmp : Match on catch block at 0xc3 in for 0x797fda3025
04-25 09:51:10.039 20112 20112 E ArmVmp : Match on catch block at 0xc3 in for 0x797fda3025
04-25 09:51:10.048 20112 20112 E ArmVmp : Match on catch block at 0xc3 in for 0x797fda3025
04-25 09:51:10.051 20112 20112 E ArmVmp : Match on catch block at 0xc3 in for 0x797fda3025
04-25 09:51:10.059 20112 20112 E ArmVmp : Match on catch block at 0xc3 in for 0x797fda3025
04-25 09:51:10.061 20112 20112 E ArmVmp : Match on catch block at 0xc3 in for 0x797fda3025
04-25 09:51:10.070 20112 20112 E ArmVmp : Match on catch block at 0xc3 in for 0x797fda3025
04-25 09:51:10.072 20112 20112 E ArmVmp : Match on catch block at 0xc3 in for 0x797fda3025
04-25 09:51:10.081 20112 20112 E ArmVmp : Match on catch block at 0xc3 in for 0x797fda3025
04-25 09:51:10.084 20112 20112 E ArmVmp : Match on catch block at 0xc3 in for 0x797fda3025
04-25 09:51:10.092 20112 20112 E ArmVmp : Match on catch block at 0xc3 in for 0x797fda3025
04-25 09:51:10.095 20112 20112 E ArmVmp : Match on catch block at 0xc3 in for 0x797fda3025
04-25 09:51:10.103 20112 20112 E ArmVmp : Match on catch block at 0xc3 in for 0x797fda3025
04-25 09:51:10.106 20112 20112 E ArmVmp : Match on catch block at 0xc3 in for 0x797fda3025
04-25 09:51:10.114 20112 20112 E ArmVmp : Match on catch block at 0xc3 in for 0x797fda3025
04-25 09:51:10.117 20112 20112 E ArmVmp : Match on catch block at 0xc3 in for 0x797fda3025
04-25 09:51:10.125 20112 20112 E ArmVmp : Match on catch block at 0xc3 in for 0x797fda3025
04-25 09:51:10.128 20112 20112 E ArmVmp : Match on catch block at 0xc3 in for 0x797fda3025
04-25 09:51:10.137 20112 20112 E ArmVmp : Match on catch block at 0xc3 in for 0x797fda3025
04-25 09:51:10.140 20112 20112 E ArmVmp : Match on catch block at 0xc3 in for 0x797fda3025
04-25 09:51:10.147 20112 20112 E ArmVmp : Match on catch block at 0xc3 in for 0x797fda3025
04-25 09:51:10.150 20112 20112 E ArmVmp : Match on catch block at 0xc3 in for 0x797fda3025
04-25 09:51:10.160 20112 20112 E ArmVmp : Match on catch block at 0xc3 in for 0x797fda3025
04-25 09:51:10.162 20112 20112 E ArmVmp : Match on catch block at 0xc3 in for 0x797fda3025
04-25 09:51:10.170 20112 20112 E ArmVmp : Match on catch block at 0xc3 in for 0x797fda3025
04-25 09:51:10.173 20112 20112 E ArmVmp : Match on catch block at 0xc3 in for 0x797fda3025
04-25 09:51:10.181 20112 20112 E ArmVmp : Match on catch block at 0xc3 in for 0x797fda3025
04-25 09:51:10.183 20112 20112 E ArmVmp : Match on catch block at 0xc3 in for 0x797fda3025
04-25 09:51:10.192 20112 20112 E ArmVmp : Match on catch block at 0xc3 in for 0x797fda3025
04-25 09:51:10.194 20112 20112 E ArmVmp : Match on catch block at 0xc3 in for 0x797fda3025
04-25 09:51:10.203 20112 20112 E ArmVmp : Match on catch block at 0xc3 in for 0x797fda3025
04-25 09:51:10.206 20112 20112 E ArmVmp : Match on catch block at 0xc3 in for 0x797fda3025
04-25 09:51:10.216 20112 20112 E ArmVmp : Match on catch block at 0xc3 in for 0x797fda3025
04-25 09:51:10.219 20112 20112 E ArmVmp : Match on catch block at 0xc3 in for 0x797fda3025
04-25 09:51:10.226 20112 20112 E ArmVmp : Match on catch block at 0xc3 in for 0x797fda3025
04-25 09:51:10.229 20112 20112 E ArmVmp : Match on catch block at 0xc3 in for 0x797fda3025
04-25 09:51:10.236 20112 20112 E ArmVmp : Match on catch block at 0xc3 in for 0x797fda3025
04-25 09:51:10.239 20112 20112 E ArmVmp : Match on catch block at 0xc3 in for 0x797fda3025
04-25 09:51:10.247 20112 20112 E ArmVmp : Match on catch block at 0xc3 in for 0x797fda3025
04-25 09:51:10.251 20112 20112 E ArmVmp : Match on catch block at 0xc3 in for 0x797fda3025
04-25 09:51:10.258 20112 20112 E ArmVmp : Match on catch block at 0xc3 in for 0x797fda3025
04-25 09:51:10.261 20112 20112 E ArmVmp : Match on catch block at 0xc3 in for 0x797fda3025
04-25 09:51:10.270 20112 20112 E ArmVmp : Match on catch block at 0xc3 in for 0x797fda3025
04-25 09:51:10.272 20112 20112 E ArmVmp : Match on catch block at 0xc3 in for 0x797fda3025
04-25 09:51:10.281 20112 20112 E ArmVmp : Match on catch block at 0xc3 in for 0x797fda3025
04-25 09:51:10.283 20112 20112 E ArmVmp : Match on catch block at 0xc3 in for 0x797fda3025
04-25 09:51:10.292 20112 20112 E ArmVmp : Match on catch block at 0xc3 in for 0x797fda3025
04-25 09:51:10.295 20112 20112 E ArmVmp : Match on catch block at 0xc3 in for 0x797fda3025
04-25 09:51:10.303 20112 20112 E ArmVmp : Match on catch block at 0xc3 in for 0x797fda3025
04-25 09:51:10.306 20112 20112 E ArmVmp : Match on catch block at 0xc3 in for 0x797fda3025
04-25 09:51:10.314 20112 20112 E ArmVmp : Match on catch block at 0xc3 in for 0x797fda3025
04-25 09:51:10.317 20112 20112 E ArmVmp : Match on catch block at 0xc3 in for 0x797fda3025
04-25 09:51:10.325 20112 20112 E ArmVmp : Match on catch block at 0xc3 in for 0x797fda3025
04-25 09:51:10.328 20112 20112 E ArmVmp : Match on catch block at 0xc3 in for 0x797fda3025
04-25 09:51:10.336 20112 20112 E ArmVmp : Match on catch block at 0xc3 in for 0x797fda3025
04-25 09:51:10.339 20112 20112 E ArmVmp : Match on catch block at 0xc3 in for 0x797fda3025
04-25 09:51:10.348 20112 20112 E ArmVmp : Match on catch block at 0xc3 in for 0x797fda3025
04-25 09:51:10.352 20112 20112 E ArmVmp : Match on catch block at 0xc3 in for 0x797fda3025
04-25 09:51:10.359 20112 20112 E ArmVmp : Match on catch block at 0xc3 in for 0x797fda3025
04-25 09:51:10.362 20112 20112 E ArmVmp : Match on catch block at 0xc3 in for 0x797fda3025
04-25 09:51:10.370 20112 20112 E ArmVmp : Match on catch block at 0xc3 in for 0x797fda3025
04-25 09:51:10.373 20112 20112 E ArmVmp : Match on catch block at 0xc3 in for 0x797fda3025
04-25 09:51:10.383 20112 20112 E ArmVmp : Match on catch block at 0xc3 in for 0x797fda3025
04-25 09:51:10.387 20112 20112 E ArmVmp : Match on catch block at 0xc3 in for 0x797fda3025
04-25 09:51:10.394 20112 20112 E ArmVmp : Match on catch block at 0xc3 in for 0x797fda3025
04-25 09:51:10.397 20112 20112 E ArmVmp : Match on catch block at 0xc3 in for 0x797fda3025
04-25 09:51:10.403 20112 20112 E ArmVmp : Match on catch block at 0xc3 in for 0x797fda3025
04-25 09:51:10.407 20112 20112 E ArmVmp : Match on catch block at 0xc3 in for 0x797fda3025
04-25 09:51:10.415 20112 20112 E ArmVmp : Match on catch block at 0xc3 in for 0x797fda3025
04-25 09:51:10.419 20112 20112 E ArmVmp : Match on catch block at 0xc3 in for 0x797fda3025
04-25 09:51:10.427 20112 20112 E ArmVmp : Match on catch block at 0xc3 in for 0x797fda3025
04-25 09:51:10.430 20112 20112 E ArmVmp : Match on catch block at 0xc3 in for 0x797fda3025
04-25 09:51:10.442 20112 20112 E ArmVmp : Match on catch block at 0xc3 in for 0x797fda3025
04-25 09:51:10.446 20112 20112 E ArmVmp : Match on catch block at 0xc3 in for 0x797fda3025
04-25 09:51:10.466 20112 20112 E ArmVmp : Match on catch block at 0xc3 in for 0x797fda3025
04-25 09:51:10.470 20112 20112 E ArmVmp : Match on catch block at 0xc3 in for 0x797fda3025
04-25 09:51:10.621 20112 20112 E ArmVmp : Match on catch block at 0xc3 in for 0x797fda3025
04-25 09:51:10.624 20112 20112 E ArmVmp : Match on catch block at 0xc3 in for 0x797fda3025
04-25 09:51:10.632 20112 20112 E ArmVmp : Match on catch block at 0xc3 in for 0x797fda3025
04-25 09:51:10.636 20112 20112 E ArmVmp : Match on catch block at 0xc3 in for 0x797fda3025
04-25 09:51:10.683 20112 20112 E ArmVmp : Match on catch block at 0xc3 in for 0x797fda3025
04-25 09:51:10.688 20112 20112 E ArmVmp : Match on catch block at 0xc3 in for 0x797fda3025
04-25 09:51:10.710 20112 20112 E ArmVmp : Match on catch block at 0xc3 in for 0x797fda3025
04-25 09:51:10.715 20112 20112 E ArmVmp : Match on catch block at 0xc3 in for 0x797fda3025
04-25 09:51:10.730 20112 20112 E ArmVmp : Match on catch block at 0xc3 in for 0x797fda3025
04-25 09:51:10.737 20112 20112 E ArmVmp : Match on catch block at 0xc3 in for 0x797fda3025
04-25 09:51:10.753 20112 20112 E ArmVmp : Match on catch block at 0xc3 in for 0x797fda3025
04-25 09:51:10.759 20112 20112 E ArmVmp : Match on catch block at 0xc3 in for 0x797fda3025
04-25 09:51:10.772 20112 20112 E ArmVmp : Match on catch block at 0xc3 in for 0x797fda3025
04-25 09:51:10.777 20112 20112 E ArmVmp : Match on catch block at 0xc3 in for 0x797fda3025
04-25 09:51:10.791 20112 20112 E ArmVmp : Match on catch block at 0xc3 in for 0x797fda3025
04-25 09:51:10.796 20112 20112 E ArmVmp : Match on catch block at 0xc3 in for 0x797fda3025
04-25 09:51:10.807 20112 20112 E ArmVmp : Match on catch block at 0xc3 in for 0x797fda3025
04-25 09:51:10.812 20112 20112 E ArmVmp : Match on catch block at 0xc3 in for 0x797fda3025
04-25 09:51:10.825 20112 20112 E ArmVmp : Match on catch block at 0xc3 in for 0x797fda3025
04-25 09:51:10.830 20112 20112 E ArmVmp : Match on catch block at 0xc3 in for 0x797fda3025
04-25 09:51:10.843 20112 20112 E ArmVmp : Match on catch block at 0xc3 in for 0x797fda3025
04-25 09:51:10.848 20112 20112 E ArmVmp : Match on catch block at 0xc3 in for 0x797fda3025
04-25 09:51:10.859 20112 20112 E ArmVmp : Match on catch block at 0xc3 in for 0x797fda3025
04-25 09:51:10.864 20112 20112 E ArmVmp : Match on catch block at 0xc3 in for 0x797fda3025
04-25 09:51:10.876 20112 20112 E ArmVmp : Match on catch block at 0xc3 in for 0x797fda3025
04-25 09:51:10.883 20112 20112 E ArmVmp : Match on catch block at 0xc3 in for 0x797fda3025
04-25 09:51:10.895 20112 20112 E ArmVmp : Match on catch block at 0xc3 in for 0x797fda3025
04-25 09:51:10.899 20112 20112 E ArmVmp : Match on catch block at 0xc3 in for 0x797fda3025
04-25 09:51:10.912 20112 20112 E ArmVmp : Match on catch block at 0xc3 in for 0x797fda3025
04-25 09:51:10.918 20112 20112 E ArmVmp : Match on catch block at 0xc3 in for 0x797fda3025
04-25 09:51:10.929 20112 20112 E ArmVmp : Match on catch block at 0xc3 in for 0x797fda3025
04-25 09:51:10.934 20112 20112 E ArmVmp : Match on catch block at 0xc3 in for 0x797fda3025
04-25 09:51:10.945 20112 20112 E ArmVmp : Match on catch block at 0xc3 in for 0x797fda3025
04-25 09:51:10.950 20112 20112 E ArmVmp : Match on catch block at 0xc3 in for 0x797fda3025
04-25 09:51:10.962 20112 20112 E ArmVmp : Match on catch block at 0xc3 in for 0x797fda3025
04-25 09:51:10.968 20112 20112 E ArmVmp : Match on catch block at 0xc3 in for 0x797fda3025
04-25 09:51:10.980 20112 20112 E ArmVmp : Match on catch block at 0xc3 in for 0x797fda3025
04-25 09:51:10.984 20112 20112 E ArmVmp : Match on catch block at 0xc3 in for 0x797fda3025
04-25 09:51:10.998 20112 20112 E ArmVmp : Match on catch block at 0xc3 in for 0x797fda3025
04-25 09:51:11.004 20112 20112 E ArmVmp : Match on catch block at 0xc3 in for 0x797fda3025
04-25 09:51:11.009 20112 20112 E ArmVmp : Match on catch block at 0xc3 in for 0x797fda3025
04-25 09:51:11.013 20112 20112 E ArmVmp : Match on catch block at 0xc3 in for 0x797fda3025
04-25 09:51:11.018 20112 20112 E ArmVmp : Match on catch block at 0xc3 in for 0x797fda3025
04-25 09:51:11.023 20112 20112 E ArmVmp : Match on catch block at 0xc3 in for 0x797fda3025
04-25 09:51:11.031 20112 20112 E ArmVmp : Match on catch block at 0xc3 in for 0x797fda3025
04-25 09:51:11.035 20112 20112 E ArmVmp : Match on catch block at 0xc3 in for 0x797fda3025
04-25 09:51:11.042 20112 20112 E ArmVmp : Match on catch block at 0xc3 in for 0x797fda3025
04-25 09:51:11.046 20112 20112 E ArmVmp : Match on catch block at 0xc3 in for 0x797fda3025
04-25 09:51:11.051 20112 20112 E ArmVmp : Match on catch block at 0xc3 in for 0x797fda3025
04-25 09:51:11.054 20112 20112 E ArmVmp : Match on catch block at 0xc3 in for 0x797fda3025
04-25 09:51:11.061 20112 20112 E ArmVmp : Match on catch block at 0xc3 in for 0x797fda3025
04-25 09:51:11.066 20112 20112 E ArmVmp : Match on catch block at 0xc3 in for 0x797fda3025
04-25 09:51:11.072 20112 20112 E ArmVmp : Match on catch block at 0xc3 in for 0x797fda3025
04-25 09:51:11.076 20112 20112 E ArmVmp : Match on catch block at 0xc3 in for 0x797fda3025
04-25 09:51:11.083 20112 20112 E ArmVmp : Match on catch block at 0xc3 in for 0x797fda3025
04-25 09:51:11.088 20112 20112 E ArmVmp : Match on catch block at 0xc3 in for 0x797fda3025
04-25 09:51:11.093 20112 20112 E ArmVmp : Match on catch block at 0xc3 in for 0x797fda3025
04-25 09:51:11.098 20112 20112 E ArmVmp : Match on catch block at 0xc3 in for 0x797fda3025
04-25 09:51:11.105 20112 20112 E ArmVmp : Match on catch block at 0xc3 in for 0x797fda3025
04-25 09:51:11.108 20112 20112 E ArmVmp : Match on catch block at 0xc3 in for 0x797fda3025
04-25 09:51:11.116 20112 20112 E ArmVmp : Match on catch block at 0xc3 in for 0x797fda3025
04-25 09:51:11.121 20112 20112 E ArmVmp : Match on catch block at 0xc3 in for 0x797fda3025
04-25 09:51:11.126 20112 20112 E ArmVmp : Match on catch block at 0xc3 in for 0x797fda3025
04-25 09:51:11.130 20112 20112 E ArmVmp : Match on catch block at 0xc3 in for 0x797fda3025
04-25 09:51:11.151 20112 20112 E ArmVmp : Match on catch block at 0xc3 in for 0x797fda3025
04-25 09:51:11.155 20112 20112 E ArmVmp : Match on catch block at 0xc3 in for 0x797fda3025
04-25 09:51:13.439 20112 20112 W Choreographer: Frame time is 0.134867 now = 752305869705609 timestampNanos = 752305869840476 ms in the future! Check that graphics HAL is generating vsync timestamps using the correct timebase.
04-25 09:51:13.799 20112 20112 W OnBackInvokedCallback: OnBackInvokedCallback is not enabled for the application.
04-25 09:51:13.799 20112 20112 W OnBackInvokedCallback: Set 'android:enableOnBackInvokedCallback="true"' in the application manifest.
04-25 09:51:14.138 20112 20255 W RenderInspector: QueueBuffer time out on com.mbwhatsapp/com.mbwhatsapp.HomeActivity, count=1, avg=19 ms, max=19 ms.
04-25 09:51:15.206 20112 20112 W Choreographer: Frame time is 0.100867 now = 752307637603456 timestampNanos = 752307637704323 ms in the future! Check that graphics HAL is generating vsync timestamps using the correct timebase.
04-25 09:51:17.334 20112 20112 W Choreographer: Frame time is 0.056608 now = 752309764704379 timestampNanos = 752309764760987 ms in the future! Check that graphics HAL is generating vsync timestamps using the correct timebase.
04-25 09:51:17.372 20112 20112 W Choreographer: Frame time is 0.163401 now = 752309802930917 timestampNanos = 752309803094318 ms in the future! Check that graphics HAL is generating vsync timestamps using the correct timebase.
04-25 09:51:17.385 20112 20112 W Choreographer: Frame time is 0.196639 now = 752309815675456 timestampNanos = 752309815872095 ms in the future! Check that graphics HAL is generating vsync timestamps using the correct timebase.
04-25 09:51:17.410 20112 20112 W Choreographer: Frame time is 0.155501 now = 752309841272148 timestampNanos = 752309841427649 ms in the future! Check that graphics HAL is generating vsync timestamps using the correct timebase.
04-25 09:51:17.423 20112 20112 W Choreographer: Frame time is 0.17174 now = 752309854033686 timestampNanos = 752309854205426 ms in the future! Check that graphics HAL is generating vsync timestamps using the correct timebase.
04-25 09:51:17.436 20112 20112 W Choreographer: Frame time is 0.169955 now = 752309866824994 timestampNanos = 752309866994949 ms in the future! Check that graphics HAL is generating vsync timestamps using the correct timebase.
04-25 09:51:18.202 20112 20112 E ArmVmp : Match on catch block at 0x0a in for 0x797fda3031
04-25 09:51:18.222 20112 20112 E ArmVmp : Match on catch block at 0x0a in for 0x797fda304d
04-25 09:51:18.264 20112 20112 W Activity: Can request only one set of permissions at a time
04-25 09:51:18.376 20112 20112 E ActivityImpl: get life cycle exception
04-25 09:51:18.376 20112 20112 E ActivityImpl: java.lang.ClassCastException: android.os.BinderProxy cannot be cast to android.app.servertransaction.ClientTransaction
04-25 09:51:18.376 20112 20112 E ActivityImpl: at android.app.ActivityImpl.checkAccessControl(ActivityImpl.java:63)
04-25 09:51:18.376 20112 20112 E ActivityImpl: at android.app.ActivityImpl.onResume(ActivityImpl.java:139)
04-25 09:51:18.376 20112 20112 E ActivityImpl: at android.app.Activity.onResume(Activity.java:2104)
04-25 09:51:18.376 20112 20112 E ActivityImpl: at X.03u.onResume(Unknown Source:3)
04-25 09:51:18.376 20112 20112 E ActivityImpl: at X.4fW.onResume(Unknown Source:0)
04-25 09:51:18.376 20112 20112 E ActivityImpl: at X.4fV.onResume(Unknown Source:0)
04-25 09:51:18.376 20112 20112 E ActivityImpl: at X.4fS.onResume(Unknown Source:0)
04-25 09:51:18.376 20112 20112 E ActivityImpl: at X.4fQ.onResume(Unknown Source:0)
04-25 09:51:18.376 20112 20112 E ActivityImpl: at X.4bS.onResume(Unknown Source:0)
04-25 09:51:18.376 20112 20112 E ActivityImpl: at com.mbwhatsapp.HomeActivity.onResume(Unknown Source:30)
04-25 09:51:18.376 20112 20112 E ActivityImpl: at android.app.Instrumentation.callActivityOnResume(Instrumentation.java:1584)
04-25 09:51:18.376 20112 20112 E ActivityImpl: at android.app.Activity.performResume(Activity.java:8697)
04-25 09:51:18.376 20112 20112 E ActivityImpl: at android.app.ActivityThread.performResumeActivity(ActivityThread.java:5041)
04-25 09:51:18.376 20112 20112 E ActivityImpl: at android.app.ActivityThread.handleResumeActivity(ActivityThread.java:5085)
04-25 09:51:18.376 20112 20112 E ActivityImpl: at android.app.servertransaction.ResumeActivityItem.execute(ResumeActivityItem.java:54 )
04-25 09:51:18.376 20112 20112 E ActivityImpl: at android.app.servertransaction.ActivityTransactionItem.execute(ActivityTransactionIt em.java:45)
04-25 09:51:18.376 20112 20112 E ActivityImpl: at android.app.servertransaction.TransactionExecutor.executeLifecycleState(Transaction Executor.java:176)
04-25 09:51:18.376 20112 20112 E ActivityImpl: at android.app.servertransaction.TransactionExecutor.execute(TransactionExecutor.java: 97)
04-25 09:51:18.376 20112 20112 E ActivityImpl: at android.app.ClientTransactionHandler.executeTransaction(ClientTransactionHandler.ja va:64)
04-25 09:51:18.376 20112 20112 E ActivityImpl: at android.app.ActivityThread.handleRelaunchActivityLocally(ActivityThread.java:6005)
04-25 09:51:18.376 20112 20112 E ActivityImpl: at android.app.ActivityThread$H.handleMessage(ActivityThread.java:2450)
04-25 09:51:18.376 20112 20112 E ActivityImpl: at android.os.Handler.dispatchMessage(Handler.java:106)
04-25 09:51:18.376 20112 20112 E ActivityImpl: at android.os.Looper.loopOnce(Looper.java:211)
04-25 09:51:18.376 20112 20112 E ActivityImpl: at android.os.Looper.loop(Looper.java:300)
04-25 09:51:18.376 20112 20112 E ActivityImpl: at android.app.ActivityThread.main(ActivityThread.java:8315)
04-25 09:51:18.376 20112 20112 E ActivityImpl: at java.lang.reflect.Method.invoke(Native Method)
04-25 09:51:18.376 20112 20112 E ActivityImpl: at com.android.internal.os.RuntimeInit$MethodAndArgsCaller.run(RuntimeInit.java:581)
04-25 09:51:18.376 20112 20112 E ActivityImpl: at com.android.internal.os.ZygoteInit.main(ZygoteInit.java:1028)
04-25 09:51:18.823 20112 20112 W Looper : PerfMonitor doFrame : time=432ms vsyncFrame=0 latency=442ms procState=-1 historyMsgCount=10 (msgIndex=10 wall=432ms seq=7491 late=11ms h=android.app.ActivityThread$H w=160)
04-25 09:51:18.827 20112 20112 W Looper : PerfMonitor looperActivity : package=com.mbwhatsapp/.HomeActivity time=0ms latency=593ms procState=-1 historyMsgCount=14 (msgIndex=1 wall=432ms seq=7491 late=11ms h=android.app.ActivityThread$H w=160) (msgIndex=2 wall=432ms seq=7492 late=442ms h=android.view.Choreographer$FrameHandler c=android.view.Choreographer$FrameDisplayEventReceiver)
04-25 09:51:18.842 20112 20112 W Looper : PerfMonitor looperActivity : package=com.mbwhatsapp/.HomeActivity time=15ms latency=593ms procState=-1 historyMsgCount=15 (msgIndex=1 wall=432ms seq=7491 late=11ms h=android.app.ActivityThread$H w=160) (msgIndex=2 wall=432ms seq=7492 late=442ms h=android.view.Choreographer$FrameHandler c=android.view.Choreographer$FrameDisplayEventReceiver)
04-25 09:51:18.990 20112 20112 W Looper : PerfMonitor doFrame : time=126ms vsyncFrame=0 latency=468ms procState=-1 historyMsgCount=56 (msgIndex=1 wall=432ms seq=7492 late=442ms h=android.view.Choreographer$FrameHandler c=android.view.Choreographer$FrameDisplayEventReceiver)
04-25 09:51:19.002 20112 20112 E ArmVmp : Match on catch block at 0x0a in for 0x797fda3035
04-25 09:51:19.080 20112 20112 W VRI[HomeActivity]: Dropping event (no window focus):KeyEvent { action=ACTION_DOWN, keyCode=KEYCODE_BACK, scanCode=0, metaState=0, flags=0x48, repeatCount=0, eventTime=752311422000000, downTime=752311422000000, deviceId=-1, source=0x101, displayId=-1 }
04-25 09:51:19.084 20112 20112 W VRI[HomeActivity]: Cancelling event (no window focus):KeyEvent { action=ACTION_UP, keyCode=KEYCODE_BACK, scanCode=0, metaState=0, flags=0x68, repeatCount=0, eventTime=752311422000000, downTime=752311422000000, deviceId=-1, source=0x101, displayId=-1 }
04-25 09:51:19.084 20112 20112 W VRI[HomeActivity]: Cancelling event (no window focus):KeyEvent { action=ACTION_UP, keyCode=KEYCODE_BACK, scanCode=0, metaState=0, flags=0x68, repeatCount=0, eventTime=752311422000000, downTime=752311422000000, deviceId=-1, source=0x101, displayId=-1 }
