04-25 10:07:54.207 20112 28413 W BufferQueueProducer: [SurfaceTexture-0-20112-7] (id:4e9000000089,api:3,p:20112,c:20112) detachBuffer: slot 37 is not owned by the producer (state = FREE)
04-25 10:07:54.207 20112 28413 W BufferQueueProducer: [SurfaceTexture-0-20112-7] (id:4e9000000089,api:3,p:20112,c:20112) detachBuffer: slot 38 is not owned by the producer (state = FREE)
04-25 10:07:54.207 20112 28413 W BufferQueueProducer: [SurfaceTexture-0-20112-7] (id:4e9000000089,api:3,p:20112,c:20112) detachBuffer: slot 39 is not owned by the producer (state = FREE)
04-25 10:07:54.207 20112 28413 W BufferQueueProducer: [SurfaceTexture-0-20112-7] (id:4e9000000089,api:3,p:20112,c:20112) detachBuffer: slot 40 is not owned by the producer (state = FREE)
04-25 10:07:54.207 20112 28413 W BufferQueueProducer: [SurfaceTexture-0-20112-7] (id:4e9000000089,api:3,p:20112,c:20112) detachBuffer: slot 41 is not owned by the producer (state = FREE)
04-25 10:07:54.207 20112 28413 W BufferQueueProducer: [SurfaceTexture-0-20112-7] (id:4e9000000089,api:3,p:20112,c:20112) detachBuffer: slot 42 is not owned by the producer (state = FREE)
04-25 10:07:54.207 20112 28413 W BufferQueueProducer: [SurfaceTexture-0-20112-7] (id:4e9000000089,api:3,p:20112,c:20112) detachBuffer: slot 43 is not owned by the producer (state = FREE)
04-25 10:07:54.208 20112 28413 W BufferQueueProducer: [SurfaceTexture-0-20112-7] (id:4e9000000089,api:3,p:20112,c:20112) detachBuffer: slot 44 is not owned by the producer (state = FREE)
04-25 10:07:54.208 20112 28413 W BufferQueueProducer: [SurfaceTexture-0-20112-7] (id:4e9000000089,api:3,p:20112,c:20112) detachBuffer: slot 45 is not owned by the producer (state = FREE)
04-25 10:07:54.208 20112 28413 W BufferQueueProducer: [SurfaceTexture-0-20112-7] (id:4e9000000089,api:3,p:20112,c:20112) detachBuffer: slot 46 is not owned by the producer (state = FREE)
04-25 10:07:54.208 20112 28413 W BufferQueueProducer: [SurfaceTexture-0-20112-7] (id:4e9000000089,api:3,p:20112,c:20112) detachBuffer: slot 47 is not owned by the producer (state = FREE)
04-25 10:07:54.208 20112 28413 W BufferQueueProducer: [SurfaceTexture-0-20112-7] (id:4e9000000089,api:3,p:20112,c:20112) detachBuffer: slot 48 is not owned by the producer (state = FREE)
04-25 10:07:54.208 20112 28413 W BufferQueueProducer: [SurfaceTexture-0-20112-7] (id:4e9000000089,api:3,p:20112,c:20112) detachBuffer: slot 49 is not owned by the producer (state = FREE)
04-25 10:07:54.208 20112 28413 W BufferQueueProducer: [SurfaceTexture-0-20112-7] (id:4e9000000089,api:3,p:20112,c:20112) detachBuffer: slot 50 is not owned by the producer (state = FREE)
04-25 10:07:54.208 20112 28413 W BufferQueueProducer: [SurfaceTexture-0-20112-7] (id:4e9000000089,api:3,p:20112,c:20112) detachBuffer: slot 51 is not owned by the producer (state = FREE)
04-25 10:07:54.208 20112 28413 W BufferQueueProducer: [SurfaceTexture-0-20112-7] (id:4e9000000089,api:3,p:20112,c:20112) detachBuffer: slot 52 is not owned by the producer (state = FREE)
04-25 10:07:54.208 20112 28413 W BufferQueueProducer: [SurfaceTexture-0-20112-7] (id:4e9000000089,api:3,p:20112,c:20112) detachBuffer: slot 53 is not owned by the producer (state = FREE)
04-25 10:07:54.208 20112 28413 W BufferQueueProducer: [SurfaceTexture-0-20112-7] (id:4e9000000089,api:3,p:20112,c:20112) detachBuffer: slot 54 is not owned by the producer (state = FREE)
04-25 10:07:54.209 20112 28413 W BufferQueueProducer: [SurfaceTexture-0-20112-7] (id:4e9000000089,api:3,p:20112,c:20112) detachBuffer: slot 55 is not owned by the producer (state = FREE)
04-25 10:07:54.209 20112 28413 W BufferQueueProducer: [SurfaceTexture-0-20112-7] (id:4e9000000089,api:3,p:20112,c:20112) detachBuffer: slot 56 is not owned by the producer (state = FREE)
04-25 10:07:54.209 20112 28413 W BufferQueueProducer: [SurfaceTexture-0-20112-7] (id:4e9000000089,api:3,p:20112,c:20112) detachBuffer: slot 57 is not owned by the producer (state = FREE)
04-25 10:07:54.209 20112 28413 W BufferQueueProducer: [SurfaceTexture-0-20112-7] (id:4e9000000089,api:3,p:20112,c:20112) detachBuffer: slot 58 is not owned by the producer (state = FREE)
04-25 10:07:54.209 20112 28413 W BufferQueueProducer: [SurfaceTexture-0-20112-7] (id:4e9000000089,api:3,p:20112,c:20112) detachBuffer: slot 59 is not owned by the producer (state = FREE)
04-25 10:07:54.210 20112 28413 W BufferQueueProducer: [SurfaceTexture-0-20112-7] (id:4e9000000089,api:3,p:20112,c:20112) detachBuffer: slot 60 is not owned by the producer (state = FREE)
04-25 10:07:54.210 20112 28413 W BufferQueueProducer: [SurfaceTexture-0-20112-7] (id:4e9000000089,api:3,p:20112,c:20112) detachBuffer: slot 61 is not owned by the producer (state = FREE)
04-25 10:07:54.210 20112 28413 W BufferQueueProducer: [SurfaceTexture-0-20112-7] (id:4e9000000089,api:3,p:20112,c:20112) detachBuffer: slot 62 is not owned by the producer (state = FREE)
04-25 10:07:54.210 20112 28413 W BufferQueueProducer: [SurfaceTexture-0-20112-7] (id:4e9000000089,api:3,p:20112,c:20112) detachBuffer: slot 63 is not owned by the producer (state = FREE)
04-25 10:07:54.232 20112 28507 W BufferQueueProducer: [MediaCodec.release] (id:4e900000008a,api:3,p:20112,c:20112) detachBuffer: slot 12 is not owned by the producer (state = FREE)
04-25 10:07:54.232 20112 28507 W BufferQueueProducer: [MediaCodec.release] (id:4e900000008a,api:3,p:20112,c:20112) detachBuffer: slot 13 is not owned by the producer (state = FREE)
04-25 10:07:54.232 20112 28507 W BufferQueueProducer: [MediaCodec.release] (id:4e900000008a,api:3,p:20112,c:20112) detachBuffer: slot 14 is not owned by the producer (state = FREE)
04-25 10:07:54.233 20112 28507 W BufferQueueProducer: [MediaCodec.release] (id:4e900000008a,api:3,p:20112,c:20112) detachBuffer: slot 15 is not owned by the producer (state = FREE)
04-25 10:07:54.233 20112 28507 W BufferQueueProducer: [MediaCodec.release] (id:4e900000008a,api:3,p:20112,c:20112) detachBuffer: slot 16 is not owned by the producer (state = FREE)
04-25 10:07:54.233 20112 28507 W BufferQueueProducer: [MediaCodec.release] (id:4e900000008a,api:3,p:20112,c:20112) detachBuffer: slot 17 is not owned by the producer (state = FREE)
04-25 10:07:54.233 20112 28507 W BufferQueueProducer: [MediaCodec.release] (id:4e900000008a,api:3,p:20112,c:20112) detachBuffer: slot 18 is not owned by the producer (state = FREE)
04-25 10:07:54.234 20112 28507 W BufferQueueProducer: [MediaCodec.release] (id:4e900000008a,api:3,p:20112,c:20112) detachBuffer: slot 19 is not owned by the producer (state = FREE)
04-25 10:07:54.234 20112 28507 W BufferQueueProducer: [MediaCodec.release] (id:4e900000008a,api:3,p:20112,c:20112) detachBuffer: slot 20 is not owned by the producer (state = FREE)
04-25 10:07:54.234 20112 28507 W BufferQueueProducer: [MediaCodec.release] (id:4e900000008a,api:3,p:20112,c:20112) detachBuffer: slot 21 is not owned by the producer (state = FREE)
04-25 10:07:54.234 20112 28507 W BufferQueueProducer: [MediaCodec.release] (id:4e900000008a,api:3,p:20112,c:20112) detachBuffer: slot 22 is not owned by the producer (state = FREE)
04-25 10:07:54.234 20112 28507 W BufferQueueProducer: [MediaCodec.release] (id:4e900000008a,api:3,p:20112,c:20112) detachBuffer: slot 23 is not owned by the producer (state = FREE)
04-25 10:07:54.235 20112 28507 W BufferQueueProducer: [MediaCodec.release] (id:4e900000008a,api:3,p:20112,c:20112) detachBuffer: slot 24 is not owned by the producer (state = FREE)
04-25 10:07:54.235 20112 28507 W BufferQueueProducer: [MediaCodec.release] (id:4e900000008a,api:3,p:20112,c:20112) detachBuffer: slot 25 is not owned by the producer (state = FREE)
04-25 10:07:54.235 20112 28507 W BufferQueueProducer: [MediaCodec.release] (id:4e900000008a,api:3,p:20112,c:20112) detachBuffer: slot 26 is not owned by the producer (state = FREE)
04-25 10:07:54.235 20112 28507 W BufferQueueProducer: [MediaCodec.release] (id:4e900000008a,api:3,p:20112,c:20112) detachBuffer: slot 27 is not owned by the producer (state = FREE)
04-25 10:07:54.235 20112 28507 W BufferQueueProducer: [MediaCodec.release] (id:4e900000008a,api:3,p:20112,c:20112) detachBuffer: slot 28 is not owned by the producer (state = FREE)
04-25 10:07:54.235 20112 28507 W BufferQueueProducer: [MediaCodec.release] (id:4e900000008a,api:3,p:20112,c:20112) detachBuffer: slot 29 is not owned by the producer (state = FREE)
04-25 10:07:54.235 20112 28507 W BufferQueueProducer: [MediaCodec.release] (id:4e900000008a,api:3,p:20112,c:20112) detachBuffer: slot 30 is not owned by the producer (state = FREE)
04-25 10:07:54.236 20112 28507 W BufferQueueProducer: [MediaCodec.release] (id:4e900000008a,api:3,p:20112,c:20112) detachBuffer: slot 31 is not owned by the producer (state = FREE)
04-25 10:07:54.236 20112 28507 W BufferQueueProducer: [MediaCodec.release] (id:4e900000008a,api:3,p:20112,c:20112) detachBuffer: slot 32 is not owned by the producer (state = FREE)
04-25 10:07:54.236 20112 28507 W BufferQueueProducer: [MediaCodec.release] (id:4e900000008a,api:3,p:20112,c:20112) detachBuffer: slot 33 is not owned by the producer (state = FREE)
04-25 10:07:54.236 20112 28507 W BufferQueueProducer: [MediaCodec.release] (id:4e900000008a,api:3,p:20112,c:20112) detachBuffer: slot 34 is not owned by the producer (state = FREE)
04-25 10:07:54.236 20112 28507 W BufferQueueProducer: [MediaCodec.release] (id:4e900000008a,api:3,p:20112,c:20112) detachBuffer: slot 35 is not owned by the producer (state = FREE)
04-25 10:07:54.236 20112 28507 W BufferQueueProducer: [MediaCodec.release] (id:4e900000008a,api:3,p:20112,c:20112) detachBuffer: slot 36 is not owned by the producer (state = FREE)
04-25 10:07:54.237 20112 28507 W BufferQueueProducer: [MediaCodec.release] (id:4e900000008a,api:3,p:20112,c:20112) detachBuffer: slot 37 is not owned by the producer (state = FREE)
04-25 10:07:54.237 20112 28507 W BufferQueueProducer: [MediaCodec.release] (id:4e900000008a,api:3,p:20112,c:20112) detachBuffer: slot 38 is not owned by the producer (state = FREE)
04-25 10:07:54.237 20112 28507 W BufferQueueProducer: [MediaCodec.release] (id:4e900000008a,api:3,p:20112,c:20112) detachBuffer: slot 39 is not owned by the producer (state = FREE)
04-25 10:07:54.237 20112 28507 W BufferQueueProducer: [MediaCodec.release] (id:4e900000008a,api:3,p:20112,c:20112) detachBuffer: slot 40 is not owned by the producer (state = FREE)
04-25 10:07:54.237 20112 28507 W BufferQueueProducer: [MediaCodec.release] (id:4e900000008a,api:3,p:20112,c:20112) detachBuffer: slot 41 is not owned by the producer (state = FREE)
04-25 10:07:54.238 20112 28507 W BufferQueueProducer: [MediaCodec.release] (id:4e900000008a,api:3,p:20112,c:20112) detachBuffer: slot 42 is not owned by the producer (state = FREE)
04-25 10:07:54.238 20112 28507 W BufferQueueProducer: [MediaCodec.release] (id:4e900000008a,api:3,p:20112,c:20112) detachBuffer: slot 43 is not owned by the producer (state = FREE)
04-25 10:07:54.238 20112 28507 W BufferQueueProducer: [MediaCodec.release] (id:4e900000008a,api:3,p:20112,c:20112) detachBuffer: slot 44 is not owned by the producer (state = FREE)
04-25 10:07:54.238 20112 28507 W BufferQueueProducer: [MediaCodec.release] (id:4e900000008a,api:3,p:20112,c:20112) detachBuffer: slot 45 is not owned by the producer (state = FREE)
04-25 10:07:54.238 20112 28507 W BufferQueueProducer: [MediaCodec.release] (id:4e900000008a,api:3,p:20112,c:20112) detachBuffer: slot 46 is not owned by the producer (state = FREE)
04-25 10:07:54.238 20112 28507 W BufferQueueProducer: [MediaCodec.release] (id:4e900000008a,api:3,p:20112,c:20112) detachBuffer: slot 47 is not owned by the producer (state = FREE)
04-25 10:07:54.239 20112 28507 W BufferQueueProducer: [MediaCodec.release] (id:4e900000008a,api:3,p:20112,c:20112) detachBuffer: slot 48 is not owned by the producer (state = FREE)
04-25 10:07:54.239 20112 28507 W BufferQueueProducer: [MediaCodec.release] (id:4e900000008a,api:3,p:20112,c:20112) detachBuffer: slot 49 is not owned by the producer (state = FREE)
04-25 10:07:54.239 20112 28507 W BufferQueueProducer: [MediaCodec.release] (id:4e900000008a,api:3,p:20112,c:20112) detachBuffer: slot 50 is not owned by the producer (state = FREE)
04-25 10:07:54.239 20112 28507 W BufferQueueProducer: [MediaCodec.release] (id:4e900000008a,api:3,p:20112,c:20112) detachBuffer: slot 51 is not owned by the producer (state = FREE)
04-25 10:07:54.239 20112 28507 W BufferQueueProducer: [MediaCodec.release] (id:4e900000008a,api:3,p:20112,c:20112) detachBuffer: slot 52 is not owned by the producer (state = FREE)
04-25 10:07:54.239 20112 28507 W BufferQueueProducer: [MediaCodec.release] (id:4e900000008a,api:3,p:20112,c:20112) detachBuffer: slot 53 is not owned by the producer (state = FREE)
04-25 10:07:54.239 20112 28507 W BufferQueueProducer: [MediaCodec.release] (id:4e900000008a,api:3,p:20112,c:20112) detachBuffer: slot 54 is not owned by the producer (state = FREE)
04-25 10:07:54.240 20112 28507 W BufferQueueProducer: [MediaCodec.release] (id:4e900000008a,api:3,p:20112,c:20112) detachBuffer: slot 55 is not owned by the producer (state = FREE)
04-25 10:07:54.240 20112 28507 W BufferQueueProducer: [MediaCodec.release] (id:4e900000008a,api:3,p:20112,c:20112) detachBuffer: slot 56 is not owned by the producer (state = FREE)
04-25 10:07:54.240 20112 28507 W BufferQueueProducer: [MediaCodec.release] (id:4e900000008a,api:3,p:20112,c:20112) detachBuffer: slot 57 is not owned by the producer (state = FREE)
04-25 10:07:54.240 20112 28507 W BufferQueueProducer: [MediaCodec.release] (id:4e900000008a,api:3,p:20112,c:20112) detachBuffer: slot 58 is not owned by the producer (state = FREE)
04-25 10:07:54.240 20112 28507 W BufferQueueProducer: [MediaCodec.release] (id:4e900000008a,api:3,p:20112,c:20112) detachBuffer: slot 59 is not owned by the producer (state = FREE)
04-25 10:07:54.240 20112 28507 W BufferQueueProducer: [MediaCodec.release] (id:4e900000008a,api:3,p:20112,c:20112) detachBuffer: slot 60 is not owned by the producer (state = FREE)
04-25 10:07:54.241 20112 28507 W BufferQueueProducer: [MediaCodec.release] (id:4e900000008a,api:3,p:20112,c:20112) detachBuffer: slot 61 is not owned by the producer (state = FREE)
04-25 10:07:54.241 20112 28507 W BufferQueueProducer: [MediaCodec.release] (id:4e900000008a,api:3,p:20112,c:20112) detachBuffer: slot 62 is not owned by the producer (state = FREE)
04-25 10:07:54.242 20112 28507 W BufferQueueProducer: [MediaCodec.release] (id:4e900000008a,api:3,p:20112,c:20112) detachBuffer: slot 63 is not owned by the producer (state = FREE)
04-25 10:07:54.246 20112 28413 E send_data_to_xlog: send_video_play_to_xlog, start
04-25 10:07:54.246 20112 28413 E xlog_client: xlog_open: Error in open xlog
04-25 10:07:54.246 20112 28413 E xlog_client: xlog open fail
04-25 10:07:54.249 20112 22650 E BufferQueueProducer: [MediaCodec.release] (id:4e900000008a,api:0,p:-1,c:20112) cancelBuffer: BufferQueue has no connected producer
04-25 10:07:54.250 20112 22650 E BufferQueueProducer: [MediaCodec.release] (id:4e900000008a,api:0,p:-1,c:20112) cancelBuffer: BufferQueue has no connected producer
04-25 10:07:54.250 20112 22650 E BufferQueueProducer: [MediaCodec.release] (id:4e900000008a,api:0,p:-1,c:20112) cancelBuffer: BufferQueue has no connected producer
04-25 10:07:54.251 20112 22650 E BufferQueueProducer: [MediaCodec.release] (id:4e900000008a,api:0,p:-1,c:20112) cancelBuffer: BufferQueue has no connected producer
04-25 10:07:54.251 20112 22650 E BufferQueueProducer: [MediaCodec.release] (id:4e900000008a,api:0,p:-1,c:20112) cancelBuffer: BufferQueue has no connected producer
04-25 10:07:54.251 20112 22650 E BufferQueueProducer: [MediaCodec.release] (id:4e900000008a,api:0,p:-1,c:20112) cancelBuffer: BufferQueue has no connected producer
04-25 10:07:54.252 20112 22650 E BufferQueueProducer: [MediaCodec.release] (id:4e900000008a,api:0,p:-1,c:20112) cancelBuffer: BufferQueue has no connected producer
04-25 10:07:54.252 20112 22650 E BufferQueueProducer: [MediaCodec.release] (id:4e900000008a,api:0,p:-1,c:20112) cancelBuffer: BufferQueue has no connected producer
04-25 10:07:54.252 20112 22650 E BufferQueueProducer: [MediaCodec.release] (id:4e900000008a,api:0,p:-1,c:20112) cancelBuffer: BufferQueue has no connected producer
04-25 10:07:54.252 20112 22650 E BufferQueueProducer: [MediaCodec.release] (id:4e900000008a,api:0,p:-1,c:20112) cancelBuffer: BufferQueue has no connected producer
04-25 10:07:54.253 20112 22650 E BufferQueueProducer: [MediaCodec.release] (id:4e900000008a,api:0,p:-1,c:20112) cancelBuffer: BufferQueue has no connected producer
04-25 10:07:54.253 20112 22650 E BufferQueueProducer: [MediaCodec.release] (id:4e900000008a,api:0,p:-1,c:20112) cancelBuffer: BufferQueue has no connected producer
04-25 10:07:56.068 20112 20255 W Parcel : Expecting binder but got null!
04-25 10:07:56.106 20112 20112 W BottomSheetBehavior: BottomSheetBehavior now supports multiple callbacks. `setBottomSheetCallback()` removes all existing callbacks, including ones set internally by library authors, which may result in unintended behavior. This may change in the future. Please use `addBottomSheetCallback()` and `removeBottomSheetCallback()` instead to set your own callbacks.
04-25 10:07:56.106 20112 20112 W BottomSheetBehavior: BottomSheetBehavior now supports multiple callbacks. `setBottomSheetCallback()` removes all existing callbacks, including ones set internally by library authors, which may result in unintended behavior. This may change in the future. Please use `addBottomSheetCallback()` and `removeBottomSheetCallback()` instead to set your own callbacks.
04-25 10:07:56.126 20112 20112 W BottomSheetBehavior: BottomSheetBehavior now supports multiple callbacks. `setBottomSheetCallback()` removes all existing callbacks, including ones set internally by library authors, which may result in unintended behavior. This may change in the future. Please use `addBottomSheetCallback()` and `removeBottomSheetCallback()` instead to set your own callbacks.
04-25 10:07:56.126 20112 20112 W BottomSheetBehavior: BottomSheetBehavior now supports multiple callbacks. `setBottomSheetCallback()` removes all existing callbacks, including ones set internally by library authors, which may result in unintended behavior. This may change in the future. Please use `addBottomSheetCallback()` and `removeBottomSheetCallback()` instead to set your own callbacks.
04-25 10:07:56.143 20112 20112 W BottomSheetBehavior: BottomSheetBehavior now supports multiple callbacks. `setBottomSheetCallback()` removes all existing callbacks, including ones set internally by library authors, which may result in unintended behavior. This may change in the future. Please use `addBottomSheetCallback()` and `removeBottomSheetCallback()` instead to set your own callbacks.
04-25 10:07:56.143 20112 20112 W BottomSheetBehavior: BottomSheetBehavior now supports multiple callbacks. `setBottomSheetCallback()` removes all existing callbacks, including ones set internally by library authors, which may result in unintended behavior. This may change in the future. Please use `addBottomSheetCallback()` and `removeBottomSheetCallback()` instead to set your own callbacks.
04-25 10:07:56.163 20112 20112 E RecyclerView: No adapter attached; skipping layout
04-25 10:07:56.165 20112 20112 E RecyclerView: No adapter attached; skipping layout
04-25 10:07:56.166 20112 20112 E RecyclerView: No adapter attached; skipping layout
04-25 10:08:08.056 20112 20255 W Parcel : Expecting binder but got null!
04-25 10:08:08.097 20112 20112 W BottomSheetBehavior: BottomSheetBehavior now supports multiple callbacks. `setBottomSheetCallback()` removes all existing callbacks, including ones set internally by library authors, which may result in unintended behavior. This may change in the future. Please use `addBottomSheetCallback()` and `removeBottomSheetCallback()` instead to set your own callbacks.
04-25 10:08:08.097 20112 20112 W BottomSheetBehavior: BottomSheetBehavior now supports multiple callbacks. `setBottomSheetCallback()` removes all existing callbacks, including ones set internally by library authors, which may result in unintended behavior. This may change in the future. Please use `addBottomSheetCallback()` and `removeBottomSheetCallback()` instead to set your own callbacks.
04-25 10:08:08.136 20112 20112 W BottomSheetBehavior: BottomSheetBehavior now supports multiple callbacks. `setBottomSheetCallback()` removes all existing callbacks, including ones set internally by library authors, which may result in unintended behavior. This may change in the future. Please use `addBottomSheetCallback()` and `removeBottomSheetCallback()` instead to set your own callbacks.
04-25 10:08:08.136 20112 20112 W BottomSheetBehavior: BottomSheetBehavior now supports multiple callbacks. `setBottomSheetCallback()` removes all existing callbacks, including ones set internally by library authors, which may result in unintended behavior. This may change in the future. Please use `addBottomSheetCallback()` and `removeBottomSheetCallback()` instead to set your own callbacks.
04-25 10:08:08.160 20112 20112 W BottomSheetBehavior: BottomSheetBehavior now supports multiple callbacks. `setBottomSheetCallback()` removes all existing callbacks, including ones set internally by library authors, which may result in unintended behavior. This may change in the future. Please use `addBottomSheetCallback()` and `removeBottomSheetCallback()` instead to set your own callbacks.
04-25 10:08:08.160 20112 20112 W BottomSheetBehavior: BottomSheetBehavior now supports multiple callbacks. `setBottomSheetCallback()` removes all existing callbacks, including ones set internally by library authors, which may result in unintended behavior. This may change in the future. Please use `addBottomSheetCallback()` and `removeBottomSheetCallback()` instead to set your own callbacks.
04-25 10:08:08.185 20112 20112 E RecyclerView: No adapter attached; skipping layout
04-25 10:08:08.188 20112 20112 E RecyclerView: No adapter attached; skipping layout
04-25 10:08:08.311 20112 20209 E SQLiteDatabase: Error inserting transferred=0 media_job_uuid=66683a38-6cf0-40ac-9c28-ec8091bbeec8 transcoded=0 gif_attribution=0 first_scan_length=0 direct_path=/v/t62.7161- 24/31566074_7192829377493454_8861144318928342597_n.enc?ccb=11- 4&oh=01_Q5AaIEffqQvVb1oeCnHuV0vb0xXFE0C4NQNERH02tPqcyDp_&oe=66508F41&_nc_sid=5e03e0 thumbnail_height_width_ratio=0.0 is_animated_sticker=0 file_hash=nxUFhCjxgDuK6NXP3pVhEYMtDhyxR6Yv06X3u8ky+A4= file_path=null file_size=0 partial_media_hash=null face_x=0 face_y=0 height=656 trim_to=0 media_key_timestamp=1713977796000 message_url=https://mmg.whatsapp.net/v/t62.7161- 24/31566074_7192829377493454_8861144318928342597_n.enc?ccb=11- 4&oh=01_Q5AaIEffqQvVb1oeCnHuV0vb0xXFE0C4NQNERH02tPqcyDp_&oe=66508F41&_nc_sid=5e03e0 &mms3=true media_caption=null trim_from=0 mime_type=video/mp4 partial_media_enc_hash=null width=384 original_file_hash=null has_streaming_sidecar=1 autotransfer_retry_enabled=1 media_upload_handle=null message_row_id=171 multicast_id=null enc_file_hash=8sgmAVcT79TzcADImpfPhBLYQeBNUb/jbWxmkfkNXgg= mute_video=0 page_count=0 first_scan_sidecar=null suspicious_content=0 file_length=5200924 media_name=null media_duration=30 chat_row_id=25 media_key=[B@225405b
04-25 10:08:08.311 20112 20209 E SQLiteDatabase: android.database.sqlite.SQLiteConstraintException: UNIQUE constraint failed: message_media.message_row_id (code 1555 SQLITE_CONSTRAINT_PRIMARYKEY)
04-25 10:08:08.311 20112 20209 E SQLiteDatabase: at android.database.sqlite.SQLiteConnection.nativeExecuteForLastInsertedRowId(Native Method)
04-25 10:08:08.311 20112 20209 E SQLiteDatabase: at android.database.sqlite.SQLiteConnection.executeForLastInsertedRowId(SQLiteConnecti on.java:961)
04-25 10:08:08.311 20112 20209 E SQLiteDatabase: at android.database.sqlite.SQLiteSession.executeForLastInsertedRowId(SQLiteSession.jav a:790)
04-25 10:08:08.311 20112 20209 E SQLiteDatabase: at android.database.sqlite.SQLiteStatement.executeInsert(SQLiteStatement.java:89)
04-25 10:08:08.311 20112 20209 E SQLiteDatabase: at android.database.sqlite.SQLiteDatabase.insertWithOnConflict(SQLiteDatabase.java:186 8)
04-25 10:08:08.311 20112 20209 E SQLiteDatabase: at android.database.sqlite.SQLiteDatabase.insert(SQLiteDatabase.java:1737)
04-25 10:08:08.311 20112 20209 E SQLiteDatabase: at X.2tm.A08(Unknown Source:6)
04-25 10:08:08.311 20112 20209 E SQLiteDatabase: at X.35Y.A07(Unknown Source:212)
04-25 10:08:08.311 20112 20209 E SQLiteDatabase: at X.3QF.A14(Unknown Source:470)
04-25 10:08:08.311 20112 20209 E SQLiteDatabase: at X.3gU.run(Unknown Source:982)
04-25 10:08:08.311 20112 20209 E SQLiteDatabase: at android.os.Handler.handleCallback(Handler.java:942)
04-25 10:08:08.311 20112 20209 E SQLiteDatabase: at android.os.Handler.dispatchMessage(Handler.java:99)
04-25 10:08:08.311 20112 20209 E SQLiteDatabase: at X.0zq.dispatchMessage(Unknown Source:4)
04-25 10:08:08.311 20112 20209 E SQLiteDatabase: at android.os.Looper.loopOnce(Looper.java:211)
04-25 10:08:08.311 20112 20209 E SQLiteDatabase: at android.os.Looper.loop(Looper.java:300)
04-25 10:08:08.311 20112 20209 E SQLiteDatabase: at android.os.HandlerThread.run(HandlerThread.java:67)
04-25 10:08:08.326 20112 28596 W ColorUtils: expected specified color aspects (2:0:0:0)
04-25 10:08:08.339 20112 28596 W Codec2Client: query -- param skipped: index = 1107298332.
04-25 10:08:08.339 20112 28596 W CCodec : This behavior is subject to change. It is recommended that app developers double check whether the requested max input size is in reasonable range.
04-25 10:08:08.349 20112 28596 W Codec2Client: query -- param skipped: index = 1342179345.
04-25 10:08:08.349 20112 28596 W Codec2Client: query -- param skipped: index = 2415921170.
04-25 10:08:08.349 20112 28596 W Codec2Client: query -- param skipped: index = 1610614798.
04-25 10:08:08.432 20112 20555 W BpBinder: Slow Binder: BpBinder transact took 229 ms, interface=android.media.IMediaMetadataRetriever, code=5 oneway=false
04-25 10:08:08.502 20112 28611 W Codec2Client: query -- param skipped: index = 1107298332.
04-25 10:08:08.502 20112 28611 W CCodec : This behavior is subject to change. It is recommended that app developers double check whether the requested max input size is in reasonable range.
04-25 10:08:08.507 20112 28611 W Codec2Client: query -- param skipped: index = 1342179345.
04-25 10:08:08.508 20112 28611 W Codec2Client: query -- param skipped: index = 2415921170.
04-25 10:08:08.508 20112 28611 W Codec2Client: query -- param skipped: index = 1610614798.
04-25 10:08:08.604 20112 28584 W libc : Access denied finding property "vendor.audio.cpu.sched"
04-25 10:08:08.604 20112 28584 W libc : Access denied finding property "vendor.audio.rt.mode"
04-25 10:08:08.666 20112 20112 W RenderThread: type=1400 audit(0.0:591350): avc: denied { getattr } for name="dmabuf:" dev="dmabuf" ino=1 scontext=u:r:untrusted_app:s0:c89,c257,c512,c768 tcontext=u:object_r:unlabeled:s0 tclass=filesystem permissive=0 app=com.mbwhatsapp
04-25 10:08:08.673 20112 20255 E com.mbwhatsapp: == MALI DEBUG ===eglp_winsys_populate_image_templates ==12288
04-25 10:08:08.762 20112 28595 W MediaCodec: [mId: 28] video-debug onReleaseOutputBuffer: Render time interval reaches 126ms before pts: 100000
04-25 10:08:08.806 20112 20255 E com.mbwhatsapp: == MALI DEBUG ===eglp_winsys_populate_image_templates ==12288
04-25 10:08:08.802 20112 20112 W RenderThread: type=1400 audit(0.0:591353): avc: denied { getattr } for name="dmabuf:" dev="dmabuf" ino=1 scontext=u:r:untrusted_app:s0:c89,c257,c512,c768 tcontext=u:object_r:unlabeled:s0 tclass=filesystem permissive=0 app=com.mbwhatsapp
04-25 10:08:08.838 20112 20112 W RenderThread: type=1400 audit(0.0:591354): avc: denied { getattr } for name="dmabuf:" dev="dmabuf" ino=1 scontext=u:r:untrusted_app:s0:c89,c257,c512,c768 tcontext=u:object_r:unlabeled:s0 tclass=filesystem permissive=0 app=com.mbwhatsapp
04-25 10:08:08.844 20112 20255 E com.mbwhatsapp: == MALI DEBUG ===eglp_winsys_populate_image_templates ==12288
04-25 10:08:08.875 20112 20255 E com.mbwhatsapp: == MALI DEBUG ===eglp_winsys_populate_image_templates ==12288
04-25 10:08:08.897 20112 20255 E com.mbwhatsapp: == MALI DEBUG ===eglp_winsys_populate_image_templates ==12288
04-25 10:08:08.931 20112 20255 E com.mbwhatsapp: == MALI DEBUG ===eglp_winsys_populate_image_templates ==12288
04-25 10:08:08.975 20112 20255 E com.mbwhatsapp: == MALI DEBUG ===eglp_winsys_populate_image_templates ==12288
04-25 10:08:09.008 20112 20255 E com.mbwhatsapp: == MALI DEBUG ===eglp_winsys_populate_image_templates ==12288
04-25 10:08:09.031 20112 20255 E com.mbwhatsapp: == MALI DEBUG ===eglp_winsys_populate_image_templates ==12288
04-25 10:08:09.076 20112 20255 E com.mbwhatsapp: == MALI DEBUG ===eglp_winsys_populate_image_templates ==12288
04-25 10:08:09.108 20112 20255 E com.mbwhatsapp: == MALI DEBUG ===eglp_winsys_populate_image_templates ==12288
04-25 10:08:09.131 20112 20255 E com.mbwhatsapp: == MALI DEBUG ===eglp_winsys_populate_image_templates ==12288
04-25 10:08:09.175 20112 20255 E com.mbwhatsapp: == MALI DEBUG ===eglp_winsys_populate_image_templates ==12288
04-25 10:08:09.209 20112 20255 E com.mbwhatsapp: == MALI DEBUG ===eglp_winsys_populate_image_templates ==12288
04-25 10:08:09.231 20112 20255 E com.mbwhatsapp: == MALI DEBUG ===eglp_winsys_populate_image_templates ==12288
04-25 10:08:09.264 20112 20255 E com.mbwhatsapp: == MALI DEBUG ===eglp_winsys_populate_image_templates ==12288
04-25 10:08:09.308 20112 20255 E com.mbwhatsapp: == MALI DEBUG ===eglp_winsys_populate_image_templates ==12288
04-25 10:08:09.342 20112 20255 E com.mbwhatsapp: == MALI DEBUG ===eglp_winsys_populate_image_templates ==12288
04-25 10:08:09.364 20112 20255 E com.mbwhatsapp: == MALI DEBUG ===eglp_winsys_populate_image_templates ==12288
04-25 10:08:09.409 20112 20255 E com.mbwhatsapp: == MALI DEBUG ===eglp_winsys_populate_image_templates ==12288
04-25 10:08:09.442 20112 20255 E com.mbwhatsapp: == MALI DEBUG ===eglp_winsys_populate_image_templates ==12288
04-25 10:08:09.465 20112 20255 E com.mbwhatsapp: == MALI DEBUG ===eglp_winsys_populate_image_templates ==12288
04-25 10:08:09.508 20112 20255 E com.mbwhatsapp: == MALI DEBUG ===eglp_winsys_populate_image_templates ==12288
04-25 10:08:09.543 20112 20255 E com.mbwhatsapp: == MALI DEBUG ===eglp_winsys_populate_image_templates ==12288
04-25 10:08:10.970 20112 28595 W Codec2Client: query -- param skipped: index = 1342179345.
04-25 10:08:10.970 20112 28595 W Codec2Client: query -- param skipped: index = 2415921170.
04-25 10:08:10.970 20112 28595 W Codec2Client: query -- param skipped: index = 1610614798.
04-25 10:08:10.974 20112 28611 W Codec2Client: query -- param skipped: index = 1342179345.
04-25 10:08:10.974 20112 28611 W Codec2Client: query -- param skipped: index = 2415921170.
04-25 10:08:10.974 20112 28611 W Codec2Client: query -- param skipped: index = 1610614798.
04-25 10:08:10.981 20112 28595 W BufferQueueProducer: [SurfaceTexture-0-20112-8] (id:4e900000008d,api:3,p:20112,c:20112) detachBuffer: slot 0 is not owned by the producer (state = FREE)
04-25 10:08:10.981 20112 28595 W BufferQueueProducer: [SurfaceTexture-0-20112-8] (id:4e900000008d,api:3,p:20112,c:20112) detachBuffer: slot 1 is not owned by the producer (state = FREE)
04-25 10:08:10.981 20112 28595 W BufferQueueProducer: [SurfaceTexture-0-20112-8] (id:4e900000008d,api:3,p:20112,c:20112) detachBuffer: slot 2 is not owned by the producer (state = FREE)
04-25 10:08:10.981 20112 28595 W BufferQueueProducer: [SurfaceTexture-0-20112-8] (id:4e900000008d,api:3,p:20112,c:20112) detachBuffer: slot 3 is not owned by the producer (state = FREE)
04-25 10:08:10.982 20112 28595 W BufferQueueProducer: [SurfaceTexture-0-20112-8] (id:4e900000008d,api:3,p:20112,c:20112) detachBuffer: slot 7 is not owned by the producer (state = FREE)
04-25 10:08:10.982 20112 28595 W BufferQueueProducer: [SurfaceTexture-0-20112-8] (id:4e900000008d,api:3,p:20112,c:20112) detachBuffer: slot 11 is not owned by the producer (state = ACQUIRED)
04-25 10:08:10.983 20112 28595 W BufferQueueProducer: [SurfaceTexture-0-20112-8] (id:4e900000008d,api:3,p:20112,c:20112) detachBuffer: slot 21 is not owned by the producer (state = FREE)
04-25 10:08:10.984 20112 28595 W BufferQueueProducer: [SurfaceTexture-0-20112-8] (id:4e900000008d,api:3,p:20112,c:20112) detachBuffer: slot 23 is not owned by the producer (state = FREE)
04-25 10:08:10.984 20112 28595 W BufferQueueProducer: [SurfaceTexture-0-20112-8] (id:4e900000008d,api:3,p:20112,c:20112) detachBuffer: slot 24 is not owned by the producer (state = FREE)
04-25 10:08:10.984 20112 28595 W BufferQueueProducer: [SurfaceTexture-0-20112-8] (id:4e900000008d,api:3,p:20112,c:20112) detachBuffer: slot 25 is not owned by the producer (state = FREE)
04-25 10:08:10.984 20112 28595 W BufferQueueProducer: [SurfaceTexture-0-20112-8] (id:4e900000008d,api:3,p:20112,c:20112) detachBuffer: slot 26 is not owned by the producer (state = FREE)
04-25 10:08:10.984 20112 28595 W BufferQueueProducer: [SurfaceTexture-0-20112-8] (id:4e900000008d,api:3,p:20112,c:20112) detachBuffer: slot 27 is not owned by the producer (state = FREE)
04-25 10:08:10.984 20112 28595 W BufferQueueProducer: [SurfaceTexture-0-20112-8] (id:4e900000008d,api:3,p:20112,c:20112) detachBuffer: slot 28 is not owned by the producer (state = FREE)
04-25 10:08:10.985 20112 28595 W BufferQueueProducer: [SurfaceTexture-0-20112-8] (id:4e900000008d,api:3,p:20112,c:20112) detachBuffer: slot 29 is not owned by the producer (state = FREE)
04-25 10:08:10.985 20112 28595 W BufferQueueProducer: [SurfaceTexture-0-20112-8] (id:4e900000008d,api:3,p:20112,c:20112) detachBuffer: slot 30 is not owned by the producer (state = FREE)
04-25 10:08:10.985 20112 28595 W BufferQueueProducer: [SurfaceTexture-0-20112-8] (id:4e900000008d,api:3,p:20112,c:20112) detachBuffer: slot 31 is not owned by the producer (state = FREE)
04-25 10:08:10.985 20112 28595 W BufferQueueProducer: [SurfaceTexture-0-20112-8] (id:4e900000008d,api:3,p:20112,c:20112) detachBuffer: slot 32 is not owned by the producer (state = FREE)
04-25 10:08:10.985 20112 28595 W BufferQueueProducer: [SurfaceTexture-0-20112-8] (id:4e900000008d,api:3,p:20112,c:20112) detachBuffer: slot 33 is not owned by the producer (state = FREE)
04-25 10:08:10.985 20112 28595 W BufferQueueProducer: [SurfaceTexture-0-20112-8] (id:4e900000008d,api:3,p:20112,c:20112) detachBuffer: slot 34 is not owned by the producer (state = FREE)
04-25 10:08:10.985 20112 28595 W BufferQueueProducer: [SurfaceTexture-0-20112-8] (id:4e900000008d,api:3,p:20112,c:20112) detachBuffer: slot 35 is not owned by the producer (state = FREE)
04-25 10:08:10.985 20112 28595 W BufferQueueProducer: [SurfaceTexture-0-20112-8] (id:4e900000008d,api:3,p:20112,c:20112) detachBuffer: slot 36 is not owned by the producer (state = FREE)
04-25 10:08:10.985 20112 28595 W BufferQueueProducer: [SurfaceTexture-0-20112-8] (id:4e900000008d,api:3,p:20112,c:20112) detachBuffer: slot 37 is not owned by the producer (state = FREE)
04-25 10:08:10.986 20112 28595 W BufferQueueProducer: [SurfaceTexture-0-20112-8] (id:4e900000008d,api:3,p:20112,c:20112) detachBuffer: slot 38 is not owned by the producer (state = FREE)
04-25 10:08:10.986 20112 28595 W BufferQueueProducer: [SurfaceTexture-0-20112-8] (id:4e900000008d,api:3,p:20112,c:20112) detachBuffer: slot 39 is not owned by the producer (state = FREE)
04-25 10:08:10.986 20112 28595 W BufferQueueProducer: [SurfaceTexture-0-20112-8] (id:4e900000008d,api:3,p:20112,c:20112) detachBuffer: slot 40 is not owned by the producer (state = FREE)
04-25 10:08:10.986 20112 28595 W BufferQueueProducer: [SurfaceTexture-0-20112-8] (id:4e900000008d,api:3,p:20112,c:20112) detachBuffer: slot 41 is not owned by the producer (state = FREE)
04-25 10:08:10.986 20112 28595 W BufferQueueProducer: [SurfaceTexture-0-20112-8] (id:4e900000008d,api:3,p:20112,c:20112) detachBuffer: slot 42 is not owned by the producer (state = FREE)
04-25 10:08:10.986 20112 28595 W BufferQueueProducer: [SurfaceTexture-0-20112-8] (id:4e900000008d,api:3,p:20112,c:20112) detachBuffer: slot 43 is not owned by the producer (state = FREE)
04-25 10:08:10.986 20112 28595 W BufferQueueProducer: [SurfaceTexture-0-20112-8] (id:4e900000008d,api:3,p:20112,c:20112) detachBuffer: slot 44 is not owned by the producer (state = FREE)
04-25 10:08:10.986 20112 28595 W BufferQueueProducer: [SurfaceTexture-0-20112-8] (id:4e900000008d,api:3,p:20112,c:20112) detachBuffer: slot 45 is not owned by the producer (state = FREE)
04-25 10:08:10.986 20112 28595 W BufferQueueProducer: [SurfaceTexture-0-20112-8] (id:4e900000008d,api:3,p:20112,c:20112) detachBuffer: slot 46 is not owned by the producer (state = FREE)
04-25 10:08:10.987 20112 28595 W BufferQueueProducer: [SurfaceTexture-0-20112-8] (id:4e900000008d,api:3,p:20112,c:20112) detachBuffer: slot 47 is not owned by the producer (state = FREE)
04-25 10:08:10.987 20112 28595 W BufferQueueProducer: [SurfaceTexture-0-20112-8] (id:4e900000008d,api:3,p:20112,c:20112) detachBuffer: slot 48 is not owned by the producer (state = FREE)
04-25 10:08:10.987 20112 28595 W BufferQueueProducer: [SurfaceTexture-0-20112-8] (id:4e900000008d,api:3,p:20112,c:20112) detachBuffer: slot 49 is not owned by the producer (state = FREE)
04-25 10:08:10.987 20112 28595 W BufferQueueProducer: [SurfaceTexture-0-20112-8] (id:4e900000008d,api:3,p:20112,c:20112) detachBuffer: slot 50 is not owned by the producer (state = FREE)
04-25 10:08:10.987 20112 28595 W BufferQueueProducer: [SurfaceTexture-0-20112-8] (id:4e900000008d,api:3,p:20112,c:20112) detachBuffer: slot 51 is not owned by the producer (state = FREE)
04-25 10:08:10.987 20112 28595 W BufferQueueProducer: [SurfaceTexture-0-20112-8] (id:4e900000008d,api:3,p:20112,c:20112) detachBuffer: slot 52 is not owned by the producer (state = FREE)
04-25 10:08:10.987 20112 28595 W BufferQueueProducer: [SurfaceTexture-0-20112-8] (id:4e900000008d,api:3,p:20112,c:20112) detachBuffer: slot 53 is not owned by the producer (state = FREE)
04-25 10:08:10.987 20112 28595 W BufferQueueProducer: [SurfaceTexture-0-20112-8] (id:4e900000008d,api:3,p:20112,c:20112) detachBuffer: slot 54 is not owned by the producer (state = FREE)
04-25 10:08:10.988 20112 28595 W BufferQueueProducer: [SurfaceTexture-0-20112-8] (id:4e900000008d,api:3,p:20112,c:20112) detachBuffer: slot 55 is not owned by the producer (state = FREE)
04-25 10:08:10.988 20112 28595 W BufferQueueProducer: [SurfaceTexture-0-20112-8] (id:4e900000008d,api:3,p:20112,c:20112) detachBuffer: slot 56 is not owned by the producer (state = FREE)
04-25 10:08:10.988 20112 28595 W BufferQueueProducer: [SurfaceTexture-0-20112-8] (id:4e900000008d,api:3,p:20112,c:20112) detachBuffer: slot 57 is not owned by the producer (state = FREE)
04-25 10:08:10.988 20112 28595 W BufferQueueProducer: [SurfaceTexture-0-20112-8] (id:4e900000008d,api:3,p:20112,c:20112) detachBuffer: slot 58 is not owned by the producer (state = FREE)
04-25 10:08:10.988 20112 28595 W BufferQueueProducer: [SurfaceTexture-0-20112-8] (id:4e900000008d,api:3,p:20112,c:20112) detachBuffer: slot 59 is not owned by the producer (state = FREE)
04-25 10:08:10.988 20112 28595 W BufferQueueProducer: [SurfaceTexture-0-20112-8] (id:4e900000008d,api:3,p:20112,c:20112) detachBuffer: slot 60 is not owned by the producer (state = FREE)
04-25 10:08:10.989 20112 28595 W BufferQueueProducer: [SurfaceTexture-0-20112-8] (id:4e900000008d,api:3,p:20112,c:20112) detachBuffer: slot 61 is not owned by the producer (state = FREE)
04-25 10:08:10.989 20112 28595 W BufferQueueProducer: [SurfaceTexture-0-20112-8] (id:4e900000008d,api:3,p:20112,c:20112) detachBuffer: slot 62 is not owned by the producer (state = FREE)
04-25 10:08:10.989 20112 28595 W BufferQueueProducer: [SurfaceTexture-0-20112-8] (id:4e900000008d,api:3,p:20112,c:20112) detachBuffer: slot 63 is not owned by the producer (state = FREE)
04-25 10:08:11.027 20112 28643 W BufferQueueProducer: [MediaCodec.release] (id:4e900000008e,api:3,p:20112,c:20112) detachBuffer: slot 16 is not owned by the producer (state = FREE)
04-25 10:08:11.027 20112 28643 W BufferQueueProducer: [MediaCodec.release] (id:4e900000008e,api:3,p:20112,c:20112) detachBuffer: slot 17 is not owned by the producer (state = FREE)
04-25 10:08:11.027 20112 28643 W BufferQueueProducer: [MediaCodec.release] (id:4e900000008e,api:3,p:20112,c:20112) detachBuffer: slot 18 is not owned by the producer (state = FREE)
04-25 10:08:11.028 20112 28643 W BufferQueueProducer: [MediaCodec.release] (id:4e900000008e,api:3,p:20112,c:20112) detachBuffer: slot 19 is not owned by the producer (state = FREE)
04-25 10:08:11.028 20112 28643 W BufferQueueProducer: [MediaCodec.release] (id:4e900000008e,api:3,p:20112,c:20112) detachBuffer: slot 20 is not owned by the producer (state = FREE)
04-25 10:08:11.028 20112 28643 W BufferQueueProducer: [MediaCodec.release] (id:4e900000008e,api:3,p:20112,c:20112) detachBuffer: slot 21 is not owned by the producer (state = FREE)
04-25 10:08:11.028 20112 28643 W BufferQueueProducer: [MediaCodec.release] (id:4e900000008e,api:3,p:20112,c:20112) detachBuffer: slot 22 is not owned by the producer (state = FREE)
04-25 10:08:11.028 20112 28643 W BufferQueueProducer: [MediaCodec.release] (id:4e900000008e,api:3,p:20112,c:20112) detachBuffer: slot 23 is not owned by the producer (state = FREE)
04-25 10:08:11.028 20112 28643 W BufferQueueProducer: [MediaCodec.release] (id:4e900000008e,api:3,p:20112,c:20112) detachBuffer: slot 24 is not owned by the producer (state = FREE)
04-25 10:08:11.029 20112 28643 W BufferQueueProducer: [MediaCodec.release] (id:4e900000008e,api:3,p:20112,c:20112) detachBuffer: slot 25 is not owned by the producer (state = FREE)
04-25 10:08:11.029 20112 28643 W BufferQueueProducer: [MediaCodec.release] (id:4e900000008e,api:3,p:20112,c:20112) detachBuffer: slot 26 is not owned by the producer (state = FREE)
04-25 10:08:11.031 20112 28643 W BufferQueueProducer: [MediaCodec.release] (id:4e900000008e,api:3,p:20112,c:20112) detachBuffer: slot 27 is not owned by the producer (state = FREE)
04-25 10:08:11.031 20112 28643 W BufferQueueProducer: [MediaCodec.release] (id:4e900000008e,api:3,p:20112,c:20112) detachBuffer: slot 28 is not owned by the producer (state = FREE)
04-25 10:08:11.031 20112 28643 W BufferQueueProducer: [MediaCodec.release] (id:4e900000008e,api:3,p:20112,c:20112) detachBuffer: slot 29 is not owned by the producer (state = FREE)
04-25 10:08:11.032 20112 28643 W BufferQueueProducer: [MediaCodec.release] (id:4e900000008e,api:3,p:20112,c:20112) detachBuffer: slot 30 is not owned by the producer (state = FREE)
04-25 10:08:11.032 20112 28643 W BufferQueueProducer: [MediaCodec.release] (id:4e900000008e,api:3,p:20112,c:20112) detachBuffer: slot 31 is not owned by the producer (state = FREE)
04-25 10:08:11.032 20112 28643 W BufferQueueProducer: [MediaCodec.release] (id:4e900000008e,api:3,p:20112,c:20112) detachBuffer: slot 32 is not owned by the producer (state = FREE)
04-25 10:08:11.032 20112 28643 W BufferQueueProducer: [MediaCodec.release] (id:4e900000008e,api:3,p:20112,c:20112) detachBuffer: slot 33 is not owned by the producer (state = FREE)
04-25 10:08:11.033 20112 28643 W BufferQueueProducer: [MediaCodec.release] (id:4e900000008e,api:3,p:20112,c:20112) detachBuffer: slot 34 is not owned by the producer (state = FREE)
04-25 10:08:11.033 20112 28643 W BufferQueueProducer: [MediaCodec.release] (id:4e900000008e,api:3,p:20112,c:20112) detachBuffer: slot 35 is not owned by the producer (state = FREE)
04-25 10:08:11.033 20112 28643 W BufferQueueProducer: [MediaCodec.release] (id:4e900000008e,api:3,p:20112,c:20112) detachBuffer: slot 36 is not owned by the producer (state = FREE)
04-25 10:08:11.033 20112 28643 W BufferQueueProducer: [MediaCodec.release] (id:4e900000008e,api:3,p:20112,c:20112) detachBuffer: slot 37 is not owned by the producer (state = FREE)
04-25 10:08:11.035 20112 28643 W BufferQueueProducer: [MediaCodec.release] (id:4e900000008e,api:3,p:20112,c:20112) detachBuffer: slot 38 is not owned by the producer (state = FREE)
04-25 10:08:11.035 20112 28643 W BufferQueueProducer: [MediaCodec.release] (id:4e900000008e,api:3,p:20112,c:20112) detachBuffer: slot 39 is not owned by the producer (state = FREE)
04-25 10:08:11.035 20112 28643 W BufferQueueProducer: [MediaCodec.release] (id:4e900000008e,api:3,p:20112,c:20112) detachBuffer: slot 40 is not owned by the producer (state = FREE)
04-25 10:08:11.035 20112 28643 W BufferQueueProducer: [MediaCodec.release] (id:4e900000008e,api:3,p:20112,c:20112) detachBuffer: slot 41 is not owned by the producer (state = FREE)
04-25 10:08:11.036 20112 28643 W BufferQueueProducer: [MediaCodec.release] (id:4e900000008e,api:3,p:20112,c:20112) detachBuffer: slot 42 is not owned by the producer (state = FREE)
04-25 10:08:11.036 20112 28643 W BufferQueueProducer: [MediaCodec.release] (id:4e900000008e,api:3,p:20112,c:20112) detachBuffer: slot 43 is not owned by the producer (state = FREE)
04-25 10:08:11.036 20112 28643 W BufferQueueProducer: [MediaCodec.release] (id:4e900000008e,api:3,p:20112,c:20112) detachBuffer: slot 44 is not owned by the producer (state = FREE)
04-25 10:08:11.036 20112 28643 W BufferQueueProducer: [MediaCodec.release] (id:4e900000008e,api:3,p:20112,c:20112) detachBuffer: slot 45 is not owned by the producer (state = FREE)
04-25 10:08:11.036 20112 28643 W BufferQueueProducer: [MediaCodec.release] (id:4e900000008e,api:3,p:20112,c:20112) detachBuffer: slot 46 is not owned by the producer (state = FREE)
04-25 10:08:11.036 20112 28643 W BufferQueueProducer: [MediaCodec.release] (id:4e900000008e,api:3,p:20112,c:20112) detachBuffer: slot 47 is not owned by the producer (state = FREE)
04-25 10:08:11.037 20112 28643 W BufferQueueProducer: [MediaCodec.release] (id:4e900000008e,api:3,p:20112,c:20112) detachBuffer: slot 48 is not owned by the producer (state = FREE)
04-25 10:08:11.037 20112 28643 W BufferQueueProducer: [MediaCodec.release] (id:4e900000008e,api:3,p:20112,c:20112) detachBuffer: slot 49 is not owned by the producer (state = FREE)
04-25 10:08:11.037 20112 28643 W BufferQueueProducer: [MediaCodec.release] (id:4e900000008e,api:3,p:20112,c:20112) detachBuffer: slot 50 is not owned by the producer (state = FREE)
04-25 10:08:11.037 20112 28643 W BufferQueueProducer: [MediaCodec.release] (id:4e900000008e,api:3,p:20112,c:20112) detachBuffer: slot 51 is not owned by the producer (state = FREE)
04-25 10:08:11.037 20112 28643 W BufferQueueProducer: [MediaCodec.release] (id:4e900000008e,api:3,p:20112,c:20112) detachBuffer: slot 52 is not owned by the producer (state = FREE)
04-25 10:08:11.037 20112 28643 W BufferQueueProducer: [MediaCodec.release] (id:4e900000008e,api:3,p:20112,c:20112) detachBuffer: slot 53 is not owned by the producer (state = FREE)
04-25 10:08:11.037 20112 28643 W BufferQueueProducer: [MediaCodec.release] (id:4e900000008e,api:3,p:20112,c:20112) detachBuffer: slot 54 is not owned by the producer (state = FREE)
04-25 10:08:11.037 20112 28643 W BufferQueueProducer: [MediaCodec.release] (id:4e900000008e,api:3,p:20112,c:20112) detachBuffer: slot 55 is not owned by the producer (state = FREE)
04-25 10:08:11.037 20112 28643 W BufferQueueProducer: [MediaCodec.release] (id:4e900000008e,api:3,p:20112,c:20112) detachBuffer: slot 56 is not owned by the producer (state = FREE)
04-25 10:08:11.037 20112 28643 W BufferQueueProducer: [MediaCodec.release] (id:4e900000008e,api:3,p:20112,c:20112) detachBuffer: slot 57 is not owned by the producer (state = FREE)
04-25 10:08:11.038 20112 28643 W BufferQueueProducer: [MediaCodec.release] (id:4e900000008e,api:3,p:20112,c:20112) detachBuffer: slot 58 is not owned by the producer (state = FREE)
04-25 10:08:11.038 20112 28643 W BufferQueueProducer: [MediaCodec.release] (id:4e900000008e,api:3,p:20112,c:20112) detachBuffer: slot 59 is not owned by the producer (state = FREE)
04-25 10:08:11.038 20112 28643 W BufferQueueProducer: [MediaCodec.release] (id:4e900000008e,api:3,p:20112,c:20112) detachBuffer: slot 60 is not owned by the producer (state = FREE)
04-25 10:08:11.038 20112 28643 W BufferQueueProducer: [MediaCodec.release] (id:4e900000008e,api:3,p:20112,c:20112) detachBuffer: slot 61 is not owned by the producer (state = FREE)
04-25 10:08:11.038 20112 28643 W BufferQueueProducer: [MediaCodec.release] (id:4e900000008e,api:3,p:20112,c:20112) detachBuffer: slot 62 is not owned by the producer (state = FREE)
04-25 10:08:11.038 20112 28643 W BufferQueueProducer: [MediaCodec.release] (id:4e900000008e,api:3,p:20112,c:20112) detachBuffer: slot 63 is not owned by the producer (state = FREE)
04-25 10:08:11.052 20112 22650 E BufferQueueProducer: [MediaCodec.release] (id:4e900000008e,api:0,p:-1,c:20112) cancelBuffer: BufferQueue has no connected producer
04-25 10:08:11.054 20112 22650 E BufferQueueProducer: [MediaCodec.release] (id:4e900000008e,api:0,p:-1,c:20112) cancelBuffer: BufferQueue has no connected producer
04-25 10:08:11.055 20112 22650 E BufferQueueProducer: [MediaCodec.release] (id:4e900000008e,api:0,p:-1,c:20112) cancelBuffer: BufferQueue has no connected producer
04-25 10:08:11.055 20112 22650 E BufferQueueProducer: [MediaCodec.release] (id:4e900000008e,api:0,p:-1,c:20112) cancelBuffer: BufferQueue has no connected producer
04-25 10:08:11.056 20112 22650 E BufferQueueProducer: [MediaCodec.release] (id:4e900000008e,api:0,p:-1,c:20112) cancelBuffer: BufferQueue has no connected producer
04-25 10:08:11.057 20112 22650 E BufferQueueProducer: [MediaCodec.release] (id:4e900000008e,api:0,p:-1,c:20112) cancelBuffer: BufferQueue has no connected producer
04-25 10:08:11.058 20112 22650 E BufferQueueProducer: [MediaCodec.release] (id:4e900000008e,api:0,p:-1,c:20112) cancelBuffer: BufferQueue has no connected producer
04-25 10:08:11.058 20112 22650 E BufferQueueProducer: [MediaCodec.release] (id:4e900000008e,api:0,p:-1,c:20112) cancelBuffer: BufferQueue has no connected producer
