04-25 09:57:39.923 20112 20112 E ArmVmp : Match on catch block at 0xc3 in for 0x797fda3025
04-25 09:57:39.930 20112 20112 E ArmVmp : Match on catch block at 0xc3 in for 0x797fda3025
04-25 09:57:39.935 20112 20112 E ArmVmp : Match on catch block at 0xc3 in for 0x797fda3025
04-25 09:57:39.943 20112 20112 E ArmVmp : Match on catch block at 0xc3 in for 0x797fda3025
04-25 09:57:39.946 20112 20112 E ArmVmp : Match on catch block at 0xc3 in for 0x797fda3025
04-25 09:57:39.952 20112 20112 E ArmVmp : Match on catch block at 0xc3 in for 0x797fda3025
04-25 09:57:39.956 20112 20112 E ArmVmp : Match on catch block at 0xc3 in for 0x797fda3025
04-25 09:57:39.963 20112 20112 E ArmVmp : Match on catch block at 0xc3 in for 0x797fda3025
04-25 09:57:39.967 20112 20112 E ArmVmp : Match on catch block at 0xc3 in for 0x797fda3025
04-25 09:57:39.973 20112 20112 E ArmVmp : Match on catch block at 0xc3 in for 0x797fda3025
04-25 09:57:39.977 20112 20112 E ArmVmp : Match on catch block at 0xc3 in for 0x797fda3025
04-25 09:57:39.985 20112 20112 E ArmVmp : Match on catch block at 0xc3 in for 0x797fda3025
04-25 09:57:39.988 20112 20112 E ArmVmp : Match on catch block at 0xc3 in for 0x797fda3025
04-25 09:57:39.994 20112 20112 E ArmVmp : Match on catch block at 0xc3 in for 0x797fda3025
04-25 09:57:39.998 20112 20112 E ArmVmp : Match on catch block at 0xc3 in for 0x797fda3025
04-25 09:57:40.006 20112 20112 E ArmVmp : Match on catch block at 0xc3 in for 0x797fda3025
04-25 09:57:40.009 20112 20112 E ArmVmp : Match on catch block at 0xc3 in for 0x797fda3025
04-25 09:57:40.017 20112 20112 E ArmVmp : Match on catch block at 0xc3 in for 0x797fda3025
04-25 09:57:40.020 20112 20112 E ArmVmp : Match on catch block at 0xc3 in for 0x797fda3025
04-25 09:57:40.028 20112 20112 E ArmVmp : Match on catch block at 0xc3 in for 0x797fda3025
04-25 09:57:40.031 20112 20112 E ArmVmp : Match on catch block at 0xc3 in for 0x797fda3025
04-25 09:57:40.038 20112 20112 E ArmVmp : Match on catch block at 0xc3 in for 0x797fda3025
04-25 09:57:40.042 20112 20112 E ArmVmp : Match on catch block at 0xc3 in for 0x797fda3025
04-25 09:57:40.049 20112 20112 E ArmVmp : Match on catch block at 0xc3 in for 0x797fda3025
04-25 09:57:40.053 20112 20112 E ArmVmp : Match on catch block at 0xc3 in for 0x797fda3025
04-25 09:57:40.061 20112 20112 E ArmVmp : Match on catch block at 0xc3 in for 0x797fda3025
04-25 09:57:40.064 20112 20112 E ArmVmp : Match on catch block at 0xc3 in for 0x797fda3025
04-25 09:57:40.072 20112 20112 E ArmVmp : Match on catch block at 0xc3 in for 0x797fda3025
04-25 09:57:40.075 20112 20112 E ArmVmp : Match on catch block at 0xc3 in for 0x797fda3025
04-25 09:57:40.083 20112 20112 E ArmVmp : Match on catch block at 0xc3 in for 0x797fda3025
04-25 09:57:40.087 20112 20112 E ArmVmp : Match on catch block at 0xc3 in for 0x797fda3025
04-25 09:57:40.094 20112 20112 E ArmVmp : Match on catch block at 0xc3 in for 0x797fda3025
04-25 09:57:40.097 20112 20112 E ArmVmp : Match on catch block at 0xc3 in for 0x797fda3025
04-25 09:57:40.105 20112 20112 E ArmVmp : Match on catch block at 0xc3 in for 0x797fda3025
04-25 09:57:40.109 20112 20112 E ArmVmp : Match on catch block at 0xc3 in for 0x797fda3025
04-25 09:57:40.284 20112 20112 E ArmVmp : Match on catch block at 0xc3 in for 0x797fda3025
04-25 09:57:40.289 20112 20112 E ArmVmp : Match on catch block at 0xc3 in for 0x797fda3025
04-25 09:57:40.785 20112 20112 E ArmVmp : Match on catch block at 0xc3 in for 0x797fda3025
04-25 09:57:40.789 20112 20112 E ArmVmp : Match on catch block at 0xc3 in for 0x797fda3025
04-25 09:57:41.285 20112 20112 E ArmVmp : Match on catch block at 0xc3 in for 0x797fda3025
04-25 09:57:41.289 20112 20112 E ArmVmp : Match on catch block at 0xc3 in for 0x797fda3025
04-25 09:57:41.786 20112 20112 E ArmVmp : Match on catch block at 0xc3 in for 0x797fda3025
04-25 09:57:41.790 20112 20112 E ArmVmp : Match on catch block at 0xc3 in for 0x797fda3025
04-25 09:57:42.287 20112 20112 E ArmVmp : Match on catch block at 0xc3 in for 0x797fda3025
04-25 09:57:42.292 20112 20112 E ArmVmp : Match on catch block at 0xc3 in for 0x797fda3025
04-25 09:57:42.788 20112 20112 E ArmVmp : Match on catch block at 0xc3 in for 0x797fda3025
04-25 09:57:42.792 20112 20112 E ArmVmp : Match on catch block at 0xc3 in for 0x797fda3025
04-25 09:57:43.288 20112 20112 E ArmVmp : Match on catch block at 0xc3 in for 0x797fda3025
04-25 09:57:43.292 20112 20112 E ArmVmp : Match on catch block at 0xc3 in for 0x797fda3025
04-25 09:57:43.789 20112 20112 E ArmVmp : Match on catch block at 0xc3 in for 0x797fda3025
04-25 09:57:43.794 20112 20112 E ArmVmp : Match on catch block at 0xc3 in for 0x797fda3025
04-25 09:57:44.155 20112 20112 E ArmVmp : Match on catch block at 0xc3 in for 0x797fda3025
04-25 09:57:44.157 20112 20112 E ArmVmp : Match on catch block at 0xc3 in for 0x797fda3025
04-25 09:57:44.166 20112 20112 E ArmVmp : Match on catch block at 0xc3 in for 0x797fda3025
04-25 09:57:44.168 20112 20112 E ArmVmp : Match on catch block at 0xc3 in for 0x797fda3025
04-25 09:57:44.177 20112 20112 E ArmVmp : Match on catch block at 0xc3 in for 0x797fda3025
04-25 09:57:44.180 20112 20112 E ArmVmp : Match on catch block at 0xc3 in for 0x797fda3025
04-25 09:57:44.190 20112 20112 E ArmVmp : Match on catch block at 0xc3 in for 0x797fda3025
04-25 09:57:44.192 20112 20112 E ArmVmp : Match on catch block at 0xc3 in for 0x797fda3025
04-25 09:57:44.199 20112 20112 E ArmVmp : Match on catch block at 0xc3 in for 0x797fda3025
04-25 09:57:44.202 20112 20112 E ArmVmp : Match on catch block at 0xc3 in for 0x797fda3025
04-25 09:57:44.211 20112 20112 E ArmVmp : Match on catch block at 0xc3 in for 0x797fda3025
04-25 09:57:44.213 20112 20112 E ArmVmp : Match on catch block at 0xc3 in for 0x797fda3025
04-25 09:57:44.221 20112 20112 E ArmVmp : Match on catch block at 0xc3 in for 0x797fda3025
04-25 09:57:44.223 20112 20112 E ArmVmp : Match on catch block at 0xc3 in for 0x797fda3025
04-25 09:57:44.232 20112 20112 E ArmVmp : Match on catch block at 0xc3 in for 0x797fda3025
04-25 09:57:44.235 20112 20112 E ArmVmp : Match on catch block at 0xc3 in for 0x797fda3025
04-25 09:57:44.243 20112 20112 E ArmVmp : Match on catch block at 0xc3 in for 0x797fda3025
04-25 09:57:44.246 20112 20112 E ArmVmp : Match on catch block at 0xc3 in for 0x797fda3025
04-25 09:57:44.254 20112 20112 E ArmVmp : Match on catch block at 0xc3 in for 0x797fda3025
04-25 09:57:44.257 20112 20112 E ArmVmp : Match on catch block at 0xc3 in for 0x797fda3025
04-25 09:57:44.265 20112 20112 E ArmVmp : Match on catch block at 0xc3 in for 0x797fda3025
04-25 09:57:44.268 20112 20112 E ArmVmp : Match on catch block at 0xc3 in for 0x797fda3025
04-25 09:57:44.276 20112 20112 E ArmVmp : Match on catch block at 0xc3 in for 0x797fda3025
04-25 09:57:44.279 20112 20112 E ArmVmp : Match on catch block at 0xc3 in for 0x797fda3025
04-25 09:57:44.287 20112 20112 E ArmVmp : Match on catch block at 0xc3 in for 0x797fda3025
04-25 09:57:44.290 20112 20112 E ArmVmp : Match on catch block at 0xc3 in for 0x797fda3025
04-25 09:57:44.298 20112 20112 E ArmVmp : Match on catch block at 0xc3 in for 0x797fda3025
04-25 09:57:44.300 20112 20112 E ArmVmp : Match on catch block at 0xc3 in for 0x797fda3025
04-25 09:57:44.309 20112 20112 E ArmVmp : Match on catch block at 0xc3 in for 0x797fda3025
04-25 09:57:44.311 20112 20112 E ArmVmp : Match on catch block at 0xc3 in for 0x797fda3025
04-25 09:57:44.321 20112 20112 E ArmVmp : Match on catch block at 0xc3 in for 0x797fda3025
04-25 09:57:44.323 20112 20112 E ArmVmp : Match on catch block at 0xc3 in for 0x797fda3025
04-25 09:57:44.332 20112 20112 E ArmVmp : Match on catch block at 0xc3 in for 0x797fda3025
04-25 09:57:44.334 20112 20112 E ArmVmp : Match on catch block at 0xc3 in for 0x797fda3025
04-25 09:57:44.343 20112 20112 E ArmVmp : Match on catch block at 0xc3 in for 0x797fda3025
04-25 09:57:44.345 20112 20112 E ArmVmp : Match on catch block at 0xc3 in for 0x797fda3025
04-25 09:57:44.354 20112 20112 E ArmVmp : Match on catch block at 0xc3 in for 0x797fda3025
04-25 09:57:44.356 20112 20112 E ArmVmp : Match on catch block at 0xc3 in for 0x797fda3025
04-25 09:57:44.365 20112 20112 E ArmVmp : Match on catch block at 0xc3 in for 0x797fda3025
04-25 09:57:44.367 20112 20112 E ArmVmp : Match on catch block at 0xc3 in for 0x797fda3025
04-25 09:57:44.376 20112 20112 E ArmVmp : Match on catch block at 0xc3 in for 0x797fda3025
04-25 09:57:44.378 20112 20112 E ArmVmp : Match on catch block at 0xc3 in for 0x797fda3025
04-25 09:57:44.387 20112 20112 E ArmVmp : Match on catch block at 0xc3 in for 0x797fda3025
04-25 09:57:44.389 20112 20112 E ArmVmp : Match on catch block at 0xc3 in for 0x797fda3025
04-25 09:57:44.398 20112 20112 E ArmVmp : Match on catch block at 0xc3 in for 0x797fda3025
04-25 09:57:44.400 20112 20112 E ArmVmp : Match on catch block at 0xc3 in for 0x797fda3025
04-25 09:57:44.409 20112 20112 E ArmVmp : Match on catch block at 0xc3 in for 0x797fda3025
04-25 09:57:44.412 20112 20112 E ArmVmp : Match on catch block at 0xc3 in for 0x797fda3025
04-25 09:57:44.420 20112 20112 E ArmVmp : Match on catch block at 0xc3 in for 0x797fda3025
04-25 09:57:44.423 20112 20112 E ArmVmp : Match on catch block at 0xc3 in for 0x797fda3025
04-25 09:57:44.431 20112 20112 E ArmVmp : Match on catch block at 0xc3 in for 0x797fda3025
04-25 09:57:44.434 20112 20112 E ArmVmp : Match on catch block at 0xc3 in for 0x797fda3025
04-25 09:57:44.443 20112 20112 E ArmVmp : Match on catch block at 0xc3 in for 0x797fda3025
04-25 09:57:44.445 20112 20112 E ArmVmp : Match on catch block at 0xc3 in for 0x797fda3025
04-25 09:57:44.454 20112 20112 E ArmVmp : Match on catch block at 0xc3 in for 0x797fda3025
04-25 09:57:44.456 20112 20112 E ArmVmp : Match on catch block at 0xc3 in for 0x797fda3025
04-25 09:57:44.465 20112 20112 E ArmVmp : Match on catch block at 0xc3 in for 0x797fda3025
04-25 09:57:44.467 20112 20112 E ArmVmp : Match on catch block at 0xc3 in for 0x797fda3025
04-25 09:57:44.476 20112 20112 E ArmVmp : Match on catch block at 0xc3 in for 0x797fda3025
04-25 09:57:44.478 20112 20112 E ArmVmp : Match on catch block at 0xc3 in for 0x797fda3025
04-25 09:57:44.487 20112 20112 E ArmVmp : Match on catch block at 0xc3 in for 0x797fda3025
04-25 09:57:44.489 20112 20112 E ArmVmp : Match on catch block at 0xc3 in for 0x797fda3025
04-25 09:57:44.787 20112 20112 E ArmVmp : Match on catch block at 0xc3 in for 0x797fda3025
04-25 09:57:44.790 20112 20112 E ArmVmp : Match on catch block at 0xc3 in for 0x797fda3025
04-25 09:57:45.043 20112 20112 E ArmVmp : Match on catch block at 0xc3 in for 0x797fda3025
04-25 09:57:45.046 20112 20112 E ArmVmp : Match on catch block at 0xc3 in for 0x797fda3025
04-25 09:57:45.071 20112 20112 E ArmVmp : Match on catch block at 0xc3 in for 0x797fda3025
04-25 09:57:45.074 20112 20112 E ArmVmp : Match on catch block at 0xc3 in for 0x797fda3025
04-25 09:57:45.084 20112 20255 E FrameEvents: updateAcquireFence: Did not find frame.
04-25 09:57:45.108 20112 20112 E ArmVmp : Match on catch block at 0xc3 in for 0x797fda3025
04-25 09:57:45.110 20112 20112 E ArmVmp : Match on catch block at 0xc3 in for 0x797fda3025
04-25 09:57:45.238 20112 20112 W ResourceType: Bad XML block: header size 18254 or total size 169478669 is larger than data size 380
04-25 09:57:45.244 20112 20112 W ResourceType: Bad XML block: header size 18254 or total size 169478669 is larger than data size 633
04-25 09:57:45.260 20112 20112 W ResourceType: Bad XML block: header size 18254 or total size 169478669 is larger than data size 677
04-25 09:57:45.266 20112 20112 W ResourceType: Bad XML block: header size 18254 or total size 169478669 is larger than data size 248
04-25 09:57:45.288 20112 20112 W ResourceType: Bad XML block: header size 18254 or total size 169478669 is larger than data size 571
04-25 09:57:45.295 20112 20112 W ResourceType: Bad XML block: header size 18254 or total size 169478669 is larger than data size 333
04-25 09:57:45.298 20112 20112 W ResourceType: Bad XML block: header size 18254 or total size 169478669 is larger than data size 650
04-25 09:57:45.303 20112 20112 W ResourceType: Bad XML block: header size 18254 or total size 169478669 is larger than data size 1150
04-25 09:57:45.306 20112 20112 W ResourceType: Bad XML block: header size 18254 or total size 169478669 is larger than data size 491
04-25 09:57:45.309 20112 20112 W ResourceType: Bad XML block: header size 18254 or total size 169478669 is larger than data size 1150
04-25 09:57:45.313 20112 20112 W ResourceType: Bad XML block: header size 18254 or total size 169478669 is larger than data size 659
04-25 09:57:45.316 20112 20112 W ResourceType: Bad XML block: header size 18254 or total size 169478669 is larger than data size 593
04-25 09:57:45.324 20112 20112 W ResourceType: Bad XML block: header size 18254 or total size 169478669 is larger than data size 1171
04-25 09:57:45.328 20112 20112 W ResourceType: Bad XML block: header size 18254 or total size 169478669 is larger than data size 510
04-25 09:57:45.358 20112 20112 W ResourceType: Bad XML block: header size 18254 or total size 169478669 is larger than data size 853
04-25 09:57:45.427 20112 20112 W ResourceType: Bad XML block: header size 18254 or total size 169478669 is larger than data size 650
04-25 09:57:45.444 20112 20112 W Looper : PerfMonitor looperActivity : package=com.mbwhatsapp/.chatinfo.ContactInfoActivity time=0ms latency=343ms procState=-1 historyMsgCount=7 (msgIndex=7 wall=328ms seq=41826 late=17ms h=android.app.ActivityThread$H w=159)
04-25 09:57:45.488 20112 20112 W View : requestLayout() improperly called by android.widget.Space{86674c9 I.ED..... ......I. 33,99-44,110 #7f0b00ba app:id/action_tile_spacing} during layout: running second layout pass
04-25 09:57:45.488 20112 20112 W View : requestLayout() improperly called by android.widget.Space{7ab27ce I.ED..... ......I. 33,99-44,110 #7f0b00ba app:id/action_tile_spacing} during layout: running second layout pass
04-25 09:57:45.488 20112 20112 W View : requestLayout() improperly called by android.widget.Space{154e6ef I.ED..... ......I. 33,99-44,110 #7f0b00ba app:id/action_tile_spacing} during layout: running second layout pass
04-25 09:57:45.494 20112 20112 E ArmVmp : Match on catch block at 0xc3 in for 0x797fda3025
04-25 09:57:45.496 20112 20112 E ArmVmp : Match on catch block at 0xc3 in for 0x797fda3025
04-25 09:57:45.499 20112 20112 W Looper : PerfMonitor doFrame : time=55ms vsyncFrame=0 latency=336ms procState=-1 historyMsgCount=7 (msgIndex=5 wall=328ms seq=41826 late=17ms h=android.app.ActivityThread$H w=159)
04-25 09:57:45.508 20112 20112 E ArmVmp : Match on catch block at 0xc3 in for 0x797fda3025
04-25 09:57:45.511 20112 20112 E ArmVmp : Match on catch block at 0xc3 in for 0x797fda3025
04-25 09:57:45.538 20112 20112 W ResourceType: Bad XML block: header size 18254 or total size 169478669 is larger than data size 853
04-25 09:57:45.577 20112 20112 E ArmVmp : Match on catch block at 0xc3 in for 0x797fda3025
04-25 09:57:45.580 20112 20112 E ArmVmp : Match on catch block at 0xc3 in for 0x797fda3025
04-25 09:57:45.701 20112 20255 W Parcel : Expecting binder but got null!
04-25 09:57:45.704 20112 20112 E ArmVmp : Match on catch block at 0xc3 in for 0x797fda3025
04-25 09:57:45.709 20112 20112 E ArmVmp : Match on catch block at 0xc3 in for 0x797fda3025
04-25 09:57:45.730 20112 20112 E ArmVmp : Match on catch block at 0xc3 in for 0x797fda3025
04-25 09:57:45.734 20112 20112 E ArmVmp : Match on catch block at 0xc3 in for 0x797fda3025
04-25 09:57:45.779 20112 20112 E ArmVmp : Match on catch block at 0xc3 in for 0x797fda3025
04-25 09:57:45.785 20112 20112 E ArmVmp : Match on catch block at 0xc3 in for 0x797fda3025
04-25 09:57:45.903 20112 20112 E ArmVmp : Match on catch block at 0xc3 in for 0x797fda3025
04-25 09:57:45.906 20112 20112 E ArmVmp : Match on catch block at 0xc3 in for 0x797fda3025
04-25 09:57:45.916 20112 20112 E ArmVmp : Match on catch block at 0xc3 in for 0x797fda3025
04-25 09:57:45.919 20112 20112 E ArmVmp : Match on catch block at 0xc3 in for 0x797fda3025
04-25 09:57:45.962 20112 20112 E ArmVmp : Match on catch block at 0xc3 in for 0x797fda3025
04-25 09:57:45.966 20112 20112 E ArmVmp : Match on catch block at 0xc3 in for 0x797fda3025
04-25 09:57:46.006 20112 20112 W VRI[ContactInfoActivity]: Dropping event (paused for transition):MotionEvent { action=ACTION_DOWN, actionButton=0, id[0]=0, x[0]=929.014, y[0]=806.0672, toolType[0]=TOOL_TYPE_FINGER, buttonState=0, classification=NONE, metaState=0, flags=0x80000, edgeFlags=0x0, pointerCount=1, historySize=0, eventTime=752664361, downTime=752664361, deviceId=4, source=0x1002, displayId=0, eventId=772975445 }
04-25 09:57:48.605 20112 20112 W ResourceType: Bad XML block: header size 18254 or total size 169478669 is larger than data size 853
04-25 09:57:50.364 20112 20255 W Parcel : Expecting binder but got null!
04-25 09:57:55.465 20112 20255 W Parcel : Expecting binder but got null!
04-25 09:57:57.678 20112 20255 W Parcel : Expecting binder but got null!
04-25 09:58:02.198 20112 20112 W Choreographer: Frame time is 0.223326 now = 752680556872709 timestampNanos = 752680557096035 ms in the future! Check that graphics HAL is generating vsync timestamps using the correct timebase.
04-25 09:58:03.101 20112 20112 E ArmVmp : Match on catch block at 0x0a in for 0x797fda3035
04-25 09:58:03.105 20112 20112 E ArmVmp : Match on catch block at 0x0a in for 0x797fda3035
04-25 09:58:03.138 20112 20112 E ArmVmp : Match on catch block at 0xc3 in for 0x797fda3025
04-25 09:58:03.141 20112 20112 E ArmVmp : Match on catch block at 0xc3 in for 0x797fda3025
04-25 09:58:03.147 20112 20255 E FrameEvents: updateAcquireFence: Did not find frame.
04-25 09:58:03.154 20112 20112 E ArmVmp : Match on catch block at 0xc3 in for 0x797fda3025
04-25 09:58:03.156 20112 20112 E ArmVmp : Match on catch block at 0xc3 in for 0x797fda3025
04-25 09:58:03.182 20112 20112 E ArmVmp : Match on catch block at 0xc3 in for 0x797fda3025
04-25 09:58:03.185 20112 20112 E ArmVmp : Match on catch block at 0xc3 in for 0x797fda3025
04-25 09:58:03.518 20112 20112 E ArmVmp : Match on catch block at 0xc3 in for 0x797fda3025
04-25 09:58:03.522 20112 20112 E ArmVmp : Match on catch block at 0xc3 in for 0x797fda3025
04-25 09:58:03.536 20112 20112 E ArmVmp : Match on catch block at 0xc3 in for 0x797fda3025
04-25 09:58:03.540 20112 20112 E ArmVmp : Match on catch block at 0xc3 in for 0x797fda3025
04-25 09:58:03.553 20112 20112 E ArmVmp : Match on catch block at 0xc3 in for 0x797fda3025
04-25 09:58:03.555 20112 20112 E ArmVmp : Match on catch block at 0xc3 in for 0x797fda3025
04-25 09:58:03.571 20112 20112 W Choreographer: Frame time is 0.109908 now = 752681929168093 timestampNanos = 752681929278001 ms in the future! Check that graphics HAL is generating vsync timestamps using the correct timebase.
04-25 09:58:03.619 20112 20255 E com.mbwhatsapp: mali-debug: still pending callback,wait...
04-25 09:58:03.651 20112 20112 E ArmVmp : Match on catch block at 0xc3 in for 0x797fda3025
04-25 09:58:03.653 20112 20112 E ArmVmp : Match on catch block at 0xc3 in for 0x797fda3025
04-25 09:58:03.668 20112 20112 E ArmVmp : Match on catch block at 0xc3 in for 0x797fda3025
04-25 09:58:03.671 20112 20112 E ArmVmp : Match on catch block at 0xc3 in for 0x797fda3025
04-25 09:58:03.679 20112 20112 E ArmVmp : Match on catch block at 0xc3 in for 0x797fda3025
04-25 09:58:03.683 20112 20112 E ArmVmp : Match on catch block at 0xc3 in for 0x797fda3025
04-25 09:58:03.689 20112 20112 E ArmVmp : Match on catch block at 0xc3 in for 0x797fda3025
04-25 09:58:03.692 20112 20112 E ArmVmp : Match on catch block at 0xc3 in for 0x797fda3025
04-25 09:58:03.700 20112 20112 E ArmVmp : Match on catch block at 0xc3 in for 0x797fda3025
04-25 09:58:03.703 20112 20112 E ArmVmp : Match on catch block at 0xc3 in for 0x797fda3025
04-25 09:58:03.711 20112 20112 E ArmVmp : Match on catch block at 0xc3 in for 0x797fda3025
04-25 09:58:03.714 20112 20112 E ArmVmp : Match on catch block at 0xc3 in for 0x797fda3025
04-25 09:58:03.719 20112 20112 E ArmVmp : Match on catch block at 0xc3 in for 0x797fda3025
04-25 09:58:03.722 20112 20112 E ArmVmp : Match on catch block at 0xc3 in for 0x797fda3025
04-25 09:58:03.729 20112 20112 E ArmVmp : Match on catch block at 0xc3 in for 0x797fda3025
04-25 09:58:03.734 20112 20112 E ArmVmp : Match on catch block at 0xc3 in for 0x797fda3025
04-25 09:58:03.743 20112 20112 E ArmVmp : Match on catch block at 0xc3 in for 0x797fda3025
04-25 09:58:03.747 20112 20112 E ArmVmp : Match on catch block at 0xc3 in for 0x797fda3025
04-25 09:58:03.755 20112 20112 E ArmVmp : Match on catch block at 0xc3 in for 0x797fda3025
04-25 09:58:03.758 20112 20112 E ArmVmp : Match on catch block at 0xc3 in for 0x797fda3025
04-25 09:58:03.764 20112 20112 E ArmVmp : Match on catch block at 0xc3 in for 0x797fda3025
04-25 09:58:03.769 20112 20112 E ArmVmp : Match on catch block at 0xc3 in for 0x797fda3025
04-25 09:58:03.917 20112 20112 E ArmVmp : Match on catch block at 0xc3 in for 0x797fda3025
04-25 09:58:03.920 20112 20112 E ArmVmp : Match on catch block at 0xc3 in for 0x797fda3025
04-25 09:58:03.929 20112 20112 E ArmVmp : Match on catch block at 0xc3 in for 0x797fda3025
04-25 09:58:03.931 20112 20112 E ArmVmp : Match on catch block at 0xc3 in for 0x797fda3025
04-25 09:58:03.943 20112 20112 E ArmVmp : Match on catch block at 0xc3 in for 0x797fda3025
04-25 09:58:03.948 20112 20112 E ArmVmp : Match on catch block at 0xc3 in for 0x797fda3025
04-25 09:58:03.952 20112 20112 E ArmVmp : Match on catch block at 0xc3 in for 0x797fda3025
04-25 09:58:03.955 20112 20112 E ArmVmp : Match on catch block at 0xc3 in for 0x797fda3025
04-25 09:58:03.962 20112 20112 E ArmVmp : Match on catch block at 0xc3 in for 0x797fda3025
04-25 09:58:03.964 20112 20112 E ArmVmp : Match on catch block at 0xc3 in for 0x797fda3025
04-25 09:58:03.973 20112 20112 E ArmVmp : Match on catch block at 0xc3 in for 0x797fda3025
04-25 09:58:03.976 20112 20112 E ArmVmp : Match on catch block at 0xc3 in for 0x797fda3025
04-25 09:58:03.985 20112 20112 E ArmVmp : Match on catch block at 0xc3 in for 0x797fda3025
04-25 09:58:03.988 20112 20112 E ArmVmp : Match on catch block at 0xc3 in for 0x797fda3025
04-25 09:58:03.995 20112 20112 E ArmVmp : Match on catch block at 0xc3 in for 0x797fda3025
04-25 09:58:03.997 20112 20112 E ArmVmp : Match on catch block at 0xc3 in for 0x797fda3025
04-25 09:58:04.006 20112 20112 E ArmVmp : Match on catch block at 0xc3 in for 0x797fda3025
04-25 09:58:04.009 20112 20112 E ArmVmp : Match on catch block at 0xc3 in for 0x797fda3025
04-25 09:58:04.017 20112 20112 E ArmVmp : Match on catch block at 0xc3 in for 0x797fda3025
04-25 09:58:04.020 20112 20112 E ArmVmp : Match on catch block at 0xc3 in for 0x797fda3025
04-25 09:58:04.028 20112 20112 E ArmVmp : Match on catch block at 0xc3 in for 0x797fda3025
04-25 09:58:04.031 20112 20112 E ArmVmp : Match on catch block at 0xc3 in for 0x797fda3025
04-25 09:58:04.040 20112 20112 E ArmVmp : Match on catch block at 0xc3 in for 0x797fda3025
04-25 09:58:04.042 20112 20112 E ArmVmp : Match on catch block at 0xc3 in for 0x797fda3025
04-25 09:58:04.051 20112 20112 E ArmVmp : Match on catch block at 0xc3 in for 0x797fda3025
04-25 09:58:04.053 20112 20112 E ArmVmp : Match on catch block at 0xc3 in for 0x797fda3025
04-25 09:58:04.061 20112 20112 E ArmVmp : Match on catch block at 0xc3 in for 0x797fda3025
04-25 09:58:04.064 20112 20112 E ArmVmp : Match on catch block at 0xc3 in for 0x797fda3025
04-25 09:58:04.073 20112 20112 E ArmVmp : Match on catch block at 0xc3 in for 0x797fda3025
04-25 09:58:04.076 20112 20112 E ArmVmp : Match on catch block at 0xc3 in for 0x797fda3025
04-25 09:58:04.085 20112 20112 E ArmVmp : Match on catch block at 0xc3 in for 0x797fda3025
04-25 09:58:04.088 20112 20112 E ArmVmp : Match on catch block at 0xc3 in for 0x797fda3025
04-25 09:58:04.095 20112 20112 E ArmVmp : Match on catch block at 0xc3 in for 0x797fda3025
04-25 09:58:04.098 20112 20112 E ArmVmp : Match on catch block at 0xc3 in for 0x797fda3025
04-25 09:58:04.108 20112 20112 E ArmVmp : Match on catch block at 0xc3 in for 0x797fda3025
04-25 09:58:04.111 20112 20112 E ArmVmp : Match on catch block at 0xc3 in for 0x797fda3025
04-25 09:58:04.117 20112 20112 E ArmVmp : Match on catch block at 0xc3 in for 0x797fda3025
04-25 09:58:04.120 20112 20112 E ArmVmp : Match on catch block at 0xc3 in for 0x797fda3025
04-25 09:58:04.128 20112 20112 E ArmVmp : Match on catch block at 0xc3 in for 0x797fda3025
04-25 09:58:04.133 20112 20112 E ArmVmp : Match on catch block at 0xc3 in for 0x797fda3025
04-25 09:58:04.140 20112 20112 E ArmVmp : Match on catch block at 0xc3 in for 0x797fda3025
04-25 09:58:04.143 20112 20112 E ArmVmp : Match on catch block at 0xc3 in for 0x797fda3025
04-25 09:58:04.151 20112 20112 E ArmVmp : Match on catch block at 0xc3 in for 0x797fda3025
04-25 09:58:04.153 20112 20112 E ArmVmp : Match on catch block at 0xc3 in for 0x797fda3025
04-25 09:58:04.162 20112 20112 E ArmVmp : Match on catch block at 0xc3 in for 0x797fda3025
04-25 09:58:04.165 20112 20112 E ArmVmp : Match on catch block at 0xc3 in for 0x797fda3025
04-25 09:58:04.173 20112 20112 E ArmVmp : Match on catch block at 0xc3 in for 0x797fda3025
04-25 09:58:04.175 20112 20112 E ArmVmp : Match on catch block at 0xc3 in for 0x797fda3025
04-25 09:58:04.184 20112 20112 E ArmVmp : Match on catch block at 0xc3 in for 0x797fda3025
04-25 09:58:04.186 20112 20112 E ArmVmp : Match on catch block at 0xc3 in for 0x797fda3025
04-25 09:58:04.195 20112 20112 E ArmVmp : Match on catch block at 0xc3 in for 0x797fda3025
04-25 09:58:04.197 20112 20112 E ArmVmp : Match on catch block at 0xc3 in for 0x797fda3025
04-25 09:58:04.206 20112 20112 E ArmVmp : Match on catch block at 0xc3 in for 0x797fda3025
04-25 09:58:04.209 20112 20112 E ArmVmp : Match on catch block at 0xc3 in for 0x797fda3025
04-25 09:58:04.217 20112 20112 E ArmVmp : Match on catch block at 0xc3 in for 0x797fda3025
04-25 09:58:04.219 20112 20112 E ArmVmp : Match on catch block at 0xc3 in for 0x797fda3025
04-25 09:58:04.228 20112 20112 E ArmVmp : Match on catch block at 0xc3 in for 0x797fda3025
04-25 09:58:04.231 20112 20112 E ArmVmp : Match on catch block at 0xc3 in for 0x797fda3025
04-25 09:58:04.451 20112 20112 E ArmVmp : Match on catch block at 0xc3 in for 0x797fda3025
04-25 09:58:04.453 20112 20112 E ArmVmp : Match on catch block at 0xc3 in for 0x797fda3025
04-25 09:58:04.473 20112 20112 E ArmVmp : Match on catch block at 0xc3 in for 0x797fda3025
04-25 09:58:04.476 20112 20112 E ArmVmp : Match on catch block at 0xc3 in for 0x797fda3025
04-25 09:58:04.486 20112 20255 E FrameEvents: updateAcquireFence: Did not find frame.
04-25 09:58:04.508 20112 20112 E ArmVmp : Match on catch block at 0xc3 in for 0x797fda3025
04-25 09:58:04.512 20112 20112 E ArmVmp : Match on catch block at 0xc3 in for 0x797fda3025
04-25 09:58:04.597 20112 20112 W ResourceType: Bad XML block: header size 18254 or total size 169478669 is larger than data size 380
04-25 09:58:04.600 20112 20112 W ResourceType: Bad XML block: header size 18254 or total size 169478669 is larger than data size 633
04-25 09:58:04.608 20112 20112 W ResourceType: Bad XML block: header size 18254 or total size 169478669 is larger than data size 677
04-25 09:58:04.611 20112 20112 W ResourceType: Bad XML block: header size 18254 or total size 169478669 is larger than data size 248
04-25 09:58:04.617 20112 20112 W ResourceType: Bad XML block: header size 18254 or total size 169478669 is larger than data size 571
04-25 09:58:04.623 20112 20112 W ResourceType: Bad XML block: header size 18254 or total size 169478669 is larger than data size 333
04-25 09:58:04.625 20112 20112 W ResourceType: Bad XML block: header size 18254 or total size 169478669 is larger than data size 650
04-25 09:58:04.628 20112 20112 W ResourceType: Bad XML block: header size 18254 or total size 169478669 is larger than data size 1150
04-25 09:58:04.630 20112 20112 W ResourceType: Bad XML block: header size 18254 or total size 169478669 is larger than data size 491
04-25 09:58:04.633 20112 20112 W ResourceType: Bad XML block: header size 18254 or total size 169478669 is larger than data size 1150
04-25 09:58:04.636 20112 20112 W ResourceType: Bad XML block: header size 18254 or total size 169478669 is larger than data size 659
04-25 09:58:04.638 20112 20112 W ResourceType: Bad XML block: header size 18254 or total size 169478669 is larger than data size 593
04-25 09:58:04.645 20112 20112 W ResourceType: Bad XML block: header size 18254 or total size 169478669 is larger than data size 1171
04-25 09:58:04.648 20112 20112 W ResourceType: Bad XML block: header size 18254 or total size 169478669 is larger than data size 510
04-25 09:58:04.657 20112 20112 W ResourceType: Bad XML block: header size 18254 or total size 169478669 is larger than data size 853
04-25 09:58:04.697 20112 20112 W ResourceType: Bad XML block: header size 18254 or total size 169478669 is larger than data size 650
04-25 09:58:04.712 20112 20112 E ArmVmp : Match on catch block at 0xc3 in for 0x797fda3025
04-25 09:58:04.714 20112 20112 E ArmVmp : Match on catch block at 0xc3 in for 0x797fda3025
04-25 09:58:04.743 20112 20112 W View : requestLayout() improperly called by android.widget.Space{4fada04 I.ED..... ......I. 33,99-44,110 #7f0b00ba app:id/action_tile_spacing} during layout: running second layout pass
04-25 09:58:04.743 20112 20112 W View : requestLayout() improperly called by android.widget.Space{543bed I.ED..... ......I. 33,99-44,110 #7f0b00ba app:id/action_tile_spacing} during layout: running second layout pass
04-25 09:58:04.743 20112 20112 W View : requestLayout() improperly called by android.widget.Space{46dea22 I.ED..... ......I. 33,99-44,110 #7f0b00ba app:id/action_tile_spacing} during layout: running second layout pass
04-25 09:58:04.753 20112 20112 E ArmVmp : Match on catch block at 0xc3 in for 0x797fda3025
04-25 09:58:04.755 20112 20112 E ArmVmp : Match on catch block at 0xc3 in for 0x797fda3025
04-25 09:58:04.770 20112 20112 E ArmVmp : Match on catch block at 0xc3 in for 0x797fda3025
04-25 09:58:04.773 20112 20112 E ArmVmp : Match on catch block at 0xc3 in for 0x797fda3025
04-25 09:58:04.811 20112 20255 W Parcel : Expecting binder but got null!
04-25 09:58:04.813 20112 20112 E ArmVmp : Match on catch block at 0xc3 in for 0x797fda3025
04-25 09:58:04.816 20112 20112 E ArmVmp : Match on catch block at 0xc3 in for 0x797fda3025
04-25 09:58:04.835 20112 20112 E ArmVmp : Match on catch block at 0xc3 in for 0x797fda3025
04-25 09:58:04.838 20112 20112 E ArmVmp : Match on catch block at 0xc3 in for 0x797fda3025
04-25 09:58:04.844 20112 20112 E ArmVmp : Match on catch block at 0xc3 in for 0x797fda3025
04-25 09:58:04.847 20112 20112 E ArmVmp : Match on catch block at 0xc3 in for 0x797fda3025
04-25 09:58:04.865 20112 20112 E ArmVmp : Match on catch block at 0xc3 in for 0x797fda3025
04-25 09:58:04.868 20112 20112 E ArmVmp : Match on catch block at 0xc3 in for 0x797fda3025
04-25 09:58:04.922 20112 20112 E ArmVmp : Match on catch block at 0xc3 in for 0x797fda3025
04-25 09:58:04.926 20112 20112 E ArmVmp : Match on catch block at 0xc3 in for 0x797fda3025
04-25 09:58:05.037 20112 20112 W VRI[ContactInfoActivity]: Dropping event (paused for transition):MotionEvent { action=ACTION_DOWN, actionButton=0, id[0]=0, x[0]=859.5204, y[0]=1237.8496, toolType[0]=TOOL_TYPE_FINGER, buttonState=0, classification=NONE, metaState=0, flags=0x80000, edgeFlags=0x0, pointerCount=1, historySize=0, eventTime=752683393, downTime=752683393, deviceId=4, source=0x1002, displayId=0, eventId=1000901574 }
04-25 09:58:05.050 20112 20112 W VRI[ContactInfoActivity]: Dropping event (paused for transition):MotionEvent { action=ACTION_MOVE, actionButton=0, id[0]=0, x[0]=859.5204, y[0]=1237.8496, toolType[0]=TOOL_TYPE_FINGER, buttonState=0, classification=NONE, metaState=0, flags=0x80000, edgeFlags=0x0, pointerCount=1, historySize=1, eventTime=752683403, downTime=752683393, deviceId=4, source=0x1002, displayId=0, eventId=393946648 }
04-25 09:58:05.072 20112 20112 W VRI[ContactInfoActivity]: Dropping event (paused for transition):MotionEvent { action=ACTION_MOVE, actionButton=0, id[0]=0, x[0]=859.5204, y[0]=1237.8496, toolType[0]=TOOL_TYPE_FINGER, buttonState=0, classification=NONE, metaState=0, flags=0x80000, edgeFlags=0x0, pointerCount=1, historySize=2, eventTime=752683425, downTime=752683393, deviceId=4, source=0x1002, displayId=0, eventId=136430325 }
04-25 09:58:05.086 20112 20112 W VRI[ContactInfoActivity]: Dropping event (paused for transition):MotionEvent { action=ACTION_MOVE, actionButton=0, id[0]=0, x[0]=859.432, y[0]=1218.014, toolType[0]=TOOL_TYPE_FINGER, buttonState=0, classification=NONE, metaState=0, flags=0x80000, edgeFlags=0x0, pointerCount=1, historySize=1, eventTime=752683436, downTime=752683393, deviceId=4, source=0x1002, displayId=0, eventId=226219275 }
04-25 09:58:05.104 20112 20112 E ArmVmp : Match on catch block at 0xc3 in for 0x797fda3025
04-25 09:58:05.107 20112 20112 E ArmVmp : Match on catch block at 0xc3 in for 0x797fda3025
04-25 09:58:05.115 20112 20112 W VRI[ContactInfoActivity]: Dropping event (paused for transition):MotionEvent { action=ACTION_MOVE, actionButton=0, id[0]=0, x[0]=878.5197, y[0]=1089.5553, toolType[0]=TOOL_TYPE_FINGER, buttonState=0, classification=NONE, metaState=0, flags=0x80000, edgeFlags=0x0, pointerCount=1, historySize=6, eventTime=752683458, downTime=752683393, deviceId=4, source=0x1002, displayId=0, eventId=118538594 }
04-25 09:58:05.123 20112 20112 W VRI[ContactInfoActivity]: Dropping event (paused for transition):MotionEvent { action=ACTION_MOVE, actionButton=0, id[0]=0, x[0]=903.2098, y[0]=997.26074, toolType[0]=TOOL_TYPE_FINGER, buttonState=0, classification=NONE, metaState=0, flags=0x80000, edgeFlags=0x0, pointerCount=1, historySize=3, eventTime=752683469, downTime=752683393, deviceId=4, source=0x1002, displayId=0, eventId=1023184323 }
04-25 09:58:06.179 20112 20112 E ArmVmp : Match on catch block at 0x0a in for 0x797fda3035
04-25 09:58:06.182 20112 20112 E ArmVmp : Match on catch block at 0x0a in for 0x797fda3035
04-25 09:58:06.211 20112 20112 E ArmVmp : Match on catch block at 0xc3 in for 0x797fda3025
04-25 09:58:06.214 20112 20112 E ArmVmp : Match on catch block at 0xc3 in for 0x797fda3025
04-25 09:58:06.220 20112 20255 E FrameEvents: updateAcquireFence: Did not find frame.
04-25 09:58:06.227 20112 20112 E ArmVmp : Match on catch block at 0xc3 in for 0x797fda3025
04-25 09:58:06.229 20112 20112 E ArmVmp : Match on catch block at 0xc3 in for 0x797fda3025
04-25 09:58:06.247 20112 20112 E ArmVmp : Match on catch block at 0xc3 in for 0x797fda3025
04-25 09:58:06.252 20112 20112 E ArmVmp : Match on catch block at 0xc3 in for 0x797fda3025
04-25 09:58:06.587 20112 20112 E ArmVmp : Match on catch block at 0xc3 in for 0x797fda3025
04-25 09:58:06.590 20112 20112 E ArmVmp : Match on catch block at 0xc3 in for 0x797fda3025
04-25 09:58:06.600 20112 20112 E ArmVmp : Match on catch block at 0xc3 in for 0x797fda3025
04-25 09:58:06.603 20112 20112 E ArmVmp : Match on catch block at 0xc3 in for 0x797fda3025
04-25 09:58:06.612 20112 20112 E ArmVmp : Match on catch block at 0xc3 in for 0x797fda3025
04-25 09:58:06.615 20112 20112 E ArmVmp : Match on catch block at 0xc3 in for 0x797fda3025
04-25 09:58:06.729 20112 20112 E ArmVmp : Match on catch block at 0xc3 in for 0x797fda3025
04-25 09:58:06.732 20112 20112 E ArmVmp : Match on catch block at 0xc3 in for 0x797fda3025
04-25 09:58:06.749 20112 20112 E ArmVmp : Match on catch block at 0xc3 in for 0x797fda3025
04-25 09:58:06.752 20112 20112 E ArmVmp : Match on catch block at 0xc3 in for 0x797fda3025
04-25 09:58:06.763 20112 20112 E ArmVmp : Match on catch block at 0xc3 in for 0x797fda3025
04-25 09:58:06.767 20112 20112 E ArmVmp : Match on catch block at 0xc3 in for 0x797fda3025
04-25 09:58:06.773 20112 20112 E ArmVmp : Match on catch block at 0xc3 in for 0x797fda3025
04-25 09:58:06.777 20112 20112 E ArmVmp : Match on catch block at 0xc3 in for 0x797fda3025
04-25 09:58:06.783 20112 20112 E ArmVmp : Match on catch block at 0xc3 in for 0x797fda3025
04-25 09:58:06.786 20112 20112 E ArmVmp : Match on catch block at 0xc3 in for 0x797fda3025
04-25 09:58:06.790 20112 20112 E ArmVmp : Match on catch block at 0xc3 in for 0x797fda3025
04-25 09:58:06.793 20112 20112 E ArmVmp : Match on catch block at 0xc3 in for 0x797fda3025
04-25 09:58:06.798 20112 20112 E ArmVmp : Match on catch block at 0xc3 in for 0x797fda3025
04-25 09:58:06.802 20112 20112 E ArmVmp : Match on catch block at 0xc3 in for 0x797fda3025
04-25 09:58:06.809 20112 20112 E ArmVmp : Match on catch block at 0xc3 in for 0x797fda3025
04-25 09:58:06.812 20112 20112 E ArmVmp : Match on catch block at 0xc3 in for 0x797fda3025
04-25 09:58:06.821 20112 20112 E ArmVmp : Match on catch block at 0xc3 in for 0x797fda3025
04-25 09:58:06.824 20112 20112 E ArmVmp : Match on catch block at 0xc3 in for 0x797fda3025
04-25 09:58:06.831 20112 20112 E ArmVmp : Match on catch block at 0xc3 in for 0x797fda3025
04-25 09:58:06.834 20112 20112 E ArmVmp : Match on catch block at 0xc3 in for 0x797fda3025
04-25 09:58:06.843 20112 20112 E ArmVmp : Match on catch block at 0xc3 in for 0x797fda3025
04-25 09:58:06.846 20112 20112 E ArmVmp : Match on catch block at 0xc3 in for 0x797fda3025
04-25 09:58:06.997 20112 20112 E ArmVmp : Match on catch block at 0xc3 in for 0x797fda3025
04-25 09:58:07.000 20112 20112 E ArmVmp : Match on catch block at 0xc3 in for 0x797fda3025
04-25 09:58:07.009 20112 20112 E ArmVmp : Match on catch block at 0xc3 in for 0x797fda3025
04-25 09:58:07.011 20112 20112 E ArmVmp : Match on catch block at 0xc3 in for 0x797fda3025
04-25 09:58:07.020 20112 20112 E ArmVmp : Match on catch block at 0xc3 in for 0x797fda3025
04-25 09:58:07.022 20112 20112 E ArmVmp : Match on catch block at 0xc3 in for 0x797fda3025
04-25 09:58:07.031 20112 20112 E ArmVmp : Match on catch block at 0xc3 in for 0x797fda3025
04-25 09:58:07.033 20112 20112 E ArmVmp : Match on catch block at 0xc3 in for 0x797fda3025
04-25 09:58:07.042 20112 20112 E ArmVmp : Match on catch block at 0xc3 in for 0x797fda3025
04-25 09:58:07.044 20112 20112 E ArmVmp : Match on catch block at 0xc3 in for 0x797fda3025
04-25 09:58:07.053 20112 20112 E ArmVmp : Match on catch block at 0xc3 in for 0x797fda3025
04-25 09:58:07.056 20112 20112 E ArmVmp : Match on catch block at 0xc3 in for 0x797fda3025
04-25 09:58:07.064 20112 20112 E ArmVmp : Match on catch block at 0xc3 in for 0x797fda3025
04-25 09:58:07.067 20112 20112 E ArmVmp : Match on catch block at 0xc3 in for 0x797fda3025
04-25 09:58:07.075 20112 20112 E ArmVmp : Match on catch block at 0xc3 in for 0x797fda3025
04-25 09:58:07.078 20112 20112 E ArmVmp : Match on catch block at 0xc3 in for 0x797fda3025
04-25 09:58:07.087 20112 20112 E ArmVmp : Match on catch block at 0xc3 in for 0x797fda3025
04-25 09:58:07.089 20112 20112 E ArmVmp : Match on catch block at 0xc3 in for 0x797fda3025
04-25 09:58:07.098 20112 20112 E ArmVmp : Match on catch block at 0xc3 in for 0x797fda3025
04-25 09:58:07.100 20112 20112 E ArmVmp : Match on catch block at 0xc3 in for 0x797fda3025
04-25 09:58:07.109 20112 20112 E ArmVmp : Match on catch block at 0xc3 in for 0x797fda3025
04-25 09:58:07.111 20112 20112 E ArmVmp : Match on catch block at 0xc3 in for 0x797fda3025
04-25 09:58:07.120 20112 20112 E ArmVmp : Match on catch block at 0xc3 in for 0x797fda3025
04-25 09:58:07.122 20112 20112 E ArmVmp : Match on catch block at 0xc3 in for 0x797fda3025
04-25 09:58:07.131 20112 20112 E ArmVmp : Match on catch block at 0xc3 in for 0x797fda3025
04-25 09:58:07.134 20112 20112 E ArmVmp : Match on catch block at 0xc3 in for 0x797fda3025
04-25 09:58:07.142 20112 20112 E ArmVmp : Match on catch block at 0xc3 in for 0x797fda3025
04-25 09:58:07.145 20112 20112 E ArmVmp : Match on catch block at 0xc3 in for 0x797fda3025
04-25 09:58:07.154 20112 20112 E ArmVmp : Match on catch block at 0xc3 in for 0x797fda3025
04-25 09:58:07.156 20112 20112 E ArmVmp : Match on catch block at 0xc3 in for 0x797fda3025
04-25 09:58:07.165 20112 20112 E ArmVmp : Match on catch block at 0xc3 in for 0x797fda3025
04-25 09:58:07.167 20112 20112 E ArmVmp : Match on catch block at 0xc3 in for 0x797fda3025
04-25 09:58:07.176 20112 20112 E ArmVmp : Match on catch block at 0xc3 in for 0x797fda3025
04-25 09:58:07.178 20112 20112 E ArmVmp : Match on catch block at 0xc3 in for 0x797fda3025
04-25 09:58:07.187 20112 20112 E ArmVmp : Match on catch block at 0xc3 in for 0x797fda3025
04-25 09:58:07.189 20112 20112 E ArmVmp : Match on catch block at 0xc3 in for 0x797fda3025
04-25 09:58:07.198 20112 20112 E ArmVmp : Match on catch block at 0xc3 in for 0x797fda3025
04-25 09:58:07.200 20112 20112 E ArmVmp : Match on catch block at 0xc3 in for 0x797fda3025
04-25 09:58:07.209 20112 20112 E ArmVmp : Match on catch block at 0xc3 in for 0x797fda3025
04-25 09:58:07.211 20112 20112 E ArmVmp : Match on catch block at 0xc3 in for 0x797fda3025
04-25 09:58:07.220 20112 20112 E ArmVmp : Match on catch block at 0xc3 in for 0x797fda3025
04-25 09:58:07.223 20112 20112 E ArmVmp : Match on catch block at 0xc3 in for 0x797fda3025
04-25 09:58:07.231 20112 20112 E ArmVmp : Match on catch block at 0xc3 in for 0x797fda3025
04-25 09:58:07.234 20112 20112 E ArmVmp : Match on catch block at 0xc3 in for 0x797fda3025
04-25 09:58:07.243 20112 20112 E ArmVmp : Match on catch block at 0xc3 in for 0x797fda3025
04-25 09:58:07.245 20112 20112 E ArmVmp : Match on catch block at 0xc3 in for 0x797fda3025
04-25 09:58:07.254 20112 20112 E ArmVmp : Match on catch block at 0xc3 in for 0x797fda3025
04-25 09:58:07.259 20112 20112 E ArmVmp : Match on catch block at 0xc3 in for 0x797fda3025
04-25 09:58:07.267 20112 20112 E ArmVmp : Match on catch block at 0xc3 in for 0x797fda3025
04-25 09:58:07.270 20112 20112 E ArmVmp : Match on catch block at 0xc3 in for 0x797fda3025
04-25 09:58:07.280 20112 20112 E ArmVmp : Match on catch block at 0xc3 in for 0x797fda3025
04-25 09:58:07.283 20112 20112 E ArmVmp : Match on catch block at 0xc3 in for 0x797fda3025
04-25 09:58:07.287 20112 20112 E ArmVmp : Match on catch block at 0xc3 in for 0x797fda3025
04-25 09:58:07.290 20112 20112 E ArmVmp : Match on catch block at 0xc3 in for 0x797fda3025
04-25 09:58:07.298 20112 20112 E ArmVmp : Match on catch block at 0xc3 in for 0x797fda3025
04-25 09:58:07.301 20112 20112 E ArmVmp : Match on catch block at 0xc3 in for 0x797fda3025
04-25 09:58:07.310 20112 20112 E ArmVmp : Match on catch block at 0xc3 in for 0x797fda3025
04-25 09:58:07.312 20112 20112 E ArmVmp : Match on catch block at 0xc3 in for 0x797fda3025
04-25 09:58:07.343 20112 20112 E ArmVmp : Match on catch block at 0xc3 in for 0x797fda3025
04-25 09:58:07.345 20112 20112 E ArmVmp : Match on catch block at 0xc3 in for 0x797fda3025
04-25 09:58:38.969 20112 20255 W Parcel : Expecting binder but got null!
04-25 09:58:39.525 20112 20112 W InputEventReceiver: Attempted to finish an input event but the input event receiver has already been disposed.
04-25 09:58:39.923 20112 20255 W RenderInspector: QueueBuffer time out on com.mbwhatsapp/com.mbwhatsapp.HomeActivity, count=1, avg=11 ms, max=11 ms.
04-25 09:58:40.472 20112 20112 W Looper : PerfMonitor doFrame : time=475ms vsyncFrame=0 latency=24ms procState=-1 historyMsgCount=1
04-25 09:58:40.500 20112 20112 W Looper : PerfMonitor doFrame : time=26ms vsyncFrame=0 latency=466ms procState=-1 historyMsgCount=13 (msgIndex=1 wall=475ms seq=47417 late=24ms h=android.view.Choreographer$FrameHandler c=android.view.Choreographer$FrameDisplayEventReceiver)
04-25 09:58:42.576 20112 20112 E ArmVmp : Match on catch block at 0x0a in for 0x797fda3035
04-25 09:58:42.580 20112 20112 E ArmVmp : Match on catch block at 0x0a in for 0x797fda3035
04-25 09:58:42.803 20112 20112 W View : requestLayout() improperly called by X.4rg{5cdcb0f V.E....L. ......ID 0,0-1080,573} during layout: running second layout pass
04-25 09:58:42.803 20112 20112 W View : requestLayout() improperly called by android.widget.LinearLayout{918379c V.E...... ......ID 124,3-902,559 #7f0b0e50 app:id/main_layout} during layout: running second layout pass
04-25 09:58:42.803 20112 20112 W View : requestLayout() improperly called by com.mbwhatsapp.conversation.conversationrow.ConversationRowImage$RowImageView{ee965 a5 VFED..CL. ......ID 11,11-767,484 #7f0b0c84 app:id/image} during layout: running second layout pass
04-25 09:58:42.808 20112 20112 E ArmVmp : Match on catch block at 0xc3 in for 0x797fda3021
04-25 09:58:42.816 20112 20112 E ArmVmp : Match on catch block at 0xc3 in for 0x797fda3021
04-25 09:58:42.845 20112 20255 W Parcel : Expecting binder but got null!
04-25 09:58:42.882 20112 20112 E ArmVmp : Match on catch block at 0xc3 in for 0x797fda3025
04-25 09:58:42.886 20112 20112 E ArmVmp : Match on catch block at 0xc3 in for 0x797fda3025
04-25 09:58:42.918 20112 20112 W View : requestLayout() improperly called by X.4rg{5cdcb0f V.E....L. ......ID 0,0-1080,573} during second layout pass: posting in next frame
04-25 09:58:42.918 20112 20112 W View : requestLayout() improperly called by android.widget.LinearLayout{918379c V.E...... ......ID 124,3-902,559 #7f0b0e50 app:id/main_layout} during second layout pass: posting in next frame
04-25 09:58:42.947 20112 20112 E ArmVmp : Match on catch block at 0xc3 in for 0x797fda3025
04-25 09:58:42.954 20112 20112 E ArmVmp : Match on catch block at 0xc3 in for 0x797fda3025
04-25 09:58:42.989 20112 20112 E ArmVmp : Match on catch block at 0xc3 in for 0x797fda3025
04-25 09:58:42.994 20112 20112 E ArmVmp : Match on catch block at 0xc3 in for 0x797fda3025
04-25 09:58:43.024 20112 20112 E ArmVmp : Match on catch block at 0xc3 in for 0x797fda3025
04-25 09:58:43.028 20112 20112 E ArmVmp : Match on catch block at 0xc3 in for 0x797fda3025
04-25 09:58:43.074 20112 20112 E ArmVmp : Match on catch block at 0xc3 in for 0x797fda3025
04-25 09:58:43.079 20112 20112 E ArmVmp : Match on catch block at 0xc3 in for 0x797fda3025
04-25 09:58:43.086 20112 20112 E ArmVmp : Match on catch block at 0xc3 in for 0x797fda3025
04-25 09:58:43.092 20112 20112 E ArmVmp : Match on catch block at 0xc3 in for 0x797fda3025
04-25 09:58:43.104 20112 20112 E ArmVmp : Match on catch block at 0xc3 in for 0x797fda3025
04-25 09:58:43.109 20112 20112 E ArmVmp : Match on catch block at 0xc3 in for 0x797fda3025
04-25 09:58:43.115 20112 20112 E ArmVmp : Match on catch block at 0xc3 in for 0x797fda3025
04-25 09:58:43.119 20112 20112 E ArmVmp : Match on catch block at 0xc3 in for 0x797fda3025
04-25 09:58:43.138 20112 20112 E ArmVmp : Match on catch block at 0xc3 in for 0x797fda3025
04-25 09:58:43.142 20112 20112 E ArmVmp : Match on catch block at 0xc3 in for 0x797fda3025
04-25 09:58:43.151 20112 20112 E ArmVmp : Match on catch block at 0xc3 in for 0x797fda3025
04-25 09:58:43.155 20112 20112 E ArmVmp : Match on catch block at 0xc3 in for 0x797fda3025
04-25 09:58:43.165 20112 20112 E ArmVmp : Match on catch block at 0xc3 in for 0x797fda3025
04-25 09:58:43.169 20112 20112 E ArmVmp : Match on catch block at 0xc3 in for 0x797fda3025
04-25 09:58:43.180 20112 20112 E ArmVmp : Match on catch block at 0xc3 in for 0x797fda3025
04-25 09:58:43.185 20112 20112 E ArmVmp : Match on catch block at 0xc3 in for 0x797fda3025
04-25 09:58:43.198 20112 20112 E ArmVmp : Match on catch block at 0xc3 in for 0x797fda3025
04-25 09:58:43.205 20112 20112 E ArmVmp : Match on catch block at 0xc3 in for 0x797fda3025
04-25 09:58:43.216 20112 20112 E ArmVmp : Match on catch block at 0xc3 in for 0x797fda3025
04-25 09:58:43.221 20112 20112 E ArmVmp : Match on catch block at 0xc3 in for 0x797fda3025
04-25 09:58:43.230 20112 20112 E ArmVmp : Match on catch block at 0xc3 in for 0x797fda3025
04-25 09:58:43.234 20112 20112 E ArmVmp : Match on catch block at 0xc3 in for 0x797fda3025
04-25 09:58:43.243 20112 20112 E ArmVmp : Match on catch block at 0xc3 in for 0x797fda3025
04-25 09:58:43.248 20112 20112 E ArmVmp : Match on catch block at 0xc3 in for 0x797fda3025
04-25 09:58:43.252 20112 20112 E ArmVmp : Match on catch block at 0xc3 in for 0x797fda3025
04-25 09:58:43.256 20112 20112 E ArmVmp : Match on catch block at 0xc3 in for 0x797fda3025
04-25 09:58:43.263 20112 20112 E ArmVmp : Match on catch block at 0xc3 in for 0x797fda3025
04-25 09:58:43.268 20112 20112 E ArmVmp : Match on catch block at 0xc3 in for 0x797fda3025
04-25 09:58:43.277 20112 20112 E ArmVmp : Match on catch block at 0xc3 in for 0x797fda3025
04-25 09:58:43.281 20112 20112 E ArmVmp : Match on catch block at 0xc3 in for 0x797fda3025
04-25 09:58:43.308 20112 20112 E ArmVmp : Match on catch block at 0xc3 in for 0x797fda3025
04-25 09:58:43.313 20112 20112 E ArmVmp : Match on catch block at 0xc3 in for 0x797fda3025
04-25 09:58:43.321 20112 20112 E ArmVmp : Match on catch block at 0xc3 in for 0x797fda3025
04-25 09:58:43.325 20112 20112 E ArmVmp : Match on catch block at 0xc3 in for 0x797fda3025
04-25 09:58:43.341 20112 20112 E ArmVmp : Match on catch block at 0xc3 in for 0x797fda3025
04-25 09:58:43.347 20112 20112 E ArmVmp : Match on catch block at 0xc3 in for 0x797fda3025
04-25 09:58:43.355 20112 20112 E ArmVmp : Match on catch block at 0xc3 in for 0x797fda3025
04-25 09:58:43.360 20112 20112 E ArmVmp : Match on catch block at 0xc3 in for 0x797fda3025
04-25 09:58:43.390 20112 20112 E ArmVmp : Match on catch block at 0xc3 in for 0x797fda3025
04-25 09:58:43.393 20112 20112 E ArmVmp : Match on catch block at 0xc3 in for 0x797fda3025
04-25 09:58:43.403 20112 20112 E ArmVmp : Match on catch block at 0xc3 in for 0x797fda3025
04-25 09:58:43.407 20112 20112 E ArmVmp : Match on catch block at 0xc3 in for 0x797fda3025
04-25 09:58:43.411 20112 20112 E ArmVmp : Match on catch block at 0xc3 in for 0x797fda3025
04-25 09:58:43.415 20112 20112 E ArmVmp : Match on catch block at 0xc3 in for 0x797fda3025
04-25 09:58:43.422 20112 20112 E ArmVmp : Match on catch block at 0xc3 in for 0x797fda3025
04-25 09:58:43.426 20112 20112 E ArmVmp : Match on catch block at 0xc3 in for 0x797fda3025
04-25 09:58:43.433 20112 20112 E ArmVmp : Match on catch block at 0xc3 in for 0x797fda3025
