02-20 13:44:50.422 4781 4781 E ArmVmp : Match on catch block at 0xc3 in for 0x91
02-20 13:44:50.426 4781 4781 E ArmVmp : Match on catch block at 0xc3 in for 0x95
02-20 13:44:50.439 4781 4781 E ArmVmp : Match on catch block at 0xc3 in for 0x95
02-20 13:44:50.442 4781 4781 E ArmVmp : Match on catch block at 0xc3 in for 0x99
02-20 13:44:50.456 4781 4781 E ArmVmp : Match on catch block at 0xc3 in for 0x99
02-20 13:44:50.459 4781 4781 E ArmVmp : Match on catch block at 0xc3 in for 0x91
02-20 13:44:50.474 4781 4781 E ArmVmp : Match on catch block at 0xc3 in for 0x91
02-20 13:44:50.478 4781 4781 E ArmVmp : Match on catch block at 0xc3 in for 0x95
02-20 13:44:50.489 4781 4781 E ArmVmp : Match on catch block at 0xc3 in for 0x91
02-20 13:44:50.493 4781 4781 E ArmVmp : Match on catch block at 0xc3 in for 0x95
02-20 13:44:50.605 4781 4781 E ArmVmp : Match on catch block at 0xc3 in for 0x91
02-20 13:44:50.608 4781 4781 E ArmVmp : Match on catch block at 0xc3 in for 0x95
02-20 13:44:50.705 4781 4781 E ArmVmp : Match on catch block at 0xc3 in for 0x95
02-20 13:44:50.708 4781 4781 E ArmVmp : Match on catch block at 0xc3 in for 0x99
02-20 13:44:50.722 4781 4781 E ArmVmp : Match on catch block at 0xc3 in for 0x99
02-20 13:44:50.726 4781 4781 E ArmVmp : Match on catch block at 0xc3 in for 0x91
02-20 13:44:50.773 4781 4781 E ArmVmp : Match on catch block at 0xc3 in for 0x91
02-20 13:44:50.777 4781 4781 E ArmVmp : Match on catch block at 0xc3 in for 0x95
02-20 13:44:50.806 4781 4781 E ArmVmp : Match on catch block at 0xc3 in for 0x95
02-20 13:44:50.810 4781 4781 E ArmVmp : Match on catch block at 0xc3 in for 0x99
02-20 13:44:50.856 4781 4781 E ArmVmp : Match on catch block at 0xc3 in for 0x99
02-20 13:44:50.860 4781 4781 E ArmVmp : Match on catch block at 0xc3 in for 0x91
02-20 13:44:50.873 4781 4781 E ArmVmp : Match on catch block at 0xc3 in for 0x91
02-20 13:44:50.876 4781 4781 E ArmVmp : Match on catch block at 0xc3 in for 0x95
02-20 13:44:50.891 4781 4781 E ArmVmp : Match on catch block at 0xc3 in for 0x91
02-20 13:44:50.894 4781 4781 E ArmVmp : Match on catch block at 0xc3 in for 0x95
02-20 13:44:50.905 4781 4781 E ArmVmp : Match on catch block at 0xc3 in for 0x91
02-20 13:44:50.908 4781 4781 E ArmVmp : Match on catch block at 0xc3 in for 0x95
02-20 13:44:50.922 4781 4781 E ArmVmp : Match on catch block at 0xc3 in for 0x95
02-20 13:44:50.924 4781 4781 E ArmVmp : Match on catch block at 0xc3 in for 0x99
02-20 13:44:50.938 4781 4781 E ArmVmp : Match on catch block at 0xc3 in for 0x99
02-20 13:44:50.941 4781 4781 E ArmVmp : Match on catch block at 0xc3 in for 0x91
02-20 13:44:50.955 4781 4781 E ArmVmp : Match on catch block at 0xc3 in for 0x91
02-20 13:44:50.957 4781 4781 E ArmVmp : Match on catch block at 0xc3 in for 0x95
02-20 13:44:50.971 4781 4781 E ArmVmp : Match on catch block at 0xc3 in for 0x95
02-20 13:44:50.974 4781 4781 E ArmVmp : Match on catch block at 0xc3 in for 0x99
02-20 13:44:50.988 4781 4781 E ArmVmp : Match on catch block at 0xc3 in for 0x99
02-20 13:44:50.991 4781 4781 E ArmVmp : Match on catch block at 0xc3 in for 0x91
02-20 13:44:51.011 4781 4781 E ArmVmp : Match on catch block at 0xc3 in for 0x91
02-20 13:44:51.014 4781 4781 E ArmVmp : Match on catch block at 0xc3 in for 0x95
02-20 13:44:51.022 4781 4781 E ArmVmp : Match on catch block at 0xc3 in for 0x95
02-20 13:44:51.025 4781 4781 E ArmVmp : Match on catch block at 0xc3 in for 0x99
02-20 13:44:51.038 4781 4781 E ArmVmp : Match on catch block at 0xc3 in for 0x99
02-20 13:44:51.040 4781 4781 E ArmVmp : Match on catch block at 0xc3 in for 0x91
02-20 13:44:51.055 4781 4781 E ArmVmp : Match on catch block at 0xc3 in for 0x91
02-20 13:44:51.058 4781 4781 E ArmVmp : Match on catch block at 0xc3 in for 0x95
02-20 13:44:51.072 4781 4781 E ArmVmp : Match on catch block at 0xc3 in for 0x95
02-20 13:44:51.075 4781 4781 E ArmVmp : Match on catch block at 0xc3 in for 0x99
02-20 13:44:51.089 4781 4781 E ArmVmp : Match on catch block at 0xc3 in for 0x99
02-20 13:44:51.092 4781 4781 E ArmVmp : Match on catch block at 0xc3 in for 0x91
02-20 13:44:51.105 4781 4781 E ArmVmp : Match on catch block at 0xc3 in for 0x91
02-20 13:44:51.109 4781 4781 E ArmVmp : Match on catch block at 0xc3 in for 0x95
02-20 13:44:51.122 4781 4781 E ArmVmp : Match on catch block at 0xc3 in for 0x95
02-20 13:44:51.125 4781 4781 E ArmVmp : Match on catch block at 0xc3 in for 0x99
02-20 13:44:51.139 4781 4781 E ArmVmp : Match on catch block at 0xc3 in for 0x99
02-20 13:44:51.142 4781 4781 E ArmVmp : Match on catch block at 0xc3 in for 0x91
02-20 13:44:51.156 4781 4781 E ArmVmp : Match on catch block at 0xc3 in for 0x91
02-20 13:44:51.160 4781 4781 E ArmVmp : Match on catch block at 0xc3 in for 0x95
02-20 13:44:51.190 4781 4781 E ArmVmp : Match on catch block at 0xc3 in for 0x95
02-20 13:44:51.194 4781 4781 E ArmVmp : Match on catch block at 0xc3 in for 0x99
02-20 13:44:51.223 4781 4781 E ArmVmp : Match on catch block at 0xc3 in for 0x99
02-20 13:44:51.226 4781 4781 E ArmVmp : Match on catch block at 0xc3 in for 0x91
02-20 13:44:51.273 4781 4781 E ArmVmp : Match on catch block at 0xc3 in for 0x91
02-20 13:44:51.277 4781 4781 E ArmVmp : Match on catch block at 0xc3 in for 0x95
02-20 13:44:51.306 4781 4781 E ArmVmp : Match on catch block at 0xc3 in for 0x95
02-20 13:44:51.310 4781 4781 E ArmVmp : Match on catch block at 0xc3 in for 0x99
02-20 13:44:51.356 4781 4781 E ArmVmp : Match on catch block at 0xc3 in for 0x99
02-20 13:44:51.360 4781 4781 E ArmVmp : Match on catch block at 0xc3 in for 0x91
02-20 13:44:51.390 4781 4781 E ArmVmp : Match on catch block at 0xc3 in for 0x91
02-20 13:44:51.393 4781 4781 E ArmVmp : Match on catch block at 0xc3 in for 0x95
02-20 13:44:51.440 4781 4781 E ArmVmp : Match on catch block at 0xc3 in for 0x95
02-20 13:44:51.444 4781 4781 E ArmVmp : Match on catch block at 0xc3 in for 0x99
02-20 13:44:51.473 4781 4781 E ArmVmp : Match on catch block at 0xc3 in for 0x99
02-20 13:44:51.477 4781 4781 E ArmVmp : Match on catch block at 0xc3 in for 0x91
02-20 13:44:51.523 4781 4781 E ArmVmp : Match on catch block at 0xc3 in for 0x91
02-20 13:44:51.527 4781 4781 E ArmVmp : Match on catch block at 0xc3 in for 0x95
02-20 13:44:51.556 4781 4781 E ArmVmp : Match on catch block at 0xc3 in for 0x95
02-20 13:44:51.560 4781 4781 E ArmVmp : Match on catch block at 0xc3 in for 0x99
02-20 13:44:51.606 4781 4781 E ArmVmp : Match on catch block at 0xc3 in for 0x99
02-20 13:44:51.610 4781 4781 E ArmVmp : Match on catch block at 0xc3 in for 0x91
02-20 13:44:51.640 4781 4781 E ArmVmp : Match on catch block at 0xc3 in for 0x91
02-20 13:44:51.644 4781 4781 E ArmVmp : Match on catch block at 0xc3 in for 0x95
02-20 13:44:51.690 4781 4781 E ArmVmp : Match on catch block at 0xc3 in for 0x91
02-20 13:44:51.694 4781 4781 E ArmVmp : Match on catch block at 0xc3 in for 0x95
02-20 13:44:51.723 4781 4781 E ArmVmp : Match on catch block at 0xc3 in for 0x95
02-20 13:44:51.727 4781 4781 E ArmVmp : Match on catch block at 0xc3 in for 0x99
02-20 13:44:51.771 4781 4781 E ArmVmp : Match on catch block at 0xc3 in for 0x91
02-20 13:44:51.774 4781 4781 E ArmVmp : Match on catch block at 0xc3 in for 0x95
02-20 13:44:51.781 4781 4781 E ArmVmp : Match on catch block at 0xc3 in for 0x95
02-20 13:44:51.784 4781 4781 E ArmVmp : Match on catch block at 0xc3 in for 0x99
02-20 13:44:51.789 4781 4781 E ArmVmp : Match on catch block at 0xc3 in for 0x99
02-20 13:44:51.792 4781 4781 E ArmVmp : Match on catch block at 0xc3 in for 0x91
02-20 13:44:51.805 4781 4781 E ArmVmp : Match on catch block at 0xc3 in for 0x91
02-20 13:44:51.808 4781 4781 E ArmVmp : Match on catch block at 0xc3 in for 0x95
02-20 13:44:51.822 4781 4781 E ArmVmp : Match on catch block at 0xc3 in for 0x95
02-20 13:44:51.825 4781 4781 E ArmVmp : Match on catch block at 0xc3 in for 0x99
02-20 13:44:51.839 4781 4781 E ArmVmp : Match on catch block at 0xc3 in for 0x99
02-20 13:44:51.842 4781 4781 E ArmVmp : Match on catch block at 0xc3 in for 0x91
02-20 13:44:51.856 4781 4781 E ArmVmp : Match on catch block at 0xc3 in for 0x91
02-20 13:44:51.859 4781 4781 E ArmVmp : Match on catch block at 0xc3 in for 0x95
02-20 13:44:51.873 4781 4781 E ArmVmp : Match on catch block at 0xc3 in for 0x95
02-20 13:44:51.875 4781 4781 E ArmVmp : Match on catch block at 0xc3 in for 0x99
02-20 13:44:51.890 4781 4781 E ArmVmp : Match on catch block at 0xc3 in for 0x99
02-20 13:44:51.894 4781 4781 E ArmVmp : Match on catch block at 0xc3 in for 0x91
02-20 13:44:52.224 4781 4781 E ArmVmp : Match on catch block at 0xc3 in for 0x91
02-20 13:44:52.228 4781 4781 E ArmVmp : Match on catch block at 0xc3 in for 0x95
02-20 13:44:52.591 4781 4781 E ArmVmp : Match on catch block at 0xc3 in for 0x95
02-20 13:44:52.594 4781 4781 E ArmVmp : Match on catch block at 0xc3 in for 0x99
02-20 13:44:52.741 4781 4781 E ArmVmp : Match on catch block at 0xc3 in for 0x99
02-20 13:44:52.745 4781 4781 E ArmVmp : Match on catch block at 0xc3 in for 0x91
02-20 13:44:52.891 4781 4781 E ArmVmp : Match on catch block at 0xc3 in for 0x91
02-20 13:44:52.895 4781 4781 E ArmVmp : Match on catch block at 0xc3 in for 0x95
02-20 13:44:53.010 4781 4781 E SpannableStringBuilder: SPAN_EXCLUSIVE_EXCLUSIVE
spans cannot have a zero length
02-20 13:44:53.027 4781 4781 E ArmVmp : Match on catch block at 0xc3 in for 0x99
02-20 13:44:53.031 4781 4781 E ArmVmp : Match on catch block at 0xc3 in for 0x91
02-20 13:44:53.040 4781 4781 E ArmVmp : Match on catch block at 0xc3 in for 0x91
02-20 13:44:53.043 4781 4781 E ArmVmp : Match on catch block at 0xc3 in for 0x95
02-20 13:44:53.056 4781 4781 E ArmVmp : Match on catch block at 0xc3 in for 0x95
02-20 13:44:53.059 4781 4781 E ArmVmp : Match on catch block at 0xc3 in for 0x99
02-20 13:44:53.074 4781 4781 E ArmVmp : Match on catch block at 0xc3 in for 0x99
02-20 13:44:53.079 4781 4781 E ArmVmp : Match on catch block at 0xc3 in for 0x91
02-20 13:44:53.090 4781 4781 E ArmVmp : Match on catch block at 0xc3 in for 0x91
02-20 13:44:53.092 4781 4781 E ArmVmp : Match on catch block at 0xc3 in for 0x95
02-20 13:44:53.106 4781 4781 E ArmVmp : Match on catch block at 0xc3 in for 0x95
02-20 13:44:53.109 4781 4781 E ArmVmp : Match on catch block at 0xc3 in for 0x99
02-20 13:44:53.123 4781 4781 E ArmVmp : Match on catch block at 0xc3 in for 0x99
02-20 13:44:53.126 4781 4781 E ArmVmp : Match on catch block at 0xc3 in for 0x91
02-20 13:44:53.144 4781 4781 E ArmVmp : Match on catch block at 0xc3 in for 0x95
02-20 13:44:53.148 4781 4781 E ArmVmp : Match on catch block at 0xc3 in for 0x99
02-20 13:44:53.156 4781 4781 E ArmVmp : Match on catch block at 0xc3 in for 0x99
02-20 13:44:53.159 4781 4781 E ArmVmp : Match on catch block at 0xc3 in for 0x91
02-20 13:44:53.173 4781 4781 E ArmVmp : Match on catch block at 0xc3 in for 0x91
02-20 13:44:53.175 4781 4781 E ArmVmp : Match on catch block at 0xc3 in for 0x95
02-20 13:44:53.190 4781 4781 E ArmVmp : Match on catch block at 0xc3 in for 0x95
02-20 13:44:53.193 4781 4781 E ArmVmp : Match on catch block at 0xc3 in for 0x99
02-20 13:44:53.207 4781 4781 E ArmVmp : Match on catch block at 0xc3 in for 0x99
02-20 13:44:53.210 4781 4781 E ArmVmp : Match on catch block at 0xc3 in for 0x91
02-20 13:44:53.223 4781 4781 E ArmVmp : Match on catch block at 0xc3 in for 0x91
02-20 13:44:53.225 4781 4781 E ArmVmp : Match on catch block at 0xc3 in for 0x95
02-20 13:44:53.525 4781 4781 E ArmVmp : Match on catch block at 0xc3 in for 0x95
02-20 13:44:53.529 4781 4781 E ArmVmp : Match on catch block at 0xc3 in for 0x99
02-20 13:44:53.675 4781 4781 E ArmVmp : Match on catch block at 0xc3 in for 0x95
02-20 13:44:53.678 4781 4781 E ArmVmp : Match on catch block at 0xc3 in for 0x99
02-20 13:44:54.151 4781 4781 E ArmVmp : Match on catch block at 0xc3 in for 0x91
02-20 13:44:54.153 4781 4781 E ArmVmp : Match on catch block at 0xc3 in for 0x95
02-20 13:44:54.186 4781 4781 E ArmVmp : Match on catch block at 0xc3 in for 0x91
02-20 13:44:54.188 4781 4781 E ArmVmp : Match on catch block at 0xc3 in for 0x95
02-20 13:44:54.203 4781 4781 E ArmVmp : Match on catch block at 0xc3 in for 0x91
02-20 13:44:54.206 4781 4781 E ArmVmp : Match on catch block at 0xc3 in for 0x95
02-20 13:44:54.234 4781 4781 E ArmVmp : Match on catch block at 0xc3 in for 0x95
02-20 13:44:54.236 4781 4781 E ArmVmp : Match on catch block at 0xc3 in for 0x99
02-20 13:44:54.252 4781 4844 W libEGL : EGLNativeWindowType 0xbbbef008
disconnect failed
02-20 13:44:54.259 4781 4781 E ArmVmp : Match on catch block at 0xc3 in for 0x99
02-20 13:44:54.262 4781 4781 E ArmVmp : Match on catch block at 0xc3 in for 0x91
02-20 13:44:54.265 4781 4781 E ArmVmp : Match on catch block at 0xc3 in for 0x91
02-20 13:44:54.268 4781 4781 E ArmVmp : Match on catch block at 0xc3 in for 0x95
02-20 13:44:54.275 4781 4781 E ArmVmp : Match on catch block at 0xc3 in for 0x95
02-20 13:44:54.278 4781 4781 E ArmVmp : Match on catch block at 0xc3 in for 0x99
02-20 13:44:54.291 4781 4781 E ArmVmp : Match on catch block at 0xc3 in for 0x99
02-20 13:44:54.294 4781 4781 E ArmVmp : Match on catch block at 0xc3 in for 0x91
02-20 13:44:54.308 4781 4781 E ArmVmp : Match on catch block at 0xc3 in for 0x91
02-20 13:44:54.312 4781 4781 E ArmVmp : Match on catch block at 0xc3 in for 0x95
02-20 13:44:54.325 4781 4781 E ArmVmp : Match on catch block at 0xc3 in for 0x95
02-20 13:44:54.328 4781 4781 E ArmVmp : Match on catch block at 0xc3 in for 0x99
02-20 13:44:54.344 4781 4781 E ArmVmp : Match on catch block at 0xc3 in for 0x99
02-20 13:44:54.348 4781 4781 E ArmVmp : Match on catch block at 0xc3 in for 0x91
02-20 13:44:54.358 4781 4781 E ArmVmp : Match on catch block at 0xc3 in for 0x91
02-20 13:44:54.361 4781 4781 E ArmVmp : Match on catch block at 0xc3 in for 0x95
02-20 13:44:54.378 4781 4781 E ArmVmp : Match on catch block at 0xc3 in for 0x95
02-20 13:44:54.382 4781 4781 E ArmVmp : Match on catch block at 0xc3 in for 0x99
02-20 13:44:54.393 4781 4781 E ArmVmp : Match on catch block at 0xc3 in for 0x99
02-20 13:44:54.397 4781 4781 E ArmVmp : Match on catch block at 0xc3 in for 0x91
02-20 13:44:54.410 4781 4781 E ArmVmp : Match on catch block at 0xc3 in for 0x91
02-20 13:44:54.414 4781 4781 E ArmVmp : Match on catch block at 0xc3 in for 0x95
02-20 13:44:54.427 4781 4781 E ArmVmp : Match on catch block at 0xc3 in for 0x95
02-20 13:44:54.430 4781 4781 E ArmVmp : Match on catch block at 0xc3 in for 0x99
02-20 13:44:54.444 4781 4781 E ArmVmp : Match on catch block at 0xc3 in for 0x99
02-20 13:44:54.447 4781 4781 E ArmVmp : Match on catch block at 0xc3 in for 0x91
02-20 13:44:54.461 4781 4781 E ArmVmp : Match on catch block at 0xc3 in for 0x91
02-20 13:44:54.464 4781 4781 E ArmVmp : Match on catch block at 0xc3 in for 0x95
02-20 13:44:54.478 4781 4781 E ArmVmp : Match on catch block at 0xc3 in for 0x95
02-20 13:44:54.482 4781 4781 E ArmVmp : Match on catch block at 0xc3 in for 0x99
02-20 13:44:54.676 4781 4781 E ArmVmp : Match on catch block at 0xc3 in for 0x99
02-20 13:44:54.680 4781 4781 E ArmVmp : Match on catch block at 0xc3 in for 0x91
02-20 13:44:54.996 4781 4844 W libEGL : EGLNativeWindowType 0xbbbef008
disconnect failed
02-20 13:44:55.000 4781 4781 W InputEventReceiver: Attempted to finish an input
event but the input event receiver has already been disposed.
02-20 13:44:55.115 4781 4781 E ArmVmp : Match on catch block at 0xc3 in for 0x99
02-20 13:44:55.118 4781 4781 E ArmVmp : Match on catch block at 0xc3 in for 0x91
02-20 13:44:55.125 4781 4781 E ArmVmp : Match on catch block at 0xc3 in for 0x91
02-20 13:44:55.129 4781 4781 E ArmVmp : Match on catch block at 0xc3 in for 0x95
02-20 13:44:55.141 4781 4781 E ArmVmp : Match on catch block at 0xc3 in for 0x95
02-20 13:44:55.145 4781 4781 E ArmVmp : Match on catch block at 0xc3 in for 0x99
02-20 13:44:55.158 4781 4781 E ArmVmp : Match on catch block at 0xc3 in for 0x99
02-20 13:44:55.161 4781 4781 E ArmVmp : Match on catch block at 0xc3 in for 0x91
02-20 13:44:55.175 4781 4781 E ArmVmp : Match on catch block at 0xc3 in for 0x91
02-20 13:44:55.178 4781 4781 E ArmVmp : Match on catch block at 0xc3 in for 0x95
02-20 13:44:55.192 4781 4781 E ArmVmp : Match on catch block at 0xc3 in for 0x95
02-20 13:44:55.194 4781 4781 E ArmVmp : Match on catch block at 0xc3 in for 0x99
02-20 13:44:55.208 4781 4781 E ArmVmp : Match on catch block at 0xc3 in for 0x99
02-20 13:44:55.211 4781 4781 E ArmVmp : Match on catch block at 0xc3 in for 0x91
02-20 13:44:55.225 4781 4781 E ArmVmp : Match on catch block at 0xc3 in for 0x91
02-20 13:44:55.229 4781 4781 E ArmVmp : Match on catch block at 0xc3 in for 0x95
02-20 13:44:55.242 4781 4781 E ArmVmp : Match on catch block at 0xc3 in for 0x95
02-20 13:44:55.247 4781 4781 E ArmVmp : Match on catch block at 0xc3 in for 0x99
02-20 13:44:55.259 4781 4781 E ArmVmp : Match on catch block at 0xc3 in for 0x99
02-20 13:44:55.263 4781 4781 E ArmVmp : Match on catch block at 0xc3 in for 0x91
02-20 13:44:55.276 4781 4781 E ArmVmp : Match on catch block at 0xc3 in for 0x91
02-20 13:44:55.280 4781 4781 E ArmVmp : Match on catch block at 0xc3 in for 0x95
02-20 13:44:55.293 4781 4781 E ArmVmp : Match on catch block at 0xc3 in for 0x95
02-20 13:44:55.297 4781 4781 E ArmVmp : Match on catch block at 0xc3 in for 0x99
02-20 13:44:55.309 4781 4781 E ArmVmp : Match on catch block at 0xc3 in for 0x99
02-20 13:44:55.314 4781 4781 E ArmVmp : Match on catch block at 0xc3 in for 0x91
02-20 13:44:55.326 4781 4781 E ArmVmp : Match on catch block at 0xc3 in for 0x91
02-20 13:44:55.330 4781 4781 E ArmVmp : Match on catch block at 0xc3 in for 0x95
02-20 13:44:55.343 4781 4781 E ArmVmp : Match on catch block at 0xc3 in for 0x95
02-20 13:44:55.346 4781 4781 E ArmVmp : Match on catch block at 0xc3 in for 0x99
02-20 13:44:55.360 4781 4781 E ArmVmp : Match on catch block at 0xc3 in for 0x99
02-20 13:44:55.364 4781 4781 E ArmVmp : Match on catch block at 0xc3 in for 0x91
02-20 13:44:55.376 4781 4781 E ArmVmp : Match on catch block at 0xc3 in for 0x91
02-20 13:44:55.381 4781 4781 E ArmVmp : Match on catch block at 0xc3 in for 0x95
02-20 13:44:55.393 4781 4781 E ArmVmp : Match on catch block at 0xc3 in for 0x95
02-20 13:44:55.397 4781 4781 E ArmVmp : Match on catch block at 0xc3 in for 0x99
02-20 13:44:55.409 4781 4781 E ArmVmp : Match on catch block at 0xc3 in for 0x99
02-20 13:44:55.413 4781 4781 E ArmVmp : Match on catch block at 0xc3 in for 0x91
02-20 13:44:55.428 4781 4781 E ArmVmp : Match on catch block at 0xc3 in for 0x91
02-20 13:44:55.432 4781 4781 E ArmVmp : Match on catch block at 0xc3 in for 0x95
02-20 13:44:55.676 4781 4781 E ArmVmp : Match on catch block at 0xc3 in for 0x91
02-20 13:44:55.680 4781 4781 E ArmVmp : Match on catch block at 0xc3 in for 0x95
02-20 13:44:56.088 4781 4781 E ArmVmp : Match on catch block at 0xc3 in for 0x95
02-20 13:44:56.091 4781 4781 E ArmVmp : Match on catch block at 0xc3 in for 0x99
02-20 13:44:56.106 4781 4781 E ArmVmp : Match on catch block at 0xc3 in for 0x95
02-20 13:44:56.109 4781 4781 E ArmVmp : Match on catch block at 0xc3 in for 0x99
02-20 13:44:56.124 4781 4781 E ArmVmp : Match on catch block at 0xc3 in for 0x95
02-20 13:44:56.127 4781 4781 E ArmVmp : Match on catch block at 0xc3 in for 0x99
02-20 13:44:56.150 4781 4781 E ArmVmp : Match on catch block at 0xc3 in for 0x99
02-20 13:44:56.153 4781 4781 E ArmVmp : Match on catch block at 0xc3 in for 0x91
02-20 13:44:56.171 4781 4844 W libEGL : EGLNativeWindowType 0xc0311c08
disconnect failed
02-20 13:44:56.177 4781 4781 E ArmVmp : Match on catch block at 0xc3 in for 0x91
02-20 13:44:56.180 4781 4781 E ArmVmp : Match on catch block at 0xc3 in for 0x95
02-20 13:44:56.184 4781 4781 E ArmVmp : Match on catch block at 0xc3 in for 0x95
02-20 13:44:56.186 4781 4781 E ArmVmp : Match on catch block at 0xc3 in for 0x99
02-20 13:44:56.193 4781 4781 E ArmVmp : Match on catch block at 0xc3 in for 0x99
02-20 13:44:56.196 4781 4781 E ArmVmp : Match on catch block at 0xc3 in for 0x91
02-20 13:44:56.209 4781 4781 E ArmVmp : Match on catch block at 0xc3 in for 0x91
02-20 13:44:56.212 4781 4781 E ArmVmp : Match on catch block at 0xc3 in for 0x95
02-20 13:44:56.226 4781 4781 E ArmVmp : Match on catch block at 0xc3 in for 0x95
02-20 13:44:56.229 4781 4781 E ArmVmp : Match on catch block at 0xc3 in for 0x99
02-20 13:44:56.244 4781 4781 E ArmVmp : Match on catch block at 0xc3 in for 0x99
02-20 13:44:56.246 4781 4781 E ArmVmp : Match on catch block at 0xc3 in for 0x91
02-20 13:44:56.260 4781 4781 E ArmVmp : Match on catch block at 0xc3 in for 0x99
02-20 13:44:56.263 4781 4781 E ArmVmp : Match on catch block at 0xc3 in for 0x91
02-20 13:44:56.277 4781 4781 E ArmVmp : Match on catch block at 0xc3 in for 0x99
02-20 13:44:56.280 4781 4781 E ArmVmp : Match on catch block at 0xc3 in for 0x91
02-20 13:44:56.294 4781 4781 E ArmVmp : Match on catch block at 0xc3 in for 0x99
02-20 13:44:56.297 4781 4781 E ArmVmp : Match on catch block at 0xc3 in for 0x91
02-20 13:44:56.311 4781 4781 E ArmVmp : Match on catch block at 0xc3 in for 0x99
02-20 13:44:56.315 4781 4781 E ArmVmp : Match on catch block at 0xc3 in for 0x91
02-20 13:44:56.328 4781 4781 E ArmVmp : Match on catch block at 0xc3 in for 0x99
02-20 13:44:56.331 4781 4781 E ArmVmp : Match on catch block at 0xc3 in for 0x91
02-20 13:44:56.345 4781 4781 E ArmVmp : Match on catch block at 0xc3 in for 0x99
02-20 13:44:56.348 4781 4781 E ArmVmp : Match on catch block at 0xc3 in for 0x91
02-20 13:44:56.362 4781 4781 E ArmVmp : Match on catch block at 0xc3 in for 0x99
02-20 13:44:56.367 4781 4781 E ArmVmp : Match on catch block at 0xc3 in for 0x91
02-20 13:44:56.381 4781 4781 E ArmVmp : Match on catch block at 0xc3 in for 0x99
02-20 13:44:56.384 4781 4781 E ArmVmp : Match on catch block at 0xc3 in for 0x91
02-20 13:44:56.394 4781 4781 E ArmVmp : Match on catch block at 0xc3 in for 0x99
02-20 13:44:56.398 4781 4781 E ArmVmp : Match on catch block at 0xc3 in for 0x91
02-20 13:44:56.410 4781 4781 E ArmVmp : Match on catch block at 0xc3 in for 0x99
02-20 13:44:56.413 4781 4781 E ArmVmp : Match on catch block at 0xc3 in for 0x91
02-20 13:44:56.428 4781 4781 E ArmVmp : Match on catch block at 0xc3 in for 0x99
02-20 13:44:56.431 4781 4781 E ArmVmp : Match on catch block at 0xc3 in for 0x91
02-20 13:44:56.444 4781 4781 E ArmVmp : Match on catch block at 0xc3 in for 0x99
02-20 13:44:56.448 4781 4781 E ArmVmp : Match on catch block at 0xc3 in for 0x91
02-20 13:44:56.461 4781 4781 E ArmVmp : Match on catch block at 0xc3 in for 0x99
02-20 13:44:56.464 4781 4781 E ArmVmp : Match on catch block at 0xc3 in for 0x91
02-20 13:44:56.477 4781 4781 E ArmVmp : Match on catch block at 0xc3 in for 0x99
02-20 13:44:56.480 4781 4781 E ArmVmp : Match on catch block at 0xc3 in for 0x91
02-20 13:44:56.493 4781 4781 E ArmVmp : Match on catch block at 0xc3 in for 0x99
02-20 13:44:56.498 4781 4781 E ArmVmp : Match on catch block at 0xc3 in for 0x91
02-20 13:44:56.512 4781 4781 E ArmVmp : Match on catch block at 0xc3 in for 0x99
02-20 13:44:56.515 4781 4781 E ArmVmp : Match on catch block at 0xc3 in for 0x91
02-20 13:44:56.528 4781 4781 E ArmVmp : Match on catch block at 0xc3 in for 0x99
02-20 13:44:56.532 4781 4781 E ArmVmp : Match on catch block at 0xc3 in for 0x91
02-20 13:44:56.545 4781 4781 E ArmVmp : Match on catch block at 0xc3 in for 0x99
02-20 13:44:56.549 4781 4781 E ArmVmp : Match on catch block at 0xc3 in for 0x91
02-20 13:44:56.563 4781 4781 E ArmVmp : Match on catch block at 0xc3 in for 0x99
02-20 13:44:56.567 4781 4781 E ArmVmp : Match on catch block at 0xc3 in for 0x91
02-20 13:44:56.578 4781 4781 E ArmVmp : Match on catch block at 0xc3 in for 0x99
02-20 13:44:56.582 4781 4781 E ArmVmp : Match on catch block at 0xc3 in for 0x91
02-20 13:44:56.594 4781 4781 E ArmVmp : Match on catch block at 0xc3 in for 0x99
02-20 13:44:56.598 4781 4781 E ArmVmp : Match on catch block at 0xc3 in for 0x91
02-20 13:44:56.612 4781 4781 E ArmVmp : Match on catch block at 0xc3 in for 0x99
02-20 13:44:56.616 4781 4781 E ArmVmp : Match on catch block at 0xc3 in for 0x91
02-20 13:44:56.628 4781 4781 E ArmVmp : Match on catch block at 0xc3 in for 0x99
02-20 13:44:56.632 4781 4781 E ArmVmp : Match on catch block at 0xc3 in for 0x91
02-20 13:44:56.645 4781 4781 E ArmVmp : Match on catch block at 0xc3 in for 0x99
02-20 13:44:56.649 4781 4781 E ArmVmp : Match on catch block at 0xc3 in for 0x91
02-20 13:44:56.662 4781 4781 E ArmVmp : Match on catch block at 0xc3 in for 0x99
02-20 13:44:56.666 4781 4781 E ArmVmp : Match on catch block at 0xc3 in for 0x91
02-20 13:44:56.678 4781 4781 E ArmVmp : Match on catch block at 0xc3 in for 0x99
02-20 13:44:56.682 4781 4781 E ArmVmp : Match on catch block at 0xc3 in for 0x91
02-20 13:44:56.695 4781 4781 E ArmVmp : Match on catch block at 0xc3 in for 0x99
02-20 13:44:56.699 4781 4781 E ArmVmp : Match on catch block at 0xc3 in for 0x91
02-20 13:44:56.712 4781 4781 E ArmVmp : Match on catch block at 0xc3 in for 0x99
02-20 13:44:56.715 4781 4781 E ArmVmp : Match on catch block at 0xc3 in for 0x91
02-20 13:44:56.728 4781 4781 E ArmVmp : Match on catch block at 0xc3 in for 0x99
02-20 13:44:56.732 4781 4781 E ArmVmp : Match on catch block at 0xc3 in for 0x91
02-20 13:44:56.744 4781 4781 E ArmVmp : Match on catch block at 0xc3 in for 0x99
02-20 13:44:56.749 4781 4781 E ArmVmp : Match on catch block at 0xc3 in for 0x91
02-20 13:44:56.761 4781 4781 E ArmVmp : Match on catch block at 0xc3 in for 0x99
02-20 13:44:56.765 4781 4781 E ArmVmp : Match on catch block at 0xc3 in for 0x91
02-20 13:44:56.777 4781 4781 E ArmVmp : Match on catch block at 0xc3 in for 0x99
02-20 13:44:56.780 4781 4781 E ArmVmp : Match on catch block at 0xc3 in for 0x91
02-20 13:44:56.793 4781 4781 E ArmVmp : Match on catch block at 0xc3 in for 0x99
02-20 13:44:56.796 4781 4781 E ArmVmp : Match on catch block at 0xc3 in for 0x91
02-20 13:44:56.810 4781 4781 E ArmVmp : Match on catch block at 0xc3 in for 0x99
02-20 13:44:56.812 4781 4781 E ArmVmp : Match on catch block at 0xc3 in for 0x91
02-20 13:44:56.827 4781 4781 E ArmVmp : Match on catch block at 0xc3 in for 0x99
02-20 13:44:56.830 4781 4781 E ArmVmp : Match on catch block at 0xc3 in for 0x91
02-20 13:44:56.843 4781 4781 E ArmVmp : Match on catch block at 0xc3 in for 0x99
02-20 13:44:56.847 4781 4781 E ArmVmp : Match on catch block at 0xc3 in for 0x91
02-20 13:44:56.860 4781 4781 E ArmVmp : Match on catch block at 0xc3 in for 0x99
02-20 13:44:56.863 4781 4781 E ArmVmp : Match on catch block at 0xc3 in for 0x91
02-20 13:44:56.877 4781 4781 E ArmVmp : Match on catch block at 0xc3 in for 0x99
02-20 13:44:56.881 4781 4781 E ArmVmp : Match on catch block at 0xc3 in for 0x91
02-20 13:44:56.894 4781 4781 E ArmVmp : Match on catch block at 0xc3 in for 0x99
02-20 13:44:56.898 4781 4781 E ArmVmp : Match on catch block at 0xc3 in for 0x91
02-20 13:44:56.912 4781 4781 E ArmVmp : Match on catch block at 0xc3 in for 0x99
02-20 13:44:56.915 4781 4781 E ArmVmp : Match on catch block at 0xc3 in for 0x91
02-20 13:44:56.928 4781 4781 E ArmVmp : Match on catch block at 0xc3 in for 0x99
02-20 13:44:56.932 4781 4781 E ArmVmp : Match on catch block at 0xc3 in for 0x91
02-20 13:44:56.945 4781 4781 E ArmVmp : Match on catch block at 0xc3 in for 0x99
02-20 13:44:56.948 4781 4781 E ArmVmp : Match on catch block at 0xc3 in for 0x91
02-20 13:44:56.962 4781 4781 E ArmVmp : Match on catch block at 0xc3 in for 0x99
02-20 13:44:56.966 4781 4781 E ArmVmp : Match on catch block at 0xc3 in for 0x91
02-20 13:44:57.044 4781 4781 E ArmVmp : Match on catch block at 0xc3 in for 0x99
02-20 13:44:57.048 4781 4781 E ArmVmp : Match on catch block at 0xc3 in for 0x91
02-20 13:44:57.066 4781 4781 E ArmVmp : Match on catch block at 0xc3 in for 0x95
02-20 13:44:57.069 4781 4781 E ArmVmp : Match on catch block at 0xc3 in for 0x99
02-20 13:44:57.077 4781 4781 E ArmVmp : Match on catch block at 0xc3 in for 0x91
02-20 13:44:57.081 4781 4781 E ArmVmp : Match on catch block at 0xc3 in for 0x95
02-20 13:44:57.094 4781 4781 E ArmVmp : Match on catch block at 0xc3 in for 0x99
02-20 13:44:57.098 4781 4781 E ArmVmp : Match on catch block at 0xc3 in for 0x91
02-20 13:44:57.111 4781 4781 E ArmVmp : Match on catch block at 0xc3 in for 0x95
02-20 13:44:57.114 4781 4781 E ArmVmp : Match on catch block at 0xc3 in for 0x99
02-20 13:44:57.128 4781 4781 E ArmVmp : Match on catch block at 0xc3 in for 0x91
02-20 13:44:57.132 4781 4781 E ArmVmp : Match on catch block at 0xc3 in for 0x95
02-20 13:44:57.144 4781 4781 E ArmVmp : Match on catch block at 0xc3 in for 0x99
02-20 13:44:57.148 4781 4781 E ArmVmp : Match on catch block at 0xc3 in for 0x91
02-20 13:44:57.161 4781 4781 E ArmVmp : Match on catch block at 0xc3 in for 0x95
02-20 13:44:57.165 4781 4781 E ArmVmp : Match on catch block at 0xc3 in for 0x99
02-20 13:44:57.178 4781 4781 E ArmVmp : Match on catch block at 0xc3 in for 0x91
02-20 13:44:57.182 4781 4781 E ArmVmp : Match on catch block at 0xc3 in for 0x95
02-20 13:44:57.194 4781 4781 E ArmVmp : Match on catch block at 0xc3 in for 0x99
02-20 13:44:57.198 4781 4781 E ArmVmp : Match on catch block at 0xc3 in for 0x91
02-20 13:44:57.211 4781 4781 E ArmVmp : Match on catch block at 0xc3 in for 0x95
02-20 13:44:57.215 4781 4781 E ArmVmp : Match on catch block at 0xc3 in for 0x99
02-20 13:44:57.227 4781 4781 E ArmVmp : Match on catch block at 0xc3 in for 0x91
02-20 13:44:57.231 4781 4781 E ArmVmp : Match on catch block at 0xc3 in for 0x95
02-20 13:44:57.244 4781 4781 E ArmVmp : Match on catch block at 0xc3 in for 0x91
02-20 13:44:57.248 4781 4781 E ArmVmp : Match on catch block at 0xc3 in for 0x95
02-20 13:44:57.711 4781 4781 E ArmVmp : Match on catch block at 0xc3 in for 0x95
02-20 13:44:57.715 4781 4781 E ArmVmp : Match on catch block at 0xc3 in for 0x99
02-20 13:44:57.831 4781 4844 W libEGL : EGLNativeWindowType 0xc0311c08
disconnect failed
02-20 13:44:57.835 4781 4781 W InputEventReceiver: Attempted to finish an input
event but the input event receiver has already been disposed.
02-20 13:44:57.844 4781 4781 E ArmVmp : Match on catch block at 0xc3 in for 0x95
02-20 13:44:57.848 4781 4781 E ArmVmp : Match on catch block at 0xc3 in for 0x99
02-20 13:44:57.984 4781 4781 E ArmVmp : Match on catch block at 0xc3 in for 0x99
02-20 13:44:57.987 4781 4781 E ArmVmp : Match on catch block at 0xc3 in for 0x91
02-20 13:44:57.993 4781 4781 E ArmVmp : Match on catch block at 0xc3 in for 0x91
02-20 13:44:57.996 4781 4781 E ArmVmp : Match on catch block at 0xc3 in for 0x95
02-20 13:44:58.002 4781 4781 E ArmVmp : Match on catch block at 0xc3 in for 0x95
02-20 13:44:58.005 4781 4781 E ArmVmp : Match on catch block at 0xc3 in for 0x99
02-20 13:44:58.010 4781 4781 E ArmVmp : Match on catch block at 0xc3 in for 0x99
02-20 13:44:58.013 4781 4781 E ArmVmp : Match on catch block at 0xc3 in for 0x91
02-20 13:44:58.028 4781 4781 E ArmVmp : Match on catch block at 0xc3 in for 0x91
02-20 13:44:58.033 4781 4781 E ArmVmp : Match on catch block at 0xc3 in for 0x95
02-20 13:44:58.045 4781 4781 E ArmVmp : Match on catch block at 0xc3 in for 0x95
02-20 13:44:58.049 4781 4781 E ArmVmp : Match on catch block at 0xc3 in for 0x99
02-20 13:44:58.060 4781 4781 E ArmVmp : Match on catch block at 0xc3 in for 0x99
02-20 13:44:58.065 4781 4781 E ArmVmp : Match on catch block at 0xc3 in for 0x91
02-20 13:44:58.077 4781 4781 E ArmVmp : Match on catch block at 0xc3 in for 0x91
02-20 13:44:58.081 4781 4781 E ArmVmp : Match on catch block at 0xc3 in for 0x95
02-20 13:44:58.094 4781 4781 E ArmVmp : Match on catch block at 0xc3 in for 0x95
02-20 13:44:58.098 4781 4781 E ArmVmp : Match on catch block at 0xc3 in for 0x99
02-20 13:44:58.111 4781 4781 E ArmVmp : Match on catch block at 0xc3 in for 0x99
02-20 13:44:58.114 4781 4781 E ArmVmp : Match on catch block at 0xc3 in for 0x91
02-20 13:44:58.127 4781 4781 E ArmVmp : Match on catch block at 0xc3 in for 0x91
02-20 13:44:58.131 4781 4781 E ArmVmp : Match on catch block at 0xc3 in for 0x95
02-20 13:44:58.144 4781 4781 E ArmVmp : Match on catch block at 0xc3 in for 0x95
02-20 13:44:58.147 4781 4781 E ArmVmp : Match on catch block at 0xc3 in for 0x99
02-20 13:44:58.161 4781 4781 E ArmVmp : Match on catch block at 0xc3 in for 0x99
02-20 13:44:58.165 4781 4781 E ArmVmp : Match on catch block at 0xc3 in for 0x91
02-20 13:44:58.178 4781 4781 E ArmVmp : Match on catch block at 0xc3 in for 0x91
02-20 13:44:58.183 4781 4781 E ArmVmp : Match on catch block at 0xc3 in for 0x95
02-20 13:44:58.195 4781 4781 E ArmVmp : Match on catch block at 0xc3 in for 0x95
02-20 13:44:58.199 4781 4781 E ArmVmp : Match on catch block at 0xc3 in for 0x99
02-20 13:44:58.211 4781 4781 E ArmVmp : Match on catch block at 0xc3 in for 0x99
02-20 13:44:58.215 4781 4781 E ArmVmp : Match on catch block at 0xc3 in for 0x91
02-20 13:44:58.229 4781 4781 E ArmVmp : Match on catch block at 0xc3 in for 0x91
02-20 13:44:58.233 4781 4781 E ArmVmp : Match on catch block at 0xc3 in for 0x95
02-20 13:44:58.245 4781 4781 E ArmVmp : Match on catch block at 0xc3 in for 0x95
02-20 13:44:58.249 4781 4781 E ArmVmp : Match on catch block at 0xc3 in for 0x99
02-20 13:44:58.261 4781 4781 E ArmVmp : Match on catch block at 0xc3 in for 0x99
02-20 13:44:58.267 4781 4781 E ArmVmp : Match on catch block at 0xc3 in for 0x91
02-20 13:44:58.280 4781 4781 E ArmVmp : Match on catch block at 0xc3 in for 0x91
02-20 13:44:58.285 4781 4781 E ArmVmp : Match on catch block at 0xc3 in for 0x95
02-20 13:44:58.712 4781 4781 E ArmVmp : Match on catch block at 0xc3 in for 0x95
02-20 13:44:58.716 4781 4781 E ArmVmp : Match on catch block at 0xc3 in for 0x99
02-20 13:44:59.212 4781 4781 E ArmVmp : Match on catch block at 0xc3 in for 0x99
02-20 13:44:59.216 4781 4781 E ArmVmp : Match on catch block at 0xc3 in for 0x91
02-20 13:44:59.304 4781 4781 E ArmVmp : Match on catch block at 0xc3 in for 0x95
02-20 13:44:59.307 4781 4781 E ArmVmp : Match on catch block at 0xc3 in for 0x99
02-20 13:44:59.314 4781 4781 E ArmVmp : Match on catch block at 0xc3 in for 0x95
02-20 13:44:59.317 4781 4781 E ArmVmp : Match on catch block at 0xc3 in for 0x99
02-20 13:44:59.327 4781 4781 E ArmVmp : Match on catch block at 0xc3 in for 0x99
02-20 13:44:59.329 4781 4781 E ArmVmp : Match on catch block at 0xc3 in for 0x91
02-20 13:44:59.344 4781 4781 E ArmVmp : Match on catch block at 0xc3 in for 0x91
02-20 13:44:59.347 4781 4781 E ArmVmp : Match on catch block at 0xc3 in for 0x95
02-20 13:44:59.361 4781 4781 E ArmVmp : Match on catch block at 0xc3 in for 0x95
02-20 13:44:59.366 4781 4781 E ArmVmp : Match on catch block at 0xc3 in for 0x99
02-20 13:44:59.378 4781 4781 E ArmVmp : Match on catch block at 0xc3 in for 0x99
02-20 13:44:59.381 4781 4781 E ArmVmp : Match on catch block at 0xc3 in for 0x91
02-20 13:44:59.394 4781 4781 E ArmVmp : Match on catch block at 0xc3 in for 0x91
02-20 13:44:59.397 4781 4781 E ArmVmp : Match on catch block at 0xc3 in for 0x95
02-20 13:44:59.415 4781 4781 E ArmVmp : Match on catch block at 0xc3 in for 0x95
02-20 13:44:59.417 4781 4781 E ArmVmp : Match on catch block at 0xc3 in for 0x99
02-20 13:44:59.428 4781 4781 E ArmVmp : Match on catch block at 0xc3 in for 0x99
02-20 13:44:59.431 4781 4781 E ArmVmp : Match on catch block at 0xc3 in for 0x91
02-20 13:44:59.445 4781 4781 E ArmVmp : Match on catch block at 0xc3 in for 0x91
02-20 13:44:59.449 4781 4781 E ArmVmp : Match on catch block at 0xc3 in for 0x95
02-20 13:44:59.462 4781 4781 E ArmVmp : Match on catch block at 0xc3 in for 0x95
02-20 13:44:59.465 4781 4781 E ArmVmp : Match on catch block at 0xc3 in for 0x99
02-20 13:44:59.478 4781 4781 E ArmVmp : Match on catch block at 0xc3 in for 0x99
02-20 13:44:59.482 4781 4781 E ArmVmp : Match on catch block at 0xc3 in for 0x91
02-20 13:44:59.495 4781 4781 E ArmVmp : Match on catch block at 0xc3 in for 0x91
02-20 13:44:59.498 4781 4781 E ArmVmp : Match on catch block at 0xc3 in for 0x95
02-20 13:44:59.562 4781 4781 E ArmVmp : Match on catch block at 0xc3 in for 0x95
02-20 13:44:59.567 4781 4781 E ArmVmp : Match on catch block at 0xc3 in for 0x99
02-20 13:44:59.579 4781 4781 E ArmVmp : Match on catch block at 0xc3 in for 0x99
02-20 13:44:59.583 4781 4781 E ArmVmp : Match on catch block at 0xc3 in for 0x91
02-20 13:44:59.596 4781 4781 E ArmVmp : Match on catch block at 0xc3 in for 0x91
02-20 13:44:59.600 4781 4781 E ArmVmp : Match on catch block at 0xc3 in for 0x95
02-20 13:44:59.613 4781 4781 E ArmVmp : Match on catch block at 0xc3 in for 0x95
02-20 13:44:59.617 4781 4781 E ArmVmp : Match on catch block at 0xc3 in for 0x99
02-20 13:44:59.629 4781 4781 E ArmVmp : Match on catch block at 0xc3 in for 0x99
02-20 13:44:59.633 4781 4781 E ArmVmp : Match on catch block at 0xc3 in for 0x91
02-20 13:44:59.646 4781 4781 E ArmVmp : Match on catch block at 0xc3 in for 0x91
02-20 13:44:59.650 4781 4781 E ArmVmp : Match on catch block at 0xc3 in for 0x95
02-20 13:44:59.663 4781 4781 E ArmVmp : Match on catch block at 0xc3 in for 0x95
02-20 13:44:59.667 4781 4781 E ArmVmp : Match on catch block at 0xc3 in for 0x99
02-20 13:44:59.679 4781 4781 E ArmVmp : Match on catch block at 0xc3 in for 0x99
02-20 13:44:59.683 4781 4781 E ArmVmp : Match on catch block at 0xc3 in for 0x91
02-20 13:44:59.696 4781 4781 E ArmVmp : Match on catch block at 0xc3 in for 0x91
02-20 13:44:59.700 4781 4781 E ArmVmp : Match on catch block at 0xc3 in for 0x95
02-20 13:44:59.712 4781 4781 E ArmVmp : Match on catch block at 0xc3 in for 0x95
02-20 13:44:59.717 4781 4781 E ArmVmp : Match on catch block at 0xc3 in for 0x99
02-20 13:44:59.729 4781 4781 E ArmVmp : Match on catch block at 0xc3 in for 0x99
02-20 13:44:59.734 4781 4781 E ArmVmp : Match on catch block at 0xc3 in for 0x91
02-20 13:44:59.746 4781 4781 E ArmVmp : Match on catch block at 0xc3 in for 0x91
02-20 13:44:59.750 4781 4781 E ArmVmp : Match on catch block at 0xc3 in for 0x95
02-20 13:44:59.763 4781 4781 E ArmVmp : Match on catch block at 0xc3 in for 0x95
02-20 13:44:59.767 4781 4781 E ArmVmp : Match on catch block at 0xc3 in for 0x99
02-20 13:44:59.779 4781 4781 E ArmVmp : Match on catch block at 0xc3 in for 0x99
02-20 13:44:59.783 4781 4781 E ArmVmp : Match on catch block at 0xc3 in for 0x91
02-20 13:44:59.796 4781 4781 E ArmVmp : Match on catch block at 0xc3 in for 0x91
02-20 13:44:59.801 4781 4781 E ArmVmp : Match on catch block at 0xc3 in for 0x95
02-20 13:44:59.812 4781 4781 E ArmVmp : Match on catch block at 0xc3 in for 0x91
02-20 13:44:59.816 4781 4781 E ArmVmp : Match on catch block at 0xc3 in for 0x95
02-20 13:44:59.828 4781 4781 E ArmVmp : Match on catch block at 0xc3 in for 0x95
02-20 13:44:59.831 4781 4781 E ArmVmp : Match on catch block at 0xc3 in for 0x99
02-20 13:44:59.833 4781 4955 W Codec2Client: query -- param skipped: index =
1342179345.
02-20 13:44:59.833 4781 4955 W Codec2Client: query -- param skipped: index =
2415921170.
02-20 13:44:59.833 4781 4955 W Codec2Client: query -- param skipped: index =
1610614798.
02-20 13:44:59.945 4781 4781 E ArmVmp : Match on catch block at 0xc3 in for 0x91
02-20 13:44:59.947 4781 4781 E ArmVmp : Match on catch block at 0xc3 in for 0x95
02-20 13:45:00.098 4781 4781 E ArmVmp : Match on catch block at 0xc3 in for 0x99
02-20 13:45:00.101 4781 4781 E ArmVmp : Match on catch block at 0xc3 in for 0x91
02-20 13:45:00.112 4781 4781 E ArmVmp : Match on catch block at 0xc3 in for 0x91
02-20 13:45:00.116 4781 4781 E ArmVmp : Match on catch block at 0xc3 in for 0x95
02-20 13:45:00.129 4781 4781 E ArmVmp : Match on catch block at 0xc3 in for 0x95
02-20 13:45:00.132 4781 4781 E ArmVmp : Match on catch block at 0xc3 in for 0x99
02-20 13:45:00.145 4781 4781 E ArmVmp : Match on catch block at 0xc3 in for 0x99
02-20 13:45:00.148 4781 4781 E ArmVmp : Match on catch block at 0xc3 in for 0x91
02-20 13:45:00.162 4781 4781 E ArmVmp : Match on catch block at 0xc3 in for 0x91
02-20 13:45:00.165 4781 4781 E ArmVmp : Match on catch block at 0xc3 in for 0x95
02-20 13:45:00.179 4781 4781 E ArmVmp : Match on catch block at 0xc3 in for 0x95
02-20 13:45:00.182 4781 4781 E ArmVmp : Match on catch block at 0xc3 in for 0x99
02-20 13:45:00.195 4781 4781 E ArmVmp : Match on catch block at 0xc3 in for 0x99
02-20 13:45:00.198 4781 4781 E ArmVmp : Match on catch block at 0xc3 in for 0x91
02-20 13:45:00.213 4781 4781 E ArmVmp : Match on catch block at 0xc3 in for 0x91
02-20 13:45:00.217 4781 4781 E ArmVmp : Match on catch block at 0xc3 in for 0x95
02-20 13:45:00.229 4781 4781 E ArmVmp : Match on catch block at 0xc3 in for 0x95
02-20 13:45:00.233 4781 4781 E ArmVmp : Match on catch block at 0xc3 in for 0x99
02-20 13:45:00.246 4781 4781 E ArmVmp : Match on catch block at 0xc3 in for 0x91
02-20 13:45:00.251 4781 4781 E ArmVmp : Match on catch block at 0xc3 in for 0x95
02-20 13:45:00.264 4781 4781 E ArmVmp : Match on catch block at 0xc3 in for 0x95
02-20 13:45:00.269 4781 4781 E ArmVmp : Match on catch block at 0xc3 in for 0x99
02-20 13:45:00.279 4781 4781 E ArmVmp : Match on catch block at 0xc3 in for 0x99
02-20 13:45:00.283 4781 4781 E ArmVmp : Match on catch block at 0xc3 in for 0x91
02-20 13:45:00.298 4781 4781 E ArmVmp : Match on catch block at 0xc3 in for 0x91
02-20 13:45:00.301 4781 4781 E ArmVmp : Match on catch block at 0xc3 in for 0x95
02-20 13:45:00.346 4781 4781 E ArmVmp : Match on catch block at 0xc3 in for 0x99
02-20 13:45:00.350 4781 4781 E ArmVmp : Match on catch block at 0xc3 in for 0x91
02-20 13:45:00.596 4781 4781 E ArmVmp : Match on catch block at 0xc3 in for 0x91
02-20 13:45:00.600 4781 4781 E ArmVmp : Match on catch block at 0xc3 in for 0x95
02-20 13:45:00.715 4781 4781 E ArmVmp : Match on catch block at 0xc3 in for 0x95
02-20 13:45:00.717 4781 4781 E ArmVmp : Match on catch block at 0xc3 in for 0x99
02-20 13:45:00.723 4781 4781 E ArmVmp : Match on catch block at 0xc3 in for 0x99
02-20 13:45:00.725 4781 4781 E ArmVmp : Match on catch block at 0xc3 in for 0x91
02-20 13:45:00.762 4781 4781 E ArmVmp : Match on catch block at 0xc3 in for 0x91
02-20 13:45:00.765 4781 4781 E ArmVmp : Match on catch block at 0xc3 in for 0x95
02-20 13:45:00.795 4781 4781 E ArmVmp : Match on catch block at 0xc3 in for 0x95
02-20 13:45:00.798 4781 4781 E ArmVmp : Match on catch block at 0xc3 in for 0x99
02-20 13:45:00.845 4781 4781 E ArmVmp : Match on catch block at 0xc3 in for 0x99
02-20 13:45:00.848 4781 4781 E ArmVmp : Match on catch block at 0xc3 in for 0x91
02-20 13:45:00.880 4781 4781 E ArmVmp : Match on catch block at 0xc3 in for 0x91
02-20 13:45:00.884 4781 4781 E ArmVmp : Match on catch block at 0xc3 in for 0x95
02-20 13:45:00.897 4781 4781 E ArmVmp : Match on catch block at 0xc3 in for 0x91
02-20 13:45:00.901 4781 4781 E ArmVmp : Match on catch block at 0xc3 in for 0x95
02-20 13:45:00.942 4781 4781 E ArmVmp : Match on catch block at 0xc3 in for 0x95
02-20 13:45:00.946 4781 4781 E ArmVmp : Match on catch block at 0xc3 in for 0x99
02-20 13:45:00.967 4781 4955 W Codec2Client: query -- param skipped: index =
1342179345.
02-20 13:45:00.967 4781 4955 W Codec2Client: query -- param skipped: index =
2415921170.
02-20 13:45:00.967 4781 4955 W Codec2Client: query -- param skipped: index =
1610614798.
02-20 13:45:00.985 4781 4781 E ArmVmp : Match on catch block at 0xc3 in for 0x95
02-20 13:45:00.988 4781 4781 E ArmVmp : Match on catch block at 0xc3 in for 0x99
02-20 13:45:01.490 4781 4844 W libEGL : EGLNativeWindowType 0xc09c9c08
disconnect failed
02-20 13:45:01.496 4781 4781 E ArmVmp : Match on catch block at 0xc3 in for 0x91
02-20 13:45:01.499 4781 4781 E ArmVmp : Match on catch block at 0xc3 in for 0x95
02-20 13:45:03.570 4781 4844 W libEGL : EGLNativeWindowType 0xbc71f808
disconnect failed
02-20 13:45:04.271 4781 4844 W libEGL : EGLNativeWindowType 0xbc71f808
disconnect failed
02-20 13:45:04.314 4781 4781 E Dialog : show dialog
view=DecorView@6147a75[HomeActivity]
02-20 13:45:04.859 4781 4781 E Dialog : show dialog
view=DecorView@361120f[HomeActivity]
02-20 13:45:08.362 4781 4844 W libEGL : EGLNativeWindowType 0xbad42808
disconnect failed
02-20 13:45:08.654 4781 4844 W libEGL : EGLNativeWindowType 0xbc71f808
disconnect failed
02-20 13:45:08.665 4781 4844 W libEGL : EGLNativeWindowType 0xbc721408
disconnect failed
--------- beginning of main
02-20 13:45:11.035 4976 4976 E com.whatsapp: Not starting debugger since process
cannot load the jdwp agent.
02-20 13:45:11.105 4976 4976 W System.err: java.lang.ClassNotFoundException:
mbmodsd.mbmodsw.ui.views.btn.BtnBK
02-20 13:45:11.106 4976 4976 W System.err: at
java.lang.Runtime.nativeLoad(Native Method)
02-20 13:45:11.106 4976 4976 W System.err: at
java.lang.Runtime.nativeLoad(Runtime.java:1131)
02-20 13:45:11.106 4976 4976 W System.err: at
java.lang.Runtime.loadLibrary0(Runtime.java:1085)
02-20 13:45:11.106 4976 4976 W System.err: at
java.lang.Runtime.loadLibrary0(Runtime.java:1008)
02-20 13:45:11.106 4976 4976 W System.err: at
java.lang.System.loadLibrary(System.java:1664)
02-20 13:45:11.106 4976 4976 W System.err: at arm.EpicVm.<clinit>(Unknown
Source:2)
02-20 13:45:11.106 4976 4976 W System.err: at
java.lang.Class.newInstance(Native Method)
02-20 13:45:11.106 4976 4976 W System.err: at
android.app.AppComponentFactory.instantiateApplication(AppComponentFactory.java:76)
02-20 13:45:11.106 4976 4976 W System.err: at
androidx.core.app.CoreComponentFactory.instantiateApplication(Unknown Source:0)
02-20 13:45:11.106 4976 4976 W System.err: at
android.app.Instrumentation.newApplication(Instrumentation.java:1158)
02-20 13:45:11.106 4976 4976 W System.err: at
android.app.LoadedApk.makeApplication(LoadedApk.java:1268)
02-20 13:45:11.106 4976 4976 W System.err: at
android.app.ActivityThread.handleBindApplication(ActivityThread.java:6889)
02-20 13:45:11.106 4976 4976 W System.err: at
android.app.ActivityThread.access$1300(ActivityThread.java:260)
02-20 13:45:11.106 4976 4976 W System.err: at
android.app.ActivityThread$H.handleMessage(ActivityThread.java:1955)
02-20 13:45:11.106 4976 4976 W System.err: at
android.os.Handler.dispatchMessage(Handler.java:106)
02-20 13:45:11.106 4976 4976 W System.err: at
android.os.Looper.loop(Looper.java:223)
02-20 13:45:11.106 4976 4976 W System.err: at
android.app.ActivityThread.main(ActivityThread.java:7955)
02-20 13:45:11.106 4976 4976 W System.err: at
java.lang.reflect.Method.invoke(Native Method)
02-20 13:45:11.106 4976 4976 W System.err: at
com.android.internal.os.RuntimeInit$MethodAndArgsCaller.run(RuntimeInit.java:603)
02-20 13:45:11.106 4976 4976 W System.err: at
com.android.internal.os.ZygoteInit.main(ZygoteInit.java:947)
02-20 13:45:11.150 4976 4976 E CustomActivityOnCrash: IMPORTANT WARNING! You
already have an UncaughtExceptionHandler, are you sure this is correct? If you use
a custom UncaughtExceptionHandler, you must initialize it AFTER
CustomActivityOnCrash! Installing anyway, but your original handler will not be
called.
02-20 13:45:11.189 4976 4998 W LibraryVersion: Failed to get app version for
libraryName: firebase-iid
02-20 13:45:11.330 4976 4976 W com.whatsapp: Accessing hidden method
Lcom/android/org/conscrypt/OpenSSLSocketImpl;->setUseSessionTickets(Z)V (greylist-
max-q,core-platform-api, reflection, denied)
02-20 13:45:11.330 4976 4976 W com.whatsapp: Accessing hidden method
Lcom/android/org/conscrypt/AbstractConscryptSocket;->setUseSessionTickets(Z)V
(greylist-max-q, reflection, denied)
02-20 13:45:11.365 4976 4976 W com.whatsapp: type=1400 audit(0.0:451622): avc:
granted { execute } for
path="/data/data/com.whatsapp/files/decompressed/libs.spk.zst/libc++_shared.so"
dev="dm-14" ino=63593 scontext=u:r:untrusted_app:s0:c222,c256,c512,c768
tcontext=u:object_r:app_data_file:s0:c222,c256,c512,c768 tclass=file
app=com.whatsapp
02-20 13:45:11.369 4976 4976 W com.whatsapp: type=1400 audit(0.0:451624): avc:
granted { execute } for
path="/data/data/com.whatsapp/files/decompressed/libs.spk.zst/libwhatsapp.so"
dev="dm-14" ino=22115 scontext=u:r:untrusted_app:s0:c222,c256,c512,c768
tcontext=u:object_r:app_data_file:s0:c222,c256,c512,c768 tclass=file
app=com.whatsapp
02-20 13:45:11.401 4976 4976 W com.whatsapp: type=1400 audit(0.0:451625): avc:
granted { execute } for
path="/data/data/com.whatsapp/files/decompressed/libs.spk.zst/libcurve25519.so"
dev="dm-14" ino=21843 scontext=u:r:untrusted_app:s0:c222,c256,c512,c768
tcontext=u:object_r:app_data_file:s0:c222,c256,c512,c768 tclass=file
app=com.whatsapp
02-20 13:45:11.405 4976 4976 W com.whatsapp: type=1400 audit(0.0:451626): avc:
granted { execute } for
path="/data/data/com.whatsapp/files/decompressed/libs.spk.zst/libwhatsapp.so"
dev="dm-14" ino=22115 scontext=u:r:untrusted_app:s0:c222,c256,c512,c768
tcontext=u:object_r:app_data_file:s0:c222,c256,c512,c768 tclass=file
app=com.whatsapp
02-20 13:45:11.405 4976 4976 W com.whatsapp: type=1400 audit(0.0:451628): avc:
granted { execute } for
path="/data/data/com.whatsapp/files/decompressed/libs.spk.zst/libwhatsapp.so"
dev="dm-14" ino=22115 scontext=u:r:untrusted_app:s0:c222,c256,c512,c768
tcontext=u:object_r:app_data_file:s0:c222,c256,c512,c768 tclass=file
app=com.whatsapp
02-20 13:45:11.487 4976 4976 W CheckTime: App running slow: Executing
handleBindApplication : callApplicationOnCreate took 315ms
02-20 13:45:11.507 4976 4976 W com.whatsapp: Class X.0eU failed lock verification
and will run slower.
02-20 13:45:11.507 4976 4976 W com.whatsapp: Common causes for lock verification
issues are non-optimized dex code
02-20 13:45:11.507 4976 4976 W com.whatsapp: and incorrect proguard
optimizations.
02-20 13:45:11.530 4976 5029 W com.whatsapp: Class X.2rL failed lock verification
and will run slower.
02-20 13:45:11.697 4976 4976 W com.whatsapp: Class com.whatsapp.HomeActivity
failed lock verification and will run slower.
02-20 13:45:11.975 4976 4976 E ArmVmp : Match on catch block at 0x0a in for 0xb5
02-20 13:45:12.001 4976 4976 E ArmVmp : Match on catch block at 0x0a in for
0x121
--------- beginning of system
02-20 13:45:12.531 4976 4976 E RecyclerView: No adapter attached; skipping layout
02-20 13:45:12.558 4976 5037 E libc : Access denied finding property
"persist.vendor.sf.fbc"
02-20 13:45:12.558 4976 5037 E libc : Access denied finding property
"persist.vendor.gpu.fbc"
02-20 13:45:12.558 4976 5037 E libc : Access denied finding property
"persist.vendor.vsp.fbc"
02-20 13:45:12.650 4976 4976 E RecyclerView: No adapter attached; skipping layout
02-20 13:45:12.661 4976 4976 E ArmVmp : Match on catch block at 0x0a in for 0xc9
