02-25 09:44:11.499 26940 26940 E ArmVmp : Match on catch block at 0xc3 in for 0x91
02-25 09:44:11.501 26940 26940 E ArmVmp : Match on catch block at 0xc3 in for 0x91
02-25 09:44:11.515 26940 26940 E ArmVmp : Match on catch block at 0xc3 in for 0x95
02-25 09:44:11.518 26940 26940 E ArmVmp : Match on catch block at 0xc3 in for 0x99
02-25 09:44:11.520 26940 26940 E ArmVmp : Match on catch block at 0xc3 in for 0x99
02-25 09:44:12.115 26940 26940 W SoundPool: Use of stream types is deprecated for
operations other than volume control
02-25 09:44:12.115 26940 26940 W SoundPool: See the documentation of SoundPool()
for what to use instead with android.media.AudioAttributes to qualify your playback
use case
02-25 09:44:12.198 26940 26940 W AudioManager: Use of stream types is deprecated
for operations other than volume control
02-25 09:44:12.198 26940 26940 W AudioManager: See the documentation of
requestAudioFocus() for what to use instead with android.media.AudioAttributes to
qualify your playback use case
02-25 09:44:12.233 26940 27139 W SoundPool: play soundID 1 not READY
02-25 09:44:12.275 26940 27419 W Codec2Client: query -- param skipped: index =
1107298332.
02-25 09:44:12.275 26940 27420 W Codec2Client: query -- param skipped: index =
1107298332.
02-25 09:44:12.276 26940 27419 W Codec2Client: query -- param skipped: index =
1342179345.
02-25 09:44:12.276 26940 27419 W Codec2Client: query -- param skipped: index =
2415921170.
02-25 09:44:12.277 26940 27420 W Codec2Client: query -- param skipped: index =
1342179345.
02-25 09:44:12.277 26940 27420 W Codec2Client: query -- param skipped: index =
2415921170.
02-25 09:44:12.287 26940 27419 E FMQ : grantorIdx must be less than 3
02-25 09:44:12.287 26940 27419 E FMQ : grantorIdx must be less than 3
02-25 09:44:12.288 26940 27420 E FMQ : grantorIdx must be less than 3
02-25 09:44:12.288 26940 27420 E FMQ : grantorIdx must be less than 3
02-25 09:44:12.331 26940 27420 E ion : ioctl c0044901 failed with code -1:
Inappropriate ioctl for device
02-25 09:44:12.331 26940 27419 E ion : ioctl c0044901 failed with code -1:
Inappropriate ioctl for device
02-25 09:44:12.357 26940 27419 E FMQ : grantorIdx must be less than 3
02-25 09:44:12.358 26940 27420 E FMQ : grantorIdx must be less than 3
02-25 09:44:12.362 26940 26940 W libOpenSLES: Conversion from OpenSL ES positional
channel mask 0x4 to Android mask 0 loses channels
02-25 09:44:12.365 26940 27424 E FMQ : grantorIdx must be less than 3
02-25 09:44:12.370 26940 27424 E FMQ : grantorIdx must be less than 3
02-25 09:44:12.444 26940 27446 W Codec2Client: query -- param skipped: index =
1107298332.
02-25 09:44:12.444 26940 27446 W Codec2Client: query -- param skipped: index =
1342179345.
02-25 09:44:12.444 26940 27446 W Codec2Client: query -- param skipped: index =
2415921170.
02-25 09:44:12.445 26940 27446 E FMQ : grantorIdx must be less than 3
02-25 09:44:12.445 26940 27446 E FMQ : grantorIdx must be less than 3
02-25 09:44:12.448 26940 27448 W Codec2Client: query -- param skipped: index =
1107298332.
02-25 09:44:12.448 26940 27446 E FMQ : grantorIdx must be less than 3
02-25 09:44:12.450 26940 27448 W Codec2Client: query -- param skipped: index =
1342179345.
02-25 09:44:12.450 26940 27448 W Codec2Client: query -- param skipped: index =
2415921170.
02-25 09:44:12.450 26940 27448 E FMQ : grantorIdx must be less than 3
02-25 09:44:12.450 26940 27448 E FMQ : grantorIdx must be less than 3
02-25 09:44:12.454 26940 27448 E FMQ : grantorIdx must be less than 3
02-25 09:44:12.458 26940 27424 E FMQ : grantorIdx must be less than 3
02-25 09:44:12.464 26940 27424 E FMQ : grantorIdx must be less than 3
02-25 09:44:12.486 26940 26940 E ArmVmp : Match on catch block at 0xc3 in for 0x99
02-25 09:44:12.491 26940 26940 E ArmVmp : Match on catch block at 0xc3 in for 0x91
02-25 09:44:12.497 26940 26940 E ArmVmp : Match on catch block at 0xc3 in for 0x91
02-25 09:44:12.522 26940 26940 E ArmVmp : Match on catch block at 0xc3 in for 0x95
02-25 09:44:12.526 26940 26940 E ArmVmp : Match on catch block at 0xc3 in for 0x99
02-25 09:44:12.530 26940 26940 E ArmVmp : Match on catch block at 0xc3 in for 0x99
02-25 09:44:12.539 26940 26940 E ArmVmp : Match on catch block at 0xc3 in for 0x91
02-25 09:44:12.543 26940 26940 E ArmVmp : Match on catch block at 0xc3 in for 0x95
02-25 09:44:12.546 26940 26940 E ArmVmp : Match on catch block at 0xc3 in for 0x95
02-25 09:44:12.564 26940 26940 E ArmVmp : Match on catch block at 0xc3 in for 0x99
02-25 09:44:12.573 26940 26940 E ArmVmp : Match on catch block at 0xc3 in for 0x91
02-25 09:44:12.579 26940 26940 E ArmVmp : Match on catch block at 0xc3 in for 0x91
02-25 09:44:12.584 26940 27454 W Codec2Client: query -- param skipped: index =
1107298332.
02-25 09:44:12.587 26940 26940 E ArmVmp : Match on catch block at 0xc3 in for 0x95
02-25 09:44:12.589 26940 27454 W Codec2Client: query -- param skipped: index =
1342179345.
02-25 09:44:12.589 26940 27454 W Codec2Client: query -- param skipped: index =
2415921170.
02-25 09:44:12.589 26940 27454 E FMQ : grantorIdx must be less than 3
02-25 09:44:12.590 26940 27454 E FMQ : grantorIdx must be less than 3
02-25 09:44:12.595 26940 26940 E ArmVmp : Match on catch block at 0xc3 in for 0x99
02-25 09:44:12.595 26940 27454 E FMQ : grantorIdx must be less than 3
02-25 09:44:12.603 26940 26940 E ArmVmp : Match on catch block at 0xc3 in for 0x99
02-25 09:44:12.615 26940 27424 E FMQ : grantorIdx must be less than 3
02-25 09:44:12.699 26940 27462 W Codec2Client: query -- param skipped: index =
1107298332.
02-25 09:44:12.702 26940 27462 W Codec2Client: query -- param skipped: index =
1342179345.
02-25 09:44:12.702 26940 27462 W Codec2Client: query -- param skipped: index =
2415921170.
02-25 09:44:12.703 26940 27462 E FMQ : grantorIdx must be less than 3
02-25 09:44:12.703 26940 27462 E FMQ : grantorIdx must be less than 3
02-25 09:44:12.708 26940 27462 E FMQ : grantorIdx must be less than 3
02-25 09:44:12.709 26940 26940 W AudioRecord: restoreRecord_l(14301): dead
IAudioRecord, creating a new one from start()
02-25 09:44:12.722 26940 27424 E FMQ : grantorIdx must be less than 3
02-25 09:44:12.947 26940 26940 E ArmVmp : Match on catch block at 0xc3 in for 0x95
02-25 09:44:12.951 26940 26940 E ArmVmp : Match on catch block at 0xc3 in for 0x99
02-25 09:44:12.953 26940 26940 E ArmVmp : Match on catch block at 0xc3 in for 0x99
02-25 09:44:12.959 26940 26940 E ArmVmp : Match on catch block at 0xc3 in for 0x95
02-25 09:44:12.961 26940 26940 E ArmVmp : Match on catch block at 0xc3 in for 0x99
02-25 09:44:12.963 26940 26940 E ArmVmp : Match on catch block at 0xc3 in for 0x99
02-25 09:44:12.992 26940 26940 E ArmVmp : Match on catch block at 0xc3 in for 0x91
02-25 09:44:12.995 26940 26940 E ArmVmp : Match on catch block at 0xc3 in for 0x95
02-25 09:44:12.997 26940 26940 E ArmVmp : Match on catch block at 0xc3 in for 0x95
02-25 09:44:13.006 26940 26940 E ArmVmp : Match on catch block at 0xc3 in for 0x91
02-25 09:44:13.008 26940 26940 E ArmVmp : Match on catch block at 0xc3 in for 0x95
02-25 09:44:13.010 26940 26940 E ArmVmp : Match on catch block at 0xc3 in for 0x95
02-25 09:44:13.017 26940 26940 E ArmVmp : Match on catch block at 0xc3 in for 0x99
02-25 09:44:13.020 26940 26940 E ArmVmp : Match on catch block at 0xc3 in for 0x91
02-25 09:44:13.021 26940 26940 E ArmVmp : Match on catch block at 0xc3 in for 0x91
02-25 09:44:13.034 26940 26940 E ArmVmp : Match on catch block at 0xc3 in for 0x99
02-25 09:44:13.036 26940 26940 E ArmVmp : Match on catch block at 0xc3 in for 0x91
02-25 09:44:13.038 26940 26940 E ArmVmp : Match on catch block at 0xc3 in for 0x91
02-25 09:44:13.051 26940 26940 E ArmVmp : Match on catch block at 0xc3 in for 0x99
02-25 09:44:13.054 26940 26940 E ArmVmp : Match on catch block at 0xc3 in for 0x91
02-25 09:44:13.056 26940 26940 E ArmVmp : Match on catch block at 0xc3 in for 0x91
02-25 09:44:13.067 26940 26940 E ArmVmp : Match on catch block at 0xc3 in for 0x95
02-25 09:44:13.070 26940 26940 E ArmVmp : Match on catch block at 0xc3 in for 0x99
02-25 09:44:13.072 26940 26940 E ArmVmp : Match on catch block at 0xc3 in for 0x99
02-25 09:44:13.084 26940 26940 E ArmVmp : Match on catch block at 0xc3 in for 0x91
02-25 09:44:13.086 26940 26940 E ArmVmp : Match on catch block at 0xc3 in for 0x95
02-25 09:44:13.088 26940 26940 E ArmVmp : Match on catch block at 0xc3 in for 0x95
02-25 09:44:13.100 26940 26940 E ArmVmp : Match on catch block at 0xc3 in for 0x99
02-25 09:44:13.103 26940 26940 E ArmVmp : Match on catch block at 0xc3 in for 0x91
02-25 09:44:13.105 26940 26940 E ArmVmp : Match on catch block at 0xc3 in for 0x91
02-25 09:44:13.118 26940 26940 E ArmVmp : Match on catch block at 0xc3 in for 0x95
02-25 09:44:13.122 26940 26940 E ArmVmp : Match on catch block at 0xc3 in for 0x99
02-25 09:44:13.125 26940 26940 E ArmVmp : Match on catch block at 0xc3 in for 0x99
02-25 09:44:13.135 26940 26940 E ArmVmp : Match on catch block at 0xc3 in for 0x91
02-25 09:44:13.139 26940 26940 E ArmVmp : Match on catch block at 0xc3 in for 0x95
02-25 09:44:13.141 26940 26940 E ArmVmp : Match on catch block at 0xc3 in for 0x95
02-25 09:44:13.152 26940 26940 E ArmVmp : Match on catch block at 0xc3 in for 0x99
02-25 09:44:13.156 26940 26940 E ArmVmp : Match on catch block at 0xc3 in for 0x91
02-25 09:44:13.158 26940 26940 E ArmVmp : Match on catch block at 0xc3 in for 0x91
02-25 09:44:13.169 26940 26940 E ArmVmp : Match on catch block at 0xc3 in for 0x95
02-25 09:44:13.172 26940 26940 E ArmVmp : Match on catch block at 0xc3 in for 0x99
02-25 09:44:13.175 26940 26940 E ArmVmp : Match on catch block at 0xc3 in for 0x99
02-25 09:44:13.186 26940 26940 E ArmVmp : Match on catch block at 0xc3 in for 0x91
02-25 09:44:13.189 26940 26940 E ArmVmp : Match on catch block at 0xc3 in for 0x95
02-25 09:44:13.192 26940 26940 E ArmVmp : Match on catch block at 0xc3 in for 0x95
02-25 09:44:13.206 26940 26940 E ArmVmp : Match on catch block at 0xc3 in for 0x95
02-25 09:44:13.210 26940 26940 E ArmVmp : Match on catch block at 0xc3 in for 0x99
02-25 09:44:13.213 26940 26940 E ArmVmp : Match on catch block at 0xc3 in for 0x99
02-25 09:44:13.226 26940 26940 E ArmVmp : Match on catch block at 0xc3 in for 0x91
02-25 09:44:13.229 26940 26940 E ArmVmp : Match on catch block at 0xc3 in for 0x95
02-25 09:44:13.232 26940 26940 E ArmVmp : Match on catch block at 0xc3 in for 0x95
02-25 09:44:13.237 26940 26940 E ArmVmp : Match on catch block at 0xc3 in for 0x99
02-25 09:44:13.240 26940 26940 E ArmVmp : Match on catch block at 0xc3 in for 0x91
02-25 09:44:13.242 26940 26940 E ArmVmp : Match on catch block at 0xc3 in for 0x91
02-25 09:44:13.250 26940 26940 E ArmVmp : Match on catch block at 0xc3 in for 0x95
02-25 09:44:13.252 26940 26940 E ArmVmp : Match on catch block at 0xc3 in for 0x99
02-25 09:44:13.254 26940 26940 E ArmVmp : Match on catch block at 0xc3 in for 0x99
02-25 09:44:13.267 26940 26940 E ArmVmp : Match on catch block at 0xc3 in for 0x91
02-25 09:44:13.270 26940 26940 E ArmVmp : Match on catch block at 0xc3 in for 0x95
02-25 09:44:13.271 26940 26940 E ArmVmp : Match on catch block at 0xc3 in for 0x95
02-25 09:44:13.284 26940 26940 E ArmVmp : Match on catch block at 0xc3 in for 0x91
02-25 09:44:13.288 26940 26940 E ArmVmp : Match on catch block at 0xc3 in for 0x95
02-25 09:44:13.290 26940 26940 E ArmVmp : Match on catch block at 0xc3 in for 0x95
02-25 09:44:13.301 26940 26940 E ArmVmp : Match on catch block at 0xc3 in for 0x99
02-25 09:44:13.304 26940 26940 E ArmVmp : Match on catch block at 0xc3 in for 0x91
02-25 09:44:13.306 26940 26940 E ArmVmp : Match on catch block at 0xc3 in for 0x91
02-25 09:44:13.317 26940 26940 E ArmVmp : Match on catch block at 0xc3 in for 0x95
02-25 09:44:13.320 26940 26940 E ArmVmp : Match on catch block at 0xc3 in for 0x99
02-25 09:44:13.322 26940 26940 E ArmVmp : Match on catch block at 0xc3 in for 0x99
02-25 09:44:13.419 26940 26940 E ArmVmp : Match on catch block at 0xc3 in for 0x95
02-25 09:44:13.421 26940 26940 E ArmVmp : Match on catch block at 0xc3 in for 0x99
02-25 09:44:13.423 26940 26940 E ArmVmp : Match on catch block at 0xc3 in for 0x99
02-25 09:44:13.532 26940 26940 E ArmVmp : Match on catch block at 0xc3 in for 0x95
02-25 09:44:13.535 26940 26940 E ArmVmp : Match on catch block at 0xc3 in for 0x99
02-25 09:44:13.537 26940 26940 E ArmVmp : Match on catch block at 0xc3 in for 0x99
02-25 09:44:13.545 26940 26940 E ArmVmp : Match on catch block at 0xc3 in for 0x95
02-25 09:44:13.548 26940 26940 E ArmVmp : Match on catch block at 0xc3 in for 0x99
02-25 09:44:13.550 26940 26940 E ArmVmp : Match on catch block at 0xc3 in for 0x99
02-25 09:44:13.556 26940 26940 E ArmVmp : Match on catch block at 0xc3 in for 0x95
02-25 09:44:13.558 26940 26940 E ArmVmp : Match on catch block at 0xc3 in for 0x99
02-25 09:44:13.561 26940 26940 E ArmVmp : Match on catch block at 0xc3 in for 0x99
02-25 09:44:13.567 26940 26940 E ArmVmp : Match on catch block at 0xc3 in for 0x91
02-25 09:44:13.574 26940 26940 E ArmVmp : Match on catch block at 0xc3 in for 0x95
02-25 09:44:13.576 26940 26940 E ArmVmp : Match on catch block at 0xc3 in for 0x95
02-25 09:44:13.584 26940 26940 E ArmVmp : Match on catch block at 0xc3 in for 0x99
02-25 09:44:13.587 26940 26940 E ArmVmp : Match on catch block at 0xc3 in for 0x91
02-25 09:44:13.591 26940 26940 E ArmVmp : Match on catch block at 0xc3 in for 0x91
02-25 09:44:13.601 26940 26940 E ArmVmp : Match on catch block at 0xc3 in for 0x95
02-25 09:44:13.603 26940 26940 E ArmVmp : Match on catch block at 0xc3 in for 0x99
02-25 09:44:13.606 26940 26940 E ArmVmp : Match on catch block at 0xc3 in for 0x99
02-25 09:44:13.617 26940 26940 E ArmVmp : Match on catch block at 0xc3 in for 0x91
02-25 09:44:13.620 26940 26940 E ArmVmp : Match on catch block at 0xc3 in for 0x95
02-25 09:44:13.623 26940 26940 E ArmVmp : Match on catch block at 0xc3 in for 0x95
02-25 09:44:13.634 26940 26940 E ArmVmp : Match on catch block at 0xc3 in for 0x99
02-25 09:44:13.637 26940 26940 E ArmVmp : Match on catch block at 0xc3 in for 0x91
02-25 09:44:13.639 26940 26940 E ArmVmp : Match on catch block at 0xc3 in for 0x91
02-25 09:44:13.651 26940 26940 E ArmVmp : Match on catch block at 0xc3 in for 0x95
02-25 09:44:13.653 26940 26940 E ArmVmp : Match on catch block at 0xc3 in for 0x99
02-25 09:44:13.655 26940 26940 E ArmVmp : Match on catch block at 0xc3 in for 0x99
02-25 09:44:13.667 26940 26940 E ArmVmp : Match on catch block at 0xc3 in for 0x91
02-25 09:44:13.671 26940 26940 E ArmVmp : Match on catch block at 0xc3 in for 0x95
02-25 09:44:13.673 26940 26940 E ArmVmp : Match on catch block at 0xc3 in for 0x95
02-25 09:44:13.684 26940 26940 E ArmVmp : Match on catch block at 0xc3 in for 0x99
02-25 09:44:13.688 26940 26940 E ArmVmp : Match on catch block at 0xc3 in for 0x91
02-25 09:44:13.690 26940 26940 E ArmVmp : Match on catch block at 0xc3 in for 0x91
02-25 09:44:13.703 26940 26940 E ArmVmp : Match on catch block at 0xc3 in for 0x95
02-25 09:44:13.706 26940 26940 E ArmVmp : Match on catch block at 0xc3 in for 0x99
02-25 09:44:13.710 26940 26940 E ArmVmp : Match on catch block at 0xc3 in for 0x99
02-25 09:44:13.717 26940 26940 E ArmVmp : Match on catch block at 0xc3 in for 0x91
02-25 09:44:13.720 26940 26940 E ArmVmp : Match on catch block at 0xc3 in for 0x95
02-25 09:44:13.721 26940 26940 E ArmVmp : Match on catch block at 0xc3 in for 0x95
02-25 09:44:13.734 26940 26940 E ArmVmp : Match on catch block at 0xc3 in for 0x99
02-25 09:44:13.736 26940 26940 E ArmVmp : Match on catch block at 0xc3 in for 0x91
02-25 09:44:13.738 26940 26940 E ArmVmp : Match on catch block at 0xc3 in for 0x91
02-25 09:44:13.751 26940 26940 E ArmVmp : Match on catch block at 0xc3 in for 0x95
02-25 09:44:13.755 26940 26940 E ArmVmp : Match on catch block at 0xc3 in for 0x99
02-25 09:44:13.758 26940 26940 E ArmVmp : Match on catch block at 0xc3 in for 0x99
02-25 09:44:13.768 26940 26940 E ArmVmp : Match on catch block at 0xc3 in for 0x91
02-25 09:44:13.772 26940 26940 E ArmVmp : Match on catch block at 0xc3 in for 0x95
02-25 09:44:13.774 26940 26940 E ArmVmp : Match on catch block at 0xc3 in for 0x95
02-25 09:44:13.784 26940 26940 E ArmVmp : Match on catch block at 0xc3 in for 0x99
02-25 09:44:13.788 26940 26940 E ArmVmp : Match on catch block at 0xc3 in for 0x91
02-25 09:44:13.791 26940 26940 E ArmVmp : Match on catch block at 0xc3 in for 0x91
02-25 09:44:13.801 26940 26940 E ArmVmp : Match on catch block at 0xc3 in for 0x95
02-25 09:44:13.805 26940 26940 E ArmVmp : Match on catch block at 0xc3 in for 0x99
02-25 09:44:13.809 26940 26940 E ArmVmp : Match on catch block at 0xc3 in for 0x99
02-25 09:44:13.821 26940 26940 E ArmVmp : Match on catch block at 0xc3 in for 0x99
02-25 09:44:13.827 26940 26940 E ArmVmp : Match on catch block at 0xc3 in for 0x91
02-25 09:44:13.832 26940 26940 E ArmVmp : Match on catch block at 0xc3 in for 0x91
02-25 09:44:13.838 26940 26940 E ArmVmp : Match on catch block at 0xc3 in for 0x99
02-25 09:44:13.841 26940 26940 E ArmVmp : Match on catch block at 0xc3 in for 0x91
02-25 09:44:13.844 26940 26940 E ArmVmp : Match on catch block at 0xc3 in for 0x91
02-25 09:44:13.851 26940 26940 E ArmVmp : Match on catch block at 0xc3 in for 0x95
02-25 09:44:13.854 26940 26940 E ArmVmp : Match on catch block at 0xc3 in for 0x99
02-25 09:44:13.857 26940 26940 E ArmVmp : Match on catch block at 0xc3 in for 0x99
02-25 09:44:13.868 26940 26940 E ArmVmp : Match on catch block at 0xc3 in for 0x91
02-25 09:44:13.872 26940 26940 E ArmVmp : Match on catch block at 0xc3 in for 0x95
02-25 09:44:13.875 26940 26940 E ArmVmp : Match on catch block at 0xc3 in for 0x95
02-25 09:44:13.885 26940 26940 E ArmVmp : Match on catch block at 0xc3 in for 0x99
02-25 09:44:13.888 26940 26940 E ArmVmp : Match on catch block at 0xc3 in for 0x91
02-25 09:44:13.889 26940 26940 E ArmVmp : Match on catch block at 0xc3 in for 0x91
02-25 09:44:13.901 26940 26940 E ArmVmp : Match on catch block at 0xc3 in for 0x95
02-25 09:44:13.905 26940 26940 E ArmVmp : Match on catch block at 0xc3 in for 0x99
02-25 09:44:13.907 26940 26940 E ArmVmp : Match on catch block at 0xc3 in for 0x99
02-25 09:44:13.918 26940 26940 E ArmVmp : Match on catch block at 0xc3 in for 0x95
02-25 09:44:13.920 26940 26940 E ArmVmp : Match on catch block at 0xc3 in for 0x99
02-25 09:44:13.922 26940 26940 E ArmVmp : Match on catch block at 0xc3 in for 0x99
02-25 09:44:13.934 26940 26940 E ArmVmp : Match on catch block at 0xc3 in for 0x91
02-25 09:44:13.938 26940 26940 E ArmVmp : Match on catch block at 0xc3 in for 0x95
02-25 09:44:13.940 26940 26940 E ArmVmp : Match on catch block at 0xc3 in for 0x95
02-25 09:44:13.961 26940 26940 E ArmVmp : Match on catch block at 0xc3 in for 0x99
02-25 09:44:13.964 26940 26940 E ArmVmp : Match on catch block at 0xc3 in for 0x91
02-25 09:44:13.968 26940 26940 E ArmVmp : Match on catch block at 0xc3 in for 0x91
02-25 09:44:13.980 26940 26940 E ArmVmp : Match on catch block at 0xc3 in for 0x99
02-25 09:44:13.983 26940 26940 E ArmVmp : Match on catch block at 0xc3 in for 0x91
02-25 09:44:13.986 26940 26940 E ArmVmp : Match on catch block at 0xc3 in for 0x91
02-25 09:44:13.993 26940 26940 E ArmVmp : Match on catch block at 0xc3 in for 0x95
02-25 09:44:13.997 26940 26940 E ArmVmp : Match on catch block at 0xc3 in for 0x99
02-25 09:44:13.999 26940 26940 E ArmVmp : Match on catch block at 0xc3 in for 0x99
02-25 09:44:14.004 26940 26940 E ArmVmp : Match on catch block at 0xc3 in for 0x91
02-25 09:44:14.010 26940 26940 E ArmVmp : Match on catch block at 0xc3 in for 0x95
02-25 09:44:14.012 26940 26940 E ArmVmp : Match on catch block at 0xc3 in for 0x95
02-25 09:44:14.018 26940 26940 E ArmVmp : Match on catch block at 0xc3 in for 0x99
02-25 09:44:14.024 26940 26940 E ArmVmp : Match on catch block at 0xc3 in for 0x91
02-25 09:44:14.027 26940 26940 E ArmVmp : Match on catch block at 0xc3 in for 0x91
02-25 09:44:14.034 26940 26940 E ArmVmp : Match on catch block at 0xc3 in for 0x99
02-25 09:44:14.037 26940 26940 E ArmVmp : Match on catch block at 0xc3 in for 0x91
02-25 09:44:14.039 26940 26940 E ArmVmp : Match on catch block at 0xc3 in for 0x91
02-25 09:44:14.051 26940 26940 E ArmVmp : Match on catch block at 0xc3 in for 0x95
02-25 09:44:14.053 26940 26940 E ArmVmp : Match on catch block at 0xc3 in for 0x99
02-25 09:44:14.059 26940 26940 E ArmVmp : Match on catch block at 0xc3 in for 0x99
02-25 09:44:14.069 26940 26940 E ArmVmp : Match on catch block at 0xc3 in for 0x91
02-25 09:44:14.073 26940 26940 E ArmVmp : Match on catch block at 0xc3 in for 0x95
02-25 09:44:14.075 26940 26940 E ArmVmp : Match on catch block at 0xc3 in for 0x95
02-25 09:44:14.094 26940 26940 E ArmVmp : Match on catch block at 0xc3 in for 0x91
02-25 09:44:14.101 26940 26940 E ArmVmp : Match on catch block at 0xc3 in for 0x95
02-25 09:44:14.102 26940 26940 E ArmVmp : Match on catch block at 0xc3 in for 0x95
02-25 09:44:14.106 26940 26940 E ArmVmp : Match on catch block at 0xc3 in for 0x99
02-25 09:44:14.111 26940 26940 E ArmVmp : Match on catch block at 0xc3 in for 0x91
02-25 09:44:14.112 26940 26940 E ArmVmp : Match on catch block at 0xc3 in for 0x91
02-25 09:44:14.117 26940 26940 E ArmVmp : Match on catch block at 0xc3 in for 0x95
02-25 09:44:14.120 26940 26940 E ArmVmp : Match on catch block at 0xc3 in for 0x99
02-25 09:44:14.122 26940 26940 E ArmVmp : Match on catch block at 0xc3 in for 0x99
02-25 09:44:14.134 26940 26940 E ArmVmp : Match on catch block at 0xc3 in for 0x91
02-25 09:44:14.137 26940 26940 E ArmVmp : Match on catch block at 0xc3 in for 0x95
02-25 09:44:14.138 26940 26940 E ArmVmp : Match on catch block at 0xc3 in for 0x95
02-25 09:44:14.152 26940 26940 E ArmVmp : Match on catch block at 0xc3 in for 0x95
02-25 09:44:14.155 26940 26940 E ArmVmp : Match on catch block at 0xc3 in for 0x99
02-25 09:44:14.157 26940 26940 E ArmVmp : Match on catch block at 0xc3 in for 0x99
02-25 09:44:14.168 26940 26940 E ArmVmp : Match on catch block at 0xc3 in for 0x91
02-25 09:44:14.171 26940 26940 E ArmVmp : Match on catch block at 0xc3 in for 0x95
02-25 09:44:14.174 26940 26940 E ArmVmp : Match on catch block at 0xc3 in for 0x95
02-25 09:44:14.184 26940 26940 E ArmVmp : Match on catch block at 0xc3 in for 0x99
02-25 09:44:14.187 26940 26940 E ArmVmp : Match on catch block at 0xc3 in for 0x91
02-25 09:44:14.193 26940 26940 E ArmVmp : Match on catch block at 0xc3 in for 0x91
02-25 09:44:14.201 26940 26940 E ArmVmp : Match on catch block at 0xc3 in for 0x99
02-25 09:44:14.209 26940 26940 E ArmVmp : Match on catch block at 0xc3 in for 0x91
02-25 09:44:14.212 26940 26940 E ArmVmp : Match on catch block at 0xc3 in for 0x91
02-25 09:44:14.218 26940 26940 E ArmVmp : Match on catch block at 0xc3 in for 0x95
02-25 09:44:14.222 26940 26940 E ArmVmp : Match on catch block at 0xc3 in for 0x99
02-25 09:44:14.233 26940 26940 E ArmVmp : Match on catch block at 0xc3 in for 0x99
02-25 09:44:14.239 26940 26940 E ArmVmp : Match on catch block at 0xc3 in for 0x91
02-25 09:44:14.243 26940 26940 E ArmVmp : Match on catch block at 0xc3 in for 0x95
02-25 09:44:14.257 26940 26940 E ArmVmp : Match on catch block at 0xc3 in for 0x95
02-25 09:44:14.261 26940 26940 E ArmVmp : Match on catch block at 0xc3 in for 0x99
02-25 09:44:14.263 26940 26940 E ArmVmp : Match on catch block at 0xc3 in for 0x99
02-25 09:44:14.275 26940 26940 E ArmVmp : Match on catch block at 0xc3 in for 0x99
02-25 09:44:14.283 26940 26940 E ArmVmp : Match on catch block at 0xc3 in for 0x91
02-25 09:44:14.287 26940 26940 E ArmVmp : Match on catch block at 0xc3 in for 0x91
02-25 09:44:14.295 26940 26940 E ArmVmp : Match on catch block at 0xc3 in for 0x95
02-25 09:44:14.298 26940 26940 E ArmVmp : Match on catch block at 0xc3 in for 0x99
02-25 09:44:14.301 26940 26940 E ArmVmp : Match on catch block at 0xc3 in for 0x99
02-25 09:44:14.309 26940 26940 E ArmVmp : Match on catch block at 0xc3 in for 0x95
02-25 09:44:14.313 26940 26940 E ArmVmp : Match on catch block at 0xc3 in for 0x99
02-25 09:44:14.315 26940 26940 E ArmVmp : Match on catch block at 0xc3 in for 0x99
02-25 09:44:14.319 26940 26940 E ArmVmp : Match on catch block at 0xc3 in for 0x91
02-25 09:44:14.323 26940 26940 E ArmVmp : Match on catch block at 0xc3 in for 0x95
02-25 09:44:14.326 26940 26940 E ArmVmp : Match on catch block at 0xc3 in for 0x95
02-25 09:44:14.334 26940 26940 E ArmVmp : Match on catch block at 0xc3 in for 0x99
02-25 09:44:14.338 26940 26940 E ArmVmp : Match on catch block at 0xc3 in for 0x91
02-25 09:44:14.344 26940 26940 E ArmVmp : Match on catch block at 0xc3 in for 0x91
02-25 09:44:14.351 26940 26940 E ArmVmp : Match on catch block at 0xc3 in for 0x95
02-25 09:44:14.356 26940 26940 E ArmVmp : Match on catch block at 0xc3 in for 0x99
02-25 09:44:14.363 26940 26940 E ArmVmp : Match on catch block at 0xc3 in for 0x99
02-25 09:44:14.369 26940 26940 E ArmVmp : Match on catch block at 0xc3 in for 0x95
02-25 09:44:14.372 26940 26940 E ArmVmp : Match on catch block at 0xc3 in for 0x99
02-25 09:44:14.374 26940 26940 E ArmVmp : Match on catch block at 0xc3 in for 0x99
02-25 09:44:14.385 26940 26940 E ArmVmp : Match on catch block at 0xc3 in for 0x91
02-25 09:44:14.387 26940 26940 E ArmVmp : Match on catch block at 0xc3 in for 0x95
02-25 09:44:14.390 26940 26940 E ArmVmp : Match on catch block at 0xc3 in for 0x95
02-25 09:44:14.401 26940 26940 E ArmVmp : Match on catch block at 0xc3 in for 0x99
02-25 09:44:14.404 26940 26940 E ArmVmp : Match on catch block at 0xc3 in for 0x91
02-25 09:44:14.407 26940 26940 E ArmVmp : Match on catch block at 0xc3 in for 0x91
02-25 09:44:14.420 26940 26940 E ArmVmp : Match on catch block at 0xc3 in for 0x95
02-25 09:44:14.426 26940 26940 E ArmVmp : Match on catch block at 0xc3 in for 0x99
02-25 09:44:14.428 26940 26940 E ArmVmp : Match on catch block at 0xc3 in for 0x99
02-25 09:44:14.439 26940 26940 E ArmVmp : Match on catch block at 0xc3 in for 0x95
02-25 09:44:14.445 26940 26940 E ArmVmp : Match on catch block at 0xc3 in for 0x99
02-25 09:44:14.447 26940 26940 E ArmVmp : Match on catch block at 0xc3 in for 0x99
02-25 09:44:14.476 26940 26940 E ArmVmp : Match on catch block at 0xc3 in for 0x99
02-25 09:44:14.478 26940 26940 E ArmVmp : Match on catch block at 0xc3 in for 0x91
02-25 09:44:14.480 26940 26940 E ArmVmp : Match on catch block at 0xc3 in for 0x91
02-25 09:44:14.484 26940 26940 E ArmVmp : Match on catch block at 0xc3 in for 0x95
02-25 09:44:14.487 26940 26940 E ArmVmp : Match on catch block at 0xc3 in for 0x99
02-25 09:44:14.489 26940 26940 E ArmVmp : Match on catch block at 0xc3 in for 0x99
02-25 09:44:14.501 26940 26940 E ArmVmp : Match on catch block at 0xc3 in for 0x95
02-25 09:44:14.504 26940 26940 E ArmVmp : Match on catch block at 0xc3 in for 0x99
02-25 09:44:14.508 26940 26940 E ArmVmp : Match on catch block at 0xc3 in for 0x99
02-25 09:44:14.518 26940 26940 E ArmVmp : Match on catch block at 0xc3 in for 0x91
02-25 09:44:14.520 26940 26940 E ArmVmp : Match on catch block at 0xc3 in for 0x95
02-25 09:44:14.522 26940 26940 E ArmVmp : Match on catch block at 0xc3 in for 0x95
02-25 09:44:14.535 26940 26940 E ArmVmp : Match on catch block at 0xc3 in for 0x99
02-25 09:44:14.538 26940 26940 E ArmVmp : Match on catch block at 0xc3 in for 0x91
02-25 09:44:14.540 26940 26940 E ArmVmp : Match on catch block at 0xc3 in for 0x91
02-25 09:44:14.551 26940 26940 E ArmVmp : Match on catch block at 0xc3 in for 0x99
02-25 09:44:14.554 26940 26940 E ArmVmp : Match on catch block at 0xc3 in for 0x91
02-25 09:44:14.556 26940 26940 E ArmVmp : Match on catch block at 0xc3 in for 0x91
02-25 09:44:14.568 26940 26940 E ArmVmp : Match on catch block at 0xc3 in for 0x95
02-25 09:44:14.572 26940 26940 E ArmVmp : Match on catch block at 0xc3 in for 0x99
02-25 09:44:14.575 26940 26940 E ArmVmp : Match on catch block at 0xc3 in for 0x99
02-25 09:44:14.586 26940 26940 E ArmVmp : Match on catch block at 0xc3 in for 0x91
02-25 09:44:14.596 26940 26940 E ArmVmp : Match on catch block at 0xc3 in for 0x95
02-25 09:44:14.598 26940 26940 E ArmVmp : Match on catch block at 0xc3 in for 0x95
02-25 09:44:14.606 26940 26940 E ArmVmp : Match on catch block at 0xc3 in for 0x91
02-25 09:44:14.609 26940 26940 E ArmVmp : Match on catch block at 0xc3 in for 0x95
02-25 09:44:14.610 26940 26940 E ArmVmp : Match on catch block at 0xc3 in for 0x95
02-25 09:44:14.618 26940 26940 E ArmVmp : Match on catch block at 0xc3 in for 0x99
02-25 09:44:14.621 26940 26940 E ArmVmp : Match on catch block at 0xc3 in for 0x91
02-25 09:44:14.623 26940 26940 E ArmVmp : Match on catch block at 0xc3 in for 0x91
02-25 09:44:14.635 26940 26940 E ArmVmp : Match on catch block at 0xc3 in for 0x95
02-25 09:44:14.638 26940 26940 E ArmVmp : Match on catch block at 0xc3 in for 0x99
02-25 09:44:14.640 26940 26940 E ArmVmp : Match on catch block at 0xc3 in for 0x99
02-25 09:44:14.651 26940 26940 E ArmVmp : Match on catch block at 0xc3 in for 0x91
02-25 09:44:14.654 26940 26940 E ArmVmp : Match on catch block at 0xc3 in for 0x95
02-25 09:44:14.655 26940 26940 E ArmVmp : Match on catch block at 0xc3 in for 0x95
02-25 09:44:14.668 26940 26940 E ArmVmp : Match on catch block at 0xc3 in for 0x91
02-25 09:44:14.671 26940 26940 E ArmVmp : Match on catch block at 0xc3 in for 0x95
02-25 09:44:14.673 26940 26940 E ArmVmp : Match on catch block at 0xc3 in for 0x95
02-25 09:44:14.685 26940 26940 E ArmVmp : Match on catch block at 0xc3 in for 0x99
02-25 09:44:14.688 26940 26940 E ArmVmp : Match on catch block at 0xc3 in for 0x91
02-25 09:44:14.690 26940 26940 E ArmVmp : Match on catch block at 0xc3 in for 0x91
02-25 09:44:14.702 26940 26940 E ArmVmp : Match on catch block at 0xc3 in for 0x95
02-25 09:44:14.704 26940 26940 E ArmVmp : Match on catch block at 0xc3 in for 0x99
02-25 09:44:14.706 26940 26940 E ArmVmp : Match on catch block at 0xc3 in for 0x99
02-25 09:44:14.769 26940 26940 E ArmVmp : Match on catch block at 0xc3 in for 0x99
02-25 09:44:14.773 26940 26940 E ArmVmp : Match on catch block at 0xc3 in for 0x91
02-25 09:44:14.776 26940 26940 E ArmVmp : Match on catch block at 0xc3 in for 0x91
02-25 09:44:14.786 26940 26940 E ArmVmp : Match on catch block at 0xc3 in for 0x95
02-25 09:44:14.791 26940 26940 E ArmVmp : Match on catch block at 0xc3 in for 0x99
02-25 09:44:14.794 26940 26940 E ArmVmp : Match on catch block at 0xc3 in for 0x99
02-25 09:44:14.804 26940 26940 E ArmVmp : Match on catch block at 0xc3 in for 0x91
02-25 09:44:14.807 26940 26940 E ArmVmp : Match on catch block at 0xc3 in for 0x95
02-25 09:44:14.817 26940 26940 E ArmVmp : Match on catch block at 0xc3 in for 0x95
02-25 09:44:14.822 26940 26940 E ArmVmp : Match on catch block at 0xc3 in for 0x99
02-25 09:44:14.826 26940 26940 E ArmVmp : Match on catch block at 0xc3 in for 0x91
02-25 09:44:14.828 26940 26940 E ArmVmp : Match on catch block at 0xc3 in for 0x91
02-25 09:44:14.836 26940 26940 E ArmVmp : Match on catch block at 0xc3 in for 0x95
02-25 09:44:14.840 26940 26940 E ArmVmp : Match on catch block at 0xc3 in for 0x99
02-25 09:44:14.842 26940 26940 E ArmVmp : Match on catch block at 0xc3 in for 0x99
02-25 09:44:14.853 26940 26940 E ArmVmp : Match on catch block at 0xc3 in for 0x91
02-25 09:44:14.857 26940 26940 E ArmVmp : Match on catch block at 0xc3 in for 0x95
02-25 09:44:14.859 26940 26940 E ArmVmp : Match on catch block at 0xc3 in for 0x95
02-25 09:44:14.869 26940 26940 E ArmVmp : Match on catch block at 0xc3 in for 0x99
02-25 09:44:14.874 26940 26940 E ArmVmp : Match on catch block at 0xc3 in for 0x91
02-25 09:44:14.877 26940 26940 E ArmVmp : Match on catch block at 0xc3 in for 0x91
02-25 09:44:14.886 26940 26940 E ArmVmp : Match on catch block at 0xc3 in for 0x95
02-25 09:44:14.889 26940 26940 E ArmVmp : Match on catch block at 0xc3 in for 0x99
02-25 09:44:14.892 26940 26940 E ArmVmp : Match on catch block at 0xc3 in for 0x99
02-25 09:44:14.903 26940 26940 E ArmVmp : Match on catch block at 0xc3 in for 0x91
02-25 09:44:14.906 26940 26940 E ArmVmp : Match on catch block at 0xc3 in for 0x95
02-25 09:44:14.908 26940 26940 E ArmVmp : Match on catch block at 0xc3 in for 0x95
02-25 09:44:14.919 26940 26940 E ArmVmp : Match on catch block at 0xc3 in for 0x99
02-25 09:44:14.922 26940 26940 E ArmVmp : Match on catch block at 0xc3 in for 0x91
02-25 09:44:14.936 26940 26940 E ArmVmp : Match on catch block at 0xc3 in for 0x91
02-25 09:44:14.940 26940 26940 E ArmVmp : Match on catch block at 0xc3 in for 0x95
02-25 09:44:14.942 26940 26940 E ArmVmp : Match on catch block at 0xc3 in for 0x95
02-25 09:44:14.953 26940 26940 E ArmVmp : Match on catch block at 0xc3 in for 0x99
02-25 09:44:14.957 26940 26940 E ArmVmp : Match on catch block at 0xc3 in for 0x91
02-25 09:44:14.969 26940 26940 E ArmVmp : Match on catch block at 0xc3 in for 0x91
02-25 09:44:14.973 26940 26940 E ArmVmp : Match on catch block at 0xc3 in for 0x95
02-25 09:44:14.976 26940 26940 E ArmVmp : Match on catch block at 0xc3 in for 0x95
02-25 09:44:14.986 26940 26940 E ArmVmp : Match on catch block at 0xc3 in for 0x99
02-25 09:44:14.990 26940 26940 E ArmVmp : Match on catch block at 0xc3 in for 0x91
02-25 09:44:14.992 26940 26940 E ArmVmp : Match on catch block at 0xc3 in for 0x91
02-25 09:44:15.003 26940 26940 E ArmVmp : Match on catch block at 0xc3 in for 0x95
02-25 09:44:15.007 26940 26940 E ArmVmp : Match on catch block at 0xc3 in for 0x99
02-25 09:44:15.009 26940 26940 E ArmVmp : Match on catch block at 0xc3 in for 0x99
02-25 09:44:15.021 26940 26940 E ArmVmp : Match on catch block at 0xc3 in for 0x91
02-25 09:44:15.025 26940 26940 E ArmVmp : Match on catch block at 0xc3 in for 0x95
02-25 09:44:15.028 26940 26940 E ArmVmp : Match on catch block at 0xc3 in for 0x95
02-25 09:44:15.036 26940 26940 E ArmVmp : Match on catch block at 0xc3 in for 0x99
02-25 09:44:15.040 26940 26940 E ArmVmp : Match on catch block at 0xc3 in for 0x91
02-25 09:44:15.042 26940 26940 E ArmVmp : Match on catch block at 0xc3 in for 0x91
02-25 09:44:15.052 26940 26940 E ArmVmp : Match on catch block at 0xc3 in for 0x95
02-25 09:44:15.055 26940 26940 E ArmVmp : Match on catch block at 0xc3 in for 0x99
02-25 09:44:15.057 26940 26940 E ArmVmp : Match on catch block at 0xc3 in for 0x99
02-25 09:44:15.069 26940 26940 E ArmVmp : Match on catch block at 0xc3 in for 0x91
02-25 09:44:15.072 26940 26940 E ArmVmp : Match on catch block at 0xc3 in for 0x95
02-25 09:44:15.075 26940 26940 E ArmVmp : Match on catch block at 0xc3 in for 0x95
02-25 09:44:15.085 26940 26940 E ArmVmp : Match on catch block at 0xc3 in for 0x99
02-25 09:44:15.088 26940 26940 E ArmVmp : Match on catch block at 0xc3 in for 0x91
02-25 09:44:15.090 26940 26940 E ArmVmp : Match on catch block at 0xc3 in for 0x91
02-25 09:44:15.102 26940 26940 E ArmVmp : Match on catch block at 0xc3 in for 0x95
02-25 09:44:15.105 26940 26940 E ArmVmp : Match on catch block at 0xc3 in for 0x99
02-25 09:44:15.107 26940 26940 E ArmVmp : Match on catch block at 0xc3 in for 0x99
02-25 09:44:15.119 26940 26940 E ArmVmp : Match on catch block at 0xc3 in for 0x91
02-25 09:44:15.122 26940 26940 E ArmVmp : Match on catch block at 0xc3 in for 0x95
02-25 09:44:15.124 26940 26940 E ArmVmp : Match on catch block at 0xc3 in for 0x95
02-25 09:44:15.135 26940 26940 E ArmVmp : Match on catch block at 0xc3 in for 0x99
02-25 09:44:15.138 26940 26940 E ArmVmp : Match on catch block at 0xc3 in for 0x91
02-25 09:44:15.141 26940 26940 E ArmVmp : Match on catch block at 0xc3 in for 0x91
02-25 09:44:15.153 26940 26940 E ArmVmp : Match on catch block at 0xc3 in for 0x95
02-25 09:44:15.156 26940 26940 E ArmVmp : Match on catch block at 0xc3 in for 0x99
02-25 09:44:15.159 26940 26940 E ArmVmp : Match on catch block at 0xc3 in for 0x99
02-25 09:44:15.169 26940 26940 E ArmVmp : Match on catch block at 0xc3 in for 0x91
02-25 09:44:15.173 26940 26940 E ArmVmp : Match on catch block at 0xc3 in for 0x95
02-25 09:44:15.175 26940 26940 E ArmVmp : Match on catch block at 0xc3 in for 0x95
02-25 09:44:15.188 26940 26940 E ArmVmp : Match on catch block at 0xc3 in for 0x99
02-25 09:44:15.193 26940 26940 E ArmVmp : Match on catch block at 0xc3 in for 0x91
02-25 09:44:15.195 26940 26940 E ArmVmp : Match on catch block at 0xc3 in for 0x91
02-25 09:44:15.202 26940 26940 E ArmVmp : Match on catch block at 0xc3 in for 0x95
02-25 09:44:15.207 26940 26940 E ArmVmp : Match on catch block at 0xc3 in for 0x99
02-25 09:44:15.209 26940 26940 E ArmVmp : Match on catch block at 0xc3 in for 0x99
02-25 09:44:15.220 26940 26940 E ArmVmp : Match on catch block at 0xc3 in for 0x91
02-25 09:44:15.224 26940 26940 E ArmVmp : Match on catch block at 0xc3 in for 0x95
02-25 09:44:15.226 26940 26940 E ArmVmp : Match on catch block at 0xc3 in for 0x95
02-25 09:44:15.237 26940 26940 E ArmVmp : Match on catch block at 0xc3 in for 0x99
02-25 09:44:15.241 26940 26940 E ArmVmp : Match on catch block at 0xc3 in for 0x91
02-25 09:44:15.244 26940 26940 E ArmVmp : Match on catch block at 0xc3 in for 0x91
02-25 09:44:15.253 26940 26940 E ArmVmp : Match on catch block at 0xc3 in for 0x95
02-25 09:44:15.257 26940 26940 E ArmVmp : Match on catch block at 0xc3 in for 0x99
02-25 09:44:15.261 26940 26940 E ArmVmp : Match on catch block at 0xc3 in for 0x99
02-25 09:44:15.268 26940 26940 E ArmVmp : Match on catch block at 0xc3 in for 0x91
02-25 09:44:15.274 26940 26940 E ArmVmp : Match on catch block at 0xc3 in for 0x95
02-25 09:44:15.276 26940 26940 E ArmVmp : Match on catch block at 0xc3 in for 0x95
02-25 09:44:15.285 26940 26940 E ArmVmp : Match on catch block at 0xc3 in for 0x99
02-25 09:44:15.288 26940 26940 E ArmVmp : Match on catch block at 0xc3 in for 0x91
02-25 09:44:15.290 26940 26940 E ArmVmp : Match on catch block at 0xc3 in for 0x91
02-25 09:44:15.302 26940 26940 E ArmVmp : Match on catch block at 0xc3 in for 0x95
02-25 09:44:15.306 26940 26940 E ArmVmp : Match on catch block at 0xc3 in for 0x99
02-25 09:44:15.308 26940 26940 E ArmVmp : Match on catch block at 0xc3 in for 0x99
02-25 09:44:15.319 26940 26940 E ArmVmp : Match on catch block at 0xc3 in for 0x91
02-25 09:44:15.322 26940 26940 E ArmVmp : Match on catch block at 0xc3 in for 0x95
02-25 09:44:15.324 26940 26940 E ArmVmp : Match on catch block at 0xc3 in for 0x95
02-25 09:44:15.336 26940 26940 E ArmVmp : Match on catch block at 0xc3 in for 0x99
02-25 09:44:15.338 26940 26940 E ArmVmp : Match on catch block at 0xc3 in for 0x91
02-25 09:44:15.341 26940 26940 E ArmVmp : Match on catch block at 0xc3 in for 0x91
02-25 09:44:15.352 26940 26940 E ArmVmp : Match on catch block at 0xc3 in for 0x95
02-25 09:44:15.355 26940 26940 E ArmVmp : Match on catch block at 0xc3 in for 0x99
02-25 09:44:15.357 26940 26940 E ArmVmp : Match on catch block at 0xc3 in for 0x99
02-25 09:44:15.370 26940 26940 E ArmVmp : Match on catch block at 0xc3 in for 0x91
02-25 09:44:15.375 26940 26940 E ArmVmp : Match on catch block at 0xc3 in for 0x95
02-25 09:44:15.378 26940 26940 E ArmVmp : Match on catch block at 0xc3 in for 0x95
02-25 09:44:15.385 26940 26940 E ArmVmp : Match on catch block at 0xc3 in for 0x99
02-25 09:44:15.392 26940 26940 E ArmVmp : Match on catch block at 0xc3 in for 0x91
02-25 09:44:15.395 26940 26940 E ArmVmp : Match on catch block at 0xc3 in for 0x91
02-25 09:44:15.402 26940 26940 E ArmVmp : Match on catch block at 0xc3 in for 0x95
02-25 09:44:15.408 26940 26940 E ArmVmp : Match on catch block at 0xc3 in for 0x99
02-25 09:44:15.413 26940 26940 E ArmVmp : Match on catch block at 0xc3 in for 0x99
02-25 09:44:15.420 26940 26940 E ArmVmp : Match on catch block at 0xc3 in for 0x91
02-25 09:44:15.425 26940 26940 E ArmVmp : Match on catch block at 0xc3 in for 0x95
02-25 09:44:15.431 26940 26940 E ArmVmp : Match on catch block at 0xc3 in for 0x95
02-25 09:44:15.436 26940 26940 E ArmVmp : Match on catch block at 0xc3 in for 0x99
02-25 09:44:15.440 26940 26940 E ArmVmp : Match on catch block at 0xc3 in for 0x91
02-25 09:44:15.444 26940 26940 E ArmVmp : Match on catch block at 0xc3 in for 0x91
02-25 09:44:15.453 26940 26940 E ArmVmp : Match on catch block at 0xc3 in for 0x95
02-25 09:44:15.457 26940 26940 E ArmVmp : Match on catch block at 0xc3 in for 0x99
02-25 09:44:15.462 26940 26940 E ArmVmp : Match on catch block at 0xc3 in for 0x99
02-25 09:44:15.470 26940 26940 E ArmVmp : Match on catch block at 0xc3 in for 0x91
02-25 09:44:15.474 26940 26940 E ArmVmp : Match on catch block at 0xc3 in for 0x95
02-25 09:44:15.477 26940 26940 E ArmVmp : Match on catch block at 0xc3 in for 0x95
02-25 09:44:15.486 26940 26940 E ArmVmp : Match on catch block at 0xc3 in for 0x99
02-25 09:44:15.490 26940 26940 E ArmVmp : Match on catch block at 0xc3 in for 0x91
02-25 09:44:15.493 26940 26940 E ArmVmp : Match on catch block at 0xc3 in for 0x91
02-25 09:44:15.504 26940 26940 E ArmVmp : Match on catch block at 0xc3 in for 0x95
02-25 09:44:15.507 26940 26940 E ArmVmp : Match on catch block at 0xc3 in for 0x99
02-25 09:44:15.511 26940 26940 E ArmVmp : Match on catch block at 0xc3 in for 0x99
02-25 09:44:15.525 26940 26940 E ArmVmp : Match on catch block at 0xc3 in for 0x91
02-25 09:44:15.529 26940 26940 E ArmVmp : Match on catch block at 0xc3 in for 0x95
02-25 09:44:15.532 26940 26940 E ArmVmp : Match on catch block at 0xc3 in for 0x95
02-25 09:44:15.537 26940 26940 E ArmVmp : Match on catch block at 0xc3 in for 0x99
02-25 09:44:15.542 26940 26940 E ArmVmp : Match on catch block at 0xc3 in for 0x91
02-25 09:44:15.546 26940 26940 E ArmVmp : Match on catch block at 0xc3 in for 0x91
02-25 09:44:15.558 26940 26940 E ArmVmp : Match on catch block at 0xc3 in for 0x99
02-25 09:44:15.563 26940 26940 E ArmVmp : Match on catch block at 0xc3 in for 0x91
02-25 09:44:15.566 26940 26940 E ArmVmp : Match on catch block at 0xc3 in for 0x91
02-25 09:44:15.573 26940 26940 E ArmVmp : Match on catch block at 0xc3 in for 0x95
02-25 09:44:15.579 26940 26940 E ArmVmp : Match on catch block at 0xc3 in for 0x99
02-25 09:44:15.582 26940 26940 E ArmVmp : Match on catch block at 0xc3 in for 0x99
02-25 09:44:15.587 26940 26940 E ArmVmp : Match on catch block at 0xc3 in for 0x91
02-25 09:44:15.594 26940 26940 E ArmVmp : Match on catch block at 0xc3 in for 0x95
02-25 09:44:15.597 26940 26940 E ArmVmp : Match on catch block at 0xc3 in for 0x95
02-25 09:44:15.602 26940 26940 E ArmVmp : Match on catch block at 0xc3 in for 0x99
02-25 09:44:15.605 26940 26940 E ArmVmp : Match on catch block at 0xc3 in for 0x91
02-25 09:44:15.607 26940 26940 E ArmVmp : Match on catch block at 0xc3 in for 0x91
02-25 09:44:15.621 26940 26940 E ArmVmp : Match on catch block at 0xc3 in for 0x95
02-25 09:44:15.623 26940 26940 E ArmVmp : Match on catch block at 0xc3 in for 0x99
02-25 09:44:15.625 26940 26940 E ArmVmp : Match on catch block at 0xc3 in for 0x99
02-25 09:44:15.636 26940 26940 E ArmVmp : Match on catch block at 0xc3 in for 0x91
02-25 09:44:15.638 26940 26940 E ArmVmp : Match on catch block at 0xc3 in for 0x95
02-25 09:44:15.641 26940 26940 E ArmVmp : Match on catch block at 0xc3 in for 0x95
02-25 09:44:15.652 26940 26940 E ArmVmp : Match on catch block at 0xc3 in for 0x99
02-25 09:44:15.655 26940 26940 E ArmVmp : Match on catch block at 0xc3 in for 0x91
02-25 09:44:15.657 26940 26940 E ArmVmp : Match on catch block at 0xc3 in for 0x91
02-25 09:44:15.670 26940 26940 E ArmVmp : Match on catch block at 0xc3 in for 0x95
02-25 09:44:15.674 26940 26940 E ArmVmp : Match on catch block at 0xc3 in for 0x99
02-25 09:44:15.676 26940 26940 E ArmVmp : Match on catch block at 0xc3 in for 0x99
02-25 09:44:15.687 26940 26940 E ArmVmp : Match on catch block at 0xc3 in for 0x91
02-25 09:44:15.691 26940 26940 E ArmVmp : Match on catch block at 0xc3 in for 0x95
02-25 09:44:15.693 26940 26940 E ArmVmp : Match on catch block at 0xc3 in for 0x95
02-25 09:44:15.702 26940 26940 E ArmVmp : Match on catch block at 0xc3 in for 0x99
02-25 09:44:15.705 26940 26940 E ArmVmp : Match on catch block at 0xc3 in for 0x91
02-25 09:44:15.709 26940 26940 E ArmVmp : Match on catch block at 0xc3 in for 0x91
02-25 09:44:15.720 26940 26940 E ArmVmp : Match on catch block at 0xc3 in for 0x95
02-25 09:44:15.723 26940 26940 E ArmVmp : Match on catch block at 0xc3 in for 0x99
02-25 09:44:15.727 26940 26940 E ArmVmp : Match on catch block at 0xc3 in for 0x99
02-25 09:44:15.736 26940 26940 E ArmVmp : Match on catch block at 0xc3 in for 0x91
02-25 09:44:15.739 26940 26940 E ArmVmp : Match on catch block at 0xc3 in for 0x95
02-25 09:44:15.742 26940 26940 E ArmVmp : Match on catch block at 0xc3 in for 0x95
02-25 09:44:15.752 26940 26940 E ArmVmp : Match on catch block at 0xc3 in for 0x99
02-25 09:44:15.755 26940 26940 E ArmVmp : Match on catch block at 0xc3 in for 0x91
02-25 09:44:15.758 26940 26940 E ArmVmp : Match on catch block at 0xc3 in for 0x91
02-25 09:44:15.770 26940 26940 E ArmVmp : Match on catch block at 0xc3 in for 0x95
02-25 09:44:15.772 26940 26940 E ArmVmp : Match on catch block at 0xc3 in for 0x99
02-25 09:44:15.774 26940 26940 E ArmVmp : Match on catch block at 0xc3 in for 0x99
02-25 09:44:15.787 26940 26940 E ArmVmp : Match on catch block at 0xc3 in for 0x91
02-25 09:44:15.790 26940 26940 E ArmVmp : Match on catch block at 0xc3 in for 0x95
02-25 09:44:15.792 26940 26940 E ArmVmp : Match on catch block at 0xc3 in for 0x95
02-25 09:44:15.802 26940 26940 E ArmVmp : Match on catch block at 0xc3 in for 0x99
02-25 09:44:15.805 26940 26940 E ArmVmp : Match on catch block at 0xc3 in for 0x91
02-25 09:44:15.807 26940 26940 E ArmVmp : Match on catch block at 0xc3 in for 0x91
02-25 09:44:15.819 26940 26940 E ArmVmp : Match on catch block at 0xc3 in for 0x95
02-25 09:44:15.826 26940 26940 E ArmVmp : Match on catch block at 0xc3 in for 0x99
02-25 09:44:15.828 26940 26940 E ArmVmp : Match on catch block at 0xc3 in for 0x99
02-25 09:44:15.836 26940 26940 E ArmVmp : Match on catch block at 0xc3 in for 0x91
02-25 09:44:15.840 26940 26940 E ArmVmp : Match on catch block at 0xc3 in for 0x95
02-25 09:44:15.843 26940 26940 E ArmVmp : Match on catch block at 0xc3 in for 0x95
02-25 09:44:15.853 26940 26940 E ArmVmp : Match on catch block at 0xc3 in for 0x99
02-25 09:44:15.855 26940 26940 E ArmVmp : Match on catch block at 0xc3 in for 0x91
02-25 09:44:15.858 26940 26940 E ArmVmp : Match on catch block at 0xc3 in for 0x91
02-25 09:44:15.869 26940 26940 E ArmVmp : Match on catch block at 0xc3 in for 0x95
02-25 09:44:15.872 26940 26940 E ArmVmp : Match on catch block at 0xc3 in for 0x99
02-25 09:44:15.878 26940 26940 E ArmVmp : Match on catch block at 0xc3 in for 0x99
02-25 09:44:15.887 26940 26940 E ArmVmp : Match on catch block at 0xc3 in for 0x91
02-25 09:44:15.889 26940 26940 E ArmVmp : Match on catch block at 0xc3 in for 0x95
02-25 09:44:15.894 26940 26940 E ArmVmp : Match on catch block at 0xc3 in for 0x95
02-25 09:44:15.904 26940 26940 E ArmVmp : Match on catch block at 0xc3 in for 0x99
02-25 09:44:15.910 26940 26940 E ArmVmp : Match on catch block at 0xc3 in for 0x91
02-25 09:44:15.913 26940 26940 E ArmVmp : Match on catch block at 0xc3 in for 0x91
02-25 09:44:15.921 26940 26940 E ArmVmp : Match on catch block at 0xc3 in for 0x95
02-25 09:44:15.924 26940 26940 E ArmVmp : Match on catch block at 0xc3 in for 0x99
02-25 09:44:15.927 26940 26940 E ArmVmp : Match on catch block at 0xc3 in for 0x99
02-25 09:44:15.936 26940 26940 E ArmVmp : Match on catch block at 0xc3 in for 0x91
02-25 09:44:15.938 26940 26940 E ArmVmp : Match on catch block at 0xc3 in for 0x95
02-25 09:44:15.939 26940 26940 E ArmVmp : Match on catch block at 0xc3 in for 0x95
02-25 09:44:15.953 26940 26940 E ArmVmp : Match on catch block at 0xc3 in for 0x99
02-25 09:44:15.955 26940 26940 E ArmVmp : Match on catch block at 0xc3 in for 0x91
02-25 09:44:15.959 26940 26940 E ArmVmp : Match on catch block at 0xc3 in for 0x91
02-25 09:44:15.969 26940 26940 E ArmVmp : Match on catch block at 0xc3 in for 0x95
02-25 09:44:15.972 26940 26940 E ArmVmp : Match on catch block at 0xc3 in for 0x99
02-25 09:44:15.974 26940 26940 E ArmVmp : Match on catch block at 0xc3 in for 0x99
02-25 09:44:15.986 26940 26940 E ArmVmp : Match on catch block at 0xc3 in for 0x95
02-25 09:44:15.989 26940 26940 E ArmVmp : Match on catch block at 0xc3 in for 0x99
02-25 09:44:15.992 26940 26940 E ArmVmp : Match on catch block at 0xc3 in for 0x99
02-25 09:44:16.003 26940 26940 E ArmVmp : Match on catch block at 0xc3 in for 0x91
02-25 09:44:16.010 26940 26940 E ArmVmp : Match on catch block at 0xc3 in for 0x95
02-25 09:44:16.016 26940 26940 E ArmVmp : Match on catch block at 0xc3 in for 0x95
02-25 09:44:16.026 26940 26940 E ArmVmp : Match on catch block at 0xc3 in for 0x99
02-25 09:44:16.031 26940 26940 E ArmVmp : Match on catch block at 0xc3 in for 0x91
02-25 09:44:16.034 26940 26940 E ArmVmp : Match on catch block at 0xc3 in for 0x91
02-25 09:44:16.040 26940 26940 E ArmVmp : Match on catch block at 0xc3 in for 0x95
02-25 09:44:16.046 26940 26940 E ArmVmp : Match on catch block at 0xc3 in for 0x99
02-25 09:44:16.048 26940 26940 E ArmVmp : Match on catch block at 0xc3 in for 0x99
02-25 09:44:16.053 26940 26940 E ArmVmp : Match on catch block at 0xc3 in for 0x91
02-25 09:44:16.058 26940 26940 E ArmVmp : Match on catch block at 0xc3 in for 0x95
02-25 09:44:16.059 26940 26940 E ArmVmp : Match on catch block at 0xc3 in for 0x95
02-25 09:44:16.069 26940 26940 E ArmVmp : Match on catch block at 0xc3 in for 0x99
02-25 09:44:16.075 26940 26940 E ArmVmp : Match on catch block at 0xc3 in for 0x91
02-25 09:44:16.078 26940 26940 E ArmVmp : Match on catch block at 0xc3 in for 0x91
02-25 09:44:16.088 26940 26940 E ArmVmp : Match on catch block at 0xc3 in for 0x99
02-25 09:44:16.092 26940 26940 E ArmVmp : Match on catch block at 0xc3 in for 0x91
02-25 09:44:16.093 26940 26940 E ArmVmp : Match on catch block at 0xc3 in for 0x91
02-25 09:44:16.102 26940 26940 E ArmVmp : Match on catch block at 0xc3 in for 0x95
02-25 09:44:16.105 26940 26940 E ArmVmp : Match on catch block at 0xc3 in for 0x99
02-25 09:44:16.108 26940 26940 E ArmVmp : Match on catch block at 0xc3 in for 0x99
02-25 09:44:16.119 26940 26940 E ArmVmp : Match on catch block at 0xc3 in for 0x91
02-25 09:44:16.122 26940 26940 E ArmVmp : Match on catch block at 0xc3 in for 0x95
02-25 09:44:16.124 26940 26940 E ArmVmp : Match on catch block at 0xc3 in for 0x95
