max-q,core-platform-api, reflection, denied)
02-21 13:26:23.558 8767 8767 W com.whatsapp: Accessing hidden method
Lcom/android/org/conscrypt/AbstractConscryptSocket;->setUseSessionTickets(Z)V
(greylist-max-q, reflection, denied)
02-21 13:26:23.655 8767 8767 W com.whatsapp: type=1400 audit(0.0:605280): avc:
granted { execute } for
path="/data/data/com.whatsapp/files/decompressed/libs.spk.zst/libc++_shared.so"
dev="dm-14" ino=63593 scontext=u:r:untrusted_app:s0:c222,c256,c512,c768
tcontext=u:object_r:app_data_file:s0:c222,c256,c512,c768 tclass=file
app=com.whatsapp
02-21 13:26:23.663 8767 8767 W com.whatsapp: type=1400 audit(0.0:605281): avc:
granted { execute } for
path="/data/data/com.whatsapp/files/decompressed/libs.spk.zst/libvlc.so" dev="dm-
14" ino=22055 scontext=u:r:untrusted_app:s0:c222,c256,c512,c768
tcontext=u:object_r:app_data_file:s0:c222,c256,c512,c768 tclass=file
app=com.whatsapp
02-21 13:26:23.675 8767 8767 W com.whatsapp: type=1400 audit(0.0:605282): avc:
granted { execute } for
path="/data/data/com.whatsapp/files/decompressed/libs.spk.zst/libwhatsapp.so"
dev="dm-14" ino=22115 scontext=u:r:untrusted_app:s0:c222,c256,c512,c768
tcontext=u:object_r:app_data_file:s0:c222,c256,c512,c768 tclass=file
app=com.whatsapp
02-21 13:26:23.779 8767 8767 W com.whatsapp: type=1400 audit(0.0:605283): avc:
granted { execute } for
path="/data/data/com.whatsapp/files/decompressed/libs.spk.zst/libcurve25519.so"
dev="dm-14" ino=21843 scontext=u:r:untrusted_app:s0:c222,c256,c512,c768
tcontext=u:object_r:app_data_file:s0:c222,c256,c512,c768 tclass=file
app=com.whatsapp
02-21 13:26:23.795 8767 8767 W com.whatsapp: type=1400 audit(0.0:605284): avc:
granted { execute } for
path="/data/data/com.whatsapp/files/decompressed/libs.spk.zst/libwhatsapp.so"
dev="dm-14" ino=22115 scontext=u:r:untrusted_app:s0:c222,c256,c512,c768
tcontext=u:object_r:app_data_file:s0:c222,c256,c512,c768 tclass=file
app=com.whatsapp
02-21 13:26:23.985 8767 8767 W CheckTime: App running slow: Executing
handleBindApplication : callApplicationOnCreate took 915ms
02-21 13:26:24.015 8767 8838 W com.whatsapp: Class X.2rL failed lock verification
and will run slower.
02-21 13:26:24.015 8767 8838 W com.whatsapp: Common causes for lock verification
issues are non-optimized dex code
02-21 13:26:24.015 8767 8838 W com.whatsapp: and incorrect proguard
optimizations.
--------- beginning of system
--------- beginning of main
02-21 13:27:26.240 9592 9592 E com.whatsapp: Not starting debugger since process
cannot load the jdwp agent.
02-21 13:27:26.344 9592 9592 W System.err: java.lang.ClassNotFoundException:
mbmodsd.mbmodsw.ui.views.btn.BtnBK
02-21 13:27:26.344 9592 9592 W System.err: at
java.lang.Runtime.nativeLoad(Native Method)
02-21 13:27:26.344 9592 9592 W System.err: at
java.lang.Runtime.nativeLoad(Runtime.java:1131)
02-21 13:27:26.344 9592 9592 W System.err: at
java.lang.Runtime.loadLibrary0(Runtime.java:1085)
02-21 13:27:26.344 9592 9592 W System.err: at
java.lang.Runtime.loadLibrary0(Runtime.java:1008)
02-21 13:27:26.344 9592 9592 W System.err: at
java.lang.System.loadLibrary(System.java:1664)
02-21 13:27:26.344 9592 9592 W System.err: at arm.EpicVm.<clinit>(Unknown
Source:2)
02-21 13:27:26.344 9592 9592 W System.err: at
java.lang.Class.newInstance(Native Method)
02-21 13:27:26.344 9592 9592 W System.err: at
android.app.AppComponentFactory.instantiateApplication(AppComponentFactory.java:76)
02-21 13:27:26.344 9592 9592 W System.err: at
androidx.core.app.CoreComponentFactory.instantiateApplication(Unknown Source:0)
02-21 13:27:26.344 9592 9592 W System.err: at
android.app.Instrumentation.newApplication(Instrumentation.java:1158)
02-21 13:27:26.345 9592 9592 W System.err: at
android.app.LoadedApk.makeApplication(LoadedApk.java:1268)
02-21 13:27:26.345 9592 9592 W System.err: at
android.app.ActivityThread.handleBindApplication(ActivityThread.java:6889)
02-21 13:27:26.345 9592 9592 W System.err: at
android.app.ActivityThread.access$1300(ActivityThread.java:260)
02-21 13:27:26.345 9592 9592 W System.err: at
android.app.ActivityThread$H.handleMessage(ActivityThread.java:1955)
02-21 13:27:26.345 9592 9592 W System.err: at
android.os.Handler.dispatchMessage(Handler.java:106)
02-21 13:27:26.345 9592 9592 W System.err: at
android.os.Looper.loop(Looper.java:223)
02-21 13:27:26.345 9592 9592 W System.err: at
android.app.ActivityThread.main(ActivityThread.java:7955)
02-21 13:27:26.345 9592 9592 W System.err: at
java.lang.reflect.Method.invoke(Native Method)
02-21 13:27:26.345 9592 9592 W System.err: at
com.android.internal.os.RuntimeInit$MethodAndArgsCaller.run(RuntimeInit.java:603)
02-21 13:27:26.345 9592 9592 W System.err: at
com.android.internal.os.ZygoteInit.main(ZygoteInit.java:947)
02-21 13:27:26.398 9592 9592 E CustomActivityOnCrash: IMPORTANT WARNING! You
already have an UncaughtExceptionHandler, are you sure this is correct? If you use
a custom UncaughtExceptionHandler, you must initialize it AFTER
CustomActivityOnCrash! Installing anyway, but your original handler will not be
called.
02-21 13:27:26.438 9592 9614 W LibraryVersion: Failed to get app version for
libraryName: firebase-iid
02-21 13:27:26.696 9592 9592 W com.whatsapp: Accessing hidden method
Lcom/android/org/conscrypt/OpenSSLSocketImpl;->setUseSessionTickets(Z)V (greylist-
max-q,core-platform-api, reflection, denied)
02-21 13:27:26.696 9592 9592 W com.whatsapp: Accessing hidden method
Lcom/android/org/conscrypt/AbstractConscryptSocket;->setUseSessionTickets(Z)V
(greylist-max-q, reflection, denied)
02-21 13:27:26.747 9592 9592 W com.whatsapp: type=1400 audit(0.0:605502): avc:
granted { execute } for
path="/data/data/com.whatsapp/files/decompressed/libs.spk.zst/libc++_shared.so"
dev="dm-14" ino=63593 scontext=u:r:untrusted_app:s0:c222,c256,c512,c768
tcontext=u:object_r:app_data_file:s0:c222,c256,c512,c768 tclass=file
app=com.whatsapp
02-21 13:27:26.747 9592 9592 W com.whatsapp: type=1400 audit(0.0:605503): avc:
granted { execute } for
path="/data/data/com.whatsapp/files/decompressed/libs.spk.zst/libvlc.so" dev="dm-
14" ino=22055 scontext=u:r:untrusted_app:s0:c222,c256,c512,c768
tcontext=u:object_r:app_data_file:s0:c222,c256,c512,c768 tclass=file
app=com.whatsapp
02-21 13:27:26.755 9592 9592 W com.whatsapp: type=1400 audit(0.0:605504): avc:
granted { execute } for
path="/data/data/com.whatsapp/files/decompressed/libs.spk.zst/libwhatsapp.so"
dev="dm-14" ino=22115 scontext=u:r:untrusted_app:s0:c222,c256,c512,c768
tcontext=u:object_r:app_data_file:s0:c222,c256,c512,c768 tclass=file
app=com.whatsapp
02-21 13:27:26.795 9592 9592 W com.whatsapp: type=1400 audit(0.0:605505): avc:
granted { execute } for
path="/data/data/com.whatsapp/files/decompressed/libs.spk.zst/libcurve25519.so"
dev="dm-14" ino=21843 scontext=u:r:untrusted_app:s0:c222,c256,c512,c768
tcontext=u:object_r:app_data_file:s0:c222,c256,c512,c768 tclass=file
app=com.whatsapp
02-21 13:27:26.799 9592 9592 W com.whatsapp: type=1400 audit(0.0:605506): avc:
granted { execute } for
path="/data/data/com.whatsapp/files/decompressed/libs.spk.zst/libwhatsapp.so"
dev="dm-14" ino=22115 scontext=u:r:untrusted_app:s0:c222,c256,c512,c768
tcontext=u:object_r:app_data_file:s0:c222,c256,c512,c768 tclass=file
app=com.whatsapp
02-21 13:27:26.799 9592 9592 W com.whatsapp: type=1400 audit(0.0:605508): avc:
granted { execute } for
path="/data/data/com.whatsapp/files/decompressed/libs.spk.zst/libwhatsapp.so"
dev="dm-14" ino=22115 scontext=u:r:untrusted_app:s0:c222,c256,c512,c768
tcontext=u:object_r:app_data_file:s0:c222,c256,c512,c768 tclass=file
app=com.whatsapp
02-21 13:27:26.909 9592 9592 W CheckTime: App running slow: Executing
handleBindApplication : callApplicationOnCreate took 476ms
02-21 13:27:26.932 9592 9592 W com.whatsapp: Class X.0eU failed lock verification
and will run slower.
02-21 13:27:26.932 9592 9592 W com.whatsapp: Common causes for lock verification
issues are non-optimized dex code
02-21 13:27:26.932 9592 9592 W com.whatsapp: and incorrect proguard
optimizations.
02-21 13:27:26.940 9592 9644 W com.whatsapp: Class X.2rL failed lock verification
and will run slower.
02-21 13:27:27.169 9592 9592 W com.whatsapp: Class com.whatsapp.HomeActivity
failed lock verification and will run slower.
02-21 13:27:27.467 9592 9592 E ArmVmp : Match on catch block at 0x0a in for 0xb1
02-21 13:27:27.486 9592 9592 E ArmVmp : Match on catch block at 0x0a in for
0x125
02-21 13:27:28.233 9592 9592 E RecyclerView: No adapter attached; skipping layout
02-21 13:27:28.265 9592 9654 E libc : Access denied finding property
"persist.vendor.sf.fbc"
02-21 13:27:28.265 9592 9654 E libc : Access denied finding property
"persist.vendor.gpu.fbc"
02-21 13:27:28.265 9592 9654 E libc : Access denied finding property
"persist.vendor.vsp.fbc"
02-21 13:27:28.358 9592 9592 E RecyclerView: No adapter attached; skipping layout
02-21 13:27:28.370 9592 9592 E ArmVmp : Match on catch block at 0x0a in for 0xc5
02-21 13:27:28.426 9592 9654 W libEGL : EGLNativeWindowType 0xf6107808
disconnect failed
02-21 13:27:28.523 9592 9688 W LOTTIE : Animation contains merge paths. Merge
paths are only supported on KitKat+ and must be manually enabled by calling
enableMergePathsForKitKatAndAbove().
02-21 13:27:28.708 9592 9592 W LOTTIE : Animation contains merge paths but they
are disabled.
02-21 13:27:28.754 9592 9592 E ArmVmp : Match on catch block at 0x5b in for 0x75
02-21 13:27:28.783 9592 9592 E ArmVmp : Match on catch block at 0x5b in for 0x71
02-21 13:27:28.808 9592 9592 E ArmVmp : Match on catch block at 0x5b in for 0x71
02-21 13:27:30.802 9592 9708 E RenderScript: Failed loading RS driver: dlopen
failed: library "libRSDriverArm.so" not found
02-21 13:27:30.802 9592 9708 E RenderScript: Failed to load runtime
libRSDriverArm.so, loading default
02-21 13:27:30.998 9592 9592 E ArmVmp : Match on catch block at 0x0a in for 0xb1
02-21 13:27:31.002 9592 9592 E ArmVmp : Match on catch block at 0x0a in for 0xb1
02-21 13:27:31.066 9592 9606 W System : A resource failed to call end.
02-21 13:27:31.143 9592 9592 E ArmVmp : Match on catch block at 0xc3 in for 0xa5
02-21 13:27:31.146 9592 9592 E ArmVmp : Match on catch block at 0xc3 in for 0xa1
02-21 13:27:31.183 9592 9592 E ArmVmp : Match on catch block at 0xc3 in for 0x99
02-21 13:27:31.186 9592 9592 E ArmVmp : Match on catch block at 0xc3 in for 0x95
02-21 13:27:31.219 9592 9592 E ArmVmp : Match on catch block at 0xc3 in for 0x99
02-21 13:27:31.222 9592 9592 E ArmVmp : Match on catch block at 0xc3 in for 0x91
02-21 13:27:31.243 9592 9592 E ArmVmp : Match on catch block at 0xc3 in for 0x95
02-21 13:27:31.244 9592 9592 E ArmVmp : Match on catch block at 0xc3 in for 0x99
02-21 13:27:31.251 9592 9592 E ArmVmp : Match on catch block at 0xc3 in for 0x99
02-21 13:27:31.253 9592 9592 E ArmVmp : Match on catch block at 0xc3 in for 0x91
02-21 13:27:31.616 9592 9654 W libEGL : EGLNativeWindowType 0xc0dfe008
disconnect failed
02-21 13:27:31.741 9592 9592 E ArmVmp : Match on catch block at 0xc3 in for 0x91
02-21 13:27:31.744 9592 9592 E ArmVmp : Match on catch block at 0xc3 in for 0x95
02-21 13:27:31.841 9592 9592 E ArmVmp : Match on catch block at 0xc3 in for 0x95
02-21 13:27:31.844 9592 9592 E ArmVmp : Match on catch block at 0xc3 in for 0x99
02-21 13:27:31.858 9592 9592 E ArmVmp : Match on catch block at 0xc3 in for 0x99
02-21 13:27:31.860 9592 9592 E ArmVmp : Match on catch block at 0xc3 in for 0x91
02-21 13:27:31.876 9592 9592 E ArmVmp : Match on catch block at 0xc3 in for 0x91
02-21 13:27:31.879 9592 9592 E ArmVmp : Match on catch block at 0xc3 in for 0x95
02-21 13:27:31.894 9592 9592 E ArmVmp : Match on catch block at 0xc3 in for 0x95
02-21 13:27:31.897 9592 9592 E ArmVmp : Match on catch block at 0xc3 in for 0x99
02-21 13:27:31.910 9592 9592 E ArmVmp : Match on catch block at 0xc3 in for 0x99
02-21 13:27:31.913 9592 9592 E ArmVmp : Match on catch block at 0xc3 in for 0x91
02-21 13:27:31.925 9592 9592 E ArmVmp : Match on catch block at 0xc3 in for 0x91
02-21 13:27:31.928 9592 9592 E ArmVmp : Match on catch block at 0xc3 in for 0x95
02-21 13:27:31.941 9592 9592 E ArmVmp : Match on catch block at 0xc3 in for 0x95
02-21 13:27:31.943 9592 9592 E ArmVmp : Match on catch block at 0xc3 in for 0x99
02-21 13:27:31.958 9592 9592 E ArmVmp : Match on catch block at 0xc3 in for 0x99
02-21 13:27:31.960 9592 9592 E ArmVmp : Match on catch block at 0xc3 in for 0x91
02-21 13:27:31.974 9592 9592 E ArmVmp : Match on catch block at 0xc3 in for 0x91
02-21 13:27:31.976 9592 9592 E ArmVmp : Match on catch block at 0xc3 in for 0x95
02-21 13:27:31.991 9592 9592 E ArmVmp : Match on catch block at 0xc3 in for 0x95
02-21 13:27:31.993 9592 9592 E ArmVmp : Match on catch block at 0xc3 in for 0x99
02-21 13:27:32.008 9592 9592 E ArmVmp : Match on catch block at 0xc3 in for 0x99
02-21 13:27:32.010 9592 9592 E ArmVmp : Match on catch block at 0xc3 in for 0x91
02-21 13:27:32.026 9592 9592 E ArmVmp : Match on catch block at 0xc3 in for 0x91
02-21 13:27:32.029 9592 9592 E ArmVmp : Match on catch block at 0xc3 in for 0x95
02-21 13:27:32.042 9592 9592 E ArmVmp : Match on catch block at 0xc3 in for 0x95
02-21 13:27:32.045 9592 9592 E ArmVmp : Match on catch block at 0xc3 in for 0x99
02-21 13:27:32.059 9592 9592 E ArmVmp : Match on catch block at 0xc3 in for 0x99
02-21 13:27:32.062 9592 9592 E ArmVmp : Match on catch block at 0xc3 in for 0x91
02-21 13:27:32.076 9592 9592 E ArmVmp : Match on catch block at 0xc3 in for 0x91
02-21 13:27:32.079 9592 9592 E ArmVmp : Match on catch block at 0xc3 in for 0x95
02-21 13:27:32.093 9592 9592 E ArmVmp : Match on catch block at 0xc3 in for 0x95
02-21 13:27:32.096 9592 9592 E ArmVmp : Match on catch block at 0xc3 in for 0x99
02-21 13:27:32.172 9592 9592 E ArmVmp : Match on catch block at 0xc3 in for 0x95
02-21 13:27:32.174 9592 9592 E ArmVmp : Match on catch block at 0xc3 in for 0x99
02-21 13:27:32.239 9592 9592 E ArmVmp : Match on catch block at 0xc3 in for 0x91
02-21 13:27:32.241 9592 9592 E ArmVmp : Match on catch block at 0xc3 in for 0x95
02-21 13:27:32.258 9592 9592 E ArmVmp : Match on catch block at 0xc3 in for 0x91
02-21 13:27:32.260 9592 9592 E ArmVmp : Match on catch block at 0xc3 in for 0x95
02-21 13:27:32.271 9592 9654 W libEGL : EGLNativeWindowType 0xc4287008
disconnect failed
02-21 13:27:32.826 9592 9592 E ArmVmp : Match on catch block at 0xc3 in for 0x91
02-21 13:27:32.830 9592 9592 E ArmVmp : Match on catch block at 0xc3 in for 0x95
02-21 13:27:32.843 9592 9592 E ArmVmp : Match on catch block at 0xc3 in for 0x95
02-21 13:27:32.846 9592 9592 E ArmVmp : Match on catch block at 0xc3 in for 0x99
02-21 13:27:32.859 9592 9592 E ArmVmp : Match on catch block at 0xc3 in for 0x99
02-21 13:27:32.863 9592 9592 E ArmVmp : Match on catch block at 0xc3 in for 0x91
02-21 13:27:32.876 9592 9592 E ArmVmp : Match on catch block at 0xc3 in for 0x91
02-21 13:27:32.879 9592 9592 E ArmVmp : Match on catch block at 0xc3 in for 0x95
02-21 13:27:32.893 9592 9592 E ArmVmp : Match on catch block at 0xc3 in for 0x95
02-21 13:27:32.897 9592 9592 E ArmVmp : Match on catch block at 0xc3 in for 0x99
02-21 13:27:32.910 9592 9592 E ArmVmp : Match on catch block at 0xc3 in for 0x99
02-21 13:27:32.913 9592 9592 E ArmVmp : Match on catch block at 0xc3 in for 0x91
02-21 13:27:32.926 9592 9592 E ArmVmp : Match on catch block at 0xc3 in for 0x91
02-21 13:27:32.929 9592 9592 E ArmVmp : Match on catch block at 0xc3 in for 0x95
02-21 13:27:32.943 9592 9592 E ArmVmp : Match on catch block at 0xc3 in for 0x95
02-21 13:27:32.947 9592 9592 E ArmVmp : Match on catch block at 0xc3 in for 0x99
02-21 13:27:32.960 9592 9592 E ArmVmp : Match on catch block at 0xc3 in for 0x99
02-21 13:27:32.963 9592 9592 E ArmVmp : Match on catch block at 0xc3 in for 0x91
02-21 13:27:32.977 9592 9592 E ArmVmp : Match on catch block at 0xc3 in for 0x91
02-21 13:27:32.980 9592 9592 E ArmVmp : Match on catch block at 0xc3 in for 0x95
02-21 13:27:32.993 9592 9592 E ArmVmp : Match on catch block at 0xc3 in for 0x95
02-21 13:27:32.996 9592 9592 E ArmVmp : Match on catch block at 0xc3 in for 0x99
02-21 13:27:33.010 9592 9592 E ArmVmp : Match on catch block at 0xc3 in for 0x99
02-21 13:27:33.013 9592 9592 E ArmVmp : Match on catch block at 0xc3 in for 0x91
02-21 13:27:33.027 9592 9592 E ArmVmp : Match on catch block at 0xc3 in for 0x91
02-21 13:27:33.030 9592 9592 E ArmVmp : Match on catch block at 0xc3 in for 0x95
02-21 13:27:33.043 9592 9592 E ArmVmp : Match on catch block at 0xc3 in for 0x95
02-21 13:27:33.046 9592 9592 E ArmVmp : Match on catch block at 0xc3 in for 0x99
02-21 13:27:33.060 9592 9592 E ArmVmp : Match on catch block at 0xc3 in for 0x99
02-21 13:27:33.063 9592 9592 E ArmVmp : Match on catch block at 0xc3 in for 0x91
02-21 13:27:33.076 9592 9592 E ArmVmp : Match on catch block at 0xc3 in for 0x91
02-21 13:27:33.079 9592 9592 E ArmVmp : Match on catch block at 0xc3 in for 0x95
02-21 13:27:37.293 9592 9654 W libEGL : EGLNativeWindowType 0xc4287008
disconnect failed
02-21 13:27:37.352 9592 9592 E ArmVmp : Match on catch block at 0xc3 in for 0x95
02-21 13:27:37.355 9592 9592 E ArmVmp : Match on catch block at 0xc3 in for 0x99
02-21 13:27:37.847 9592 9592 E ArmVmp : Match on catch block at 0xc3 in for 0x99
02-21 13:27:37.850 9592 9592 E ArmVmp : Match on catch block at 0xc3 in for 0x91
02-21 13:27:38.264 9592 9592 E ArmVmp : Match on catch block at 0xc3 in for 0x99
02-21 13:27:38.266 9592 9592 E ArmVmp : Match on catch block at 0xc3 in for 0x91
02-21 13:27:38.331 9592 9592 E ArmVmp : Match on catch block at 0xc3 in for 0x91
02-21 13:27:38.334 9592 9592 E ArmVmp : Match on catch block at 0xc3 in for 0x95
02-21 13:27:38.347 9592 9592 E ArmVmp : Match on catch block at 0xc3 in for 0x95
02-21 13:27:38.350 9592 9592 E ArmVmp : Match on catch block at 0xc3 in for 0x99
02-21 13:27:38.602 9592 9592 E ArmVmp : Match on catch block at 0xc3 in for 0x95
02-21 13:27:38.604 9592 9592 E ArmVmp : Match on catch block at 0xc3 in for 0x99
02-21 13:27:38.615 9592 9654 W libEGL : EGLNativeWindowType 0xc061d008
disconnect failed
02-21 13:27:40.406 9592 9654 W libEGL : EGLNativeWindowType 0xc061d008
disconnect failed
02-21 13:27:40.597 9592 9592 E ArmVmp : Match on catch block at 0xc3 in for 0x91
02-21 13:27:40.598 9592 9592 E ArmVmp : Match on catch block at 0xc3 in for 0x95
02-21 13:27:40.635 9592 9592 E ArmVmp : Match on catch block at 0xc3 in for 0x95
02-21 13:27:40.636 9592 9592 E ArmVmp : Match on catch block at 0xc3 in for 0x99
02-21 13:27:40.659 9592 9592 E ArmVmp : Match on catch block at 0xc3 in for 0x99
02-21 13:27:40.661 9592 9592 E ArmVmp : Match on catch block at 0xc3 in for 0x91
02-21 13:27:40.673 9592 9592 E ArmVmp : Match on catch block at 0xc3 in for 0x91
02-21 13:27:40.675 9592 9592 E ArmVmp : Match on catch block at 0xc3 in for 0x95
02-21 13:27:40.687 9592 9654 W libEGL : EGLNativeWindowType 0xbf7f9008
disconnect failed
02-21 13:27:40.693 9592 9592 E ArmVmp : Match on catch block at 0xc3 in for 0x95
02-21 13:27:40.695 9592 9592 E ArmVmp : Match on catch block at 0xc3 in for 0x99
02-21 13:27:40.699 9592 9592 E ArmVmp : Match on catch block at 0xc3 in for 0x99
02-21 13:27:40.701 9592 9592 E ArmVmp : Match on catch block at 0xc3 in for 0x91
02-21 13:27:40.714 9592 9592 E ArmVmp : Match on catch block at 0xc3 in for 0x91
02-21 13:27:40.716 9592 9592 E ArmVmp : Match on catch block at 0xc3 in for 0x95
02-21 13:27:40.731 9592 9592 E ArmVmp : Match on catch block at 0xc3 in for 0x95
02-21 13:27:40.734 9592 9592 E ArmVmp : Match on catch block at 0xc3 in for 0x99
02-21 13:27:40.750 9592 9592 E ArmVmp : Match on catch block at 0xc3 in for 0x99
02-21 13:27:40.753 9592 9592 E ArmVmp : Match on catch block at 0xc3 in for 0x91
02-21 13:27:40.765 9592 9592 E ArmVmp : Match on catch block at 0xc3 in for 0x91
02-21 13:27:40.768 9592 9592 E ArmVmp : Match on catch block at 0xc3 in for 0x95
02-21 13:27:40.785 9592 9592 E ArmVmp : Match on catch block at 0xc3 in for 0x95
02-21 13:27:40.788 9592 9592 E ArmVmp : Match on catch block at 0xc3 in for 0x99
02-21 13:27:40.805 9592 9592 E ArmVmp : Match on catch block at 0xc3 in for 0x99
02-21 13:27:40.808 9592 9592 E ArmVmp : Match on catch block at 0xc3 in for 0x91
02-21 13:27:40.816 9592 9592 E ArmVmp : Match on catch block at 0xc3 in for 0x91
02-21 13:27:40.819 9592 9592 E ArmVmp : Match on catch block at 0xc3 in for 0x95
02-21 13:27:40.833 9592 9592 E ArmVmp : Match on catch block at 0xc3 in for 0x95
02-21 13:27:40.836 9592 9592 E ArmVmp : Match on catch block at 0xc3 in for 0x99
02-21 13:27:40.850 9592 9592 E ArmVmp : Match on catch block at 0xc3 in for 0x99
02-21 13:27:40.853 9592 9592 E ArmVmp : Match on catch block at 0xc3 in for 0x91
02-21 13:27:40.867 9592 9592 E ArmVmp : Match on catch block at 0xc3 in for 0x91
02-21 13:27:40.870 9592 9592 E ArmVmp : Match on catch block at 0xc3 in for 0x95
02-21 13:27:40.884 9592 9592 E ArmVmp : Match on catch block at 0xc3 in for 0x95
02-21 13:27:40.886 9592 9592 E ArmVmp : Match on catch block at 0xc3 in for 0x99
02-21 13:27:40.901 9592 9592 E ArmVmp : Match on catch block at 0xc3 in for 0x99
02-21 13:27:40.904 9592 9592 E ArmVmp : Match on catch block at 0xc3 in for 0x91
02-21 13:27:40.918 9592 9592 E ArmVmp : Match on catch block at 0xc3 in for 0x91
02-21 13:27:40.921 9592 9592 E ArmVmp : Match on catch block at 0xc3 in for 0x95
02-21 13:27:40.934 9592 9592 E ArmVmp : Match on catch block at 0xc3 in for 0x95
02-21 13:27:40.937 9592 9592 E ArmVmp : Match on catch block at 0xc3 in for 0x99
02-21 13:27:41.116 9592 9592 E ArmVmp : Match on catch block at 0xc3 in for 0x99
02-21 13:27:41.119 9592 9592 E ArmVmp : Match on catch block at 0xc3 in for 0x91
02-21 13:27:41.538 9592 9654 W libEGL : EGLNativeWindowType 0xbf7f9008
disconnect failed
02-21 13:27:41.550 9592 9592 W InputEventReceiver: Attempted to finish an input
event but the input event receiver has already been disposed.
02-21 13:27:41.616 9592 9592 E ArmVmp : Match on catch block at 0xc3 in for 0x91
02-21 13:27:41.619 9592 9592 E ArmVmp : Match on catch block at 0xc3 in for 0x95
02-21 13:27:41.648 9592 9592 E ArmVmp : Match on catch block at 0xc3 in for 0x95
02-21 13:27:41.650 9592 9592 E ArmVmp : Match on catch block at 0xc3 in for 0x99
02-21 13:27:41.657 9592 9592 E ArmVmp : Match on catch block at 0xc3 in for 0x99
02-21 13:27:41.659 9592 9592 E ArmVmp : Match on catch block at 0xc3 in for 0x91
02-21 13:27:41.665 9592 9592 E ArmVmp : Match on catch block at 0xc3 in for 0x91
02-21 13:27:41.667 9592 9592 E ArmVmp : Match on catch block at 0xc3 in for 0x95
02-21 13:27:41.682 9592 9592 E ArmVmp : Match on catch block at 0xc3 in for 0x95
02-21 13:27:41.684 9592 9592 E ArmVmp : Match on catch block at 0xc3 in for 0x99
02-21 13:27:41.699 9592 9592 E ArmVmp : Match on catch block at 0xc3 in for 0x99
02-21 13:27:41.701 9592 9592 E ArmVmp : Match on catch block at 0xc3 in for 0x91
02-21 13:27:41.715 9592 9592 E ArmVmp : Match on catch block at 0xc3 in for 0x91
02-21 13:27:41.717 9592 9592 E ArmVmp : Match on catch block at 0xc3 in for 0x95
02-21 13:27:41.732 9592 9592 E ArmVmp : Match on catch block at 0xc3 in for 0x95
02-21 13:27:41.735 9592 9592 E ArmVmp : Match on catch block at 0xc3 in for 0x99
02-21 13:27:41.749 9592 9592 E ArmVmp : Match on catch block at 0xc3 in for 0x99
02-21 13:27:41.751 9592 9592 E ArmVmp : Match on catch block at 0xc3 in for 0x91
02-21 13:27:41.766 9592 9592 E ArmVmp : Match on catch block at 0xc3 in for 0x91
02-21 13:27:41.769 9592 9592 E ArmVmp : Match on catch block at 0xc3 in for 0x95
02-21 13:27:41.783 9592 9592 E ArmVmp : Match on catch block at 0xc3 in for 0x95
02-21 13:27:41.786 9592 9592 E ArmVmp : Match on catch block at 0xc3 in for 0x99
02-21 13:27:41.800 9592 9592 E ArmVmp : Match on catch block at 0xc3 in for 0x99
02-21 13:27:41.803 9592 9592 E ArmVmp : Match on catch block at 0xc3 in for 0x91
02-21 13:27:41.816 9592 9592 E ArmVmp : Match on catch block at 0xc3 in for 0x91
02-21 13:27:41.819 9592 9592 E ArmVmp : Match on catch block at 0xc3 in for 0x95
02-21 13:27:41.833 9592 9592 E ArmVmp : Match on catch block at 0xc3 in for 0x95
02-21 13:27:41.836 9592 9592 E ArmVmp : Match on catch block at 0xc3 in for 0x99
02-21 13:27:41.850 9592 9592 E ArmVmp : Match on catch block at 0xc3 in for 0x99
02-21 13:27:41.853 9592 9592 E ArmVmp : Match on catch block at 0xc3 in for 0x91
02-21 13:27:41.867 9592 9592 E ArmVmp : Match on catch block at 0xc3 in for 0x91
02-21 13:27:41.869 9592 9592 E ArmVmp : Match on catch block at 0xc3 in for 0x95
02-21 13:27:41.883 9592 9592 E ArmVmp : Match on catch block at 0xc3 in for 0x95
02-21 13:27:41.886 9592 9592 E ArmVmp : Match on catch block at 0xc3 in for 0x99
02-21 13:27:41.899 9592 9592 E ArmVmp : Match on catch block at 0xc3 in for 0x99
02-21 13:27:41.902 9592 9592 E ArmVmp : Match on catch block at 0xc3 in for 0x91
02-21 13:27:41.917 9592 9592 E ArmVmp : Match on catch block at 0xc3 in for 0x91
02-21 13:27:41.920 9592 9592 E ArmVmp : Match on catch block at 0xc3 in for 0x95
02-21 13:27:41.933 9592 9592 E ArmVmp : Match on catch block at 0xc3 in for 0x95
02-21 13:27:41.936 9592 9592 E ArmVmp : Match on catch block at 0xc3 in for 0x99
02-21 13:27:41.952 9592 9592 E ArmVmp : Match on catch block at 0xc3 in for 0x99
02-21 13:27:41.955 9592 9592 E ArmVmp : Match on catch block at 0xc3 in for 0x91
02-21 13:27:42.117 9592 9592 E ArmVmp : Match on catch block at 0xc3 in for 0x91
02-21 13:27:42.120 9592 9592 E ArmVmp : Match on catch block at 0xc3 in for 0x95
02-21 13:27:42.284 9592 9592 E ArmVmp : Match on catch block at 0xc3 in for 0x91
02-21 13:27:42.287 9592 9592 E ArmVmp : Match on catch block at 0xc3 in for 0x95
02-21 13:27:42.351 9592 9592 E ArmVmp : Match on catch block at 0xc3 in for 0x95
02-21 13:27:42.354 9592 9592 E ArmVmp : Match on catch block at 0xc3 in for 0x99
02-21 13:27:42.671 9592 9592 E ArmVmp : Match on catch block at 0xc3 in for 0x95
02-21 13:27:42.675 9592 9592 E ArmVmp : Match on catch block at 0xc3 in for 0x99
02-21 13:27:42.679 9592 9592 E ArmVmp : Match on catch block at 0xc3 in for 0x99
02-21 13:27:42.682 9592 9592 E ArmVmp : Match on catch block at 0xc3 in for 0x91
02-21 13:27:42.694 9592 9654 W libEGL : EGLNativeWindowType 0xbf7f9008
disconnect failed
02-21 13:27:42.821 9592 9654 W libEGL : EGLNativeWindowType 0xbf7f9008
disconnect failed
02-21 13:27:42.828 9592 9592 W InputEventReceiver: Attempted to finish an input
event but the input event receiver has already been disposed.
02-21 13:27:42.872 9592 9592 E ArmVmp : Match on catch block at 0xc3 in for 0x91
02-21 13:27:42.875 9592 9592 E ArmVmp : Match on catch block at 0xc3 in for 0x95
02-21 13:27:43.234 9592 9592 E ArmVmp : Match on catch block at 0xc3 in for 0x95
02-21 13:27:43.238 9592 9592 E ArmVmp : Match on catch block at 0xc3 in for 0x99
02-21 13:27:43.251 9592 9592 E ArmVmp : Match on catch block at 0xc3 in for 0x99
02-21 13:27:43.254 9592 9592 E ArmVmp : Match on catch block at 0xc3 in for 0x91
02-21 13:27:43.267 9592 9592 E ArmVmp : Match on catch block at 0xc3 in for 0x99
02-21 13:27:43.270 9592 9592 E ArmVmp : Match on catch block at 0xc3 in for 0x91
02-21 13:27:43.283 9592 9592 E ArmVmp : Match on catch block at 0xc3 in for 0x91
02-21 13:27:43.286 9592 9592 E ArmVmp : Match on catch block at 0xc3 in for 0x95
02-21 13:27:43.300 9592 9592 E ArmVmp : Match on catch block at 0xc3 in for 0x95
02-21 13:27:43.303 9592 9592 E ArmVmp : Match on catch block at 0xc3 in for 0x99
02-21 13:27:43.317 9592 9592 E ArmVmp : Match on catch block at 0xc3 in for 0x99
02-21 13:27:43.319 9592 9592 E ArmVmp : Match on catch block at 0xc3 in for 0x91
02-21 13:27:43.334 9592 9592 E ArmVmp : Match on catch block at 0xc3 in for 0x91
02-21 13:27:43.336 9592 9592 E ArmVmp : Match on catch block at 0xc3 in for 0x95
02-21 13:27:43.350 9592 9592 E ArmVmp : Match on catch block at 0xc3 in for 0x95
02-21 13:27:43.352 9592 9592 E ArmVmp : Match on catch block at 0xc3 in for 0x99
02-21 13:27:43.367 9592 9592 E ArmVmp : Match on catch block at 0xc3 in for 0x99
02-21 13:27:43.370 9592 9592 E ArmVmp : Match on catch block at 0xc3 in for 0x91
02-21 13:27:43.384 9592 9592 E ArmVmp : Match on catch block at 0xc3 in for 0x91
02-21 13:27:43.387 9592 9592 E ArmVmp : Match on catch block at 0xc3 in for 0x95
02-21 13:27:43.401 9592 9592 E ArmVmp : Match on catch block at 0xc3 in for 0x95
02-21 13:27:43.404 9592 9592 E ArmVmp : Match on catch block at 0xc3 in for 0x99
02-21 13:27:43.417 9592 9592 E ArmVmp : Match on catch block at 0xc3 in for 0x99
02-21 13:27:43.420 9592 9592 E ArmVmp : Match on catch block at 0xc3 in for 0x91
02-21 13:27:43.434 9592 9592 E ArmVmp : Match on catch block at 0xc3 in for 0x91
02-21 13:27:43.437 9592 9592 E ArmVmp : Match on catch block at 0xc3 in for 0x95
02-21 13:27:43.450 9592 9592 E ArmVmp : Match on catch block at 0xc3 in for 0x95
02-21 13:27:43.453 9592 9592 E ArmVmp : Match on catch block at 0xc3 in for 0x99
02-21 13:27:43.467 9592 9592 E ArmVmp : Match on catch block at 0xc3 in for 0x99
02-21 13:27:43.470 9592 9592 E ArmVmp : Match on catch block at 0xc3 in for 0x91
02-21 13:27:43.484 9592 9592 E ArmVmp : Match on catch block at 0xc3 in for 0x91
02-21 13:27:43.487 9592 9592 E ArmVmp : Match on catch block at 0xc3 in for 0x95
02-21 13:27:43.501 9592 9592 E ArmVmp : Match on catch block at 0xc3 in for 0x95
02-21 13:27:43.503 9592 9592 E ArmVmp : Match on catch block at 0xc3 in for 0x99
02-21 13:27:43.675 9592 9592 E ArmVmp : Match on catch block at 0xc3 in for 0x95
02-21 13:27:43.678 9592 9592 E ArmVmp : Match on catch block at 0xc3 in for 0x99
02-21 13:27:43.689 9592 9654 W libEGL : EGLNativeWindowType 0xbf7f9008
disconnect failed
02-21 13:27:44.342 9592 9654 W libEGL : EGLNativeWindowType 0xbf7f9008
disconnect failed
02-21 13:27:44.465 9592 9592 E ArmVmp : Match on catch block at 0xc3 in for 0x91
02-21 13:27:44.468 9592 9592 E ArmVmp : Match on catch block at 0xc3 in for 0x95
02-21 13:27:44.495 9592 9592 E ArmVmp : Match on catch block at 0xc3 in for 0x95
02-21 13:27:44.498 9592 9592 E ArmVmp : Match on catch block at 0xc3 in for 0x99
02-21 13:27:44.524 9592 9592 E ArmVmp : Match on catch block at 0xc3 in for 0x99
02-21 13:27:44.526 9592 9592 E ArmVmp : Match on catch block at 0xc3 in for 0x91
02-21 13:27:44.537 9592 9592 E ArmVmp : Match on catch block at 0xc3 in for 0x91
02-21 13:27:44.539 9592 9592 E ArmVmp : Match on catch block at 0xc3 in for 0x95
02-21 13:27:44.555 9592 9654 W libEGL : EGLNativeWindowType 0xbf7f9008
disconnect failed
02-21 13:27:44.562 9592 9592 E ArmVmp : Match on catch block at 0xc3 in for 0x95
02-21 13:27:44.564 9592 9592 E ArmVmp : Match on catch block at 0xc3 in for 0x99
02-21 13:27:44.570 9592 9592 E ArmVmp : Match on catch block at 0xc3 in for 0x99
02-21 13:27:44.571 9592 9592 E ArmVmp : Match on catch block at 0xc3 in for 0x91
02-21 13:27:44.584 9592 9592 E ArmVmp : Match on catch block at 0xc3 in for 0x91
02-21 13:27:44.586 9592 9592 E ArmVmp : Match on catch block at 0xc3 in for 0x95
02-21 13:27:44.600 9592 9592 E ArmVmp : Match on catch block at 0xc3 in for 0x95
02-21 13:27:44.602 9592 9592 E ArmVmp : Match on catch block at 0xc3 in for 0x99
02-21 13:27:44.617 9592 9592 E ArmVmp : Match on catch block at 0xc3 in for 0x99
02-21 13:27:44.619 9592 9592 E ArmVmp : Match on catch block at 0xc3 in for 0x91
02-21 13:27:44.645 9592 9592 E ArmVmp : Match on catch block at 0xc3 in for 0x91
02-21 13:27:44.648 9592 9592 E ArmVmp : Match on catch block at 0xc3 in for 0x95
02-21 13:27:44.658 9592 9592 E ArmVmp : Match on catch block at 0xc3 in for 0x95
02-21 13:27:44.662 9592 9592 E ArmVmp : Match on catch block at 0xc3 in for 0x99
02-21 13:27:44.668 9592 9592 E ArmVmp : Match on catch block at 0xc3 in for 0x99
02-21 13:27:44.670 9592 9592 E ArmVmp : Match on catch block at 0xc3 in for 0x91
02-21 13:27:44.685 9592 9592 E ArmVmp : Match on catch block at 0xc3 in for 0x91
02-21 13:27:44.687 9592 9592 E ArmVmp : Match on catch block at 0xc3 in for 0x95
02-21 13:27:44.702 9592 9592 E ArmVmp : Match on catch block at 0xc3 in for 0x95
02-21 13:27:44.703 9592 9592 E ArmVmp : Match on catch block at 0xc3 in for 0x99
02-21 13:27:44.718 9592 9592 E ArmVmp : Match on catch block at 0xc3 in for 0x99
02-21 13:27:44.720 9592 9592 E ArmVmp : Match on catch block at 0xc3 in for 0x91
02-21 13:27:44.735 9592 9592 E ArmVmp : Match on catch block at 0xc3 in for 0x91
02-21 13:27:44.737 9592 9592 E ArmVmp : Match on catch block at 0xc3 in for 0x95
02-21 13:27:44.747 9592 9606 W System : A resource failed to call release.
02-21 13:27:44.747 9592 9606 W System : A resource failed to call release.
02-21 13:27:44.752 9592 9592 E ArmVmp : Match on catch block at 0xc3 in for 0x95
02-21 13:27:44.754 9592 9592 E ArmVmp : Match on catch block at 0xc3 in for 0x99
02-21 13:27:44.769 9592 9592 E ArmVmp : Match on catch block at 0xc3 in for 0x99
02-21 13:27:44.771 9592 9606 W System : A resource failed to call release.
02-21 13:27:44.771 9592 9606 W System : A resource failed to call release.
02-21 13:27:44.772 9592 9592 E ArmVmp : Match on catch block at 0xc3 in for 0x91
02-21 13:27:44.784 9592 9606 W System : A resource failed to call release.
02-21 13:27:44.784 9592 9606 W System : A resource failed to call release.
02-21 13:27:44.787 9592 9592 E ArmVmp : Match on catch block at 0xc3 in for 0x91
02-21 13:27:44.790 9592 9592 E ArmVmp : Match on catch block at 0xc3 in for 0x95
02-21 13:27:44.986 9592 9592 E ArmVmp : Match on catch block at 0xc3 in for 0x95
02-21 13:27:44.989 9592 9592 E ArmVmp : Match on catch block at 0xc3 in for 0x99
02-21 13:27:45.486 9592 9592 E ArmVmp : Match on catch block at 0xc3 in for 0x99
02-21 13:27:45.490 9592 9592 E ArmVmp : Match on catch block at 0xc3 in for 0x91
02-21 13:27:45.838 9592 9654 W libEGL : EGLNativeWindowType 0xbf7f9008
disconnect failed
02-21 13:27:45.858 9592 9592 E ArmVmp : Match on catch block at 0xc3 in for 0x95
02-21 13:27:45.860 9592 9592 E ArmVmp : Match on catch block at 0xc3 in for 0x99
02-21 13:27:45.907 9592 9592 E ArmVmp : Match on catch block at 0xc3 in for 0x99
02-21 13:27:45.909 9592 9592 E ArmVmp : Match on catch block at 0xc3 in for 0x91
02-21 13:27:45.959 9592 9592 E ArmVmp : Match on catch block at 0xc3 in for 0x91
02-21 13:27:45.962 9592 9592 E ArmVmp : Match on catch block at 0xc3 in for 0x95
02-21 13:27:45.976 9592 9654 W libEGL : EGLNativeWindowType 0xbf7f9008
disconnect failed
02-21 13:27:45.991 9592 9592 E ArmVmp : Match on catch block at 0xc3 in for 0x95
02-21 13:27:45.993 9592 9592 E ArmVmp : Match on catch block at 0xc3 in for 0x99
02-21 13:27:46.004 9592 9592 E ArmVmp : Match on catch block at 0xc3 in for 0x99
02-21 13:27:46.006 9592 9592 E ArmVmp : Match on catch block at 0xc3 in for 0x91
02-21 13:27:46.021 9592 9592 E ArmVmp : Match on catch block at 0xc3 in for 0x99
02-21 13:27:46.023 9592 9592 E ArmVmp : Match on catch block at 0xc3 in for 0x91
02-21 13:27:47.488 9592 9592 E ArmVmp : Match on catch block at 0xc3 in for 0x91
02-21 13:27:47.492 9592 9592 E ArmVmp : Match on catch block at 0xc3 in for 0x95
02-21 13:27:47.504 9592 9592 E ArmVmp : Match on catch block at 0xc3 in for 0x95
02-21 13:27:47.507 9592 9592 E ArmVmp : Match on catch block at 0xc3 in for 0x99
02-21 13:27:47.520 9592 9592 E ArmVmp : Match on catch block at 0xc3 in for 0x99
02-21 13:27:47.523 9592 9592 E ArmVmp : Match on catch block at 0xc3 in for 0x91
02-21 13:27:47.537 9592 9592 E ArmVmp : Match on catch block at 0xc3 in for 0x91
02-21 13:27:47.540 9592 9592 E ArmVmp : Match on catch block at 0xc3 in for 0x95
02-21 13:27:47.554 9592 9592 E ArmVmp : Match on catch block at 0xc3 in for 0x95
02-21 13:27:47.557 9592 9592 E ArmVmp : Match on catch block at 0xc3 in for 0x99
02-21 13:27:47.570 9592 9592 E ArmVmp : Match on catch block at 0xc3 in for 0x99
02-21 13:27:47.573 9592 9592 E ArmVmp : Match on catch block at 0xc3 in for 0x91
02-21 13:27:47.587 9592 9592 E ArmVmp : Match on catch block at 0xc3 in for 0x91
02-21 13:27:47.590 9592 9592 E ArmVmp : Match on catch block at 0xc3 in for 0x95
02-21 13:27:47.603 9592 9592 E ArmVmp : Match on catch block at 0xc3 in for 0x95
02-21 13:27:47.606 9592 9592 E ArmVmp : Match on catch block at 0xc3 in for 0x99
02-21 13:27:47.620 9592 9592 E ArmVmp : Match on catch block at 0xc3 in for 0x99
02-21 13:27:47.624 9592 9592 E ArmVmp : Match on catch block at 0xc3 in for 0x91
02-21 13:27:47.637 9592 9592 E ArmVmp : Match on catch block at 0xc3 in for 0x91
02-21 13:27:47.641 9592 9592 E ArmVmp : Match on catch block at 0xc3 in for 0x95
02-21 13:27:47.654 9592 9592 E ArmVmp : Match on catch block at 0xc3 in for 0x95
02-21 13:27:47.657 9592 9592 E ArmVmp : Match on catch block at 0xc3 in for 0x99
02-21 13:27:47.670 9592 9592 E ArmVmp : Match on catch block at 0xc3 in for 0x99
02-21 13:27:47.673 9592 9592 E ArmVmp : Match on catch block at 0xc3 in for 0x91
02-21 13:27:47.687 9592 9592 E ArmVmp : Match on catch block at 0xc3 in for 0x91
02-21 13:27:47.690 9592 9592 E ArmVmp : Match on catch block at 0xc3 in for 0x95
02-21 13:27:47.704 9592 9592 E ArmVmp : Match on catch block at 0xc3 in for 0x95
02-21 13:27:47.707 9592 9592 E ArmVmp : Match on catch block at 0xc3 in for 0x99
02-21 13:27:47.721 9592 9592 E ArmVmp : Match on catch block at 0xc3 in for 0x99
02-21 13:27:47.724 9592 9592 E ArmVmp : Match on catch block at 0xc3 in for 0x91
02-21 13:27:47.737 9592 9592 E ArmVmp : Match on catch block at 0xc3 in for 0x91
02-21 13:27:47.740 9592 9592 E ArmVmp : Match on catch block at 0xc3 in for 0x95
02-21 13:27:47.754 9592 9592 E ArmVmp : Match on catch block at 0xc3 in for 0x95
02-21 13:27:47.757 9592 9592 E ArmVmp : Match on catch block at 0xc3 in for 0x99
02-21 13:27:48.104 9592 9606 W System : A resource failed to call release.
02-21 13:27:48.105 9592 9606 W System : A resource failed to call release.
02-21 13:27:50.579 9592 9592 E ArmVmp : Match on catch block at 0xc3 in for 0x91
02-21 13:27:50.582 9592 9592 E ArmVmp : Match on catch block at 0xc3 in for 0x95
02-21 13:27:50.600 9592 9592 E ArmVmp : Match on catch block at 0xc3 in for 0x95
02-21 13:27:50.602 9592 9592 E ArmVmp : Match on catch block at 0xc3 in for 0x99
02-21 13:27:50.655 9592 9654 W libEGL : EGLNativeWindowType 0xbf7f9008
disconnect failed
02-21 13:27:50.674 9592 9592 E ArmVmp : Match on catch block at 0xc3 in for 0x95
02-21 13:27:50.676 9592 9592 E ArmVmp : Match on catch block at 0xc3 in for 0x99
02-21 13:27:50.682 9592 9592 E ArmVmp : Match on catch block at 0xc3 in for 0x99
02-21 13:27:50.683 9592 9592 E ArmVmp : Match on catch block at 0xc3 in for 0x91
02-21 13:27:50.688 9592 9592 E ArmVmp : Match on catch block at 0xc3 in for 0x91
02-21 13:27:50.691 9592 9592 E ArmVmp : Match on catch block at 0xc3 in for 0x95
02-21 13:27:50.705 9592 9592 E ArmVmp : Match on catch block at 0xc3 in for 0x95
02-21 13:27:50.707 9592 9592 E ArmVmp : Match on catch block at 0xc3 in for 0x99
02-21 13:27:50.722 9592 9592 E ArmVmp : Match on catch block at 0xc3 in for 0x99
02-21 13:27:50.724 9592 9592 E ArmVmp : Match on catch block at 0xc3 in for 0x91
02-21 13:27:50.738 9592 9592 E ArmVmp : Match on catch block at 0xc3 in for 0x91
02-21 13:27:50.740 9592 9592 E ArmVmp : Match on catch block at 0xc3 in for 0x95
02-21 13:27:50.755 9592 9592 E ArmVmp : Match on catch block at 0xc3 in for 0x95
02-21 13:27:50.757 9592 9592 E ArmVmp : Match on catch block at 0xc3 in for 0x99
02-21 13:27:50.772 9592 9592 E ArmVmp : Match on catch block at 0xc3 in for 0x99
02-21 13:27:50.774 9592 9592 E ArmVmp : Match on catch block at 0xc3 in for 0x91
02-21 13:27:50.789 9592 9592 E ArmVmp : Match on catch block at 0xc3 in for 0x91
02-21 13:27:50.792 9592 9592 E ArmVmp : Match on catch block at 0xc3 in for 0x95
02-21 13:27:50.806 9592 9592 E ArmVmp : Match on catch block at 0xc3 in for 0x95
02-21 13:27:50.809 9592 9592 E ArmVmp : Match on catch block at 0xc3 in for 0x99
02-21 13:27:50.823 9592 9592 E ArmVmp : Match on catch block at 0xc3 in for 0x99
02-21 13:27:50.826 9592 9592 E ArmVmp : Match on catch block at 0xc3 in for 0x91
02-21 13:27:50.840 9592 9592 E ArmVmp : Match on catch block at 0xc3 in for 0x91
02-21 13:27:50.842 9592 9592 E ArmVmp : Match on catch block at 0xc3 in for 0x95
02-21 13:27:50.856 9592 9592 E ArmVmp : Match on catch block at 0xc3 in for 0x95
02-21 13:27:50.859 9592 9592 E ArmVmp : Match on catch block at 0xc3 in for 0x99
02-21 13:27:50.873 9592 9592 E ArmVmp : Match on catch block at 0xc3 in for 0x99
02-21 13:27:50.876 9592 9592 E ArmVmp : Match on catch block at 0xc3 in for 0x91
02-21 13:27:50.890 9592 9592 E ArmVmp : Match on catch block at 0xc3 in for 0x91
02-21 13:27:50.893 9592 9592 E ArmVmp : Match on catch block at 0xc3 in for 0x95
02-21 13:27:50.906 9592 9592 E ArmVmp : Match on catch block at 0xc3 in for 0x95
02-21 13:27:50.909 9592 9592 E ArmVmp : Match on catch block at 0xc3 in for 0x99
02-21 13:27:50.923 9592 9592 E ArmVmp : Match on catch block at 0xc3 in for 0x99
02-21 13:27:50.926 9592 9592 E ArmVmp : Match on catch block at 0xc3 in for 0x91
02-21 13:27:50.939 9592 9592 E ArmVmp : Match on catch block at 0xc3 in for 0x91
02-21 13:27:50.942 9592 9592 E ArmVmp : Match on catch block at 0xc3 in for 0x95
02-21 13:27:50.956 9592 9592 E ArmVmp : Match on catch block at 0xc3 in for 0x95
02-21 13:27:50.959 9592 9592 E ArmVmp : Match on catch block at 0xc3 in for 0x99
02-21 13:27:50.975 9592 9592 E ArmVmp : Match on catch block at 0xc3 in for 0x99
02-21 13:27:50.977 9592 9592 E ArmVmp : Match on catch block at 0xc3 in for 0x91
02-21 13:27:51.089 9592 9592 E ArmVmp : Match on catch block at 0xc3 in for 0x95
02-21 13:27:51.092 9592 9592 E ArmVmp : Match on catch block at 0xc3 in for 0x99
02-21 13:27:51.160 9592 9592 E ArmVmp : Match on catch block at 0xc3 in for 0x99
02-21 13:27:51.163 9592 9592 E ArmVmp : Match on catch block at 0xc3 in for 0x91
02-21 13:27:51.262 9592 9592 E ArmVmp : Match on catch block at 0xc3 in for 0x99
02-21 13:27:51.264 9592 9592 E ArmVmp : Match on catch block at 0xc3 in for 0x91
02-21 13:27:51.473 9592 9592 E ArmVmp : Match on catch block at 0xc3 in for 0x95
02-21 13:27:51.475 9592 9592 E ArmVmp : Match on catch block at 0xc3 in for 0x99
02-21 13:27:51.490 9592 9592 E ArmVmp : Match on catch block at 0xc3 in for 0x99
02-21 13:27:51.493 9592 9592 E ArmVmp : Match on catch block at 0xc3 in for 0x91
02-21 13:27:51.507 9592 9592 E ArmVmp : Match on catch block at 0xc3 in for 0x91
02-21 13:27:51.510 9592 9592 E ArmVmp : Match on catch block at 0xc3 in for 0x95
02-21 13:27:51.523 9592 9592 E ArmVmp : Match on catch block at 0xc3 in for 0x95
02-21 13:27:51.527 9592 9592 E ArmVmp : Match on catch block at 0xc3 in for 0x99
02-21 13:27:51.540 9592 9592 E ArmVmp : Match on catch block at 0xc3 in for 0x99
02-21 13:27:51.543 9592 9592 E ArmVmp : Match on catch block at 0xc3 in for 0x91
02-21 13:27:51.557 9592 9592 E ArmVmp : Match on catch block at 0xc3 in for 0x91
02-21 13:27:51.560 9592 9592 E ArmVmp : Match on catch block at 0xc3 in for 0x95
02-21 13:27:51.573 9592 9592 E ArmVmp : Match on catch block at 0xc3 in for 0x95
02-21 13:27:51.576 9592 9592 E ArmVmp : Match on catch block at 0xc3 in for 0x99
02-21 13:27:51.590 9592 9592 E ArmVmp : Match on catch block at 0xc3 in for 0x99
02-21 13:27:51.593 9592 9592 E ArmVmp : Match on catch block at 0xc3 in for 0x91
02-21 13:27:51.607 9592 9592 E ArmVmp : Match on catch block at 0xc3 in for 0x91
02-21 13:27:51.610 9592 9592 E ArmVmp : Match on catch block at 0xc3 in for 0x95
02-21 13:27:51.623 9592 9592 E ArmVmp : Match on catch block at 0xc3 in for 0x95
02-21 13:27:51.627 9592 9592 E ArmVmp : Match on catch block at 0xc3 in for 0x99
02-21 13:27:51.640 9592 9592 E ArmVmp : Match on catch block at 0xc3 in for 0x99
02-21 13:27:51.643 9592 9592 E ArmVmp : Match on catch block at 0xc3 in for 0x91
02-21 13:27:51.658 9592 9654 W libEGL : EGLNativeWindowType 0xbfd9cc08
disconnect failed
02-21 13:27:51.664 9592 9592 E ArmVmp : Match on catch block at 0xc3 in for 0x91
02-21 13:27:51.667 9592 9592 E ArmVmp : Match on catch block at 0xc3 in for 0x95
02-21 13:27:53.426 9592 9592 E ArmVmp : Match on catch block at 0x0a in for 0xb9
02-21 13:27:53.429 9592 9592 E ArmVmp : Match on catch block at 0x0a in for 0xb5
02-21 13:27:53.577 9592 9592 E ArmVmp : Match on catch block at 0xc3 in for 0xa9
02-21 13:27:53.579 9592 9592 E ArmVmp : Match on catch block at 0xc3 in for 0xa9
02-21 13:27:53.642 9592 9592 E ArmVmp : Match on catch block at 0xc3 in for 0x95
02-21 13:27:53.644 9592 9592 E ArmVmp : Match on catch block at 0xc3 in for 0x99
02-21 13:27:53.673 9592 9592 E ArmVmp : Match on catch block at 0xc3 in for 0x91
02-21 13:27:53.675 9592 9592 E ArmVmp : Match on catch block at 0xc3 in for 0x95
02-21 13:27:53.693 9592 9592 E ArmVmp : Match on catch block at 0xc3 in for 0x91
02-21 13:27:53.695 9592 9592 E ArmVmp : Match on catch block at 0xc3 in for 0x95
02-21 13:27:53.707 9592 9592 E ArmVmp : Match on catch block at 0xc3 in for 0x95
02-21 13:27:53.709 9592 9592 E ArmVmp : Match on catch block at 0xc3 in for 0x99
02-21 13:27:54.047 9592 9654 W libEGL : EGLNativeWindowType 0xbfda0408
disconnect failed
02-21 13:27:54.176 9592 9592 E ArmVmp : Match on catch block at 0xc3 in for 0x99
02-21 13:27:54.179 9592 9592 E ArmVmp : Match on catch block at 0xc3 in for 0x91
02-21 13:27:54.276 9592 9592 E ArmVmp : Match on catch block at 0xc3 in for 0x91
02-21 13:27:54.279 9592 9592 E ArmVmp : Match on catch block at 0xc3 in for 0x95
02-21 13:27:54.292 9592 9592 E ArmVmp : Match on catch block at 0xc3 in for 0x95
02-21 13:27:54.296 9592 9592 E ArmVmp : Match on catch block at 0xc3 in for 0x99
02-21 13:27:54.309 9592 9592 E ArmVmp : Match on catch block at 0xc3 in for 0x99
02-21 13:27:54.312 9592 9592 E ArmVmp : Match on catch block at 0xc3 in for 0x91
02-21 13:27:54.326 9592 9592 E ArmVmp : Match on catch block at 0xc3 in for 0x91
02-21 13:27:54.328 9592 9592 E ArmVmp : Match on catch block at 0xc3 in for 0x95
02-21 13:27:54.342 9592 9592 E ArmVmp : Match on catch block at 0xc3 in for 0x95
02-21 13:27:54.345 9592 9592 E ArmVmp : Match on catch block at 0xc3 in for 0x99
02-21 13:27:54.359 9592 9592 E ArmVmp : Match on catch block at 0xc3 in for 0x95
02-21 13:27:54.362 9592 9592 E ArmVmp : Match on catch block at 0xc3 in for 0x99
02-21 13:27:54.375 9592 9592 E ArmVmp : Match on catch block at 0xc3 in for 0x99
02-21 13:27:54.378 9592 9592 E ArmVmp : Match on catch block at 0xc3 in for 0x91
02-21 13:27:54.392 9592 9592 E ArmVmp : Match on catch block at 0xc3 in for 0x91
02-21 13:27:54.395 9592 9592 E ArmVmp : Match on catch block at 0xc3 in for 0x95
02-21 13:27:54.409 9592 9592 E ArmVmp : Match on catch block at 0xc3 in for 0x95
02-21 13:27:54.412 9592 9592 E ArmVmp : Match on catch block at 0xc3 in for 0x99
02-21 13:27:54.425 9592 9592 E ArmVmp : Match on catch block at 0xc3 in for 0x99
02-21 13:27:54.428 9592 9592 E ArmVmp : Match on catch block at 0xc3 in for 0x91
02-21 13:27:54.442 9592 9592 E ArmVmp : Match on catch block at 0xc3 in for 0x95
02-21 13:27:54.445 9592 9592 E ArmVmp : Match on catch block at 0xc3 in for 0x99
02-21 13:27:54.459 9592 9592 E ArmVmp : Match on catch block at 0xc3 in for 0x91
02-21 13:27:54.461 9592 9592 E ArmVmp : Match on catch block at 0xc3 in for 0x95
02-21 13:27:54.491 9592 9592 E ArmVmp : Match on catch block at 0xc3 in for 0x91
02-21 13:27:54.494 9592 9592 E ArmVmp : Match on catch block at 0xc3 in for 0x95
02-21 13:27:54.499 9592 9592 E ArmVmp : Match on catch block at 0xc3 in for 0x95
02-21 13:27:54.501 9592 9592 E ArmVmp : Match on catch block at 0xc3 in for 0x99
02-21 13:27:54.507 9592 9592 E ArmVmp : Match on catch block at 0xc3 in for 0x99
02-21 13:27:54.509 9592 9592 E ArmVmp : Match on catch block at 0xc3 in for 0x91
02-21 13:27:54.524 9592 9592 E ArmVmp : Match on catch block at 0xc3 in for 0x91
02-21 13:27:54.527 9592 9592 E ArmVmp : Match on catch block at 0xc3 in for 0x95
02-21 13:27:54.553 9592 9592 E ArmVmp : Match on catch block at 0xc3 in for 0x91
02-21 13:27:54.557 9592 9592 E ArmVmp : Match on catch block at 0xc3 in for 0x95
02-21 13:27:54.574 9592 9592 E ArmVmp : Match on catch block at 0xc3 in for 0x95
02-21 13:27:54.577 9592 9654 W libEGL : EGLNativeWindowType 0xbcda8c08
disconnect failed
02-21 13:27:54.577 9592 9592 E ArmVmp : Match on catch block at 0xc3 in for 0x99
02-21 13:27:54.675 9592 9592 E ArmVmp : Match on catch block at 0xc3 in for 0x99
02-21 13:27:54.677 9592 9592 E ArmVmp : Match on catch block at 0xc3 in for 0x91
02-21 13:27:55.175 9592 9592 E ArmVmp : Match on catch block at 0xc3 in for 0x91
02-21 13:27:55.180 9592 9592 E ArmVmp : Match on catch block at 0xc3 in for 0x95
02-21 13:27:55.677 9592 9592 E ArmVmp : Match on catch block at 0xc3 in for 0x95
02-21 13:27:55.681 9592 9592 E ArmVmp : Match on catch block at 0xc3 in for 0x99
02-21 13:27:56.143 9592 9592 E ArmVmp : Match on catch block at 0xc3 in for 0x99
02-21 13:27:56.147 9592 9592 E ArmVmp : Match on catch block at 0xc3 in for 0x91
02-21 13:27:56.160 9592 9592 E ArmVmp : Match on catch block at 0xc3 in for 0x91
02-21 13:27:56.163 9592 9592 E ArmVmp : Match on catch block at 0xc3 in for 0x95
02-21 13:27:56.177 9592 9592 E ArmVmp : Match on catch block at 0xc3 in for 0x95
02-21 13:27:56.182 9592 9592 E ArmVmp : Match on catch block at 0xc3 in for 0x99
02-21 13:27:56.193 9592 9592 E ArmVmp : Match on catch block at 0xc3 in for 0x99
02-21 13:27:56.197 9592 9592 E ArmVmp : Match on catch block at 0xc3 in for 0x91
02-21 13:27:56.210 9592 9592 E ArmVmp : Match on catch block at 0xc3 in for 0x91
02-21 13:27:56.214 9592 9592 E ArmVmp : Match on catch block at 0xc3 in for 0x95
02-21 13:27:56.227 9592 9592 E ArmVmp : Match on catch block at 0xc3 in for 0x95
02-21 13:27:56.230 9592 9592 E ArmVmp : Match on catch block at 0xc3 in for 0x99
02-21 13:27:56.244 9592 9592 E ArmVmp : Match on catch block at 0xc3 in for 0x99
02-21 13:27:56.247 9592 9592 E ArmVmp : Match on catch block at 0xc3 in for 0x91
02-21 13:27:56.260 9592 9592 E ArmVmp : Match on catch block at 0xc3 in for 0x91
02-21 13:27:56.264 9592 9592 E ArmVmp : Match on catch block at 0xc3 in for 0x95
02-21 13:27:56.277 9592 9592 E ArmVmp : Match on catch block at 0xc3 in for 0x95
02-21 13:27:56.280 9592 9592 E ArmVmp : Match on catch block at 0xc3 in for 0x99
02-21 13:27:56.293 9592 9592 E ArmVmp : Match on catch block at 0xc3 in for 0x99
