mbmodsd.mbmodsw.mbdialog.MBDialogMan$FetchJsonTask.doInBackground(Native Method)
02-20 12:34:51.524 5400 5746 W System.err:
02-20 12:34:51.524 5400 5746 W System.err: at
android.os.AsyncTask$3.call(AsyncTask.java:394)
02-20 12:34:51.524 5400 5746 W System.err:
02-20 12:34:51.524 5400 5746 W System.err: at
java.util.concurrent.FutureTask.run(FutureTask.java:266)
02-20 12:34:51.524 5400 5746 W System.err:
02-20 12:34:51.524 5400 5746 W System.err: at
android.os.AsyncTask$SerialExecutor$1.run(AsyncTask.java:305)
02-20 12:34:51.524 5400 5746 W System.err:
02-20 12:34:51.524 5400 5746 W System.err: at
java.util.concurrent.ThreadPoolExecutor.runWorker(ThreadPoolExecutor.java:1167)
02-20 12:34:51.524 5400 5746 W System.err:
02-20 12:34:51.524 5400 5746 W System.err: at
java.util.concurrent.ThreadPoolExecutor$Worker.run(ThreadPoolExecutor.java:641)
02-20 12:34:51.524 5400 5746 W System.err:
02-20 12:34:51.525 5400 5746 W System.err: at
java.lang.Thread.run(Thread.java:923)
02-20 12:34:51.525 5400 5746 W System.err:
02-20 12:34:51.525 5400 5746 W System.err: Caused by:
android.system.GaiException: android_getaddrinfo failed: EAI_NODATA (No address
associated with hostname)
02-20 12:34:51.525 5400 5746 W System.err:
02-20 12:34:51.525 5400 5746 W System.err: at
libcore.io.Linux.android_getaddrinfo(Native Method)
02-20 12:34:51.525 5400 5746 W System.err:
02-20 12:34:51.525 5400 5746 W System.err: at
libcore.io.ForwardingOs.android_getaddrinfo(ForwardingOs.java:73)
02-20 12:34:51.525 5400 5746 W System.err:
02-20 12:34:51.526 5400 5746 W System.err: at
libcore.io.BlockGuardOs.android_getaddrinfo(BlockGuardOs.java:202)
02-20 12:34:51.526 5400 5746 W System.err:
02-20 12:34:51.526 5400 5746 W System.err: at
libcore.io.ForwardingOs.android_getaddrinfo(ForwardingOs.java:73)
02-20 12:34:51.526 5400 5746 W System.err:
02-20 12:34:51.526 5400 5746 W System.err: at
java.net.Inet6AddressImpl.lookupHostByName(Inet6AddressImpl.java:135)
02-20 12:34:51.526 5400 5746 W System.err:
02-20 12:34:51.526 5400 5746 W System.err: ... 27 more
02-20 12:34:51.526 5400 5746 W System.err:
02-20 12:34:52.600 5400 5400 E RecyclerView: No adapter attached; skipping layout
02-20 12:34:52.670 5400 5682 E libc : Access denied finding property
"persist.vendor.sf.fbc"
02-20 12:34:52.670 5400 5682 E libc : Access denied finding property
"persist.vendor.gpu.fbc"
02-20 12:34:52.670 5400 5682 E libc : Access denied finding property
"persist.vendor.vsp.fbc"
02-20 12:34:53.181 5400 5400 E RecyclerView: No adapter attached; skipping layout
02-20 12:34:53.182 5400 5400 W View : requestLayout() improperly called by
androidx.appcompat.view.menu.ActionMenuItemView{c884246 VFED..C.. ......ID 170,0-
254,0 #7f0b0f8a app:id/menuitem_search} during layout: running second layout pass
02-20 12:34:53.183 5400 5400 W View : requestLayout() improperly called by
androidx.appcompat.widget.ActionMenuView{259bc07 V.E...... ......ID 333,219-
750,219} during layout: running second layout pass
02-20 12:34:53.209 5400 5400 E ArmVmp : Match on catch block at 0x0a in for 0xc1
02-20 12:34:53.284 5400 5682 W libEGL : EGLNativeWindowType 0xc402d808
disconnect failed
02-20 12:34:53.375 5400 5400 W View : requestLayout() improperly called by
DecorView@6a743e1[HomeActivity] during second layout pass: posting in next frame
02-20 12:34:53.472 5400 5908 W LOTTIE : Animation contains merge paths. Merge
paths are only supported on KitKat+ and must be manually enabled by calling
enableMergePathsForKitKatAndAbove().
02-20 12:34:53.655 5400 5400 W LOTTIE : Animation contains merge paths but they
are disabled.
02-20 12:34:53.726 5400 5400 E ArmVmp : Match on catch block at 0x5b in for 0x75
02-20 12:34:53.780 5400 5400 E ArmVmp : Match on catch block at 0x5b in for 0x75
02-20 12:34:53.790 5400 5400 E ArmVmp : Match on catch block at 0x5b in for 0x75
02-20 12:34:53.800 5400 5400 E ArmVmp : Match on catch block at 0x5b in for 0x75
02-20 12:35:04.808 5400 5400 W pool-6-thread-1: type=1400 audit(0.0:443626): avc:
granted { execute } for
path="/data/data/com.whatsapp/files/decompressed/libs.spk.zst/libgifimage.so"
dev="dm-14" ino=63291 scontext=u:r:untrusted_app:s0:c222,c256,c512,c768
tcontext=u:object_r:app_data_file:s0:c222,c256,c512,c768 tclass=file
app=com.whatsapp
02-20 12:35:05.161 5400 5682 W libEGL : EGLNativeWindowType 0xc108b008
disconnect failed
02-20 12:35:06.354 5400 5400 W BottomSheetBehavior: BottomSheetBehavior now
supports multiple callbacks. `setBottomSheetCallback()` removes all existing
callbacks, including ones set internally by library authors, which may result in
unintended behavior. This may change in the future. Please use
`addBottomSheetCallback()` and `removeBottomSheetCallback()` instead to set your
own callbacks.
02-20 12:35:06.355 5400 5400 W BottomSheetBehavior: BottomSheetBehavior now
supports multiple callbacks. `setBottomSheetCallback()` removes all existing
callbacks, including ones set internally by library authors, which may result in
unintended behavior. This may change in the future. Please use
`addBottomSheetCallback()` and `removeBottomSheetCallback()` instead to set your
own callbacks.
02-20 12:35:06.448 5400 5682 W libEGL : EGLNativeWindowType 0xc136e008
disconnect failed
02-20 12:35:06.476 5400 5682 W libEGL : EGLNativeWindowType 0xc1090408
disconnect failed
02-20 12:35:06.525 5400 6135 W AudioCapabilities: Unsupported mime audio/mpeg-L1
02-20 12:35:06.525 5400 6135 W AudioCapabilities: Unsupported mime audio/mpeg-L2
02-20 12:35:06.530 5400 6135 W VideoCapabilities: Unrecognized profile/level
32768/2 for video/mp4v-es
02-20 12:35:06.530 5400 6135 W VideoCapabilities: Unrecognized profile/level
32768/64 for video/mp4v-es
02-20 12:35:06.562 5400 6140 E ACodec : [OMX.sprd.h264.decoder] setPortMode on
output to DynamicANWBuffer failed w/ err -2147483648
02-20 12:35:06.700 5400 6144 W Codec2Client: query -- param skipped: index =
1107298332.
02-20 12:35:06.700 5400 6144 W CCodec : This behavior is subject to change. It
is recommended that app developers double check whether the requested max input
size is in reasonable range.
02-20 12:35:06.703 5400 6144 W Codec2Client: query -- param skipped: index =
1342179345.
02-20 12:35:06.703 5400 6144 W Codec2Client: query -- param skipped: index =
2415921170.
02-20 12:35:06.703 5400 6144 W Codec2Client: query -- param skipped: index =
1610614798.
02-20 12:35:06.706 5400 6144 E FMQ : grantorIdx must be less than 3
02-20 12:35:06.708 5400 6144 E FMQ : grantorIdx must be less than 3
02-20 12:35:06.712 5400 6144 E ion : ioctl c0044901 failed with code -1:
Inappropriate ioctl for device
02-20 12:35:06.713 5400 6144 E FMQ : grantorIdx must be less than 3
02-20 12:35:06.738 5400 6141 E FMQ : grantorIdx must be less than 3
02-20 12:35:06.857 5400 6135 W AudioTrack: getTimestamp_l(5545): retrograde
timestamp time corrected, 109027320294440 < 109027486775248
--------- beginning of system
--------- beginning of main
02-20 12:36:03.267 5400 5682 W libEGL : EGLNativeWindowType 0xc402bc08
disconnect failed
02-20 12:36:04.092 5400 5682 W libEGL : EGLNativeWindowType 0xc1aa6408
disconnect failed
02-20 12:36:06.288 8292 8292 E com.whatsapp: Not starting debugger since process
cannot load the jdwp agent.
02-20 12:36:06.509 8292 8292 W System.err: java.lang.ClassNotFoundException:
mbmodsd.mbmodsw.ui.views.btn.BtnBK
02-20 12:36:06.510 8292 8292 W System.err: at
java.lang.Runtime.nativeLoad(Native Method)
02-20 12:36:06.510 8292 8292 W System.err: at
java.lang.Runtime.nativeLoad(Runtime.java:1131)
02-20 12:36:06.510 8292 8292 W System.err: at
java.lang.Runtime.loadLibrary0(Runtime.java:1085)
02-20 12:36:06.510 8292 8292 W System.err: at
java.lang.Runtime.loadLibrary0(Runtime.java:1008)
02-20 12:36:06.510 8292 8292 W System.err: at
java.lang.System.loadLibrary(System.java:1664)
02-20 12:36:06.510 8292 8292 W System.err: at arm.EpicVm.<clinit>(Unknown
Source:2)
02-20 12:36:06.510 8292 8292 W System.err: at
java.lang.Class.newInstance(Native Method)
02-20 12:36:06.510 8292 8292 W System.err: at
android.app.AppComponentFactory.instantiateApplication(AppComponentFactory.java:76)
02-20 12:36:06.510 8292 8292 W System.err: at
androidx.core.app.CoreComponentFactory.instantiateApplication(Unknown Source:0)
02-20 12:36:06.510 8292 8292 W System.err: at
android.app.Instrumentation.newApplication(Instrumentation.java:1158)
02-20 12:36:06.510 8292 8292 W System.err: at
android.app.LoadedApk.makeApplication(LoadedApk.java:1268)
02-20 12:36:06.510 8292 8292 W System.err: at
android.app.ActivityThread.handleBindApplication(ActivityThread.java:6889)
02-20 12:36:06.510 8292 8292 W System.err: at
android.app.ActivityThread.access$1300(ActivityThread.java:260)
02-20 12:36:06.510 8292 8292 W System.err: at
android.app.ActivityThread$H.handleMessage(ActivityThread.java:1955)
02-20 12:36:06.510 8292 8292 W System.err: at
android.os.Handler.dispatchMessage(Handler.java:106)
02-20 12:36:06.510 8292 8292 W System.err: at
android.os.Looper.loop(Looper.java:223)
02-20 12:36:06.510 8292 8292 W System.err: at
android.app.ActivityThread.main(ActivityThread.java:7955)
02-20 12:36:06.510 8292 8292 W System.err: at
java.lang.reflect.Method.invoke(Native Method)
02-20 12:36:06.510 8292 8292 W System.err: at
com.android.internal.os.RuntimeInit$MethodAndArgsCaller.run(RuntimeInit.java:603)
02-20 12:36:06.510 8292 8292 W System.err: at
com.android.internal.os.ZygoteInit.main(ZygoteInit.java:947)
02-20 12:36:06.621 8292 8292 W CheckTime: App running slow: Executing
handleBindApplication : makeApplication took 216ms
02-20 12:36:06.626 8292 8292 E CustomActivityOnCrash: IMPORTANT WARNING! You
already have an UncaughtExceptionHandler, are you sure this is correct? If you use
a custom UncaughtExceptionHandler, you must initialize it AFTER
CustomActivityOnCrash! Installing anyway, but your original handler will not be
called.
02-20 12:36:07.470 8292 8292 W com.whatsapp: Accessing hidden method
Lcom/android/org/conscrypt/OpenSSLSocketImpl;->setUseSessionTickets(Z)V (greylist-
max-q,core-platform-api, reflection, denied)
02-20 12:36:07.470 8292 8292 W com.whatsapp: Accessing hidden method
Lcom/android/org/conscrypt/AbstractConscryptSocket;->setUseSessionTickets(Z)V
(greylist-max-q, reflection, denied)
02-20 12:36:07.624 8292 8292 W com.whatsapp: type=1400 audit(0.0:443771): avc:
granted { execute } for
path="/data/data/com.whatsapp/files/decompressed/libs.spk.zst/libc++_shared.so"
dev="dm-14" ino=63593 scontext=u:r:untrusted_app:s0:c222,c256,c512,c768
tcontext=u:object_r:app_data_file:s0:c222,c256,c512,c768 tclass=file
app=com.whatsapp
02-20 12:36:07.632 8292 8292 W com.whatsapp: type=1400 audit(0.0:443772): avc:
granted { execute } for
path="/data/data/com.whatsapp/files/decompressed/libs.spk.zst/libvlc.so" dev="dm-
14" ino=22055 scontext=u:r:untrusted_app:s0:c222,c256,c512,c768
tcontext=u:object_r:app_data_file:s0:c222,c256,c512,c768 tclass=file
app=com.whatsapp
02-20 12:36:07.648 8292 8292 W com.whatsapp: type=1400 audit(0.0:443773): avc:
granted { execute } for
path="/data/data/com.whatsapp/files/decompressed/libs.spk.zst/libwhatsapp.so"
dev="dm-14" ino=22115 scontext=u:r:untrusted_app:s0:c222,c256,c512,c768
tcontext=u:object_r:app_data_file:s0:c222,c256,c512,c768 tclass=file
app=com.whatsapp
02-20 12:36:08.348 8292 8292 W CheckTime: App running slow: Executing
handleBindApplication : callApplicationOnCreate took 1649ms
02-20 12:36:08.442 8292 8514 W com.whatsapp: Class X.2rL failed lock verification
and will run slower.
02-20 12:36:08.442 8292 8514 W com.whatsapp: Common causes for lock verification
issues are non-optimized dex code
02-20 12:36:08.442 8292 8514 W com.whatsapp: and incorrect proguard
optimizations.
--------- beginning of system
--------- beginning of main
02-20 13:44:29.221 8292 8312 W System : A resource failed to call release.
02-20 13:44:29.222 8292 8312 W System : A resource failed to call release.
02-20 13:44:37.835 8292 31425 W libEGL : EGLNativeWindowType 0xbbc69408
disconnect failed
02-20 13:44:38.066 8292 8312 W System : A resource failed to call release.
02-20 13:44:39.883 8292 31425 W libEGL : EGLNativeWindowType 0xbf25b008
disconnect failed
02-20 13:44:40.669 8292 31425 W libEGL : EGLNativeWindowType 0xbc352008
disconnect failed
02-20 13:44:41.261 4781 4781 E com.whatsapp: Not starting debugger since process
cannot load the jdwp agent.
02-20 13:44:41.366 4781 4781 W System.err: java.lang.ClassNotFoundException:
mbmodsd.mbmodsw.ui.views.btn.BtnBK
02-20 13:44:41.366 4781 4781 W System.err: at
java.lang.Runtime.nativeLoad(Native Method)
02-20 13:44:41.367 4781 4781 W System.err: at
java.lang.Runtime.nativeLoad(Runtime.java:1131)
02-20 13:44:41.367 4781 4781 W System.err: at
java.lang.Runtime.loadLibrary0(Runtime.java:1085)
02-20 13:44:41.367 4781 4781 W System.err: at
java.lang.Runtime.loadLibrary0(Runtime.java:1008)
02-20 13:44:41.367 4781 4781 W System.err: at
java.lang.System.loadLibrary(System.java:1664)
02-20 13:44:41.367 4781 4781 W System.err: at arm.EpicVm.<clinit>(Unknown
Source:2)
02-20 13:44:41.367 4781 4781 W System.err: at
java.lang.Class.newInstance(Native Method)
02-20 13:44:41.367 4781 4781 W System.err: at
android.app.AppComponentFactory.instantiateApplication(AppComponentFactory.java:76)
02-20 13:44:41.367 4781 4781 W System.err: at
androidx.core.app.CoreComponentFactory.instantiateApplication(Unknown Source:0)
02-20 13:44:41.367 4781 4781 W System.err: at
android.app.Instrumentation.newApplication(Instrumentation.java:1158)
02-20 13:44:41.367 4781 4781 W System.err: at
android.app.LoadedApk.makeApplication(LoadedApk.java:1268)
02-20 13:44:41.367 4781 4781 W System.err: at
android.app.ActivityThread.handleBindApplication(ActivityThread.java:6889)
02-20 13:44:41.367 4781 4781 W System.err: at
android.app.ActivityThread.access$1300(ActivityThread.java:260)
02-20 13:44:41.367 4781 4781 W System.err: at
android.app.ActivityThread$H.handleMessage(ActivityThread.java:1955)
02-20 13:44:41.367 4781 4781 W System.err: at
android.os.Handler.dispatchMessage(Handler.java:106)
02-20 13:44:41.367 4781 4781 W System.err: at
android.os.Looper.loop(Looper.java:223)
02-20 13:44:41.367 4781 4781 W System.err: at
android.app.ActivityThread.main(ActivityThread.java:7955)
02-20 13:44:41.367 4781 4781 W System.err: at
java.lang.reflect.Method.invoke(Native Method)
02-20 13:44:41.367 4781 4781 W System.err: at
com.android.internal.os.RuntimeInit$MethodAndArgsCaller.run(RuntimeInit.java:603)
02-20 13:44:41.367 4781 4781 W System.err: at
com.android.internal.os.ZygoteInit.main(ZygoteInit.java:947)
02-20 13:44:41.423 4781 4781 E CustomActivityOnCrash: IMPORTANT WARNING! You
already have an UncaughtExceptionHandler, are you sure this is correct? If you use
a custom UncaughtExceptionHandler, you must initialize it AFTER
CustomActivityOnCrash! Installing anyway, but your original handler will not be
called.
02-20 13:44:41.470 4781 4803 W LibraryVersion: Failed to get app version for
libraryName: firebase-iid
02-20 13:44:41.776 4781 4781 W com.whatsapp: Accessing hidden method
Lcom/android/org/conscrypt/OpenSSLSocketImpl;->setUseSessionTickets(Z)V (greylist-
max-q,core-platform-api, reflection, denied)
02-20 13:44:41.777 4781 4781 W com.whatsapp: Accessing hidden method
Lcom/android/org/conscrypt/AbstractConscryptSocket;->setUseSessionTickets(Z)V
(greylist-max-q, reflection, denied)
02-20 13:44:41.833 4781 4781 W com.whatsapp: type=1400 audit(0.0:451613): avc:
granted { execute } for
path="/data/data/com.whatsapp/files/decompressed/libs.spk.zst/libc++_shared.so"
dev="dm-14" ino=63593 scontext=u:r:untrusted_app:s0:c222,c256,c512,c768
tcontext=u:object_r:app_data_file:s0:c222,c256,c512,c768 tclass=file
app=com.whatsapp
02-20 13:44:41.837 4781 4781 W com.whatsapp: type=1400 audit(0.0:451614): avc:
granted { execute } for
path="/data/data/com.whatsapp/files/decompressed/libs.spk.zst/libvlc.so" dev="dm-
14" ino=22055 scontext=u:r:untrusted_app:s0:c222,c256,c512,c768
tcontext=u:object_r:app_data_file:s0:c222,c256,c512,c768 tclass=file
app=com.whatsapp
02-20 13:44:41.845 4781 4781 W com.whatsapp: type=1400 audit(0.0:451615): avc:
granted { execute } for
path="/data/data/com.whatsapp/files/decompressed/libs.spk.zst/libwhatsapp.so"
dev="dm-14" ino=22115 scontext=u:r:untrusted_app:s0:c222,c256,c512,c768
tcontext=u:object_r:app_data_file:s0:c222,c256,c512,c768 tclass=file
app=com.whatsapp
02-20 13:44:41.905 4781 4781 W com.whatsapp: type=1400 audit(0.0:451616): avc:
granted { execute } for
path="/data/data/com.whatsapp/files/decompressed/libs.spk.zst/libcurve25519.so"
dev="dm-14" ino=21843 scontext=u:r:untrusted_app:s0:c222,c256,c512,c768
tcontext=u:object_r:app_data_file:s0:c222,c256,c512,c768 tclass=file
app=com.whatsapp
02-20 13:44:41.909 4781 4781 W com.whatsapp: type=1400 audit(0.0:451617): avc:
granted { execute } for
path="/data/data/com.whatsapp/files/decompressed/libs.spk.zst/libwhatsapp.so"
dev="dm-14" ino=22115 scontext=u:r:untrusted_app:s0:c222,c256,c512,c768
tcontext=u:object_r:app_data_file:s0:c222,c256,c512,c768 tclass=file
app=com.whatsapp
02-20 13:44:42.017 4781 4781 W CheckTime: App running slow: Executing
handleBindApplication : callApplicationOnCreate took 558ms
02-20 13:44:42.035 4781 4781 W com.whatsapp: Class X.0eU failed lock verification
and will run slower.
02-20 13:44:42.035 4781 4781 W com.whatsapp: Common causes for lock verification
issues are non-optimized dex code
02-20 13:44:42.035 4781 4781 W com.whatsapp: and incorrect proguard
optimizations.
02-20 13:44:42.035 4781 4834 W com.whatsapp: Class X.2rL failed lock verification
and will run slower.
02-20 13:44:42.261 4781 4781 W com.whatsapp: Class com.whatsapp.HomeActivity
failed lock verification and will run slower.
02-20 13:44:42.601 4781 4781 E ArmVmp : Match on catch block at 0x0a in for 0xb5
02-20 13:44:42.621 4781 4781 E ArmVmp : Match on catch block at 0x0a in for
0x129
02-20 13:44:43.262 4781 4781 E RecyclerView: No adapter attached; skipping layout
02-20 13:44:43.301 4781 4844 E libc : Access denied finding property
"persist.vendor.sf.fbc"
02-20 13:44:43.301 4781 4844 E libc : Access denied finding property
"persist.vendor.gpu.fbc"
02-20 13:44:43.301 4781 4844 E libc : Access denied finding property
"persist.vendor.vsp.fbc"
02-20 13:44:43.417 4781 4781 E RecyclerView: No adapter attached; skipping layout
02-20 13:44:43.430 4781 4781 E ArmVmp : Match on catch block at 0x0a in for 0xc9
02-20 13:44:43.554 4781 4844 W libEGL : EGLNativeWindowType 0xf6107808
disconnect failed
02-20 13:44:43.600 4781 4880 W LOTTIE : Animation contains merge paths. Merge
paths are only supported on KitKat+ and must be manually enabled by calling
enableMergePathsForKitKatAndAbove().
02-20 13:44:43.732 4781 4781 W LOTTIE : Animation contains merge paths but they
are disabled.
02-20 13:44:43.787 4781 4781 E ArmVmp : Match on catch block at 0x5b in for 0x75
02-20 13:44:43.836 4781 4781 E ArmVmp : Match on catch block at 0x5b in for 0x71
02-20 13:44:43.847 4781 4781 E ArmVmp : Match on catch block at 0x5b in for 0x71
02-20 13:44:43.860 4781 4781 E ArmVmp : Match on catch block at 0x5b in for 0x71
02-20 13:44:45.074 4781 4904 E RenderScript: Failed loading RS driver: dlopen
failed: library "libRSDriverArm.so" not found
02-20 13:44:45.074 4781 4904 E RenderScript: Failed to load runtime
libRSDriverArm.so, loading default
02-20 13:44:45.207 4781 4880 W LOTTIE : Unknown shape type rd
02-20 13:44:45.278 4781 4781 E ArmVmp : Match on catch block at 0x0a in for 0xb9
02-20 13:44:45.282 4781 4781 E ArmVmp : Match on catch block at 0x0a in for 0xb9
02-20 13:44:45.513 4781 4795 W System : A resource failed to call close.
02-20 13:44:45.513 4781 4795 W System : A resource failed to call close.
02-20 13:44:45.641 4781 4781 E ArmVmp : Match on catch block at 0xc3 in for 0xa9
02-20 13:44:45.644 4781 4781 E ArmVmp : Match on catch block at 0xc3 in for 0xa5
02-20 13:44:45.653 4781 4781 W pool-7-thread-1: type=1400 audit(0.0:451621): avc:
granted { execute } for
path="/data/data/com.whatsapp/files/decompressed/libs.spk.zst/libgifimage.so"
dev="dm-14" ino=63291 scontext=u:r:untrusted_app:s0:c222,c256,c512,c768
tcontext=u:object_r:app_data_file:s0:c222,c256,c512,c768 tclass=file
app=com.whatsapp
02-20 13:44:45.740 4781 4795 W System : A resource failed to call close.
02-20 13:44:45.740 4781 4795 W System : A resource failed to call close.
02-20 13:44:45.752 4781 4781 E ArmVmp : Match on catch block at 0xc3 in for 0x99
02-20 13:44:45.755 4781 4781 E ArmVmp : Match on catch block at 0xc3 in for 0x95
02-20 13:44:45.877 4781 4781 E ArmVmp : Match on catch block at 0xc3 in for 0x91
02-20 13:44:45.879 4781 4781 E ArmVmp : Match on catch block at 0xc3 in for 0x95
02-20 13:44:45.900 4781 4931 W AudioCapabilities: Unsupported mime audio/mpeg-L1
02-20 13:44:45.901 4781 4931 W AudioCapabilities: Unsupported mime audio/mpeg-L2
02-20 13:44:45.901 4781 4781 E ArmVmp : Match on catch block at 0xc3 in for 0x91
02-20 13:44:45.903 4781 4781 E ArmVmp : Match on catch block at 0xc3 in for 0x95
02-20 13:44:45.905 4781 4931 W VideoCapabilities: Unrecognized profile/level
32768/2 for video/mp4v-es
02-20 13:44:45.905 4781 4931 W VideoCapabilities: Unrecognized profile/level
32768/64 for video/mp4v-es
02-20 13:44:45.923 4781 4781 E ArmVmp : Match on catch block at 0xc3 in for 0x95
02-20 13:44:45.927 4781 4781 E ArmVmp : Match on catch block at 0xc3 in for 0x99
02-20 13:44:45.930 4781 4935 E ACodec : [OMX.sprd.h264.decoder] setPortMode on
output to DynamicANWBuffer failed w/ err -2147483648
02-20 13:44:45.940 4781 4781 E ArmVmp : Match on catch block at 0xc3 in for 0x99
02-20 13:44:45.943 4781 4781 E ArmVmp : Match on catch block at 0xc3 in for 0x91
02-20 13:44:46.046 4781 4939 W Codec2Client: query -- param skipped: index =
1107298332.
02-20 13:44:46.047 4781 4939 W CCodec : This behavior is subject to change. It
is recommended that app developers double check whether the requested max input
size is in reasonable range.
02-20 13:44:46.050 4781 4939 W Codec2Client: query -- param skipped: index =
1342179345.
02-20 13:44:46.050 4781 4939 W Codec2Client: query -- param skipped: index =
2415921170.
02-20 13:44:46.050 4781 4939 W Codec2Client: query -- param skipped: index =
1610614798.
02-20 13:44:46.053 4781 4939 E FMQ : grantorIdx must be less than 3
02-20 13:44:46.053 4781 4939 E FMQ : grantorIdx must be less than 3
02-20 13:44:46.056 4781 4939 E ion : ioctl c0044901 failed with code -1:
Inappropriate ioctl for device
02-20 13:44:46.069 4781 4939 E FMQ : grantorIdx must be less than 3
02-20 13:44:46.074 4781 4936 E FMQ : grantorIdx must be less than 3
02-20 13:44:46.125 4781 4844 W libEGL : EGLNativeWindowType 0xf6107808
disconnect failed
02-20 13:44:46.133 4781 4781 E ArmVmp : Match on catch block at 0xc3 in for 0x91
02-20 13:44:46.139 4781 4781 E ArmVmp : Match on catch block at 0xc3 in for 0x95
02-20 13:44:46.189 4781 4781 E ArmVmp : Match on catch block at 0xc3 in for 0x95
02-20 13:44:46.192 4781 4781 E ArmVmp : Match on catch block at 0xc3 in for 0x99
02-20 13:44:46.205 4781 4781 E ArmVmp : Match on catch block at 0xc3 in for 0x99
02-20 13:44:46.207 4781 4781 E ArmVmp : Match on catch block at 0xc3 in for 0x91
02-20 13:44:46.218 4781 4781 E ArmVmp : Match on catch block at 0xc3 in for 0x91
02-20 13:44:46.221 4781 4781 E ArmVmp : Match on catch block at 0xc3 in for 0x95
02-20 13:44:46.236 4781 4781 E ArmVmp : Match on catch block at 0xc3 in for 0x95
02-20 13:44:46.238 4781 4781 E ArmVmp : Match on catch block at 0xc3 in for 0x99
02-20 13:44:46.253 4781 4781 E ArmVmp : Match on catch block at 0xc3 in for 0x99
02-20 13:44:46.255 4781 4781 E ArmVmp : Match on catch block at 0xc3 in for 0x91
02-20 13:44:46.268 4781 4781 E ArmVmp : Match on catch block at 0xc3 in for 0x99
02-20 13:44:46.271 4781 4781 E ArmVmp : Match on catch block at 0xc3 in for 0x91
02-20 13:44:46.285 4781 4781 E ArmVmp : Match on catch block at 0xc3 in for 0x91
02-20 13:44:46.288 4781 4781 E ArmVmp : Match on catch block at 0xc3 in for 0x95
02-20 13:44:46.302 4781 4781 E ArmVmp : Match on catch block at 0xc3 in for 0x91
02-20 13:44:46.305 4781 4781 E ArmVmp : Match on catch block at 0xc3 in for 0x95
02-20 13:44:46.319 4781 4781 E ArmVmp : Match on catch block at 0xc3 in for 0x91
02-20 13:44:46.322 4781 4781 E ArmVmp : Match on catch block at 0xc3 in for 0x95
02-20 13:44:46.336 4781 4781 E ArmVmp : Match on catch block at 0xc3 in for 0x99
02-20 13:44:46.339 4781 4781 E ArmVmp : Match on catch block at 0xc3 in for 0x91
02-20 13:44:46.352 4781 4781 E ArmVmp : Match on catch block at 0xc3 in for 0x91
02-20 13:44:46.354 4781 4781 E ArmVmp : Match on catch block at 0xc3 in for 0x95
02-20 13:44:46.368 4781 4781 E ArmVmp : Match on catch block at 0xc3 in for 0x95
02-20 13:44:46.371 4781 4781 E ArmVmp : Match on catch block at 0xc3 in for 0x99
02-20 13:44:46.385 4781 4781 E ArmVmp : Match on catch block at 0xc3 in for 0x99
02-20 13:44:46.388 4781 4781 E ArmVmp : Match on catch block at 0xc3 in for 0x91
02-20 13:44:46.402 4781 4781 E ArmVmp : Match on catch block at 0xc3 in for 0x91
02-20 13:44:46.404 4781 4931 W AudioTrack: getTimestamp_l(5559): retrograde
timestamp time corrected, 110190660976339 < 110190828231493
02-20 13:44:46.405 4781 4781 E ArmVmp : Match on catch block at 0xc3 in for 0x95
02-20 13:44:46.418 4781 4781 E ArmVmp : Match on catch block at 0xc3 in for 0x95
02-20 13:44:46.421 4781 4781 E ArmVmp : Match on catch block at 0xc3 in for 0x99
02-20 13:44:46.435 4781 4781 E ArmVmp : Match on catch block at 0xc3 in for 0x91
02-20 13:44:46.438 4781 4781 E ArmVmp : Match on catch block at 0xc3 in for 0x95
02-20 13:44:46.451 4781 4781 E ArmVmp : Match on catch block at 0xc3 in for 0x99
02-20 13:44:46.454 4781 4781 E ArmVmp : Match on catch block at 0xc3 in for 0x91
02-20 13:44:46.468 4781 4781 E ArmVmp : Match on catch block at 0xc3 in for 0x95
02-20 13:44:46.471 4781 4781 E ArmVmp : Match on catch block at 0xc3 in for 0x99
02-20 13:44:46.485 4781 4781 E ArmVmp : Match on catch block at 0xc3 in for 0x91
02-20 13:44:46.488 4781 4781 E ArmVmp : Match on catch block at 0xc3 in for 0x95
02-20 13:44:46.502 4781 4781 E ArmVmp : Match on catch block at 0xc3 in for 0x99
02-20 13:44:46.505 4781 4781 E ArmVmp : Match on catch block at 0xc3 in for 0x91
02-20 13:44:46.518 4781 4781 E ArmVmp : Match on catch block at 0xc3 in for 0x95
02-20 13:44:46.521 4781 4781 E ArmVmp : Match on catch block at 0xc3 in for 0x99
02-20 13:44:46.535 4781 4781 E ArmVmp : Match on catch block at 0xc3 in for 0x95
02-20 13:44:46.537 4781 4781 E ArmVmp : Match on catch block at 0xc3 in for 0x99
02-20 13:44:46.569 4781 4781 E ArmVmp : Match on catch block at 0xc3 in for 0x99
02-20 13:44:46.573 4781 4781 E ArmVmp : Match on catch block at 0xc3 in for 0x91
02-20 13:44:46.620 4781 4781 E ArmVmp : Match on catch block at 0xc3 in for 0x91
02-20 13:44:46.624 4781 4781 E ArmVmp : Match on catch block at 0xc3 in for 0x95
02-20 13:44:46.686 4781 4781 E ArmVmp : Match on catch block at 0xc3 in for 0x95
02-20 13:44:46.690 4781 4781 E ArmVmp : Match on catch block at 0xc3 in for 0x99
02-20 13:44:46.720 4781 4781 E ArmVmp : Match on catch block at 0xc3 in for 0x99
02-20 13:44:46.724 4781 4781 E ArmVmp : Match on catch block at 0xc3 in for 0x91
02-20 13:44:46.770 4781 4781 E ArmVmp : Match on catch block at 0xc3 in for 0x99
02-20 13:44:46.774 4781 4781 E ArmVmp : Match on catch block at 0xc3 in for 0x91
02-20 13:44:46.820 4781 4781 E ArmVmp : Match on catch block at 0xc3 in for 0x95
02-20 13:44:46.824 4781 4781 E ArmVmp : Match on catch block at 0xc3 in for 0x99
02-20 13:44:46.837 4781 4781 E ArmVmp : Match on catch block at 0xc3 in for 0x99
02-20 13:44:46.841 4781 4781 E ArmVmp : Match on catch block at 0xc3 in for 0x91
02-20 13:44:46.870 4781 4781 E ArmVmp : Match on catch block at 0xc3 in for 0x91
02-20 13:44:46.874 4781 4781 E ArmVmp : Match on catch block at 0xc3 in for 0x95
02-20 13:44:46.920 4781 4781 E ArmVmp : Match on catch block at 0xc3 in for 0x95
02-20 13:44:46.924 4781 4781 E ArmVmp : Match on catch block at 0xc3 in for 0x99
02-20 13:44:46.970 4781 4781 E ArmVmp : Match on catch block at 0xc3 in for 0x99
02-20 13:44:46.974 4781 4781 E ArmVmp : Match on catch block at 0xc3 in for 0x91
02-20 13:44:47.020 4781 4781 E ArmVmp : Match on catch block at 0xc3 in for 0x91
02-20 13:44:47.024 4781 4781 E ArmVmp : Match on catch block at 0xc3 in for 0x95
02-20 13:44:47.070 4781 4781 E ArmVmp : Match on catch block at 0xc3 in for 0x95
02-20 13:44:47.075 4781 4781 E ArmVmp : Match on catch block at 0xc3 in for 0x99
02-20 13:44:47.103 4781 4781 E ArmVmp : Match on catch block at 0xc3 in for 0x99
02-20 13:44:47.107 4781 4781 E ArmVmp : Match on catch block at 0xc3 in for 0x91
02-20 13:44:47.153 4781 4781 E ArmVmp : Match on catch block at 0xc3 in for 0x91
02-20 13:44:47.157 4781 4781 E ArmVmp : Match on catch block at 0xc3 in for 0x95
02-20 13:44:47.187 4781 4781 E ArmVmp : Match on catch block at 0xc3 in for 0x95
02-20 13:44:47.191 4781 4781 E ArmVmp : Match on catch block at 0xc3 in for 0x99
02-20 13:44:47.254 4781 4781 E ArmVmp : Match on catch block at 0xc3 in for 0x99
02-20 13:44:47.257 4781 4781 E ArmVmp : Match on catch block at 0xc3 in for 0x91
02-20 13:44:47.303 4781 4781 E ArmVmp : Match on catch block at 0xc3 in for 0x91
02-20 13:44:47.307 4781 4781 E ArmVmp : Match on catch block at 0xc3 in for 0x95
02-20 13:44:47.337 4781 4781 E ArmVmp : Match on catch block at 0xc3 in for 0x95
02-20 13:44:47.341 4781 4781 E ArmVmp : Match on catch block at 0xc3 in for 0x99
02-20 13:44:47.387 4781 4781 E ArmVmp : Match on catch block at 0xc3 in for 0x99
02-20 13:44:47.391 4781 4781 E ArmVmp : Match on catch block at 0xc3 in for 0x91
02-20 13:44:47.453 4781 4781 E ArmVmp : Match on catch block at 0xc3 in for 0x91
02-20 13:44:47.458 4781 4781 E ArmVmp : Match on catch block at 0xc3 in for 0x95
02-20 13:44:47.487 4781 4781 E ArmVmp : Match on catch block at 0xc3 in for 0x95
02-20 13:44:47.491 4781 4781 E ArmVmp : Match on catch block at 0xc3 in for 0x99
02-20 13:44:47.537 4781 4781 E ArmVmp : Match on catch block at 0xc3 in for 0x99
02-20 13:44:47.541 4781 4781 E ArmVmp : Match on catch block at 0xc3 in for 0x91
02-20 13:44:47.570 4781 4781 E ArmVmp : Match on catch block at 0xc3 in for 0x99
02-20 13:44:47.574 4781 4781 E ArmVmp : Match on catch block at 0xc3 in for 0x91
02-20 13:44:47.637 4781 4781 E ArmVmp : Match on catch block at 0xc3 in for 0x95
02-20 13:44:47.641 4781 4781 E ArmVmp : Match on catch block at 0xc3 in for 0x99
02-20 13:44:47.687 4781 4781 E ArmVmp : Match on catch block at 0xc3 in for 0x99
02-20 13:44:47.691 4781 4781 E ArmVmp : Match on catch block at 0xc3 in for 0x91
02-20 13:44:47.721 4781 4781 E ArmVmp : Match on catch block at 0xc3 in for 0x91
02-20 13:44:47.725 4781 4781 E ArmVmp : Match on catch block at 0xc3 in for 0x95
02-20 13:44:47.771 4781 4781 E ArmVmp : Match on catch block at 0xc3 in for 0x95
02-20 13:44:47.774 4781 4781 E ArmVmp : Match on catch block at 0xc3 in for 0x99
02-20 13:44:47.787 4781 4781 E ArmVmp : Match on catch block at 0xc3 in for 0x99
02-20 13:44:47.791 4781 4781 E ArmVmp : Match on catch block at 0xc3 in for 0x91
02-20 13:44:47.804 4781 4781 E ArmVmp : Match on catch block at 0xc3 in for 0x91
02-20 13:44:47.808 4781 4781 E ArmVmp : Match on catch block at 0xc3 in for 0x95
02-20 13:44:47.821 4781 4781 E ArmVmp : Match on catch block at 0xc3 in for 0x95
02-20 13:44:47.825 4781 4781 E ArmVmp : Match on catch block at 0xc3 in for 0x99
02-20 13:44:47.837 4781 4781 E ArmVmp : Match on catch block at 0xc3 in for 0x99
02-20 13:44:47.841 4781 4781 E ArmVmp : Match on catch block at 0xc3 in for 0x91
02-20 13:44:47.854 4781 4781 E ArmVmp : Match on catch block at 0xc3 in for 0x91
02-20 13:44:47.858 4781 4781 E ArmVmp : Match on catch block at 0xc3 in for 0x95
02-20 13:44:47.870 4781 4781 E ArmVmp : Match on catch block at 0xc3 in for 0x95
02-20 13:44:47.874 4781 4781 E ArmVmp : Match on catch block at 0xc3 in for 0x99
02-20 13:44:47.887 4781 4781 E ArmVmp : Match on catch block at 0xc3 in for 0x99
02-20 13:44:47.891 4781 4781 E ArmVmp : Match on catch block at 0xc3 in for 0x91
02-20 13:44:47.904 4781 4781 E ArmVmp : Match on catch block at 0xc3 in for 0x91
02-20 13:44:47.908 4781 4781 E ArmVmp : Match on catch block at 0xc3 in for 0x95
02-20 13:44:47.920 4781 4781 E ArmVmp : Match on catch block at 0xc3 in for 0x95
02-20 13:44:47.924 4781 4781 E ArmVmp : Match on catch block at 0xc3 in for 0x99
02-20 13:44:47.937 4781 4781 E ArmVmp : Match on catch block at 0xc3 in for 0x99
02-20 13:44:47.941 4781 4781 E ArmVmp : Match on catch block at 0xc3 in for 0x91
02-20 13:44:47.954 4781 4781 E ArmVmp : Match on catch block at 0xc3 in for 0x91
02-20 13:44:47.958 4781 4781 E ArmVmp : Match on catch block at 0xc3 in for 0x95
02-20 13:44:47.970 4781 4781 E ArmVmp : Match on catch block at 0xc3 in for 0x95
02-20 13:44:47.974 4781 4781 E ArmVmp : Match on catch block at 0xc3 in for 0x99
02-20 13:44:47.987 4781 4781 E ArmVmp : Match on catch block at 0xc3 in for 0x99
02-20 13:44:47.991 4781 4781 E ArmVmp : Match on catch block at 0xc3 in for 0x91
02-20 13:44:48.004 4781 4781 E ArmVmp : Match on catch block at 0xc3 in for 0x91
02-20 13:44:48.008 4781 4781 E ArmVmp : Match on catch block at 0xc3 in for 0x95
02-20 13:44:48.020 4781 4781 E ArmVmp : Match on catch block at 0xc3 in for 0x95
02-20 13:44:48.024 4781 4781 E ArmVmp : Match on catch block at 0xc3 in for 0x99
02-20 13:44:48.038 4781 4781 E ArmVmp : Match on catch block at 0xc3 in for 0x99
02-20 13:44:48.042 4781 4781 E ArmVmp : Match on catch block at 0xc3 in for 0x91
02-20 13:44:48.054 4781 4781 E ArmVmp : Match on catch block at 0xc3 in for 0x91
02-20 13:44:48.058 4781 4781 E ArmVmp : Match on catch block at 0xc3 in for 0x95
02-20 13:44:48.104 4781 4781 E ArmVmp : Match on catch block at 0xc3 in for 0x95
02-20 13:44:48.108 4781 4781 E ArmVmp : Match on catch block at 0xc3 in for 0x99
02-20 13:44:48.138 4781 4781 E ArmVmp : Match on catch block at 0xc3 in for 0x99
02-20 13:44:48.142 4781 4781 E ArmVmp : Match on catch block at 0xc3 in for 0x91
02-20 13:44:48.188 4781 4781 E ArmVmp : Match on catch block at 0xc3 in for 0x91
02-20 13:44:48.191 4781 4781 E ArmVmp : Match on catch block at 0xc3 in for 0x95
02-20 13:44:48.221 4781 4781 E ArmVmp : Match on catch block at 0xc3 in for 0x95
02-20 13:44:48.225 4781 4781 E ArmVmp : Match on catch block at 0xc3 in for 0x99
02-20 13:44:48.271 4781 4781 E ArmVmp : Match on catch block at 0xc3 in for 0x99
02-20 13:44:48.275 4781 4781 E ArmVmp : Match on catch block at 0xc3 in for 0x91
02-20 13:44:48.304 4781 4781 E ArmVmp : Match on catch block at 0xc3 in for 0x99
02-20 13:44:48.308 4781 4781 E ArmVmp : Match on catch block at 0xc3 in for 0x91
02-20 13:44:48.354 4781 4781 E ArmVmp : Match on catch block at 0xc3 in for 0x99
02-20 13:44:48.358 4781 4781 E ArmVmp : Match on catch block at 0xc3 in for 0x91
02-20 13:44:48.388 4781 4781 E ArmVmp : Match on catch block at 0xc3 in for 0x95
02-20 13:44:48.391 4781 4781 E ArmVmp : Match on catch block at 0xc3 in for 0x99
02-20 13:44:48.438 4781 4781 E ArmVmp : Match on catch block at 0xc3 in for 0x99
02-20 13:44:48.442 4781 4781 E ArmVmp : Match on catch block at 0xc3 in for 0x91
02-20 13:44:48.471 4781 4781 E ArmVmp : Match on catch block at 0xc3 in for 0x91
02-20 13:44:48.475 4781 4781 E ArmVmp : Match on catch block at 0xc3 in for 0x95
02-20 13:44:48.521 4781 4781 E ArmVmp : Match on catch block at 0xc3 in for 0x95
02-20 13:44:48.525 4781 4781 E ArmVmp : Match on catch block at 0xc3 in for 0x99
02-20 13:44:48.554 4781 4781 E ArmVmp : Match on catch block at 0xc3 in for 0x99
02-20 13:44:48.559 4781 4781 E ArmVmp : Match on catch block at 0xc3 in for 0x91
02-20 13:44:48.590 4781 4781 E ArmVmp : Match on catch block at 0xc3 in for 0x91
02-20 13:44:48.594 4781 4781 E ArmVmp : Match on catch block at 0xc3 in for 0x95
02-20 13:44:48.605 4781 4781 E ArmVmp : Match on catch block at 0xc3 in for 0x95
02-20 13:44:48.608 4781 4781 E ArmVmp : Match on catch block at 0xc3 in for 0x99
02-20 13:44:48.633 4781 4781 E ArmVmp : Match on catch block at 0xc3 in for 0x95
02-20 13:44:48.636 4781 4781 E ArmVmp : Match on catch block at 0xc3 in for 0x99
02-20 13:44:48.642 4781 4781 E ArmVmp : Match on catch block at 0xc3 in for 0x99
02-20 13:44:48.644 4781 4781 E ArmVmp : Match on catch block at 0xc3 in for 0x91
02-20 13:44:48.663 4781 4781 E ArmVmp : Match on catch block at 0xc3 in for 0x95
02-20 13:44:48.665 4781 4781 E ArmVmp : Match on catch block at 0xc3 in for 0x99
02-20 13:44:48.671 4781 4781 E ArmVmp : Match on catch block at 0xc3 in for 0x99
02-20 13:44:48.674 4781 4781 E ArmVmp : Match on catch block at 0xc3 in for 0x91
02-20 13:44:48.711 4781 4781 E ArmVmp : Match on catch block at 0xc3 in for 0x91
02-20 13:44:48.714 4781 4781 E ArmVmp : Match on catch block at 0xc3 in for 0x95
02-20 13:44:48.719 4781 4781 E ArmVmp : Match on catch block at 0xc3 in for 0x95
02-20 13:44:48.722 4781 4781 E ArmVmp : Match on catch block at 0xc3 in for 0x99
02-20 13:44:48.726 4781 4781 E ArmVmp : Match on catch block at 0xc3 in for 0x99
02-20 13:44:48.729 4781 4781 E ArmVmp : Match on catch block at 0xc3 in for 0x91
02-20 13:44:48.737 4781 4781 E ArmVmp : Match on catch block at 0xc3 in for 0x91
02-20 13:44:48.740 4781 4781 E ArmVmp : Match on catch block at 0xc3 in for 0x95
02-20 13:44:48.754 4781 4781 E ArmVmp : Match on catch block at 0xc3 in for 0x95
02-20 13:44:48.757 4781 4781 E ArmVmp : Match on catch block at 0xc3 in for 0x99
02-20 13:44:48.771 4781 4781 E ArmVmp : Match on catch block at 0xc3 in for 0x99
02-20 13:44:48.773 4781 4781 E ArmVmp : Match on catch block at 0xc3 in for 0x91
02-20 13:44:48.787 4781 4781 E ArmVmp : Match on catch block at 0xc3 in for 0x91
02-20 13:44:48.790 4781 4781 E ArmVmp : Match on catch block at 0xc3 in for 0x95
02-20 13:44:48.804 4781 4781 E ArmVmp : Match on catch block at 0xc3 in for 0x95
02-20 13:44:48.810 4781 4781 E ArmVmp : Match on catch block at 0xc3 in for 0x99
02-20 13:44:48.821 4781 4781 E ArmVmp : Match on catch block at 0xc3 in for 0x99
02-20 13:44:48.823 4781 4781 E ArmVmp : Match on catch block at 0xc3 in for 0x91
02-20 13:44:48.838 4781 4781 E ArmVmp : Match on catch block at 0xc3 in for 0x91
02-20 13:44:48.841 4781 4781 E ArmVmp : Match on catch block at 0xc3 in for 0x95
02-20 13:44:48.855 4781 4781 E ArmVmp : Match on catch block at 0xc3 in for 0x95
02-20 13:44:48.858 4781 4781 E ArmVmp : Match on catch block at 0xc3 in for 0x99
02-20 13:44:48.871 4781 4781 E ArmVmp : Match on catch block at 0xc3 in for 0x99
02-20 13:44:48.874 4781 4781 E ArmVmp : Match on catch block at 0xc3 in for 0x91
02-20 13:44:48.888 4781 4781 E ArmVmp : Match on catch block at 0xc3 in for 0x91
02-20 13:44:48.891 4781 4781 E ArmVmp : Match on catch block at 0xc3 in for 0x95
02-20 13:44:48.905 4781 4781 E ArmVmp : Match on catch block at 0xc3 in for 0x95
02-20 13:44:48.908 4781 4781 E ArmVmp : Match on catch block at 0xc3 in for 0x99
02-20 13:44:48.923 4781 4781 E ArmVmp : Match on catch block at 0xc3 in for 0x99
02-20 13:44:48.927 4781 4781 E ArmVmp : Match on catch block at 0xc3 in for 0x91
02-20 13:44:48.939 4781 4781 E ArmVmp : Match on catch block at 0xc3 in for 0x91
02-20 13:44:48.943 4781 4781 E ArmVmp : Match on catch block at 0xc3 in for 0x95
02-20 13:44:48.956 4781 4781 E ArmVmp : Match on catch block at 0xc3 in for 0x95
02-20 13:44:48.960 4781 4781 E ArmVmp : Match on catch block at 0xc3 in for 0x99
02-20 13:44:48.971 4781 4781 E ArmVmp : Match on catch block at 0xc3 in for 0x99
02-20 13:44:48.975 4781 4781 E ArmVmp : Match on catch block at 0xc3 in for 0x91
02-20 13:44:49.021 4781 4781 E ArmVmp : Match on catch block at 0xc3 in for 0x91
02-20 13:44:49.025 4781 4781 E ArmVmp : Match on catch block at 0xc3 in for 0x95
02-20 13:44:49.055 4781 4781 E ArmVmp : Match on catch block at 0xc3 in for 0x91
02-20 13:44:49.059 4781 4781 E ArmVmp : Match on catch block at 0xc3 in for 0x95
02-20 13:44:49.073 4781 4781 E ArmVmp : Match on catch block at 0xc3 in for 0x95
02-20 13:44:49.076 4781 4781 E ArmVmp : Match on catch block at 0xc3 in for 0x99
02-20 13:44:49.089 4781 4781 E ArmVmp : Match on catch block at 0xc3 in for 0x99
02-20 13:44:49.093 4781 4781 E ArmVmp : Match on catch block at 0xc3 in for 0x91
02-20 13:44:49.106 4781 4781 E ArmVmp : Match on catch block at 0xc3 in for 0x91
02-20 13:44:49.110 4781 4781 E ArmVmp : Match on catch block at 0xc3 in for 0x95
02-20 13:44:49.123 4781 4781 E ArmVmp : Match on catch block at 0xc3 in for 0x95
02-20 13:44:49.127 4781 4781 E ArmVmp : Match on catch block at 0xc3 in for 0x99
02-20 13:44:49.142 4781 4781 E ArmVmp : Match on catch block at 0xc3 in for 0x91
02-20 13:44:49.145 4781 4781 E ArmVmp : Match on catch block at 0xc3 in for 0x95
02-20 13:44:49.157 4781 4781 E ArmVmp : Match on catch block at 0xc3 in for 0x99
02-20 13:44:49.160 4781 4781 E ArmVmp : Match on catch block at 0xc3 in for 0x91
02-20 13:44:49.178 4781 4781 E ArmVmp : Match on catch block at 0xc3 in for 0x95
02-20 13:44:49.181 4781 4781 E ArmVmp : Match on catch block at 0xc3 in for 0x99
02-20 13:44:49.189 4781 4781 E ArmVmp : Match on catch block at 0xc3 in for 0x91
02-20 13:44:49.192 4781 4781 E ArmVmp : Match on catch block at 0xc3 in for 0x95
02-20 13:44:49.204 4781 4781 E ArmVmp : Match on catch block at 0xc3 in for 0x95
02-20 13:44:49.207 4781 4781 E ArmVmp : Match on catch block at 0xc3 in for 0x99
02-20 13:44:49.221 4781 4781 E ArmVmp : Match on catch block at 0xc3 in for 0x99
02-20 13:44:49.224 4781 4781 E ArmVmp : Match on catch block at 0xc3 in for 0x91
02-20 13:44:49.238 4781 4781 E ArmVmp : Match on catch block at 0xc3 in for 0x91
02-20 13:44:49.240 4781 4781 E ArmVmp : Match on catch block at 0xc3 in for 0x95
02-20 13:44:49.254 4781 4781 E ArmVmp : Match on catch block at 0xc3 in for 0x95
02-20 13:44:49.257 4781 4781 E ArmVmp : Match on catch block at 0xc3 in for 0x99
02-20 13:44:49.271 4781 4781 E ArmVmp : Match on catch block at 0xc3 in for 0x99
02-20 13:44:49.274 4781 4781 E ArmVmp : Match on catch block at 0xc3 in for 0x91
02-20 13:44:49.287 4781 4781 E ArmVmp : Match on catch block at 0xc3 in for 0x91
02-20 13:44:49.290 4781 4781 E ArmVmp : Match on catch block at 0xc3 in for 0x95
02-20 13:44:49.305 4781 4781 E ArmVmp : Match on catch block at 0xc3 in for 0x95
02-20 13:44:49.309 4781 4781 E ArmVmp : Match on catch block at 0xc3 in for 0x99
02-20 13:44:49.339 4781 4781 E ArmVmp : Match on catch block at 0xc3 in for 0x99
02-20 13:44:49.343 4781 4781 E ArmVmp : Match on catch block at 0xc3 in for 0x91
02-20 13:44:49.355 4781 4781 E ArmVmp : Match on catch block at 0xc3 in for 0x91
02-20 13:44:49.359 4781 4781 E ArmVmp : Match on catch block at 0xc3 in for 0x95
02-20 13:44:49.388 4781 4781 E ArmVmp : Match on catch block at 0xc3 in for 0x95
02-20 13:44:49.392 4781 4781 E ArmVmp : Match on catch block at 0xc3 in for 0x99
02-20 13:44:49.422 4781 4781 E ArmVmp : Match on catch block at 0xc3 in for 0x99
02-20 13:44:49.425 4781 4781 E ArmVmp : Match on catch block at 0xc3 in for 0x91
02-20 13:44:49.472 4781 4781 E ArmVmp : Match on catch block at 0xc3 in for 0x91
02-20 13:44:49.475 4781 4781 E ArmVmp : Match on catch block at 0xc3 in for 0x95
02-20 13:44:49.505 4781 4781 E ArmVmp : Match on catch block at 0xc3 in for 0x95
02-20 13:44:49.509 4781 4781 E ArmVmp : Match on catch block at 0xc3 in for 0x99
02-20 13:44:49.555 4781 4781 E ArmVmp : Match on catch block at 0xc3 in for 0x99
02-20 13:44:49.559 4781 4781 E ArmVmp : Match on catch block at 0xc3 in for 0x91
02-20 13:44:49.589 4781 4781 E ArmVmp : Match on catch block at 0xc3 in for 0x91
02-20 13:44:49.593 4781 4781 E ArmVmp : Match on catch block at 0xc3 in for 0x95
02-20 13:44:49.605 4781 4781 E ArmVmp : Match on catch block at 0xc3 in for 0x95
02-20 13:44:49.609 4781 4781 E ArmVmp : Match on catch block at 0xc3 in for 0x99
02-20 13:44:49.622 4781 4781 E ArmVmp : Match on catch block at 0xc3 in for 0x99
02-20 13:44:49.625 4781 4781 E ArmVmp : Match on catch block at 0xc3 in for 0x91
02-20 13:44:49.639 4781 4781 E ArmVmp : Match on catch block at 0xc3 in for 0x91
02-20 13:44:49.642 4781 4781 E ArmVmp : Match on catch block at 0xc3 in for 0x95
02-20 13:44:49.655 4781 4781 E ArmVmp : Match on catch block at 0xc3 in for 0x95
02-20 13:44:49.659 4781 4781 E ArmVmp : Match on catch block at 0xc3 in for 0x99
02-20 13:44:49.672 4781 4781 E ArmVmp : Match on catch block at 0xc3 in for 0x99
02-20 13:44:49.676 4781 4781 E ArmVmp : Match on catch block at 0xc3 in for 0x91
02-20 13:44:49.689 4781 4781 E ArmVmp : Match on catch block at 0xc3 in for 0x91
02-20 13:44:49.692 4781 4781 E ArmVmp : Match on catch block at 0xc3 in for 0x95
02-20 13:44:49.705 4781 4781 E ArmVmp : Match on catch block at 0xc3 in for 0x95
02-20 13:44:49.709 4781 4781 E ArmVmp : Match on catch block at 0xc3 in for 0x99
02-20 13:44:49.722 4781 4781 E ArmVmp : Match on catch block at 0xc3 in for 0x95
02-20 13:44:49.726 4781 4781 E ArmVmp : Match on catch block at 0xc3 in for 0x99
02-20 13:44:49.738 4781 4781 E ArmVmp : Match on catch block at 0xc3 in for 0x99
02-20 13:44:49.742 4781 4781 E ArmVmp : Match on catch block at 0xc3 in for 0x91
02-20 13:44:49.758 4781 4781 E ArmVmp : Match on catch block at 0xc3 in for 0x95
02-20 13:44:49.762 4781 4781 E ArmVmp : Match on catch block at 0xc3 in for 0x99
02-20 13:44:49.772 4781 4781 E ArmVmp : Match on catch block at 0xc3 in for 0x91
02-20 13:44:49.775 4781 4781 E ArmVmp : Match on catch block at 0xc3 in for 0x95
02-20 13:44:49.804 4781 4781 E ArmVmp : Match on catch block at 0xc3 in for 0x95
02-20 13:44:49.807 4781 4781 E ArmVmp : Match on catch block at 0xc3 in for 0x99
02-20 13:44:49.812 4781 4781 E ArmVmp : Match on catch block at 0xc3 in for 0x99
02-20 13:44:49.815 4781 4781 E ArmVmp : Match on catch block at 0xc3 in for 0x91
02-20 13:44:49.837 4781 4781 E ArmVmp : Match on catch block at 0xc3 in for 0x91
02-20 13:44:49.840 4781 4781 E ArmVmp : Match on catch block at 0xc3 in for 0x95
02-20 13:44:49.854 4781 4781 E ArmVmp : Match on catch block at 0xc3 in for 0x95
02-20 13:44:49.857 4781 4781 E ArmVmp : Match on catch block at 0xc3 in for 0x99
02-20 13:44:49.887 4781 4781 E ArmVmp : Match on catch block at 0xc3 in for 0x99
02-20 13:44:49.890 4781 4781 E ArmVmp : Match on catch block at 0xc3 in for 0x91
02-20 13:44:49.922 4781 4781 E ArmVmp : Match on catch block at 0xc3 in for 0x91
02-20 13:44:49.926 4781 4781 E ArmVmp : Match on catch block at 0xc3 in for 0x95
02-20 13:44:49.972 4781 4781 E ArmVmp : Match on catch block at 0xc3 in for 0x95
02-20 13:44:49.976 4781 4781 E ArmVmp : Match on catch block at 0xc3 in for 0x99
02-20 13:44:50.007 4781 4781 E ArmVmp : Match on catch block at 0xc3 in for 0x99
02-20 13:44:50.010 4781 4781 E ArmVmp : Match on catch block at 0xc3 in for 0x91
02-20 13:44:50.061 4781 4781 E ArmVmp : Match on catch block at 0xc3 in for 0x91
02-20 13:44:50.064 4781 4781 E ArmVmp : Match on catch block at 0xc3 in for 0x95
02-20 13:44:50.081 4781 4781 E ArmVmp : Match on catch block at 0xc3 in for 0x95
02-20 13:44:50.083 4781 4844 W libEGL : EGLNativeWindowType 0xc09c9c08
disconnect failed
02-20 13:44:50.084 4781 4781 E ArmVmp : Match on catch block at 0xc3 in for 0x99
02-20 13:44:50.251 4781 4939 W Codec2Client: query -- param skipped: index =
1342179345.
02-20 13:44:50.251 4781 4939 W Codec2Client: query -- param skipped: index =
2415921170.
02-20 13:44:50.252 4781 4939 W Codec2Client: query -- param skipped: index =
1610614798.
02-20 13:44:50.252 4781 4781 E ArmVmp : Match on catch block at 0xc3 in for 0x91
02-20 13:44:50.256 4781 4781 E ArmVmp : Match on catch block at 0xc3 in for 0x95
02-20 13:44:50.269 4781 4781 E ArmVmp : Match on catch block at 0xc3 in for 0x99
02-20 13:44:50.274 4781 4781 E ArmVmp : Match on catch block at 0xc3 in for 0x91
02-20 13:44:50.283 4781 4781 E ArmVmp : Match on catch block at 0xc3 in for 0x95
02-20 13:44:50.285 4781 4781 E ArmVmp : Match on catch block at 0xc3 in for 0x99
02-20 13:44:50.295 4781 4781 E ArmVmp : Match on catch block at 0xc3 in for 0x99
02-20 13:44:50.298 4781 4781 E ArmVmp : Match on catch block at 0xc3 in for 0x91
02-20 13:44:50.318 4781 4781 E ArmVmp : Match on catch block at 0xc3 in for 0x99
02-20 13:44:50.322 4781 4781 E ArmVmp : Match on catch block at 0xc3 in for 0x91
02-20 13:44:50.332 4781 4781 E ArmVmp : Match on catch block at 0xc3 in for 0x91
02-20 13:44:50.336 4781 4781 E ArmVmp : Match on catch block at 0xc3 in for 0x95
02-20 13:44:50.341 4781 4951 E ACodec : [OMX.sprd.h264.decoder] setPortMode on
output to DynamicANWBuffer failed w/ err -2147483648
02-20 13:44:50.345 4781 4781 E ArmVmp : Match on catch block at 0xc3 in for 0x95
02-20 13:44:50.348 4781 4781 E ArmVmp : Match on catch block at 0xc3 in for 0x99
02-20 13:44:50.355 4781 4781 E ArmVmp : Match on catch block at 0xc3 in for 0x99
02-20 13:44:50.358 4781 4781 E ArmVmp : Match on catch block at 0xc3 in for 0x91
02-20 13:44:50.372 4781 4781 E ArmVmp : Match on catch block at 0xc3 in for 0x91
02-20 13:44:50.374 4781 4781 E ArmVmp : Match on catch block at 0xc3 in for 0x95
02-20 13:44:50.386 4781 4955 W Codec2Client: query -- param skipped: index =
1107298332.
02-20 13:44:50.386 4781 4955 W CCodec : This behavior is subject to change. It
is recommended that app developers double check whether the requested max input
size is in reasonable range.
02-20 13:44:50.387 4781 4955 W Codec2Client: query -- param skipped: index =
1342179345.
02-20 13:44:50.387 4781 4955 W Codec2Client: query -- param skipped: index =
2415921170.
02-20 13:44:50.387 4781 4955 W Codec2Client: query -- param skipped: index =
1610614798.
02-20 13:44:50.387 4781 4955 E FMQ : grantorIdx must be less than 3
02-20 13:44:50.387 4781 4955 E FMQ : grantorIdx must be less than 3
02-20 13:44:50.388 4781 4781 E ArmVmp : Match on catch block at 0xc3 in for 0x95
02-20 13:44:50.390 4781 4955 E FMQ : grantorIdx must be less than 3
02-20 13:44:50.393 4781 4781 E ArmVmp : Match on catch block at 0xc3 in for 0x99
02-20 13:44:50.394 4781 4936 E FMQ : grantorIdx must be less than 3
02-20 13:44:50.405 4781 4781 E ArmVmp : Match on catch block at 0xc3 in for 0x99
02-20 13:44:50.409 4781 4781 E ArmVmp : Match on catch block at 0xc3 in for 0x91
