11-22 04:26:47.670 8887 9021 E Apxor : at android.os.Looper.loop(Looper.java:214)
11-22 04:26:47.684 8887 9021 E Apxor : at android.app.ActivityThread.main(ActivityThread.java:7078)
11-22 04:26:47.684 8887 9021 E Apxor : at java.lang.reflect.Method.invoke(Native Method)
11-22 04:26:47.684 8887 9021 E Apxor : at com.android.internal.os.RuntimeInit$MethodAndArgsCaller.run(RuntimeInit.java:494)
11-22 04:26:47.684 8887 9021 E Apxor : at com.android.internal.os.ZygoteInit.main(ZygoteInit.java:964)
11-22 04:26:47.684 8887 9021 E Apxor : Suppressed: java.io.IOException: No original dex files found for dex location (arm64) /data/app/com.disha.quickride- aE2P2r-F3zY6aHryK1rM1g==/split_config.en.apk
11-22 04:26:47.684 8887 9021 E Apxor : at dalvik.system.DexFile.openDexFileNative(Native Method)
11-22 04:26:47.684 8887 9021 E Apxor : at dalvik.system.DexFile.openDexFile(DexFile.java:354)
11-22 04:26:47.684 8887 9021 E Apxor : at dalvik.system.DexFile.<init>(DexFile.java:101)
11-22 04:26:47.684 8887 9021 E Apxor : at dalvik.system.DexFile.<init>(DexFile.java:75)
11-22 04:26:47.684 8887 9021 E Apxor : at dalvik.system.DexPathList.loadDexFile(DexPathList.java:394)
11-22 04:26:47.684 8887 9021 E Apxor : at dalvik.system.DexPathList.makeDexElements(DexPathList.java:354)
11-22 04:26:47.684 8887 9021 E Apxor : at dalvik.system.DexPathList.<init>(DexPathList.java:164)
11-22 04:26:47.684 8887 9021 E Apxor : at dalvik.system.BaseDexClassLoader.<init>(BaseDexClassLoader.java:74)
11-22 04:26:47.684 8887 9021 E Apxor : at dalvik.system.BaseDexClassLoader.<init>(BaseDexClassLoader.java:65)
11-22 04:26:47.684 8887 9021 E Apxor : at dalvik.system.PathClassLoader.<init>(PathClassLoader.java:64)
11-22 04:26:47.684 8887 9021 E Apxor : at com.android.internal.os.ClassLoaderFactory.createClassLoader(ClassLoaderFactory.jav a:73)
11-22 04:26:47.684 8887 9021 E Apxor : at com.android.internal.os.ClassLoaderFactory.createClassLoader(ClassLoaderFactory.jav a:88)
11-22 04:26:47.684 8887 9021 E Apxor : at android.app.ApplicationLoaders.getClassLoader(ApplicationLoaders.java:74)
11-22 04:26:47.684 8887 9021 E Apxor : at android.app.ApplicationLoaders.getClassLoader(ApplicationLoaders.java:40)
11-22 04:26:47.684 8887 9021 E Apxor : at android.app.LoadedApk.createOrUpdateClassLoaderLocked(LoadedApk.java:766)
11-22 04:26:47.684 8887 9021 E Apxor : at android.app.LoadedApk.getClassLoader(LoadedApk.java:849)
11-22 04:26:47.684 8887 9021 E Apxor : at android.app.LoadedApk.getResources(LoadedApk.java:1090)
11-22 04:26:47.684 8887 9021 E Apxor : at android.app.ContextImpl.createAppContext(ContextImpl.java:2563)
11-22 04:26:47.684 8887 9021 E Apxor : at android.app.ActivityThread.handleBindApplication(ActivityThread.java:6128)
11-22 04:26:47.684 8887 9021 E Apxor : at android.app.ActivityThread.access$1200(ActivityThread.java:237)
11-22 04:26:47.684 8887 9021 E Apxor : at android.app.ActivityThread$H.handleMessage(ActivityThread.java:1792)
11-22 04:26:47.684 8887 9021 E Apxor : at android.os.Handler.dispatchMessage(Handler.java:106)
11-22 04:26:47.684 8887 9021 E Apxor : at android.os.Looper.loop(Looper.java:214)
11-22 04:26:47.684 8887 9021 E Apxor : at android.app.ActivityThread.main(ActivityThread.java:7078)
11-22 04:26:47.684 8887 9021 E Apxor : at java.lang.reflect.Method.invoke(Native Method)
11-22 04:26:47.684 8887 9021 E Apxor : at com.android.internal.os.RuntimeInit$MethodAndArgsCaller.run(RuntimeInit.java:494)
11-22 04:26:47.684 8887 9021 E Apxor : at com.android.internal.os.ZygoteInit.main(ZygoteInit.java:964)
11-22 04:26:47.684 8887 9021 E Apxor : Suppressed: java.io.IOException: No original dex files found for dex location (arm64) /data/app/com.disha.quickride- aE2P2r-F3zY6aHryK1rM1g==/split_config.xxhdpi.apk
11-22 04:26:47.684 8887 9021 E Apxor : at dalvik.system.DexFile.openDexFileNative(Native Method)
11-22 04:26:47.684 8887 9021 E Apxor : at dalvik.system.DexFile.openDexFile(DexFile.java:354)
11-22 04:26:47.684 8887 9021 E Apxor : at dalvik.system.DexFile.<init>(DexFile.java:101)
11-22 04:26:47.684 8887 9021 E Apxor : at dalvik.system.DexFile.<init>(DexFile.java:75)
11-22 04:26:47.684 8887 9021 E Apxor : at dalvik.system.DexPathList.loadDexFile(DexPathList.java:394)
11-22 04:26:47.684 8887 9021 E Apxor : at dalvik.system.DexPathList.makeDexElements(DexPathList.java:354)
11-22 04:26:47.684 8887 9021 E Apxor : at dalvik.system.DexPathList.<init>(DexPathList.java:164)
11-22 04:26:47.684 8887 9021 E Apxor : at dalvik.system.BaseDexClassLoader.<init>(BaseDexClassLoader.java:74)
11-22 04:26:47.684 8887 9021 E Apxor : at dalvik.system.BaseDexClassLoader.<init>(BaseDexClassLoader.java:65)
11-22 04:26:47.684 8887 9021 E Apxor : at dalvik.system.PathClassLoader.<init>(PathClassLoader.java:64)
11-22 04:26:47.684 8887 9021 E Apxor : at com.android.internal.os.ClassLoaderFactory.createClassLoader(ClassLoaderFactory.jav a:73)
11-22 04:26:47.684 8887 9021 E Apxor : at com.android.internal.os.ClassLoaderFactory.createClassLoader(ClassLoaderFactory.jav a:88)
11-22 04:26:47.684 8887 9021 E Apxor : at android.app.ApplicationLoaders.getClassLoader(ApplicationLoaders.java:74)
11-22 04:26:47.684 8887 9021 E Apxor : at android.app.ApplicationLoaders.getClassLoader(ApplicationLoaders.java:40)
11-22 04:26:47.684 8887 9021 E Apxor : at android.app.LoadedApk.createOrUpdateClassLoaderLocked(LoadedApk.java:766)
11-22 04:26:47.684 8887 9021 E Apxor : at android.app.LoadedApk.getClassLoader(LoadedApk.java:849)
11-22 04:26:47.684 8887 9021 E Apxor : at android.app.LoadedApk.getResources(LoadedApk.java:1090)
11-22 04:26:47.684 8887 9021 E Apxor : at android.app.ContextImpl.createAppContext(ContextImpl.java:2563)
11-22 04:26:47.684 8887 9021 E Apxor : at android.app.ActivityThread.handleBindApplication(ActivityThread.java:6128)
11-22 04:26:47.684 8887 9021 E Apxor : at android.app.ActivityThread.access$1200(ActivityThread.java:237)
11-22 04:26:47.684 8887 9021 E Apxor : at android.app.ActivityThread$H.handleMessage(ActivityThread.java:1792)
11-22 04:26:47.684 8887 9021 E Apxor : at android.os.Handler.dispatchMessage(Handler.java:106)
11-22 04:26:47.684 8887 9021 E Apxor : at android.os.Looper.loop(Looper.java:214)
11-22 04:26:47.684 8887 9021 E Apxor : at android.app.ActivityThread.main(ActivityThread.java:7078)
11-22 04:26:47.684 8887 9021 E Apxor : at java.lang.reflect.Method.invoke(Native Method)
11-22 04:26:47.684 8887 9021 E Apxor : at com.android.internal.os.RuntimeInit$MethodAndArgsCaller.run(RuntimeInit.java:494)
11-22 04:26:47.684 8887 9021 E Apxor : at com.android.internal.os.ZygoteInit.main(ZygoteInit.java:964)
11-22 04:26:48.038 8887 8928 V NativeCrypto: Registering com/google/android/gms/org/conscrypt/NativeCrypto's 286 native methods...
11-22 04:26:48.087 8887 9104 I System.out: (HTTPLog)-Static: isSBSettingEnabled false
11-22 04:26:48.087 8887 9104 I System.out: (HTTPLog)-Static: isSBSettingEnabled false
11-22 04:26:48.096 8887 9106 I System.out: (HTTPLog)-Static: isSBSettingEnabled false
11-22 04:26:48.096 8887 9106 I System.out: (HTTPLog)-Static: isSBSettingEnabled false
11-22 04:26:48.152 8887 9120 I System.out: (HTTPLog)-Static: isSBSettingEnabled false
11-22 04:26:48.153 8887 9120 I System.out: (HTTPLog)-Static: isSBSettingEnabled false
11-22 04:26:48.163 8887 9106 D NetworkManagementSocketTagger: tagSocket(82) with statsTag=0xffffffff, statsUid=-1
11-22 04:26:48.165 8887 9104 D NetworkManagementSocketTagger: tagSocket(86) with statsTag=0xffffffff, statsUid=-1
11-22 04:26:48.211 8887 8928 I ProviderInstaller: Installed default security provider GmsCore_OpenSSL
11-22 04:26:48.214 8887 8887 D com.disha.quickride.androidapp.startup.QuickRideApplication: ProviderInstaller.installIfNeededAsync onProviderInstalled
11-22 04:26:48.221 8887 9120 D NetworkManagementSocketTagger: tagSocket(91) with statsTag=0xffffffff, statsUid=-1
11-22 04:26:48.355 8887 9031 I System.out: (HTTPLog)-Static: isSBSettingEnabled false
11-22 04:26:48.360 8887 9031 I System.out: (HTTPLog)-Static: isSBSettingEnabled false
11-22 04:26:48.400 8887 9021 I ApxorSDK: ApxorSDK(v253) successfully initialized for: d25af8de489a0ca420f9540aed14013a
11-22 04:26:48.440 8887 9031 D NetworkManagementSocketTagger: tagSocket(85) with statsTag=0xffffffff, statsUid=-1
11-22 04:26:48.466 8887 9104 D b : getData: response code:200
11-22 04:26:48.467 8887 9104 D b : POST: https://pn.netcoresmartech.com/pn_register -> {"appid":"d25af8de489a0ca420f9540aed14013a","pushid":"b67d683d-ca40-41d4-b0d3- 363137f7f471","identity":"80505598620910","adid":"","ostype":"Android","make":"sams ung","model":"SM-A730F","osversion":"9","appname":"Quick Ride","appversion":"8.91","sdkversion":"2.0.3","cts":191122042646,"lat":null,"lng": null,"oldToken":"dQ8cC-9aAT0:APA91bEP89A05qERbIVDgKiriDOI2e_hCJEG- rYA0UoNOg0XqPJ_YAj6JfhGBcvQpSnOb6i9HPrFMY5W84XSFEEBSRd6DszC4LRic5r_KsDOvEA54Kn7cEt4 oumH_th8gNcJZkq4Hs8d","sessionid":"1574377006747","tx":"1574377006809","eventid":"2 5","token":"dQ8cC-9aAT0:APA91bFVJK3xvWEOrEOZAwjf- LKyot9x32anVxd2k7NMHB_E0KWajpaIFd9FcsiPB1jrDIDaPfR- 19Ui25LFe1BmJlOYHIoHn8105RMXvrTntat1eB-StoL1DFx6t0HaXj114ZGvPiUO"} --- 200 OK {'status':'success','panelStatus':'1','pipe_name':'PR1_PN_REG'}
11-22 04:26:48.473 8887 9167 D com.disha.quickride.androidapp.common.AndroidRestClient.AndroidClientLogger: RestClient.callService with httpRequestMethod = GET
11-22 04:26:48.474 8887 9167 I System.out: (HTTPLog)-Static: isSBSettingEnabled false
11-22 04:26:48.474 8887 9167 I System.out: (HTTPLog)-Static: isSBSettingEnabled false
11-22 04:26:48.476 8887 9167 D NetworkManagementSocketTagger: tagSocket(97) with statsTag=0xffffffff, statsUid=-1
11-22 04:26:48.481 8887 8949 I WM-WorkerWrapper: Worker result SUCCESS for Work [ id=51a78059-e679-4287-867a-6acbdc49187c, tags={ in.netcore.smartechfcm.workmanager.SlaveNetworkWorker } ]
11-22 04:26:48.487 8887 9106 D b : getData: response code:200
11-22 04:26:48.489 8887 9106 D b : POST: https://pn.netcoresmartech.com/pn_register -> {"appid":"d25af8de489a0ca420f9540aed14013a","pushid":"b67d683d-ca40-41d4-b0d3- 363137f7f471","identity":"80505598620910","adid":"","ostype":"Android","make":"sams ung","model":"SM-A730F","osversion":"9","appname":"Quick Ride","appversion":"8.91","sdkversion":"2.0.3","cts":191122042646,"lat":null,"lng": null,"oldToken":"dQ8cC-9aAT0:APA91bEP89A05qERbIVDgKiriDOI2e_hCJEG- rYA0UoNOg0XqPJ_YAj6JfhGBcvQpSnOb6i9HPrFMY5W84XSFEEBSRd6DszC4LRic5r_KsDOvEA54Kn7cEt4 oumH_th8gNcJZkq4Hs8d","sessionid":"1574377006747","tx":"1574377006863","eventid":"2 5","token":"dQ8cC-9aAT0:APA91bFVJK3xvWEOrEOZAwjf- LKyot9x32anVxd2k7NMHB_E0KWajpaIFd9FcsiPB1jrDIDaPfR- 19Ui25LFe1BmJlOYHIoHn8105RMXvrTntat1eB-StoL1DFx6t0HaXj114ZGvPiUO"} --- 200 OK {'status':'success','panelStatus':'1','pipe_name':'PR1_PN_REG'}
11-22 04:26:48.489 8887 9120 D b : Get: https://pa.netcoresmartech.com/getnotifications? sdkversion=2.0.3&appid=d25af8de489a0ca420f9540aed14013a&guid=b67d683d-ca40-41d4- b0d3-363137f7f471<s=1574253471&type=android -> --- 200 OK {"pa_enable":"0","notifications":[],"pa_freq":"0"}
11-22 04:26:48.490 8887 9104 I System.out: (HTTPLog)-Static: isSBSettingEnabled false
11-22 04:26:48.490 8887 9104 I System.out: (HTTPLog)-Static: isSBSettingEnabled false
11-22 04:26:48.492 8887 9104 D NetworkManagementSocketTagger: tagSocket(68) with statsTag=0xffffffff, statsUid=-1
11-22 04:26:48.500 8887 8949 I WM-WorkerWrapper: Worker result SUCCESS for Work [ id=8ecf60ad-c613-4ca0-9231-de39063757b1, tags={ in.netcore.smartechfcm.workmanager.SlaveNetworkWorker } ]
11-22 04:26:48.716 8887 9172 D com.disha.quickride.androidapp.conversation.ConversationChatRestServiceClient: getPendingChatMessages80505598620910
11-22 04:26:48.729 8887 9172 D com.disha.quickride.androidapp.common.AndroidRestClient.AndroidClientLogger: RestClient.callService with httpRequestMethod = GET
11-22 04:26:48.730 8887 9172 I System.out: (HTTPLog)-Static: isSBSettingEnabled false
11-22 04:26:48.731 8887 9172 I System.out: (HTTPLog)-Static: isSBSettingEnabled false
11-22 04:26:48.735 8887 9167 D com.disha.quickride.androidapp.common.AndroidRestClient.AndroidClientLogger: RestClient.callService response code : 200
11-22 04:26:48.739 8887 9172 D NetworkManagementSocketTagger: tagSocket(75) with statsTag=0xffffffff, statsUid=-1
11-22 04:26:48.769 8887 9104 D b : getData: response code:200
11-22 04:26:48.770 8887 9104 D b : POST: https://pn.netcoresmartech.com/app_activity -> {"appid":"d25af8de489a0ca420f9540aed14013a","pushid":"b67d683d-ca40-41d4-b0d3- 363137f7f471","identity":"80505598620910","adid":"","ostype":"Android","make":"sams ung","model":"SM-A730F","osversion":"9","appname":"Quick Ride","appversion":"8.91","sdkversion":"2.0.3","cts":191122042646,"lat":null,"lng": null,"sessionid":"1574377006747","tx":"1574377006867","eventid":"21"} --- 200 OK {'status':'success'}
11-22 04:26:48.780 8887 8949 I WM-WorkerWrapper: Worker result SUCCESS for Work [ id=6d7f8aca-82c7-45b9-b5b1-35f6c73c3257, tags={ in.netcore.smartechfcm.workmanager.SlaveNetworkWorker } ]
11-22 04:26:48.970 8887 9172 D com.disha.quickride.androidapp.common.AndroidRestClient.AndroidClientLogger: RestClient.callService response code : 200
11-22 04:26:49.251 8887 9036 D com.disha.quickride.androidapp.startup.session.SessionManager: Performing session change operation on com.disha.quickride.androidapp.event.EventModuleSessionManager@796d0c3
11-22 04:26:49.253 8887 9036 D com.disha.quickride.androidapp.startup.session.SessionManager: Performing session change operation on com.disha.quickride.androidapp.ridemgmt.RideMgmtModuleSessionHandler@bb30479
11-22 04:26:49.253 8887 9036 I com.disha.quickride.androidapp.ridemgmt.RideMgmtModuleSessionHandler: resumeBasicUserSession
11-22 04:26:49.254 8887 9031 I System.out: (HTTPLog)-Static: isSBSettingEnabled false
11-22 04:26:49.255 8887 9031 I System.out: (HTTPLog)-Static: isSBSettingEnabled false
11-22 04:26:49.306 8887 9191 D OpenGLRenderer: Skia GL Pipeline
11-22 04:26:49.324 8887 9036 I com.disha.quickride.androidapp.myrides.cache.MyActiveRidesCache: getting active rides of user after the current time
11-22 04:26:49.324 8887 9036 D com.disha.quickride.androidapp.myrides.cache.MyClosedRidesCache: Loading closed rides from local database
11-22 04:26:49.328 8887 9036 D com.disha.quickride.androidapp.myrides.cache.MyCompletedRidesCachePersistenceHelper : getting all rider rides from databse
11-22 04:26:49.335 8887 9207 D com.disha.quickride.androidapp.common.AndroidRestClient.AndroidClientLogger: RestClient.callService with httpRequestMethod = GET
11-22 04:26:49.337 8887 9207 I System.out: (HTTPLog)-Static: isSBSettingEnabled false
11-22 04:26:49.337 8887 9036 D com.disha.quickride.androidapp.myrides.cache.MyCompletedRidesCachePersistenceHelper : getting all passenger rides
11-22 04:26:49.337 8887 9207 I System.out: (HTTPLog)-Static: isSBSettingEnabled false
11-22 04:26:49.341 8887 9036 D com.disha.quickride.androidapp.myrides.cache.MyCompletedRidesCachePersistenceHelper : getting all regular passenger rides
11-22 04:26:49.345 8887 9036 D com.disha.quickride.androidapp.myrides.cache.MyCompletedRidesCachePersistenceHelper : getting all regular passenger rides
11-22 04:26:49.348 8887 9207 D NetworkManagementSocketTagger: tagSocket(90) with statsTag=0xffffffff, statsUid=-1
11-22 04:26:49.361 8887 9036 I com.disha.quickride.androidapp.usermgmt.cache.UserDataCache: getting of user name
11-22 04:26:49.361 8887 9036 D com.disha.quickride.androidapp.startup.session.SessionManagerController: Session change operation completed successfully
11-22 04:26:49.362 8887 9036 D com.disha.quickride.androidapp.startup.session.SessionResumeAsyncTask: Session resume operation completed
11-22 04:26:49.362 8887 9036 D com.disha.quickride.androidapp.notification.FCMTokenRegistrationHelper: Getting FCM token to update to server for user : 80505598620910
11-22 04:26:49.362 8887 9212 D com.disha.quickride.androidapp.startup.session.SetUserIdIdentifierToFabricAsyncTask : UserId set to Fabric
11-22 04:26:49.363 8887 9036 D com.disha.quickride.androidapp.startup.session.SessionSetupAsyncTask: Session change operation completed successfully
11-22 04:26:49.363 8887 9036 D com.disha.quickride.androidapp.notification.QuickRideGCMIntentService: Processing all GCM messages arrived before session was initialized
11-22 04:26:49.363 8887 9036 D com.disha.quickride.androidapp.notification.QuickRideGCMIntentService: Processing new GCM Message : Bundle[{channel_id=RideInvites, EXPIRY_TIME=1574379900846, Priority=2, GroupValue=80505602785853, android_channel_id=RideInvites, MsgClassName=java.lang.String, Id=0, Time=1574369100961, Type=NOT_TYPE_UPDATE_USER_APP_RETAINED_TIME, Group=silentNotification, Is_Ack_Required=true, IsActionTaken=false, sendFrom=0, Unique_Id=1513915723725, IS_USER_NOTIFICATION=true, IsActionRequired=false}]
11-22 04:26:49.366 8887 8887 D com.disha.quickride.androidapp.notification.FCMTokenRegistrationHelper: FCM token for userId : 80505598620910 is : dQ8cC-9aAT0:APA91bFVJK3xvWEOrEOZAwjf- LKyot9x32anVxd2k7NMHB_E0KWajpaIFd9FcsiPB1jrDIDaPfR- 19Ui25LFe1BmJlOYHIoHn8105RMXvrTntat1eB-StoL1DFx6t0HaXj114ZGvPiUO
11-22 04:26:49.368 8887 9214 D com.disha.quickride.androidapp.notification.FCMTokenRegistrationAsyncTask: Updating client device id to server : dQ8cC-9aAT0:APA91bFVJK3xvWEOrEOZAwjf- LKyot9x32anVxd2k7NMHB_E0KWajpaIFd9FcsiPB1jrDIDaPfR- 19Ui25LFe1BmJlOYHIoHn8105RMXvrTntat1eB-StoL1DFx6t0HaXj114ZGvPiUO
11-22 04:26:49.376 8887 9036 D com.disha.quickride.androidapp.notification.NotificationHandler: Handling of new user notifications
11-22 04:26:49.379 8887 9214 D com.disha.quickride.androidapp.common.AndroidRestClient.AndroidClientLogger: RestClient.callService with httpRequestMethod = PUT
11-22 04:26:49.380 8887 9036 D com.disha.quickride.androidapp.startup.session.SessionManagerController: Stopping WatchdogService
11-22 04:26:49.381 8887 9214 I System.out: (HTTPLog)-Static: isSBSettingEnabled false
11-22 04:26:49.381 8887 9036 D com.disha.quickride.androidapp.startup.session.SessionManagerController: Cancelling alarm that was set to check watchdog service
11-22 04:26:49.381 8887 9214 I System.out: (HTTPLog)-Static: isSBSettingEnabled false
11-22 04:26:49.383 8887 9214 D NetworkManagementSocketTagger: tagSocket(78) with statsTag=0xffffffff, statsUid=-1
11-22 04:26:49.386 8887 8952 D com.disha.quickride.androidapp.common.AndroidRestClient.AndroidClientLogger: RestClient.callService with httpRequestMethod = PUT
11-22 04:26:49.386 8887 9036 D com.disha.quickride.androidapp.startup.session.SessionSetupAsyncTask: Session change operation took 2447 ms
11-22 04:26:49.388 8887 8952 I System.out: (HTTPLog)-Static: isSBSettingEnabled false
11-22 04:26:49.388 8887 8952 I System.out: (HTTPLog)-Static: isSBSettingEnabled false
11-22 04:26:49.389 8887 8952 D NetworkManagementSocketTagger: tagSocket(80) with statsTag=0xffffffff, statsUid=-1
11-22 04:26:49.592 8887 9207 D com.disha.quickride.androidapp.common.AndroidRestClient.AndroidClientLogger: RestClient.callService response code : 200
11-22 04:26:49.630 8887 9214 D com.disha.quickride.androidapp.common.AndroidRestClient.AndroidClientLogger: RestClient.callService response code : 200
11-22 04:26:49.648 8887 8952 D com.disha.quickride.androidapp.common.AndroidRestClient.AndroidClientLogger: RestClient.callService response code : 200
11-22 04:26:52.361 8887 9211 D com.disha.quickride.androidapp.event.EventModuleSessionManager: Resuming complete user session
11-22 04:26:52.371 8887 9211 D com.disha.quickride.androidapp.event.EventServicePersistenceHelper: Purging old messages with condition : time <= 1574355412362
11-22 04:26:52.373 8887 9211 D com.disha.quickride.androidapp.event.EventServicePersistenceHelper: No of old messages purged : 0
11-22 04:26:52.384 8887 9211 D com.disha.quickride.androidapp.event.EventServicePersistenceHelper: 0 messages read from persistence
11-22 04:26:52.384 8887 9211 D com.disha.quickride.androidapp.event.RideMgmtEventServiceProxy: Initializing unprocessed messages from persistence
11-22 04:26:52.392 8887 9211 D com.disha.quickride.androidapp.event.EventServicePersistenceHelper: 0 unprocessed messages read from persistence
11-22 04:26:52.397 8887 9211 D com.disha.quickride.androidapp.event.EventServicePersistenceHelper: Purging old messages with condition : time <= 1574355412392
11-22 04:26:52.398 8887 9211 D com.disha.quickride.androidapp.event.EventServicePersistenceHelper: No of old messages purged : 0
11-22 04:26:52.405 8887 9211 D com.disha.quickride.androidapp.event.EventServicePersistenceHelper: 0 messages read from persistence
11-22 04:26:52.405 8887 9211 D com.disha.quickride.androidapp.event.LocationUpdateEventServiceProxy: Initializing unprocessed messages from persistence
11-22 04:26:52.411 8887 9211 D com.disha.quickride.androidapp.event.EventServicePersistenceHelper: 0 unprocessed messages read from persistence
11-22 04:26:52.412 8887 9211 D com.disha.quickride.androidapp.usermgmt.UserMessageListener: subscribeToUserMsgUpdates
11-22 04:26:52.412 8887 9211 D com.disha.quickride.androidapp.event.RideMgmtEventServiceProxy: Adding topic name to subscriptions queue :userMsg/80505598620910
11-22 04:26:52.427 8887 9211 D com.disha.quickride.androidapp.event.EventModuleSessionManager: Establishing event service connection
11-22 04:26:52.427 8887 9211 D com.disha.quickride.androidapp.event.RideMgmtEventServiceProxy: Entering dispatchAllMessagesArrivedBeforeSessionWasInitialized
11-22 04:26:52.427 8887 9050 D com.disha.quickride.androidapp.event.InitialMessagesDispatchTask: Dispatching initial messages
11-22 04:26:52.428 8887 9211 D com.disha.quickride.androidapp.event.LocationUpdateEventServiceProxy: Entering dispatchAllMessagesArrivedBeforeSessionWasInitialized
11-22 04:26:52.428 8887 9167 D com.disha.quickride.androidapp.event.InitialMessagesDispatchTask: Dispatching initial messages
11-22 04:26:52.442 8887 9211 I com.disha.quickride.androidapp.ridemgmt.RideManagementMqttProxy: subscribing to topic of existing rides
11-22 04:26:52.442 8887 9211 I com.disha.quickride.androidapp.ridemgmt.RideManagementMqttProxy: subscribing to topic of existing rider rides
11-22 04:26:52.442 8887 9211 D com.disha.quickride.androidapp.groupchat.RideGroupChatMqttListener: Subscribing to collection of rides
11-22 04:26:52.443 8887 9211 I com.disha.quickride.androidapp.ridemgmt.RideManagementMqttProxy: subscribing to topic of existing passenger rides
11-22 04:26:52.443 8887 9211 D com.disha.quickride.androidapp.groupchat.RideGroupChatMqttListener: Subscribing to collection of rides
11-22 04:26:52.453 8887 9172 D com.disha.quickride.androidapp.common.AndroidRestClient.AndroidClientLogger: RestClient.callService with httpRequestMethod = GET
11-22 04:26:52.455 8887 9172 I System.out: (HTTPLog)-Static: isSBSettingEnabled false
11-22 04:26:52.455 8887 9172 I System.out: (HTTPLog)-Static: isSBSettingEnabled false
11-22 04:26:52.461 8887 9172 D NetworkManagementSocketTagger: tagSocket(51) with statsTag=0xffffffff, statsUid=-1
11-22 04:26:52.701 8887 9172 D com.disha.quickride.androidapp.common.AndroidRestClient.AndroidClientLogger: RestClient.callService response code : 200
11-22 04:26:53.211 8887 8949 I WM-WorkerWrapper: Worker result SUCCESS for Work [ id=b2fe13b7-6163-4db5-83d4-904e5008d252, tags={ in.netcore.smartechfcm.workmanager.SlaveDBSyncWorker } ]
11-22 04:26:53.254 8887 9106 I System.out: (HTTPLog)-Static: isSBSettingEnabled false
11-22 04:26:53.254 8887 9106 I System.out: (HTTPLog)-Static: isSBSettingEnabled false
11-22 04:26:53.261 8887 9106 D NetworkManagementSocketTagger: tagSocket(68) with statsTag=0xffffffff, statsUid=-1
11-22 04:26:53.268 8887 9104 I System.out: (HTTPLog)-Static: isSBSettingEnabled false
11-22 04:26:53.268 8887 9104 I System.out: (HTTPLog)-Static: isSBSettingEnabled false
11-22 04:26:53.269 8887 9104 D NetworkManagementSocketTagger: tagSocket(66) with statsTag=0xffffffff, statsUid=-1
11-22 04:26:53.540 8887 9104 D b : getData: response code:200
11-22 04:26:53.541 8887 9104 D b : POST: https://pn.netcoresmartech.com/app_activity -> {"appid":"d25af8de489a0ca420f9540aed14013a","pushid":"b67d683d-ca40-41d4-b0d3- 363137f7f471","identity":"80505598620910","adid":"","ostype":"Android","make":"sams ung","model":"SM-A730F","osversion":"9","appname":"Quick Ride","appversion":"8.91","sdkversion":"2.0.3","cts":191121221727,"lat":null,"lng": null,"sessionid":"1574354847224","tx":"1574354847366","eventid":"21"} --- 200 OK {'status':'success'}
11-22 04:26:53.544 8887 9106 D b : getData: response code:200
11-22 04:26:53.545 8887 9106 D b : POST: https://pn.netcoresmartech.com/app_activity -> {"appid":"d25af8de489a0ca420f9540aed14013a","pushid":"b67d683d-ca40-41d4-b0d3- 363137f7f471","identity":"80505598620910","adid":"","ostype":"Android","make":"sams ung","model":"SM-A730F","osversion":"9","appname":"Quick Ride","appversion":"8.88","sdkversion":"2.0.3","cts":191120234623,"lat":null,"lng": null,"sessionid":"1574273783398","tx":"1574273783750","eventid":"21"} --- 200 OK {'status':'success'}
11-22 04:26:53.560 8887 8949 I WM-WorkerWrapper: Worker result SUCCESS for Work [ id=e567f617-fec7-4d38-b693-36b067a6d10c, tags={ in.netcore.smartechfcm.workmanager.SlaveDBEventUploadWorker } ]
11-22 04:26:53.577 8887 8949 I WM-WorkerWrapper: Worker result SUCCESS for Work [ id=9bddec5a-1759-4059-9934-cb69482483a5, tags={ in.netcore.smartechfcm.workmanager.SlaveDBEventUploadWorker } ]
11-22 04:27:02.210 8887 8935 I System.out: (HTTPLog)-Static: isSBSettingEnabled false
11-22 04:27:02.210 8887 8935 I System.out: (HTTPLog)-Static: isSBSettingEnabled false
11-22 04:27:02.217 8887 8935 D NetworkManagementSocketTagger: tagSocket(67) with statsTag=0xffffffff, statsUid=-1
11-22 04:27:05.331 8887 8949 I WM-WorkerWrapper: Work [ id=ba0d665c-eec7-4f28- 9b1f-d85fa0c87804, tags={ in.netcore.smartechfcm.worker.SlavePushAmpWorker } ] was cancelled
11-22 04:27:05.331 8887 8949 I WM-WorkerWrapper: java.util.concurrent.CancellationException: Task was cancelled.
11-22 04:27:05.331 8887 8949 I WM-WorkerWrapper: at ug.a(SourceFile:1184)
11-22 04:27:05.331 8887 8949 I WM-WorkerWrapper: at ug.c(SourceFile:514)
11-22 04:27:05.331 8887 8949 I WM-WorkerWrapper: at ug.get(SourceFile:475)
11-22 04:27:05.331 8887 8949 I WM-WorkerWrapper: at se$2.run(SourceFile:290)
11-22 04:27:05.331 8887 8949 I WM-WorkerWrapper: at java.util.concurrent.ThreadPoolExecutor.runWorker(ThreadPoolExecutor.java:1167)
11-22 04:27:05.331 8887 8949 I WM-WorkerWrapper: at java.util.concurrent.ThreadPoolExecutor$Worker.run(ThreadPoolExecutor.java:641)
11-22 04:27:05.331 8887 8949 I WM-WorkerWrapper: at java.lang.Thread.run(Thread.java:764) --------- beginning of main
11-22 12:23:22.205 7336 7336 I disha.quickrid: report jit thread pid = 7341
11-22 12:23:22.211 7336 7336 E disha.quickrid: Not starting debugger since process cannot load the jdwp agent.
11-22 12:23:22.245 7336 7347 I disha.quickrid: Background concurrent copying GC freed 2687(1415KB) AllocSpace objects, 0(0B) LOS objects, 59% free, 1038KB/2MB, paused 7.585ms total 24.722ms
11-22 12:23:22.289 7336 7336 I disha.quickrid: The ClassLoaderContext is a special shared library.
11-22 12:23:22.339 7336 7336 W disha.quickrid: JIT profile information will not be recorded: profile file does not exits.
11-22 12:23:22.339 7336 7336 I chatty : uid=10108(com.disha.quickride) identical 1 line
11-22 12:23:22.339 7336 7336 W disha.quickrid: JIT profile information will not be recorded: profile file does not exits.
11-22 12:23:22.370 7336 7336 D com.disha.quickride.androidapp.startup.QuickRideApplication: QuickRideApplication is instantiated
11-22 12:23:22.373 7336 7336 I MultiDex: VM with version 2.1.0 has multidex support
11-22 12:23:22.373 7336 7336 I MultiDex: Installing application
11-22 12:23:22.373 7336 7336 I MultiDex: VM has multidex support, MultiDex support library is disabled.
11-22 12:23:22.373 7336 7336 I MultiDex: Installing application
11-22 12:23:22.373 7336 7336 I MultiDex: VM has multidex support, MultiDex support library is disabled.
11-22 12:23:22.546 7336 7336 D FirebaseApp: com.google.firebase.auth.FirebaseAuth is not linked. Skipping initialization.
11-22 12:23:22.548 7336 7336 D FirebaseApp: com.google.firebase.crash.FirebaseCrash is not linked. Skipping initialization.
11-22 12:23:22.549 7336 7336 I FirebaseInitProvider: FirebaseApp initialization successful
11-22 12:23:22.564 7336 7336 I CrashlyticsInitProvider: CrashlyticsInitProvider skipping initialization
11-22 12:23:22.569 7336 7336 E Apxor : App Id is empty or null, couldn't initialize ApxorSDK
11-22 12:23:22.605 7336 7354 I FA : App measurement is starting up, version: 15300
11-22 12:23:22.606 7336 7354 I FA : To enable debug logging run: adb shell setprop log.tag.FA VERBOSE
11-22 12:23:22.607 7336 7354 I FA : To enable faster debug mode event logging run:
11-22 12:23:22.607 7336 7354 I FA : adb shell setprop debug.firebase.analytics.app com.disha.quickride
11-22 12:23:22.618 7336 7358 D NetworkSecurityConfig: No Network Security Config specified, using platform default
11-22 12:23:22.627 7336 7358 I System.out: (HTTPLog)-Static: isSBSettingEnabled false
11-22 12:23:22.627 7336 7358 I System.out: (HTTPLog)-Static: isSBSettingEnabled false
11-22 12:23:22.642 7336 7358 D NetworkManagementSocketTagger: tagSocket(52) with statsTag=0xffffffff, statsUid=-1
11-22 12:23:22.705 7336 7336 D com.disha.quickride.androidapp.startup.QuickRideApplication: QuickRideApplication is created
11-22 12:23:22.706 7336 7336 D com.disha.quickride.androidapp.startup.QuickRideApplication: enabled https protocols null
11-22 12:23:22.862 7336 7371 I CrashlyticsCore: Initializing Crashlytics 2.6.8.32
11-22 12:23:22.947 7336 7371 W com.facebook.appevents.AppEventsLogger: activateApp events are being logged automatically. There's no need to call activateApp explicitly, this is safe to remove.
11-22 12:23:22.965 7336 7371 I GAv4 : Google Analytics 12.4.51 is starting up. To enable debug logging on a device run:
11-22 12:23:22.965 7336 7371 I GAv4 : adb shell setprop log.tag.GAv4 DEBUG
11-22 12:23:22.965 7336 7371 I GAv4 : adb logcat -s GAv4
11-22 12:23:23.036 7336 7371 D AppsFlyer_4.9.0: Initializing AppsFlyer SDK: (v4.9.0.184)
11-22 12:23:23.041 7336 7371 D AppsFlyer_4.9.0: Done loading properties: true
11-22 12:23:23.120 7336 7400 I System.out: (HTTPLog)-Static: isSBSettingEnabled false
11-22 12:23:23.120 7336 7400 I System.out: (HTTPLog)-Static: isSBSettingEnabled false
11-22 12:23:23.142 7336 7336 W WM-WorkSpec: Interval duration lesser than minimum allowed value; Changed to 900000
11-22 12:23:23.143 7336 7400 D NetworkManagementSocketTagger: tagSocket(63) with statsTag=0xffffffff, statsUid=-1
11-22 12:23:23.186 7336 7336 I CleverTap: Activity Lifecycle Callback successfully registered
11-22 12:23:23.190 7336 7336 I CleverTap: Account Region not specified in the AndroidManifest - using default region
11-22 12:23:23.213 7336 7336 I CleverTap: CleverTap SDK initialized with accountId: 677-74Z-765Z accountToken: 14a-aa6 accountRegion: null
11-22 12:23:23.225 7336 7336 D com.disha.quickride.androidapp.startup.QuickRideApplication: Initializing Session Manager
11-22 12:23:23.233 7336 7411 D com.disha.quickride.androidapp.startup.session.SessionManagerController: Resuming user session
11-22 12:23:23.234 7336 7411 D com.disha.quickride.androidapp.startup.session.SessionManager: Entering createNewSessionManager
11-22 12:23:23.251 7336 7407 I CleverTap: SDK Version Code is 30501
11-22 12:23:23.254 7336 7407 I CleverTap: CTPushNotificationReceiver is present
11-22 12:23:23.257 7336 7407 I CleverTap: InstallReferrerBroadcastReceiver is present
11-22 12:23:23.264 7336 7407 I CleverTap: CTNotificationIntentService not present
11-22 12:23:23.266 7336 7411 D com.disha.quickride.androidapp.startup.session.SessionManager: Found Persistent session for user 80505598620910
11-22 12:23:23.266 7336 7360 W DynamiteModule: Local module descriptor class for providerinstaller not found.
11-22 12:23:23.266 7336 7407 I CleverTap: CTBackgroundJobService is present
11-22 12:23:23.267 7336 7411 D com.disha.quickride.androidapp.startup.session.SessionManager: Entering onResumeUserSession
11-22 12:23:23.267 7336 7411 D com.disha.quickride.androidapp.startup.session.SessionManager: Performing session change operation on com.disha.quickride.androidapp.common.serverConfig.ClientConfigurationModuleSession Manager@f057e6a
11-22 12:23:23.267 7336 7411 D com.disha.quickride.androidapp.common.serverConfig.ClientConfigurationModuleSession Manager: Resuming basic user session
11-22 12:23:23.269 7336 7407 I CleverTap: CTBackgroundIntentService is present
11-22 12:23:23.272 7336 7336 W Java7Support: Unable to load JDK7 types (annotations, java.nio.file.Path): no Java7 support added
11-22 12:23:23.277 7336 7407 I CleverTap: InAppNotificationActivity is present
11-22 12:23:23.279 7336 7407 I CleverTap: FcmMessageListenerService not present
11-22 12:23:23.282 7336 7407 I CleverTap: FcmTokenListenerService not present
11-22 12:23:23.294 7336 7360 I DynamiteModule: Considering local module providerinstaller:0 and remote module providerinstaller:0
11-22 12:23:23.295 7336 7360 W ProviderInstaller: Failed to load providerinstaller module: No acceptable module found. Local version is 0 and remote version is 0.
11-22 12:23:23.330 7336 7411 D com.disha.quickride.androidapp.startup.session.SessionManager: Performing session change operation on com.disha.quickride.androidapp.usermgmt.UserModuleSessionManager@9533acd
11-22 12:23:23.330 7336 7411 D com.disha.quickride.androidapp.usermgmt.UserModuleSessionManager: Resume basic user session
11-22 12:23:23.383 7336 7360 I disha.quickrid: The ClassLoaderContext is a special shared library.
11-22 12:23:23.395 7336 7407 I CleverTap:677-74Z-765Z: Notification channel promopush has been created
11-22 12:23:23.416 7336 7360 I disha.quickrid: The ClassLoaderContext is a special shared library.
11-22 12:23:23.428 7336 7416 D com.disha.quickride.androidapp.notification.QuickRideGCMIntentService: New GCM message received : {data={"image":"","sound":true,"deeplink":"quickride://newride? __sta\u003dFIBFVYQBJJFJFQ%7CBTHI\u0026__stm_medium\u003dapn\u0026__stm_source\ u003dsmartech\u0026__stm_id\u003d1479","actionButton": [],"expiry":1574409202,"carousel":[],"title":"Carpool Inter-city with Quick Ride","message":"Nitin Bhambri, travelling back from home or another city? Carpool for the comfort of car at a price less than bus fare 🏡🚙💨","customPayload": {},"trid":"73436-1479-1082299-0-191122121714"}, trid=73436-1479-1082299-0- 191122121714}
11-22 12:23:23.441 7336 7367 W AnalyticsUserIDStore: initStore should have been called before calling setUserID
11-22 12:23:23.453 7336 7361 I System.out: (HTTPLog)-Static: isSBSettingEnabled false
11-22 12:23:23.454 7336 7361 I System.out: (HTTPLog)-Static: isSBSettingEnabled false
11-22 12:23:23.456 7336 7361 D NetworkManagementSocketTagger: tagSocket(73) with statsTag=0xffffffff, statsUid=-1
11-22 12:23:23.457 7336 7367 W UserDataStore: initStore should have been called before calling setUserID
11-22 12:23:23.466 7336 7360 I disha.quickrid: The ClassLoaderContext is a special shared library.
11-22 12:23:23.498 7336 7367 I System.out: (HTTPLog)-Static: isSBSettingEnabled false
11-22 12:23:23.498 7336 7367 I System.out: (HTTPLog)-Static: isSBSettingEnabled false
11-22 12:23:23.500 7336 7367 D NetworkManagementSocketTagger: tagSocket(70) with statsTag=0xffffffff, statsUid=-1
11-22 12:23:23.518 7336 7407 I CleverTap:677-74Z-765Z: Notification channel offerspush has been created
11-22 12:23:23.520 7336 7407 I CleverTap:677-74Z-765Z: Notification channel notifypush has been created
11-22 12:23:23.546 7336 7416 D OpenGLRenderer: Skia GL Pipeline
11-22 12:23:23.579 7336 7360 V NativeCrypto: Registering com/google/android/gms/org/conscrypt/NativeCrypto's 286 native methods...
11-22 12:23:23.629 7336 7360 I ProviderInstaller: Installed default security provider GmsCore_OpenSSL
11-22 12:23:23.629 7336 7336 D com.disha.quickride.androidapp.startup.QuickRideApplication: ProviderInstaller.installIfNeededAsync onProviderInstalled
11-22 12:23:23.672 7336 7424 W SlaveNetworkWorker: Network not available
11-22 12:23:23.673 7336 7423 W SlaveNetworkWorker: Network not available
11-22 12:23:23.675 7336 7425 W SlaveNetworkWorker: Network not available
11-22 12:23:23.681 7336 7369 I WM-WorkerWrapper: Worker result FAILURE for Work [ id=8a45b352-b70c-467a-810d-2113049d8ace, tags={ in.netcore.smartechfcm.workmanager.SlaveNetworkWorker } ]
11-22 12:23:23.698 7336 7369 I WM-WorkerWrapper: Worker result FAILURE for Work [ id=931d581c-c2f6-47cc-a59f-1b347c19d505, tags={ in.netcore.smartechfcm.workmanager.SlaveNetworkWorker } ]
11-22 12:23:23.718 7336 7369 I WM-WorkerWrapper: Worker result FAILURE for Work [ id=2a4c495c-8d31-4cce-84cd-a24f06c9ba7a, tags={ in.netcore.smartechfcm.workmanager.SlaveNetworkWorker } ]
11-22 12:23:23.766 7336 7426 W SlaveNetworkWorker: Network not available
11-22 12:23:23.768 7336 7369 I WM-WorkerWrapper: Worker result FAILURE for Work [ id=01decf66-c2f3-4ba6-8264-24f5ebd77722, tags={ in.netcore.smartechfcm.workmanager.SlaveNetworkWorker } ]
11-22 12:23:24.076 7336 7428 D com.disha.quickride.androidapp.conversation.ConversationChatRestServiceClient: getPendingChatMessages80505598620910
11-22 12:23:32.402 7336 7411 D com.disha.quickride.androidapp.startup.session.SessionManager: Performing session change operation on com.disha.quickride.androidapp.event.EventModuleSessionManager@9f9e8a0
11-22 12:23:32.404 7336 7411 D com.disha.quickride.androidapp.startup.session.SessionManager: Performing session change operation on com.disha.quickride.androidapp.ridemgmt.RideMgmtModuleSessionHandler@68cc01e
11-22 12:23:32.404 7336 7411 I com.disha.quickride.androidapp.ridemgmt.RideMgmtModuleSessionHandler: resumeBasicUserSession
11-22 12:23:32.472 7336 7411 I com.disha.quickride.androidapp.myrides.cache.MyActiveRidesCache: getting active rides of user after the current time
11-22 12:23:32.472 7336 7411 D com.disha.quickride.androidapp.myrides.cache.MyClosedRidesCache: Loading closed rides from local database
11-22 12:23:32.475 7336 7433 E com.disha.quickride.androidapp.ridemgmt.SyncActiveRidesOfUserAsyncTask: SyncActiveRidesOfUser failed
11-22 12:23:32.475 7336 7433 E com.disha.quickride.androidapp.ridemgmt.SyncActiveRidesOfUserAsyncTask: com.disha.quickride.rest.client.RestClientException: [errorCode: 9204 ] [httpStatusCode: 500 ][userMsg: Data connection not found ][hintForCorrection: Please enable data connection ]
11-22 12:23:32.475 7336 7433 E com.disha.quickride.androidapp.ridemgmt.SyncActiveRidesOfUserAsyncTask: at com.disha.quickride.androidapp.common.AndroidRestClient.QuickRideServerRestClient.c heckDataConnectionAvailable(SourceFile:155)
11-22 12:23:32.475 7336 7433 E com.disha.quickride.androidapp.ridemgmt.SyncActiveRidesOfUserAsyncTask: at com.disha.quickride.androidapp.common.AndroidRestClient.QuickRideServerRestClient.c allServiceForReturnObject(SourceFile:56)
11-22 12:23:32.475 7336 7433 E com.disha.quickride.androidapp.ridemgmt.SyncActiveRidesOfUserAsyncTask: at com.disha.quickride.androidapp.common.AndroidRestClient.QuickRideServerRestClient.c allServiceWithParametersMapForReturnObject(SourceFile:36)
11-22 12:23:32.475 7336 7433 E com.disha.quickride.androidapp.ridemgmt.SyncActiveRidesOfUserAsyncTask: at com.disha.quickride.androidapp.myrides.RideServicesClient.syncActiveRides(SourceFil e:316)
11-22 12:23:32.475 7336 7433 E com.disha.quickride.androidapp.ridemgmt.SyncActiveRidesOfUserAsyncTask: at com.disha.quickride.androidapp.ridemgmt.SyncActiveRidesOfUserAsyncTask.doInBackgrou nd(SourceFile:46)
11-22 12:23:32.475 7336 7433 E com.disha.quickride.androidapp.ridemgmt.SyncActiveRidesOfUserAsyncTask: at com.disha.quickride.androidapp.ridemgmt.SyncActiveRidesOfUserAsyncTask.doInBackgrou nd(SourceFile:24)
11-22 12:23:32.475 7336 7433 E com.disha.quickride.androidapp.ridemgmt.SyncActiveRidesOfUserAsyncTask: at android.os.AsyncTask$2.call(AsyncTask.java:333)
11-22 12:23:32.475 7336 7433 E com.disha.quickride.androidapp.ridemgmt.SyncActiveRidesOfUserAsyncTask: at java.util.concurrent.FutureTask.run(FutureTask.java:266)
11-22 12:23:32.475 7336 7433 E com.disha.quickride.androidapp.ridemgmt.SyncActiveRidesOfUserAsyncTask: at java.util.concurrent.ThreadPoolExecutor.runWorker(ThreadPoolExecutor.java:1167)
11-22 12:23:32.475 7336 7433 E com.disha.quickride.androidapp.ridemgmt.SyncActiveRidesOfUserAsyncTask: at java.util.concurrent.ThreadPoolExecutor$Worker.run(ThreadPoolExecutor.java:641)
11-22 12:23:32.475 7336 7433 E com.disha.quickride.androidapp.ridemgmt.SyncActiveRidesOfUserAsyncTask: at java.lang.Thread.run(Thread.java:764)
11-22 12:23:32.477 7336 7411 D com.disha.quickride.androidapp.myrides.cache.MyCompletedRidesCachePersistenceHelper : getting all rider rides from databse
11-22 12:23:32.480 7336 7411 D com.disha.quickride.androidapp.myrides.cache.MyCompletedRidesCachePersistenceHelper : getting all passenger rides
11-22 12:23:32.483 7336 7411 D com.disha.quickride.androidapp.myrides.cache.MyCompletedRidesCachePersistenceHelper : getting all regular passenger rides
11-22 12:23:32.487 7336 7411 D com.disha.quickride.androidapp.myrides.cache.MyCompletedRidesCachePersistenceHelper : getting all regular passenger rides
11-22 12:23:32.499 7336 7411 I com.disha.quickride.androidapp.usermgmt.cache.UserDataCache: getting of user name
11-22 12:23:32.500 7336 7411 D com.disha.quickride.androidapp.startup.session.SessionManagerController: Session change operation completed successfully
11-22 12:23:32.500 7336 7411 D com.disha.quickride.androidapp.startup.session.SessionResumeAsyncTask: Session resume operation completed
11-22 12:23:32.500 7336 7411 D com.disha.quickride.androidapp.notification.FCMTokenRegistrationHelper: Getting FCM token to update to server for user : 80505598620910
11-22 12:23:32.500 7336 7435 D com.disha.quickride.androidapp.startup.session.SetUserIdIdentifierToFabricAsyncTask : UserId set to Fabric
11-22 12:23:32.501 7336 7411 D com.disha.quickride.androidapp.startup.session.SessionSetupAsyncTask: Session change operation completed successfully
11-22 12:23:32.501 7336 7411 D com.disha.quickride.androidapp.startup.session.SessionManagerController: Stopping WatchdogService
11-22 12:23:32.502 7336 7336 D com.disha.quickride.androidapp.notification.FCMTokenRegistrationHelper: FCM token for userId : 80505598620910 is : dQ8cC-9aAT0:APA91bFVJK3xvWEOrEOZAwjf- LKyot9x32anVxd2k7NMHB_E0KWajpaIFd9FcsiPB1jrDIDaPfR- 19Ui25LFe1BmJlOYHIoHn8105RMXvrTntat1eB-StoL1DFx6t0HaXj114ZGvPiUO
11-22 12:23:32.503 7336 7411 D com.disha.quickride.androidapp.startup.session.SessionManagerController: Cancelling alarm that was set to check watchdog service
11-22 12:23:32.504 7336 7437 D com.disha.quickride.androidapp.notification.FCMTokenRegistrationAsyncTask: Updating client device id to server : dQ8cC-9aAT0:APA91bFVJK3xvWEOrEOZAwjf- LKyot9x32anVxd2k7NMHB_E0KWajpaIFd9FcsiPB1jrDIDaPfR- 19Ui25LFe1BmJlOYHIoHn8105RMXvrTntat1eB-StoL1DFx6t0HaXj114ZGvPiUO
11-22 12:23:32.511 7336 7411 D com.disha.quickride.androidapp.startup.session.SessionSetupAsyncTask: Session change operation took 9278 ms
11-22 12:23:32.527 7336 7437 E com.disha.quickride.androidapp.notification.FCMTokenRegistrationAsyncTask: Error while updating FCM registration token to server; User may not get FCM notifications
11-22 12:23:32.529 7336 7336 D com.disha.quickride.androidapp.util.NetworkStateReceiver: Start listening to network state changes
11-22 12:23:32.532 7336 7336 D com.disha.quickride.androidapp.util.NetworkStateReceiver: Received connection status changed intent Intent { act=android.net.conn.CONNECTIVITY_CHANGE flg=0x4200010 (has extras) }
11-22 12:23:42.880 7336 7350 I disha.quickrid: Waiting for a blocking GC ProfileSaver
11-22 12:23:42.948 7336 7350 I disha.quickrid: WaitForGcToComplete blocked ProfileSaver on HeapTrim for 67.706ms
11-22 12:23:43.342 7336 7434 D com.disha.quickride.androidapp.event.EventModuleSessionManager: Resuming complete user session
11-22 12:23:43.360 7336 7434 D com.disha.quickride.androidapp.event.EventServicePersistenceHelper: Purging old messages with condition : time <= 1574384023342
11-22 12:23:43.362 7336 7434 D com.disha.quickride.androidapp.event.EventServicePersistenceHelper: No of old messages purged : 0
11-22 12:23:43.373 7336 7434 D com.disha.quickride.androidapp.event.EventServicePersistenceHelper: 0 messages read from persistence
11-22 12:23:43.373 7336 7434 D com.disha.quickride.androidapp.event.RideMgmtEventServiceProxy: Initializing unprocessed messages from persistence
11-22 12:23:43.382 7336 7434 D com.disha.quickride.androidapp.event.EventServicePersistenceHelper: 0 unprocessed messages read from persistence
11-22 12:23:43.388 7336 7434 D com.disha.quickride.androidapp.event.EventServicePersistenceHelper: Purging old messages with condition : time <= 1574384023382
11-22 12:23:43.389 7336 7434 D com.disha.quickride.androidapp.event.EventServicePersistenceHelper: No of old messages purged : 0
11-22 12:23:43.398 7336 7434 D com.disha.quickride.androidapp.event.EventServicePersistenceHelper: 0 messages read from persistence
11-22 12:23:43.398 7336 7434 D com.disha.quickride.androidapp.event.LocationUpdateEventServiceProxy: Initializing unprocessed messages from persistence
11-22 12:23:43.408 7336 7434 D com.disha.quickride.androidapp.event.EventServicePersistenceHelper: 0 unprocessed messages read from persistence
11-22 12:23:43.409 7336 7434 D com.disha.quickride.androidapp.usermgmt.UserMessageListener: subscribeToUserMsgUpdates
11-22 12:23:43.410 7336 7434 D com.disha.quickride.androidapp.event.RideMgmtEventServiceProxy: Adding topic name to subscriptions queue :userMsg/80505598620910
11-22 12:23:43.427 7336 7434 D com.disha.quickride.androidapp.event.EventModuleSessionManager: Establishing event service connection
11-22 12:23:43.427 7336 7434 D com.disha.quickride.androidapp.event.RideMgmtEventServiceProxy: Entering dispatchAllMessagesArrivedBeforeSessionWasInitialized
11-22 12:23:43.428 7336 7371 D com.disha.quickride.androidapp.event.InitialMessagesDispatchTask: Dispatching initial messages
11-22 12:23:43.429 7336 7434 D com.disha.quickride.androidapp.event.LocationUpdateEventServiceProxy: Entering dispatchAllMessagesArrivedBeforeSessionWasInitialized
11-22 12:23:43.429 7336 7413 D com.disha.quickride.androidapp.event.InitialMessagesDispatchTask: Dispatching initial messages
11-22 12:23:43.440 7336 7434 I com.disha.quickride.androidapp.ridemgmt.RideManagementMqttProxy: subscribing to topic of existing rides
11-22 12:23:43.440 7336 7434 I com.disha.quickride.androidapp.ridemgmt.RideManagementMqttProxy: subscribing to topic of existing rider rides
11-22 12:23:43.441 7336 7434 D com.disha.quickride.androidapp.groupchat.RideGroupChatMqttListener: Subscribing to collection of rides
11-22 12:23:43.441 7336 7434 I com.disha.quickride.androidapp.ridemgmt.RideManagementMqttProxy: subscribing to topic of existing passenger rides
11-22 12:23:43.441 7336 7434 D com.disha.quickride.androidapp.groupchat.RideGroupChatMqttListener: Subscribing to collection of rides --------- beginning of main
11-22 13:09:58.557 12968 12968 I disha.quickrid: report jit thread pid = 12973
11-22 13:09:58.559 12968 12968 E disha.quickrid: Not starting debugger since process cannot load the jdwp agent.
11-22 13:09:58.633 12968 12968 I disha.quickrid: The ClassLoaderContext is a special shared library.
11-22 13:09:58.698 12968 12968 W disha.quickrid: JIT profile information will not be recorded: profile file does not exits.
11-22 13:09:58.698 12968 12968 I chatty : uid=10108(com.disha.quickride) identical 1 line
11-22 13:09:58.698 12968 12968 W disha.quickrid: JIT profile information will not be recorded: profile file does not exits.
11-22 13:09:58.734 12968 12968 D com.disha.quickride.androidapp.startup.QuickRideApplication: QuickRideApplication is instantiated
11-22 13:09:58.738 12968 12968 I MultiDex: VM with version 2.1.0 has multidex support
11-22 13:09:58.739 12968 12968 I MultiDex: Installing application
11-22 13:09:58.739 12968 12968 I MultiDex: VM has multidex support, MultiDex support library is disabled.
11-22 13:09:58.739 12968 12968 I MultiDex: Installing application
11-22 13:09:58.739 12968 12968 I MultiDex: VM has multidex support, MultiDex support library is disabled.
11-22 13:09:58.893 12968 12968 D FirebaseApp: com.google.firebase.auth.FirebaseAuth is not linked. Skipping initialization.
11-22 13:09:58.895 12968 12968 D FirebaseApp: com.google.firebase.crash.FirebaseCrash is not linked. Skipping initialization.
11-22 13:09:58.895 12968 12968 I FirebaseInitProvider: FirebaseApp initialization successful
11-22 13:09:58.912 12968 12968 I CrashlyticsInitProvider: CrashlyticsInitProvider skipping initialization
11-22 13:09:58.917 12968 12968 E Apxor : App Id is empty or null, couldn't initialize ApxorSDK
11-22 13:09:58.947 12968 12989 I FA : App measurement is starting up, version: 15300
11-22 13:09:58.948 12968 12989 I FA : To enable debug logging run: adb shell setprop log.tag.FA VERBOSE
11-22 13:09:58.958 12968 12989 I FA : To enable faster debug mode event logging run:
11-22 13:09:58.958 12968 12989 I FA : adb shell setprop debug.firebase.analytics.app com.disha.quickride
11-22 13:09:58.989 12968 12993 D NetworkSecurityConfig: No Network Security Config specified, using platform default
11-22 13:09:58.995 12968 12993 I System.out: (HTTPLog)-Static: isSBSettingEnabled false
11-22 13:09:58.996 12968 12993 I System.out: (HTTPLog)-Static: isSBSettingEnabled false
11-22 13:09:59.014 12968 12993 D NetworkManagementSocketTagger: tagSocket(52) with statsTag=0xffffffff, statsUid=-1
11-22 13:09:59.073 12968 12968 D com.disha.quickride.androidapp.startup.QuickRideApplication: QuickRideApplication is created
