11-23 03:55:13.970 10680 10780 I System.out: (HTTPLog)-Static: isSBSettingEnabled false
11-23 03:55:13.971 10680 10780 D NetworkManagementSocketTagger: tagSocket(54) with statsTag=0xffffffff, statsUid=-1
11-23 03:55:14.150 10680 10781 D com.disha.quickride.androidapp.common.AndroidRestClient.AndroidClientLogger: RestClient.callService response code : 401
11-23 03:55:14.152 10680 10781 D com.disha.quickride.androidapp.common.AndroidRestClient.AndroidClientLogger: RestResponse.handleServiceErrorResponse {"result":"FAILURE","resultData": {"errorCode":11103,"httpStatusCode":401,"developerMsg":"Unauthorized access; Jwt token has expired","userMsg":"Secure session has expired","hintForCorrection":"Re- login and retry"}}
11-23 03:55:14.167 10680 10781 E com.disha.quickride.androidapp.common.AndroidRestClient.AndroidClientLogger: RestResponse.processResponseErrorToProperException Error obj there [errorCode: 11103 ][httpStatusCode: 401 ][developerMsg: Unauthorized access; Jwt token has expired ][userMsg: Secure session has expired ][hintForCorrection: Re-login and retry ]
11-23 03:55:14.168 10680 10781 E com.disha.quickride.androidapp.common.AndroidRestClient.AndroidClientLogger: handleServiceErrorResponse : Failed to process response error com.disha.quickride.rest.client.RestClientException: [errorCode: 11103 ] [httpStatusCode: 401 ][developerMsg: Unauthorized access; Jwt token has expired ] [userMsg: Secure session has expired ][hintForCorrection: Re-login and retry ]
11-23 03:55:14.169 10680 10781 D com.disha.quickride.androidapp.common.AndroidRestClient.AndroidClientLogger: RestClient.callService with httpRequestMethod = GET
11-23 03:55:14.170 10680 10781 I System.out: (HTTPLog)-Static: isSBSettingEnabled false
11-23 03:55:14.170 10680 10781 I System.out: (HTTPLog)-Static: isSBSettingEnabled false
11-23 03:55:14.171 10680 10781 D NetworkManagementSocketTagger: tagSocket(76) with statsTag=0xffffffff, statsUid=-1
11-23 03:55:14.200 10680 10780 D com.disha.quickride.androidapp.common.AndroidRestClient.AndroidClientLogger: RestClient.callService response code : 200
11-23 03:55:14.206 10680 10780 D com.disha.quickride.androidapp.common.AndroidRestClient.AndroidClientLogger: RestClient.callService with httpRequestMethod = GET
11-23 03:55:14.209 10680 10780 I System.out: (HTTPLog)-Static: isSBSettingEnabled false
11-23 03:55:14.210 10680 10780 I System.out: (HTTPLog)-Static: isSBSettingEnabled false
11-23 03:55:14.215 10680 10780 D NetworkManagementSocketTagger: tagSocket(81) with statsTag=0xffffffff, statsUid=-1
11-23 03:55:14.222 10680 10754 I System.out: (HTTPLog)-Static: isSBSettingEnabled false
11-23 03:55:14.222 10680 10754 I System.out: (HTTPLog)-Static: isSBSettingEnabled false
11-23 03:55:14.231 10680 10754 D NetworkManagementSocketTagger: tagSocket(85) with statsTag=0xffffffff, statsUid=-1
11-23 03:55:14.343 10680 10759 D com.disha.quickride.androidapp.startup.session.SessionManager: Performing session change operation on com.disha.quickride.androidapp.event.EventModuleSessionManager@d93fc37
11-23 03:55:14.346 10680 10759 D com.disha.quickride.androidapp.startup.session.SessionManager: Performing session change operation on com.disha.quickride.androidapp.ridemgmt.RideMgmtModuleSessionHandler@4742810
11-23 03:55:14.346 10680 10759 I com.disha.quickride.androidapp.ridemgmt.RideMgmtModuleSessionHandler: resumeBasicUserSession
11-23 03:55:14.373 10680 10787 D OpenGLRenderer: Skia GL Pipeline
11-23 03:55:14.384 10680 10759 I com.disha.quickride.androidapp.myrides.cache.MyActiveRidesCache: getting active rides of user after the current time
11-23 03:55:14.384 10680 10789 D com.disha.quickride.androidapp.common.AndroidRestClient.AndroidClientLogger: RestClient.callService with httpRequestMethod = GET
11-23 03:55:14.385 10680 10759 D com.disha.quickride.androidapp.myrides.cache.MyClosedRidesCache: Loading closed rides from local database
11-23 03:55:14.386 10680 10789 I System.out: (HTTPLog)-Static: isSBSettingEnabled false
11-23 03:55:14.386 10680 10789 I System.out: (HTTPLog)-Static: isSBSettingEnabled false
11-23 03:55:14.387 10680 10789 D NetworkManagementSocketTagger: tagSocket(101) with statsTag=0xffffffff, statsUid=-1
11-23 03:55:14.387 10680 10759 D com.disha.quickride.androidapp.myrides.cache.MyCompletedRidesCachePersistenceHelper : getting all rider rides from databse
11-23 03:55:14.390 10680 10759 D com.disha.quickride.androidapp.myrides.cache.MyCompletedRidesCachePersistenceHelper : getting all passenger rides
11-23 03:55:14.392 10680 10759 D com.disha.quickride.androidapp.myrides.cache.MyCompletedRidesCachePersistenceHelper : getting all regular passenger rides
11-23 03:55:14.395 10680 10759 D com.disha.quickride.androidapp.myrides.cache.MyCompletedRidesCachePersistenceHelper : getting all regular passenger rides
11-23 03:55:14.405 10680 10759 I com.disha.quickride.androidapp.usermgmt.cache.UserDataCache: getting of user name
11-23 03:55:14.406 10680 10759 D com.disha.quickride.androidapp.startup.session.SessionManagerController: Session change operation completed successfully
11-23 03:55:14.406 10680 10781 D com.disha.quickride.androidapp.common.AndroidRestClient.AndroidClientLogger: RestClient.callService response code : 200
11-23 03:55:14.406 10680 10759 D com.disha.quickride.androidapp.startup.session.SessionResumeAsyncTask: Session resume operation completed
11-23 03:55:14.406 10680 10759 D com.disha.quickride.androidapp.notification.FCMTokenRegistrationHelper: Getting FCM token to update to server for user : 80505598620910
11-23 03:55:14.406 10680 10791 D com.disha.quickride.androidapp.startup.session.SetUserIdIdentifierToFabricAsyncTask : UserId set to Fabric
11-23 03:55:14.407 10680 10759 D com.disha.quickride.androidapp.startup.session.SessionSetupAsyncTask: Session change operation completed successfully
11-23 03:55:14.407 10680 10759 D com.disha.quickride.androidapp.notification.QuickRideGCMIntentService: Processing all GCM messages arrived before session was initialized
11-23 03:55:14.407 10680 10759 D com.disha.quickride.androidapp.notification.QuickRideGCMIntentService: Processing new GCM Message : Bundle[{channel_id=RideInvites, EXPIRY_TIME=1574466324314, Priority=2, GroupValue=80505602785853, android_channel_id=RideInvites, MsgClassName=java.lang.String, Id=0, Time=1574455524439, Type=NOT_TYPE_UPDATE_USER_APP_RETAINED_TIME, Group=silentNotification, Is_Ack_Required=true, IsActionTaken=false, sendFrom=0, Unique_Id=1513918625885, IS_USER_NOTIFICATION=true, IsActionRequired=false}]
11-23 03:55:14.409 10680 10680 D com.disha.quickride.androidapp.notification.FCMTokenRegistrationHelper: FCM token for userId : 80505598620910 is : dQ8cC-9aAT0:APA91bFVJK3xvWEOrEOZAwjf- LKyot9x32anVxd2k7NMHB_E0KWajpaIFd9FcsiPB1jrDIDaPfR- 19Ui25LFe1BmJlOYHIoHn8105RMXvrTntat1eB-StoL1DFx6t0HaXj114ZGvPiUO
11-23 03:55:14.409 10680 10781 D com.disha.quickride.androidapp.common.AndroidRestClient.AndroidClientLogger: RestClient.callService with httpRequestMethod = GET
11-23 03:55:14.411 10680 10781 I System.out: (HTTPLog)-Static: isSBSettingEnabled false
11-23 03:55:14.411 10680 10781 I System.out: (HTTPLog)-Static: isSBSettingEnabled false
11-23 03:55:14.411 10680 10793 D com.disha.quickride.androidapp.notification.FCMTokenRegistrationAsyncTask: Updating client device id to server : dQ8cC-9aAT0:APA91bFVJK3xvWEOrEOZAwjf- LKyot9x32anVxd2k7NMHB_E0KWajpaIFd9FcsiPB1jrDIDaPfR- 19Ui25LFe1BmJlOYHIoHn8105RMXvrTntat1eB-StoL1DFx6t0HaXj114ZGvPiUO
11-23 03:55:14.412 10680 10781 D NetworkManagementSocketTagger: tagSocket(88) with statsTag=0xffffffff, statsUid=-1
11-23 03:55:14.412 10680 10759 D com.disha.quickride.androidapp.notification.NotificationHandler: Handling of new user notifications
11-23 03:55:14.415 10680 10759 D com.disha.quickride.androidapp.startup.session.SessionManagerController: Stopping WatchdogService
11-23 03:55:14.417 10680 10759 D com.disha.quickride.androidapp.startup.session.SessionManagerController: Cancelling alarm that was set to check watchdog service
11-23 03:55:14.421 10680 10759 D com.disha.quickride.androidapp.startup.session.SessionSetupAsyncTask: Session change operation took 1441 ms
11-23 03:55:14.423 10680 10715 D com.disha.quickride.androidapp.common.AndroidRestClient.AndroidClientLogger: RestClient.callService with httpRequestMethod = PUT
11-23 03:55:14.424 10680 10715 I System.out: (HTTPLog)-Static: isSBSettingEnabled false
11-23 03:55:14.424 10680 10715 I System.out: (HTTPLog)-Static: isSBSettingEnabled false
11-23 03:55:14.425 10680 10793 D com.disha.quickride.androidapp.common.AndroidRestClient.AndroidClientLogger: RestClient.callService with httpRequestMethod = PUT
11-23 03:55:14.425 10680 10715 D NetworkManagementSocketTagger: tagSocket(89) with statsTag=0xffffffff, statsUid=-1
11-23 03:55:14.428 10680 10793 I System.out: (HTTPLog)-Static: isSBSettingEnabled false
11-23 03:55:14.428 10680 10793 I System.out: (HTTPLog)-Static: isSBSettingEnabled false
11-23 03:55:14.430 10680 10793 D NetworkManagementSocketTagger: tagSocket(93) with statsTag=0xffffffff, statsUid=-1
11-23 03:55:14.433 10680 10780 D com.disha.quickride.androidapp.common.AndroidRestClient.AndroidClientLogger: RestClient.callService response code : 200
11-23 03:55:14.642 10680 10781 D com.disha.quickride.androidapp.common.AndroidRestClient.AndroidClientLogger: RestClient.callService response code : 200
11-23 03:55:14.643 10680 10789 D com.disha.quickride.androidapp.common.AndroidRestClient.AndroidClientLogger: RestClient.callService response code : 200
11-23 03:55:14.685 10680 10793 D com.disha.quickride.androidapp.common.AndroidRestClient.AndroidClientLogger: RestClient.callService response code : 200
11-23 03:55:14.689 10680 10715 D com.disha.quickride.androidapp.common.AndroidRestClient.AndroidClientLogger: RestClient.callService response code : 200
11-23 03:55:15.104 10680 10754 I System.out: (HTTPLog)-Static: isSBSettingEnabled false
11-23 03:55:15.104 10680 10754 I System.out: (HTTPLog)-Static: isSBSettingEnabled false
11-23 03:55:21.880 10680 10694 I disha.quickrid: Waiting for a blocking GC ProfileSaver
11-23 03:55:21.923 10680 10694 I disha.quickrid: WaitForGcToComplete blocked ProfileSaver on AddRemoveAppImageSpace for 42.703ms
11-23 03:55:21.939 10680 10790 D com.disha.quickride.androidapp.event.EventModuleSessionManager: Resuming complete user session
11-23 03:55:21.948 10680 10790 D com.disha.quickride.androidapp.event.EventServicePersistenceHelper: Purging old messages with condition : time <= 1574439921939
11-23 03:55:21.949 10680 10790 D com.disha.quickride.androidapp.event.EventServicePersistenceHelper: No of old messages purged : 0
11-23 03:55:21.957 10680 10790 D com.disha.quickride.androidapp.event.EventServicePersistenceHelper: 0 messages read from persistence
11-23 03:55:21.957 10680 10790 D com.disha.quickride.androidapp.event.RideMgmtEventServiceProxy: Initializing unprocessed messages from persistence
11-23 03:55:21.966 10680 10790 D com.disha.quickride.androidapp.event.EventServicePersistenceHelper: 0 unprocessed messages read from persistence
11-23 03:55:21.971 10680 10790 D com.disha.quickride.androidapp.event.EventServicePersistenceHelper: Purging old messages with condition : time <= 1574439921966
11-23 03:55:21.972 10680 10790 D com.disha.quickride.androidapp.event.EventServicePersistenceHelper: No of old messages purged : 0
11-23 03:55:21.980 10680 10790 D com.disha.quickride.androidapp.event.EventServicePersistenceHelper: 0 messages read from persistence
11-23 03:55:21.980 10680 10790 D com.disha.quickride.androidapp.event.LocationUpdateEventServiceProxy: Initializing unprocessed messages from persistence
11-23 03:55:21.987 10680 10790 D com.disha.quickride.androidapp.event.EventServicePersistenceHelper: 0 unprocessed messages read from persistence
11-23 03:55:21.988 10680 10790 D com.disha.quickride.androidapp.usermgmt.UserMessageListener: subscribeToUserMsgUpdates
11-23 03:55:21.989 10680 10790 D com.disha.quickride.androidapp.event.RideMgmtEventServiceProxy: Adding topic name to subscriptions queue :userMsg/80505598620910
11-23 03:55:22.007 10680 10790 D com.disha.quickride.androidapp.event.EventModuleSessionManager: Establishing event service connection
11-23 03:55:22.007 10680 10790 D com.disha.quickride.androidapp.event.RideMgmtEventServiceProxy: Entering dispatchAllMessagesArrivedBeforeSessionWasInitialized
11-23 03:55:22.009 10680 10762 D com.disha.quickride.androidapp.event.InitialMessagesDispatchTask: Dispatching initial messages
11-23 03:55:22.009 10680 10790 D com.disha.quickride.androidapp.event.LocationUpdateEventServiceProxy: Entering dispatchAllMessagesArrivedBeforeSessionWasInitialized
11-23 03:55:22.010 10680 10788 D com.disha.quickride.androidapp.event.InitialMessagesDispatchTask: Dispatching initial messages
11-23 03:55:35.096 10680 10790 I com.disha.quickride.androidapp.ridemgmt.RideManagementMqttProxy: subscribing to topic of existing rides
11-23 03:55:35.096 10680 10790 I com.disha.quickride.androidapp.ridemgmt.RideManagementMqttProxy: subscribing to topic of existing rider rides
11-23 03:55:35.097 10680 10790 D com.disha.quickride.androidapp.groupchat.RideGroupChatMqttListener: Subscribing to collection of rides
11-23 03:55:35.097 10680 10790 I com.disha.quickride.androidapp.ridemgmt.RideManagementMqttProxy: subscribing to topic of existing passenger rides
11-23 03:55:35.097 10680 10790 D com.disha.quickride.androidapp.groupchat.RideGroupChatMqttListener: Subscribing to collection of rides
11-23 03:55:35.111 10680 10791 D com.disha.quickride.androidapp.common.AndroidRestClient.AndroidClientLogger: RestClient.callService with httpRequestMethod = GET
11-23 03:55:35.114 10680 10791 I System.out: (HTTPLog)-Static: isSBSettingEnabled false
11-23 03:55:35.115 10680 10791 I System.out: (HTTPLog)-Static: isSBSettingEnabled false
11-23 03:55:35.121 10680 10791 D NetworkManagementSocketTagger: tagSocket(51) with statsTag=0xffffffff, statsUid=-1
11-23 03:55:35.528 10680 10791 D com.disha.quickride.androidapp.common.AndroidRestClient.AndroidClientLogger: RestClient.callService response code : 200
11-23 03:57:01.488 10680 10711 I System.out: (HTTPLog)-Static: isSBSettingEnabled false
11-23 03:57:01.488 10680 10711 I System.out: (HTTPLog)-Static: isSBSettingEnabled false
11-23 03:57:01.492 10680 10711 D NetworkManagementSocketTagger: tagSocket(68) with statsTag=0xffffffff, statsUid=-1
Cyber Physical Systems Design Modeling and Evaluation 7th International Workshop Cyphy 2017 Seoul South Korea October 1520 2017 Revised Selected Papers 1st Ed Roger Chamberlain Download