11-23 02:56:29.524 9616 9680 E Apxor : at com.android.internal.os.ClassLoaderFactory.createClassLoader(ClassLoaderFactory.jav a:73)
11-23 02:56:29.524 9616 9680 E Apxor : at com.android.internal.os.ClassLoaderFactory.createClassLoader(ClassLoaderFactory.jav a:88)
11-23 02:56:29.524 9616 9680 E Apxor : at android.app.ApplicationLoaders.getClassLoader(ApplicationLoaders.java:74)
11-23 02:56:29.524 9616 9680 E Apxor : at android.app.ApplicationLoaders.getClassLoader(ApplicationLoaders.java:40)
11-23 02:56:29.524 9616 9680 E Apxor : at android.app.LoadedApk.createOrUpdateClassLoaderLocked(LoadedApk.java:766)
11-23 02:56:29.524 9616 9680 E Apxor : at android.app.LoadedApk.getClassLoader(LoadedApk.java:849)
11-23 02:56:29.524 9616 9680 E Apxor : at android.app.LoadedApk.getResources(LoadedApk.java:1090)
11-23 02:56:29.524 9616 9680 E Apxor : at android.app.ContextImpl.createAppContext(ContextImpl.java:2563)
11-23 02:56:29.524 9616 9680 E Apxor : at android.app.ActivityThread.handleBindApplication(ActivityThread.java:6128)
11-23 02:56:29.524 9616 9680 E Apxor : at android.app.ActivityThread.access$1200(ActivityThread.java:237)
11-23 02:56:29.524 9616 9680 E Apxor : at android.app.ActivityThread$H.handleMessage(ActivityThread.java:1792)
11-23 02:56:29.524 9616 9680 E Apxor : at android.os.Handler.dispatchMessage(Handler.java:106)
11-23 02:56:29.524 9616 9680 E Apxor : at android.os.Looper.loop(Looper.java:214)
11-23 02:56:29.525 9616 9680 E Apxor : at android.app.ActivityThread.main(ActivityThread.java:7078)
11-23 02:56:29.525 9616 9680 E Apxor : at java.lang.reflect.Method.invoke(Native Method)
11-23 02:56:29.525 9616 9680 E Apxor : at com.android.internal.os.RuntimeInit$MethodAndArgsCaller.run(RuntimeInit.java:494)
11-23 02:56:29.525 9616 9680 E Apxor : at com.android.internal.os.ZygoteInit.main(ZygoteInit.java:964)
11-23 02:56:29.560 9616 9647 W AnalyticsUserIDStore: initStore should have been called before calling setUserID
11-23 02:56:29.586 9616 9640 I disha.quickrid: The ClassLoaderContext is a special shared library.
11-23 02:56:29.595 9616 9647 I System.out: (HTTPLog)-Static: isSBSettingEnabled false
11-23 02:56:29.595 9616 9647 I System.out: (HTTPLog)-Static: isSBSettingEnabled false
11-23 02:56:29.596 9616 9647 D NetworkManagementSocketTagger: tagSocket(81) with statsTag=0xffffffff, statsUid=-1
11-23 02:56:29.602 9616 9640 I disha.quickrid: The ClassLoaderContext is a special shared library.
11-23 02:56:29.614 9616 9710 I System.out: (HTTPLog)-Static: isSBSettingEnabled false
11-23 02:56:29.615 9616 9710 I System.out: (HTTPLog)-Static: isSBSettingEnabled false
11-23 02:56:29.629 9616 9710 D NetworkManagementSocketTagger: tagSocket(84) with statsTag=0xffffffff, statsUid=-1
11-23 02:56:29.644 9616 9712 I System.out: (HTTPLog)-Static: isSBSettingEnabled false
11-23 02:56:29.644 9616 9712 I System.out: (HTTPLog)-Static: isSBSettingEnabled false
11-23 02:56:29.646 9616 9712 D NetworkManagementSocketTagger: tagSocket(80) with statsTag=0xffffffff, statsUid=-1
11-23 02:56:29.658 9616 9713 I System.out: (HTTPLog)-Static: isSBSettingEnabled false
11-23 02:56:29.658 9616 9713 I System.out: (HTTPLog)-Static: isSBSettingEnabled false
11-23 02:56:29.660 9616 9713 D NetworkManagementSocketTagger: tagSocket(87) with statsTag=0xffffffff, statsUid=-1
11-23 02:56:29.704 9616 9640 V NativeCrypto: Registering com/google/android/gms/org/conscrypt/NativeCrypto's 286 native methods...
11-23 02:56:29.707 9616 9697 D com.disha.quickride.androidapp.common.AndroidRestClient.AndroidClientLogger: RestClient.callService response code : 200
11-23 02:56:29.719 9616 9641 E GraphResponse: {HttpStatus: 400, errorCode: 43003, subErrorCode: -1, errorType: OAuthException, errorMessage: (#43003) App button auto detection is disabled}
11-23 02:56:29.743 9616 9640 I ProviderInstaller: Installed default security provider GmsCore_OpenSSL
11-23 02:56:29.744 9616 9616 D com.disha.quickride.androidapp.startup.QuickRideApplication: ProviderInstaller.installIfNeededAsync onProviderInstalled
11-23 02:56:29.889 9616 9680 I ApxorSDK: ApxorSDK(v253) successfully initialized for: d25af8de489a0ca420f9540aed14013a
11-23 02:56:29.891 9616 9710 D b : getData: response code:200
11-23 02:56:29.892 9616 9710 D b : POST: https://pn.netcoresmartech.com/pn_register -> {"appid":"d25af8de489a0ca420f9540aed14013a","pushid":"b67d683d-ca40-41d4-b0d3- 363137f7f471","identity":"80505598620910","adid":"","ostype":"Android","make":"sams ung","model":"SM-A730F","osversion":"9","appname":"Quick Ride","appversion":"8.91","sdkversion":"2.0.3","cts":191123025629,"lat":null,"lng": null,"oldToken":"dQ8cC-9aAT0:APA91bEP89A05qERbIVDgKiriDOI2e_hCJEG- rYA0UoNOg0XqPJ_YAj6JfhGBcvQpSnOb6i9HPrFMY5W84XSFEEBSRd6DszC4LRic5r_KsDOvEA54Kn7cEt4 oumH_th8gNcJZkq4Hs8d","sessionid":"1574457989053","tx":"1574457989099","eventid":"2 5","token":"dQ8cC-9aAT0:APA91bFVJK3xvWEOrEOZAwjf- LKyot9x32anVxd2k7NMHB_E0KWajpaIFd9FcsiPB1jrDIDaPfR- 19Ui25LFe1BmJlOYHIoHn8105RMXvrTntat1eB-StoL1DFx6t0HaXj114ZGvPiUO"} --- 200 OK {'status':'success','panelStatus':'1','pipe_name':'PR1_PN_REG'}
11-23 02:56:29.893 9616 9712 D b : getData: response code:200
11-23 02:56:29.894 9616 9712 D b : POST: https://pn.netcoresmartech.com/pn_register -> {"appid":"d25af8de489a0ca420f9540aed14013a","pushid":"b67d683d-ca40-41d4-b0d3- 363137f7f471","identity":"80505598620910","adid":"","ostype":"Android","make":"sams ung","model":"SM-A730F","osversion":"9","appname":"Quick Ride","appversion":"8.91","sdkversion":"2.0.3","cts":191123025629,"lat":null,"lng": null,"oldToken":"dQ8cC-9aAT0:APA91bEP89A05qERbIVDgKiriDOI2e_hCJEG- rYA0UoNOg0XqPJ_YAj6JfhGBcvQpSnOb6i9HPrFMY5W84XSFEEBSRd6DszC4LRic5r_KsDOvEA54Kn7cEt4 oumH_th8gNcJZkq4Hs8d","sessionid":"1574457989053","tx":"1574457989142","eventid":"2 5","token":"dQ8cC-9aAT0:APA91bFVJK3xvWEOrEOZAwjf- LKyot9x32anVxd2k7NMHB_E0KWajpaIFd9FcsiPB1jrDIDaPfR- 19Ui25LFe1BmJlOYHIoHn8105RMXvrTntat1eB-StoL1DFx6t0HaXj114ZGvPiUO"} --- 200 OK {'status':'success','panelStatus':'1','pipe_name':'PR1_PN_REG'}
11-23 02:56:29.896 9616 9649 I WM-WorkerWrapper: Worker result SUCCESS for Work [ id=0790cc1a-6bbd-4f77-a914-bd5f1ecef0f9, tags={ in.netcore.smartechfcm.workmanager.SlaveNetworkWorker } ]
11-23 02:56:29.910 9616 9649 I WM-WorkerWrapper: Worker result SUCCESS for Work [ id=a44db136-0bee-4819-b640-83d60d87d687, tags={ in.netcore.smartechfcm.workmanager.SlaveNetworkWorker } ]
11-23 02:56:29.914 9616 9713 D b : getData: response code:200
11-23 02:56:29.914 9616 9713 D b : POST: https://pn.netcoresmartech.com/app_activity -> {"appid":"d25af8de489a0ca420f9540aed14013a","pushid":"b67d683d-ca40-41d4-b0d3- 363137f7f471","identity":"80505598620910","adid":"","ostype":"Android","make":"sams ung","model":"SM-A730F","osversion":"9","appname":"Quick Ride","appversion":"8.91","sdkversion":"2.0.3","cts":191123025629,"lat":null,"lng": null,"sessionid":"1574457989053","tx":"1574457989146","eventid":"21"} --- 200 OK {'status':'success'}
11-23 02:56:29.930 9616 9649 I WM-WorkerWrapper: Worker result SUCCESS for Work [ id=d2345bcc-9e0c-476e-8fcd-0104b17798f9, tags={ in.netcore.smartechfcm.workmanager.SlaveNetworkWorker } ]
11-23 02:56:29.977 9616 9716 D com.disha.quickride.androidapp.common.AndroidRestClient.AndroidClientLogger: RestClient.callService with httpRequestMethod = GET
11-23 02:56:29.979 9616 9716 I System.out: (HTTPLog)-Static: isSBSettingEnabled false
11-23 02:56:29.979 9616 9716 I System.out: (HTTPLog)-Static: isSBSettingEnabled false
11-23 02:56:29.980 9616 9716 D NetworkManagementSocketTagger: tagSocket(63) with statsTag=0xffffffff, statsUid=-1
11-23 02:56:30.172 9616 9718 D com.disha.quickride.androidapp.conversation.ConversationChatRestServiceClient: getPendingChatMessages80505598620910
11-23 02:56:30.183 9616 9718 D com.disha.quickride.androidapp.common.AndroidRestClient.AndroidClientLogger: RestClient.callService with httpRequestMethod = GET
11-23 02:56:30.185 9616 9718 I System.out: (HTTPLog)-Static: isSBSettingEnabled false
11-23 02:56:30.185 9616 9718 I System.out: (HTTPLog)-Static: isSBSettingEnabled false
11-23 02:56:30.185 9616 9718 D NetworkManagementSocketTagger: tagSocket(74) with statsTag=0xffffffff, statsUid=-1
11-23 02:56:30.199 9616 9716 D com.disha.quickride.androidapp.common.AndroidRestClient.AndroidClientLogger: RestClient.callService response code : 200
11-23 02:56:30.443 9616 9690 I System.out: (HTTPLog)-Static: isSBSettingEnabled false
11-23 02:56:30.443 9616 9690 I System.out: (HTTPLog)-Static: isSBSettingEnabled false
11-23 02:56:30.452 9616 9690 D NetworkManagementSocketTagger: tagSocket(55) with statsTag=0xffffffff, statsUid=-1
11-23 02:56:30.483 9616 9718 D com.disha.quickride.androidapp.common.AndroidRestClient.AndroidClientLogger: RestClient.callService response code : 200
11-23 02:56:30.638 9616 9695 D com.disha.quickride.androidapp.startup.session.SessionManager: Performing session change operation on com.disha.quickride.androidapp.event.EventModuleSessionManager@dd79276
11-23 02:56:30.640 9616 9695 D com.disha.quickride.androidapp.startup.session.SessionManager: Performing session change operation on com.disha.quickride.androidapp.ridemgmt.RideMgmtModuleSessionHandler@a0e24e4
11-23 02:56:30.640 9616 9695 I com.disha.quickride.androidapp.ridemgmt.RideMgmtModuleSessionHandler: resumeBasicUserSession
11-23 02:56:30.663 9616 9723 D OpenGLRenderer: Skia GL Pipeline
11-23 02:56:30.697 9616 9695 I com.disha.quickride.androidapp.myrides.cache.MyActiveRidesCache: getting active rides of user after the current time
11-23 02:56:30.698 9616 9695 D com.disha.quickride.androidapp.myrides.cache.MyClosedRidesCache: Loading closed rides from local database
11-23 02:56:30.702 9616 9725 D com.disha.quickride.androidapp.common.AndroidRestClient.AndroidClientLogger: RestClient.callService with httpRequestMethod = GET
11-23 02:56:30.702 9616 9695 D com.disha.quickride.androidapp.myrides.cache.MyCompletedRidesCachePersistenceHelper : getting all rider rides from databse
11-23 02:56:30.704 9616 9725 I System.out: (HTTPLog)-Static: isSBSettingEnabled false
11-23 02:56:30.704 9616 9725 I System.out: (HTTPLog)-Static: isSBSettingEnabled false
11-23 02:56:30.705 9616 9725 D NetworkManagementSocketTagger: tagSocket(84) with statsTag=0xffffffff, statsUid=-1
11-23 02:56:30.705 9616 9695 D com.disha.quickride.androidapp.myrides.cache.MyCompletedRidesCachePersistenceHelper : getting all passenger rides
11-23 02:56:30.711 9616 9695 D com.disha.quickride.androidapp.myrides.cache.MyCompletedRidesCachePersistenceHelper : getting all regular passenger rides
11-23 02:56:30.714 9616 9695 D com.disha.quickride.androidapp.myrides.cache.MyCompletedRidesCachePersistenceHelper : getting all regular passenger rides
11-23 02:56:30.726 9616 9695 I com.disha.quickride.androidapp.usermgmt.cache.UserDataCache: getting of user name
11-23 02:56:30.726 9616 9695 D com.disha.quickride.androidapp.startup.session.SessionManagerController: Session change operation completed successfully
11-23 02:56:30.726 9616 9695 D com.disha.quickride.androidapp.startup.session.SessionResumeAsyncTask: Session resume operation completed
11-23 02:56:30.727 9616 9695 D com.disha.quickride.androidapp.notification.FCMTokenRegistrationHelper: Getting FCM token to update to server for user : 80505598620910
11-23 02:56:30.727 9616 9727 D com.disha.quickride.androidapp.startup.session.SetUserIdIdentifierToFabricAsyncTask : UserId set to Fabric
11-23 02:56:30.728 9616 9695 D com.disha.quickride.androidapp.startup.session.SessionSetupAsyncTask: Session change operation completed successfully
11-23 02:56:30.728 9616 9695 D com.disha.quickride.androidapp.notification.QuickRideGCMIntentService: Processing all GCM messages arrived before session was initialized
11-23 02:56:30.728 9616 9695 D com.disha.quickride.androidapp.notification.QuickRideGCMIntentService: Processing new GCM Message : Bundle[{channel_id=RideInvites, EXPIRY_TIME=1574466176062, Priority=2, GroupValue=80505598620910, android_channel_id=RideInvites, MsgClassName=java.lang.String, Id=0, Time=1574455376081, Type=NOT_TYPE_UPDATE_USER_APP_RETAINED_TIME, Group=silentNotification, Is_Ack_Required=true, IsActionTaken=false, sendFrom=0, Unique_Id=1513918350068, IS_USER_NOTIFICATION=true, IsActionRequired=false}]
11-23 02:56:30.729 9616 9616 D com.disha.quickride.androidapp.notification.FCMTokenRegistrationHelper: FCM token for userId : 80505598620910 is : dQ8cC-9aAT0:APA91bFVJK3xvWEOrEOZAwjf- LKyot9x32anVxd2k7NMHB_E0KWajpaIFd9FcsiPB1jrDIDaPfR- 19Ui25LFe1BmJlOYHIoHn8105RMXvrTntat1eB-StoL1DFx6t0HaXj114ZGvPiUO
11-23 02:56:30.732 9616 9729 D com.disha.quickride.androidapp.notification.FCMTokenRegistrationAsyncTask: Updating client device id to server : dQ8cC-9aAT0:APA91bFVJK3xvWEOrEOZAwjf- LKyot9x32anVxd2k7NMHB_E0KWajpaIFd9FcsiPB1jrDIDaPfR- 19Ui25LFe1BmJlOYHIoHn8105RMXvrTntat1eB-StoL1DFx6t0HaXj114ZGvPiUO
11-23 02:56:30.736 9616 9695 D com.disha.quickride.androidapp.notification.NotificationHandler: Handling of new user notifications
11-23 02:56:30.739 9616 9695 D com.disha.quickride.androidapp.startup.session.SessionManagerController: Stopping WatchdogService
11-23 02:56:30.741 9616 9695 D com.disha.quickride.androidapp.startup.session.SessionManagerController: Cancelling alarm that was set to check watchdog service
11-23 02:56:30.744 9616 9651 D com.disha.quickride.androidapp.common.AndroidRestClient.AndroidClientLogger: RestClient.callService with httpRequestMethod = PUT
11-23 02:56:30.746 9616 9729 D com.disha.quickride.androidapp.common.AndroidRestClient.AndroidClientLogger: RestClient.callService with httpRequestMethod = PUT
11-23 02:56:30.746 9616 9651 I System.out: (HTTPLog)-Static: isSBSettingEnabled false
11-23 02:56:30.746 9616 9651 I System.out: (HTTPLog)-Static: isSBSettingEnabled false
11-23 02:56:30.748 9616 9729 I System.out: (HTTPLog)-Static: isSBSettingEnabled false
11-23 02:56:30.748 9616 9651 D NetworkManagementSocketTagger: tagSocket(78) with statsTag=0xffffffff, statsUid=-1
11-23 02:56:30.748 9616 9729 I System.out: (HTTPLog)-Static: isSBSettingEnabled false
11-23 02:56:30.749 9616 9729 D NetworkManagementSocketTagger: tagSocket(89) with statsTag=0xffffffff, statsUid=-1
11-23 02:56:30.749 9616 9695 D com.disha.quickride.androidapp.startup.session.SessionSetupAsyncTask: Session change operation took 1509 ms
11-23 02:56:30.968 9616 9725 D com.disha.quickride.androidapp.common.AndroidRestClient.AndroidClientLogger: RestClient.callService response code : 200
11-23 02:56:30.985 9616 9729 D com.disha.quickride.androidapp.common.AndroidRestClient.AndroidClientLogger: RestClient.callService response code : 200
11-23 02:56:30.991 9616 9651 D com.disha.quickride.androidapp.common.AndroidRestClient.AndroidClientLogger: RestClient.callService response code : 200
11-23 02:56:31.318 9616 9690 I System.out: (HTTPLog)-Static: isSBSettingEnabled false
11-23 02:56:31.318 9616 9690 I System.out: (HTTPLog)-Static: isSBSettingEnabled false
11-23 02:56:33.696 9616 9630 I disha.quickrid: Waiting for a blocking GC ProfileSaver
11-23 02:56:33.765 9616 9630 I disha.quickrid: WaitForGcToComplete blocked ProfileSaver on HeapTrim for 69.483ms
11-23 02:56:34.021 9616 9726 D com.disha.quickride.androidapp.event.EventModuleSessionManager: Resuming complete user session
11-23 02:56:34.041 9616 9726 D com.disha.quickride.androidapp.event.EventServicePersistenceHelper: Purging old messages with condition : time <= 1574436394021
11-23 02:56:34.043 9616 9726 D com.disha.quickride.androidapp.event.EventServicePersistenceHelper: No of old messages purged : 0
11-23 02:56:34.061 9616 9726 D com.disha.quickride.androidapp.event.EventServicePersistenceHelper: 0 messages read from persistence
11-23 02:56:34.061 9616 9726 D com.disha.quickride.androidapp.event.RideMgmtEventServiceProxy: Initializing unprocessed messages from persistence
11-23 02:56:34.070 9616 9726 D com.disha.quickride.androidapp.event.EventServicePersistenceHelper: 0 unprocessed messages read from persistence
11-23 02:56:34.076 9616 9726 D com.disha.quickride.androidapp.event.EventServicePersistenceHelper: Purging old messages with condition : time <= 1574436394070
11-23 02:56:34.077 9616 9726 D com.disha.quickride.androidapp.event.EventServicePersistenceHelper: No of old messages purged : 0
11-23 02:56:34.085 9616 9726 D com.disha.quickride.androidapp.event.EventServicePersistenceHelper: 0 messages read from persistence
11-23 02:56:34.085 9616 9726 D com.disha.quickride.androidapp.event.LocationUpdateEventServiceProxy: Initializing unprocessed messages from persistence
11-23 02:56:34.092 9616 9726 D com.disha.quickride.androidapp.event.EventServicePersistenceHelper: 0 unprocessed messages read from persistence
11-23 02:56:34.093 9616 9726 D com.disha.quickride.androidapp.usermgmt.UserMessageListener: subscribeToUserMsgUpdates
11-23 02:56:34.094 9616 9726 D com.disha.quickride.androidapp.event.RideMgmtEventServiceProxy: Adding topic name to subscriptions queue :userMsg/80505598620910
11-23 02:56:34.110 9616 9726 D com.disha.quickride.androidapp.event.EventModuleSessionManager: Establishing event service connection
11-23 02:56:34.111 9616 9726 D com.disha.quickride.androidapp.event.RideMgmtEventServiceProxy: Entering dispatchAllMessagesArrivedBeforeSessionWasInitialized
11-23 02:56:34.111 9616 9697 D com.disha.quickride.androidapp.event.InitialMessagesDispatchTask: Dispatching initial messages
11-23 02:56:34.112 9616 9726 D com.disha.quickride.androidapp.event.LocationUpdateEventServiceProxy: Entering dispatchAllMessagesArrivedBeforeSessionWasInitialized
11-23 02:56:34.112 9616 9716 D com.disha.quickride.androidapp.event.InitialMessagesDispatchTask: Dispatching initial messages
11-23 02:56:34.123 9616 9726 I com.disha.quickride.androidapp.ridemgmt.RideManagementMqttProxy: subscribing to topic of existing rides
11-23 02:56:34.123 9616 9726 I com.disha.quickride.androidapp.ridemgmt.RideManagementMqttProxy: subscribing to topic of existing rider rides
11-23 02:56:34.123 9616 9726 D com.disha.quickride.androidapp.groupchat.RideGroupChatMqttListener: Subscribing to collection of rides
11-23 02:56:34.123 9616 9726 I com.disha.quickride.androidapp.ridemgmt.RideManagementMqttProxy: subscribing to topic of existing passenger rides
11-23 02:56:34.123 9616 9726 D com.disha.quickride.androidapp.groupchat.RideGroupChatMqttListener: Subscribing to collection of rides
11-23 02:56:34.138 9616 9718 D com.disha.quickride.androidapp.common.AndroidRestClient.AndroidClientLogger: RestClient.callService with httpRequestMethod = GET
11-23 02:56:34.141 9616 9718 I System.out: (HTTPLog)-Static: isSBSettingEnabled false
11-23 02:56:34.141 9616 9718 I System.out: (HTTPLog)-Static: isSBSettingEnabled false
11-23 02:56:34.146 9616 9718 D NetworkManagementSocketTagger: tagSocket(63) with statsTag=0xffffffff, statsUid=-1
11-23 02:56:34.500 9616 9718 D com.disha.quickride.androidapp.common.AndroidRestClient.AndroidClientLogger: RestClient.callService response code : 200
11-23 02:57:37.704 9616 9647 I System.out: (HTTPLog)-Static: isSBSettingEnabled false
11-23 02:57:37.704 9616 9647 I System.out: (HTTPLog)-Static: isSBSettingEnabled false
11-23 02:57:37.712 9616 9647 D NetworkManagementSocketTagger: tagSocket(51) with statsTag=0xffffffff, statsUid=-1 --------- beginning of main
11-23 03:55:12.267 10680 10680 I disha.quickrid: report jit thread pid = 10685
11-23 03:55:12.268 10680 10680 E disha.quickrid: Not starting debugger since process cannot load the jdwp agent.
11-23 03:55:12.325 10680 10680 I disha.quickrid: The ClassLoaderContext is a special shared library.
11-23 03:55:12.345 10680 10680 W disha.quickrid: JIT profile information will not be recorded: profile file does not exits.
11-23 03:55:12.345 10680 10680 I chatty : uid=10108(com.disha.quickride) identical 1 line
11-23 03:55:12.345 10680 10680 W disha.quickrid: JIT profile information will not be recorded: profile file does not exits.
11-23 03:55:12.360 10680 10680 D com.disha.quickride.androidapp.startup.QuickRideApplication: QuickRideApplication is instantiated
11-23 03:55:12.362 10680 10680 I MultiDex: VM with version 2.1.0 has multidex support
11-23 03:55:12.362 10680 10680 I MultiDex: Installing application
11-23 03:55:12.362 10680 10680 I MultiDex: VM has multidex support, MultiDex support library is disabled.
11-23 03:55:12.362 10680 10680 I MultiDex: Installing application
11-23 03:55:12.362 10680 10680 I MultiDex: VM has multidex support, MultiDex support library is disabled.
11-23 03:55:12.407 10680 10680 D FirebaseApp: com.google.firebase.auth.FirebaseAuth is not linked. Skipping initialization.
11-23 03:55:12.408 10680 10680 D FirebaseApp: com.google.firebase.crash.FirebaseCrash is not linked. Skipping initialization.
11-23 03:55:12.408 10680 10680 I FirebaseInitProvider: FirebaseApp initialization successful
11-23 03:55:12.413 10680 10680 I CrashlyticsInitProvider: CrashlyticsInitProvider skipping initialization
11-23 03:55:12.414 10680 10680 E Apxor : App Id is empty or null, couldn't initialize ApxorSDK
11-23 03:55:12.440 10680 10702 D NetworkSecurityConfig: No Network Security Config specified, using platform default
11-23 03:55:12.446 10680 10702 I System.out: (HTTPLog)-Static: isSBSettingEnabled false
11-23 03:55:12.446 10680 10702 I System.out: (HTTPLog)-Static: isSBSettingEnabled false
11-23 03:55:12.455 10680 10702 D NetworkManagementSocketTagger: tagSocket(51) with statsTag=0xffffffff, statsUid=-1
11-23 03:55:12.487 10680 10680 D com.disha.quickride.androidapp.startup.QuickRideApplication: QuickRideApplication is created
11-23 03:55:12.488 10680 10680 D com.disha.quickride.androidapp.startup.QuickRideApplication: enabled https protocols null
11-23 03:55:12.513 10680 10715 I disha.quickrid: Waiting for a blocking GC ClassLinker
11-23 03:55:12.518 10680 10715 I disha.quickrid: WaitForGcToComplete blocked ClassLinker on AddRemoveAppImageSpace for 5.536ms
11-23 03:55:12.527 10680 10700 I FA : App measurement is starting up, version: 15300
11-23 03:55:12.527 10680 10700 I FA : To enable debug logging run: adb shell setprop log.tag.FA VERBOSE
11-23 03:55:12.531 10680 10700 I FA : To enable faster debug mode event logging run:
11-23 03:55:12.531 10680 10700 I FA : adb shell setprop debug.firebase.analytics.app com.disha.quickride
11-23 03:55:12.677 10680 10715 I CrashlyticsCore: Initializing Crashlytics 2.6.8.32
11-23 03:55:12.692 10680 10721 I System.out: (HTTPLog)-Static: isSBSettingEnabled false
11-23 03:55:12.693 10680 10721 I System.out: (HTTPLog)-Static: isSBSettingEnabled false
11-23 03:55:12.704 10680 10721 D NetworkManagementSocketTagger: tagSocket(62) with statsTag=0xffffffff, statsUid=-1
11-23 03:55:12.718 10680 10715 W com.facebook.appevents.AppEventsLogger: activateApp events are being logged automatically. There's no need to call activateApp explicitly, this is safe to remove.
11-23 03:55:12.722 10680 10715 I GAv4 : Google Analytics 12.4.51 is starting up. To enable debug logging on a device run:
11-23 03:55:12.722 10680 10715 I GAv4 : adb shell setprop log.tag.GAv4 DEBUG
11-23 03:55:12.722 10680 10715 I GAv4 : adb logcat -s GAv4
11-23 03:55:12.784 10680 10715 D AppsFlyer_4.9.0: Initializing AppsFlyer SDK: (v4.9.0.184)
11-23 03:55:12.788 10680 10715 D AppsFlyer_4.9.0: Done loading properties: true
11-23 03:55:12.820 10680 10702 I System.out: (HTTPLog)-Static: isSBSettingEnabled false
11-23 03:55:12.820 10680 10702 I System.out: (HTTPLog)-Static: isSBSettingEnabled false
11-23 03:55:12.861 10680 10744 I System.out: (HTTPLog)-Static: isSBSettingEnabled false
11-23 03:55:12.861 10680 10744 I System.out: (HTTPLog)-Static: isSBSettingEnabled false
11-23 03:55:12.871 10680 10744 D NetworkManagementSocketTagger: tagSocket(68) with statsTag=0xffffffff, statsUid=-1
11-23 03:55:12.884 10680 10680 W WM-WorkSpec: Interval duration lesser than minimum allowed value; Changed to 900000
11-23 03:55:12.947 10680 10680 I CleverTap: Activity Lifecycle Callback successfully registered
11-23 03:55:12.951 10680 10680 I CleverTap: Account Region not specified in the AndroidManifest - using default region
11-23 03:55:12.968 10680 10680 I CleverTap: CleverTap SDK initialized with accountId: 677-74Z-765Z accountToken: 14a-aa6 accountRegion: null
11-23 03:55:12.979 10680 10680 D com.disha.quickride.androidapp.startup.QuickRideApplication: Initializing Session Manager
11-23 03:55:12.980 10680 10759 D com.disha.quickride.androidapp.startup.session.SessionManagerController: Resuming user session
11-23 03:55:12.981 10680 10759 D com.disha.quickride.androidapp.startup.session.SessionManager: Entering createNewSessionManager
11-23 03:55:12.981 10680 10759 D com.disha.quickride.androidapp.startup.session.SessionManager: Found Persistent session for user 80505598620910
11-23 03:55:12.982 10680 10759 D com.disha.quickride.androidapp.startup.session.SessionManager: Entering onResumeUserSession
11-23 03:55:12.982 10680 10759 D com.disha.quickride.androidapp.startup.session.SessionManager: Performing session change operation on com.disha.quickride.androidapp.common.serverConfig.ClientConfigurationModuleSession Manager@47cb1e6
11-23 03:55:12.982 10680 10759 D com.disha.quickride.androidapp.common.serverConfig.ClientConfigurationModuleSession Manager: Resuming basic user session
11-23 03:55:12.997 10680 10680 W Java7Support: Unable to load JDK7 types (annotations, java.nio.file.Path): no Java7 support added
11-23 03:55:13.006 10680 10754 I CleverTap: SDK Version Code is 30501
11-23 03:55:13.009 10680 10754 I CleverTap: CTPushNotificationReceiver is present
11-23 03:55:13.011 10680 10754 I CleverTap: InstallReferrerBroadcastReceiver is present
11-23 03:55:13.014 10680 10754 I CleverTap: CTNotificationIntentService not present
11-23 03:55:13.014 10680 10744 E Apxor : Configuration is not in fall between provided dates
11-23 03:55:13.015 10680 10744 E Apxor : Failed to initialize the config item
11-23 03:55:13.015 10680 10744 E Apxor : Configuration is not in fall between provided dates
11-23 03:55:13.015 10680 10744 E Apxor : Failed to initialize the config item
11-23 03:55:13.016 10680 10754 I CleverTap: CTBackgroundJobService is present
11-23 03:55:13.020 10680 10754 I CleverTap: CTBackgroundIntentService is present
11-23 03:55:13.022 10680 10704 W DynamiteModule: Local module descriptor class for providerinstaller not found.
11-23 03:55:13.031 10680 10754 I CleverTap: InAppNotificationActivity is present
11-23 03:55:13.035 10680 10754 I CleverTap: FcmMessageListenerService not present
11-23 03:55:13.039 10680 10744 D FirebaseApp: com.google.firebase.auth.FirebaseAuth is not linked. Skipping initialization.
11-23 03:55:13.039 10680 10754 I CleverTap: FcmTokenListenerService not present
11-23 03:55:13.058 10680 10704 I DynamiteModule: Considering local module providerinstaller:0 and remote module providerinstaller:0
11-23 03:55:13.062 10680 10744 E Apxor : initialize:
11-23 03:55:13.062 10680 10744 E Apxor : java.lang.ClassNotFoundException: com.apxor.androidsdk.plugins.wysiwyg.WYSIWYGPlugin
11-23 03:55:13.062 10680 10744 E Apxor : at java.lang.Class.classForName(Native Method)
11-23 03:55:13.062 10680 10744 E Apxor : at java.lang.Class.forName(Class.java:453)
11-23 03:55:13.062 10680 10744 E Apxor : at java.lang.Class.forName(Class.java:378)
11-23 03:55:13.062 10680 10744 E Apxor : at com.apxor.androidsdk.core.pluginmanager.PluginLoader.b(SourceFile:115)
11-23 03:55:13.062 10680 10744 E Apxor : at com.apxor.androidsdk.core.pluginmanager.PluginLoader.initialize(SourceFile:49)
11-23 03:55:13.062 10680 10744 E Apxor : at com.apxor.androidsdk.core.SDKController$1$1.onComplete(SourceFile:303)
11-23 03:55:13.062 10680 10744 E Apxor : at com.apxor.androidsdk.core.utils.network.a.a(SourceFile:49)
11-23 03:55:13.062 10680 10744 E Apxor : at com.apxor.androidsdk.core.utils.network.a.a(SourceFile:160)
11-23 03:55:13.062 10680 10744 E Apxor : at com.apxor.androidsdk.core.utils.network.a.a(SourceFile:56)
11-23 03:55:13.062 10680 10744 E Apxor : at com.apxor.androidsdk.core.utils.network.b$3.run(SourceFile:81)
11-23 03:55:13.062 10680 10744 E Apxor : at com.apxor.androidsdk.core.utils.network.b$4.run(SourceFile:130)
11-23 03:55:13.062 10680 10744 E Apxor : at android.os.Handler.handleCallback(Handler.java:873)
11-23 03:55:13.062 10680 10744 E Apxor : at android.os.Handler.dispatchMessage(Handler.java:99)
11-23 03:55:13.062 10680 10744 E Apxor : at android.os.Looper.loop(Looper.java:214)
11-23 03:55:13.062 10680 10744 E Apxor : at android.os.HandlerThread.run(HandlerThread.java:65)
11-23 03:55:13.062 10680 10744 E Apxor : Caused by: java.lang.ClassNotFoundException: Didn't find class "com.apxor.androidsdk.plugins.wysiwyg.WYSIWYGPlugin" on path: DexPathList[[zip file "/system/framework/org.apache.http.legacy.boot.jar", zip file "/data/app/com.disha.quickride-aE2P2r-F3zY6aHryK1rM1g==/base.apk", zip file "/data/app/com.disha.quickride-aE2P2r-F3zY6aHryK1rM1g==/split_config.arm64_v8a.apk" , zip file "/data/app/com.disha.quickride-aE2P2r-F3zY6aHryK1rM1g==/split_config.en.apk", zip file "/data/app/com.disha.quickride-aE2P2r-F3zY6aHryK1rM1g==/split_config.xxhdpi.apk"],n ativeLibraryDirectories=[/data/app/com.disha.quickride-aE2P2r-F3zY6aHryK1rM1g==/ lib/arm64, /data/app/com.disha.quickride-aE2P2r-F3zY6aHryK1rM1g==/base.apk!/lib/ arm64-v8a, /data/app/com.disha.quickride-aE2P2r-F3zY6aHryK1rM1g==/split_config.arm64_v8a.apk!/ lib/arm64-v8a, /data/app/com.disha.quickride-aE2P2r-F3zY6aHryK1rM1g==/split_config.en.apk!/lib/ arm64-v8a, /data/app/com.disha.quickride-aE2P2r-F3zY6aHryK1rM1g==/split_config.xxhdpi.apk!/ lib/arm64-v8a, /system/lib64, /system/vendor/lib64]]
11-23 03:55:13.062 10680 10744 E Apxor : at dalvik.system.BaseDexClassLoader.findClass(BaseDexClassLoader.java:134)
11-23 03:55:13.062 10680 10744 E Apxor : at java.lang.ClassLoader.loadClass(ClassLoader.java:379)
11-23 03:55:13.062 10680 10744 E Apxor : at java.lang.ClassLoader.loadClass(ClassLoader.java:312)
11-23 03:55:13.062 10680 10744 E Apxor : ... 15 more
11-23 03:55:13.062 10680 10744 E Apxor : Suppressed: java.io.IOException: No original dex files found for dex location (arm64) /data/app/com.disha.quickride- aE2P2r-F3zY6aHryK1rM1g==/split_config.arm64_v8a.apk
11-23 03:55:13.062 10680 10744 E Apxor : at dalvik.system.DexFile.openDexFileNative(Native Method)
11-23 03:55:13.062 10680 10744 E Apxor : at dalvik.system.DexFile.openDexFile(DexFile.java:354)
11-23 03:55:13.062 10680 10744 E Apxor : at dalvik.system.DexFile.<init>(DexFile.java:101)
11-23 03:55:13.062 10680 10744 E Apxor : at dalvik.system.DexFile.<init>(DexFile.java:75)
11-23 03:55:13.062 10680 10744 E Apxor : at dalvik.system.DexPathList.loadDexFile(DexPathList.java:394)
11-23 03:55:13.062 10680 10744 E Apxor : at dalvik.system.DexPathList.makeDexElements(DexPathList.java:354)
11-23 03:55:13.062 10680 10744 E Apxor : at dalvik.system.DexPathList.<init>(DexPathList.java:164)
11-23 03:55:13.062 10680 10744 E Apxor : at dalvik.system.BaseDexClassLoader.<init>(BaseDexClassLoader.java:74)
11-23 03:55:13.062 10680 10744 E Apxor : at dalvik.system.BaseDexClassLoader.<init>(BaseDexClassLoader.java:65)
11-23 03:55:13.062 10680 10744 E Apxor : at dalvik.system.PathClassLoader.<init>(PathClassLoader.java:64)
11-23 03:55:13.062 10680 10744 E Apxor : at com.android.internal.os.ClassLoaderFactory.createClassLoader(ClassLoaderFactory.jav a:73)
11-23 03:55:13.062 10680 10744 E Apxor : at com.android.internal.os.ClassLoaderFactory.createClassLoader(ClassLoaderFactory.jav a:88)
11-23 03:55:13.062 10680 10744 E Apxor : at android.app.ApplicationLoaders.getClassLoader(ApplicationLoaders.java:74)
11-23 03:55:13.062 10680 10744 E Apxor : at android.app.ApplicationLoaders.getClassLoader(ApplicationLoaders.java:40)
11-23 03:55:13.062 10680 10744 E Apxor : at android.app.LoadedApk.createOrUpdateClassLoaderLocked(LoadedApk.java:766)
11-23 03:55:13.062 10680 10744 E Apxor : at android.app.LoadedApk.getClassLoader(LoadedApk.java:849)
11-23 03:55:13.062 10680 10744 E Apxor : at android.app.LoadedApk.getResources(LoadedApk.java:1090)
11-23 03:55:13.062 10680 10744 E Apxor : at android.app.ContextImpl.createAppContext(ContextImpl.java:2563)
11-23 03:55:13.062 10680 10744 E Apxor : at android.app.ActivityThread.handleBindApplication(ActivityThread.java:6128)
11-23 03:55:13.062 10680 10744 E Apxor : at android.app.ActivityThread.access$1200(ActivityThread.java:237)
11-23 03:55:13.062 10680 10744 E Apxor : at android.app.ActivityThread$H.handleMessage(ActivityThread.java:1792)
11-23 03:55:13.062 10680 10744 E Apxor : at android.os.Handler.dispatchMessage(Handler.java:106)
11-23 03:55:13.062 10680 10744 E Apxor : at android.os.Looper.loop(Looper.java:214)
11-23 03:55:13.062 10680 10759 D com.disha.quickride.androidapp.startup.session.SessionManager: Performing session change operation on com.disha.quickride.androidapp.usermgmt.UserModuleSessionManager@dc347de
11-23 03:55:13.062 10680 10759 D com.disha.quickride.androidapp.usermgmt.UserModuleSessionManager: Resume basic user session
11-23 03:55:13.064 10680 10704 W ProviderInstaller: Failed to load providerinstaller module: No acceptable module found. Local version is 0 and remote version is 0.
11-23 03:55:13.070 10680 10744 E Apxor : at android.app.ActivityThread.main(ActivityThread.java:7078)
11-23 03:55:13.070 10680 10744 E Apxor : at java.lang.reflect.Method.invoke(Native Method)
11-23 03:55:13.070 10680 10744 E Apxor : at com.android.internal.os.RuntimeInit$MethodAndArgsCaller.run(RuntimeInit.java:494)
11-23 03:55:13.070 10680 10744 E Apxor : at com.android.internal.os.ZygoteInit.main(ZygoteInit.java:964)
11-23 03:55:13.070 10680 10744 E Apxor : Suppressed: java.io.IOException: No original dex files found for dex location (arm64) /data/app/com.disha.quickride- aE2P2r-F3zY6aHryK1rM1g==/split_config.en.apk
11-23 03:55:13.070 10680 10744 E Apxor : at dalvik.system.DexFile.openDexFileNative(Native Method)
11-23 03:55:13.070 10680 10744 E Apxor : at dalvik.system.DexFile.openDexFile(DexFile.java:354)
11-23 03:55:13.070 10680 10744 E Apxor : at dalvik.system.DexFile.<init>(DexFile.java:101)
11-23 03:55:13.070 10680 10744 E Apxor : at dalvik.system.DexFile.<init>(DexFile.java:75)
11-23 03:55:13.070 10680 10744 E Apxor : at dalvik.system.DexPathList.loadDexFile(DexPathList.java:394)
11-23 03:55:13.070 10680 10744 E Apxor : at dalvik.system.DexPathList.makeDexElements(DexPathList.java:354)
11-23 03:55:13.070 10680 10744 E Apxor : at dalvik.system.DexPathList.<init>(DexPathList.java:164)
11-23 03:55:13.070 10680 10744 E Apxor : at dalvik.system.BaseDexClassLoader.<init>(BaseDexClassLoader.java:74)
11-23 03:55:13.070 10680 10744 E Apxor : at dalvik.system.BaseDexClassLoader.<init>(BaseDexClassLoader.java:65)
11-23 03:55:13.070 10680 10744 E Apxor : at dalvik.system.PathClassLoader.<init>(PathClassLoader.java:64)
11-23 03:55:13.070 10680 10744 E Apxor : at com.android.internal.os.ClassLoaderFactory.createClassLoader(ClassLoaderFactory.jav a:73)
11-23 03:55:13.070 10680 10744 E Apxor : at com.android.internal.os.ClassLoaderFactory.createClassLoader(ClassLoaderFactory.jav a:88)
11-23 03:55:13.070 10680 10744 E Apxor : at android.app.ApplicationLoaders.getClassLoader(ApplicationLoaders.java:74)
11-23 03:55:13.070 10680 10744 E Apxor : at android.app.ApplicationLoaders.getClassLoader(ApplicationLoaders.java:40)
11-23 03:55:13.070 10680 10744 E Apxor : at android.app.LoadedApk.createOrUpdateClassLoaderLocked(LoadedApk.java:766)
11-23 03:55:13.070 10680 10744 E Apxor : at android.app.LoadedApk.getClassLoader(LoadedApk.java:849)
11-23 03:55:13.070 10680 10744 E Apxor : at android.app.LoadedApk.getResources(LoadedApk.java:1090)
11-23 03:55:13.070 10680 10744 E Apxor : at android.app.ContextImpl.createAppContext(ContextImpl.java:2563)
11-23 03:55:13.070 10680 10744 E Apxor : at android.app.ActivityThread.handleBindApplication(ActivityThread.java:6128)
11-23 03:55:13.070 10680 10744 E Apxor : at android.app.ActivityThread.access$1200(ActivityThread.java:237)
11-23 03:55:13.070 10680 10744 E Apxor : at android.app.ActivityThread$H.handleMessage(ActivityThread.java:1792)
11-23 03:55:13.070 10680 10744 E Apxor : at android.os.Handler.dispatchMessage(Handler.java:106)
11-23 03:55:13.070 10680 10744 E Apxor : at android.os.Looper.loop(Looper.java:214)
11-23 03:55:13.070 10680 10744 E Apxor : at android.app.ActivityThread.main(ActivityThread.java:7078)
11-23 03:55:13.070 10680 10744 E Apxor : at java.lang.reflect.Method.invoke(Native Method)
11-23 03:55:13.070 10680 10744 E Apxor : at com.android.internal.os.RuntimeInit$MethodAndArgsCaller.run(RuntimeInit.java:494)
11-23 03:55:13.070 10680 10744 E Apxor : at com.android.internal.os.ZygoteInit.main(ZygoteInit.java:964)
11-23 03:55:13.070 10680 10744 E Apxor : Suppressed: java.io.IOException: No original dex files found for dex location (arm64) /data/app/com.disha.quickride- aE2P2r-F3zY6aHryK1rM1g==/split_config.xxhdpi.apk
11-23 03:55:13.070 10680 10744 E Apxor : at dalvik.system.DexFile.openDexFileNative(Native Method)
11-23 03:55:13.070 10680 10744 E Apxor : at dalvik.system.DexFile.openDexFile(DexFile.java:354)
11-23 03:55:13.070 10680 10744 E Apxor : at dalvik.system.DexFile.<init>(DexFile.java:101)
11-23 03:55:13.070 10680 10744 E Apxor : at dalvik.system.DexFile.<init>(DexFile.java:75)
11-23 03:55:13.070 10680 10744 E Apxor : at dalvik.system.DexPathList.loadDexFile(DexPathList.java:394)
11-23 03:55:13.070 10680 10744 E Apxor : at dalvik.system.DexPathList.makeDexElements(DexPathList.java:354)
11-23 03:55:13.070 10680 10744 E Apxor : at dalvik.system.DexPathList.<init>(DexPathList.java:164)
11-23 03:55:13.070 10680 10744 E Apxor : at dalvik.system.BaseDexClassLoader.<init>(BaseDexClassLoader.java:74)
11-23 03:55:13.070 10680 10744 E Apxor : at dalvik.system.BaseDexClassLoader.<init>(BaseDexClassLoader.java:65)
11-23 03:55:13.070 10680 10744 E Apxor : at dalvik.system.PathClassLoader.<init>(PathClassLoader.java:64)
11-23 03:55:13.070 10680 10744 E Apxor : at com.android.internal.os.ClassLoaderFactory.createClassLoader(ClassLoaderFactory.jav a:73)
11-23 03:55:13.070 10680 10744 E Apxor : at com.android.internal.os.ClassLoaderFactory.createClassLoader(ClassLoaderFactory.jav a:88)
11-23 03:55:13.070 10680 10744 E Apxor : at android.app.ApplicationLoaders.getClassLoader(ApplicationLoaders.java:74)
11-23 03:55:13.070 10680 10744 E Apxor : at android.app.ApplicationLoaders.getClassLoader(ApplicationLoaders.java:40)
11-23 03:55:13.070 10680 10744 E Apxor : at android.app.LoadedApk.createOrUpdateClassLoaderLocked(LoadedApk.java:766)
11-23 03:55:13.070 10680 10744 E Apxor : at android.app.LoadedApk.getClassLoader(LoadedApk.java:849)
11-23 03:55:13.070 10680 10744 E Apxor : at android.app.LoadedApk.getResources(LoadedApk.java:1090)
11-23 03:55:13.070 10680 10744 E Apxor : at android.app.ContextImpl.createAppContext(ContextImpl.java:2563)
11-23 03:55:13.070 10680 10744 E Apxor : at android.app.ActivityThread.handleBindApplication(ActivityThread.java:6128)
11-23 03:55:13.070 10680 10744 E Apxor : at android.app.ActivityThread.access$1200(ActivityThread.java:237)
11-23 03:55:13.070 10680 10744 E Apxor : at android.app.ActivityThread$H.handleMessage(ActivityThread.java:1792)
11-23 03:55:13.070 10680 10744 E Apxor : at android.os.Handler.dispatchMessage(Handler.java:106)
11-23 03:55:13.070 10680 10744 E Apxor : at android.os.Looper.loop(Looper.java:214)
11-23 03:55:13.070 10680 10744 E Apxor : at android.app.ActivityThread.main(ActivityThread.java:7078)
11-23 03:55:13.070 10680 10744 E Apxor : at java.lang.reflect.Method.invoke(Native Method)
11-23 03:55:13.070 10680 10744 E Apxor : at com.android.internal.os.RuntimeInit$MethodAndArgsCaller.run(RuntimeInit.java:494)
11-23 03:55:13.070 10680 10744 E Apxor : at com.android.internal.os.ZygoteInit.main(ZygoteInit.java:964)
11-23 03:55:13.088 10680 10762 D com.disha.quickride.androidapp.common.AndroidRestClient.AndroidClientLogger: RestClient.callService with httpRequestMethod = GET
11-23 03:55:13.123 10680 10762 I System.out: (HTTPLog)-Static: isSBSettingEnabled false
11-23 03:55:13.131 10680 10762 I System.out: (HTTPLog)-Static: isSBSettingEnabled false
11-23 03:55:13.171 10680 10762 D NetworkManagementSocketTagger: tagSocket(81) with statsTag=0xffffffff, statsUid=-1
11-23 03:55:13.179 10680 10765 D com.disha.quickride.androidapp.notification.QuickRideGCMIntentService: New GCM message received : {channel_id=RideInvites, EXPIRY_TIME=1574466324314, Priority=2, GroupValue=80505602785853, android_channel_id=RideInvites, MsgClassName=java.lang.String, Id=0, Time=1574455524439, Type=NOT_TYPE_UPDATE_USER_APP_RETAINED_TIME, Group=silentNotification, Is_Ack_Required=true, IsActionTaken=false, sendFrom=0, Unique_Id=1513918625885, IS_USER_NOTIFICATION=true, IsActionRequired=false}
11-23 03:55:13.187 10680 10705 I System.out: (HTTPLog)-Static: isSBSettingEnabled false
11-23 03:55:13.188 10680 10705 I System.out: (HTTPLog)-Static: isSBSettingEnabled false
11-23 03:55:13.205 10680 10754 I CleverTap:677-74Z-765Z: Notification channel promopush has been created
11-23 03:55:13.207 10680 10765 E b : Error: No value for data
11-23 03:55:13.207 10680 10765 D com.disha.quickride.androidapp.notification.QuickRideGCMIntentService: Not handled by NetCore
11-23 03:55:13.207 10680 10765 D com.disha.quickride.androidapp.notification.QuickRideGCMIntentService: Session is not yet initialized; will queue up the message and process after session is initialized
11-23 03:55:13.219 10680 10711 W AnalyticsUserIDStore: initStore should have been called before calling setUserID
11-23 03:55:13.248 10680 10704 I disha.quickrid: The ClassLoaderContext is a special shared library.
11-23 03:55:13.292 10680 10711 I System.out: (HTTPLog)-Static: isSBSettingEnabled false
11-23 03:55:13.292 10680 10711 I System.out: (HTTPLog)-Static: isSBSettingEnabled false
11-23 03:55:13.293 10680 10711 D NetworkManagementSocketTagger: tagSocket(82) with statsTag=0xffffffff, statsUid=-1
11-23 03:55:13.301 10680 10704 I disha.quickrid: The ClassLoaderContext is a special shared library.
11-23 03:55:13.321 10680 10775 I System.out: (HTTPLog)-Static: isSBSettingEnabled false
11-23 03:55:13.321 10680 10775 I System.out: (HTTPLog)-Static: isSBSettingEnabled false
11-23 03:55:13.323 10680 10754 I CleverTap:677-74Z-765Z: Notification channel offerspush has been created
11-23 03:55:13.324 10680 10754 I CleverTap:677-74Z-765Z: Notification channel notifypush has been created
11-23 03:55:13.332 10680 10704 I disha.quickrid: The ClassLoaderContext is a special shared library.
11-23 03:55:13.336 10680 10775 D NetworkManagementSocketTagger: tagSocket(87) with statsTag=0xffffffff, statsUid=-1
11-23 03:55:13.347 10680 10777 I System.out: (HTTPLog)-Static: isSBSettingEnabled false
11-23 03:55:13.348 10680 10777 I System.out: (HTTPLog)-Static: isSBSettingEnabled false
11-23 03:55:13.349 10680 10777 D NetworkManagementSocketTagger: tagSocket(89) with statsTag=0xffffffff, statsUid=-1
11-23 03:55:13.361 10680 10778 I System.out: (HTTPLog)-Static: isSBSettingEnabled false
11-23 03:55:13.362 10680 10778 I System.out: (HTTPLog)-Static: isSBSettingEnabled false
11-23 03:55:13.364 10680 10778 D NetworkManagementSocketTagger: tagSocket(88) with statsTag=0xffffffff, statsUid=-1
11-23 03:55:13.448 10680 10704 I disha.quickrid: Waiting for a blocking GC AddRemoveAppImageSpace
11-23 03:55:13.450 10680 10705 E GraphResponse: {HttpStatus: 400, errorCode: 43003, subErrorCode: -1, errorType: OAuthException, errorMessage: (#43003) App button auto detection is disabled}
11-23 03:55:13.476 10680 10744 I ApxorSDK: ApxorSDK(v253) successfully initialized for: d25af8de489a0ca420f9540aed14013a
11-23 03:55:13.500 10680 10704 I disha.quickrid: WaitForGcToComplete blocked AddRemoveAppImageSpace on ClassLinker for 52.815ms
11-23 03:55:13.502 10680 10762 D com.disha.quickride.androidapp.common.AndroidRestClient.AndroidClientLogger: RestClient.callService response code : 200
11-23 03:55:13.533 10680 10704 V NativeCrypto: Registering com/google/android/gms/org/conscrypt/NativeCrypto's 286 native methods...
11-23 03:55:13.573 10680 10704 I ProviderInstaller: Installed default security provider GmsCore_OpenSSL
11-23 03:55:13.574 10680 10680 D com.disha.quickride.androidapp.startup.QuickRideApplication: ProviderInstaller.installIfNeededAsync onProviderInstalled
11-23 03:55:13.578 10680 10775 D b : getData: response code:200
11-23 03:55:13.579 10680 10775 D b : POST: https://pn.netcoresmartech.com/pn_register -> {"appid":"d25af8de489a0ca420f9540aed14013a","pushid":"b67d683d-ca40-41d4-b0d3- 363137f7f471","identity":"80505598620910","adid":"","ostype":"Android","make":"sams ung","model":"SM-A730F","osversion":"9","appname":"Quick Ride","appversion":"8.91","sdkversion":"2.0.3","cts":191123035512,"lat":null,"lng": null,"oldToken":"dQ8cC-9aAT0:APA91bEP89A05qERbIVDgKiriDOI2e_hCJEG- rYA0UoNOg0XqPJ_YAj6JfhGBcvQpSnOb6i9HPrFMY5W84XSFEEBSRd6DszC4LRic5r_KsDOvEA54Kn7cEt4 oumH_th8gNcJZkq4Hs8d","sessionid":"1574461512801","tx":"1574461512836","eventid":"2 5","token":"dQ8cC-9aAT0:APA91bFVJK3xvWEOrEOZAwjf- LKyot9x32anVxd2k7NMHB_E0KWajpaIFd9FcsiPB1jrDIDaPfR- 19Ui25LFe1BmJlOYHIoHn8105RMXvrTntat1eB-StoL1DFx6t0HaXj114ZGvPiUO"} --- 200 OK {'status':'success','panelStatus':'1','pipe_name':'PR1_PN_REG'}
11-23 03:55:13.584 10680 10712 I WM-WorkerWrapper: Worker result SUCCESS for Work [ id=949d206e-cb2e-4524-abb6-3a7b44ae1a8a, tags={ in.netcore.smartechfcm.workmanager.SlaveNetworkWorker } ]
11-23 03:55:13.616 10680 10777 D b : getData: response code:200
11-23 03:55:13.617 10680 10777 D b : POST: https://pn.netcoresmartech.com/pn_register -> {"appid":"d25af8de489a0ca420f9540aed14013a","pushid":"b67d683d-ca40-41d4-b0d3- 363137f7f471","identity":"80505598620910","adid":"","ostype":"Android","make":"sams ung","model":"SM-A730F","osversion":"9","appname":"Quick Ride","appversion":"8.91","sdkversion":"2.0.3","cts":191123035512,"lat":null,"lng": null,"oldToken":"dQ8cC-9aAT0:APA91bEP89A05qERbIVDgKiriDOI2e_hCJEG- rYA0UoNOg0XqPJ_YAj6JfhGBcvQpSnOb6i9HPrFMY5W84XSFEEBSRd6DszC4LRic5r_KsDOvEA54Kn7cEt4 oumH_th8gNcJZkq4Hs8d","sessionid":"1574461512801","tx":"1574461512877","eventid":"2 5","token":"dQ8cC-9aAT0:APA91bFVJK3xvWEOrEOZAwjf- LKyot9x32anVxd2k7NMHB_E0KWajpaIFd9FcsiPB1jrDIDaPfR- 19Ui25LFe1BmJlOYHIoHn8105RMXvrTntat1eB-StoL1DFx6t0HaXj114ZGvPiUO"} --- 200 OK {'status':'success','panelStatus':'1','pipe_name':'PR1_PN_REG'}
11-23 03:55:13.625 10680 10712 I WM-WorkerWrapper: Worker result SUCCESS for Work [ id=15758ac6-4a22-4db6-bbf5-ebb0c53d7f2a, tags={ in.netcore.smartechfcm.workmanager.SlaveNetworkWorker } ]
11-23 03:55:13.635 10680 10778 D b : getData: response code:200
11-23 03:55:13.635 10680 10778 D b : POST: https://pn.netcoresmartech.com/app_activity -> {"appid":"d25af8de489a0ca420f9540aed14013a","pushid":"b67d683d-ca40-41d4-b0d3- 363137f7f471","identity":"80505598620910","adid":"","ostype":"Android","make":"sams ung","model":"SM-A730F","osversion":"9","appname":"Quick Ride","appversion":"8.91","sdkversion":"2.0.3","cts":191123035512,"lat":null,"lng": null,"sessionid":"1574461512801","tx":"1574461512881","eventid":"21"} --- 200 OK {'status':'success'}
11-23 03:55:13.645 10680 10712 I WM-WorkerWrapper: Worker result SUCCESS for Work [ id=8efddf0d-9728-4f11-a3b0-aa81682783a5, tags={ in.netcore.smartechfcm.workmanager.SlaveNetworkWorker } ]
11-23 03:55:13.712 10680 10780 D com.disha.quickride.androidapp.common.AndroidRestClient.AndroidClientLogger: RestClient.callService with httpRequestMethod = GET
11-23 03:55:13.713 10680 10780 I System.out: (HTTPLog)-Static: isSBSettingEnabled false
11-23 03:55:13.714 10680 10780 I System.out: (HTTPLog)-Static: isSBSettingEnabled false
11-23 03:55:13.714 10680 10780 D NetworkManagementSocketTagger: tagSocket(62) with statsTag=0xffffffff, statsUid=-1
11-23 03:55:13.901 10680 10781 D com.disha.quickride.androidapp.conversation.ConversationChatRestServiceClient: getPendingChatMessages80505598620910
11-23 03:55:13.913 10680 10781 D com.disha.quickride.androidapp.common.AndroidRestClient.AndroidClientLogger: RestClient.callService with httpRequestMethod = GET
11-23 03:55:13.914 10680 10781 I System.out: (HTTPLog)-Static: isSBSettingEnabled false
11-23 03:55:13.914 10680 10781 I System.out: (HTTPLog)-Static: isSBSettingEnabled false
11-23 03:55:13.915 10680 10781 D NetworkManagementSocketTagger: tagSocket(68) with statsTag=0xffffffff, statsUid=-1
11-23 03:55:13.948 10680 10780 D com.disha.quickride.androidapp.common.AndroidRestClient.AndroidClientLogger: RestClient.callService response code : 401
11-23 03:55:13.949 10680 10780 D com.disha.quickride.androidapp.common.AndroidRestClient.AndroidClientLogger: RestResponse.handleServiceErrorResponse {"result":"FAILURE","resultData": {"errorCode":11103,"httpStatusCode":401,"developerMsg":"Unauthorized access; Jwt token has expired","userMsg":"Secure session has expired","hintForCorrection":"Re- login and retry"}}
11-23 03:55:13.967 10680 10780 E com.disha.quickride.androidapp.common.AndroidRestClient.AndroidClientLogger: RestResponse.processResponseErrorToProperException Error obj there [errorCode: 11103 ][httpStatusCode: 401 ][developerMsg: Unauthorized access; Jwt token has expired ][userMsg: Secure session has expired ][hintForCorrection: Re-login and retry ]
11-23 03:55:13.968 10680 10780 E com.disha.quickride.androidapp.common.AndroidRestClient.AndroidClientLogger: handleServiceErrorResponse : Failed to process response error com.disha.quickride.rest.client.RestClientException: [errorCode: 11103 ] [httpStatusCode: 401 ][developerMsg: Unauthorized access; Jwt token has expired ] [userMsg: Secure session has expired ][hintForCorrection: Re-login and retry ]
11-23 03:55:13.969 10680 10780 D com.disha.quickride.androidapp.common.AndroidRestClient.AndroidClientLogger: RestClient.callService with httpRequestMethod = GET
11-23 03:55:13.970 10680 10780 I System.out: (HTTPLog)-Static: isSBSettingEnabled false
