11-22 03:09:08.762 29065 29138 E Apxor : Failed to initialize the config item
11-22 03:09:08.766 29065 29173 I System.out: (HTTPLog)-Static: isSBSettingEnabled false
11-22 03:09:08.766 29065 29173 I System.out: (HTTPLog)-Static: isSBSettingEnabled false
11-22 03:09:08.767 29065 29173 D NetworkManagementSocketTagger: tagSocket(91) with statsTag=0xffffffff, statsUid=-1
11-22 03:09:08.783 29065 29138 D FirebaseApp: com.google.firebase.auth.FirebaseAuth is not linked. Skipping initialization.
11-22 03:09:08.797 29065 29098 I disha.quickrid: Waiting for a blocking GC AddRemoveAppImageSpace
11-22 03:09:08.814 29065 29138 E Apxor : initialize:
11-22 03:09:08.814 29065 29138 E Apxor : java.lang.ClassNotFoundException: com.apxor.androidsdk.plugins.wysiwyg.WYSIWYGPlugin
11-22 03:09:08.814 29065 29138 E Apxor : at java.lang.Class.classForName(Native Method)
11-22 03:09:08.814 29065 29138 E Apxor : at java.lang.Class.forName(Class.java:453)
11-22 03:09:08.814 29065 29138 E Apxor : at java.lang.Class.forName(Class.java:378)
11-22 03:09:08.814 29065 29138 E Apxor : at com.apxor.androidsdk.core.pluginmanager.PluginLoader.b(SourceFile:115)
11-22 03:09:08.814 29065 29138 E Apxor : at com.apxor.androidsdk.core.pluginmanager.PluginLoader.initialize(SourceFile:49)
11-22 03:09:08.814 29065 29138 E Apxor : at com.apxor.androidsdk.core.SDKController$1$1.onComplete(SourceFile:303)
11-22 03:09:08.814 29065 29138 E Apxor : at com.apxor.androidsdk.core.utils.network.a.a(SourceFile:49)
11-22 03:09:08.814 29065 29138 E Apxor : at com.apxor.androidsdk.core.utils.network.a.a(SourceFile:160)
11-22 03:09:08.814 29065 29138 E Apxor : at com.apxor.androidsdk.core.utils.network.a.a(SourceFile:56)
11-22 03:09:08.814 29065 29138 E Apxor : at com.apxor.androidsdk.core.utils.network.b$3.run(SourceFile:81)
11-22 03:09:08.814 29065 29138 E Apxor : at com.apxor.androidsdk.core.utils.network.b$4.run(SourceFile:130)
11-22 03:09:08.814 29065 29138 E Apxor : at android.os.Handler.handleCallback(Handler.java:873)
11-22 03:09:08.814 29065 29138 E Apxor : at android.os.Handler.dispatchMessage(Handler.java:99)
11-22 03:09:08.814 29065 29138 E Apxor : at android.os.Looper.loop(Looper.java:214)
11-22 03:09:08.814 29065 29138 E Apxor : at android.os.HandlerThread.run(HandlerThread.java:65)
11-22 03:09:08.814 29065 29138 E Apxor : Caused by: java.lang.ClassNotFoundException: Didn't find class "com.apxor.androidsdk.plugins.wysiwyg.WYSIWYGPlugin" on path: DexPathList[[zip file "/system/framework/org.apache.http.legacy.boot.jar", zip file "/data/app/com.disha.quickride-aE2P2r-F3zY6aHryK1rM1g==/base.apk", zip file "/data/app/com.disha.quickride-aE2P2r-F3zY6aHryK1rM1g==/split_config.arm64_v8a.apk" , zip file "/data/app/com.disha.quickride-aE2P2r-F3zY6aHryK1rM1g==/split_config.en.apk", zip file "/data/app/com.disha.quickride-aE2P2r-F3zY6aHryK1rM1g==/split_config.xxhdpi.apk"],n ativeLibraryDirectories=[/data/app/com.disha.quickride-aE2P2r-F3zY6aHryK1rM1g==/ lib/arm64, /data/app/com.disha.quickride-aE2P2r-F3zY6aHryK1rM1g==/base.apk!/lib/ arm64-v8a, /data/app/com.disha.quickride-aE2P2r-F3zY6aHryK1rM1g==/split_config.arm64_v8a.apk!/ lib/arm64-v8a, /data/app/com.disha.quickride-aE2P2r-F3zY6aHryK1rM1g==/split_config.en.apk!/lib/ arm64-v8a, /data/app/com.disha.quickride-aE2P2r-F3zY6aHryK1rM1g==/split_config.xxhdpi.apk!/ lib/arm64-v8a, /system/lib64, /system/vendor/lib64]]
11-22 03:09:08.814 29065 29138 E Apxor : at dalvik.system.BaseDexClassLoader.findClass(BaseDexClassLoader.java:134)
11-22 03:09:08.814 29065 29138 E Apxor : at java.lang.ClassLoader.loadClass(ClassLoader.java:379)
11-22 03:09:08.814 29065 29138 E Apxor : at java.lang.ClassLoader.loadClass(ClassLoader.java:312)
11-22 03:09:08.814 29065 29138 E Apxor : ... 15 more
11-22 03:09:08.814 29065 29138 E Apxor : Suppressed: java.io.IOException: No original dex files found for dex location (arm64) /data/app/com.disha.quickride- aE2P2r-F3zY6aHryK1rM1g==/split_config.arm64_v8a.apk
11-22 03:09:08.814 29065 29138 E Apxor : at dalvik.system.DexFile.openDexFileNative(Native Method)
11-22 03:09:08.814 29065 29138 E Apxor : at dalvik.system.DexFile.openDexFile(DexFile.java:354)
11-22 03:09:08.814 29065 29138 E Apxor : at dalvik.system.DexFile.<init>(DexFile.java:101)
11-22 03:09:08.814 29065 29138 E Apxor : at dalvik.system.DexFile.<init>(DexFile.java:75)
11-22 03:09:08.814 29065 29138 E Apxor : at dalvik.system.DexPathList.loadDexFile(DexPathList.java:394)
11-22 03:09:08.814 29065 29138 E Apxor : at dalvik.system.DexPathList.makeDexElements(DexPathList.java:354)
11-22 03:09:08.814 29065 29138 E Apxor : at dalvik.system.DexPathList.<init>(DexPathList.java:164)
11-22 03:09:08.814 29065 29138 E Apxor : at dalvik.system.BaseDexClassLoader.<init>(BaseDexClassLoader.java:74)
11-22 03:09:08.814 29065 29138 E Apxor : at dalvik.system.BaseDexClassLoader.<init>(BaseDexClassLoader.java:65)
11-22 03:09:08.814 29065 29138 E Apxor : at dalvik.system.PathClassLoader.<init>(PathClassLoader.java:64)
11-22 03:09:08.814 29065 29138 E Apxor : at com.android.internal.os.ClassLoaderFactory.createClassLoader(ClassLoaderFactory.jav a:73)
11-22 03:09:08.814 29065 29138 E Apxor : at com.android.internal.os.ClassLoaderFactory.createClassLoader(ClassLoaderFactory.jav a:88)
11-22 03:09:08.814 29065 29138 E Apxor : at android.app.ApplicationLoaders.getClassLoader(ApplicationLoaders.java:74)
11-22 03:09:08.814 29065 29138 E Apxor : at android.app.ApplicationLoaders.getClassLoader(ApplicationLoaders.java:40)
11-22 03:09:08.814 29065 29138 E Apxor : at android.app.LoadedApk.createOrUpdateClassLoaderLocked(LoadedApk.java:766)
11-22 03:09:08.814 29065 29138 E Apxor : at android.app.LoadedApk.getClassLoader(LoadedApk.java:849)
11-22 03:09:08.814 29065 29138 E Apxor : at android.app.LoadedApk.getResources(LoadedApk.java:1090)
11-22 03:09:08.814 29065 29138 E Apxor : at android.app.ContextImpl.createAppContext(ContextImpl.java:2563)
11-22 03:09:08.814 29065 29138 E Apxor : at android.app.ActivityThread.handleBindApplication(ActivityThread.java:6128)
11-22 03:09:08.814 29065 29138 E Apxor : at android.app.ActivityThread.access$1200(ActivityThread.java:237)
11-22 03:09:08.814 29065 29138 E Apxor : at android.app.ActivityThread$H.handleMessage(ActivityThread.java:1792)
11-22 03:09:08.814 29065 29138 E Apxor : at android.os.Handler.dispatchMessage(Handler.java:106)
11-22 03:09:08.814 29065 29138 E Apxor : at android.os.Looper.loop(Looper.java:214)
11-22 03:09:08.815 29065 29138 E Apxor : at android.app.ActivityThread.main(ActivityThread.java:7078)
11-22 03:09:08.815 29065 29138 E Apxor : at java.lang.reflect.Method.invoke(Native Method)
11-22 03:09:08.815 29065 29138 E Apxor : at com.android.internal.os.RuntimeInit$MethodAndArgsCaller.run(RuntimeInit.java:494)
11-22 03:09:08.815 29065 29138 E Apxor : at com.android.internal.os.ZygoteInit.main(ZygoteInit.java:964)
11-22 03:09:08.815 29065 29138 E Apxor : Suppressed: java.io.IOException: No original dex files found for dex location (arm64) /data/app/com.disha.quickride- aE2P2r-F3zY6aHryK1rM1g==/split_config.en.apk
11-22 03:09:08.815 29065 29138 E Apxor : at dalvik.system.DexFile.openDexFileNative(Native Method)
11-22 03:09:08.815 29065 29138 E Apxor : at dalvik.system.DexFile.openDexFile(DexFile.java:354)
11-22 03:09:08.815 29065 29138 E Apxor : at dalvik.system.DexFile.<init>(DexFile.java:101)
11-22 03:09:08.815 29065 29138 E Apxor : at dalvik.system.DexFile.<init>(DexFile.java:75)
11-22 03:09:08.815 29065 29138 E Apxor : at dalvik.system.DexPathList.loadDexFile(DexPathList.java:394)
11-22 03:09:08.815 29065 29138 E Apxor : at dalvik.system.DexPathList.makeDexElements(DexPathList.java:354)
11-22 03:09:08.815 29065 29138 E Apxor : at dalvik.system.DexPathList.<init>(DexPathList.java:164)
11-22 03:09:08.815 29065 29138 E Apxor : at dalvik.system.BaseDexClassLoader.<init>(BaseDexClassLoader.java:74)
11-22 03:09:08.815 29065 29138 E Apxor : at dalvik.system.BaseDexClassLoader.<init>(BaseDexClassLoader.java:65)
11-22 03:09:08.815 29065 29138 E Apxor : at dalvik.system.PathClassLoader.<init>(PathClassLoader.java:64)
11-22 03:09:08.815 29065 29138 E Apxor : at com.android.internal.os.ClassLoaderFactory.createClassLoader(ClassLoaderFactory.jav a:73)
11-22 03:09:08.815 29065 29138 E Apxor : at com.android.internal.os.ClassLoaderFactory.createClassLoader(ClassLoaderFactory.jav a:88)
11-22 03:09:08.815 29065 29138 E Apxor : at android.app.ApplicationLoaders.getClassLoader(ApplicationLoaders.java:74)
11-22 03:09:08.815 29065 29138 E Apxor : at android.app.ApplicationLoaders.getClassLoader(ApplicationLoaders.java:40)
11-22 03:09:08.815 29065 29138 E Apxor : at android.app.LoadedApk.createOrUpdateClassLoaderLocked(LoadedApk.java:766)
11-22 03:09:08.815 29065 29138 E Apxor : at android.app.LoadedApk.getClassLoader(LoadedApk.java:849)
11-22 03:09:08.815 29065 29138 E Apxor : at android.app.LoadedApk.getResources(LoadedApk.java:1090)
11-22 03:09:08.815 29065 29138 E Apxor : at android.app.ContextImpl.createAppContext(ContextImpl.java:2563)
11-22 03:09:08.815 29065 29138 E Apxor : at android.app.ActivityThread.handleBindApplication(ActivityThread.java:6128)
11-22 03:09:08.815 29065 29138 E Apxor : at android.app.ActivityThread.access$1200(ActivityThread.java:237)
11-22 03:09:08.815 29065 29138 E Apxor : at android.app.ActivityThread$H.handleMessage(ActivityThread.java:1792)
11-22 03:09:08.815 29065 29138 E Apxor : at android.os.Handler.dispatchMessage(Handler.java:106)
11-22 03:09:08.815 29065 29138 E Apxor : at android.os.Looper.loop(Looper.java:214)
11-22 03:09:08.815 29065 29138 E Apxor : at android.app.ActivityThread.main(ActivityThread.java:7078)
11-22 03:09:08.815 29065 29138 E Apxor : at java.lang.reflect.Method.invoke(Native Method)
11-22 03:09:08.815 29065 29138 E Apxor : at com.android.internal.os.RuntimeInit$MethodAndArgsCaller.run(RuntimeInit.java:494)
11-22 03:09:08.815 29065 29138 E Apxor : at com.android.internal.os.ZygoteInit.main(ZygoteInit.java:964)
11-22 03:09:08.815 29065 29138 E Apxor : Suppressed: java.io.IOException: No original dex files found for dex location (arm64) /data/app/com.disha.quickride- aE2P2r-F3zY6aHryK1rM1g==/split_config.xxhdpi.apk
11-22 03:09:08.815 29065 29138 E Apxor : at dalvik.system.DexFile.openDexFileNative(Native Method)
11-22 03:09:08.815 29065 29138 E Apxor : at dalvik.system.DexFile.openDexFile(DexFile.java:354)
11-22 03:09:08.815 29065 29138 E Apxor : at dalvik.system.DexFile.<init>(DexFile.java:101)
11-22 03:09:08.815 29065 29138 E Apxor : at dalvik.system.DexFile.<init>(DexFile.java:75)
11-22 03:09:08.815 29065 29138 E Apxor : at dalvik.system.DexPathList.loadDexFile(DexPathList.java:394)
11-22 03:09:08.815 29065 29138 E Apxor : at dalvik.system.DexPathList.makeDexElements(DexPathList.java:354)
11-22 03:09:08.815 29065 29138 E Apxor : at dalvik.system.DexPathList.<init>(DexPathList.java:164)
11-22 03:09:08.815 29065 29138 E Apxor : at dalvik.system.BaseDexClassLoader.<init>(BaseDexClassLoader.java:74)
11-22 03:09:08.815 29065 29138 E Apxor : at dalvik.system.BaseDexClassLoader.<init>(BaseDexClassLoader.java:65)
11-22 03:09:08.815 29065 29138 E Apxor : at dalvik.system.PathClassLoader.<init>(PathClassLoader.java:64)
11-22 03:09:08.815 29065 29138 E Apxor : at com.android.internal.os.ClassLoaderFactory.createClassLoader(ClassLoaderFactory.jav a:73)
11-22 03:09:08.815 29065 29138 E Apxor : at com.android.internal.os.ClassLoaderFactory.createClassLoader(ClassLoaderFactory.jav a:88)
11-22 03:09:08.815 29065 29138 E Apxor : at android.app.ApplicationLoaders.getClassLoader(ApplicationLoaders.java:74)
11-22 03:09:08.815 29065 29138 E Apxor : at android.app.ApplicationLoaders.getClassLoader(ApplicationLoaders.java:40)
11-22 03:09:08.815 29065 29138 E Apxor : at android.app.LoadedApk.createOrUpdateClassLoaderLocked(LoadedApk.java:766)
11-22 03:09:08.815 29065 29138 E Apxor : at android.app.LoadedApk.getClassLoader(LoadedApk.java:849)
11-22 03:09:08.815 29065 29138 E Apxor : at android.app.LoadedApk.getResources(LoadedApk.java:1090)
11-22 03:09:08.815 29065 29138 E Apxor : at android.app.ContextImpl.createAppContext(ContextImpl.java:2563)
11-22 03:09:08.815 29065 29138 E Apxor : at android.app.ActivityThread.handleBindApplication(ActivityThread.java:6128)
11-22 03:09:08.815 29065 29138 E Apxor : at android.app.ActivityThread.access$1200(ActivityThread.java:237)
11-22 03:09:08.815 29065 29138 E Apxor : at android.app.ActivityThread$H.handleMessage(ActivityThread.java:1792)
11-22 03:09:08.815 29065 29138 E Apxor : at android.os.Handler.dispatchMessage(Handler.java:106)
11-22 03:09:08.815 29065 29138 E Apxor : at android.os.Looper.loop(Looper.java:214)
11-22 03:09:08.815 29065 29138 E Apxor : at android.app.ActivityThread.main(ActivityThread.java:7078)
11-22 03:09:08.815 29065 29138 E Apxor : at java.lang.reflect.Method.invoke(Native Method)
11-22 03:09:08.815 29065 29138 E Apxor : at com.android.internal.os.RuntimeInit$MethodAndArgsCaller.run(RuntimeInit.java:494)
11-22 03:09:08.815 29065 29138 E Apxor : at com.android.internal.os.ZygoteInit.main(ZygoteInit.java:964)
11-22 03:09:08.866 29065 29098 I disha.quickrid: WaitForGcToComplete blocked AddRemoveAppImageSpace on ClassLinker for 68.614ms
11-22 03:09:08.890 29065 29170 D b : getData: response code:200
11-22 03:09:08.891 29065 29170 D b : POST: https://pn.netcoresmartech.com/pn_register -> {"appid":"d25af8de489a0ca420f9540aed14013a","pushid":"b67d683d-ca40-41d4-b0d3- 363137f7f471","identity":"80505598620910","adid":"","ostype":"Android","make":"sams ung","model":"SM-A730F","osversion":"9","appname":"Quick Ride","appversion":"8.91","sdkversion":"2.0.3","cts":191122030908,"lat":null,"lng": null,"oldToken":"dQ8cC-9aAT0:APA91bEP89A05qERbIVDgKiriDOI2e_hCJEG- rYA0UoNOg0XqPJ_YAj6JfhGBcvQpSnOb6i9HPrFMY5W84XSFEEBSRd6DszC4LRic5r_KsDOvEA54Kn7cEt4 oumH_th8gNcJZkq4Hs8d","sessionid":"1574372348130","tx":"1574372348204","eventid":"2 5","token":"dQ8cC-9aAT0:APA91bFVJK3xvWEOrEOZAwjf- LKyot9x32anVxd2k7NMHB_E0KWajpaIFd9FcsiPB1jrDIDaPfR- 19Ui25LFe1BmJlOYHIoHn8105RMXvrTntat1eB-StoL1DFx6t0HaXj114ZGvPiUO"} --- 200 OK {'status':'success','panelStatus':'1','pipe_name':'PR1_PN_REG'}
11-22 03:09:08.895 29065 29106 I WM-WorkerWrapper: Worker result SUCCESS for Work [ id=25940e0c-368a-45ad-b381-3589dae5e110, tags={ in.netcore.smartechfcm.workmanager.SlaveNetworkWorker } ]
11-22 03:09:08.900 29065 29098 V NativeCrypto: Registering com/google/android/gms/org/conscrypt/NativeCrypto's 286 native methods...
11-22 03:09:08.904 29065 29168 D b : getData: response code:200
11-22 03:09:08.905 29065 29168 D b : POST: https://pn.netcoresmartech.com/pn_register -> {"appid":"d25af8de489a0ca420f9540aed14013a","pushid":"b67d683d-ca40-41d4-b0d3- 363137f7f471","identity":"80505598620910","adid":"","ostype":"Android","make":"sams ung","model":"SM-A730F","osversion":"9","appname":"Quick Ride","appversion":"8.91","sdkversion":"2.0.3","cts":191122030908,"lat":null,"lng": null,"oldToken":"dQ8cC-9aAT0:APA91bEP89A05qERbIVDgKiriDOI2e_hCJEG- rYA0UoNOg0XqPJ_YAj6JfhGBcvQpSnOb6i9HPrFMY5W84XSFEEBSRd6DszC4LRic5r_KsDOvEA54Kn7cEt4 oumH_th8gNcJZkq4Hs8d","sessionid":"1574372348130","tx":"1574372348165","eventid":"2 5","token":"dQ8cC-9aAT0:APA91bFVJK3xvWEOrEOZAwjf- LKyot9x32anVxd2k7NMHB_E0KWajpaIFd9FcsiPB1jrDIDaPfR- 19Ui25LFe1BmJlOYHIoHn8105RMXvrTntat1eB-StoL1DFx6t0HaXj114ZGvPiUO"} --- 200 OK {'status':'success','panelStatus':'1','pipe_name':'PR1_PN_REG'}
11-22 03:09:08.919 29065 29106 I WM-WorkerWrapper: Worker result SUCCESS for Work [ id=98df476f-bd8a-408a-bc2a-e2d018156bac, tags={ in.netcore.smartechfcm.workmanager.SlaveNetworkWorker } ]
11-22 03:09:08.925 29065 29173 D b : getData: response code:200
11-22 03:09:08.926 29065 29173 D b : POST: https://pn.netcoresmartech.com/app_activity -> {"appid":"d25af8de489a0ca420f9540aed14013a","pushid":"b67d683d-ca40-41d4-b0d3- 363137f7f471","identity":"80505598620910","adid":"","ostype":"Android","make":"sams ung","model":"SM-A730F","osversion":"9","appname":"Quick Ride","appversion":"8.91","sdkversion":"2.0.3","cts":191122030908,"lat":null,"lng": null,"sessionid":"1574372348130","tx":"1574372348208","eventid":"21"} --- 200 OK {'status':'success'}
11-22 03:09:08.941 29065 29106 I WM-WorkerWrapper: Worker result SUCCESS for Work [ id=442fbfc3-21e6-4682-a474-7fb4baf8a580, tags={ in.netcore.smartechfcm.workmanager.SlaveNetworkWorker } ]
11-22 03:09:08.957 29065 29099 E GraphResponse: {HttpStatus: 400, errorCode: 43003, subErrorCode: -1, errorType: OAuthException, errorMessage: (#43003) App button auto detection is disabled}
11-22 03:09:08.967 29065 29098 I ProviderInstaller: Installed default security provider GmsCore_OpenSSL
11-22 03:09:08.968 29065 29065 D com.disha.quickride.androidapp.startup.QuickRideApplication: ProviderInstaller.installIfNeededAsync onProviderInstalled
11-22 03:09:09.069 29065 29180 D com.disha.quickride.androidapp.common.AndroidRestClient.AndroidClientLogger: RestClient.callService with httpRequestMethod = GET
11-22 03:09:09.075 29065 29180 I System.out: (HTTPLog)-Static: isSBSettingEnabled false
11-22 03:09:09.075 29065 29180 I System.out: (HTTPLog)-Static: isSBSettingEnabled false
11-22 03:09:09.075 29065 29180 D NetworkManagementSocketTagger: tagSocket(70) with statsTag=0xffffffff, statsUid=-1
11-22 03:09:09.091 29065 29138 I ApxorSDK: ApxorSDK(v253) successfully initialized for: d25af8de489a0ca420f9540aed14013a
11-22 03:09:09.209 29065 29180 D com.disha.quickride.androidapp.common.AndroidRestClient.AndroidClientLogger: RestClient.callService response code : 401
11-22 03:09:09.210 29065 29180 D com.disha.quickride.androidapp.common.AndroidRestClient.AndroidClientLogger: RestResponse.handleServiceErrorResponse {"result":"FAILURE","resultData": {"errorCode":11103,"httpStatusCode":401,"developerMsg":"Unauthorized access; Jwt token has expired","userMsg":"Secure session has expired","hintForCorrection":"Re- login and retry"}}
11-22 03:09:09.224 29065 29180 E com.disha.quickride.androidapp.common.AndroidRestClient.AndroidClientLogger: RestResponse.processResponseErrorToProperException Error obj there [errorCode: 11103 ][httpStatusCode: 401 ][developerMsg: Unauthorized access; Jwt token has expired ][userMsg: Secure session has expired ][hintForCorrection: Re-login and retry ]
11-22 03:09:09.225 29065 29180 E com.disha.quickride.androidapp.common.AndroidRestClient.AndroidClientLogger: handleServiceErrorResponse : Failed to process response error com.disha.quickride.rest.client.RestClientException: [errorCode: 11103 ] [httpStatusCode: 401 ][developerMsg: Unauthorized access; Jwt token has expired ] [userMsg: Secure session has expired ][hintForCorrection: Re-login and retry ]
11-22 03:09:09.225 29065 29180 D com.disha.quickride.androidapp.common.AndroidRestClient.AndroidClientLogger: RestClient.callService with httpRequestMethod = GET
11-22 03:09:09.227 29065 29180 I System.out: (HTTPLog)-Static: isSBSettingEnabled false
11-22 03:09:09.227 29065 29180 I System.out: (HTTPLog)-Static: isSBSettingEnabled false
11-22 03:09:09.228 29065 29180 D NetworkManagementSocketTagger: tagSocket(78) with statsTag=0xffffffff, statsUid=-1
11-22 03:09:09.281 29065 29182 D com.disha.quickride.androidapp.conversation.ConversationChatRestServiceClient: getPendingChatMessages80505598620910
11-22 03:09:09.293 29065 29182 D com.disha.quickride.androidapp.common.AndroidRestClient.AndroidClientLogger: RestClient.callService with httpRequestMethod = GET
11-22 03:09:09.295 29065 29182 I System.out: (HTTPLog)-Static: isSBSettingEnabled false
11-22 03:09:09.295 29065 29182 I System.out: (HTTPLog)-Static: isSBSettingEnabled false
11-22 03:09:09.297 29065 29182 D NetworkManagementSocketTagger: tagSocket(81) with statsTag=0xffffffff, statsUid=-1
11-22 03:09:09.373 29065 29180 D com.disha.quickride.androidapp.common.AndroidRestClient.AndroidClientLogger: RestClient.callService response code : 200
11-22 03:09:09.379 29065 29180 D com.disha.quickride.androidapp.common.AndroidRestClient.AndroidClientLogger: RestClient.callService with httpRequestMethod = GET
11-22 03:09:09.381 29065 29180 I System.out: (HTTPLog)-Static: isSBSettingEnabled false
11-22 03:09:09.381 29065 29180 I System.out: (HTTPLog)-Static: isSBSettingEnabled false
11-22 03:09:09.382 29065 29180 D NetworkManagementSocketTagger: tagSocket(85) with statsTag=0xffffffff, statsUid=-1
11-22 03:09:09.429 29065 29182 D com.disha.quickride.androidapp.common.AndroidRestClient.AndroidClientLogger: RestClient.callService response code : 401
11-22 03:09:09.431 29065 29182 D com.disha.quickride.androidapp.common.AndroidRestClient.AndroidClientLogger: RestResponse.handleServiceErrorResponse {"result":"FAILURE","resultData": {"errorCode":11103,"httpStatusCode":401,"developerMsg":"Unauthorized access; Jwt token has expired","userMsg":"Secure session has expired","hintForCorrection":"Re- login and retry"}}
11-22 03:09:09.448 29065 29182 E com.disha.quickride.androidapp.common.AndroidRestClient.AndroidClientLogger: RestResponse.processResponseErrorToProperException Error obj there [errorCode: 11103 ][httpStatusCode: 401 ][developerMsg: Unauthorized access; Jwt token has expired ][userMsg: Secure session has expired ][hintForCorrection: Re-login and retry ]
11-22 03:09:09.449 29065 29182 E com.disha.quickride.androidapp.common.AndroidRestClient.AndroidClientLogger: handleServiceErrorResponse : Failed to process response error com.disha.quickride.rest.client.RestClientException: [errorCode: 11103 ] [httpStatusCode: 401 ][developerMsg: Unauthorized access; Jwt token has expired ] [userMsg: Secure session has expired ][hintForCorrection: Re-login and retry ]
11-22 03:09:09.450 29065 29182 D com.disha.quickride.androidapp.common.AndroidRestClient.AndroidClientLogger: RestClient.callService with httpRequestMethod = GET
11-22 03:09:09.451 29065 29182 I System.out: (HTTPLog)-Static: isSBSettingEnabled false
11-22 03:09:09.452 29065 29182 I System.out: (HTTPLog)-Static: isSBSettingEnabled false
11-22 03:09:09.452 29065 29182 D NetworkManagementSocketTagger: tagSocket(84) with statsTag=0xffffffff, statsUid=-1
11-22 03:09:09.515 29065 29147 I System.out: (HTTPLog)-Static: isSBSettingEnabled false
11-22 03:09:09.515 29065 29147 I System.out: (HTTPLog)-Static: isSBSettingEnabled false
11-22 03:09:09.520 29065 29180 D com.disha.quickride.androidapp.common.AndroidRestClient.AndroidClientLogger: RestClient.callService response code : 200
11-22 03:09:09.527 29065 29147 D NetworkManagementSocketTagger: tagSocket(75) with statsTag=0xffffffff, statsUid=-1
11-22 03:09:09.650 29065 29182 D com.disha.quickride.androidapp.common.AndroidRestClient.AndroidClientLogger: RestClient.callService response code : 200
11-22 03:09:09.654 29065 29182 D com.disha.quickride.androidapp.common.AndroidRestClient.AndroidClientLogger: RestClient.callService with httpRequestMethod = GET
11-22 03:09:09.655 29065 29182 I System.out: (HTTPLog)-Static: isSBSettingEnabled false
11-22 03:09:09.655 29065 29182 I System.out: (HTTPLog)-Static: isSBSettingEnabled false
11-22 03:09:09.656 29065 29182 D NetworkManagementSocketTagger: tagSocket(66) with statsTag=0xffffffff, statsUid=-1
11-22 03:09:09.728 29065 29151 D com.disha.quickride.androidapp.startup.session.SessionManager: Performing session change operation on com.disha.quickride.androidapp.event.EventModuleSessionManager@c193eb8
11-22 03:09:09.731 29065 29151 D com.disha.quickride.androidapp.startup.session.SessionManager: Performing session change operation on com.disha.quickride.androidapp.ridemgmt.RideMgmtModuleSessionHandler@30a48cd
11-22 03:09:09.731 29065 29151 I com.disha.quickride.androidapp.ridemgmt.RideMgmtModuleSessionHandler: resumeBasicUserSession
11-22 03:09:09.765 29065 29186 D OpenGLRenderer: Skia GL Pipeline
11-22 03:09:09.774 29065 29188 D com.disha.quickride.androidapp.common.AndroidRestClient.AndroidClientLogger: RestClient.callService with httpRequestMethod = GET
11-22 03:09:09.776 29065 29188 I System.out: (HTTPLog)-Static: isSBSettingEnabled false
11-22 03:09:09.777 29065 29188 I System.out: (HTTPLog)-Static: isSBSettingEnabled false
11-22 03:09:09.778 29065 29151 I com.disha.quickride.androidapp.myrides.cache.MyActiveRidesCache: getting active rides of user after the current time
11-22 03:09:09.779 29065 29151 D com.disha.quickride.androidapp.myrides.cache.MyClosedRidesCache: Loading closed rides from local database
11-22 03:09:09.779 29065 29188 D NetworkManagementSocketTagger: tagSocket(93) with statsTag=0xffffffff, statsUid=-1
11-22 03:09:09.782 29065 29151 D com.disha.quickride.androidapp.myrides.cache.MyCompletedRidesCachePersistenceHelper : getting all rider rides from databse
11-22 03:09:09.786 29065 29151 D com.disha.quickride.androidapp.myrides.cache.MyCompletedRidesCachePersistenceHelper : getting all passenger rides
11-22 03:09:09.790 29065 29151 D com.disha.quickride.androidapp.myrides.cache.MyCompletedRidesCachePersistenceHelper : getting all regular passenger rides
11-22 03:09:09.794 29065 29182 D com.disha.quickride.androidapp.common.AndroidRestClient.AndroidClientLogger: RestClient.callService response code : 200
11-22 03:09:09.809 29065 29151 D com.disha.quickride.androidapp.myrides.cache.MyCompletedRidesCachePersistenceHelper : getting all regular passenger rides
11-22 03:09:09.830 29065 29151 I com.disha.quickride.androidapp.usermgmt.cache.UserDataCache: getting of user name
11-22 03:09:09.834 29065 29151 D com.disha.quickride.androidapp.startup.session.SessionManagerController: Session change operation completed successfully
11-22 03:09:09.835 29065 29151 D com.disha.quickride.androidapp.startup.session.SessionResumeAsyncTask: Session resume operation completed
11-22 03:09:09.835 29065 29151 D com.disha.quickride.androidapp.notification.FCMTokenRegistrationHelper: Getting FCM token to update to server for user : 80505598620910
11-22 03:09:09.837 29065 29151 D com.disha.quickride.androidapp.startup.session.SessionSetupAsyncTask: Session change operation completed successfully
11-22 03:09:09.837 29065 29151 D com.disha.quickride.androidapp.notification.QuickRideGCMIntentService: Processing all GCM messages arrived before session was initialized
11-22 03:09:09.837 29065 29151 D com.disha.quickride.androidapp.notification.QuickRideGCMIntentService: Processing new GCM Message : Bundle[{channel_id=RideInvites, EXPIRY_TIME=1574379776746, Priority=2, GroupValue=80505598620910, android_channel_id=RideInvites, MsgClassName=java.lang.String, Id=0, Time=1574368976799, Type=NOT_TYPE_UPDATE_USER_APP_RETAINED_TIME, Group=silentNotification, Is_Ack_Required=true, IsActionTaken=false, sendFrom=0, Unique_Id=1513915490411, IS_USER_NOTIFICATION=true, IsActionRequired=false}]
11-22 03:09:09.838 29065 29065 D com.disha.quickride.androidapp.notification.FCMTokenRegistrationHelper: FCM token for userId : 80505598620910 is : dQ8cC-9aAT0:APA91bFVJK3xvWEOrEOZAwjf- LKyot9x32anVxd2k7NMHB_E0KWajpaIFd9FcsiPB1jrDIDaPfR- 19Ui25LFe1BmJlOYHIoHn8105RMXvrTntat1eB-StoL1DFx6t0HaXj114ZGvPiUO
11-22 03:09:09.838 29065 29190 D com.disha.quickride.androidapp.startup.session.SetUserIdIdentifierToFabricAsyncTask : UserId set to Fabric
11-22 03:09:09.841 29065 29192 D com.disha.quickride.androidapp.notification.FCMTokenRegistrationAsyncTask: Updating client device id to server : dQ8cC-9aAT0:APA91bFVJK3xvWEOrEOZAwjf- LKyot9x32anVxd2k7NMHB_E0KWajpaIFd9FcsiPB1jrDIDaPfR- 19Ui25LFe1BmJlOYHIoHn8105RMXvrTntat1eB-StoL1DFx6t0HaXj114ZGvPiUO
11-22 03:09:09.848 29065 29151 D com.disha.quickride.androidapp.notification.NotificationHandler: Handling of new user notifications
11-22 03:09:09.856 29065 29151 D com.disha.quickride.androidapp.startup.session.SessionManagerController: Stopping WatchdogService
11-22 03:09:09.857 29065 29192 D com.disha.quickride.androidapp.common.AndroidRestClient.AndroidClientLogger: RestClient.callService with httpRequestMethod = PUT
11-22 03:09:09.859 29065 29192 I System.out: (HTTPLog)-Static: isSBSettingEnabled false
11-22 03:09:09.860 29065 29192 I System.out: (HTTPLog)-Static: isSBSettingEnabled false
11-22 03:09:09.861 29065 29192 D NetworkManagementSocketTagger: tagSocket(78) with statsTag=0xffffffff, statsUid=-1
11-22 03:09:09.866 29065 29151 D com.disha.quickride.androidapp.startup.session.SessionManagerController: Cancelling alarm that was set to check watchdog service
11-22 03:09:09.874 29065 29109 D com.disha.quickride.androidapp.common.AndroidRestClient.AndroidClientLogger: RestClient.callService with httpRequestMethod = PUT
11-22 03:09:09.876 29065 29151 D com.disha.quickride.androidapp.startup.session.SessionSetupAsyncTask: Session change operation took 1583 ms
11-22 03:09:09.877 29065 29109 I System.out: (HTTPLog)-Static: isSBSettingEnabled false
11-22 03:09:09.877 29065 29109 I System.out: (HTTPLog)-Static: isSBSettingEnabled false
11-22 03:09:09.878 29065 29109 D NetworkManagementSocketTagger: tagSocket(79) with statsTag=0xffffffff, statsUid=-1
11-22 03:09:09.933 29065 29188 D com.disha.quickride.androidapp.common.AndroidRestClient.AndroidClientLogger: RestClient.callService response code : 200
11-22 03:09:10.016 29065 29192 D com.disha.quickride.androidapp.common.AndroidRestClient.AndroidClientLogger: RestClient.callService response code : 200
11-22 03:09:10.018 29065 29109 D com.disha.quickride.androidapp.common.AndroidRestClient.AndroidClientLogger: RestClient.callService response code : 200
11-22 03:09:10.298 29065 29147 I System.out: (HTTPLog)-Static: isSBSettingEnabled false
11-22 03:09:10.298 29065 29147 I System.out: (HTTPLog)-Static: isSBSettingEnabled false
11-22 03:09:12.386 29065 29083 I disha.quickrid: Waiting for a blocking GC ProfileSaver
11-22 03:09:12.445 29065 29083 I disha.quickrid: WaitForGcToComplete blocked ProfileSaver on HeapTrim for 58.941ms
11-22 03:09:12.832 29065 29189 D com.disha.quickride.androidapp.event.EventModuleSessionManager: Resuming complete user session
11-22 03:09:12.848 29065 29189 D com.disha.quickride.androidapp.event.EventServicePersistenceHelper: Purging old messages with condition : time <= 1574350752832
11-22 03:09:12.850 29065 29189 D com.disha.quickride.androidapp.event.EventServicePersistenceHelper: No of old messages purged : 0
11-22 03:09:12.863 29065 29189 D com.disha.quickride.androidapp.event.EventServicePersistenceHelper: 0 messages read from persistence
11-22 03:09:12.863 29065 29189 D com.disha.quickride.androidapp.event.RideMgmtEventServiceProxy: Initializing unprocessed messages from persistence
11-22 03:09:12.872 29065 29189 D com.disha.quickride.androidapp.event.EventServicePersistenceHelper: 0 unprocessed messages read from persistence
11-22 03:09:12.878 29065 29189 D com.disha.quickride.androidapp.event.EventServicePersistenceHelper: Purging old messages with condition : time <= 1574350752872
11-22 03:09:12.879 29065 29189 D com.disha.quickride.androidapp.event.EventServicePersistenceHelper: No of old messages purged : 0
11-22 03:09:12.887 29065 29189 D com.disha.quickride.androidapp.event.EventServicePersistenceHelper: 0 messages read from persistence
11-22 03:09:12.887 29065 29189 D com.disha.quickride.androidapp.event.LocationUpdateEventServiceProxy: Initializing unprocessed messages from persistence
11-22 03:09:12.894 29065 29189 D com.disha.quickride.androidapp.event.EventServicePersistenceHelper: 0 unprocessed messages read from persistence
11-22 03:09:12.895 29065 29189 D com.disha.quickride.androidapp.usermgmt.UserMessageListener: subscribeToUserMsgUpdates
11-22 03:09:12.896 29065 29189 D com.disha.quickride.androidapp.event.RideMgmtEventServiceProxy: Adding topic name to subscriptions queue :userMsg/80505598620910
11-22 03:09:12.913 29065 29189 D com.disha.quickride.androidapp.event.EventModuleSessionManager: Establishing event service connection
11-22 03:09:12.914 29065 29189 D com.disha.quickride.androidapp.event.RideMgmtEventServiceProxy: Entering dispatchAllMessagesArrivedBeforeSessionWasInitialized
11-22 03:09:12.915 29065 29154 D com.disha.quickride.androidapp.event.InitialMessagesDispatchTask: Dispatching initial messages
11-22 03:09:12.915 29065 29189 D com.disha.quickride.androidapp.event.LocationUpdateEventServiceProxy: Entering dispatchAllMessagesArrivedBeforeSessionWasInitialized
11-22 03:09:12.915 29065 29180 D com.disha.quickride.androidapp.event.InitialMessagesDispatchTask: Dispatching initial messages
11-22 03:09:12.930 29065 29189 I com.disha.quickride.androidapp.ridemgmt.RideManagementMqttProxy: subscribing to topic of existing rides
11-22 03:09:12.930 29065 29189 I com.disha.quickride.androidapp.ridemgmt.RideManagementMqttProxy: subscribing to topic of existing rider rides
11-22 03:09:12.930 29065 29189 D com.disha.quickride.androidapp.groupchat.RideGroupChatMqttListener: Subscribing to collection of rides
11-22 03:09:12.930 29065 29189 I com.disha.quickride.androidapp.ridemgmt.RideManagementMqttProxy: subscribing to topic of existing passenger rides
11-22 03:09:12.930 29065 29189 D com.disha.quickride.androidapp.groupchat.RideGroupChatMqttListener: Subscribing to collection of rides
11-22 03:09:12.941 29065 29187 D com.disha.quickride.androidapp.common.AndroidRestClient.AndroidClientLogger: RestClient.callService with httpRequestMethod = GET
11-22 03:09:12.943 29065 29187 I System.out: (HTTPLog)-Static: isSBSettingEnabled false
11-22 03:09:12.943 29065 29187 I System.out: (HTTPLog)-Static: isSBSettingEnabled false
11-22 03:09:12.948 29065 29187 D NetworkManagementSocketTagger: tagSocket(51) with statsTag=0xffffffff, statsUid=-1
11-22 03:09:13.117 29065 29187 D com.disha.quickride.androidapp.common.AndroidRestClient.AndroidClientLogger: RestClient.callService response code : 200
11-22 03:09:27.381 29065 29105 I System.out: (HTTPLog)-Static: isSBSettingEnabled false
11-22 03:09:27.381 29065 29105 I System.out: (HTTPLog)-Static: isSBSettingEnabled false
11-22 03:09:27.398 29065 29105 D NetworkManagementSocketTagger: tagSocket(66) with statsTag=0xffffffff, statsUid=-1 --------- beginning of main
11-22 04:26:45.387 8887 8887 I disha.quickrid: report jit thread pid = 8893
11-22 04:26:45.391 8887 8887 E disha.quickrid: Not starting debugger since process cannot load the jdwp agent.
11-22 04:26:45.481 8887 8887 I disha.quickrid: The ClassLoaderContext is a special shared library.
11-22 04:26:45.573 8887 8887 W disha.quickrid: JIT profile information will not be recorded: profile file does not exits.
11-22 04:26:45.573 8887 8887 I chatty : uid=10108(com.disha.quickride) identical 1 line
11-22 04:26:45.573 8887 8887 W disha.quickrid: JIT profile information will not be recorded: profile file does not exits.
11-22 04:26:45.605 8887 8887 D com.disha.quickride.androidapp.startup.QuickRideApplication: QuickRideApplication is instantiated
11-22 04:26:45.608 8887 8887 I MultiDex: VM with version 2.1.0 has multidex support
11-22 04:26:45.608 8887 8887 I MultiDex: Installing application
11-22 04:26:45.608 8887 8887 I MultiDex: VM has multidex support, MultiDex support library is disabled.
11-22 04:26:45.608 8887 8887 I MultiDex: Installing application
11-22 04:26:45.608 8887 8887 I MultiDex: VM has multidex support, MultiDex support library is disabled.
11-22 04:26:45.871 8887 8887 D FirebaseApp: com.google.firebase.auth.FirebaseAuth is not linked. Skipping initialization.
11-22 04:26:45.872 8887 8887 D FirebaseApp: com.google.firebase.crash.FirebaseCrash is not linked. Skipping initialization.
11-22 04:26:45.872 8887 8887 I FirebaseInitProvider: FirebaseApp initialization successful
11-22 04:26:45.880 8887 8887 I CrashlyticsInitProvider: CrashlyticsInitProvider skipping initialization
11-22 04:26:45.884 8887 8887 E Apxor : App Id is empty or null, couldn't initialize ApxorSDK
11-22 04:26:45.938 8887 8921 D NetworkSecurityConfig: No Network Security Config specified, using platform default
11-22 04:26:45.956 8887 8921 I System.out: (HTTPLog)-Static: isSBSettingEnabled false
11-22 04:26:45.956 8887 8921 I System.out: (HTTPLog)-Static: isSBSettingEnabled false
11-22 04:26:45.969 8887 8921 D NetworkManagementSocketTagger: tagSocket(51) with statsTag=0xffffffff, statsUid=-1
11-22 04:26:46.006 8887 8914 I FA : App measurement is starting up, version: 15300
11-22 04:26:46.006 8887 8914 I FA : To enable debug logging run: adb shell setprop log.tag.FA VERBOSE
11-22 04:26:46.006 8887 8914 I FA : To enable faster debug mode event logging run:
11-22 04:26:46.006 8887 8914 I FA : adb shell setprop debug.firebase.analytics.app com.disha.quickride
11-22 04:26:46.046 8887 8887 D com.disha.quickride.androidapp.startup.QuickRideApplication: QuickRideApplication is created
11-22 04:26:46.047 8887 8887 D com.disha.quickride.androidapp.startup.QuickRideApplication: enabled https protocols null
11-22 04:26:46.057 8887 8952 I disha.quickrid: Waiting for a blocking GC ClassLinker
11-22 04:26:46.123 8887 8952 I disha.quickrid: WaitForGcToComplete blocked ClassLinker on AddRemoveAppImageSpace for 65.706ms
11-22 04:26:46.557 8887 8921 I System.out: (HTTPLog)-Static: isSBSettingEnabled false
11-22 04:26:46.557 8887 8921 I System.out: (HTTPLog)-Static: isSBSettingEnabled false
11-22 04:26:46.682 8887 8952 I CrashlyticsCore: Initializing Crashlytics 2.6.8.32
11-22 04:26:46.747 8887 8952 W com.facebook.appevents.AppEventsLogger: activateApp events are being logged automatically. There's no need to call activateApp explicitly, this is safe to remove.
11-22 04:26:46.764 8887 8952 I GAv4 : Google Analytics 12.4.51 is starting up. To enable debug logging on a device run:
11-22 04:26:46.764 8887 8952 I GAv4 : adb shell setprop log.tag.GAv4 DEBUG
11-22 04:26:46.764 8887 8952 I GAv4 : adb logcat -s GAv4
11-22 04:26:46.818 8887 8952 D AppsFlyer_4.9.0: Initializing AppsFlyer SDK: (v4.9.0.184)
11-22 04:26:46.827 8887 8952 D AppsFlyer_4.9.0: Done loading properties: true
11-22 04:26:46.849 8887 9021 I System.out: (HTTPLog)-Static: isSBSettingEnabled false
11-22 04:26:46.849 8887 9021 I System.out: (HTTPLog)-Static: isSBSettingEnabled false
11-22 04:26:46.869 8887 8887 W WM-WorkSpec: Interval duration lesser than minimum allowed value; Changed to 900000
11-22 04:26:46.914 8887 8887 I CleverTap: Activity Lifecycle Callback successfully registered
11-22 04:26:46.916 8887 8887 I CleverTap: Account Region not specified in the AndroidManifest - using default region
11-22 04:26:46.924 8887 8887 I CleverTap: CleverTap SDK initialized with accountId: 677-74Z-765Z accountToken: 14a-aa6 accountRegion: null
11-22 04:26:46.931 8887 9021 D NetworkManagementSocketTagger: tagSocket(66) with statsTag=0xffffffff, statsUid=-1
11-22 04:26:46.937 8887 8887 D com.disha.quickride.androidapp.startup.QuickRideApplication: Initializing Session Manager
11-22 04:26:46.939 8887 9036 D com.disha.quickride.androidapp.startup.session.SessionManagerController: Resuming user session
11-22 04:26:46.939 8887 9036 D com.disha.quickride.androidapp.startup.session.SessionManager: Entering createNewSessionManager
11-22 04:26:46.945 8887 8928 W DynamiteModule: Local module descriptor class for providerinstaller not found.
11-22 04:26:46.949 8887 9036 D com.disha.quickride.androidapp.startup.session.SessionManager: Found Persistent session for user 80505598620910
11-22 04:26:46.949 8887 9036 D com.disha.quickride.androidapp.startup.session.SessionManager: Entering onResumeUserSession
11-22 04:26:46.949 8887 9036 D com.disha.quickride.androidapp.startup.session.SessionManager: Performing session change operation on com.disha.quickride.androidapp.common.serverConfig.ClientConfigurationModuleSession Manager@e960fe9
11-22 04:26:46.949 8887 9036 D com.disha.quickride.androidapp.common.serverConfig.ClientConfigurationModuleSession Manager: Resuming basic user session
11-22 04:26:46.955 8887 8887 W Java7Support: Unable to load JDK7 types (annotations, java.nio.file.Path): no Java7 support added
11-22 04:26:46.961 8887 9031 I CleverTap: SDK Version Code is 30501
11-22 04:26:46.966 8887 9031 I CleverTap: CTPushNotificationReceiver is present
11-22 04:26:46.971 8887 9031 I CleverTap: InstallReferrerBroadcastReceiver is present
11-22 04:26:46.973 8887 9031 I CleverTap: CTNotificationIntentService not present
11-22 04:26:46.976 8887 9031 I CleverTap: CTBackgroundJobService is present
11-22 04:26:46.979 8887 9031 I CleverTap: CTBackgroundIntentService is present
11-22 04:26:46.985 8887 9031 I CleverTap: InAppNotificationActivity is present
11-22 04:26:46.991 8887 9031 I CleverTap: FcmMessageListenerService not present
11-22 04:26:46.993 8887 9031 I CleverTap: FcmTokenListenerService not present
11-22 04:26:46.994 8887 8928 I DynamiteModule: Considering local module providerinstaller:0 and remote module providerinstaller:0
11-22 04:26:46.996 8887 8928 W ProviderInstaller: Failed to load providerinstaller module: No acceptable module found. Local version is 0 and remote version is 0.
11-22 04:26:47.005 8887 9050 D com.disha.quickride.androidapp.common.AndroidRestClient.AndroidClientLogger: RestClient.callService with httpRequestMethod = GET
11-22 04:26:47.031 8887 9050 I System.out: (HTTPLog)-Static: isSBSettingEnabled false
11-22 04:26:47.032 8887 9050 I System.out: (HTTPLog)-Static: isSBSettingEnabled false
11-22 04:26:47.069 8887 9036 D com.disha.quickride.androidapp.startup.session.SessionManager: Performing session change operation on com.disha.quickride.androidapp.usermgmt.UserModuleSessionManager@b9c3d78
11-22 04:26:47.069 8887 9036 D com.disha.quickride.androidapp.usermgmt.UserModuleSessionManager: Resume basic user session
11-22 04:26:47.075 8887 9052 D com.disha.quickride.androidapp.notification.QuickRideGCMIntentService: New GCM message received : {channel_id=RideInvites, EXPIRY_TIME=1574379900846, Priority=2, GroupValue=80505602785853, android_channel_id=RideInvites, MsgClassName=java.lang.String, Id=0, Time=1574369100961, Type=NOT_TYPE_UPDATE_USER_APP_RETAINED_TIME, Group=silentNotification, Is_Ack_Required=true, IsActionTaken=false, sendFrom=0, Unique_Id=1513915723725, IS_USER_NOTIFICATION=true, IsActionRequired=false}
11-22 04:26:47.095 8887 8927 I System.out: (HTTPLog)-Static: isSBSettingEnabled false
11-22 04:26:47.095 8887 8927 I System.out: (HTTPLog)-Static: isSBSettingEnabled false
11-22 04:26:47.137 8887 9052 E b : Error: No value for data
11-22 04:26:47.138 8887 9052 D com.disha.quickride.androidapp.notification.QuickRideGCMIntentService: Not handled by NetCore
11-22 04:26:47.138 8887 9052 D com.disha.quickride.androidapp.notification.QuickRideGCMIntentService: Session is not yet initialized; will queue up the message and process after session is initialized
11-22 04:26:47.145 8887 9050 D NetworkManagementSocketTagger: tagSocket(75) with statsTag=0xffffffff, statsUid=-1
11-22 04:26:47.246 8887 8935 I System.out: (HTTPLog)-Static: isSBSettingEnabled false
11-22 04:26:47.246 8887 8935 I System.out: (HTTPLog)-Static: isSBSettingEnabled false
11-22 04:26:47.268 8887 8935 D NetworkManagementSocketTagger: tagSocket(72) with statsTag=0xffffffff, statsUid=-1
11-22 04:26:47.281 8887 9031 I CleverTap:677-74Z-765Z: Notification channel promopush has been created
11-22 04:26:47.352 8887 8928 I disha.quickrid: The ClassLoaderContext is a special shared library.
11-22 04:26:47.364 8887 8927 E GraphResponse: {HttpStatus: 400, errorCode: 43003, subErrorCode: -1, errorType: OAuthException, errorMessage: (#43003) App button auto detection is disabled}
11-22 04:26:47.409 8887 9031 I CleverTap:677-74Z-765Z: Notification channel offerspush has been created
11-22 04:26:47.412 8887 9031 I CleverTap:677-74Z-765Z: Notification channel notifypush has been created
11-22 04:26:47.489 8887 8928 I disha.quickrid: The ClassLoaderContext is a special shared library.
11-22 04:26:47.494 8887 8928 I disha.quickrid: The ClassLoaderContext is a special shared library.
11-22 04:26:47.495 8887 9021 E Apxor : Configuration is not in fall between provided dates
11-22 04:26:47.495 8887 9021 E Apxor : Failed to initialize the config item
11-22 04:26:47.496 8887 9021 E Apxor : Configuration is not in fall between provided dates
11-22 04:26:47.497 8887 9021 E Apxor : Failed to initialize the config item
11-22 04:26:47.518 8887 9021 D FirebaseApp: com.google.firebase.auth.FirebaseAuth is not linked. Skipping initialization.
11-22 04:26:47.590 8887 8928 W disha.quickrid: Suspending all threads took: 28.946ms
11-22 04:26:47.617 8887 9050 D com.disha.quickride.androidapp.common.AndroidRestClient.AndroidClientLogger: RestClient.callService response code : 200
11-22 04:26:47.670 8887 9021 E Apxor : initialize:
11-22 04:26:47.670 8887 9021 E Apxor : java.lang.ClassNotFoundException: com.apxor.androidsdk.plugins.wysiwyg.WYSIWYGPlugin
11-22 04:26:47.670 8887 9021 E Apxor : at java.lang.Class.classForName(Native Method)
11-22 04:26:47.670 8887 9021 E Apxor : at java.lang.Class.forName(Class.java:453)
11-22 04:26:47.670 8887 9021 E Apxor : at java.lang.Class.forName(Class.java:378)
11-22 04:26:47.670 8887 9021 E Apxor : at com.apxor.androidsdk.core.pluginmanager.PluginLoader.b(SourceFile:115)
11-22 04:26:47.670 8887 9021 E Apxor : at com.apxor.androidsdk.core.pluginmanager.PluginLoader.initialize(SourceFile:49)
11-22 04:26:47.670 8887 9021 E Apxor : at com.apxor.androidsdk.core.SDKController$1$1.onComplete(SourceFile:303)
11-22 04:26:47.670 8887 9021 E Apxor : at com.apxor.androidsdk.core.utils.network.a.a(SourceFile:49)
11-22 04:26:47.670 8887 9021 E Apxor : at com.apxor.androidsdk.core.utils.network.a.a(SourceFile:160)
11-22 04:26:47.670 8887 9021 E Apxor : at com.apxor.androidsdk.core.utils.network.a.a(SourceFile:56)
11-22 04:26:47.670 8887 9021 E Apxor : at com.apxor.androidsdk.core.utils.network.b$3.run(SourceFile:81)
11-22 04:26:47.670 8887 9021 E Apxor : at com.apxor.androidsdk.core.utils.network.b$4.run(SourceFile:130)
11-22 04:26:47.670 8887 9021 E Apxor : at android.os.Handler.handleCallback(Handler.java:873)
11-22 04:26:47.670 8887 9021 E Apxor : at android.os.Handler.dispatchMessage(Handler.java:99)
11-22 04:26:47.670 8887 9021 E Apxor : at android.os.Looper.loop(Looper.java:214)
11-22 04:26:47.670 8887 9021 E Apxor : at android.os.HandlerThread.run(HandlerThread.java:65)
11-22 04:26:47.670 8887 9021 E Apxor : Caused by: java.lang.ClassNotFoundException: Didn't find class "com.apxor.androidsdk.plugins.wysiwyg.WYSIWYGPlugin" on path: DexPathList[[zip file "/system/framework/org.apache.http.legacy.boot.jar", zip file "/data/app/com.disha.quickride-aE2P2r-F3zY6aHryK1rM1g==/base.apk", zip file "/data/app/com.disha.quickride-aE2P2r-F3zY6aHryK1rM1g==/split_config.arm64_v8a.apk" , zip file "/data/app/com.disha.quickride-aE2P2r-F3zY6aHryK1rM1g==/split_config.en.apk", zip file "/data/app/com.disha.quickride-aE2P2r-F3zY6aHryK1rM1g==/split_config.xxhdpi.apk"],n ativeLibraryDirectories=[/data/app/com.disha.quickride-aE2P2r-F3zY6aHryK1rM1g==/ lib/arm64, /data/app/com.disha.quickride-aE2P2r-F3zY6aHryK1rM1g==/base.apk!/lib/ arm64-v8a, /data/app/com.disha.quickride-aE2P2r-F3zY6aHryK1rM1g==/split_config.arm64_v8a.apk!/ lib/arm64-v8a, /data/app/com.disha.quickride-aE2P2r-F3zY6aHryK1rM1g==/split_config.en.apk!/lib/ arm64-v8a, /data/app/com.disha.quickride-aE2P2r-F3zY6aHryK1rM1g==/split_config.xxhdpi.apk!/ lib/arm64-v8a, /system/lib64, /system/vendor/lib64]]
11-22 04:26:47.670 8887 9021 E Apxor : at dalvik.system.BaseDexClassLoader.findClass(BaseDexClassLoader.java:134)
11-22 04:26:47.670 8887 9021 E Apxor : at java.lang.ClassLoader.loadClass(ClassLoader.java:379)
11-22 04:26:47.670 8887 9021 E Apxor : at java.lang.ClassLoader.loadClass(ClassLoader.java:312)
11-22 04:26:47.670 8887 9021 E Apxor : ... 15 more
11-22 04:26:47.670 8887 9021 E Apxor : Suppressed: java.io.IOException: No original dex files found for dex location (arm64) /data/app/com.disha.quickride- aE2P2r-F3zY6aHryK1rM1g==/split_config.arm64_v8a.apk
11-22 04:26:47.670 8887 9021 E Apxor : at dalvik.system.DexFile.openDexFileNative(Native Method)
11-22 04:26:47.670 8887 9021 E Apxor : at dalvik.system.DexFile.openDexFile(DexFile.java:354)
11-22 04:26:47.670 8887 9021 E Apxor : at dalvik.system.DexFile.<init>(DexFile.java:101)
11-22 04:26:47.670 8887 9021 E Apxor : at dalvik.system.DexFile.<init>(DexFile.java:75)
11-22 04:26:47.670 8887 9021 E Apxor : at dalvik.system.DexPathList.loadDexFile(DexPathList.java:394)
11-22 04:26:47.670 8887 9021 E Apxor : at dalvik.system.DexPathList.makeDexElements(DexPathList.java:354)
11-22 04:26:47.670 8887 9021 E Apxor : at dalvik.system.DexPathList.<init>(DexPathList.java:164)
11-22 04:26:47.670 8887 9021 E Apxor : at dalvik.system.BaseDexClassLoader.<init>(BaseDexClassLoader.java:74)
11-22 04:26:47.670 8887 9021 E Apxor : at dalvik.system.BaseDexClassLoader.<init>(BaseDexClassLoader.java:65)
11-22 04:26:47.670 8887 9021 E Apxor : at dalvik.system.PathClassLoader.<init>(PathClassLoader.java:64)
11-22 04:26:47.670 8887 9021 E Apxor : at com.android.internal.os.ClassLoaderFactory.createClassLoader(ClassLoaderFactory.jav a:73)
11-22 04:26:47.670 8887 9021 E Apxor : at com.android.internal.os.ClassLoaderFactory.createClassLoader(ClassLoaderFactory.jav a:88)
11-22 04:26:47.670 8887 9021 E Apxor : at android.app.ApplicationLoaders.getClassLoader(ApplicationLoaders.java:74)
11-22 04:26:47.670 8887 9021 E Apxor : at android.app.ApplicationLoaders.getClassLoader(ApplicationLoaders.java:40)
11-22 04:26:47.670 8887 9021 E Apxor : at android.app.LoadedApk.createOrUpdateClassLoaderLocked(LoadedApk.java:766)
11-22 04:26:47.670 8887 9021 E Apxor : at android.app.LoadedApk.getClassLoader(LoadedApk.java:849)
11-22 04:26:47.670 8887 9021 E Apxor : at android.app.LoadedApk.getResources(LoadedApk.java:1090)
11-22 04:26:47.670 8887 9021 E Apxor : at android.app.ContextImpl.createAppContext(ContextImpl.java:2563)
11-22 04:26:47.670 8887 9021 E Apxor : at android.app.ActivityThread.handleBindApplication(ActivityThread.java:6128)
11-22 04:26:47.670 8887 9021 E Apxor : at android.app.ActivityThread.access$1200(ActivityThread.java:237)
11-22 04:26:47.670 8887 9021 E Apxor : at android.app.ActivityThread$H.handleMessage(ActivityThread.java:1792)
11-22 04:26:47.670 8887 9021 E Apxor : at android.os.Handler.dispatchMessage(Handler.java:106)
