We take content rights seriously. If you suspect this is your content, claim it here.
Available Formats
Download as TXT, PDF, TXT or read online on Scribd
You are on page 1/ 85
--------- beginning of main
--------- beginning of main
--------- beginning of main --------- beginning of main --------- beginning of main --------- beginning of main --------- beginning of main --------- beginning of main --------- beginning of main --------- beginning of main --------- beginning of main --------- beginning of main --------- beginning of main --------- beginning of main --------- beginning of main --------- beginning of main --------- beginning of main --------- beginning of main --------- beginning of main --------- beginning of main --------- beginning of main --------- beginning of main --------- beginning of main --------- beginning of main --------- beginning of main --------- beginning of main --------- beginning of main --------- beginning of main
11-21 22:17:13.692 27652 27652 I : SS_ART_lib [I]: permission is absent: /data/app/com.disha.quickride-aE2P2r-F3zY6aHryK1rM1g==/base.apk
11-21 22:17:13.692 27652 27652 I : SS_ART_lib [I]: access to SS denied
11-21 22:17:25.735 27826 27826 I disha.quickrid: report jit thread pid = 27840
11-21 22:17:25.739 27826 27826 E disha.quickrid: Not starting debugger since process cannot load the jdwp agent.
11-21 22:17:26.007 27826 27826 I disha.quickrid: The ClassLoaderContext is a special shared library.
11-21 22:17:26.047 27826 27826 W disha.quickrid: JIT profile information will not be recorded: profile file does not exits.
11-21 22:17:26.048 27826 27826 I chatty : uid=10108(com.disha.quickride) identical 1 line
11-21 22:17:26.048 27826 27826 W disha.quickrid: JIT profile information will not be recorded: profile file does not exits.
11-21 22:17:26.091 27826 27826 D com.disha.quickride.androidapp.startup.QuickRideApplication: QuickRideApplication is instantiated
11-21 22:17:26.093 27826 27826 I MultiDex: VM with version 2.1.0 has multidex support
11-21 22:17:26.093 27826 27826 I MultiDex: Installing application
11-21 22:17:26.093 27826 27826 I MultiDex: VM has multidex support, MultiDex support library is disabled.
11-21 22:17:26.093 27826 27826 I MultiDex: Installing application
11-21 22:17:26.093 27826 27826 I MultiDex: VM has multidex support, MultiDex support library is disabled.
11-21 22:17:26.277 27826 27826 D FirebaseApp: com.google.firebase.auth.FirebaseAuth is not linked. Skipping initialization.
11-21 22:17:26.281 27826 27826 D FirebaseApp: com.google.firebase.crash.FirebaseCrash is not linked. Skipping initialization.
11-21 22:17:26.282 27826 27826 I FirebaseInitProvider: FirebaseApp initialization successful
11-21 22:17:26.290 27826 27826 I CrashlyticsInitProvider: CrashlyticsInitProvider skipping initialization
11-21 22:17:26.296 27826 27826 E Apxor : App Id is empty or null, couldn't initialize ApxorSDK
11-21 22:17:26.403 27826 27907 D NetworkSecurityConfig: No Network Security Config specified, using platform default
11-21 22:17:26.427 27826 27907 I System.out: (HTTPLog)-Static: isSBSettingEnabled false
11-21 22:17:26.428 27826 27907 I System.out: (HTTPLog)-Static: isSBSettingEnabled false
11-21 22:17:26.460 27826 27907 D NetworkManagementSocketTagger: tagSocket(51) with statsTag=0xffffffff, statsUid=-1
11-21 22:17:26.530 27826 27826 D com.disha.quickride.androidapp.startup.QuickRideApplication: QuickRideApplication is created
11-21 22:17:26.539 27826 27826 D com.disha.quickride.androidapp.startup.QuickRideApplication: enabled https protocols null
11-21 22:17:26.902 27826 27894 I FA : App measurement is starting up, version: 15300
11-21 22:17:26.902 27826 27894 I FA : To enable debug logging run: adb shell setprop log.tag.FA VERBOSE
11-21 22:17:26.904 27826 27894 I FA : To enable faster debug mode event logging run:
11-21 22:17:26.904 27826 27894 I FA : adb shell setprop debug.firebase.analytics.app com.disha.quickride
11-21 22:17:27.224 27826 27933 I CrashlyticsCore: Initializing Crashlytics 2.6.8.32
11-21 22:17:27.298 27826 27955 I System.out: (HTTPLog)-Static: isSBSettingEnabled false
11-21 22:17:27.299 27826 27955 I System.out: (HTTPLog)-Static: isSBSettingEnabled false
11-21 22:17:27.316 27826 27955 D NetworkManagementSocketTagger: tagSocket(52) with statsTag=0xffffffff, statsUid=-1
11-21 22:17:27.319 27826 27933 W com.facebook.appevents.AppEventsLogger: activateApp events are being logged automatically. There's no need to call activateApp explicitly, this is safe to remove.
11-21 22:17:27.334 27826 27933 I GAv4 : Google Analytics 12.4.51 is starting up. To enable debug logging on a device run:
11-21 22:17:27.334 27826 27933 I GAv4 : adb shell setprop log.tag.GAv4 DEBUG
11-21 22:17:27.334 27826 27933 I GAv4 : adb logcat -s GAv4
11-21 22:17:27.341 27826 28019 I System.out: (HTTPLog)-Static: isSBSettingEnabled false
11-21 22:17:27.341 27826 28019 I System.out: (HTTPLog)-Static: isSBSettingEnabled false
11-21 22:17:27.360 27826 28019 D NetworkManagementSocketTagger: tagSocket(63) with statsTag=0xffffffff, statsUid=-1
11-21 22:17:27.376 27826 27826 W WM-WorkSpec: Interval duration lesser than minimum allowed value; Changed to 900000
11-21 22:17:27.452 27826 27826 I CleverTap: Activity Lifecycle Callback successfully registered
11-21 22:17:27.453 27826 27826 I CleverTap: Account Region not specified in the AndroidManifest - using default region
11-21 22:17:27.453 27826 27933 D AppsFlyer_4.9.0: Initializing AppsFlyer SDK: (v4.9.0.184)
11-21 22:17:27.458 27826 27933 D AppsFlyer_4.9.0: Done loading properties: true
11-21 22:17:27.474 27826 27826 I CleverTap: CleverTap SDK initialized with accountId: 677-74Z-765Z accountToken: 14a-aa6 accountRegion: null
11-21 22:17:27.491 27826 27826 D com.disha.quickride.androidapp.startup.QuickRideApplication: Initializing Session Manager
11-21 22:17:27.494 27826 28036 D com.disha.quickride.androidapp.startup.session.SessionManagerController: Resuming user session
11-21 22:17:27.494 27826 28036 D com.disha.quickride.androidapp.startup.session.SessionManager: Entering createNewSessionManager
11-21 22:17:27.494 27826 28036 D com.disha.quickride.androidapp.startup.session.SessionManager: Found Persistent session for user 80505598620910
11-21 22:17:27.494 27826 28036 D com.disha.quickride.androidapp.startup.session.SessionManager: Entering onResumeUserSession
11-21 22:17:27.494 27826 28036 D com.disha.quickride.androidapp.startup.session.SessionManager: Performing session change operation on com.disha.quickride.androidapp.common.serverConfig.ClientConfigurationModuleSession Manager@bb7390d
11-21 22:17:27.496 27826 28036 D com.disha.quickride.androidapp.common.serverConfig.ClientConfigurationModuleSession Manager: Resuming basic user session
11-21 22:17:27.502 27826 27914 W DynamiteModule: Local module descriptor class for providerinstaller not found.
11-21 22:17:27.503 27826 28031 I CleverTap: SDK Version Code is 30501
11-21 22:17:27.506 27826 28031 I CleverTap: CTPushNotificationReceiver is present
11-21 22:17:27.506 27826 27826 W Java7Support: Unable to load JDK7 types (annotations, java.nio.file.Path): no Java7 support added
11-21 22:17:27.509 27826 28031 I CleverTap: InstallReferrerBroadcastReceiver is present
11-21 22:17:27.512 27826 28031 I CleverTap: CTNotificationIntentService not present
11-21 22:17:27.514 27826 28031 I CleverTap: CTBackgroundJobService is present
11-21 22:17:27.516 27826 28031 I CleverTap: CTBackgroundIntentService is present
11-21 22:17:27.525 27826 28031 I CleverTap: InAppNotificationActivity is present
11-21 22:17:27.528 27826 27914 I DynamiteModule: Considering local module providerinstaller:0 and remote module providerinstaller:0
11-21 22:17:27.530 27826 27914 W ProviderInstaller: Failed to load providerinstaller module: No acceptable module found. Local version is 0 and remote version is 0.
11-21 22:17:27.536 27826 28031 I CleverTap: FcmMessageListenerService not present
11-21 22:17:27.538 27826 28031 I CleverTap: FcmTokenListenerService not present
11-21 22:17:27.538 27826 27914 I disha.quickrid: The ClassLoaderContext is a special shared library.
11-21 22:17:27.556 27826 28036 D com.disha.quickride.androidapp.startup.session.SessionManager: Performing session change operation on com.disha.quickride.androidapp.usermgmt.UserModuleSessionManager@d1d2dd2
11-21 22:17:27.556 27826 28036 D com.disha.quickride.androidapp.usermgmt.UserModuleSessionManager: Resume basic user session
11-21 22:17:27.564 27826 27914 I disha.quickrid: The ClassLoaderContext is a special shared library.
11-21 22:17:27.599 27826 27914 I disha.quickrid: The ClassLoaderContext is a special shared library.
11-21 22:17:27.718 27826 28031 I CleverTap:677-74Z-765Z: Notification channel promopush has been created
11-21 22:17:27.858 27826 28031 I CleverTap:677-74Z-765Z: Notification channel offerspush has been created
11-21 22:17:27.860 27826 28031 I CleverTap:677-74Z-765Z: Notification channel notifypush has been created
11-21 22:17:27.869 27826 27914 W disha.quickrid: Suspending all threads took: 5.762ms
11-21 22:17:27.875 27826 27918 I System.out: (HTTPLog)-Static: isSBSettingEnabled false
11-21 22:17:27.876 27826 27918 I System.out: (HTTPLog)-Static: isSBSettingEnabled false
11-21 22:17:27.878 27826 27918 D NetworkManagementSocketTagger: tagSocket(66) with statsTag=0xffffffff, statsUid=-1
11-21 22:17:27.934 27826 27930 W AnalyticsUserIDStore: initStore should have been called before calling setUserID
11-21 22:17:27.972 27826 27930 W UserDataStore: initStore should have been called before calling setUserID
11-21 22:17:28.002 27826 28053 W SlaveNetworkWorker: Network not available
11-21 22:17:28.020 27826 28055 W SlaveNetworkWorker: Network not available
11-21 22:17:28.088 27826 28056 W SlaveNetworkWorker: Network not available
11-21 22:17:28.095 27826 27930 I System.out: (HTTPLog)-Static: isSBSettingEnabled false
11-21 22:17:28.096 27826 27930 I System.out: (HTTPLog)-Static: isSBSettingEnabled false
11-21 22:17:28.101 27826 27930 D NetworkManagementSocketTagger: tagSocket(72) with statsTag=0xffffffff, statsUid=-1
11-21 22:17:28.105 27826 27931 I WM-WorkerWrapper: Worker result FAILURE for Work [ id=fd693313-fd05-4e51-929a-c2ed729f249e, tags={ in.netcore.smartechfcm.workmanager.SlaveNetworkWorker } ]
11-21 22:17:28.122 27826 28059 W SlaveNetworkWorker: Network not available
11-21 22:17:28.151 27826 27931 I WM-WorkerWrapper: Worker result FAILURE for Work [ id=0f29cdda-4ac6-4033-bfaa-041022cd8c4f, tags={ in.netcore.smartechfcm.workmanager.SlaveNetworkWorker } ]
11-21 22:17:28.152 27826 27914 V NativeCrypto: Registering com/google/android/gms/org/conscrypt/NativeCrypto's 286 native methods...
11-21 22:17:28.183 27826 27931 I WM-WorkerWrapper: Worker result FAILURE for Work [ id=abd55b81-a5e0-4163-9dbc-0ad37c1929a4, tags={ in.netcore.smartechfcm.workmanager.SlaveNetworkWorker } ]
11-21 22:17:28.206 27826 27931 I WM-WorkerWrapper: Worker result FAILURE for Work [ id=35727145-1bb4-40d6-af77-7f9d9660afd7, tags={ in.netcore.smartechfcm.workmanager.SlaveNetworkWorker } ]
11-21 22:17:28.240 27826 27914 I ProviderInstaller: Installed default security provider GmsCore_OpenSSL
11-21 22:17:28.241 27826 27826 D com.disha.quickride.androidapp.startup.QuickRideApplication: ProviderInstaller.installIfNeededAsync onProviderInstalled
11-21 22:17:28.776 27826 28127 D com.disha.quickride.androidapp.conversation.ConversationChatRestServiceClient: getPendingChatMessages80505598620910
11-21 22:17:29.478 27826 28036 D com.disha.quickride.androidapp.startup.session.SessionManager: Performing session change operation on com.disha.quickride.androidapp.event.EventModuleSessionManager@1ea8a5
11-21 22:17:29.484 27826 28036 D com.disha.quickride.androidapp.startup.session.SessionManager: Performing session change operation on com.disha.quickride.androidapp.ridemgmt.RideMgmtModuleSessionHandler@44c842b
11-21 22:17:29.484 27826 28036 I com.disha.quickride.androidapp.ridemgmt.RideMgmtModuleSessionHandler: resumeBasicUserSession
11-21 22:17:29.532 27826 28182 D OpenGLRenderer: Skia GL Pipeline
11-21 22:17:29.617 27826 28184 E com.disha.quickride.androidapp.ridemgmt.SyncActiveRidesOfUserAsyncTask: SyncActiveRidesOfUser failed
11-21 22:17:29.617 27826 28184 E com.disha.quickride.androidapp.ridemgmt.SyncActiveRidesOfUserAsyncTask: com.disha.quickride.rest.client.RestClientException: [errorCode: 9204 ] [httpStatusCode: 500 ][userMsg: Data connection not found ][hintForCorrection: Please enable data connection ]
11-21 22:17:29.617 27826 28184 E com.disha.quickride.androidapp.ridemgmt.SyncActiveRidesOfUserAsyncTask: at com.disha.quickride.androidapp.common.AndroidRestClient.QuickRideServerRestClient.c heckDataConnectionAvailable(SourceFile:155)
11-21 22:17:29.617 27826 28184 E com.disha.quickride.androidapp.ridemgmt.SyncActiveRidesOfUserAsyncTask: at com.disha.quickride.androidapp.common.AndroidRestClient.QuickRideServerRestClient.c allServiceForReturnObject(SourceFile:56)
11-21 22:17:29.617 27826 28184 E com.disha.quickride.androidapp.ridemgmt.SyncActiveRidesOfUserAsyncTask: at com.disha.quickride.androidapp.common.AndroidRestClient.QuickRideServerRestClient.c allServiceWithParametersMapForReturnObject(SourceFile:36)
11-21 22:17:29.617 27826 28184 E com.disha.quickride.androidapp.ridemgmt.SyncActiveRidesOfUserAsyncTask: at com.disha.quickride.androidapp.myrides.RideServicesClient.syncActiveRides(SourceFil e:316)
11-21 22:17:29.617 27826 28184 E com.disha.quickride.androidapp.ridemgmt.SyncActiveRidesOfUserAsyncTask: at com.disha.quickride.androidapp.ridemgmt.SyncActiveRidesOfUserAsyncTask.doInBackgrou nd(SourceFile:46)
11-21 22:17:29.617 27826 28184 E com.disha.quickride.androidapp.ridemgmt.SyncActiveRidesOfUserAsyncTask: at com.disha.quickride.androidapp.ridemgmt.SyncActiveRidesOfUserAsyncTask.doInBackgrou nd(SourceFile:24)
11-21 22:17:29.617 27826 28184 E com.disha.quickride.androidapp.ridemgmt.SyncActiveRidesOfUserAsyncTask: at android.os.AsyncTask$2.call(AsyncTask.java:333)
11-21 22:17:29.617 27826 28184 E com.disha.quickride.androidapp.ridemgmt.SyncActiveRidesOfUserAsyncTask: at java.util.concurrent.FutureTask.run(FutureTask.java:266)
11-21 22:17:29.617 27826 28184 E com.disha.quickride.androidapp.ridemgmt.SyncActiveRidesOfUserAsyncTask: at java.util.concurrent.ThreadPoolExecutor.runWorker(ThreadPoolExecutor.java:1167)
11-21 22:17:29.617 27826 28184 E com.disha.quickride.androidapp.ridemgmt.SyncActiveRidesOfUserAsyncTask: at java.util.concurrent.ThreadPoolExecutor$Worker.run(ThreadPoolExecutor.java:641)
11-21 22:17:29.617 27826 28184 E com.disha.quickride.androidapp.ridemgmt.SyncActiveRidesOfUserAsyncTask: at java.lang.Thread.run(Thread.java:764)
11-21 22:17:29.622 27826 28036 I com.disha.quickride.androidapp.myrides.cache.MyActiveRidesCache: getting active rides of user after the current time
11-21 22:17:29.623 27826 28036 D com.disha.quickride.androidapp.myrides.cache.MyClosedRidesCache: Loading closed rides from local database
11-21 22:17:29.630 27826 28036 D com.disha.quickride.androidapp.myrides.cache.MyCompletedRidesCachePersistenceHelper : getting all rider rides from databse
11-21 22:17:29.637 27826 28036 D com.disha.quickride.androidapp.myrides.cache.MyCompletedRidesCachePersistenceHelper : getting all passenger rides
11-21 22:17:29.644 27826 28036 D com.disha.quickride.androidapp.myrides.cache.MyCompletedRidesCachePersistenceHelper : getting all regular passenger rides
11-21 22:17:29.651 27826 28036 D com.disha.quickride.androidapp.myrides.cache.MyCompletedRidesCachePersistenceHelper : getting all regular passenger rides
11-21 22:17:29.676 27826 28036 I com.disha.quickride.androidapp.usermgmt.cache.UserDataCache: getting of user name
11-21 22:17:29.678 27826 28036 D com.disha.quickride.androidapp.startup.session.SessionManagerController: Session change operation completed successfully
11-21 22:17:29.678 27826 28036 D com.disha.quickride.androidapp.startup.session.SessionResumeAsyncTask: Session resume operation completed
11-21 22:17:29.679 27826 28036 D com.disha.quickride.androidapp.notification.FCMTokenRegistrationHelper: Getting FCM token to update to server for user : 80505598620910
11-21 22:17:29.682 27826 28186 D com.disha.quickride.androidapp.startup.session.SetUserIdIdentifierToFabricAsyncTask : UserId set to Fabric
11-21 22:17:29.684 27826 28036 D com.disha.quickride.androidapp.startup.session.SessionSetupAsyncTask: Session change operation completed successfully
11-21 22:17:29.684 27826 28036 D com.disha.quickride.androidapp.startup.session.SessionManagerController: Stopping WatchdogService
11-21 22:17:29.687 27826 28036 D com.disha.quickride.androidapp.startup.session.SessionManagerController: Cancelling alarm that was set to check watchdog service
11-21 22:17:29.699 27826 28036 D com.disha.quickride.androidapp.startup.session.SessionSetupAsyncTask: Session change operation took 2206 ms
11-21 22:17:30.079 27826 27826 D com.disha.quickride.androidapp.notification.FCMTokenRegistrationHelper: FCM token for userId : 80505598620910 is : dQ8cC-9aAT0:APA91bFVJK3xvWEOrEOZAwjf- LKyot9x32anVxd2k7NMHB_E0KWajpaIFd9FcsiPB1jrDIDaPfR- 19Ui25LFe1BmJlOYHIoHn8105RMXvrTntat1eB-StoL1DFx6t0HaXj114ZGvPiUO
11-21 22:17:30.083 27826 28194 D com.disha.quickride.androidapp.notification.FCMTokenRegistrationAsyncTask: Updating client device id to server : dQ8cC-9aAT0:APA91bFVJK3xvWEOrEOZAwjf- LKyot9x32anVxd2k7NMHB_E0KWajpaIFd9FcsiPB1jrDIDaPfR- 19Ui25LFe1BmJlOYHIoHn8105RMXvrTntat1eB-StoL1DFx6t0HaXj114ZGvPiUO
11-21 22:17:30.097 27826 28194 E com.disha.quickride.androidapp.notification.FCMTokenRegistrationAsyncTask: Error while updating FCM registration token to server; User may not get FCM notifications
11-21 22:17:30.099 27826 27826 D com.disha.quickride.androidapp.util.NetworkStateReceiver: Start listening to network state changes
11-21 22:17:30.102 27826 27826 D com.disha.quickride.androidapp.util.NetworkStateReceiver: Received connection status changed intent Intent { act=android.net.conn.CONNECTIVITY_CHANGE flg=0x4200010 (has extras) }
11-21 22:17:32.677 27826 28185 D com.disha.quickride.androidapp.event.EventModuleSessionManager: Resuming complete user session
11-21 22:17:32.684 27826 28185 D com.disha.quickride.androidapp.event.EventServicePersistenceHelper: Purging old messages with condition : time <= 1574333252677
11-21 22:17:32.685 27826 28185 D com.disha.quickride.androidapp.event.EventServicePersistenceHelper: No of old messages purged : 0
11-21 22:17:32.693 27826 28185 D com.disha.quickride.androidapp.event.EventServicePersistenceHelper: 0 messages read from persistence
11-21 22:17:32.693 27826 28185 D com.disha.quickride.androidapp.event.RideMgmtEventServiceProxy: Initializing unprocessed messages from persistence
11-21 22:17:32.700 27826 28185 D com.disha.quickride.androidapp.event.EventServicePersistenceHelper: 0 unprocessed messages read from persistence
11-21 22:17:32.706 27826 28185 D com.disha.quickride.androidapp.event.EventServicePersistenceHelper: Purging old messages with condition : time <= 1574333252700
11-21 22:17:32.707 27826 28185 D com.disha.quickride.androidapp.event.EventServicePersistenceHelper: No of old messages purged : 0
11-21 22:17:32.714 27826 28185 D com.disha.quickride.androidapp.event.EventServicePersistenceHelper: 0 messages read from persistence
11-21 22:17:32.714 27826 28185 D com.disha.quickride.androidapp.event.LocationUpdateEventServiceProxy: Initializing unprocessed messages from persistence
11-21 22:17:32.721 27826 28185 D com.disha.quickride.androidapp.event.EventServicePersistenceHelper: 0 unprocessed messages read from persistence
11-21 22:17:32.721 27826 28185 D com.disha.quickride.androidapp.usermgmt.UserMessageListener: subscribeToUserMsgUpdates
11-21 22:17:32.722 27826 28185 D com.disha.quickride.androidapp.event.RideMgmtEventServiceProxy: Adding topic name to subscriptions queue :userMsg/80505598620910
11-21 22:17:32.737 27826 28185 D com.disha.quickride.androidapp.event.EventModuleSessionManager: Establishing event service connection
11-21 22:17:32.737 27826 28185 D com.disha.quickride.androidapp.event.RideMgmtEventServiceProxy: Entering dispatchAllMessagesArrivedBeforeSessionWasInitialized
11-21 22:17:32.738 27826 27933 D com.disha.quickride.androidapp.event.InitialMessagesDispatchTask: Dispatching initial messages
11-21 22:17:32.739 27826 28185 D com.disha.quickride.androidapp.event.LocationUpdateEventServiceProxy: Entering dispatchAllMessagesArrivedBeforeSessionWasInitialized
11-21 22:17:32.739 27826 28040 D com.disha.quickride.androidapp.event.InitialMessagesDispatchTask: Dispatching initial messages
11-21 22:17:32.758 27826 28185 I com.disha.quickride.androidapp.ridemgmt.RideManagementMqttProxy: subscribing to topic of existing rides
11-21 22:17:32.758 27826 28185 I com.disha.quickride.androidapp.ridemgmt.RideManagementMqttProxy: subscribing to topic of existing rider rides
11-21 22:17:32.758 27826 28185 D com.disha.quickride.androidapp.groupchat.RideGroupChatMqttListener: Subscribing to collection of rides
11-21 22:17:32.758 27826 28185 I com.disha.quickride.androidapp.ridemgmt.RideManagementMqttProxy: subscribing to topic of existing passenger rides
11-21 22:17:32.759 27826 28185 D com.disha.quickride.androidapp.groupchat.RideGroupChatMqttListener: Subscribing to collection of rides
11-21 22:17:37.372 27826 27955 E Fabric : Settings request failed.
11-21 22:17:37.372 27826 27955 E Fabric : ese$c: java.net.SocketTimeoutException: failed to connect to settings.crashlytics.com/172.217.163.35 (port 443) from /192.168.0.11 (port 43316) after 10000ms
11-21 22:17:37.372 27826 27955 E Fabric : at ese.b(SourceFile:1359)
11-21 22:17:37.372 27826 27955 E Fabric : at esz.a(SourceFile:104)
11-21 22:17:37.372 27826 27955 E Fabric : at esz.a(SourceFile:88)
11-21 22:17:37.372 27826 27955 E Fabric : at esx.a(SourceFile:93)
11-21 22:17:37.372 27826 27955 E Fabric : at esx.a(SourceFile:70)
11-21 22:17:37.372 27826 27955 E Fabric : at ete.c(SourceFile:156)
11-21 22:17:37.372 27826 27955 E Fabric : at epx.g(SourceFile:128)
11-21 22:17:37.372 27826 27955 E Fabric : at epx.c(SourceFile:100)
11-21 22:17:37.372 27826 27955 E Fabric : at epx.f(SourceFile:46)
11-21 22:17:37.372 27826 27955 E Fabric : at eps.a(SourceFile:63)
11-21 22:17:37.372 27826 27955 E Fabric : at eps.doInBackground(SourceFile:28)
11-21 22:17:37.372 27826 27955 E Fabric : at era$2.call(SourceFile:311)
11-21 22:17:37.372 27826 27955 E Fabric : at java.util.concurrent.FutureTask.run(FutureTask.java:266)
11-21 22:17:37.372 27826 27955 E Fabric : at java.util.concurrent.Executors$RunnableAdapter.call(Executors.java:459)
11-21 22:17:37.372 27826 27955 E Fabric : at java.util.concurrent.FutureTask.run(FutureTask.java:266)
11-21 22:17:37.372 27826 27955 E Fabric : at java.util.concurrent.ThreadPoolExecutor.runWorker(ThreadPoolExecutor.java:1167)
11-21 22:17:37.372 27826 27955 E Fabric : at java.util.concurrent.ThreadPoolExecutor$Worker.run(ThreadPoolExecutor.java:641)
11-21 22:17:37.372 27826 27955 E Fabric : at java.lang.Thread.run(Thread.java:764)
11-21 22:17:37.372 27826 27955 E Fabric : Caused by: java.net.SocketTimeoutException: failed to connect to settings.crashlytics.com/172.217.163.35 (port 443) from /192.168.0.11 (port 43316) after 10000ms
11-21 22:17:37.372 27826 27955 E Fabric : at libcore.io.IoBridge.connectErrno(IoBridge.java:185)
11-21 22:17:37.372 27826 27955 E Fabric : at libcore.io.IoBridge.connect(IoBridge.java:129)
11-21 22:17:37.372 27826 27955 E Fabric : at java.net.PlainSocketImpl.socketConnect(PlainSocketImpl.java:137)
11-21 22:17:37.372 27826 27955 E Fabric : at java.net.AbstractPlainSocketImpl.doConnect(AbstractPlainSocketImpl.java:390)
11-21 22:17:37.372 27826 27955 E Fabric : at java.net.AbstractPlainSocketImpl.connectToAddress(AbstractPlainSocketImpl.java:230)
11-21 22:17:37.372 27826 27955 E Fabric : at java.net.AbstractPlainSocketImpl.connect(AbstractPlainSocketImpl.java:212)
11-21 22:17:37.372 27826 27955 E Fabric : at java.net.SocksSocketImpl.connect(SocksSocketImpl.java:436)
11-21 22:17:37.372 27826 27955 E Fabric : at java.net.Socket.connect(Socket.java:621)
11-21 22:17:37.372 27826 27955 E Fabric : at com.android.okhttp.internal.Platform.connectSocket(Platform.java:145)
11-21 22:17:37.372 27826 27955 E Fabric : at com.android.okhttp.internal.io.RealConnection.connectSocket(RealConnection.java:141 6)
11-21 22:17:37.372 27826 27955 E Fabric : at com.android.okhttp.internal.io.RealConnection.connect(RealConnection.java:1368)
11-21 22:17:37.372 27826 27955 E Fabric : at com.android.okhttp.internal.http.StreamAllocation.findConnection(StreamAllocation.j ava:219)
11-21 22:17:37.372 27826 27955 E Fabric : at com.android.okhttp.internal.http.StreamAllocation.findHealthyConnection(StreamAlloc ation.java:142)
11-21 22:17:37.372 27826 27955 E Fabric : at com.android.okhttp.internal.http.StreamAllocation.newStream(StreamAllocation.java:1 04)
11-21 22:17:37.372 27826 27955 E Fabric : at com.android.okhttp.internal.http.HttpEngine.connect(HttpEngine.java:392)
11-21 22:17:37.372 27826 27955 E Fabric : at com.android.okhttp.internal.http.HttpEngine.sendRequest(HttpEngine.java:325)
11-21 22:17:37.372 27826 27955 E Fabric : at com.android.okhttp.internal.huc.HttpURLConnectionImpl.execute(HttpURLConnectionImpl .java:488)
11-21 22:17:37.372 27826 27955 E Fabric : at com.android.okhttp.internal.huc.HttpURLConnectionImpl.getResponse(HttpURLConnection Impl.java:434)
11-21 22:17:37.372 27826 27955 E Fabric : at com.android.okhttp.internal.huc.HttpURLConnectionImpl.getResponseCode(HttpURLConnec tionImpl.java:565)
11-21 22:17:37.372 27826 27955 E Fabric : at com.android.okhttp.internal.huc.DelegatingHttpsURLConnection.getResponseCode(Delega tingHttpsURLConnection.java:105)
11-21 22:17:37.372 27826 27955 E Fabric : at com.android.okhttp.internal.huc.HttpsURLConnectionImpl.getResponseCode(HttpsURLConn ectionImpl.java:26)
11-21 22:17:37.372 27826 27955 E Fabric : at ese.b(SourceFile:1357)
11-21 22:17:37.372 27826 27955 E Fabric : ... 17 more
11-21 22:17:42.433 27826 28019 D FirebaseApp: com.google.firebase.auth.FirebaseAuth is not linked. Skipping initialization.
11-21 22:17:42.439 27826 28019 E Apxor : initialize:
11-21 22:17:42.439 27826 28019 E Apxor : java.lang.ClassNotFoundException: com.apxor.androidsdk.plugins.wysiwyg.WYSIWYGPlugin
11-21 22:17:42.439 27826 28019 E Apxor : at java.lang.Class.classForName(Native Method)
11-21 22:17:42.439 27826 28019 E Apxor : at java.lang.Class.forName(Class.java:453)
11-21 22:17:42.439 27826 28019 E Apxor : at java.lang.Class.forName(Class.java:378)
11-21 22:17:42.439 27826 28019 E Apxor : at com.apxor.androidsdk.core.pluginmanager.PluginLoader.b(SourceFile:115)
11-21 22:17:42.439 27826 28019 E Apxor : at com.apxor.androidsdk.core.pluginmanager.PluginLoader.initialize(SourceFile:49)
11-21 22:17:42.439 27826 28019 E Apxor : at com.apxor.androidsdk.core.SDKController$1$1.onComplete(SourceFile:303)
11-21 22:17:42.439 27826 28019 E Apxor : at com.apxor.androidsdk.core.utils.network.a.a(SourceFile:49)
11-21 22:17:42.439 27826 28019 E Apxor : at com.apxor.androidsdk.core.utils.network.a.a(SourceFile:160)
11-21 22:17:42.439 27826 28019 E Apxor : at com.apxor.androidsdk.core.utils.network.a.a(SourceFile:56)
11-21 22:17:42.439 27826 28019 E Apxor : at com.apxor.androidsdk.core.utils.network.b$3.run(SourceFile:81)
11-21 22:17:42.439 27826 28019 E Apxor : at com.apxor.androidsdk.core.utils.network.b$4.run(SourceFile:130)
11-21 22:17:42.439 27826 28019 E Apxor : at android.os.Handler.handleCallback(Handler.java:873)
11-21 22:17:42.439 27826 28019 E Apxor : at android.os.Handler.dispatchMessage(Handler.java:99)
11-21 22:17:42.439 27826 28019 E Apxor : at android.os.Looper.loop(Looper.java:214)
11-21 22:17:42.439 27826 28019 E Apxor : at android.os.HandlerThread.run(HandlerThread.java:65)
11-21 22:17:42.439 27826 28019 E Apxor : Caused by: java.lang.ClassNotFoundException: Didn't find class "com.apxor.androidsdk.plugins.wysiwyg.WYSIWYGPlugin" on path: DexPathList[[zip file "/system/framework/org.apache.http.legacy.boot.jar", zip file "/data/app/com.disha.quickride-aE2P2r-F3zY6aHryK1rM1g==/base.apk", zip file "/data/app/com.disha.quickride-aE2P2r-F3zY6aHryK1rM1g==/split_config.arm64_v8a.apk" , zip file "/data/app/com.disha.quickride-aE2P2r-F3zY6aHryK1rM1g==/split_config.en.apk", zip file "/data/app/com.disha.quickride-aE2P2r-F3zY6aHryK1rM1g==/split_config.xxhdpi.apk"],n ativeLibraryDirectories=[/data/app/com.disha.quickride-aE2P2r-F3zY6aHryK1rM1g==/ lib/arm64, /data/app/com.disha.quickride-aE2P2r-F3zY6aHryK1rM1g==/base.apk!/lib/ arm64-v8a, /data/app/com.disha.quickride-aE2P2r-F3zY6aHryK1rM1g==/split_config.arm64_v8a.apk!/ lib/arm64-v8a, /data/app/com.disha.quickride-aE2P2r-F3zY6aHryK1rM1g==/split_config.en.apk!/lib/ arm64-v8a, /data/app/com.disha.quickride-aE2P2r-F3zY6aHryK1rM1g==/split_config.xxhdpi.apk!/ lib/arm64-v8a, /system/lib64, /system/vendor/lib64]]
11-21 22:17:42.439 27826 28019 E Apxor : at dalvik.system.BaseDexClassLoader.findClass(BaseDexClassLoader.java:134)
11-21 22:17:42.439 27826 28019 E Apxor : at java.lang.ClassLoader.loadClass(ClassLoader.java:379)
11-21 22:17:42.439 27826 28019 E Apxor : at java.lang.ClassLoader.loadClass(ClassLoader.java:312)
11-21 22:17:42.439 27826 28019 E Apxor : ... 15 more
11-21 22:17:42.439 27826 28019 E Apxor : Suppressed: java.io.IOException: No original dex files found for dex location (arm64) /data/app/com.disha.quickride- aE2P2r-F3zY6aHryK1rM1g==/split_config.arm64_v8a.apk
11-21 22:17:42.439 27826 28019 E Apxor : at dalvik.system.DexFile.openDexFileNative(Native Method)
11-21 22:17:42.439 27826 28019 E Apxor : at dalvik.system.DexFile.openDexFile(DexFile.java:354)
11-21 22:17:42.439 27826 28019 E Apxor : at dalvik.system.DexFile.<init>(DexFile.java:101)
11-21 22:17:42.439 27826 28019 E Apxor : at dalvik.system.DexFile.<init>(DexFile.java:75)
11-21 22:17:42.439 27826 28019 E Apxor : at dalvik.system.DexPathList.loadDexFile(DexPathList.java:394)
11-21 22:17:42.439 27826 28019 E Apxor : at dalvik.system.DexPathList.makeDexElements(DexPathList.java:354)
11-21 22:17:42.439 27826 28019 E Apxor : at dalvik.system.DexPathList.<init>(DexPathList.java:164)
11-21 22:17:42.439 27826 28019 E Apxor : at dalvik.system.BaseDexClassLoader.<init>(BaseDexClassLoader.java:74)
11-21 22:17:42.439 27826 28019 E Apxor : at dalvik.system.BaseDexClassLoader.<init>(BaseDexClassLoader.java:65)
11-21 22:17:42.439 27826 28019 E Apxor : at dalvik.system.PathClassLoader.<init>(PathClassLoader.java:64)
11-21 22:17:42.439 27826 28019 E Apxor : at com.android.internal.os.ClassLoaderFactory.createClassLoader(ClassLoaderFactory.jav a:73)
11-21 22:17:42.439 27826 28019 E Apxor : at com.android.internal.os.ClassLoaderFactory.createClassLoader(ClassLoaderFactory.jav a:88)
11-21 22:17:42.439 27826 28019 E Apxor : at android.app.ApplicationLoaders.getClassLoader(ApplicationLoaders.java:74)
11-21 22:17:42.439 27826 28019 E Apxor : at android.app.ApplicationLoaders.getClassLoader(ApplicationLoaders.java:40)
11-21 22:17:42.439 27826 28019 E Apxor : at android.app.LoadedApk.createOrUpdateClassLoaderLocked(LoadedApk.java:766)
11-21 22:17:42.439 27826 28019 E Apxor : at android.app.LoadedApk.getClassLoader(LoadedApk.java:849)
11-21 22:17:42.439 27826 28019 E Apxor : at android.app.LoadedApk.getResources(LoadedApk.java:1090)
11-21 22:17:42.439 27826 28019 E Apxor : at android.app.ContextImpl.createAppContext(ContextImpl.java:2563)
11-21 22:17:42.439 27826 28019 E Apxor : at android.app.ActivityThread.handleBindApplication(ActivityThread.java:6128)
11-21 22:17:42.439 27826 28019 E Apxor : at android.app.ActivityThread.access$1200(ActivityThread.java:237)
11-21 22:17:42.439 27826 28019 E Apxor : at android.app.ActivityThread$H.handleMessage(ActivityThread.java:1792)
11-21 22:17:42.439 27826 28019 E Apxor : at android.os.Handler.dispatchMessage(Handler.java:106)
11-21 22:17:42.439 27826 28019 E Apxor : at android.os.Looper.loop(Looper.java:214)
11-21 22:17:42.441 27826 28019 E Apxor : at android.app.ActivityThread.main(ActivityThread.java:7078)
11-21 22:17:42.441 27826 28019 E Apxor : at java.lang.reflect.Method.invoke(Native Method)
11-21 22:17:42.441 27826 28019 E Apxor : at com.android.internal.os.RuntimeInit$MethodAndArgsCaller.run(RuntimeInit.java:494)
11-21 22:17:42.441 27826 28019 E Apxor : at com.android.internal.os.ZygoteInit.main(ZygoteInit.java:964)
11-21 22:17:42.441 27826 28019 E Apxor : Suppressed: java.io.IOException: No original dex files found for dex location (arm64) /data/app/com.disha.quickride- aE2P2r-F3zY6aHryK1rM1g==/split_config.en.apk
11-21 22:17:42.441 27826 28019 E Apxor : at dalvik.system.DexFile.openDexFileNative(Native Method)
11-21 22:17:42.441 27826 28019 E Apxor : at dalvik.system.DexFile.openDexFile(DexFile.java:354)
11-21 22:17:42.441 27826 28019 E Apxor : at dalvik.system.DexFile.<init>(DexFile.java:101)
11-21 22:17:42.441 27826 28019 E Apxor : at dalvik.system.DexFile.<init>(DexFile.java:75)
11-21 22:17:42.441 27826 28019 E Apxor : at dalvik.system.DexPathList.loadDexFile(DexPathList.java:394)
11-21 22:17:42.441 27826 28019 E Apxor : at dalvik.system.DexPathList.makeDexElements(DexPathList.java:354)
11-21 22:17:42.441 27826 28019 E Apxor : at dalvik.system.DexPathList.<init>(DexPathList.java:164)
11-21 22:17:42.441 27826 28019 E Apxor : at dalvik.system.BaseDexClassLoader.<init>(BaseDexClassLoader.java:74)
11-21 22:17:42.441 27826 28019 E Apxor : at dalvik.system.BaseDexClassLoader.<init>(BaseDexClassLoader.java:65)
11-21 22:17:42.441 27826 28019 E Apxor : at dalvik.system.PathClassLoader.<init>(PathClassLoader.java:64)
11-21 22:17:42.441 27826 28019 E Apxor : at com.android.internal.os.ClassLoaderFactory.createClassLoader(ClassLoaderFactory.jav a:73)
11-21 22:17:42.441 27826 28019 E Apxor : at com.android.internal.os.ClassLoaderFactory.createClassLoader(ClassLoaderFactory.jav a:88)
11-21 22:17:42.441 27826 28019 E Apxor : at android.app.ApplicationLoaders.getClassLoader(ApplicationLoaders.java:74)
11-21 22:17:42.441 27826 28019 E Apxor : at android.app.ApplicationLoaders.getClassLoader(ApplicationLoaders.java:40)
11-21 22:17:42.441 27826 28019 E Apxor : at android.app.LoadedApk.createOrUpdateClassLoaderLocked(LoadedApk.java:766)
11-21 22:17:42.441 27826 28019 E Apxor : at android.app.LoadedApk.getClassLoader(LoadedApk.java:849)
11-21 22:17:42.441 27826 28019 E Apxor : at android.app.LoadedApk.getResources(LoadedApk.java:1090)
11-21 22:17:42.441 27826 28019 E Apxor : at android.app.ContextImpl.createAppContext(ContextImpl.java:2563)
11-21 22:17:42.441 27826 28019 E Apxor : at android.app.ActivityThread.handleBindApplication(ActivityThread.java:6128)
11-21 22:17:42.441 27826 28019 E Apxor : at android.app.ActivityThread.access$1200(ActivityThread.java:237)
11-21 22:17:42.441 27826 28019 E Apxor : at android.app.ActivityThread$H.handleMessage(ActivityThread.java:1792)
11-21 22:17:42.441 27826 28019 E Apxor : at android.os.Handler.dispatchMessage(Handler.java:106)
11-21 22:17:42.441 27826 28019 E Apxor : at android.os.Looper.loop(Looper.java:214)
11-21 22:17:42.441 27826 28019 E Apxor : at android.app.ActivityThread.main(ActivityThread.java:7078)
11-21 22:17:42.441 27826 28019 E Apxor : at java.lang.reflect.Method.invoke(Native Method)
11-21 22:17:42.441 27826 28019 E Apxor : at com.android.internal.os.RuntimeInit$MethodAndArgsCaller.run(RuntimeInit.java:494)
11-21 22:17:42.441 27826 28019 E Apxor : at com.android.internal.os.ZygoteInit.main(ZygoteInit.java:964)
11-21 22:17:42.441 27826 28019 E Apxor : Suppressed: java.io.IOException: No original dex files found for dex location (arm64) /data/app/com.disha.quickride- aE2P2r-F3zY6aHryK1rM1g==/split_config.xxhdpi.apk
11-21 22:17:42.441 27826 28019 E Apxor : at dalvik.system.DexFile.openDexFileNative(Native Method)
11-21 22:17:42.441 27826 28019 E Apxor : at dalvik.system.DexFile.openDexFile(DexFile.java:354)
11-21 22:17:42.441 27826 28019 E Apxor : at dalvik.system.DexFile.<init>(DexFile.java:101)
11-21 22:17:42.441 27826 28019 E Apxor : at dalvik.system.DexFile.<init>(DexFile.java:75)
11-21 22:17:42.441 27826 28019 E Apxor : at dalvik.system.DexPathList.loadDexFile(DexPathList.java:394)
11-21 22:17:42.441 27826 28019 E Apxor : at dalvik.system.DexPathList.makeDexElements(DexPathList.java:354)
11-21 22:17:42.441 27826 28019 E Apxor : at dalvik.system.DexPathList.<init>(DexPathList.java:164)
11-21 22:17:42.441 27826 28019 E Apxor : at dalvik.system.BaseDexClassLoader.<init>(BaseDexClassLoader.java:74)
11-21 22:17:42.441 27826 28019 E Apxor : at dalvik.system.BaseDexClassLoader.<init>(BaseDexClassLoader.java:65)
11-21 22:17:42.441 27826 28019 E Apxor : at dalvik.system.PathClassLoader.<init>(PathClassLoader.java:64)
11-21 22:17:42.441 27826 28019 E Apxor : at com.android.internal.os.ClassLoaderFactory.createClassLoader(ClassLoaderFactory.jav a:73)
11-21 22:17:42.441 27826 28019 E Apxor : at com.android.internal.os.ClassLoaderFactory.createClassLoader(ClassLoaderFactory.jav a:88)
11-21 22:17:42.441 27826 28019 E Apxor : at android.app.ApplicationLoaders.getClassLoader(ApplicationLoaders.java:74)
11-21 22:17:42.441 27826 28019 E Apxor : at android.app.ApplicationLoaders.getClassLoader(ApplicationLoaders.java:40)
11-21 22:17:42.441 27826 28019 E Apxor : at android.app.LoadedApk.createOrUpdateClassLoaderLocked(LoadedApk.java:766)
11-21 22:17:42.441 27826 28019 E Apxor : at android.app.LoadedApk.getClassLoader(LoadedApk.java:849)
11-21 22:17:42.441 27826 28019 E Apxor : at android.app.LoadedApk.getResources(LoadedApk.java:1090)
11-21 22:17:42.441 27826 28019 E Apxor : at android.app.ContextImpl.createAppContext(ContextImpl.java:2563)
11-21 22:17:42.441 27826 28019 E Apxor : at android.app.ActivityThread.handleBindApplication(ActivityThread.java:6128)
11-21 22:17:42.441 27826 28019 E Apxor : at android.app.ActivityThread.access$1200(ActivityThread.java:237)
11-21 22:17:42.441 27826 28019 E Apxor : at android.app.ActivityThread$H.handleMessage(ActivityThread.java:1792)
11-21 22:17:42.441 27826 28019 E Apxor : at android.os.Handler.dispatchMessage(Handler.java:106)
11-21 22:17:42.441 27826 28019 E Apxor : at android.os.Looper.loop(Looper.java:214)
11-21 22:17:42.441 27826 28019 E Apxor : at android.app.ActivityThread.main(ActivityThread.java:7078)
11-21 22:17:42.441 27826 28019 E Apxor : at java.lang.reflect.Method.invoke(Native Method)
11-21 22:17:42.441 27826 28019 E Apxor : at com.android.internal.os.RuntimeInit$MethodAndArgsCaller.run(RuntimeInit.java:494)
11-21 22:17:42.441 27826 28019 E Apxor : at com.android.internal.os.ZygoteInit.main(ZygoteInit.java:964)
11-21 22:17:42.665 27826 28019 I ApxorSDK: ApxorSDK(v253) successfully initialized for: d25af8de489a0ca420f9540aed14013a --------- beginning of main
11-22 03:09:07.246 29065 29065 I disha.quickrid: report jit thread pid = 29070
11-22 03:09:07.247 29065 29065 E disha.quickrid: Not starting debugger since process cannot load the jdwp agent.
11-22 03:09:07.321 29065 29065 I disha.quickrid: The ClassLoaderContext is a special shared library.
11-22 03:09:07.381 29065 29065 W disha.quickrid: JIT profile information will not be recorded: profile file does not exits.
11-22 03:09:07.382 29065 29065 I chatty : uid=10108(com.disha.quickride) identical 1 line
11-22 03:09:07.382 29065 29065 W disha.quickrid: JIT profile information will not be recorded: profile file does not exits.
11-22 03:09:07.429 29065 29065 D com.disha.quickride.androidapp.startup.QuickRideApplication: QuickRideApplication is instantiated
11-22 03:09:07.435 29065 29065 I MultiDex: VM with version 2.1.0 has multidex support
11-22 03:09:07.435 29065 29065 I MultiDex: Installing application
11-22 03:09:07.435 29065 29065 I MultiDex: VM has multidex support, MultiDex support library is disabled.
11-22 03:09:07.435 29065 29065 I MultiDex: Installing application
11-22 03:09:07.435 29065 29065 I MultiDex: VM has multidex support, MultiDex support library is disabled.
11-22 03:09:07.702 29065 29065 D FirebaseApp: com.google.firebase.auth.FirebaseAuth is not linked. Skipping initialization.
11-22 03:09:07.703 29065 29065 D FirebaseApp: com.google.firebase.crash.FirebaseCrash is not linked. Skipping initialization.
11-22 03:09:07.703 29065 29065 I FirebaseInitProvider: FirebaseApp initialization successful
11-22 03:09:07.717 29065 29065 I CrashlyticsInitProvider: CrashlyticsInitProvider skipping initialization
11-22 03:09:07.725 29065 29065 E Apxor : App Id is empty or null, couldn't initialize ApxorSDK
11-22 03:09:07.763 29065 29092 I FA : App measurement is starting up, version: 15300
11-22 03:09:07.763 29065 29092 I FA : To enable debug logging run: adb shell setprop log.tag.FA VERBOSE
11-22 03:09:07.764 29065 29092 I FA : To enable faster debug mode event logging run:
11-22 03:09:07.764 29065 29092 I FA : adb shell setprop debug.firebase.analytics.app com.disha.quickride
11-22 03:09:07.776 29065 29096 D NetworkSecurityConfig: No Network Security Config specified, using platform default
11-22 03:09:07.782 29065 29096 I System.out: (HTTPLog)-Static: isSBSettingEnabled false
11-22 03:09:07.782 29065 29096 I System.out: (HTTPLog)-Static: isSBSettingEnabled false
11-22 03:09:07.803 29065 29096 D NetworkManagementSocketTagger: tagSocket(51) with statsTag=0xffffffff, statsUid=-1
11-22 03:09:07.831 29065 29065 D com.disha.quickride.androidapp.startup.QuickRideApplication: QuickRideApplication is created
11-22 03:09:07.832 29065 29065 D com.disha.quickride.androidapp.startup.QuickRideApplication: enabled https protocols null
11-22 03:09:07.845 29065 29109 I disha.quickrid: Waiting for a blocking GC ClassLinker
11-22 03:09:07.884 29065 29109 I disha.quickrid: WaitForGcToComplete blocked ClassLinker on AddRemoveAppImageSpace for 38.657ms
11-22 03:09:08.030 29065 29109 I CrashlyticsCore: Initializing Crashlytics 2.6.8.32
11-22 03:09:08.042 29065 29112 I System.out: (HTTPLog)-Static: isSBSettingEnabled false
11-22 03:09:08.043 29065 29112 I System.out: (HTTPLog)-Static: isSBSettingEnabled false
11-22 03:09:08.060 29065 29112 D NetworkManagementSocketTagger: tagSocket(62) with statsTag=0xffffffff, statsUid=-1
11-22 03:09:08.076 29065 29109 W com.facebook.appevents.AppEventsLogger: activateApp events are being logged automatically. There's no need to call activateApp explicitly, this is safe to remove.
11-22 03:09:08.086 29065 29109 I GAv4 : Google Analytics 12.4.51 is starting up. To enable debug logging on a device run:
11-22 03:09:08.086 29065 29109 I GAv4 : adb shell setprop log.tag.GAv4 DEBUG
11-22 03:09:08.086 29065 29109 I GAv4 : adb logcat -s GAv4
11-22 03:09:08.147 29065 29109 D AppsFlyer_4.9.0: Initializing AppsFlyer SDK: (v4.9.0.184)
11-22 03:09:08.152 29065 29109 D AppsFlyer_4.9.0: Done loading properties: true
11-22 03:09:08.196 29065 29138 I System.out: (HTTPLog)-Static: isSBSettingEnabled false
11-22 03:09:08.196 29065 29138 I System.out: (HTTPLog)-Static: isSBSettingEnabled false
11-22 03:09:08.211 29065 29065 W WM-WorkSpec: Interval duration lesser than minimum allowed value; Changed to 900000
11-22 03:09:08.260 29065 29138 D NetworkManagementSocketTagger: tagSocket(66) with statsTag=0xffffffff, statsUid=-1
11-22 03:09:08.262 29065 29065 I CleverTap: Activity Lifecycle Callback successfully registered
11-22 03:09:08.264 29065 29065 I CleverTap: Account Region not specified in the AndroidManifest - using default region
11-22 03:09:08.281 29065 29065 I CleverTap: CleverTap SDK initialized with accountId: 677-74Z-765Z accountToken: 14a-aa6 accountRegion: null
11-22 03:09:08.290 29065 29096 I System.out: (HTTPLog)-Static: isSBSettingEnabled false
11-22 03:09:08.290 29065 29096 I System.out: (HTTPLog)-Static: isSBSettingEnabled false
11-22 03:09:08.292 29065 29065 D com.disha.quickride.androidapp.startup.QuickRideApplication: Initializing Session Manager
11-22 03:09:08.293 29065 29151 D com.disha.quickride.androidapp.startup.session.SessionManagerController: Resuming user session
11-22 03:09:08.294 29065 29151 D com.disha.quickride.androidapp.startup.session.SessionManager: Entering createNewSessionManager
11-22 03:09:08.303 29065 29151 D com.disha.quickride.androidapp.startup.session.SessionManager: Found Persistent session for user 80505598620910
11-22 03:09:08.303 29065 29098 W DynamiteModule: Local module descriptor class for providerinstaller not found.
11-22 03:09:08.306 29065 29151 D com.disha.quickride.androidapp.startup.session.SessionManager: Entering onResumeUserSession
11-22 03:09:08.307 29065 29151 D com.disha.quickride.androidapp.startup.session.SessionManager: Performing session change operation on com.disha.quickride.androidapp.common.serverConfig.ClientConfigurationModuleSession Manager@86cc70f
11-22 03:09:08.307 29065 29151 D com.disha.quickride.androidapp.common.serverConfig.ClientConfigurationModuleSession Manager: Resuming basic user session
11-22 03:09:08.315 29065 29065 W Java7Support: Unable to load JDK7 types (annotations, java.nio.file.Path): no Java7 support added
11-22 03:09:08.315 29065 29147 I CleverTap: SDK Version Code is 30501
11-22 03:09:08.318 29065 29147 I CleverTap: CTPushNotificationReceiver is present
11-22 03:09:08.320 29065 29147 I CleverTap: InstallReferrerBroadcastReceiver is present
11-22 03:09:08.321 29065 29098 I DynamiteModule: Considering local module providerinstaller:0 and remote module providerinstaller:0
11-22 03:09:08.321 29065 29098 W ProviderInstaller: Failed to load providerinstaller module: No acceptable module found. Local version is 0 and remote version is 0.
11-22 03:09:08.325 29065 29147 I CleverTap: CTNotificationIntentService not present
11-22 03:09:08.328 29065 29147 I CleverTap: CTBackgroundJobService is present
11-22 03:09:08.333 29065 29147 I CleverTap: CTBackgroundIntentService is present
11-22 03:09:08.340 29065 29147 I CleverTap: InAppNotificationActivity is present
11-22 03:09:08.344 29065 29147 I CleverTap: FcmMessageListenerService not present
11-22 03:09:08.346 29065 29147 I CleverTap: FcmTokenListenerService not present
11-22 03:09:08.368 29065 29098 I disha.quickrid: The ClassLoaderContext is a special shared library.
11-22 03:09:08.384 29065 29151 D com.disha.quickride.androidapp.startup.session.SessionManager: Performing session change operation on com.disha.quickride.androidapp.usermgmt.UserModuleSessionManager@ca53663
11-22 03:09:08.385 29065 29151 D com.disha.quickride.androidapp.usermgmt.UserModuleSessionManager: Resume basic user session
11-22 03:09:08.407 29065 29154 D com.disha.quickride.androidapp.common.AndroidRestClient.AndroidClientLogger: RestClient.callService with httpRequestMethod = GET
11-22 03:09:08.429 29065 29154 I System.out: (HTTPLog)-Static: isSBSettingEnabled false
11-22 03:09:08.429 29065 29154 I System.out: (HTTPLog)-Static: isSBSettingEnabled false
11-22 03:09:08.462 29065 29154 D NetworkManagementSocketTagger: tagSocket(78) with statsTag=0xffffffff, statsUid=-1
11-22 03:09:08.479 29065 29098 I disha.quickrid: The ClassLoaderContext is a special shared library.
11-22 03:09:08.501 29065 29147 I CleverTap:677-74Z-765Z: Notification channel promopush has been created
11-22 03:09:08.505 29065 29156 D com.disha.quickride.androidapp.notification.QuickRideGCMIntentService: New GCM message received : {channel_id=RideInvites, EXPIRY_TIME=1574379776746, Priority=2, GroupValue=80505598620910, android_channel_id=RideInvites, MsgClassName=java.lang.String, Id=0, Time=1574368976799, Type=NOT_TYPE_UPDATE_USER_APP_RETAINED_TIME, Group=silentNotification, Is_Ack_Required=true, IsActionTaken=false, sendFrom=0, Unique_Id=1513915490411, IS_USER_NOTIFICATION=true, IsActionRequired=false}
11-22 03:09:08.524 29065 29099 I System.out: (HTTPLog)-Static: isSBSettingEnabled false
11-22 03:09:08.524 29065 29099 I System.out: (HTTPLog)-Static: isSBSettingEnabled false
11-22 03:09:08.527 29065 29099 D NetworkManagementSocketTagger: tagSocket(77) with statsTag=0xffffffff, statsUid=-1
11-22 03:09:08.533 29065 29156 E b : Error: No value for data
11-22 03:09:08.534 29065 29156 D com.disha.quickride.androidapp.notification.QuickRideGCMIntentService: Not handled by NetCore
11-22 03:09:08.534 29065 29156 D com.disha.quickride.androidapp.notification.QuickRideGCMIntentService: Session is not yet initialized; will queue up the message and process after session is initialized
11-22 03:09:08.539 29065 29105 W AnalyticsUserIDStore: initStore should have been called before calling setUserID
11-22 03:09:08.551 29065 29105 W UserDataStore: initStore should have been called before calling setUserID
11-22 03:09:08.565 29065 29098 I disha.quickrid: The ClassLoaderContext is a special shared library.
11-22 03:09:08.606 29065 29105 I System.out: (HTTPLog)-Static: isSBSettingEnabled false
11-22 03:09:08.606 29065 29105 I System.out: (HTTPLog)-Static: isSBSettingEnabled false
11-22 03:09:08.618 29065 29147 I CleverTap:677-74Z-765Z: Notification channel offerspush has been created
11-22 03:09:08.620 29065 29147 I CleverTap:677-74Z-765Z: Notification channel notifypush has been created
11-22 03:09:08.707 29065 29168 I System.out: (HTTPLog)-Static: isSBSettingEnabled false
11-22 03:09:08.707 29065 29168 I System.out: (HTTPLog)-Static: isSBSettingEnabled false
11-22 03:09:08.716 29065 29170 I System.out: (HTTPLog)-Static: isSBSettingEnabled false
11-22 03:09:08.716 29065 29170 I System.out: (HTTPLog)-Static: isSBSettingEnabled false
11-22 03:09:08.727 29065 29154 D com.disha.quickride.androidapp.common.AndroidRestClient.AndroidClientLogger: RestClient.callService response code : 200
11-22 03:09:08.728 29065 29168 D NetworkManagementSocketTagger: tagSocket(87) with statsTag=0xffffffff, statsUid=-1
11-22 03:09:08.731 29065 29170 D NetworkManagementSocketTagger: tagSocket(88) with statsTag=0xffffffff, statsUid=-1
11-22 03:09:08.757 29065 29138 E Apxor : Configuration is not in fall between provided dates
11-22 03:09:08.757 29065 29138 E Apxor : Failed to initialize the config item
11-22 03:09:08.762 29065 29138 E Apxor : Configuration is not in fall between provided dates
