05-08 04:40:12.415 14571 15062 V nv_syscaps: ..> GL_OES_EGL_sync
05-08 04:40:12.415 14571 15062 V nv_syscaps: ..> GL_OES_texture_npot
05-08 04:40:12.415 14571 15062 V nv_syscaps: ..> GL_OES_vertex_half_float
05-08 04:40:12.415 14571 15062 V nv_syscaps: ..> GL_OES_required_internalformat
05-08 04:40:12.415 14571 15062 V nv_syscaps: ..> GL_OES_vertex_array_object
05-08 04:40:12.415 14571 15062 V nv_syscaps: ..> GL_OES_mapbuffer
05-08 04:40:12.415 14571 15062 V nv_syscaps: ..> GL_EXT_texture_format_BGRA8888
05-08 04:40:12.415 14571 15062 V nv_syscaps: ..> GL_EXT_texture_rg
05-08 04:40:12.415 14571 15062 V nv_syscaps: ..> GL_EXT_texture_type_2_10_10_10_REV
05-08 04:40:12.415 14571 15062 V nv_syscaps: ..> GL_OES_fbo_render_mipmap
05-08 04:40:12.415 14571 15062 V nv_syscaps: ..> GL_OES_element_index_uint
05-08 04:40:12.415 14571 15062 V nv_syscaps: ..> GL_EXT_shadow_samplers
05-08 04:40:12.415 14571 15062 V nv_syscaps: ..> GL_OES_texture_compression_astc
05-08 04:40:12.415 14571 15062 V nv_syscaps: ..>
GL_KHR_texture_compression_astc_ldr
05-08 04:40:12.415 14571 15062 V nv_syscaps: ..>
GL_KHR_texture_compression_astc_hdr
05-08 04:40:12.415 14571 15062 V nv_syscaps: ..>
GL_KHR_texture_compression_astc_sliced_3d
05-08 04:40:12.415 14571 15062 V nv_syscaps: ..>
GL_EXT_texture_compression_astc_decode_mode
05-08 04:40:12.415 14571 15062 V nv_syscaps: ..>
GL_EXT_texture_compression_astc_decode_mode_rgb9e5
05-08 04:40:12.415 14571 15062 V nv_syscaps: ..> GL_KHR_debug
05-08 04:40:12.415 14571 15062 V nv_syscaps: ..> GL_EXT_occlusion_query_boolean
05-08 04:40:12.415 14571 15062 V nv_syscaps: ..> GL_EXT_disjoint_timer_query
05-08 04:40:12.415 14571 15062 V nv_syscaps: ..> GL_EXT_blend_minmax
05-08 04:40:12.415 14571 15062 V nv_syscaps: ..> GL_EXT_discard_framebuffer
05-08 04:40:12.415 14571 15062 V nv_syscaps: ..> GL_OES_get_program_binary
05-08 04:40:12.415 14571 15062 V nv_syscaps: ..> GL_OES_texture_3D
05-08 04:40:12.415 14571 15062 V nv_syscaps: ..> GL_EXT_texture_storage
05-08 04:40:12.415 14571 15062 V nv_syscaps: ..>
GL_EXT_multisampled_render_to_texture
05-08 04:40:12.415 14571 15062 V nv_syscaps: ..>
GL_EXT_multisampled_render_to_texture2
05-08 04:40:12.415 14571 15062 V nv_syscaps: ..> GL_OES_surfaceless_context
05-08 04:40:12.415 14571 15062 V nv_syscaps: ..> GL_OES_texture_stencil8
05-08 04:40:12.415 14571 15062 V nv_syscaps: ..> GL_EXT_shader_pixel_local_storage
05-08 04:40:12.415 14571 15062 V nv_syscaps: ..> GL_ARM_shader_framebuffer_fetch
05-08 04:40:12.415 14571 15062 V nv_syscaps: ..>
GL_ARM_shader_framebuffer_fetch_depth_stencil
05-08 04:40:12.415 14571 15062 V nv_syscaps: ..> GL_ARM_mali_program_binary
05-08 04:40:12.415 14571 15062 V nv_syscaps: ..> GL_EXT_sRGB
05-08 04:40:12.415 14571 15062 V nv_syscaps: ..> GL_EXT_sRGB_write_control
05-08 04:40:12.415 14571 15062 V nv_syscaps: ..> GL_EXT_texture_sRGB_decode
05-08 04:40:12.415 14571 15062 V nv_syscaps: ..> GL_EXT_texture_sRGB_R8
05-08 04:40:12.415 14571 15062 V nv_syscaps: ..> GL_EXT_texture_sRGB_RG8
05-08 04:40:12.415 14571 15062 V nv_syscaps: ..> GL_KHR_blend_equation_advanced
05-08 04:40:12.415 14571 15062 V nv_syscaps: ..>
GL_KHR_blend_equation_advanced_coherent
05-08 04:40:12.415 14571 15062 V nv_syscaps: ..>
GL_OES_texture_storage_multisample_2d_array
05-08 04:40:12.415 14571 15062 V nv_syscaps: ..> GL_OES_shader_image_atomic
05-08 04:40:12.415 14571 15062 V nv_syscaps: ..> GL_EXT_robustness
05-08 04:40:12.415 14571 15062 V nv_syscaps: ..> GL_EXT_draw_buffers_indexed
05-08 04:40:12.415 14571 15062 V nv_syscaps: ..> GL_OES_draw_buffers_indexed
05-08 04:40:12.415 14571 15062 V nv_syscaps: ..> GL_EXT_texture_border_clamp
05-08 04:40:12.415 14571 15062 V nv_syscaps: ..> GL_OES_texture_border_clamp
05-08 04:40:12.415 14571 15062 V nv_syscaps: ..> GL_EXT_texture_cube_map_array
05-08 04:40:12.415 14571 15062 V nv_syscaps: ..> GL_OES_texture_cube_map_array
05-08 04:40:12.415 14571 15062 V nv_syscaps: ..> GL_OES_sample_variables
05-08 04:40:12.415 14571 15062 V nv_syscaps: ..> GL_OES_sample_shading
05-08 04:40:12.415 14571 15062 V nv_syscaps: ..>
GL_OES_shader_multisample_interpolation
05-08 04:40:12.415 14571 15062 V nv_syscaps: ..> GL_EXT_shader_io_blocks
05-08 04:40:12.415 14571 15062 V nv_syscaps: ..> GL_OES_shader_io_blocks
05-08 04:40:12.415 14571 15062 V nv_syscaps: ..> GL_EXT_tessellation_shader
05-08 04:40:12.415 14571 15062 V nv_syscaps: ..> GL_OES_tessellation_shader
05-08 04:40:12.415 14571 15062 V nv_syscaps: ..> GL_EXT_primitive_bounding_box
05-08 04:40:12.415 14571 15062 V nv_syscaps: ..> GL_OES_primitive_bounding_box
05-08 04:40:12.415 14571 15062 V nv_syscaps: ..> GL_EXT_geometry_shader
05-08 04:40:12.415 14571 15062 V nv_syscaps: ..> GL_OES_geometry_shader
05-08 04:40:12.415 14571 15062 V nv_syscaps: ..> GL_ANDROID_extension_pack_es31a
05-08 04:40:12.415 14571 15062 V nv_syscaps: ..> GL_EXT_gpu_shader5
05-08 04:40:12.415 14571 15062 V nv_syscaps: ..> GL_OES_gpu_shader5
05-08 04:40:12.415 14571 15062 V nv_syscaps: ..> GL_EXT_texture_buffer
05-08 04:40:12.415 14571 15062 V nv_syscaps: ..> GL_OES_texture_buffer
05-08 04:40:12.415 14571 15062 V nv_syscaps: ..> GL_EXT_copy_image
05-08 04:40:12.415 14571 15062 V nv_syscaps: ..> GL_OES_copy_image
05-08 04:40:12.415 14571 15062 V nv_syscaps: ..>
GL_EXT_shader_non_constant_global_initializers
05-08 04:40:12.415 14571 15062 V nv_syscaps: ..> GL_EXT_color_buffer_half_float
05-08 04:40:12.415 14571 15062 V nv_syscaps: ..> GL_EXT_unpack_subimage
05-08 04:40:12.415 14571 15062 V nv_syscaps: ..> GL_EXT_color_buffer_float
05-08 04:40:12.415 14571 15062 V nv_syscaps: ..> GL_EXT_YUV_target
05-08 04:40:12.415 14571 15062 V nv_syscaps: ..> GL_OVR_multiview
05-08 04:40:12.415 14571 15062 V nv_syscaps: ..> GL_OVR_multiview2
05-08 04:40:12.415 14571 15062 V nv_syscaps: ..>
GL_OVR_multiview_multisampled_render_to_texture
05-08 04:40:12.415 14571 15062 V nv_syscaps: ..> GL_KHR_robustness
05-08 04:40:12.415 14571 15062 V nv_syscaps: ..>
GL_KHR_robust_buffer_access_behavior
05-08 04:40:12.415 14571 15062 V nv_syscaps: ..> GL_EXT_draw_elements_base_vertex
05-08 04:40:12.415 14571 15062 V nv_syscaps: ..> GL_OES_draw_elements_base_vertex
05-08 04:40:12.415 14571 15062 V nv_syscaps: ..> GL_EXT_protected_textures
05-08 04:40:12.415 14571 15062 V nv_syscaps: ..> GL_EXT_buffer_storage
05-08 04:40:12.415 14571 15062 V nv_syscaps: ..> GL_EXT_external_buffer
05-08 04:40:12.415 14571 15062 V nv_syscaps: ..> GL_EXT_EGL_image_array
05-08 04:40:12.415 14571 15062 V nv_syscaps: ..> GL_EXT_texture_filter_anisotropic
05-08 04:40:12.415 14571 15062 V nv_syscaps: ..>
GL_ARM_texture_unnormalized_coordinates
05-08 04:40:12.415 14571 15062 V nv_syscaps: ..> GL_EXT_shader_framebuffer_fetch
05-08 04:40:12.412 14571 14571 W NVEvent : type=1400 audit(0.0:76158): avc: denied
{ read } for name="config.gz" dev="proc" ino=4026532246
scontext=u:r:untrusted_app_25:s0:c512,c768 tcontext=u:object_r:config_gz:s0
tclass=file permissive=0 app=com.flin.sa
05-08 04:40:12.417 14571 15062 I System.out: Build info version device gust
05-08 04:40:12.419 14571 15062 I System.out: Build MANUFACTURER Xiaomi
05-08 04:40:12.420 14571 15062 I System.out: Build BOARD gust
05-08 04:40:12.420 14571 15062 I System.out: Build DISPLAY TP1A.220624.014
05-08 04:40:12.420 14571 15062 I System.out: Build CPU_ABI armeabi-v7a
05-08 04:40:12.420 14571 15062 I System.out: Build CPU_ABI2 armeabi
05-08 04:40:12.420 14571 15062 I System.out: Build HARDWARE mt6768
05-08 04:40:12.421 14571 15062 I System.out: Build MODEL 23108RN04Y
05-08 04:40:12.422 14571 15062 I System.out: Build PRODUCT gust_global
05-08 04:40:12.422 14571 15062 I System.out: **** IsPhone
05-08 04:40:12.422 14571 15062 I System.out: **** GetAndroidBuildinfo
05-08 04:40:12.422 14571 15062 I System.out: **** GetAndroidBuildinfo
05-08 04:40:12.423 14571 15062 I System.out: Build info version device gust
05-08 04:40:12.423 14571 15062 I System.out: Build MANUFACTURER Xiaomi
05-08 04:40:12.423 14571 15062 I System.out: Build BOARD gust
05-08 04:40:12.423 14571 15062 I System.out: Build DISPLAY TP1A.220624.014
05-08 04:40:12.423 14571 15062 I System.out: Build CPU_ABI armeabi-v7a
05-08 04:40:12.423 14571 15062 I System.out: Build CPU_ABI2 armeabi
05-08 04:40:12.423 14571 15062 I System.out: Build HARDWARE mt6768
05-08 04:40:12.424 14571 15062 I System.out: Build MODEL 23108RN04Y
05-08 04:40:12.424 14571 15062 I System.out: Build PRODUCT gust_global
05-08 04:40:12.424 14571 15062 I System.out: **** IsPhone
05-08 04:40:12.427 14571 15062 I System.out: **** FileGetArchiveName
05-08 04:40:12.454 14571 15062 I System.out: **** FileGetArchiveName
05-08 04:40:12.461 14571 15062 I System.out: **** GetDeviceLocale
05-08 04:40:12.472 14571 15190 D OSWrapper: AttachCurrentThread: 0, 0x0xd8a3d280
05-08 04:40:12.519 14571 14571 W Looper : PerfMonitor looperActivity :
package=com.flin.sa/.MenuActivity time=30ms latency=301ms procState=-1
historyMsgCount=4
05-08 04:40:12.520 14571 15192 D OSWrapper: AttachCurrentThread: 0, 0x0xe7d8ff80
05-08 04:40:12.522 14571 15192 D libMEOW : meow new tls: 0xab5374c0
05-08 04:40:12.522 14571 15192 D libMEOW : applied 1 plugins for [com.flin.sa]:
05-08 04:40:12.522 14571 15192 D libMEOW : plugin 1: [libMEOW_gift.so]:
0xe7a26000
05-08 04:40:12.522 14571 15192 D libMEOW : rebuild call chain: 0xab53fac0
05-08 04:40:12.525 14571 15062 I AXL : Loading "samp" cd..
05-08 04:40:12.544 14571 14571 W Looper : PerfMonitor doFrame : time=22ms
vsyncFrame=0 latency=306ms procState=-1 historyMsgCount=2
05-08 04:40:12.665 14571 14624 D BLASTBufferQueue: [VRI[GTASA]#2](f:0,a:2) producer
disconnected before: mAbandoned=0
05-08 04:40:12.665 14571 14624 D BLASTBufferQueue: - BufferQueue
mMaxAcquiredBufferCount=2 mMaxDequeuedBufferCount=2
05-08 04:40:12.665 14571 14624 D BLASTBufferQueue: mDequeueBufferCannotBlock=0
mAsyncMode=0
05-08 04:40:12.665 14571 14624 D BLASTBufferQueue: mQueueBufferCanDrop=0
mLegacyBufferDrop=1
05-08 04:40:12.665 14571 14624 D BLASTBufferQueue: default-size=[1532x720]
default-format=1 transform-hint=04 frame-counter=4
05-08 04:40:12.665 14571 14624 D BLASTBufferQueue: mTransformHintInUse=04
mAutoPrerotation=0
05-08 04:40:12.665 14571 14624 D BLASTBufferQueue: FIFO(0):
05-08 04:40:12.665 14571 14624 D BLASTBufferQueue:
(mConsumerName=VRI[GTASA]#2(BLAST Consumer)2, mConnectedApi=1,
mConsumerUsageBits=2304, mId=38eb00000002, producer=[14571:com.flin.sa],
consumer=[14571:com.flin.sa])
05-08 04:40:12.665 14571 14624 D BLASTBufferQueue: Slots:
05-08 04:40:12.665 14571 14624 D BLASTBufferQueue: >[00:0xe2e9b080] state=ACQUIRED
0xd88d3180 frame=4 [ 720x1532: 720, 1]
05-08 04:40:12.665 14571 14624 D BLASTBufferQueue: [01:0x0] state=FREE
05-08 04:40:12.665 14571 14624 D BLASTBufferQueue: [02:0x0] state=FREE
05-08 04:40:12.665 14571 14624 D BLASTBufferQueue: [03:0x0] state=FREE
05-08 04:40:12.909 14571 15193 D OSWrapper: AttachCurrentThread: 0, 0x0xe48eb600
05-08 04:40:13.039 14571 15193 I AXL : Loading handling.cfg..
05-08 04:40:13.289 14571 15205 D OSWrapper: AttachCurrentThread: 0, 0x0xce21ff80
05-08 04:40:13.415 14571 15193 D com.flin.sa: PlayerBase::PlayerBase()
05-08 04:40:13.415 14571 15193 D com.flin.sa: TrackPlayerBase::TrackPlayerBase()
05-08 04:40:13.415 14571 15193 I libOpenSLES: Emulating old channel mask behavior
(ignoring positional mask 0x3, using default mask 0x3 based on channel count of 2)
05-08 04:40:13.415 14571 15193 D AudioTrack: INSP:
type=audio,case=1,set=0xc8344b00,stream_type=3,sample_rate=44100,format=0x1,channel
_mask=0x3,frame_count=0,flags=0x104,notification_frames=-
2,session_id=21017,transfer_type=0,uid=-1,pid=-1
05-08 04:40:13.416 14571 15193 D AudioTrack: getCallingPackageName
packagename_processed is com.flin.sa
05-08 04:40:13.416 14571 15193 D AudioTrack: set: mPowerTrackStatus=0
05-08 04:40:13.437 14571 15193 D AudioTrack: createTrack_l(3519): 0xc8344b00, mCblk
= 0xc66cf100, mLatency = 101, mAfLatency = 53, frameCount = 2127, mSampleRate =
44100, mFlags = 0, mReqFrameCount = 2127, mNotificationFramesAct = 709
05-08 04:40:13.438 14571 15193 W libc : Access denied finding property
"ro.vendor.audio.zerodata.upload"
05-08 04:40:13.432 14571 14571 W MainThread: type=1400 audit(0.0:76162): avc:
denied { read } for name="u:object_r:vendor_misound_ro_prop:s0" dev="tmpfs"
ino=8794 scontext=u:r:untrusted_app_25:s0:c512,c768
tcontext=u:object_r:vendor_misound_ro_prop:s0 tclass=file permissive=0
app=com.flin.sa
05-08 04:40:13.441 14571 15193 I OpenAL_alSource.c: AL lib: (EE)
UpdateDeviceParams: Failed to set 22050hz, got 44100hz instead
05-08 04:40:13.441 14571 15193 D AudioTrack: start(3519): 0xc8344b00, prior
state:STATE_STOPPED
05-08 04:40:13.461 14571 15207 D OSWrapper: AttachCurrentThread: 0, 0x0xe2e95b00
05-08 04:40:13.538 14571 15193 I AXL : Creating "MultiPlayer" button.. (struct:
0xA3BBFF9C)
05-08 04:40:13.570 14571 15192 E libEGL : pre_cache appList: ,,
05-08 04:40:13.587 14571 15192 I System.out: swapBuffer wait
05-08 04:40:13.589 14571 15193 I AXL : CGame: InitInMenu
05-08 04:40:13.589 14571 15193 I AXL : Installing patches..
05-08 04:40:13.594 14571 15193 I AXL : installHook: 0xAA9BB9B0 -> 0xA9FA2B3D
05-08 04:40:13.594 14571 15193 I AXL : installHook: 0xAA9BA338 -> 0xA9FA2949
05-08 04:40:13.594 14571 15193 I AXL : installHook: 0xAA9BB178 -> 0xA9FA297D
05-08 04:40:13.594 14571 15193 I AXL : installHook: 0xAAB06784 -> 0xA9FA92F1
05-08 04:40:13.594 14571 15193 I AXL : installHook: 0xAAB067A0 -> 0xA9FA9345
05-08 04:40:13.594 14571 15193 I AXL : installHook: 0xAA9E047C -> 0xA9FA9361
05-08 04:40:13.594 14571 15193 I AXL : installHook: 0xAAA6E528 -> 0xA9FA8F09
05-08 04:40:13.594 14571 15193 I AXL : installHook: 0xAACAD9D8 -> 0xA9FA9109
05-08 04:40:13.594 14571 15193 I AXL : installHook: 0xAAC999AC -> 0xA9FA8085
05-08 04:40:13.594 14571 15193 I AXL : installHook: 0xAABB46AC -> 0xA9FA91C5
05-08 04:40:13.594 14571 15193 I AXL : installHook: 0xAA9C8398 -> 0xA9FA6559
05-08 04:40:13.594 14571 15193 I AXL : installHook: 0xAAB1ECA8 -> 0xA9FA3531
05-08 04:40:13.595 14571 15193 I AXL : installHook: 0xAAAE1EF4 -> 0xA9FA26FD
05-08 04:40:13.595 14571 15193 I AXL : installHook: 0xAAAE2098 -> 0xA9FA2909
05-08 04:40:13.595 14571 15193 I AXL : installHook: 0xAABAADF0 -> 0xA9FA28F9
05-08 04:40:13.595 14571 15193 I AXL : installHook: 0xAA980D5C -> 0xA9FA35C9
05-08 04:40:13.595 14571 15193 I AXL : installHook: 0xAA9D583C -> 0xA9FA37B5
05-08 04:40:13.595 14571 15193 I AXL : installHook: 0xAAA7D690 -> 0xA9FA3BED
05-08 04:40:13.595 14571 15193 I AXL : installHook: 0xAAB22A88 -> 0xA9FA3C7D
05-08 04:40:13.595 14571 15193 I AXL : installHook: 0xAAB21F84 -> 0xA9FA3C81
05-08 04:40:13.595 14571 15193 I AXL : installHook: 0xAAB259A8 -> 0xA9FA3F51
05-08 04:40:13.595 14571 15193 I AXL : installHook: 0xAAB0E0C0 -> 0xA9FA89C9
05-08 04:40:13.595 14571 15193 I AXL : installHook: 0xAABC9E60 -> 0xA9FA4085
05-08 04:40:13.595 14571 15193 I AXL : installHook: 0xAABCA3CC -> 0xA9FA40B5
05-08 04:40:13.596 14571 15193 I AXL : CodeInject: 0xAAA209F4 -> 0xa9fa3fbd
(register: r1)
05-08 04:40:13.596 14571 15193 I AXL : installHook: 0xAAA7D268 -> 0xA9FA4C0D
05-08 04:40:13.596 14571 15193 I AXL : installHook: 0xAACAE964 -> 0xA9FA877D
05-08 04:40:13.596 14571 15193 I AXL : installHook: 0xAACAD68C -> 0xA9FA88A1
05-08 04:40:13.596 14571 15193 I AXL : installHook: 0xAAA7D618 -> 0xA9FA4CA5
05-08 04:40:13.596 14571 15193 I AXL : installHook: 0xAAA2BA90 -> 0xA9FA4C95
05-08 04:40:13.596 14571 15193 I AXL : installHook: 0xAAA84A5C -> 0xA9FA4BA9
05-08 04:40:13.596 14571 15193 I AXL : installHook: 0xAAC78118 -> 0xA9FA4BBD
05-08 04:40:13.596 14571 15193 I AXL : installHook: 0xAA8F5CC0 -> 0xA9FA4B8D
05-08 04:40:13.596 14571 15193 I AXL : installHook: 0xAAA26D30 -> 0xA9FA4BD1
05-08 04:40:13.596 14571 15193 I AXL : installHook: 0xAAA81D78 -> 0xA9FA4BE9
05-08 04:40:13.596 14571 15193 I AXL : installHook: 0xAAC57B08 -> 0xA9FA8DC5
05-08 04:40:13.597 14571 15193 I AXL : installHook: 0xAAB1C894 -> 0xA9FA4D39
05-08 04:40:13.597 14571 15193 I AXL : installHook: 0xAA9BD510 -> 0xA9FA5585
05-08 04:40:13.597 14571 15193 I AXL : installHook: 0xAAB08BF8 -> 0xA9FA5811
05-08 04:40:13.597 14571 15193 I AXL : installHook: 0xAAADC994 -> 0xA9FA5899
05-08 04:40:13.597 14571 15193 I AXL : installHook: 0xAAAD8E20 -> 0xA9FA5979
05-08 04:40:13.597 14571 15193 I AXL : installHook: 0xAAB36518 -> 0xA9FA5DF5
05-08 04:40:13.597 14571 15193 I AXL : installHook: 0xAA99F910 -> 0xA9FA63C9
05-08 04:40:13.597 14571 15193 I AXL : installHook: 0xAAAF3114 -> 0xA9FA63FD
05-08 04:40:13.597 14571 15193 I AXL : installHook: 0xAAA7CCC0 -> 0xA9FA64A5
05-08 04:40:13.597 14571 15193 I AXL : installHook: 0xAA903314 -> 0xA9FA6579
05-08 04:40:13.597 14571 15193 I AXL : installHook: 0xAA8EF530 -> 0xA9FA664D
05-08 04:40:13.597 14571 15193 I AXL : installHook: 0xAA900D74 -> 0xA9FA6761
05-08 04:40:13.598 14571 15193 I AXL : installHook: 0xAAA7FCBC -> 0xA9FA69A1
05-08 04:40:13.598 14571 15193 I AXL : installHook: 0xAAC54EF4 -> 0xA9FA6A85
05-08 04:40:13.598 14571 15193 I AXL : installHook: 0xAAADF6CC -> 0xA9FA6CA9
05-08 04:40:13.598 14571 15193 I AXL : installHook: 0xAAAF8778 -> 0xA9FA6E3D
05-08 04:40:13.598 14571 15193 I AXL : installHook: 0xAAC1BA6C -> 0xA9FA6E59
05-08 04:40:13.598 14571 15193 I AXL : installHook: 0xAAADF334 -> 0xA9FA6F8D
05-08 04:40:13.598 14571 15193 I AXL : installHook: 0xAAC8D6EC -> 0xA9FA714D
05-08 04:40:13.598 14571 15193 I AXL : installHook: 0xAAC5FEC4 -> 0xA9FA7395
05-08 04:40:13.598 14571 15193 I AXL : installHook: 0xAAC2D71C -> 0xA9FA76A5
05-08 04:40:13.598 14571 15193 I AXL : installHook: 0xAAC236E8 -> 0xA9FA7681
05-08 04:40:13.598 14571 15193 I AXL : installHook: 0xAAB2FD48 -> 0xA9FA74C1
05-08 04:40:13.598 14571 15193 I AXL : installHook: 0xAAB2F884 -> 0xA9FA760D
05-08 04:40:13.598 14571 15193 I AXL : installHook: 0xAABB3EF4 -> 0xA9FA778D
05-08 04:40:13.599 14571 15193 I AXL : installHook: 0xAAB2186C -> 0xA9FA77B1
05-08 04:40:13.599 14571 15193 I AXL : installHook: 0xAAC999FC -> 0xA9FA7829
05-08 04:40:13.599 14571 15193 I AXL : installHook: 0xAAC7C3B4 -> 0xA9FA7B65
05-08 04:40:13.599 14571 15193 I AXL : installHook: 0xAAC9965C -> 0xA9FA7E1D
05-08 04:40:13.599 14571 15193 I AXL : installHook: 0xAA9C48A8 -> 0xA9FA7B35
05-08 04:40:13.599 14571 15193 I AXL : installHook: 0xAA9C3E88 -> 0xA9FA811D
05-08 04:40:13.599 14571 15193 I AXL : installHook: 0xAAAD0D74 -> 0xA9FA8301
05-08 04:40:13.599 14571 15193 I AXL : installHook: 0xAAAE4C68 -> 0xA9FA8535
05-08 04:40:13.599 14571 15193 I AXL : installHook: 0xAAA62164 -> 0xA9FA865D
05-08 04:40:13.599 14571 15193 I AXL : installHook: 0xAAB8117C -> 0xA9FA873D
05-08 04:40:13.599 14571 15193 I AXL : installHook: 0xAA8F8808 -> 0xA9FA92B1
05-08 04:40:13.599 14571 15193 I AXL : installHook: 0xAA92BAE4 -> 0xA9FA92C9
05-08 04:40:13.600 14571 15193 I AXL : installHook: 0xAAB4C2B8 -> 0xA9FA6779
05-08 04:40:13.600 14571 15193 I AXL : installHook: 0xAAAA2E30 -> 0xA9FA6795
05-08 04:40:13.600 14571 15193 I AXL : installHook: 0xAAC5D090 -> 0xA9FA67E5
05-08 04:40:13.600 14571 15193 I AXL : installHook: 0xAAB08500 -> 0xA9FA67D5
05-08 04:40:13.600 14571 15193 I AXL : installHook: 0xAAB08528 -> 0xA9FA67C5
05-08 04:40:13.600 14571 15193 I AXL : installHook: 0xAA9B5F54 -> 0xA9FA67B1
05-08 04:40:13.600 14571 15193 I AXL : installHook: 0xAA9BBAB4 -> 0xA9FA2A59
05-08 04:40:13.600 14571 15193 I AXL : installHook: 0xAABA1280 -> 0xA9FAD401
05-08 04:40:13.600 14571 15193 I AXL : installHook: 0xAAAE408C -> 0xA9FAC8F5
05-08 04:40:13.600 14571 15193 I AXL : installHook: 0xAAAE4110 -> 0xA9FAC96D
05-08 04:40:13.600 14571 15193 I AXL : installHook: 0xAAAE454C -> 0xA9FAD06D
05-08 04:40:13.600 14571 15193 I AXL : installHook: 0xAAAE4528 -> 0xA9FAD111
05-08 04:40:13.600 14571 15193 I AXL : installHook: 0xAAAE4344 -> 0xA9FAD1B5
05-08 04:40:13.600 14571 15193 I AXL : installHook: 0xAAAE4368 -> 0xA9FAD231
05-08 04:40:13.601 14571 15193 I AXL : installHook: 0xAAAE5AA4 -> 0xA9FAC9E5
05-08 04:40:13.601 14571 15193 I AXL : installHook: 0xAAAE59B8 -> 0xA9FACA41
05-08 04:40:13.601 14571 15193 I AXL : installHook: 0xAAAE596C -> 0xA9FACACD
05-08 04:40:13.601 14571 15193 I AXL : installHook: 0xAAAE5824 -> 0xA9FACB41
05-08 04:40:13.601 14571 15193 I AXL : installHook: 0xAAAE58C0 -> 0xA9FACB9D
05-08 04:40:13.601 14571 15193 I AXL : installHook: 0xAAAE5A0C -> 0xA9FACBF9
05-08 04:40:13.601 14571 15193 I AXL : installHook: 0xAAAE5A4C -> 0xA9FACC55
05-08 04:40:13.601 14571 15193 I AXL : installHook: 0xAAAE4D9C -> 0xA9FACCE5
05-08 04:40:13.601 14571 15193 I AXL : installHook: 0xAAAE5038 -> 0xA9FAD7B9
05-08 04:40:13.601 14571 15193 I AXL : installHook: 0xAAAE5498 -> 0xA9FAD8B1
05-08 04:40:13.601 14571 15193 I AXL : installHook: 0xAAAE5418 -> 0xA9FAD879
05-08 04:40:13.601 14571 15193 I AXL : installHook: 0xAAC08748 -> 0xA9FAD855
05-08 04:40:13.601 14571 15193 I AXL : installHook: 0xAAAE57B0 -> 0xA9FACCB5
05-08 04:40:13.601 14571 15193 I AXL : installHook: 0xAAAE4B50 -> 0xA9FACD69
05-08 04:40:13.602 14571 15193 I AXL : installHook: 0xAAAE39E4 -> 0xA9FACDC5
05-08 04:40:13.602 14571 15193 I AXL : installHook: 0xAAAE3BF0 -> 0xA9FACE11
05-08 04:40:13.602 14571 15193 I AXL : installHook: 0xAAAE4B7C -> 0xA9FACE55
05-08 04:40:13.602 14571 15193 I AXL : installHook: 0xAAAE4938 -> 0xA9FACF25
05-08 04:40:13.602 14571 15193 I AXL : installHook: 0xAAAE4754 -> 0xA9FACF75
05-08 04:40:13.602 14571 15193 I AXL : installHook: 0xAAAE44F8 -> 0xA9FAD2AD
05-08 04:40:13.602 14571 15193 I AXL : Hook: Create new mmap page. (count: 2)
05-08 04:40:13.602 14571 15193 I AXL : installHook: space limit reached
05-08 04:40:13.602 14571 15193 I AXL : installHook: 0xAAAE44C8 -> 0xA9FACFC5
05-08 04:40:13.602 14571 15193 I AXL : installHook: 0xAAAE4A1C -> 0xA9FAD3A5
05-08 04:40:13.602 14571 15193 I AXL : Loading splash texture..
05-08 04:40:13.603 14571 15193 I AXL : Initializing GUI..
05-08 04:40:13.605 14571 15193 I AXL : GUI | Display size: 1532.000000,
720.000000
05-08 04:40:13.605 14571 15193 I AXL : GUI | Scale factor: 0.797917, 0.666667
Font size: 19.999998
05-08 04:40:13.605 14571 15193 I AXL : GUI | Loading font: arial_bold.ttf
05-08 04:40:13.610 14571 15193 I AXL : GUI | ImFont pointer = 0xC66CC420
05-08 04:40:13.614 14571 15193 I AXL :
05-08 04:40:13.614 14571 15193 I AXL : Initalizing KeyBoard..
05-08 04:40:13.614 14571 15193 I AXL : Size: 1532.000000, 396.000000. Pos:
0.000000, 324.000000
05-08 04:40:13.614 14571 15193 I AXL : font size: 46.666664. Key's height:
79.199997
05-08 04:40:13.614 14571 15193 I AXL : Initalizing KeyBoardHistory..
05-08 04:40:13.614 14571 15193 I AXL : InitENG
05-08 04:40:13.614 14571 15193 I AXL : InitRU
05-08 04:40:13.614 14571 15193 I AXL : InitNUM
05-08 04:40:13.614 14571 15193 I AXL : KeyBoard inited
05-08 04:40:13.614 14571 15193 I AXL : Loading afk_icon..
05-08 04:40:13.615 14571 15193 I AXL : KillList initialize
05-08 04:40:13.615 14571 15193 I System.out: MIHAIL callLauncherActivity2
05-08 04:40:13.845 14571 15193 I AXL : GUI | CreateDeviceObjects.
05-08 04:40:13.864 14571 15192 D BLASTBufferQueue:
[SurfaceView[com.flin.sa/com.flin.core.GTASA]#3](f:0,a:1) acquireNextBufferLocked
size=1532x720 mFrameNumber=1 applyTransaction=true mTimestamp=111975632125519(auto)
mPendingTransactions.size=0 graphicBufferId=62581968470031 transform=7
05-08 04:40:13.882 14571 15193 I AXL : GUI | Font atlas width: 1024, height:
256, depth: 32
05-08 04:40:13.885 14571 15193 I AXL : GUI | Vertex buffer reallocated. Size:
200000
05-08 04:40:14.203 14571 15193 I AXL : Loading vehicles.ide..
05-08 04:40:14.218 14571 15193 I AXL : Loading peds.ide..
05-08 04:40:14.247 14571 15193 I AXL : Loading gta.dat..
05-08 04:40:14.258 14571 15193 I AXL : Loading script.img..
05-08 04:40:14.465 14571 15206 D AudioTrack: [audioTrackData][mute] 1s(f:0 m:1011
s:0 k:1011 sk:0 cm:1011 cs:0) : pid 14571 uid 10297 sessionId 21017 sr 44100 ch 2
fmt 1
05-08 04:40:15.457 14571 15206 D AudioTrack: [audioTrackData][mute] 2s(f:0 m:2003
s:0 k:2003 sk:0 cm:2003 cs:0) : pid 14571 uid 10297 sessionId 21017 sr 44100 ch 2
fmt 1
05-08 04:40:15.736 14571 15193 I AXL : Loading script.img..
05-08 04:40:16.457 14571 15206 D AudioTrack: [audioTrackData][mute] 3s(f:0 m:3003
s:0 k:3003 sk:0 cm:3003 cs:0) : pid 14571 uid 10297 sessionId 21017 sr 44100 ch 2
fmt 1
05-08 04:40:17.040 14571 15193 I AXL : Loading weapon.dat..
05-08 04:40:17.104 14571 15193 I AXL : Loading mainV1.scm..
05-08 04:40:17.275 14571 15193 I AXL : Loading mainV1.scm..
05-08 04:40:17.457 14571 15206 D AudioTrack: [audioTrackData][mute] 4s(f:0 m:4003
s:0 k:4003 sk:0 cm:4003 cs:0) : pid 14571 uid 10297 sessionId 21017 sr 44100 ch 2
fmt 1
05-08 04:40:18.042 14571 15193 I AXL : Loading mainV1.scm..
05-08 04:40:18.046 14571 15193 I AXL : Instance is not ok, deleting
05-08 04:40:18.046 14571 15193 I AXL : Deleted instance
05-08 04:40:18.046 14571 15193 I AXL : Instance is not ok, deleting
05-08 04:40:18.047 14571 15193 I AXL : Deleted instance
05-08 04:40:18.047 14571 15193 I AXL : Instance is not ok, deleting
05-08 04:40:18.047 14571 15193 I AXL : Deleted instance
05-08 04:40:18.048 14571 15193 I AXL :
05-08 04:40:18.048 14571 15193 I AXL :
05-08 04:40:18.048 14571 15193 I AXL :
05-08 04:40:18.048 14571 15193 I AXL :
05-08 04:40:18.048 14571 15193 I AXL :
05-08 04:40:18.048 14571 15193 I AXL : CGame: InitInGame
05-08 04:40:18.048 14571 15193 I AXL : Installing patches (ingame)..
05-08 04:40:18.048 14571 15193 I AXL : 1
05-08 04:40:18.048 14571 15193 I AXL : 2
05-08 04:40:18.048 14571 15193 I AXL : 0
05-08 04:40:18.048 14571 15193 I AXL : 1
05-08 04:40:18.048 14571 15193 I AXL : 2
05-08 04:40:18.049 14571 15193 I AXL : 3
05-08 04:40:18.049 14571 15193 I AXL : 4
05-08 04:40:18.049 14571 15193 I AXL : 5
05-08 04:40:18.049 14571 15193 I AXL : 6
05-08 04:40:18.049 14571 15193 I AXL : InGame patches successfully installed!
05-08 04:40:18.049 14571 15193 I System.out: MIHAIL callLauncherActivity1555
05-08 04:40:18.050 14571 15193 I AXL : created player 2
05-08 04:40:18.457 14571 15206 D AudioTrack: [audioTrackData][mute] 5s(f:0 m:5003
s:0 k:5003 sk:0 cm:5003 cs:0) : pid 14571 uid 10297 sessionId 21017 sr 44100 ch 2
fmt 1
05-08 04:40:21.748 14571 14571 I AXL : Folder SAMP is original
05-08 04:40:21.748 14571 14571 I System.out: MIHAIL callLauncherActivity122
05-08 04:40:21.752 14571 14571 I AXL : Registering RPC's..
05-08 04:40:21.753 14571 14571 I AXL : Registering ScriptRPC's..
05-08 04:40:23.649 14571 15206 D AudioTrack: [audioTrackData][fine] 5s(f:5000
m:5195 s:0 k:0 sk:0 cm:0 cs:0) : pid 14571 uid 10297 sessionId 21017 sr 44100 ch 2
fmt 1
05-08 04:40:28.651 14571 15206 D AudioTrack: [audioTrack

You might also like