01-01 07:00:01.419 I/QC2Registry( 932): Requested codec is pipelined. Create codec
list
01-01 07:00:01.419 I/QC2Registry( 932): Interface not provided. Enable by deafault
01-01 07:00:01.419 I/QC2Filter( 932): FUNCTION_BEGIN:QC2Filter
01-01 07:00:01.419 I/QC2Filter( 932): FUNCTION_END:QC2Filter TIME=0 ms
01-01 07:00:01.419 I/QC2BlackBarFilter( 932): FUNCTION_BEGIN:QC2BlackBarFilter
01-01 07:00:01.419 I/QC2BlackBarFilter( 932): FUNCTION_END:QC2BlackBarFilter
TIME=0 ms
01-01 07:00:01.419 I/QC2Registry( 932): Created 1 codecs for pipelined codec
c2.qti.avc.decoder
01-01 07:00:01.419 I/QC2PipelineCodec( 932): ctor: logmask=0x0 pvtlogmask=0x0
01-01 07:00:01.419 I/QC2PipelineCodec( 932): QC2PipelinedDecoder ctor
01-01 07:00:01.419 I/QC2PipelineCodec( 932): Created pipelined codec
01-01 07:00:01.419 I/QC2Registry( 932): Created pipelined Codec for
c2.qti.avc.decoder
01-01 07:00:01.419 I/QC2PipelineCodec( 932): init: begin
01-01 07:00:01.419 I/QC2PipelineCodec( 932): initializeConfiguration for decoder
01-01 07:00:01.419 I/QC2PipelinedEntity( 932): [c2.qti.avc.decoder_0]
pipelineid=100 QC2PipelinedEntity
01-01 07:00:01.419 W/SurfaceFlinger( 961): Unable to open libdolphin.so: dlopen
failed: library "libdolphin.so" not found.
01-01 07:00:01.419 I/QC2PipelinedEntity( 932): [c2.qti.BlackBar.filter_0]
pipelineid=101 QC2PipelinedEntity
01-01 07:00:01.419 E/QC2PipelineCodec( 932): [c2.qti.avc.decoder_0] Init
pipelineid=100
01-01 07:00:01.419 I/QC2PipelinedEntity( 932): [c2.qti.avc.decoder_0]
pipelineid=100 instantiation succeeded
01-01 07:00:01.420 E/SurfaceFlinger( 961): Unable to open libframeextension.so:
dlopen failed: library "libframeextension.so" not found.
01-01 07:00:01.421 I/zygote64( 795): VMRuntime.preloadDexCaches strings
total=551385 before=14629 after=14629
01-01 07:00:01.421 I/zygote64( 795): VMRuntime.preloadDexCaches types total=50978
before=14035 after=14228
01-01 07:00:01.421 I/zygote64( 795): VMRuntime.preloadDexCaches fields
total=230063 before=17840 after=18761
01-01 07:00:01.421 I/zygote64( 795): VMRuntime.preloadDexCaches methods
total=406292 before=22448 after=22448
01-01 07:00:01.421 I/zygote64( 795): VMRuntime.preloadDexCaches finished
01-01 07:00:01.421 D/Zygote64Timing( 795): PreloadClasses took to complete: 728ms
01-01 07:00:01.421 I/Zygote ( 795): !@Boot_EBS_F:
CacheNonBootClasspathClassLoaders
01-01 07:00:01.423 I/ServiceManager( 957): Waiting for service 'media.metrics' on
'/dev/binder'...
01-01 07:00:01.424 I/SurfaceFlinger( 961): SurfaceFlinger's main thread ready to
run. Initializing graphics H/W...
01-01 07:00:01.424 I/zygote64( 795): The ClassLoaderContext is a special shared
library.
01-01 07:00:01.424 D/RenderEngine( 961): RenderEngine GLES Backend
01-01 07:00:01.428 D/libEGL ( 961): loaded /vendor/lib64/egl/libEGL_adreno.so
01-01 07:00:01.432 D/ApplicationLoaders( 795): Created zygote-cached class loader:
/system/framework/android.hidl.base-V1.0-java.jar
01-01 07:00:01.434 I/zygote64( 795): The ClassLoaderContext is a special shared
library.
01-01 07:00:01.436 D/ApplicationLoaders( 795): Created zygote-cached class loader:
/system/framework/android.hidl.manager-V1.0-java.jar
01-01 07:00:01.437 I/zygote64( 795): The ClassLoaderContext is a special shared
library.
01-01 07:00:01.440 D/ApplicationLoaders( 795): Created zygote-cached class loader:
/system/framework/android.test.base.jar
01-01 07:00:01.440 D/Zygote64Timing( 795): CacheNonBootClasspathClassLoaders took
to complete: 18ms
01-01 07:00:01.440 I/Zygote ( 795): !@Boot_EBS_F: Preload Resources
01-01 07:00:01.440 I/Zygote ( 795): Preloading resources...
01-01 07:00:01.444 I/Unihal ( 933): MultiCameraManager.cpp: GetInstance: 60:
ModuleApiVersion=205, HalApiVersion=100
01-01 07:00:01.444 I/Unihal ( 933): UniHal3InterfaceEntry.cpp:
adjust_public_module_ops: 672: open_legacy() is adjusted as NULL.
01-01 07:00:01.445 I/Unihal ( 933): GlobalMonitor.cpp: MonitoringTask: 303:
Monitoring is started.
01-01 07:00:01.446 W/Resources( 795): Preloaded drawable resource #0x10802af
(android:drawable/dialog_background_material) that varies with configuration!!
01-01 07:00:01.446 I/CamX ( 933): [CORE_CFG][HAL ] camxhal3module.cpp:507
HAL3Module() ***************************************************
01-01 07:00:01.447 I/CamX ( 933): [CORE_CFG][HAL ] camxhal3module.cpp:508
HAL3Module() SHA1:
01-01 07:00:01.447 I/CamX ( 933): [CORE_CFG][HAL ] camxhal3module.cpp:509
HAL3Module() COMMITID:
01-01 07:00:01.447 I/CamX ( 933): [CORE_CFG][HAL ] camxhal3module.cpp:510
HAL3Module() BUILD TS: 11/18/2021 3:36:40
01-01 07:00:01.447 I/CamX ( 933): [CORE_CFG][HAL ] camxhal3module.cpp:511
HAL3Module() ***************************************************
01-01 07:00:01.451 W/Resources( 795): Preloaded color resource #0x10601df
(android:color/notification_action_ripple_color) that varies with configuration!!
01-01 07:00:01.451 W/Resources( 795): Preloaded drawable resource #0x108066b
(android:drawable/notification_material_action_background) that varies with
configuration!!
01-01 07:00:01.457 I/Zygote ( 795): ...preloaded 64 resources in 17ms.
01-01 07:00:01.461 I/Zygote ( 795): ...preloaded 41 resources in 4ms.
01-01 07:00:01.461 D/Zygote64Timing( 795): PreloadResources took to complete: 21ms
01-01 07:00:01.476 D/libEGL ( 795): loaded /vendor/lib64/egl/libEGL_adreno.so
01-01 07:00:01.481 I/sensors-hal( 910): is_registry_up:330, registry_sensor
availability time '0.256728sec' from serviceup(no of repeats:'1')
01-01 07:00:01.482 I/sensors-hal( 910): init_mandatory_list_db:117, first boot
after flash
01-01 07:00:01.482 I/sensors-hal( 910): discover_sensors:543,
non_default_sensor_discovery is disabled
01-01 07:00:01.482 I/sensors-hal( 910): get_qmi_debug_flag:241,
support_qmi_debug : false
01-01 07:00:01.483 I/sensors-hal( 910): discover_sensors:556, add sensorhubs suid,
dummy attribute
01-01 07:00:01.502 I/ServiceManager( 793): Waiting for service 'statscompanion' on
'/dev/binder'...
01-01 07:00:01.505 I/QC2V4l2Driver( 932): [avcD_0] Device /dev/video32 opened with
fd: 7
01-01 07:00:01.507 D/libEGL ( 795): loaded
/vendor/lib64/egl/libGLESv1_CM_adreno.so
01-01 07:00:01.509 D/libEGL ( 961): loaded
/vendor/lib64/egl/libGLESv1_CM_adreno.so
01-01 07:00:01.512 D/libEGL ( 961): loaded /vendor/lib64/egl/libGLESv2_adreno.so
01-01 07:00:01.512 D/libEGL ( 795): loaded /vendor/lib64/egl/libGLESv2_adreno.so
01-01 07:00:01.519 E/QC2PipelineCodec( 932): [c2.qti.avc.decoder_0] Init
pipelineid=100 status=0
01-01 07:00:01.520 E/QC2PipelineCodec( 932): [c2.qti.BlackBar.filter_0] Init
pipelineid=101
01-01 07:00:01.520 I/QC2PipelinedEntity( 932): [c2.qti.BlackBar.filter_0]
pipelineid=101 instantiation succeeded
01-01 07:00:01.520 I/QC2Filter( 932): FUNCTION_BEGIN:init
01-01 07:00:01.520 I/QC2Filter( 932): FUNCTION_BEGIN:handleInit
01-01 07:00:01.520 I/QC2BlackBarFilter( 932):
FUNCTION_BEGIN:setFilterOperatingMode
01-01 07:00:01.520 I/QC2BlackBarFilter( 932): FUNCTION_END:setFilterOperatingMode
TIME=0 ms
01-01 07:00:01.520 I/QC2BlackBarFilter( 932): FUNCTION_BEGIN:onInit
01-01 07:00:01.520 I/QC2BlackBarFilter( 932): mCodecName is c2.qti.BlackBar.filter
session id is 0
01-01 07:00:01.520 I/QC2BlackBarFilter( 932): mInputMime is c2.qti.avc.decoder,
mOutputMime is
01-01 07:00:01.520 I/QC2-SIMPLE-BLACKBAR( 932): SimpleBlackBar ctor !
01-01 07:00:01.520 I/QC2BlackBarFilter( 932): FUNCTION_END:onInit TIME=0 ms
01-01 07:00:01.520 I/QC2Filter( 932): FUNCTION_END:handleInit TIME=0 ms
01-01 07:00:01.520 I/QC2Filter( 932): FUNCTION_END:init TIME=0 ms
01-01 07:00:01.520 E/QC2PipelineCodec( 932): [c2.qti.BlackBar.filter_0] Init
pipelineid=101 status=0
01-01 07:00:01.520 I/QC2PipelineCodec( 932): getCapsHelpers internal
01-01 07:00:01.520 I/QC2PipelineCodec( 932): getCapsHelpersInternal:
piplinedcodecs size=2
01-01 07:00:01.520 I/StandardCaps( 932): PixelFormatOutputHelper:
01-01 07:00:01.520 I/StandardCaps( 932): VENUS_NV12
01-01 07:00:01.520 I/StandardCaps( 932): VENUS_NV12_UBWC
01-01 07:00:01.520 I/StandardCaps( 932): VENUS_TP10
01-01 07:00:01.520 I/StandardCaps( 932): VENUS_P010
01-01 07:00:01.520 I/StandardCaps( 932): PictureSizeOutputHelper: min [96 96] max
[4096 4096] default [96 96]
01-01 07:00:01.520 I/StandardCaps( 932): PictureSizeInputHelper: min [96 96] max
[4096 4096] default [96 96]
01-01 07:00:01.520 I/StandardCaps( 932): MaxPictureSizeOutputHelper: min [96 96]
max [4096 4096] default [96 96]
01-01 07:00:01.520 I/StandardCaps( 932): FrameRateInputHelper: min 1 max 960 step
0 default 30
01-01 07:00:01.520 I/StandardCaps( 932): OperatingRateHelper: min 30, max 32767,
step 0, default 30
01-01 07:00:01.521 I/StandardCaps( 932): ProfileLevelInputHelper: Profiles
01-01 07:00:01.521 I/StandardCaps( 932): AVC_BP
01-01 07:00:01.521 I/StandardCaps( 932): AVC_CBP
01-01 07:00:01.521 I/StandardCaps( 932): AVC_MP
01-01 07:00:01.521 I/StandardCaps( 932): AVC_HP
01-01 07:00:01.521 I/StandardCaps( 932): AVC_CHP
01-01 07:00:01.521 I/StandardCaps( 932): ProfileLevelInputHelper: Levels
01-01 07:00:01.521 I/StandardCaps( 932): 1.0
01-01 07:00:01.521 I/StandardCaps( 932): 1B
01-01 07:00:01.521 I/StandardCaps( 932): 1.1
01-01 07:00:01.521 I/StandardCaps( 932): 1.2
01-01 07:00:01.521 I/StandardCaps( 932): 1.3
01-01 07:00:01.521 I/StandardCaps( 932): 2.0
01-01 07:00:01.521 I/StandardCaps( 932): 2.1
01-01 07:00:01.521 I/StandardCaps( 932): 2.2
01-01 07:00:01.521 I/StandardCaps( 932): 3.0
01-01 07:00:01.521 I/StandardCaps( 932): 3.1
01-01 07:00:01.521 I/StandardCaps( 932): 3.2
01-01 07:00:01.521 I/StandardCaps( 932): 4.0
01-01 07:00:01.521 I/StandardCaps( 932): 4.1
01-01 07:00:01.521 I/StandardCaps( 932): 4.2
01-01 07:00:01.521 I/StandardCaps( 932): 5.0
01-01 07:00:01.521 I/StandardCaps( 932): 5.1
01-01 07:00:01.521 I/StandardCaps( 932): 5.2
01-01 07:00:01.522 I/sensors-hal( 910): discover_sensors:577, waiting for suids
for 7s ...
01-01 07:00:01.522 I/VendorCaps( 932): RenderFrameRateOutputHelper: min 0 max 120
step 30 default 0
01-01 07:00:01.522 I/VendorCaps( 932): VideoRefreshRateOutputHelper: min 0 max 120
step 1 default 60
01-01 07:00:01.522 I/QC2Filter( 932): FUNCTION_BEGIN:getCapsHelpers
01-01 07:00:01.522 I/QC2BlackBarFilter( 932): FUNCTION_BEGIN:onGetCapsHelpers
01-01 07:00:01.522 I/QC2BlackBarFilter( 932): FUNCTION_END:onGetCapsHelpers TIME=0
ms
01-01 07:00:01.522 I/QC2Filter( 932): FUNCTION_END:getCapsHelpers TIME=0 ms
01-01 07:00:01.522 I/QC2PipelineCodec( 932): capshelpers vectorId 0 inputDelay=0
01-01 07:00:01.522 I/QC2PipelinedEntity( 932): [c2.qti.avc.decoder_0]
pipelineid=100 inputDelay=0
01-01 07:00:01.522 I/QC2PipelineCodec( 932): capshelpers vectorId 0 outputDelay=18
01-01 07:00:01.522 I/QC2PipelinedEntity( 932): [c2.qti.avc.decoder_0]
pipelineid=100 outputDelay=18
01-01 07:00:01.522 I/QC2PipelineCodec( 932): capshelpers vectorId 1 inputDelay=1
01-01 07:00:01.522 I/QC2PipelinedEntity( 932): [c2.qti.BlackBar.filter_0]
pipelineid=101 inputDelay=1
01-01 07:00:01.522 I/QC2PipelineCodec( 932): capshelpers vectorId 1 outputDelay=10
01-01 07:00:01.522 I/QC2PipelinedEntity( 932): [c2.qti.BlackBar.filter_0]
pipelineid=101 outputDelay=10
01-01 07:00:01.522 I/QC2PipelineCodec( 932): computeDelays
01-01 07:00:01.522 I/QC2PipelinedEntity( 932): pipelineid=100 extraAllocation=2
set maxOutputBuffers=21
01-01 07:00:01.522 I/QC2PipelinedEntity( 932): pipelineid=101 extraAllocation=2
set maxOutputBuffers=12
01-01 07:00:01.522 I/QC2PipelineCodec( 932): ComputeDelay: iDelay=0 pDelay=0
oDelay=33
01-01 07:00:01.522 I/QC2PipelineCodec( 932): TotalInputDelay=0 (0)
totalOutputDelay=33 (33)
01-01 07:00:01.522 I/QC2PipelineCodec( 932): ActualOutputDelayHelper value=33
01-01 07:00:01.522 I/QC2PipelineCodec( 932): Resolve conflict 60000825
[1610614821]
01-01 07:00:01.522 I/QC2PipelineCodec( 932): Resolve conflict 4000080e
[1073743886]
01-01 07:00:01.522 I/QC2PipelineCodec( 932): Dont merge
delay/size/format/framerate params
01-01 07:00:01.522 I/QC2PipelineCodec( 932): Resolve conflict 9001080c
[2415986700]
01-01 07:00:01.522 I/QC2PipelineCodec( 932): Resolve conflict 5000080e
[1342179342]
01-01 07:00:01.522 I/QC2PipelineCodec( 932): Dont merge
delay/size/format/framerate params
01-01 07:00:01.522 I/QC2PipelineCodec( 932): Resolve conflict a0000804
[2684356612]
01-01 07:00:01.522 I/QC2PipelineCodec( 932): Resolve conflict 8001080c
[2147551244]
01-01 07:00:01.522 I/QC2PipelineCodec( 932): Resolve conflict a0000805
[2684356613]
01-01 07:00:01.522 I/QC2PipelineCodec( 932): capsHelper add param=a0009002
01-01 07:00:01.522 I/QC2PipelineCodec( 932): capsHelper add param=9200c047
01-01 07:00:01.522 I/QC2PipelineCodec( 932): capsHelper add param=d200c03f
01-01 07:00:01.522 I/QC2PipelineCodec( 932): capsHelper add param=a0009000
01-01 07:00:01.522 I/QC2PipelineCodec( 932): capsHelper add param=9200c036
01-01 07:00:01.522 I/QC2PipelineCodec( 932): capsHelper add param=d200c00e
01-01 07:00:01.522 I/QC2PipelineCodec( 932): capsHelper add param=8200c042
01-01 07:00:01.522 I/QC2PipelineCodec( 932): capsHelper add param=d200c000
01-01 07:00:01.522 I/QC2PipelineCodec( 932): capsHelper add param=d201c00d
01-01 07:00:01.522 I/QC2PipelineCodec( 932): capsHelper add param=d200c00b
01-01 07:00:01.522 I/QC2PipelineCodec( 932): capsHelper add param=d200c034
01-01 07:00:01.522 I/QC2PipelineCodec( 932): capsHelper add param=d200c013
01-01 07:00:01.522 I/QC2PipelineCodec( 932): capsHelper add param=d2009001
01-01 07:00:01.522 I/QC2PipelineCodec( 932): capsHelper add param=d200c04a
01-01 07:00:01.522 I/QC2PipelineCodec( 932): capsHelper add param=d200c01b
01-01 07:00:01.522 I/QC2PipelineCodec( 932): isParamPipelineOwned 5000080e true
01-01 07:00:01.522 I/QC2PipelineCodec( 932): capsHelper skip param 5000080e
01-01 07:00:01.522 I/QC2PipelineCodec( 932): isParamPipelineOwned 4000080e true
01-01 07:00:01.522 I/QC2PipelineCodec( 932): capsHelper skip param 4000080e
01-01 07:00:01.522 I/QC2PipelineCodec( 932): capsHelper add param=c2000808
01-01 07:00:01.522 I/QC2PipelineCodec( 932): capsHelper add param=92008001
01-01 07:00:01.522 I/QC2PipelineCodec( 932): capsHelper add param=60000824
01-01 07:00:01.522 I/QC2PipelineCodec( 932): capsHelper add param=d2008002
01-01 07:00:01.522 I/QC2PipelineCodec( 932): capsHelper add param=c2001809
01-01 07:00:01.522 I/QC2PipelineCodec( 932): capsHelper add param=a0000801
01-01 07:00:01.522 I/QC2PipelineCodec( 932): capsHelper add param=60000823
01-01 07:00:01.523 I/QC2PipelineCodec( 932): capsHelper add param=c2002000
01-01 07:00:01.523 I/QC2PipelineCodec( 932): capsHelper add param=d2001809
01-01 07:00:01.523 I/QC2PipelineCodec( 932): capsHelper add param=d200c006
01-01 07:00:01.523 I/QC2PipelineCodec( 932): capsHelper add param=52002003
01-01 07:00:01.523 I/QC2PipelineCodec( 932): capsHelper add param=9001080c
01-01 07:00:01.523 I/QC2PipelineCodec( 932): capsHelper add param=5200c012
01-01 07:00:01.523 I/QC2PipelineCodec( 932): capsHelper add param=8001080c
01-01 07:00:01.523 I/QC2PipelineCodec( 932): capsHelper add param=d2001800
01-01 07:00:01.523 I/QC2PipelineCodec( 932): capsHelper add param=9200081b
01-01 07:00:01.523 I/QC2PipelineCodec( 932): capsHelper add param=8200c035
01-01 07:00:01.523 I/QC2PipelineCodec( 932): capsHelper add param=60000825
01-01 07:00:01.523 I/QC2PipelineCodec( 932): capsHelper add param=5200180b
01-01 07:00:01.523 I/QC2PipelineCodec( 932): capsHelper add param=d200180a
01-01 07:00:01.523 I/QC2PipelineCodec( 932): capsHelper add param=d200c007
01-01 07:00:01.523 I/QC2PipelineCodec( 932): capsHelper add param=d200c00c
01-01 07:00:01.523 I/QC2PipelineCodec( 932): capsHelper add param=c2001800
01-01 07:00:01.523 I/QC2PipelineCodec( 932): capsHelper add param=8200081b
01-01 07:00:01.523 I/QC2PipelineCodec( 932): capsHelper add param=a0000805
01-01 07:00:01.523 I/QC2PipelineCodec( 932): capsHelper add param=9200c046
01-01 07:00:01.523 I/QC2PipelineCodec( 932): capsHelper add param=5001081a
01-01 07:00:01.523 I/QC2PipelineCodec( 932): capsHelper add param=d2001802
01-01 07:00:01.523 I/QC2PipelineCodec( 932): capsHelper add param=c200081e
01-01 07:00:01.523 I/QC2PipelineCodec( 932): capsHelper add param=a0000804
01-01 07:00:01.523 I/QC2PipelineCodec( 932): computeDelays
01-01 07:00:01.523 I/QC2PipelinedEntity( 932): pipelineid=100 extraAllocation=2
set maxOutputBuffers=21
01-01 07:00:01.523 I/QC2PipelinedEntity( 932): pipelineid=101 extraAllocation=2
set maxOutputBuffers=12
01-01 07:00:01.523 I/QC2PipelineCodec( 932): ComputeDelay: iDelay=0 pDelay=0
oDelay=33
01-01 07:00:01.523 I/QC2PipelineCodec( 932): Delays initialized iDelay=0 pDelay=0
oDelay=33
01-01 07:00:01.523 I/QC2PipelineCodec( 932): init: end; processing-time=103 ms
01-01 07:00:01.523 I/QC2Registry( 932): Initialized pipelined Codec for
c2.qti.avc.decoder
01-01 07:00:01.523 I/QC2PipelineCodec( 932): getCapsHelpersInternal:
piplinedcodecs size=2
01-01 07:00:01.523 I/StandardCaps( 932): PixelFormatOutputHelper:
01-01 07:00:01.523 I/StandardCaps( 932): VENUS_NV12
01-01 07:00:01.523 I/StandardCaps( 932): VENUS_NV12_UBWC
01-01 07:00:01.523 I/StandardCaps( 932): VENUS_TP10
01-01 07:00:01.523 I/StandardCaps( 932): VENUS_P010
01-01 07:00:01.523 I/StandardCaps( 932): PictureSizeOutputHelper: min [96 96] max
[4096 4096] default [96 96]
01-01 07:00:01.523 I/StandardCaps( 932): PictureSizeInputHelper: min [96 96] max
[4096 4096] default [96 96]
01-01 07:00:01.523 I/StandardCaps( 932): MaxPictureSizeOutputHelper: min [96 96]
max [4096 4096] default [96 96]
01-01 07:00:01.523 I/StandardCaps( 932): FrameRateInputHelper: min 1 max 960 step
0 default 30
01-01 07:00:01.523 I/StandardCaps( 932): OperatingRateHelper: min 30, max 32767,
step 0, default 30
01-01 07:00:01.523 I/ServiceManager( 957): Waiting for service 'media.metrics' on
'/dev/binder'...
01-01 07:00:01.525 I/StandardCaps( 932): ProfileLevelInputHelper: Profiles
01-01 07:00:01.525 I/StandardCaps( 932): AVC_BP
01-01 07:00:01.525 I/StandardCaps( 932): AVC_CBP
01-01 07:00:01.525 I/StandardCaps( 932): AVC_MP
01-01 07:00:01.525 I/StandardCaps( 932): AVC_HP
01-01 07:00:01.525 I/StandardCaps( 932): AVC_CHP
01-01 07:00:01.525 I/StandardCaps( 932): ProfileLevelInputHelper: Levels
01-01 07:00:01.525 I/StandardCaps( 932): 1.0
01-01 07:00:01.525 I/StandardCaps( 932): 1B
01-01 07:00:01.525 I/StandardCaps( 932): 1.1
01-01 07:00:01.525 I/StandardCaps( 932): 1.2
01-01 07:00:01.525 I/StandardCaps( 932): 1.3
01-01 07:00:01.525 I/StandardCaps( 932): 2.0
01-01 07:00:01.525 I/StandardCaps( 932): 2.1
01-01 07:00:01.525 I/StandardCaps( 932): 2.2
01-01 07:00:01.525 I/StandardCaps( 932): 3.0
01-01 07:00:01.525 I/StandardCaps( 932): 3.1
01-01 07:00:01.525 I/StandardCaps( 932): 3.2
01-01 07:00:01.525 I/StandardCaps( 932): 4.0
01-01 07:00:01.525 I/StandardCaps( 932): 4.1
01-01 07:00:01.525 I/StandardCaps( 932): 4.2
01-01 07:00:01.525 I/StandardCaps( 932): 5.0
01-01 07:00:01.525 I/StandardCaps( 932): 5.1
01-01 07:00:01.525 I/StandardCaps( 932): 5.2
01-01 07:00:01.526 I/VendorCaps( 932): RenderFrameRateOutputHelper: min 0 max 120
step 30 default 0
01-01 07:00:01.526 I/VendorCaps( 932): VideoRefreshRateOutputHelper: min 0 max 120
step 1 default 60
01-01 07:00:01.526 I/QC2Filter( 932): FUNCTION_BEGIN:getCapsHelpers
01-01 07:00:01.526 I/QC2BlackBarFilter( 932): FUNCTION_BEGIN:onGetCapsHelpers
01-01 07:00:01.526 I/QC2BlackBarFilter( 932): FUNCTION_END:onGetCapsHelpers TIME=0
ms
01-01 07:00:01.526 I/QC2Filter( 932): FUNCTION_END:getCapsHelpers TIME=0 ms
01-01 07:00:01.526 I/QC2PipelineCodec( 932): capshelpers vectorId 0 inputDelay=0
01-01 07:00:01.526 I/QC2PipelinedEntity( 932): [c2.qti.avc.decoder_0]
pipelineid=100 inputDelay=0
01-01 07:00:01.526 I/QC2PipelineCodec( 932): capshelpers vectorId 0 outputDelay=18
01-01 07:00:01.526 I/QC2PipelinedEntity( 932): [c2.qti.avc.decoder_0]
pipelineid=100 outputDelay=18
01-01 07:00:01.526 I/QC2PipelineCodec( 932): capshelpers vectorId 1 inputDelay=1
01-01 07:00:01.526 I/QC2PipelinedEntity( 932): [c2.qti.BlackBar.filter_0]
pipelineid=101 inputDelay=1
01-01 07:00:01.526 I/QC2PipelineCodec( 932): capshelpers vectorId 1 outputDelay=10
01-01 07:00:01.526 I/QC2PipelinedEntity( 932): [c2.qti.BlackBar.filter_0]
pipelineid=101 outputDelay=10
01-01 07:00:01.526 I/QC2PipelineCodec( 932): computeDelays
01-01 07:00:01.526 I/QC2PipelinedEntity( 932): pipelineid=100 extraAllocation=2
set maxOutputBuffers=21
01-01 07:00:01.526 I/QC2PipelinedEntity( 932): pipelineid=101 extraAllocation=2
set maxOutputBuffers=12
01-01 07:00:01.526 I/QC2PipelineCodec( 932): ComputeDelay: iDelay=0 pDelay=0
oDelay=33
01-01 07:00:01.526 I/QC2PipelineCodec( 932): TotalInputDelay=0 (0)
totalOutputDelay=33 (33)
01-01 07:00:01.526 I/QC2PipelineCodec( 932): ActualOutputDelayHelper value=33
01-01 07:00:01.526 I/QC2PipelineCodec( 932): Resolve conflict 60000825
[1610614821]
01-01 07:00:01.526 I/QC2PipelineCodec( 932): Resolve conflict 4000080e
[1073743886]
01-01 07:00:01.526 I/QC2PipelineCodec( 932): Dont merge
delay/size/format/framerate params
01-01 07:00:01.526 I/QC2PipelineCodec( 932): Resolve conflict 9001080c
[2415986700]
01-01 07:00:01.526 I/QC2PipelineCodec( 932): Resolve conflict 5000080e
[1342179342]
01-01 07:00:01.526 I/QC2PipelineCodec( 932): Dont merge
delay/size/format/framerate params
01-01 07:00:01.526 I/QC2PipelineCodec( 932): Resolve conflict a0000804
[2684356612]
01-01 07:00:01.526 I/QC2PipelineCodec( 932): Resolve conflict 8001080c
[2147551244]
01-01 07:00:01.526 I/QC2PipelineCodec( 932): Resolve conflict a0000805
[2684356613]
01-01 07:00:01.526 I/QC2PipelineCodec( 932): capsHelper add param=a0009002
01-01 07:00:01.526 I/QC2PipelineCodec( 932): capsHelper add param=9200c047
01-01 07:00:01.526 I/QC2PipelineCodec( 932): capsHelper add param=d200c03f
01-01 07:00:01.526 I/QC2PipelineCodec( 932): capsHelper add param=a0009000
01-01 07:00:01.526 I/QC2PipelineCodec( 932): capsHelper add param=9200c036
01-01 07:00:01.526 I/QC2PipelineCodec( 932): capsHelper add param=d200c00e
01-01 07:00:01.526 I/QC2PipelineCodec( 932): capsHelper add param=8200c042
01-01 07:00:01.526 I/QC2PipelineCodec( 932): capsHelper add param=d200c000
01-01 07:00:01.526 I/QC2PipelineCodec( 932): capsHelper add param=d201c00d
01-01 07:00:01.526 I/QC2PipelineCodec( 932): capsHelper add param=d200c00b
01-01 07:00:01.526 I/QC2PipelineCodec( 932): capsHelper add param=d200c034
01-01 07:00:01.526 I/QC2PipelineCodec( 932): capsHelper add param=d200c013
01-01 07:00:01.526 I/QC2PipelineCodec( 932): capsHelper add param=d2009001
01-01 07:00:01.526 I/QC2PipelineCodec( 932): capsHelper add param=d200c04a
01-01 07:00:01.526 I/QC2PipelineCodec( 932): capsHelper add param=d200c01b
01-01 07:00:01.526 I/QC2PipelineCodec( 932): isParamPipelineOwned 5000080e true
01-01 07:00:01.526 I/QC2PipelineCodec( 932): capsHelper skip param 5000080e
01-01 07:00:01.526 I/QC2PipelineCodec( 932): isParamPipelineOwned 4000080e true
01-01 07:00:01.526 I/QC2PipelineCodec( 932): capsHelper skip param 4000080e
01-01 07:00:01.526 I/QC2PipelineCodec( 932): capsHelper add param=c2000808
01-01 07:00:01.526 I/QC2PipelineCodec( 932): capsHelper add param=92008001
01-01 07:00:01.526 I/QC2PipelineCodec( 932): capsHelper add param=60000824
01-01 07:00:01.526 I/QC2PipelineCodec( 932): capsHelper add param=d2008002
01-01 07:00:01.526 I/QC2PipelineCodec( 932): capsHelper add param=c2001809
01-01 07:00:01.526 I/QC2PipelineCodec( 932): capsHelper add param=a0000801
01-01 07:00:01.526 I/QC2PipelineCodec( 932): capsHelper add param=60000823
01-01 07:00:01.526 I/QC2PipelineCodec( 932): capsHelper add param=c2002000
01-01 07:00:01.526 I/QC2PipelineCodec( 932): capsHelper add param=d2001809
01-01 07:00:01.526 I/QC2PipelineCodec( 932): capsHelper add param=d200c006
01-01 07:00:01.526 I/QC2PipelineCodec( 932): capsHelper add param=52002003
01-01 07:00:01.526 I/QC2PipelineCodec( 932): capsHelper add param=9001080c
01-01 07:00:01.526 I/QC2PipelineCodec( 932): capsHelper add param=5200c012
01-01 07:00:01.526 I/QC2PipelineCodec( 932): capsHelper add param=8001080c
01-01 07:00:01.526 I/QC2PipelineCodec( 932): capsHelper add param=d2001800
01-01 07:00:01.526 I/QC2PipelineCodec( 932): capsHelper add param=9200081b
01-01 07:00:01.526 I/QC2PipelineCodec( 932): capsHelper add param=8200c035
01-01 07:00:01.526 I/QC2PipelineCodec( 932): capsHelper add param=60000825
01-01 07:00:01.526 I/QC2PipelineCodec( 932): capsHelper add param=5200180b
01-01 07:00:01.526 I/QC2PipelineCodec( 932): capsHelper add param=d200180a
01-01 07:00:01.526 I/QC2PipelineCodec( 932): capsHelper add param=d200c007
01-01 07:00:01.526 I/QC2PipelineCodec( 932): capsHelper add param=d200c00c
01-01 07:00:01.526 I/QC2PipelineCodec( 932): capsHelper add param=c2001800
01-01 07:00:01.526 I/QC2PipelineCodec( 932): capsHelper add param=8200081b
01-01 07:00:01.526 I/QC2PipelineCodec( 932): capsHelper add param=a0000805
01-01 07:00:01.526 I/QC2PipelineCodec( 932): capsHelper add param=9200c046
01-01 07:00:01.526 I/QC2PipelineCodec( 932): capsHelper add param=5001081a
01-01 07:00:01.526 I/QC2PipelineCodec( 932): capsHelper add param=d2001802
01-01 07:00:01.526 I/QC2PipelineCodec( 932): capsHelper add param=c200081e
01-01 07:00:01.526 I/QC2PipelineCodec( 932): capsHelper add param=a0000804
01-01 07:00:01.526 I/QC2PipelineCodec( 932): release: begin
01-01 07:00:01.526 I/QC2PipelinedEntity( 932): [c2.qti.avc.decoder_0]
pipelinedid=100 release
01-01 07:00:01.527 I/QC2V4l2Driver( 932): [avcD_0] Closed device driver with fd: 7
01-01 07:00:01.528 I/QC2PipelinedEntity( 932): [c2.qti.BlackBar.filter_0]
pipelinedid=101 release
01-01 07:00:01.528 I/QC2Filter( 932): FUNCTION_BEGIN:release
01-01 07:00:01.528 I/QC2Filter( 932): FUNCTION_END:release TIME=0 ms
01-01 07:00:01.528 I/QC2PipelinedEntity( 932): pipelineid=101 ~QC2PipelinedEntity
01-01 07:00:01.528 I/AdrenoGLES-0( 961): QUALCOMM build :
009e9bf746, I4cc83cbab4
01-01 07:00:01.528 I/AdrenoGLES-0( 961): Build Date :
06/10/21
01-01 07:00:01.528 I/AdrenoGLES-0( 961): OpenGL ES Shader Compiler Version:
EV031.35.01.09
01-01 07:00:01.528 I/AdrenoGLES-0( 961): Local Branch :
01-01 07:00:01.528 I/AdrenoGLES-0( 961): Remote Branch :
01-01 07:00:01.528 I/AdrenoGLES-0( 961): Remote Branch :
01-01 07:00:01.528 I/AdrenoGLES-0( 961): Reconstruct Branch :
01-01 07:00:01.528 I/AdrenoGLES-0( 961): Build Config : S P
10.0.7 AArch64
01-01 07:00:01.528 I/AdrenoGLES-0( 961): Driver Path :
/vendor/lib64/egl/libGLESv2_adreno.so
01-01 07:00:01.528 I/QC2PipelinedEntity( 932): pipelineid=100 ~QC2PipelinedEntity
01-01 07:00:01.528 I/QC2PipelineCodec( 932): release: end; processing-time=2 ms
01-01 07:00:01.528 I/QC2PipelineCodec( 932): QC2PipelinedDecoder dtor
01-01 07:00:01.529 I/QC2BlackBarFilter( 932): FUNCTION_BEGIN:~QC2BlackBarFilter
01-01 07:00:01.529 I/QC2BlackBarFilter( 932): FUNCTION_END:~QC2BlackBarFilter
TIME=0 ms
01-01 07:00:01.529 I/QC2-SIMPLE-BLACKBAR( 932): SimpleBlackBar dtor exit
01-01 07:00:01.529 I/QC2Filter( 932): FUNCTION_BEGIN:~QC2Filter
01-01 07:00:01.529 I/QC2Filter( 932): FUNCTION_BEGIN:release
01-01 07:00:01.529 I/QC2Filter( 932): FUNCTION_END:release TIME=0 ms
01-01 07:00:01.529 I/QC2Filter( 932): FUNCTION_END:~QC2Filter TIME=0 ms
01-01 07:00:01.529 E/QC2V4l2Driver( 932): Invalid device driver fd:-1
01-01 07:00:01.529 I/QC2V4l2Driver( 932): [avcD_0] Closed device driver with fd: -
1
01-01 07:00:01.529 I/QC2Comp ( 932): codec capability queried!
01-01 07:00:01.529 I/QC2CompStore( 932): Added capabilities for c2.qti.avc.decoder
01-01 07:00:01.529 I/QC2Registry( 932): Getting stages for pipelined codec
01-01 07:00:01.529 I/QC2V4l2Codec( 932): [avcDLowLat_0] output buffer allocation
timeout threshold set to 0ms
01-01 07:00:01.529 I/QC2Registry( 932): Pipelining enabled
01-01 07:00:01.529 I/QC2Registry( 932): Doesn't support pipelining. Create
standalone codec
01-01 07:00:01.529 I/QC2Registry( 932): Return standalone codec caps for
c2.qti.avc.decoder.low_latency
01-01 07:00:01.529 I/QC2V4l2Driver( 932): [avcDLowLat_0] Device /dev/video32
opened with fd: 7
01-01 07:00:01.532 I/StandardCaps( 932): PixelFormatOutputHelper:
01-01 07:00:01.532 I/StandardCaps( 932): VENUS_NV12
01-01 07:00:01.532 I/StandardCaps( 932): VENUS_NV12_UBWC
01-01 07:00:01.532 I/StandardCaps( 932): VENUS_TP10
01-01 07:00:01.532 I/StandardCaps( 932): VENUS_P010
01-01 07:00:01.532 I/StandardCaps( 932): PictureSizeOutputHelper: min [96 96] max
[4096 4096] default [96 96]
01-01 07:00:01.533 I/StandardCaps( 932): PictureSizeInputHelper: min [96 96] max
[4096 4096] default [96 96]
01-01 07:00:01.533 I/StandardCaps( 932): MaxPictureSizeOutputHelper: min [96 96]
max [4096 4096] default [96 96]
01-01 07:00:01.533 I/StandardCaps( 932): FrameRateInputHelper: min 1 max 960 step
0 default 30
01-01 07:00:01.533 I/StandardCaps( 932): OperatingRateHelper: min 30, max 32767,
step 0, default 30
01-01 07:00:01.533 I/Zygote ( 795): Preloading shared libraries...
01-01 07:00:01.533 I/StandardCaps( 932): ProfileLevelInputHelper: Profiles
01-01 07:00:01.533 I/StandardCaps( 932): AVC_BP
01-01 07:00:01.533 I/StandardCaps( 932): AVC_CBP
01-01 07:00:01.533 I/StandardCaps( 932): AVC_MP
01-01 07:00:01.533 I/StandardCaps( 932): AVC_HP
01-01 07:00:01.533 I/StandardCaps( 932): AVC_CHP
01-01 07:00:01.533 I/StandardCaps( 932): ProfileLevelInputHelper: Levels
01-01 07:00:01.533 I/StandardCaps( 932): 1.0
01-01 07:00:01.533 I/StandardCaps( 932): 1B
01-01 07:00:01.533 I/StandardCaps( 932): 1.1
01-01 07:00:01.533 I/StandardCaps( 932): 1.2
01-01 07:00:01.534 I/StandardCaps( 932): 1.3
01-01 07:00:01.534 I/StandardCaps( 932): 2.0
01-01 07:00:01.534 I/StandardCaps( 932): 2.1
01-01 07:00:01.534 I/StandardCaps( 932): 2.2
01-01 07:00:01.534 I/StandardCaps( 932): 3.0
01-01 07:00:01.534 I/StandardCaps( 932): 3.1
01-01 07:00:01.534 I/StandardCaps( 932): 3.2
01-01 07:00:01.534 I/StandardCaps( 932): 4.0
01-01 07:00:01.534 I/StandardCaps( 932): 4.1
01-01 07:00:01.534 I/StandardCaps( 932): 4.2
01-01 07:00:01.534 I/StandardCaps( 932): 5.0
01-01 07:00:01.534 I/StandardCaps( 932): 5.1
01-01 07:00:01.534 I/StandardCaps( 932): 5.2
01-01 07:00:01.534 I/VendorCaps( 932): RenderFrameRateOutputHelper: min 0 max 120
step 30 default 0
01-01 07:00:01.534 I/VendorCaps( 932): VideoRefreshRateOutputHelper: min 0 max 120
step 1 default 60
01-01 07:00:01.536 I/QC2V4l2Driver( 932): [avcDLowLat_0] Closed device driver with
fd: 7
01-01 07:00:01.536 E/QC2V4l2Driver( 932): Invalid device driver fd:-1
01-01 07:00:01.536 I/QC2V4l2Driver( 932): [avcDLowLat_0] Closed device driver with
fd: -1
01-01 07:00:01.536 I/QC2Comp ( 932): codec capability queried!
01-01 07:00:01.536 I/QC2CompStore( 932): Added capabilities for
c2.qti.avc.decoder.low_latency
01-01 07:00:01.538 I/QC2Registry( 932): Getting stages for pipelined codec
01-01 07:00:01.538 I/QC2V4l2Codec( 932): [avcDSec_0] output buffer allocation
timeout threshold set to 0ms
01-01 07:00:01.538 I/QC2Registry( 932): Pipelining enabled
01-01 07:00:01.538 I/QC2Registry( 932): Requested codec is pipelined. Create codec
list
01-01 07:00:01.538 I/QC2Registry( 932): Filter c2.qti.BlackBar.filter can't be
pipelined
01-01 07:00:01.538 I/QC2Registry( 932): Created 0 codecs for pipelined codec
c2.qti.avc.decoder.secure
01-01 07:00:01.538 I/QC2Registry( 932): Return standalone codec caps for
c2.qti.avc.decoder.secure
01-01 07:00:01.538 I/QC2V4l2Driver( 932): [avcDSec_0] Device /dev/video32 opened
with fd: 7
01-01 07:00:01.547 I/StandardCaps( 932): PixelFormatOutputHelper:
01-01 07:00:01.547 I/StandardCaps( 932): VENUS_NV12
01-01 07:00:01.547 I/StandardCaps( 932): VENUS_NV12_UBWC
01-01 07:00:01.547 I/StandardCaps( 932): VENUS_TP10
01-01 07:00:01.547 I/StandardCaps( 932): VENUS_P010
01-01 07:00:01.547 I/StandardCaps( 932): PictureSizeOutputHelper: min [96 96] max
[4096 4096] default [96 96]
01-01 07:00:01.547 I/StandardCaps( 932): PictureSizeInputHelper: min [96 96] max
[4096 4096] default [96 96]
01-01 07:00:01.548 I/StandardCaps( 932): MaxPictureSizeOutputHelper: min [96 96]
max [4096 4096] default [96 96]
01-01 07:00:01.548 I/StandardCaps( 932): FrameRateInputHelper: min 1 max 960 step
0 default 30
01-01 07:00:01.548 I/StandardCaps( 932): OperatingRateHelper: min 30, max 32767,
step 0, default 30
01-01 07:00:01.549 I/StandardCaps( 932): ProfileLevelInputHelper: Profiles
01-01 07:00:01.549 I/StandardCaps( 932): AVC_BP
01-01 07:00:01.549 I/StandardCaps( 932): AVC_CBP
01-01 07:00:01.549 I/StandardCaps( 932): AVC_MP
01-01 07:00:01.549 I/StandardCaps( 932): AVC_HP
01-01 07:00:01.549 I/StandardCaps( 932): AVC_CHP
01-01 07:00:01.549 I/StandardCaps( 932): ProfileLevelInputHelper: Levels
01-01 07:00:01.549 I/StandardCaps( 932): 1.0
01-01 07:00:01.549 I/StandardCaps( 932): 1B
01-01 07:00:01.549 I/StandardCaps( 932): 1.1
01-01 07:00:01.549 I/StandardCaps( 932): 1.2
01-01 07:00:01.549 I/StandardCaps( 932): 1.3
01-01 07:00:01.549 I/StandardCaps( 932): 2.0
01-01 07:00:01.549 I/StandardCaps( 932): 2.1
01-01 07:00:01.549 I/StandardCaps( 932): 2.2
01-01 07:00:01.549 I/StandardCaps( 932): 3.0
01-01 07:00:01.549 I/StandardCaps( 932): 3.1
01-01 07:00:01.549 I/StandardCaps( 932): 3.2
01-01 07:00:01.549 I/StandardCaps( 932): 4.0
01-01 07:00:01.549 I/StandardCaps( 932): 4.1
01-01 07:00:01.549 I/StandardCaps( 932): 4.2
01-01 07:00:01.549 I/StandardCaps( 932): 5.0
01-01 07:00:01.549 I/StandardCaps( 932): 5.1
01-01 07:00:01.549 I/StandardCaps( 932): 5.2
01-01 07:00:01.550 I/VendorCaps( 932): RenderFrameRateOutputHelper: min 0 max 120
step 30 default 0
01-01 07:00:01.551 I/VendorCaps( 932): VideoRefreshRateOutputHelper: min 0 max 120
step 1 default 60
01-01 07:00:01.553 I/QC2V4l2Driver( 932): [avcDSec_0] Closed device driver with
fd: 7
01-01 07:00:01.553 E/QC2V4l2Driver( 932): Invalid device driver fd:-1
01-01 07:00:01.553 I/QC2V4l2Driver( 932): [avcDSec_0] Closed device driver with
fd: -1
01-01 07:00:01.553 I/QC2Comp ( 932): codec capability queried!
01-01 07:00:01.554 I/QC2CompStore( 932): Added capabilities for
c2.qti.avc.decoder.secure
01-01 07:00:01.555 I/QC2Registry( 932): Getting stages for pipelined codec
01-01 07:00:01.555 I/QC2V4l2Codec( 932): [hevcD_0] output buffer allocation
timeout threshold set to 0ms
01-01 07:00:01.555 I/QC2Registry( 932): Pipelining enabled
01-01 07:00:01.555 I/QC2Registry( 932): Requested codec is pipelined. Create codec
list
01-01 07:00:01.555 I/QC2Registry( 932): Interface not provided. Enable by deafault
01-01 07:00:01.555 I/QC2Filter( 932): FUNCTION_BEGIN:QC2Filter
01-01 07:00:01.555 I/QC2Filter( 932): FUNCTION_END:QC2Filter TIME=0 ms
01-01 07:00:01.555 I/QC2BlackBarFilter( 932): FUNCTION_BEGIN:QC2BlackBarFilter
01-01 07:00:01.555 I/QC2BlackBarFilter( 932): FUNCTION_END:QC2BlackBarFilter
TIME=0 ms
01-01 07:00:01.555 I/QC2Registry( 932): Created 1 codecs for pipelined codec
c2.qti.hevc.decoder
01-01 07:00:01.555 I/QC2PipelineCodec( 932): ctor: logmask=0x0 pvtlogmask=0x0
01-01 07:00:01.555 I/QC2PipelineCodec( 932): QC2PipelinedDecoder ctor
01-01 07:00:01.555 I/QC2PipelineCodec( 932): Created pipelined codec
01-01 07:00:01.555 I/QC2Registry( 932): Created pipelined Codec for
c2.qti.hevc.decoder
01-01 07:00:01.555 I/QC2PipelineCodec( 932): init: begin
01-01 07:00:01.555 I/QC2PipelineCodec( 932): initializeConfiguration for decoder
01-01 07:00:01.556 I/QC2PipelinedEntity( 932): [c2.qti.hevc.decoder_0]
pipelineid=100 QC2PipelinedEntity
01-01 07:00:01.556 I/QC2PipelinedEntity( 932): [c2.qti.BlackBar.filter_0]
pipelineid=101 QC2PipelinedEntity
01-01 07:00:01.556 E/QC2PipelineCodec( 932): [c2.qti.hevc.decoder_0] Init
pipelineid=100
01-01 07:00:01.556 I/QC2PipelinedEntity( 932): [c2.qti.hevc.decoder_0]
pipelineid=100 instantiation succeeded
01-01 07:00:01.556 I/QC2V4l2Driver( 932): [hevcD_0] Device /dev/video32 opened
with fd: 7
01-01 07:00:01.559 E/QC2PipelineCodec( 932): [c2.qti.hevc.decoder_0] Init
pipelineid=100 status=0
01-01 07:00:01.559 E/QC2PipelineCodec( 932): [c2.qti.BlackBar.filter_0] Init
pipelineid=101
01-01 07:00:01.560 I/QC2PipelinedEntity( 932): [c2.qti.BlackBar.filter_0]
pipelineid=101 instantiation succeeded
01-01 07:00:01.560 I/QC2Filter( 932): FUNCTION_BEGIN:init
01-01 07:00:01.560 I/QC2Filter( 932): FUNCTION_BEGIN:handleInit
01-01 07:00:01.560 I/QC2BlackBarFilter( 932):
FUNCTION_BEGIN:setFilterOperatingMode
01-01 07:00:01.560 I/QC2BlackBarFilter( 932): FUNCTION_END:setFilterOperatingMode
TIME=0 ms
01-01 07:00:01.560 I/QC2BlackBarFilter( 932): FUNCTION_BEGIN:onInit
01-01 07:00:01.560 I/QC2BlackBarFilter( 932): mCodecName is c2.qti.BlackBar.filter
session id is 0
01-01 07:00:01.560 I/QC2BlackBarFilter( 932): mInputMime is c2.qti.hevc.decoder,
mOutputMime is
01-01 07:00:01.561 I/QC2-SIMPLE-BLACKBAR( 932): SimpleBlackBar ctor !
01-01 07:00:01.561 I/QC2BlackBarFilter( 932): FUNCTION_END:onInit TIME=0 ms
01-01 07:00:01.561 I/QC2Filter( 932): FUNCTION_END:handleInit TIME=0 ms
01-01 07:00:01.561 I/QC2Filter( 932): FUNCTION_END:init TIME=0 ms
01-01 07:00:01.561 E/QC2PipelineCodec( 932): [c2.qti.BlackBar.filter_0] Init
pipelineid=101 status=0
01-01 07:00:01.561 I/QC2PipelineCodec( 932): getCapsHelpers internal
01-01 07:00:01.561 I/QC2PipelineCodec( 932): getCapsHelpersInternal:
piplinedcodecs size=2
01-01 07:00:01.561 I/StandardCaps( 932): PixelFormatOutputHelper:
01-01 07:00:01.561 I/StandardCaps( 932): VENUS_NV12
01-01 07:00:01.561 I/StandardCaps( 932): VENUS_NV12_UBWC
01-01 07:00:01.561 I/StandardCaps( 932): VENUS_TP10
01-01 07:00:01.561 I/StandardCaps( 932): VENUS_P010
01-01 07:00:01.561 I/StandardCaps( 932): PictureSizeOutputHelper: min [96 96] max
[4096 4096] default [96 96]
01-01 07:00:01.561 I/StandardCaps( 932): PictureSizeInputHelper: min [96 96] max
[4096 4096] default [96 96]
01-01 07:00:01.561 I/StandardCaps( 932): MaxPictureSizeOutputHelper: min [96 96]
max [4096 4096] default [96 96]
01-01 07:00:01.562 I/StandardCaps( 932): FrameRateInputHelper: min 1 max 960 step
0 default 30
01-01 07:00:01.562 I/StandardCaps( 932): OperatingRateHelper: min 30, max 32767,
step 0, default 30
01-01 07:00:01.562 E/QC2V4l2Caps( 932): Failed to read platform HDR value
01-01 07:00:01.562 I/Zygote ( 795): Called ZygoteHooks.endPreload()
01-01 07:00:01.563 I/StandardCaps( 932): ProfileLevelInputHelper: Profiles
01-01 07:00:01.563 I/StandardCaps( 932): HEVC_MAIN
01-01 07:00:01.563 I/StandardCaps( 932): HEVC_MAIN_STLL
01-01 07:00:01.563 I/StandardCaps( 932): HEVC_MAIN10
01-01 07:00:01.563 I/StandardCaps( 932): ProfileLevelInputHelper: Levels
01-01 07:00:01.563 I/StandardCaps( 932): Main 1.0
01-01 07:00:01.563 I/StandardCaps( 932): Main 2.0
01-01 07:00:01.563 I/StandardCaps( 932): Main 2.1
01-01 07:00:01.563 I/Zygote ( 795): Installed AndroidKeyStoreProvider in 1ms.
01-01 07:00:01.563 I/StandardCaps( 932): Main 3.0
01-01 07:00:01.563 I/StandardCaps( 932): Main 3.1
01-01 07:00:01.563 I/StandardCaps( 932): Main 4.0
01-01 07:00:01.563 I/StandardCaps( 932): Main 4.1
01-01 07:00:01.563 I/StandardCaps( 932): Main 5.0
01-01 07:00:01.563 I/StandardCaps( 932): High 1.0
01-01 07:00:01.563 I/StandardCaps( 932): High 2.0
01-01 07:00:01.563 I/StandardCaps( 932): High 2.1
01-01 07:00:01.563 I/StandardCaps( 932): High 3.0
01-01 07:00:01.563 I/StandardCaps( 932): High 3.1
01-01 07:00:01.563 I/StandardCaps( 932): High 4.0
01-01 07:00:01.563 I/StandardCaps( 932): High 4.1
01-01 07:00:01.563 I/StandardCaps( 932): High 5.0
01-01 07:00:01.564 I/VendorCaps( 932): RenderFrameRateOutputHelper: min 0 max 120
step 30 default 0
01-01 07:00:01.564 I/VendorCaps( 932): VideoRefreshRateOutputHelper: min 0 max 120
step 1 default 60
01-01 07:00:01.564 I/QC2Filter( 932): FUNCTION_BEGIN:getCapsHelpers
01-01 07:00:01.565 I/QC2BlackBarFilter( 932): FUNCTION_BEGIN:onGetCapsHelpers
01-01 07:00:01.565 I/QC2BlackBarFilter( 932): FUNCTION_END:onGetCapsHelpers TIME=0
ms
01-01 07:00:01.565 I/QC2Filter( 932): FUNCTION_END:getCapsHelpers TIME=0 ms
01-01 07:00:01.565 I/QC2PipelineCodec( 932): capshelpers vectorId 0 inputDelay=0
01-01 07:00:01.565 I/QC2PipelinedEntity( 932): [c2.qti.hevc.decoder_0]
pipelineid=100 inputDelay=0
01-01 07:00:01.565 I/QC2PipelineCodec( 932): capshelpers vectorId 0 outputDelay=18
01-01 07:00:01.565 I/QC2PipelinedEntity( 932): [c2.qti.hevc.decoder_0]
pipelineid=100 outputDelay=18
01-01 07:00:01.565 I/QC2PipelineCodec( 932): capshelpers vectorId 1 inputDelay=1
01-01 07:00:01.565 I/QC2PipelinedEntity( 932): [c2.qti.BlackBar.filter_0]
pipelineid=101 inputDelay=1
01-01 07:00:01.565 I/QC2PipelineCodec( 932): capshelpers vectorId 1 outputDelay=10
01-01 07:00:01.565 I/QC2PipelinedEntity( 932): [c2.qti.BlackBar.filter_0]
pipelineid=101 outputDelay=10
01-01 07:00:01.565 I/QC2PipelineCodec( 932): computeDelays
01-01 07:00:01.565 I/QC2PipelinedEntity( 932): pipelineid=100 extraAllocation=2
set maxOutputBuffers=21
01-01 07:00:01.565 I/QC2PipelinedEntity( 932): pipelineid=101 extraAllocation=2
set maxOutputBuffers=12
01-01 07:00:01.565 I/QC2PipelineCodec( 932): ComputeDelay: iDelay=0 pDelay=0
oDelay=33
01-01 07:00:01.565 I/QC2PipelineCodec( 932): TotalInputDelay=0 (0)
totalOutputDelay=33 (33)
01-01 07:00:01.566 I/QC2PipelineCodec( 932): ActualOutputDelayHelper value=33
01-01 07:00:01.566 I/QC2PipelineCodec( 932): Resolve conflict 60000825
[algo.secure-mode]
01-01 07:00:01.566 I/QC2PipelineCodec( 932): Resolve conflict 4000080e
[input.delay]
01-01 07:00:01.566 I/QC2PipelineCodec( 932): Dont merge
delay/size/format/framerate params
01-01 07:00:01.566 I/QC2PipelineCodec( 932): Resolve conflict 9001080c
[output.media-type]
01-01 07:00:01.566 I/QC2PipelineCodec( 932): Resolve conflict 5000080e
[output.delay]
01-01 07:00:01.566 I/QC2PipelineCodec( 932): Dont merge
delay/size/format/framerate params
01-01 07:00:01.566 I/QC2PipelineCodec( 932): Resolve conflict a0000804
[component.kind]
01-01 07:00:01.566 I/QC2PipelineCodec( 932): Resolve conflict 8001080c
[input.media-type]
01-01 07:00:01.566 I/QC2PipelineCodec( 932): Resolve conflict a0000805
[component.domain]
01-01 07:00:01.566 I/QC2PipelineCodec( 932): capsHelper add param=a0009002
01-01 07:00:01.566 I/QC2PipelineCodec( 932): capsHelper add param=9200c047
01-01 07:00:01.566 I/QC2PipelineCodec( 932): capsHelper add param=d200c03f
01-01 07:00:01.566 I/QC2PipelineCodec( 932): capsHelper add param=a0009000
01-01 07:00:01.566 I/QC2PipelineCodec( 932): capsHelper add param=9200c036
01-01 07:00:01.566 I/QC2PipelineCodec( 932): capsHelper add param=d200c00e
01-01 07:00:01.566 I/QC2PipelineCodec( 932): capsHelper add param=5200c012
01-01 07:00:01.566 I/QC2PipelineCodec( 932): capsHelper add param=8200c042
01-01 07:00:01.566 I/QC2PipelineCodec( 932): capsHelper add param=d200c000
01-01 07:00:01.566 I/QC2PipelineCodec( 932): capsHelper add param=92008001
01-01 07:00:01.566 I/QC2PipelineCodec( 932): capsHelper add param=d200c04a
01-01 07:00:01.566 I/QC2PipelineCodec( 932): capsHelper add param=d201c00d
01-01 07:00:01.566 I/QC2PipelineCodec( 932): capsHelper add param=d2008002
01-01 07:00:01.566 I/QC2PipelineCodec( 932): capsHelper add param=d200c00b
01-01 07:00:01.566 I/QC2PipelineCodec( 932): capsHelper add param=d200c034
01-01 07:00:01.566 I/QC2PipelineCodec( 932): capsHelper add param=d200c013
01-01 07:00:01.566 I/QC2PipelineCodec( 932): capsHelper add param=d200c01b
01-01 07:00:01.566 I/QC2PipelineCodec( 932): capsHelper add param=c2001809
01-01 07:00:01.566 I/QC2PipelineCodec( 932): isParamPipelineOwned 5000080e true
01-01 07:00:01.566 I/QC2PipelineCodec( 932): capsHelper skip param 5000080e
01-01 07:00:01.566 I/QC2PipelineCodec( 932): isParamPipelineOwned 4000080e true
01-01 07:00:01.566 I/QC2PipelineCodec( 932): capsHelper skip param 4000080e
01-01 07:00:01.566 I/QC2PipelineCodec( 932): capsHelper add param=d2001802
01-01 07:00:01.566 I/QC2PipelineCodec( 932): capsHelper add param=c2000808
01-01 07:00:01.566 I/QC2PipelineCodec( 932): capsHelper add param=60000824
01-01 07:00:01.566 I/QC2PipelineCodec( 932): capsHelper add param=a0000801
01-01 07:00:01.567 I/Zygote ( 795): Warmed up JCA providers in 4ms.
01-01 07:00:01.567 I/QC2PipelineCodec( 932): capsHelper add param=d2011811
01-01 07:00:01.567 I/Zygote ( 795): !@Boot: End of preload()
01-01 07:00:01.567 I/QC2PipelineCodec( 932): capsHelper add param=60000823
01-01 07:00:01.567 I/QC2PipelineCodec( 932): capsHelper add param=c2002000
01-01 07:00:01.567 I/QC2PipelineCodec( 932): capsHelper add param=d2001809
01-01 07:00:01.567 D/Zygote ( 795): end preload
01-01 07:00:01.567 I/Zygote ( 795): !@Boot_EBS_F: boot_progress_preload_end
01-01 07:00:01.567 I/QC2PipelineCodec( 932): capsHelper add param=d200c006
01-01 07:00:01.567 I/QC2PipelineCodec( 932): capsHelper add param=52002003
01-01 07:00:01.567 D/Zygote64Timing( 795): ZygotePreload took to complete: 912ms
01-01 07:00:01.567 D/audio_hw_utils( 875): audio_extn_utils_open_snd_mixer: retry,
retry_num 1
01-01 07:00:01.567 I/QC2PipelineCodec( 932): capsHelper add param=9001080c
01-01 07:00:01.567 I/QC2PipelineCodec( 932): capsHelper add param=8001080c
01-01 07:00:01.567 I/QC2PipelineCodec( 932): capsHelper add param=d2001800
01-01 07:00:01.567 I/QC2PipelineCodec( 932): capsHelper add param=d2009001
01-01 07:00:01.567 I/QC2PipelineCodec( 932): capsHelper add param=9200081b
01-01 07:00:01.567 I/QC2PipelineCodec( 932): capsHelper add param=8200c035
01-01 07:00:01.567 I/QC2PipelineCodec( 932): capsHelper add param=a0000804
01-01 07:00:01.567 I/QC2PipelineCodec( 932): capsHelper add param=60000825
01-01 07:00:01.567 I/QC2PipelineCodec( 932): capsHelper add param=5200180b
01-01 07:00:01.567 I/QC2PipelineCodec( 932): capsHelper add param=d200180a
01-01 07:00:01.567 I/QC2PipelineCodec( 932): capsHelper add param=d200c007
01-01 07:00:01.567 I/QC2PipelineCodec( 932): capsHelper add param=d200c00c
01-01 07:00:01.567 I/QC2PipelineCodec( 932): capsHelper add param=c2001800
01-01 07:00:01.567 I/QC2PipelineCodec( 932): capsHelper add param=8200081b
01-01 07:00:01.567 I/QC2PipelineCodec( 932): capsHelper add param=a0000805
01-01 07:00:01.567 I/QC2PipelineCodec( 932): capsHelper add param=9200c046
01-01 07:00:01.567 I/QC2PipelineCodec( 932): capsHelper add param=5001081a
01-01 07:00:01.567 I/QC2PipelineCodec( 932): capsHelper add param=c200081e
01-01 07:00:01.567 I/QC2PipelineCodec( 932): computeDelays
01-01 07:00:01.567 I/QC2PipelinedEntity( 932): pipelineid=100 extraAllocation=2
set maxOutputBuffers=21
01-01 07:00:01.567 I/QC2PipelinedEntity( 932): pipelineid=101 extraAllocation=2
set maxOutputBuffers=12
01-01 07:00:01.567 I/QC2PipelineCodec( 932): ComputeDelay: iDelay=0 pDelay=0
oDelay=33
01-01 07:00:01.567 I/QC2PipelineCodec( 932): Delays initialized iDelay=0 pDelay=0
oDelay=33
01-01 07:00:01.568 I/QC2PipelineCodec( 932): init: end; processing-time=13 ms
01-01 07:00:01.569 I/QC2Registry( 932): Initialized pipelined Codec for
c2.qti.hevc.decoder
01-01 07:00:01.569 I/QC2PipelineCodec( 932): getCapsHelpersInternal:
piplinedcodecs size=2
01-01 07:00:01.569 I/StandardCaps( 932): PixelFormatOutputHelper:
01-01 07:00:01.569 I/StandardCaps( 932): VENUS_NV12
01-01 07:00:01.569 I/StandardCaps( 932): VENUS_NV12_UBWC
01-01 07:00:01.569 I/StandardCaps( 932): VENUS_TP10
01-01 07:00:01.569 I/StandardCaps( 932): VENUS_P010
01-01 07:00:01.569 I/StandardCaps( 932): PictureSizeOutputHelper: min [96 96] max
[4096 4096] default [96 96]
01-01 07:00:01.569 I/StandardCaps( 932): PictureSizeInputHelper: min [96 96] max
[4096 4096] default [96 96]
01-01 07:00:01.569 I/StandardCaps( 932): MaxPictureSizeOutputHelper: min [96 96]
max [4096 4096] default [96 96]
01-01 07:00:01.570 I/StandardCaps( 932): FrameRateInputHelper: min 1 max 960 step
0 default 30
01-01 07:00:01.570 I/StandardCaps( 932): OperatingRateHelper: min 30, max 32767,
step 0, default 30
01-01 07:00:01.570 E/QC2V4l2Caps( 932): Failed to read platform HDR value
01-01 07:00:01.570 I/StandardCaps( 932): ProfileLevelInputHelper: Profiles
01-01 07:00:01.571 I/StandardCaps( 932): HEVC_MAIN
01-01 07:00:01.571 I/StandardCaps( 932): HEVC_MAIN_STLL
01-01 07:00:01.571 I/StandardCaps( 932): HEVC_MAIN10
01-01 07:00:01.571 I/StandardCaps( 932): ProfileLevelInputHelper: Levels
01-01 07:00:01.571 I/StandardCaps( 932): Main 1.0
01-01 07:00:01.571 I/StandardCaps( 932): Main 2.0
01-01 07:00:01.571 I/StandardCaps( 932): Main 2.1
01-01 07:00:01.571 I/StandardCaps( 932): Main 3.0
01-01 07:00:01.571 I/StandardCaps( 932): Main 3.1
01-01 07:00:01.571 I/StandardCaps( 932): Main 4.0
01-01 07:00:01.571 I/StandardCaps( 932): Main 4.1
01-01 07:00:01.571 I/StandardCaps( 932): Main 5.0
01-01 07:00:01.571 I/StandardCaps( 932): High 1.0
01-01 07:00:01.571 I/StandardCaps( 932): High 2.0
01-01 07:00:01.571 I/StandardCaps( 932): High 2.1
01-01 07:00:01.571 I/StandardCaps( 932): High 3.0
01-01 07:00:01.571 I/StandardCaps( 932): High 3.1
01-01 07:00:01.571 I/StandardCaps( 932): High 4.0
01-01 07:00:01.571 I/StandardCaps( 932): High 4.1
01-01 07:00:01.571 I/StandardCaps( 932): High 5.0
01-01 07:00:01.572 I/VendorCaps( 932): RenderFrameRateOutputHelper: min 0 max 120
step 30 default 0
01-01 07:00:01.572 I/VendorCaps( 932): VideoRefreshRateOutputHelper: min 0 max 120
step 1 default 60
01-01 07:00:01.573 I/QC2Filter( 932): FUNCTION_BEGIN:getCapsHelpers
01-01 07:00:01.573 I/QC2BlackBarFilter( 932): FUNCTION_BEGIN:onGetCapsHelpers
01-01 07:00:01.573 I/QC2BlackBarFilter( 932): FUNCTION_END:onGetCapsHelpers TIME=0
ms
01-01 07:00:01.573 I/QC2Filter( 932): FUNCTION_END:getCapsHelpers TIME=0 ms
01-01 07:00:01.573 I/QC2PipelineCodec( 932): capshelpers vectorId 0 inputDelay=0
01-01 07:00:01.573 I/QC2PipelinedEntity( 932): [c2.qti.hevc.decoder_0]
pipelineid=100 inputDelay=0
01-01 07:00:01.574 I/QC2PipelineCodec( 932): capshelpers vectorId 0 outputDelay=18
01-01 07:00:01.574 I/QC2PipelinedEntity( 932): [c2.qti.hevc.decoder_0]
pipelineid=100 outputDelay=18
01-01 07:00:01.574 I/QC2PipelineCodec( 932): capshelpers vectorId 1 inputDelay=1
01-01 07:00:01.574 I/QC2PipelinedEntity( 932): [c2.qti.BlackBar.filter_0]
pipelineid=101 inputDelay=1
01-01 07:00:01.574 I/QC2PipelineCodec( 932): capshelpers vectorId 1 outputDelay=10
01-01 07:00:01.574 I/QC2PipelinedEntity( 932): [c2.qti.BlackBar.filter_0]
pipelineid=101 outputDelay=10
01-01 07:00:01.574 I/QC2PipelineCodec( 932): computeDelays
01-01 07:00:01.574 I/QC2PipelinedEntity( 932): pipelineid=100 extraAllocation=2
set maxOutputBuffers=21
01-01 07:00:01.574 I/QC2PipelinedEntity( 932): pipelineid=101 extraAllocation=2
set maxOutputBuffers=12
