04-17 10:41:26.020 31304 31304 W System.err: at android.app.Instrumentation.newApplication(Instrumentation.java:1232)
04-17 10:41:26.020 31304 31304 W System.err: at android.app.LoadedApk.makeApplicationInner(LoadedApk.java:1492)
04-17 10:41:26.020 31304 31304 W System.err: at android.app.LoadedApk.makeApplicationInner(LoadedApk.java:1429)
04-17 10:41:26.020 31304 31304 W System.err: at android.app.ActivityThread.handleBindApplication(ActivityThread.java:7410)
04-17 10:41:26.020 31304 31304 W System.err: at android.app.ActivityThread.-$ $Nest$mhandleBindApplication(Unknown Source:0)
04-17 10:41:26.020 31304 31304 W System.err: at android.app.ActivityThread$H.handleMessage(ActivityThread.java:2453)
04-17 10:41:26.020 31304 31304 W System.err: at android.os.Handler.dispatchMessage(Handler.java:106)
04-17 10:41:26.020 31304 31304 W System.err: at android.os.Looper.loopOnce(Looper.java:223)
04-17 10:41:26.020 31304 31304 W System.err: at android.os.Looper.loop(Looper.java:324)
04-17 10:41:26.020 31304 31304 W System.err: at android.app.ActivityThread.main(ActivityThread.java:8675)
04-17 10:41:26.020 31304 31304 W System.err: at java.lang.reflect.Method.invoke(Native Method)
04-17 10:41:26.020 31304 31304 W System.err: at com.android.internal.os.RuntimeInit$MethodAndArgsCaller.run(RuntimeInit.java:582)
04-17 10:41:26.020 31304 31304 W System.err: at com.android.internal.os.ZygoteInit.main(ZygoteInit.java:1061)
04-17 10:41:26.243 31304 31318 W com.mbwhatsapp: Suspending all threads took: 23.484ms
04-17 10:41:26.415 31304 31304 E CustomActivityOnCrash: IMPORTANT WARNING! You already have an UncaughtExceptionHandler, are you sure this is correct? If you use a custom UncaughtExceptionHandler, you must initialize it AFTER CustomActivityOnCrash! Installing anyway, but your original handler will not be called.
04-17 10:41:28.132 31430 31430 E com.mbwhatsapp: Not starting debugger since process cannot load the jdwp agent.
04-17 10:41:28.566 31430 31430 W System.err: java.lang.ClassNotFoundException: mbmodsd.mbmodsw.ui.views.btn.BtnBK
04-17 10:41:28.567 31430 31430 W System.err: at java.lang.Runtime.nativeLoad(Native Method)
04-17 10:41:28.567 31430 31430 W System.err: at java.lang.Runtime.nativeLoad(Runtime.java:1126)
04-17 10:41:28.567 31430 31430 W System.err: at java.lang.Runtime.loadLibrary0(Runtime.java:1080)
04-17 10:41:28.567 31430 31430 W System.err: at java.lang.Runtime.loadLibrary0(Runtime.java:1003)
04-17 10:41:28.567 31430 31430 W System.err: at java.lang.System.loadLibrary(System.java:1661)
04-17 10:41:28.567 31430 31430 W System.err: at arm.EpicVm.<clinit>(Unknown Source:2)
04-17 10:41:28.567 31430 31430 W System.err: at java.lang.Class.newInstance(Native Method)
04-17 10:41:28.567 31430 31430 W System.err: at android.app.AppComponentFactory.instantiateApplication(AppComponentFactory.java:76)
04-17 10:41:28.567 31430 31430 W System.err: at androidx.core.app.CoreComponentFactory.instantiateApplication(Unknown Source:0)
04-17 10:41:28.567 31430 31430 W System.err: at android.app.Instrumentation.newApplication(Instrumentation.java:1232)
04-17 10:41:28.567 31430 31430 W System.err: at android.app.LoadedApk.makeApplicationInner(LoadedApk.java:1492)
04-17 10:41:28.567 31430 31430 W System.err: at android.app.LoadedApk.makeApplicationInner(LoadedApk.java:1429)
04-17 10:41:28.568 31430 31430 W System.err: at android.app.ActivityThread.handleBindApplication(ActivityThread.java:7410)
04-17 10:41:28.568 31430 31430 W System.err: at android.app.ActivityThread.-$ $Nest$mhandleBindApplication(Unknown Source:0)
04-17 10:41:28.568 31430 31430 W System.err: at android.app.ActivityThread$H.handleMessage(ActivityThread.java:2453)
04-17 10:41:28.568 31430 31430 W System.err: at android.os.Handler.dispatchMessage(Handler.java:106)
04-17 10:41:28.568 31430 31430 W System.err: at android.os.Looper.loopOnce(Looper.java:223)
04-17 10:41:28.568 31430 31430 W System.err: at android.os.Looper.loop(Looper.java:324)
04-17 10:41:28.568 31430 31430 W System.err: at android.app.ActivityThread.main(ActivityThread.java:8675)
04-17 10:41:28.569 31430 31430 W System.err: at java.lang.reflect.Method.invoke(Native Method)
04-17 10:41:28.569 31430 31430 W System.err: at com.android.internal.os.RuntimeInit$MethodAndArgsCaller.run(RuntimeInit.java:582)
04-17 10:41:28.569 31430 31430 W System.err: at com.android.internal.os.ZygoteInit.main(ZygoteInit.java:1061)
04-17 10:41:28.701 31430 31439 W com.mbwhatsapp: Suspending all threads took: 9.147ms
04-17 10:41:28.757 31430 31430 E CustomActivityOnCrash: IMPORTANT WARNING! You already have an UncaughtExceptionHandler, are you sure this is correct? If you use a custom UncaughtExceptionHandler, you must initialize it AFTER CustomActivityOnCrash! Installing anyway, but your original handler will not be called.
04-17 10:41:29.125 31430 31439 W com.mbwhatsapp: Suspending all threads took: 5.401ms
04-17 10:41:29.389 31519 31519 W libprocessgroup: JoinCgroup: controller schedtune is not found
04-17 10:41:29.389 31519 31519 W libprocessgroup: JoinCgroup: controller schedtune is not found
04-17 10:41:29.389 31519 31519 W libprocessgroup: JoinCgroup: controller schedtune is not found
04-17 10:41:29.389 31519 31519 W libprocessgroup: JoinCgroup: controller schedtune is not found
04-17 10:41:29.422 31430 31430 W com.mbwhatsapp: Accessing hidden method Lcom/android/org/conscrypt/OpenSSLSocketImpl;->setUseSessionTickets(Z)V (max- target-q,core-platform-api, reflection, denied)
04-17 10:41:29.423 31430 31430 W com.mbwhatsapp: Accessing hidden method Lcom/android/org/conscrypt/AbstractConscryptSocket;->setUseSessionTickets(Z)V (max- target-q, reflection, denied)
04-17 10:41:30.302 31430 31485 W LibraryVersion: Failed to get app version for libraryName: firebase-iid
04-17 10:41:31.366 31430 31674 W com.mbwhatsapp: Method void X.2rL.A03(java.lang.Integer) failed lock verification and will run slower.
04-17 10:41:31.366 31430 31674 W com.mbwhatsapp: Common causes for lock verification issues are non-optimized dex code
04-17 10:41:31.366 31430 31674 W com.mbwhatsapp: and incorrect proguard optimizations.
04-17 10:41:31.386 31430 31430 W com.mbwhatsapp: Method void X.0eU.A0h(X.0tK, boolean) failed lock verification and will run slower.
04-17 10:41:32.594 31430 31430 E com.mbwhatsapp: Invalid ID 0x00000000.
04-17 10:41:32.598 31430 31430 W System.err: android.content.res.Resources$NotFoundException: String resource ID #0x0
04-17 10:41:32.608 31430 31430 W System.err: at android.content.res.Resources.getText(Resources.java:503)
04-17 10:41:32.608 31430 31430 W System.err: at android.content.res.Resources.getString(Resources.java:596)
04-17 10:41:32.609 31430 31430 W System.err: at X.35t.A0E(Unknown Source:46)
04-17 10:41:32.609 31430 31430 W System.err: at com.mbwhatsapp.yo.yo.getString(Native Method)
04-17 10:41:32.609 31430 31430 W System.err: at com.mbwhatsapp.yo.yo.getString(Native Method)
04-17 10:41:32.609 31430 31430 W System.err: at com.mbwhatsapp.youbasha.task.utils.requestAllFilesAccess14(Native Method)
04-17 10:41:32.609 31430 31430 W System.err: at com.mbwhatsapp.yo.dep.showStoragePermissionRequest(Native Method)
04-17 10:41:32.609 31430 31430 W System.err: at com.mbwhatsapp.registration.EULA.onCreate(Unknown Source:248)
04-17 10:41:32.610 31430 31430 W System.err: at android.app.Activity.performCreate(Activity.java:8806)
04-17 10:41:32.610 31430 31430 W System.err: at android.app.Activity.performCreate(Activity.java:8770)
04-17 10:41:32.610 31430 31430 W System.err: at android.app.Instrumentation.callActivityOnCreate(Instrumentation.java:1384)
04-17 10:41:32.610 31430 31430 W System.err: at android.app.ActivityThread.performLaunchActivity(ActivityThread.java:4050)
04-17 10:41:32.610 31430 31430 W System.err: at android.app.ActivityThread.handleLaunchActivity(ActivityThread.java:4214)
04-17 10:41:32.610 31430 31430 W System.err: at android.app.servertransaction.LaunchActivityItem.execute(LaunchActivityItem.java:10 1)
04-17 10:41:32.610 31430 31430 W System.err: at android.app.servertransaction.TransactionExecutor.executeCallbacks(TransactionExecu tor.java:135)
04-17 10:41:32.610 31430 31430 W System.err: at android.app.servertransaction.TransactionExecutor.execute(TransactionExecutor.java: 95)
04-17 10:41:32.610 31430 31430 W System.err: at android.app.ActivityThread$H.handleMessage(ActivityThread.java:2627)
04-17 10:41:32.610 31430 31430 W System.err: at android.os.Handler.dispatchMessage(Handler.java:106)
04-17 10:41:32.610 31430 31430 W System.err: at android.os.Looper.loopOnce(Looper.java:223)
04-17 10:41:32.610 31430 31430 W System.err: at android.os.Looper.loop(Looper.java:324)
04-17 10:41:32.610 31430 31430 W System.err: at android.app.ActivityThread.main(ActivityThread.java:8675)
04-17 10:41:32.610 31430 31430 W System.err: at java.lang.reflect.Method.invoke(Native Method)
04-17 10:41:32.610 31430 31430 W System.err: at com.android.internal.os.RuntimeInit$MethodAndArgsCaller.run(RuntimeInit.java:582)
04-17 10:41:32.610 31430 31430 W System.err: at com.android.internal.os.ZygoteInit.main(ZygoteInit.java:1061)
04-17 10:41:33.072 31430 31430 W Activity: Can request only one set of permissions at a time
04-17 10:41:33.498 31430 31788 E RenderScript: Failed loading RS driver: dlopen failed: library "libRSDriver_mtk.so" not found
04-17 10:41:33.498 31430 31788 E RenderScript: Failed to load runtime libRSDriver_mtk.so, loading default
04-17 10:41:33.763 31430 31430 E ArmVmp : Match on catch block at 0x0a in for 0x708d94304d
04-17 10:41:33.783 31430 31430 W libc : Access denied finding property "ro.vendor.perf.scroll_opt.heavy_app"
04-17 10:41:34.830 31430 31439 W com.mbwhatsapp: Suspending all threads took: 6.701ms
04-17 10:41:35.265 31430 31430 E com.mbwhatsapp: Invalid ID 0x00000000.
04-17 10:41:35.266 31430 31430 E com.mbwhatsapp: Invalid ID 0x00000000.
04-17 10:41:35.274 31430 31430 E com.mbwhatsapp: Invalid ID 0x00000000.
04-17 10:41:35.276 31430 31430 E com.mbwhatsapp: Invalid ID 0x00000000.
04-17 10:41:35.281 31430 31430 E com.mbwhatsapp: Invalid ID 0x00000000.
04-17 10:41:35.283 31430 31430 E com.mbwhatsapp: Invalid ID 0x00000000.
04-17 10:41:35.284 31430 31430 E com.mbwhatsapp: Invalid ID 0x00000000.
04-17 10:41:35.286 31430 31430 E com.mbwhatsapp: Invalid ID 0x00000000.
04-17 10:41:41.941 31430 31430 E FBI : Can't load library: dlopen failed: library "libmagtsync.so" not found
04-17 10:41:41.971 31430 31702 E OpenGLRenderer: Device claims wide gamut support, cannot find matching config, error = EGL_SUCCESS
04-17 10:41:41.971 31430 31702 W OpenGLRenderer: Failed to initialize 101010-2 format, error = EGL_SUCCESS
04-17 10:41:42.218 31430 31430 W Activity: Can request only one set of permissions at a time
04-17 10:41:42.219 31430 31430 W Activity: Can request only one set of permissions at a time
04-17 10:41:43.934 31430 31702 W Parcel : Expecting binder but got null!
04-17 10:41:44.053 31430 31702 W Parcel : Expecting binder but got null!
04-17 10:41:44.663 31430 31441 W System : A resource failed to call destroy.
04-17 10:41:44.663 31430 31441 W System : A resource failed to call destroy.
04-17 10:41:45.666 31430 31430 E RippleDrawable: The RippleDrawable.STYLE_PATTERNED animation is not supported for a non-hardware accelerated Canvas. Skipping animation.
04-17 10:41:45.674 31430 31430 E RippleDrawable: The RippleDrawable.STYLE_PATTERNED animation is not supported for a non-hardware accelerated Canvas. Skipping animation.
04-17 10:41:45.686 31430 31430 E RippleDrawable: The RippleDrawable.STYLE_PATTERNED animation is not supported for a non-hardware accelerated Canvas. Skipping animation.
04-17 10:41:45.702 31430 31430 E RippleDrawable: The RippleDrawable.STYLE_PATTERNED animation is not supported for a non-hardware accelerated Canvas. Skipping animation.
04-17 10:41:45.719 31430 31430 E RippleDrawable: The RippleDrawable.STYLE_PATTERNED animation is not supported for a non-hardware accelerated Canvas. Skipping animation.
04-17 10:41:45.736 31430 31430 E RippleDrawable: The RippleDrawable.STYLE_PATTERNED animation is not supported for a non-hardware accelerated Canvas. Skipping animation.
04-17 10:41:47.782 31430 32669 E ShortcutInfoCompatSaver: Failed to load saved values from file /data/user/0/com.mbwhatsapp/files/ShortcutInfoCompatSaver_share_targets/ targets.xml. Old state removed, new added
04-17 10:41:47.782 31430 32669 E ShortcutInfoCompatSaver: java.io.FileNotFoundException: /data/user/0/com.mbwhatsapp/files/ShortcutInfoCompatSaver_share_targets/ targets.xml: open failed: ENOENT (No such file or directory)
04-17 10:41:47.782 31430 32669 E ShortcutInfoCompatSaver: at libcore.io.IoBridge.open(IoBridge.java:574)
04-17 10:41:47.782 31430 32669 E ShortcutInfoCompatSaver: at java.io.FileInputStream.<init>(FileInputStream.java:160)
04-17 10:41:47.782 31430 32669 E ShortcutInfoCompatSaver: at X.0nz.run(Unknown Source:82)
04-17 10:41:47.782 31430 32669 E ShortcutInfoCompatSaver: at java.util.concurrent.Executors$RunnableAdapter.call(Executors.java:487)
04-17 10:41:47.782 31430 32669 E ShortcutInfoCompatSaver: at java.util.concurrent.FutureTask.run(FutureTask.java:264)
04-17 10:41:47.782 31430 32669 E ShortcutInfoCompatSaver: at java.util.concurrent.ThreadPoolExecutor.runWorker(ThreadPoolExecutor.java:1145)
04-17 10:41:47.782 31430 32669 E ShortcutInfoCompatSaver: at java.util.concurrent.ThreadPoolExecutor$Worker.run(ThreadPoolExecutor.java:644)
04-17 10:41:47.782 31430 32669 E ShortcutInfoCompatSaver: at java.lang.Thread.run(Thread.java:1012)
04-17 10:41:47.782 31430 32669 E ShortcutInfoCompatSaver: Caused by: android.system.ErrnoException: open failed: ENOENT (No such file or directory)
04-17 10:41:47.782 31430 32669 E ShortcutInfoCompatSaver: at libcore.io.Linux.open(Native Method)
04-17 10:41:47.782 31430 32669 E ShortcutInfoCompatSaver: at libcore.io.ForwardingOs.open(ForwardingOs.java:563)
04-17 10:41:47.782 31430 32669 E ShortcutInfoCompatSaver: at libcore.io.BlockGuardOs.open(BlockGuardOs.java:274)
04-17 10:41:47.782 31430 32669 E ShortcutInfoCompatSaver: at libcore.io.ForwardingOs.open(ForwardingOs.java:563)
04-17 10:41:47.782 31430 32669 E ShortcutInfoCompatSaver: at android.app.ActivityThread$AndroidOs.open(ActivityThread.java:8546)
04-17 10:41:47.782 31430 32669 E ShortcutInfoCompatSaver: at libcore.io.IoBridge.open(IoBridge.java:560)
04-17 10:41:47.782 31430 32669 E ShortcutInfoCompatSaver: ... 7 more
04-17 10:41:47.906 31430 31702 E FrameEvents: updateAcquireFence: Did not find frame.
04-17 10:41:47.934 31430 31702 E FrameEvents: updateAcquireFence: Did not find frame.
04-17 10:41:47.943 31430 31702 E FrameEvents: updateAcquireFence: Did not find frame.
04-17 10:41:50.641 31430 31439 W com.mbwhatsapp: Suspending all threads took: 11.381ms
04-17 10:41:50.950 31430 31702 W Parcel : Expecting binder but got null!
04-17 10:41:53.601 31430 31430 W OnBackInvokedCallback: OnBackInvokedCallback is not enabled for the application.
04-17 10:41:53.601 31430 31430 W OnBackInvokedCallback: Set 'android:enableOnBackInvokedCallback="true"' in the application manifest.
04-17 10:41:53.758 31430 900 E ANDR-VIVO-PERF: IVPerf::tryGetService failed!
04-17 10:42:00.545 31430 31702 W Parcel : Expecting binder but got null!
04-17 10:42:01.403 31430 31680 E PlayCore: UID: [10264] PID: [31430] StandardIntegrity : Phonesky is not installed.
04-17 10:42:02.789 31430 31702 W Parcel : Expecting binder but got null!
04-17 10:42:02.795 31430 31430 W OnBackInvokedCallback: OnBackInvokedCallback is not enabled for the application.
04-17 10:42:02.795 31430 31430 W OnBackInvokedCallback: Set 'android:enableOnBackInvokedCallback="true"' in the application manifest.
04-17 10:42:03.993 31430 31430 W OnBackInvokedCallback: OnBackInvokedCallback is not enabled for the application.
04-17 10:42:03.993 31430 31430 W OnBackInvokedCallback: Set 'android:enableOnBackInvokedCallback="true"' in the application manifest.
04-17 10:42:04.838 31430 31702 W Parcel : Expecting binder but got null!
04-17 10:42:04.917 31430 31702 W Parcel : Expecting binder but got null!
04-17 10:42:07.946 31430 31702 W Parcel : Expecting binder but got null!
04-17 10:42:08.093 31430 31430 E ImeBackDispatcher: Ime callback not found. Ignoring unregisterReceivedCallback. callbackId: 61642037
04-17 10:42:30.979 2405 2405 E com.mbwhatsapp: Not starting debugger since process cannot load the jdwp agent.
04-17 10:42:31.388 2405 2405 W System.err: java.lang.ClassNotFoundException: mbmodsd.mbmodsw.ui.views.btn.BtnBK
04-17 10:42:31.392 2405 2405 W System.err: at java.lang.Runtime.nativeLoad(Native Method)
04-17 10:42:31.392 2405 2405 W System.err: at java.lang.Runtime.nativeLoad(Runtime.java:1126)
04-17 10:42:31.392 2405 2405 W System.err: at java.lang.Runtime.loadLibrary0(Runtime.java:1080)
04-17 10:42:31.392 2405 2405 W System.err: at java.lang.Runtime.loadLibrary0(Runtime.java:1003)
04-17 10:42:31.392 2405 2405 W System.err: at java.lang.System.loadLibrary(System.java:1661)
04-17 10:42:31.392 2405 2405 W System.err: at arm.EpicVm.<clinit>(Unknown Source:2)
04-17 10:42:31.392 2405 2405 W System.err: at java.lang.Class.newInstance(Native Method)
04-17 10:42:31.392 2405 2405 W System.err: at android.app.AppComponentFactory.instantiateApplication(AppComponentFactory.java:76)
04-17 10:42:31.393 2405 2405 W System.err: at androidx.core.app.CoreComponentFactory.instantiateApplication(Unknown Source:0)
04-17 10:42:31.393 2405 2405 W System.err: at android.app.Instrumentation.newApplication(Instrumentation.java:1232)
04-17 10:42:31.393 2405 2405 W System.err: at android.app.LoadedApk.makeApplicationInner(LoadedApk.java:1492)
04-17 10:42:31.393 2405 2405 W System.err: at android.app.LoadedApk.makeApplicationInner(LoadedApk.java:1429)
04-17 10:42:31.393 2405 2405 W System.err: at android.app.ActivityThread.handleBindApplication(ActivityThread.java:7410)
04-17 10:42:31.393 2405 2405 W System.err: at android.app.ActivityThread.-$ $Nest$mhandleBindApplication(Unknown Source:0)
04-17 10:42:31.393 2405 2405 W System.err: at android.app.ActivityThread$H.handleMessage(ActivityThread.java:2453)
04-17 10:42:31.393 2405 2405 W System.err: at android.os.Handler.dispatchMessage(Handler.java:106)
04-17 10:42:31.393 2405 2405 W System.err: at android.os.Looper.loopOnce(Looper.java:223)
04-17 10:42:31.393 2405 2405 W System.err: at android.os.Looper.loop(Looper.java:324)
04-17 10:42:31.393 2405 2405 W System.err: at android.app.ActivityThread.main(ActivityThread.java:8675)
04-17 10:42:31.393 2405 2405 W System.err: at java.lang.reflect.Method.invoke(Native Method)
04-17 10:42:31.393 2405 2405 W System.err: at com.android.internal.os.RuntimeInit$MethodAndArgsCaller.run(RuntimeInit.java:582)
04-17 10:42:31.393 2405 2405 W System.err: at com.android.internal.os.ZygoteInit.main(ZygoteInit.java:1061)
04-17 10:42:31.453 2405 2405 E CustomActivityOnCrash: IMPORTANT WARNING! You already have an UncaughtExceptionHandler, are you sure this is correct? If you use a custom UncaughtExceptionHandler, you must initialize it AFTER CustomActivityOnCrash! Installing anyway, but your original handler will not be called.
04-17 10:42:35.415 2605 2605 W libprocessgroup: JoinCgr