10-26 11:00:53.718 24451 24900 D AppLovinSdk: ========================================
10-26 11:00:53.718 24451 24900 D AppLovinSdk: =====AppLovin SDK=====
10-26 11:00:53.718 24451 24900 D AppLovinSdk: ===SDK Versions===
10-26 11:00:53.718 24451 24900 D AppLovinSdk: Version: 11.11.2
10-26 11:00:53.718 24451 24900 D AppLovinSdk: Plugin Version:
10-26 11:00:53.718 24451 24900 D AppLovinSdk: Ad Review Version:
10-26 11:00:53.718 24451 24900 D AppLovinSdk: OM SDK Version: 1.4.1-Applovin
10-26 11:00:53.718 24451 24900 D AppLovinSdk: ===Device Info===
10-26 11:00:53.718 24451 24900 D AppLovinSdk: OS: 12 (S - API 31)
10-26 11:00:53.718 24451 24900 D AppLovinSdk: GAID: <Enable verbose logging to see the GAID to use for test devices - https://monetization-support.applovin.com/hc/en- us/articles/236114328-How-can-I-expose-verbose-logging-for-the-SDK>
10-26 11:00:53.718 24451 24900 D AppLovinSdk: Model: SM-M127F
10-26 11:00:53.718 24451 24900 D AppLovinSdk: Locale: pt_BR
10-26 11:00:53.718 24451 24900 D AppLovinSdk: Emulator: false
10-26 11:00:53.718 24451 24900 D AppLovinSdk: Tablet: false
10-26 11:00:53.718 24451 24900 D AppLovinSdk: ===App Info===
10-26 11:00:53.718 24451 24900 D AppLovinSdk: Application ID: com.dual.space.parallel.apps.multiaccounts.thinktech
10-26 11:00:53.718 24451 24900 D AppLovinSdk: Target SDK: 32
10-26 11:00:53.718 24451 24900 D AppLovinSdk: ExoPlayer Version: 2015001
10-26 11:00:53.718 24451 24900 D AppLovinSdk: ===SDK Settings===
10-26 11:00:53.718 24451 24900 D AppLovinSdk: SDK Key: uxqyaJRMdttBJC0Ik5VckaGOcJQnhXC90DTlxBBfkW7uyA57d3arHddg1FK_Dt5GBu8TJMuBa7H3- tTTgkEf0h
10-26 11:00:53.718 24451 24900 D AppLovinSdk: Mediation Provider: max
10-26 11:00:53.718 24451 24900 D AppLovinSdk: TG: 60
10-26 11:00:53.718 24451 24900 D AppLovinSdk: AEI: 116
10-26 11:00:53.718 24451 24900 D AppLovinSdk: MEI: 3
10-26 11:00:53.718 24451 24900 D AppLovinSdk: Test Mode On: false
10-26 11:00:53.718 24451 24900 D AppLovinSdk: Verbose Logging On: false
10-26 11:00:53.718 24451 24900 D AppLovinSdk: ===Privacy States===
10-26 11:00:53.718 24451 24900 D AppLovinSdk: Please review AppLovin MAX documentation to be compliant with regional privacy policies.
10-26 11:00:53.718 24451 24900 D AppLovinSdk:
10-26 11:00:53.718 24451 24900 D AppLovinSdk: Age Restricted User - No value set
10-26 11:00:53.718 24451 24900 D AppLovinSdk: Has User Consent - No value set
10-26 11:00:53.718 24451 24900 D AppLovinSdk: "Do Not Sell" - No value set
10-26 11:00:53.718 24451 24900 D AppLovinSdk: ===MAX Terms Flow===
10-26 11:00:53.718 24451 24900 D AppLovinSdk: Enabled: false
10-26 11:00:53.718 24451 24900 D AppLovinSdk: Privacy Policy URI: null
10-26 11:00:53.718 24451 24900 D AppLovinSdk: Terms of Service URI: null
10-26 11:00:53.718 24451 24900 D AppLovinSdk: ========================================
10-26 11:00:53.725 24451 24451 D TEST : TEST
10-26 11:00:53.735 24451 24996 I AdInternalSettings: Test mode device hash: 10c0724b-4871-45be-b543-8c4be42b2e3f
10-26 11:00:53.735 24451 24996 I AdInternalSettings: When testing your app with Facebook's ad units you must specify the device hashed ID to ensure the delivery of test ads, add the following code before loading an ad: AdSettings.addTestDevice("10c0724b-4871-45be-b543-8c4be42b2e3f");
10-26 11:00:53.766 24451 24998 D SensorManager: registerListener :: 16777217, LIS2DLC12 Accelerometer, 200000, 0,
10-26 11:00:53.807 24451 24451 D SensorManager: unregisterListener
10-26 11:00:54.046 24451 24711 W System : Ignoring header If-None-Match because its value was null.
10-26 11:00:54.095 24451 24901 D SensorManager: registerListener :: 16777217, LIS2DLC12 Accelerometer, 200000, 0,
10-26 11:00:54.125 24451 24451 D SensorManager: unregisterListener
10-26 11:00:54.169 24451 24900 W AppLovinSdk: [AppLovinSdk] Current SDK version (11.11.2) is outdated. Please integrate the latest version of the AppLovin SDK (11.11.3). Doing so will improve your CPMs and ensure you have access to the latest revenue earning features.
10-26 11:00:54.316 24451 24451 D app_purchased: not_purchase_app_open
10-26 11:00:54.408 24451 24451 D DynamitePackage: Instantiating com.google.android.gms.ads.ChimeraAdManagerCreatorImpl
10-26 11:00:54.433 24451 24451 I Ads : Use RequestConfiguration.Builder().setTestDeviceIds(Arrays.asList("408DF07F593B09287BBA 65C6D094CEC1")) to get test ads on this device.
10-26 11:00:54.544 24451 24743 W ziparchive: Unable to open '/data/user/0/com.dual.space.parallel.apps.multiaccounts.thinktech/cache/ 1689111357674.dm': No such file or directory
10-26 11:00:54.554 24451 24451 I Ads : Please set theme of AdActivity to @android:style/Theme.Translucent to enable transparent background interstitial ad.
10-26 11:00:54.574 24451 24451 W ConnectionStatusConfig: Dynamic lookup for intent failed for action: com.google.android.gms.ads.service.CACHE
10-26 11:00:54.582 24451 24743 D ConnectivityManager: StackLog: [android.net.ConnectivityManager.sendRequestForNetwork(ConnectivityManager.java:419 1)] [android.net.ConnectivityManager.registerDefaultNetworkCallbackForUid(ConnectivityM anager.java:4755)] [android.net.ConnectivityManager.registerDefaultNetworkCallback(ConnectivityManager .java:4722)] [android.net.ConnectivityManager.registerDefaultNetworkCallback(ConnectivityManager .java:4696)] [m.ahk.<init>(:com.google.android.gms.policy_ads_fdr_dynamite@233702201@23370220005 7.563238123.563238123:11)] [m.ahk.a(:com.google.android.gms.policy_ads_fdr_dynamite@[email protected] 238123.563238123:13)] [m.ahe.t(:com.google.android.gms.policy_ads_fdr_dynamite@[email protected] 238123.563238123:37)] [com.google.android.gms.ads.internal.i.r(:com.google.android.gms.policy_ads_fdr_dyn amite@[email protected]:11)] [com.google.android.gms.ads.internal.i.run(:com.google.android.gms.policy_ads_fdr_d ynamite@[email protected]:53)] [java.util.concurrent.ThreadPoolExecutor.runWorker(ThreadPoolExecutor.java:1137)] [java.util.concurrent.ThreadPoolExecutor$Worker.run(ThreadPoolExecutor.java:637)] [java.lang.Thread.run(Thread.java:1012)]
10-26 11:00:54.600 24451 25047 D ConnectivityManager: StackLog: [android.net.ConnectivityManager.sendRequestForNetwork(ConnectivityManager.java:419 1)] [android.net.ConnectivityManager.registerDefaultNetworkCallbackForUid(ConnectivityM anager.java:4755)] [android.net.ConnectivityManager.registerDefaultNetworkCallback(ConnectivityManager .java:4722)] [android.net.ConnectivityManager.registerDefaultNetworkCallback(ConnectivityManager .java:4696)] [m.ahk.<init>(:com.google.android.gms.policy_ads_fdr_dynamite@233702201@23370220005 7.563238123.563238123:11)] [m.ahk.a(:com.google.android.gms.policy_ads_fdr_dynamite@[email protected] 238123.563238123:13)] [m.agw.b(:com.google.android.gms.policy_ads_fdr_dynamite@[email protected] 238123.563238123:83)] [m.agw.a(:com.google.android.gms.policy_ads_fdr_dynamite@[email protected] 238123.563238123:8)] [com.google.android.gms.ads.internal.g.run(:com.google.android.gms.policy_ads_fdr_d ynamite@[email protected]:21)] [java.util.concurrent.ThreadPoolExecutor.runWorker(ThreadPoolExecutor.java:1137)] [java.util.concurrent.ThreadPoolExecutor$Worker.run(ThreadPoolExecutor.java:637)] [java.lang.Thread.run(Thread.java:1012)]
10-26 11:00:54.631 24451 25088 I System.out: FirebaseMessagingService token --> f9n-NMEFQo6TXrNI_PmBpA:APA91bGWdhE_sTvytdYgTfhMumur5HlJHVEcr_L3KSAnEl3e1RezMBoupj- hg_Arm4Q6n-phrFXft7OImcJtLQrKOLjpZ_LmWQG5MlKNndClI0xNh1rk68YV03Z3hhi9qJuWmSoLHNab
10-26 11:00:54.677 24451 24451 D Banner bottom: 1
10-26 11:00:54.678 24451 24451 D AllFirebaseValue: sixmonthdiscountText ID 50% OFF
10-26 11:00:54.678 24451 24451 D AllFirebaseValue: oneyeardiscountText ID 40% OFF
10-26 11:00:54.678 24451 24451 D AllFirebaseValue: lifetimediscountText ID 65% OFF
10-26 11:00:54.678 24451 24451 D AllFirebaseValue: unknown_install ID true
10-26 11:00:54.678 24451 24451 D Pro_dialog_control: target_inapp ID 1
10-26 11:00:54.679 24451 24451 D Pro_dialog_control: continue_btn_text ID Purchase Now
10-26 11:00:54.679 24451 24451 D Pro_dialog_control: pro_textview_text ID Hurry up, 50% OFF Today Only!
10-26 11:00:54.679 24451 24451 D jsonObjectControlInAppDiscount: AdmobNativeStyleOnOFF ID false
10-26 11:00:54.679 24451 24451 D jsonObjectControlInAppDiscount: isNormalNativeON_OFF ID true
10-26 11:00:54.679 24451 24451 D jsonObjectControlInAppDiscount: isNormalNative_2_ON_OFF ID false
10-26 11:00:54.679 24451 24451 D jsonObjectControlInAppDiscount: isNormalBannerON_OFF ID true
10-26 11:00:54.679 24451 24451 D jsonObjectControlInAppDiscount: isNormalInterstitialON_OFF ID true
10-26 11:00:54.680 24451 24451 D jsonObjectControlInAppDiscount: isShowingNativeApplovinON_OFF ID true
10-26 11:00:54.680 24451 24451 D jsonObjectControlInAppDiscount: isShowingBannerApplovinON_OFF ID true
10-26 11:00:54.680 24451 24451 D jsonObjectControlInAppDiscount: preLoadAdmobNativeOnOff ID true
10-26 11:00:54.680 24451 24451 D jsonObjectControlInAppDiscount: preLoadAdmobBannerOnOff ID true
10-26 11:00:54.680 24451 24451 D jsonObjectControlInAppDiscount: preLoadAdmobInterstitialOnOff ID true
10-26 11:00:54.680 24451 24451 D jsonObjectControlInAppDiscount: isShowingInterstitialApplovinON_OFF ID true
10-26 11:00:54.680 24451 24451 D jsonObjectControlInAppDiscount: isShowingInterstitialVungleON_OFF ID false
10-26 11:00:54.680 24451 24451 D jsonObjectControlInAppDiscount: InterstitialCountDownMilliSec ID 0
10-26 11:00:54.680 24451 24451 D jsonObjectControlInAppDiscount: headingFirstTextDialog ID Please Wait
10-26 11:00:54.680 24451 24451 D jsonObjectControlInAppDiscount: headingSecondTextDialog ID Loading Ad
10-26 11:00:54.736 24451 24451 D DynamitePackage: Instantiating com.google.android.gms.ads.ChimeraAdManagerCreatorImpl
10-26 11:00:54.744 24451 24451 I Ads : Use RequestConfiguration.Builder().setTestDeviceIds(Arrays.asList("408DF07F593B09287BBA 65C6D094CEC1")) to get test ads on this device.
10-26 11:00:54.747 24451 25082 W ziparchive: Unable to open '/data/user/0/com.dual.space.parallel.apps.multiaccounts.thinktech/app_pccache/ 5/00460D254C79A8D8F26B7F8F32A6421766413434/pcam.dm': No such file or directory
10-26 11:00:54.764 24451 24451 I Ads : Please set theme of AdActivity to @android:style/Theme.Translucent to enable transparent background interstitial ad.
10-26 11:00:54.776 24451 24451 D here : here
10-26 11:00:54.800 24451 25082 D nativeloader: Configuring classloader-namespace for other apk . target_sdk_version=32, uses_libraries=ALL, library_path=, permitted_path=/data:/mnt/expand
10-26 11:00:54.800 24451 25082 D nativeloader: Extending system_exposed_libraries: libface_landmark.arcsoft.so:libhigh_dynamic_range.arcsoft.so:libss_jni.securestorag e.samsung.so:libSFEffect.fonteffect.samsung.so:libsce_v1.crypto.samsung.so:libteecl .teegris.samsung.so:libheifcapture_jni.media.samsung.so:libjpegsq.media.samsung.so: libsemimagecrop_jni.media.samsung.so:libSecEmbms.telephony.samsung.so:libperfsdk.pe rformance.samsung.so:lib_vnd_client.dk.samsung.so:lib_native_client.dk.samsung.so:l ib_nativeJni.dk.samsung.so:libknox_remotedesktopclient.knox.samsung.so:libBeauty_v4 .camera.samsung.so:libexifa.camera.samsung.so:libjpega.camera.samsung.so:libOpenCv. camera.samsung.so:libImageScreener.camera.samsung.so:libFacePreProcessing.camera.sa msung.so:libHpr_RecGAE_cvFeature_v1.0.camera.samsung.so:libHprFace_GAE_api.camera.s amsung.so:libFace_Landmark_API.camera.samsung.so:libHprFace_GAE_jni.camera.samsung. so:libObjectAndSceneClassification_2.5_OD.camera.samsung.so:libQREngine_common.came ra.samsung.so:libEventDetector.camera.samsung.so:libFood.camera.samsung.so
10-26 11:00:54.823 24451 24451 D problem is: java.lang.IllegalStateException: The ad unit ID can only be set once on AdView.
10-26 11:00:54.923 24451 24451 D problem is: java.lang.IllegalStateException: The ad unit ID can only be set once on AdView.
10-26 11:00:55.024 24451 24451 D problem is: java.lang.IllegalStateException: The ad unit ID can only be set once on AdView.
10-26 11:00:55.073 24451 24743 W Ads : Not retrying to fetch app settings
10-26 11:00:55.078 24451 25097 W ConnectionStatusConfig: Dynamic lookup for intent failed for action: com.google.android.gms.ads.service.START
10-26 11:00:55.124 24451 24451 D problem is: java.lang.IllegalStateException: The ad unit ID can only be set once on AdView.
10-26 11:00:55.226 24451 24451 D problem is: java.lang.IllegalStateException: The ad unit ID can only be set once on AdView.
10-26 11:00:55.326 24451 24451 D problem is: java.lang.IllegalStateException: The ad unit ID can only be set once on AdView.
10-26 11:00:55.426 24451 24451 D problem is: java.lang.IllegalStateException: The ad unit ID can only be set once on AdView.
10-26 11:00:55.505 24451 24451 D ContentValues: onAdFailedToLoad: Error building request URL: Cannot determine request type. Is your ad unit id correct?
10-26 11:00:55.506 24451 24451 I Ads : Ad failed to load : 1
10-26 11:00:55.526 24451 24451 D problem is: java.lang.IllegalStateException: The ad unit ID can only be set once on AdView.
10-26 11:00:55.626 24451 24451 D problem is: java.lang.IllegalStateException: The ad unit ID can only be set once on AdView.
10-26 11:00:55.646 24451 24451 I ViewRootImpl@37ab147[SplashActivity]: ViewPostIme key 0
10-26 11:00:55.726 24451 24451 D problem is: java.lang.IllegalStateException: The ad unit ID can only be set once on AdView.
10-26 11:00:55.736 24451 24451 I ViewRootImpl@37ab147[SplashActivity]: ViewPostIme key 1
10-26 11:00:55.826 24451 24451 D problem is: java.lang.IllegalStateException: The ad unit ID can only be set once on AdView.
10-26 11:00:55.928 24451 24451 D problem is: java.lang.IllegalStateException: The ad unit ID can only be set once on AdView.
10-26 11:00:56.027 24451 24451 D problem is: java.lang.IllegalStateException: The ad unit ID can only be set once on AdView.
10-26 11:00:56.128 24451 24451 D problem is: java.lang.IllegalStateException: The ad unit ID can only be set once on AdView.
10-26 11:00:56.228 24451 24451 D problem is: java.lang.IllegalStateException: The ad unit ID can only be set once on AdView.
10-26 11:00:56.328 24451 24451 D problem is: java.lang.IllegalStateException: The ad unit ID can only be set once on AdView.
10-26 11:00:56.428 24451 24451 D problem is: java.lang.IllegalStateException: The ad unit ID can only be set once on AdView.
10-26 11:00:56.528 24451 24451 D problem is: java.lang.IllegalStateException: The ad unit ID can only be set once on AdView.
10-26 11:00:56.628 24451 24451 D problem is: java.lang.IllegalStateException: The ad unit ID can only be set once on AdView.
10-26 11:00:56.729 24451 24451 D problem is: java.lang.IllegalStateException: The ad unit ID can only be set once on AdView.
10-26 11:00:56.829 24451 24451 D problem is: java.lang.IllegalStateException: The ad unit ID can only be set once on AdView.
10-26 11:00:56.930 24451 24451 D problem is: java.lang.IllegalStateException: The ad unit ID can only be set once on AdView.
10-26 11:00:57.030 24451 24451 D problem is: java.lang.IllegalStateException: The ad unit ID can only be set once on AdView.
10-26 11:00:57.130 24451 24451 D problem is: java.lang.IllegalStateException: The ad unit ID can only be set once on AdView.
10-26 11:00:57.386 24451 24451 D DynamitePackage: Instantiating com.google.android.gms.ads.ChimeraAdManagerCreatorImpl
10-26 11:00:57.404 24451 24451 I Ads : Use RequestConfiguration.Builder().setTestDeviceIds(Arrays.asList("408DF07F593B09287BBA 65C6D094CEC1")) to get test ads on this device.
10-26 11:00:57.442 24451 24459 I ounts.thinktec: Background concurrent copying GC freed 220861(14MB) AllocSpace objects, 192(23MB) LOS objects, 49% free, 11MB/23MB, paused 325us,400us total 200.996ms
10-26 11:00:57.445 24451 24451 I Ads : Please set theme of AdActivity to @android:style/Theme.Translucent to enable transparent background interstitial ad.
10-26 11:00:57.459 24451 24451 D DynamitePackage: Instantiating com.google.android.gms.ads.ChimeraAdManagerCreatorImpl
10-26 11:00:57.463 24451 24451 I Ads : Use RequestConfiguration.Builder().setTestDeviceIds(Arrays.asList("408DF07F593B09287BBA 65C6D094CEC1")) to get test ads on this device.
10-26 11:00:57.479 24451 24451 I Ads : Please set theme of AdActivity to @android:style/Theme.Translucent to enable transparent background interstitial ad.
10-26 11:00:57.501 24451 24451 D problem is: java.lang.IllegalStateException: The ad unit ID can only be set once on AdView.
10-26 11:00:57.513 24451 25091 W Ads : Not retrying to fetch app settings
10-26 11:00:57.525 24451 24451 I ViewRootImpl@37ab147[SplashActivity]: MSG_WINDOW_FOCUS_CHANGED 0 1
10-26 11:00:57.637 24451 24451 D problem is: java.lang.IllegalStateException: The ad unit ID can only be set once on AdView.
10-26 11:00:57.638 24451 25054 W Ads : Not retrying to fetch app settings
10-26 11:00:57.794 24451 24451 D problem is: java.lang.IllegalStateException: The ad unit ID can only be set once on AdView.
10-26 11:00:57.947 24451 24451 D problem is: java.lang.IllegalStateException: The ad unit ID can only be set once on AdView.
10-26 11:00:57.947 24451 24451 I ViewRootImpl@37ab147[SplashActivity]: handleAppVisibility mAppVisible=true visible=false
10-26 11:00:57.948 24451 24451 I ViewRootImpl@37ab147[SplashActivity]: stopped(true) old=false
10-26 11:00:58.033 24451 24663 D OpenGLRenderer: setSurface called with nullptr
10-26 11:00:58.033 24451 24663 D OpenGLRenderer: setSurface() destroyed EGLSurface
10-26 11:00:58.033 24451 24663 D OpenGLRenderer: destroyEglSurface
10-26 11:00:58.042 24451 24451 I ViewRootImpl@37ab147[SplashActivity]: Relayout returned: old=(0,0,720,1600) new=(0,0,720,1600) req=(720,1600)8 dur=5 res=0x5 s={false 0} ch=false fn=-1
10-26 11:00:58.050 24451 24451 D problem is: java.lang.IllegalStateException: The ad unit ID can only be set once on AdView.
10-26 11:00:58.151 24451 24451 D problem is: java.lang.IllegalStateException: The ad unit ID can only be set once on AdView.
10-26 11:00:58.174 24451 24451 D InputTransport: Input channel destroyed: 'ClientS', fd=199
10-26 11:00:58.252 24451 24451 D problem is: java.lang.IllegalStateException: The ad unit ID can only be set once on AdView.
10-26 11:00:58.352 24451 24451 D problem is: java.lang.IllegalStateException: The ad unit ID can only be set once on AdView.
10-26 11:00:58.527 24451 24451 D problem is: java.lang.IllegalStateException: The ad unit ID can only be set once on AdView.
10-26 11:00:59.103 24451 24451 D ffnet : Successful load banner
10-26 11:00:59.125 24451 24451 E Ads : JS: Uncaught TypeError: Cannot read properties of null (reading 'j') (https://pagead2.googlesyndication.com/omsdk/releases/live/omsdk-v1.js:24)
10-26 11:00:59.968 24451 24451 D ContentValues: Ad was loaded.
10-26 11:00:59.986 24451 24560 I FA : Application backgrounded at: timestamp_millis: 1698328857966
10-26 11:01:01.175 24451 24451 D ContentValues: Ad was loaded.