We take content rights seriously. If you suspect this is your content, claim it here.
Available Formats
Download as TXT, PDF, TXT or read online on Scribd
You are on page 1/ 7
--------- beginning of main
07-21 08:10:47.223 28790 28790 E gsim.wufun:mind: Unknown bits set in
runtime_flags: 0x40000000
07-21 08:10:47.223 28790 28790 I gsim.wufun:mind: Using CollectorTypeCC GC.
07-21 08:10:47.226 28790 28790 E gsim.wufun:mind: Not starting debugger since process cannot load the jdwp agent.
07-21 08:10:47.232 28413 28727 W libc : Access denied finding property "net.dns1"
07-21 08:10:47.232 28790 28790 W libc : Access denied finding property "persist.vendor.sys.activitylog"
07-21 08:10:47.232 28413 28727 W libc : Access denied finding property "net.dns2"
07-21 08:10:47.232 28413 28727 W libc : Access denied finding property "net.dns3"
07-21 08:10:47.232 28413 28727 W libc : Access denied finding property "net.dns4"
07-21 08:10:47.232 28790 28790 I OneTrace: Mark active for pid=28790? true
07-21 08:10:47.233 28790 28790 D cutils-dev: otrace_set_tracing_enabled? true tag:0
07-21 08:10:47.233 28790 28790 D cutils-dev: properties changed in otrace_seq_number_changed!
07-21 08:10:47.242 28790 28790 D OplusActivityManager: get AMS extension: android.os.BinderProxy@2d9ce33
07-21 08:10:47.244 28790 28826 D CompatibilityInfo: setOverrideInvertedScale 1.0 to 1.0
07-21 08:10:47.246 28790 28790 D CompatibilityChangeReporter: Compat change id reported: 171979766; UID 10638; state: DISABLED
07-21 08:10:47.252 28790 28790 I OplusFeatureCache: Milliseconds spent on init(): 6
07-21 08:10:47.253 28790 28790 D CompactWindowAppManager: initCompactApplicationInfo CompactMode: , NormalMode:
07-21 08:10:47.256 28790 28790 D OplusScrollToTopManager: setIsInWhiteList false
07-21 08:10:47.256 28790 28790 D OplusViewDebugManager: OplusViewDebugManager Constructor android.view.debug.OplusViewDebugManager@3591a8f [mHasViewDebugProperty true] [mHasMsgDebugProperty false] [DEBUG false] [EXTRAINFOENABLE false] [LIGHT_OS false]
07-21 08:10:47.256 28790 28790 D CompatibilityChangeReporter: Compat change id reported: 242716250; UID 10638; state: DISABLED
07-21 08:10:47.259 28790 28790 W libc : Access denied finding property "ro.odm.prev.product.name"
07-21 08:10:47.261 28790 28790 D ApplicationLoaders: Returning zygote-cached class loader: /system/framework/android.test.base.jar
07-21 08:10:47.262 28790 28790 D nativeloader: Configuring clns-4 for other apk /system/framework/org.apache.http.legacy.jar. target_sdk_version=26, uses_libraries=ALL, library_path=/data/app/~~-KLFj_KeLXqBx-wgzOaulg==/com.join.android.app.mgsim.wufun- k2VGr94kWM2-S0SQHNLN-A==/lib/arm:/data/app/~~-KLFj_KeLXqBx-wgzOaulg==/ com.join.android.app.mgsim.wufun-k2VGr94kWM2-S0SQHNLN-A==/base.apk!/lib/armeabi- v7a, permitted_path=/data:/mnt/expand:/data/user/0/com.join.android.app.mgsim.wufun
07-21 08:10:47.262 28790 28790 D nativeloader: Extending system_exposed_libraries: libbinauralrenderer_wrapper.qti.so:libhoaeffects.qti.so:libSloganJni.oplus.so:libsu perNight.oplus.so:libAPSClient-cmd-jni- extension.oplus.so:libupdateprof.qti.so:libQOC.qti.so:libthermalclient.qti.so:libqa pe.qti.so:libqesdk_ndk_platform.qti.so:liblistenjni.qti.so
07-21 08:10:47.265 28790 28790 D nativeloader: Configuring clns-5 for other apk /data/app/~~-KLFj_KeLXqBx-wgzOaulg==/com.join.android.app.mgsim.wufun-k2VGr94kWM2- S0SQHNLN-A==/base.apk. target_sdk_version=26, uses_libraries=, library_path=/data/app/~~-KLFj_KeLXqBx-wgzOaulg==/com.join.android.app.mgsim.wufun- k2VGr94kWM2-S0SQHNLN-A==/lib/arm:/data/app/~~-KLFj_KeLXqBx-wgzOaulg==/ com.join.android.app.mgsim.wufun-k2VGr94kWM2-S0SQHNLN-A==/base.apk!/lib/armeabi- v7a, permitted_path=/data:/mnt/expand:/data/user/0/com.join.android.app.mgsim.wufun
07-21 08:10:47.265 28790 28790 D nativeloader: Extending system_exposed_libraries: libbinauralrenderer_wrapper.qti.so:libhoaeffects.qti.so:libSloganJni.oplus.so:libsu perNight.oplus.so:libAPSClient-cmd-jni- extension.oplus.so:libupdateprof.qti.so:libQOC.qti.so:libthermalclient.qti.so:libqa pe.qti.so:libqesdk_ndk_platform.qti.so:liblistenjni.qti.so --------- beginning of system
07-21 08:10:47.266 28790 28790 E LoadedApk: Unable to instantiate appComponentFactory
07-21 08:10:47.266 28790 28790 E LoadedApk: java.lang.ClassNotFoundException: Didn't find class "androidx.core.app.CoreComponentFactory" on path: DexPathList[[zip file "/data/app/~~-KLFj_KeLXqBx-wgzOaulg==/com.join.android.app.mgsim.wufun-k2VGr94kWM2- S0SQHNLN-A==/base.apk"],nativeLibraryDirectories=[/data/app/~~-KLFj_KeLXqBx- wgzOaulg==/com.join.android.app.mgsim.wufun-k2VGr94kWM2-S0SQHNLN-A==/lib/arm, /data/app/~~-KLFj_KeLXqBx-wgzOaulg==/com.join.android.app.mgsim.wufun-k2VGr94kWM2- S0SQHNLN-A==/base.apk!/lib/armeabi-v7a, /system/lib, /system_ext/lib]]
07-21 08:10:47.266 28790 28790 E LoadedApk: at dalvik.system.BaseDexClassLoader.findClass(BaseDexClassLoader.java:259)
07-21 08:10:47.266 28790 28790 E LoadedApk: at java.lang.ClassLoader.loadClass(ClassLoader.java:379)
07-21 08:10:47.266 28790 28790 E LoadedApk: at java.lang.ClassLoader.loadClass(ClassLoader.java:312)
07-21 08:10:47.266 28790 28790 E LoadedApk: at android.app.LoadedApk.createAppFactory(LoadedApk.java:293)
07-21 08:10:47.266 28790 28790 E LoadedApk: at android.app.LoadedApk.createOrUpdateClassLoaderLocked(LoadedApk.java:1088)
07-21 08:10:47.266 28790 28790 E LoadedApk: at android.app.LoadedApk.getClassLoader(LoadedApk.java:1178)
07-21 08:10:47.266 28790 28790 E LoadedApk: at android.app.LoadedApk.getResources(LoadedApk.java:1430)
07-21 08:10:47.266 28790 28790 E LoadedApk: at android.app.ContextImpl.createAppContext(ContextImpl.java:3408)
07-21 08:10:47.266 28790 28790 E LoadedApk: at android.app.ContextImpl.createAppContext(ContextImpl.java:3400)
07-21 08:10:47.266 28790 28790 E LoadedApk: at android.app.ActivityThread.handleBindApplication(ActivityThread.java:7442)
07-21 08:10:47.266 28790 28790 E LoadedApk: at android.app.ActivityThread.-$ $Nest$mhandleBindApplication(Unknown Source:0)
07-21 08:10:47.266 28790 28790 E LoadedApk: at android.app.ActivityThread$H.handleMessage(ActivityThread.java:2428)
07-21 08:10:47.266 28790 28790 E LoadedApk: at android.os.Handler.dispatchMessage(Handler.java:106)
07-21 08:10:47.266 28790 28790 E LoadedApk: at android.os.Looper.loopOnce(Looper.java:257)
07-21 08:10:47.266 28790 28790 E LoadedApk: at android.os.Looper.loop(Looper.java:368)
07-21 08:10:47.266 28790 28790 E LoadedApk: at android.app.ActivityThread.main(ActivityThread.java:8839)
07-21 08:10:47.266 28790 28790 E LoadedApk: at java.lang.reflect.Method.invoke(Native Method)
07-21 08:10:47.266 28790 28790 E LoadedApk: at com.android.internal.os.RuntimeInit$MethodAndArgsCaller.run(RuntimeInit.java:572)
07-21 08:10:47.266 28790 28790 E LoadedApk: at com.android.internal.os.ZygoteInit.main(ZygoteInit.java:1049)
07-21 08:10:47.275 28790 28790 V GraphicsEnvironment: Currently set values for:
07-21 08:10:47.275 28790 28790 V GraphicsEnvironment: angle_gl_driver_selection_pkgs=[]
07-21 08:10:47.275 28790 28790 V GraphicsEnvironment: angle_gl_driver_selection_values=[]
07-21 08:10:47.275 28790 28790 V GraphicsEnvironment: ANGLE GameManagerService for com.join.android.app.mgsim.wufun: false
07-21 08:10:47.275 28790 28790 V GraphicsEnvironment: com.join.android.app.mgsim.wufun is not listed in per-application setting
07-21 08:10:47.276 28790 28790 V GraphicsEnvironment: App is not on the allowlist for updatable production driver.
07-21 08:10:47.284 28790 28790 W gsim.wufun:mind: type=1400 audit(0.0:6635923): avc: granted { execute } for path="/data/user/0/com.join.android.app.mgsim.wufun/.jiagu/libjiagu.so" dev="dm-99" ino=3312847 scontext=u:r:untrusted_app_27:s0:c512,c768 tcontext=u:object_r:app_data_file:s0:c512,c768 tclass=file app=com.join.android.app.mgsim.wufun
07-21 08:10:48.046 28790 28790 W gsim.wufun:mind: Opening an oat file without a class loader. Are you using the deprecated DexFile APIs?
07-21 08:10:48.117 28790 28790 W System.err: Warning: Using deprecated Element constructor. Do not use internal APIs, this constructor will be removed in the future.
07-21 08:10:48.251 28790 28790 I System.out: PmsHook success.
07-21 08:10:48.318 28790 28790 I Quality : ActivityThread: makeApplication delay 1040 com.join.android.app.mgsim.wufun 28790
07-21 08:10:48.319 28790 28790 D ResourcesManagerExtImpl: applyConfigurationToAppResourcesLocked app.getDisplayId() return callback.displayId:-1
07-21 08:10:48.338 28413 28413 E flipped : init succeeded.
07-21 08:10:48.338 28413 29152 E flipped : Attach current thread 0
07-21 08:10:48.339 28413 29152 E flipped : Detach current thread 0
07-21 08:10:48.339 28413 29153 E flipped : Attach current thread 0
07-21 08:10:48.339 28413 29153 E flipped : Detach current thread 0
07-21 08:10:48.340 28413 28413 W Zeus/init: ZeusManager disableApiWarningShownForAndroidP, true
07-21 08:10:48.342 28413 28413 W Zeus/provider: Need to init system provider info start [packageNam:=com.join.android.app.mgsim.wufun], [processName=com.join.android.app.mgsim.wufun], [authority:com.join.android.app.mgsim.wufun.pangle.provider.proxy.main]
07-21 08:10:48.342 28413 28413 W Zeus/provider: Init system provider info finish [packageNam:=com.join.android.app.mgsim.wufun], [processName=com.join.android.app.mgsim.wufun], [authority:com.join.android.app.mgsim.wufun.pangle.provider.proxy.main]
07-21 08:10:48.373 28413 29163 D TrafficStats: tagSocket(89) with statsTag=0xffffffff, statsUid=-1
07-21 08:10:48.378 28413 28413 I Quality : ActivityThread: makeApplication delay 2196 com.join.android.app.mgsim.wufun 28413
07-21 08:10:48.379 28413 28413 D ResourcesManagerExtImpl: applyConfigurationToAppResourcesLocked app.getDisplayId() return callback.displayId:-1
07-21 08:10:48.409 28413 29184 W Settings: Setting adb_enabled has moved from android.provider.Settings.Secure to android.provider.Settings.Global.
07-21 08:10:48.410 28413 29184 W Settings: Setting development_settings_enabled has moved from android.provider.Settings.Secure to android.provider.Settings.Global.
07-21 08:10:48.417 28413 29169 I DpmTcmClient: RegisterTcmMonitor from: $Proxy3
07-21 08:10:48.427 28413 29169 W System : Ignoring header moid because its value was null.
07-21 08:10:48.427 28413 29169 I System.out: [okhttp]:check permission begin!
07-21 08:10:48.427 28413 29169 W System : ClassLoader referenced unknown path: system/framework/mediatek-cta.jar
07-21 08:10:48.427 28413 29169 I System.out: [okhttp] e:java.lang.ClassNotFoundException: com.mediatek.cta.CtaUtils
07-21 08:10:48.454 28413 29163 W System : Ignoring header moid because its value was null.
07-21 08:10:48.455 28413 29169 D TrafficStats: tagSocket(103) with statsTag=0xffffffff, statsUid=-1
07-21 08:10:48.456 28413 29163 I System.out: [okhttp]:check permission begin!
07-21 08:10:48.456 28413 29163 I System.out: [okhttp]:not MMS!
07-21 08:10:48.456 28413 29163 I System.out: [okhttp]:not Email!
07-21 08:10:48.456 28413 29163 D TrafficStats: tagSocket(119) with statsTag=0xffffffff, statsUid=-1
07-21 08:10:48.464 28413 29227 I System.out: [okhttp]:check permission begin!
07-21 08:10:48.465 28413 29227 I System.out: [okhttp]:not MMS!
07-21 08:10:48.465 28413 29227 I System.out: [okhttp]:not Email!
07-21 08:10:48.472 28413 29235 I System.out: [okhttp]:check permission begin!
07-21 08:10:48.472 28413 29235 I System.out: [okhttp]:not MMS!
07-21 08:10:48.472 28413 29235 I System.out: [okhttp]:not Email!
07-21 08:10:48.473 28413 29227 D TrafficStats: tagSocket(105) with statsTag=0xffffffff, statsUid=-1
07-21 08:10:48.477 28413 29235 D TrafficStats: tagSocket(113) with statsTag=0xffffffff, statsUid=-1
07-21 08:10:48.492 28413 29169 I System.out: [OkHttp] sendRequest<<
07-21 08:10:48.493 28413 29163 I System.out: [OkHttp] sendRequest<<
07-21 08:10:48.513 28413 29227 I System.out: [OkHttp] sendRequest<<
07-21 08:10:48.516 28413 29235 I System.out: [OkHttp] sendRequest<<
07-21 08:10:48.577 28413 29184 W System : Ignoring header moid because its value was null.
07-21 08:10:48.577 28413 29184 I System.out: [okhttp]:check permission begin!
07-21 08:10:48.577 28413 29184 I System.out: [okhttp]:not MMS!
07-21 08:10:48.577 28413 29184 I System.out: [okhttp]:not Email!
07-21 08:10:48.580 28413 29184 D TrafficStats: tagSocket(106) with statsTag=0xffffffff, statsUid=-1
07-21 08:10:48.584 28413 29251 I System.out: [okhttp]:check permission begin!
07-21 08:10:48.585 28413 29251 I System.out: [okhttp]:not MMS!
07-21 08:10:48.585 28413 29251 I System.out: [okhttp]:not Email!
07-21 08:10:48.588 28413 29251 D TrafficStats: tagSocket(105) with statsTag=0xffffffff, statsUid=-1
07-21 08:10:48.615 28413 29184 I System.out: [OkHttp] sendRequest>>
07-21 08:10:48.615 28413 29184 I System.out: [OkHttp] sendRequest<<
07-21 08:10:48.656 28413 29251 I System.out: [OkHttp] sendRequest>>
07-21 08:10:48.656 28413 29251 I System.out: [OkHttp] sendRequest<<
07-21 08:10:48.677 28413 28413 W unknown:Fresco: Fresco has already been initialized! `Fresco.initialize(...)` should only be called 1 single time to avoid memory leaks!
07-21 08:10:48.677 28413 28413 W unknown:i: ImagePipelineFactory has already been initialized! `ImagePipelineFactory.initialize(...)` should only be called once to avoid unexpected behavior.
07-21 08:10:48.697 28413 29264 W System : Ignoring header moid because its value was null.
07-21 08:10:48.698 28413 29264 I System.out: [okhttp]:check permission begin!
07-21 08:10:48.698 28413 29264 I System.out: [okhttp]:not MMS!
07-21 08:10:48.698 28413 29264 I System.out: [okhttp]:not Email!
07-21 08:10:48.699 28413 29261 W System : Ignoring header moid because its value was null.
07-21 08:10:48.699 28413 29261 I System.out: [okhttp]:check permission begin!
07-21 08:10:48.699 28413 29261 I System.out: [okhttp]:not MMS!
07-21 08:10:48.699 28413 29261 I System.out: [okhttp]:not Email!
07-21 08:10:48.700 28413 29261 D TrafficStats: tagSocket(116) with statsTag=0xffffffff, statsUid=-1
07-21 08:10:48.701 28413 29264 D TrafficStats: tagSocket(115) with statsTag=0xffffffff, statsUid=-1
07-21 08:10:48.706 28413 29274 D CompatibilityChangeReporter: Compat change id reported: 170188668; UID 10638; state: DISABLED
07-21 08:10:48.709 28413 29274 D CompatibilityChangeReporter: Compat change id reported: 247079863; UID 10638; state: DISABLED
07-21 08:10:48.711 28413 29274 W Settings: Setting android_id has moved from android.provider.Settings.System to android.provider.Settings.Secure, returning read-only value.
07-21 08:10:48.711 28413 29274 I System.out: [okhttp]:check permission begin!
07-21 08:10:48.711 28413 29274 I System.out: [okhttp]:not MMS!
07-21 08:10:48.711 28413 29274 I System.out: [okhttp]:not Email!
07-21 08:10:48.715 28413 29274 D TrafficStats: tagSocket(114) with statsTag=0xffffffff, statsUid=-1
07-21 08:10:48.741 28413 29302 D crashsdk: Native log stat thread 29302 setup, waiting
07-21 08:10:48.742 28413 28413 I crashsdk: Catcher mask: 5000, 20480
07-21 08:10:48.743 28413 28413 I crashsdk: Catcher thread 28418
07-21 08:10:48.743 28413 28413 D crashsdk: Register ANR handler ...
07-21 08:10:48.743 28413 28413 I crashsdk: begin hack android.os.Process
07-21 08:10:48.743 28413 28413 I crashsdk: end hack android.os.Process
07-21 08:10:48.743 28413 29261 I System.out: [OkHttp] sendRequest<<
07-21 08:10:48.746 28413 29264 I System.out: [OkHttp] sendRequest<<
07-21 08:10:48.759 28413 29305 W efs.send_log: tryFileLock start!
07-21 08:10:48.760 28413 29313 W efs.send_log: tryFileLock sendlock sucess! processname: com.join.android.app.mgsim.wufun
07-21 08:10:48.765 28413 29274 I System.out: [OkHttp] sendRequest>>
07-21 08:10:48.765 28413 29274 I System.out: [OkHttp] sendRequest<<
07-21 08:10:48.798 28413 29185 E app.mgsim.wufun: Attempt to load writable dex file: /data/user/0/com.join.android.app.mgsim.wufun/files/scc/1721520648796/1721520648796 .zip
07-21 08:10:48.799 28413 29185 D CompatibilityChangeReporter: Compat change id reported: 218865702; UID 10638; state: DISABLED
07-21 08:10:48.799 28413 29185 W ziparchive: Unable to open '/data/user/0/com.join.android.app.mgsim.wufun/files/scc/1721520648796/172152064879 6.dm': No such file or directory
07-21 08:10:48.821 28413 29317 D OplusInputMethodUtil: init sDebug to false, init sDebugIme to false, init sAlwaysOn to false
07-21 08:10:48.822 28413 29317 D OplusInputMethodUtil: updateDebugToClass InputMethodManager.DEBUG = false
07-21 08:10:48.822 28413 29317 D OplusInputMethodUtil: updateDebugToClass ImeFocusController.DEBUG = false
07-21 08:10:48.822 28413 29317 D OplusInputMethodUtil: updateDebugToClass BaseInputConnection.DEBUG = false
07-21 08:10:48.824 28413 29329 I System.out: [okhttp]:check permission begin!
07-21 08:10:48.824 28413 29329 I System.out: [okhttp]:not MMS!
07-21 08:10:48.824 28413 29329 I System.out: [okhttp]:not Email!
07-21 08:10:48.828 28413 29329 D TrafficStats: tagSocket(177) with statsTag=0xffffffff, statsUid=-1
07-21 08:10:48.882 28413 28413 I Quality : ActivityThread: callApplicationOnCreate delay 503 com.join.android.app.mgsim.wufun 28413
07-21 08:10:48.883 28413 28413 E ANR_LOG : Entry{target='android.app.ActivityThread$H', callback='', messageName='android.app.ActivityThread$H', wall=2726', mWhen=701122270, mArg1=0, mArg2=0, mWhat=110, mCount=0
07-21 08:10:49.895 28413 29317 W app.mgsim.wufun: Verification of java.lang.String com.umeng.commonsdk.statistics.idtracking.l.f() took 1.009s (38.62 bytecodes/s) (1336B approximate peak alloc)
07-21 08:10:49.910 28413 29329 I System.out: [okhttp]:check permission begin!
07-21 08:10:49.911 28413 29329 I System.out: [okhttp]:not MMS!
07-21 08:10:49.911 28413 29329 I System.out: [okhttp]:not Email!
07-21 08:10:49.911 28413 29329 D TrafficStats: tagSocket(177) with statsTag=0xffffffff, statsUid=-1
07-21 08:10:49.911 28413 29356 I System.out: [okhttp]:check permission begin!
07-21 08:10:49.911 28413 29356 I System.out: [okhttp]:not MMS!
07-21 08:10:49.911 28413 29356 I System.out: [okhttp]:not Email!
07-21 08:10:49.927 28413 29357 I System.out: [okhttp]:check permission begin!
07-21 08:10:49.927 28413 29357 I System.out: [okhttp]:not MMS!
07-21 08:10:49.927 28413 29357 I System.out: [okhttp]:not Email!
07-21 08:10:49.927 28413 29357 D TrafficStats: tagSocket(116) with statsTag=0xffffffff, statsUid=-1
07-21 08:10:49.944 28413 29356 D TrafficStats: tagSocket(115) with statsTag=0xffffffff, statsUid=-1
07-21 08:10:49.975 28413 29357 I System.out: [OkHttp] sendRequest<<
07-21 08:10:49.993 28413 29356 I System.out: [OkHttp] sendRequest<<
07-21 08:10:50.076 28413 29357 W Settings: Setting adb_enabled has moved from android.provider.Settings.Secure to android.provider.Settings.Global.
07-21 08:10:50.078 28413 29357 W Settings: Setting development_settings_enabled has moved from android.provider.Settings.Secure to android.provider.Settings.Global.
07-21 08:10:50.106 28413 29329 I System.out: [OkHttp] sendRequest>>
07-21 08:10:50.106 28413 29329 I System.out: [OkHttp] sendRequest<<
07-21 08:10:50.151 28413 29357 W ziparchive: Unable to open '/data/user/0/com.join.android.app.mgsim.wufun/files/.kt168725708/.mmcc/ 1721520650149/1721520650149.dm': No such file or directory
07-21 08:10:50.157 28413 29357 W Settings: Setting adb_enabled has moved from android.provider.Settings.Secure to android.provider.Settings.Global.
07-21 08:10:50.157 28413 29357 W Settings: Setting development_settings_enabled has moved from android.provider.Settings.Secure to android.provider.Settings.Global.
07-21 08:10:50.165 28413 29367 W Settings: Setting adb_enabled has moved from android.provider.Settings.Secure to android.provider.Settings.Global.
07-21 08:10:50.165 28413 29367 W Settings: Setting development_settings_enabled has moved from android.provider.Settings.Secure to android.provider.Settings.Global.
07-21 08:10:50.242 28413 29357 W ziparchive: Unable to open '/data/user/0/com.join.android.app.mgsim.wufun/files/.kt168725708/.mmcc/ 1721520650239/1721520650239.dm': No such file or directory
07-21 08:10:50.258 28413 29406 W Settings: Setting adb_enabled has moved from android.provider.Settings.Secure to android.provider.Settings.Global.
07-21 08:10:50.258 28413 29406 W Settings: Setting development_settings_enabled has moved from android.provider.Settings.Secure to android.provider.Settings.Global.
07-21 08:10:50.347 28413 29367 W Settings: Setting adb_enabled has moved from android.provider.Settings.Secure to android.provider.Settings.Global.
07-21 08:10:50.354 28413 29367 I System.out: [okhttp]:check permission begin!
07-21 08:10:50.355 28413 29367 I System.out: [okhttp]:not MMS!
07-21 08:10:50.355 28413 29367 I System.out: [okhttp]:not Email!
07-21 08:10:50.357 28413 29367 D TrafficStats: tagSocket(177) with statsTag=0xffffffff, statsUid=-1
07-21 08:10:50.385 28413 29367 I System.out: [OkHttp] sendRequest>>
07-21 08:10:50.385 28413 29367 I System.out: [OkHttp] sendRequest<<
07-21 08:10:50.428 28413 29406 W Settings: Setting adb_enabled has moved from android.provider.Settings.Secure to android.provider.Settings.Global.
07-21 08:10:50.437 28413 29406 I System.out: [okhttp]:check permission begin!
07-21 08:10:50.437 28413 29406 I System.out: [okhttp]:not MMS!
07-21 08:10:50.437 28413 29406 I System.out: [okhttp]:not Email!
07-21 08:10:50.439 28413 29406 D TrafficStats: tagSocket(183) with statsTag=0xffffffff, statsUid=-1
07-21 08:10:50.476 28413 29406 I System.out: [OkHttp] sendRequest<<
07-21 08:10:50.552 28413 29406 I System.out: [okhttp]:check permission begin!
07-21 08:10:50.552 28413 29406 I System.out: [okhttp]:not MMS!
07-21 08:10:50.552 28413 29406 I System.out: [okhttp]:not Email!
07-21 08:10:50.560 28413 29406 I System.out: [OkHttp] sendRequest>>
07-21 08:10:50.560 28413 29406 I System.out: [OkHttp] sendRequest<<
07-21 08:10:50.577 28413 29436 W Settings: Setting adb_enabled has moved from android.provider.Settings.Secure to android.provider.Settings.Global.
07-21 08:10:50.577 28413 29436 W Settings: Setting development_settings_enabled has moved from android.provider.Settings.Secure to android.provider.Settings.Global.
07-21 08:10:50.591 28413 29437 W Settings: Setting adb_enabled has moved from android.provider.Settings.Secure to android.provider.Settings.Global.
07-21 08:10:50.591 28413 29437 W Settings: Setting development_settings_enabled has moved from android.provider.Settings.Secure to android.provider.Settings.Global.
07-21 08:10:50.599 28413 29436 I System.out: [okhttp]:check permission begin!
07-21 08:10:50.599 28413 29436 I System.out: [okhttp]:not MMS!
07-21 08:10:50.599 28413 29436 I System.out: [okhttp]:not Email!
07-21 08:10:50.600 28413 29436 D TrafficStats: tagSocket(119) with statsTag=0xffffffff, statsUid=-1
07-21 08:10:50.635 28413 29436 I System.out: [OkHttp] sendRequest>>
07-21 08:10:50.635 28413 29436 I System.out: [OkHttp] sendRequest<<
07-21 08:10:50.691 28413 28727 W Settings: Setting adb_enabled has moved from android.provider.Settings.Secure to android.provider.Settings.Global.
07-21 08:10:50.695 28413 28727 I CameraExtImpl: getInstance success!
07-21 08:10:50.696 28413 28727 W libc : Access denied finding property "vendor.camera.aux.packagelist"
07-21 08:10:50.696 28413 28727 D OplusCameraUtils: new OplusCameraUtils!
07-21 08:10:50.710 28413 29267 W System : Ignoring header moid because its value was null.
07-21 08:10:50.710 28413 29267 I System.out: [okhttp]:check permission begin!
07-21 08:10:50.710 28413 29267 I System.out: [okhttp]:not MMS!
07-21 08:10:50.710 28413 29267 I System.out: [okhttp]:not Email!
07-21 08:10:50.710 28413 29267 D TrafficStats: tagSocket(105) with statsTag=0xffffffff, statsUid=-1
07-21 08:10:50.793 28413 29267 I System.out: [OkHttp] sendRequest<<