07-19 23:02:10.894 11999 11999 W PackageManager: at android.view.ViewGroup.layout(ViewGroup.java:6515)
07-19 23:02:10.894 11999 11999 W PackageManager: at android.widget.FrameLayout.layoutChildren(FrameLayout.java:332)
07-19 23:02:10.894 11999 11999 W PackageManager: at android.widget.FrameLayout.onLayout(FrameLayout.java:270)
07-19 23:02:10.894 11999 11999 W PackageManager: at android.view.View.layout(View.java:25227)
07-19 23:02:10.894 11999 11999 W PackageManager: at android.view.ViewGroup.layout(ViewGroup.java:6515)
07-19 23:02:10.894 11999 11999 W PackageManager: at android.widget.LinearLayout.setChildFrame(LinearLayout.java:1891)
07-19 23:02:10.894 11999 11999 W PackageManager: at android.widget.LinearLayout.layoutVertical(LinearLayout.java:1729)
07-19 23:02:10.894 11999 11999 W PackageManager: at android.widget.LinearLayout.onLayout(LinearLayout.java:1638)
07-19 23:02:10.894 11999 11999 W PackageManager: at android.view.View.layout(View.java:25227)
07-19 23:02:10.894 11999 11999 W PackageManager: at android.view.ViewGroup.layout(ViewGroup.java:6515)
07-19 23:02:10.894 11999 11999 W PackageManager: at android.widget.FrameLayout.layoutChildren(FrameLayout.java:332)
07-19 23:02:10.894 11999 11999 W PackageManager: at android.widget.FrameLayout.onLayout(FrameLayout.java:270)
07-19 23:02:10.894 11999 11999 W PackageManager: at android.view.View.layout(View.java:25227)
07-19 23:02:10.894 11999 11999 W PackageManager: at android.view.ViewGroup.layout(ViewGroup.java:6515)
07-19 23:02:10.894 11999 11999 W PackageManager: at android.widget.LinearLayout.setChildFrame(LinearLayout.java:1891)
07-19 23:02:10.894 11999 11999 W PackageManager: at android.widget.LinearLayout.layoutVertical(LinearLayout.java:1729)
07-19 23:02:10.894 11999 11999 W PackageManager: at android.widget.LinearLayout.onLayout(LinearLayout.java:1638)
07-19 23:02:10.894 11999 11999 W PackageManager: at android.view.View.layout(View.java:25227)
07-19 23:02:10.894 11999 11999 W PackageManager: at android.view.ViewGroup.layout(ViewGroup.java:6515)
07-19 23:02:10.894 11999 11999 W PackageManager: at me.imid.swipebacklayout.lib.SwipeBackLayout.onLayout(SwipeBackLayout.java:6)
07-19 23:02:10.894 11999 11999 W PackageManager: at android.view.View.layout(View.java:25227)
07-19 23:02:10.894 11999 11999 W PackageManager: at android.view.ViewGroup.layout(ViewGroup.java:6515)
07-19 23:02:10.894 11999 11999 W PackageManager: at android.widget.FrameLayout.layoutChildren(FrameLayout.java:332)
07-19 23:02:10.894 11999 11999 W PackageManager: at android.widget.FrameLayout.onLayout(FrameLayout.java:270)
07-19 23:02:10.894 11999 11999 W PackageManager: at com.android.internal.policy.DecorView.onLayout(DecorView.java:852)
07-19 23:02:10.894 11999 11999 W PackageManager: at android.view.View.layout(View.java:25227)
07-19 23:02:10.894 11999 11999 W PackageManager: at android.view.ViewGroup.layout(ViewGroup.java:6515)
07-19 23:02:10.894 11999 11999 W PackageManager: at android.view.ViewRootImpl.performLayout(ViewRootImpl.java:4780)
07-19 23:02:10.894 11999 11999 W PackageManager: at android.view.ViewRootImpl.performTraversals(ViewRootImpl.java:4089)
07-19 23:02:10.894 11999 11999 W PackageManager: at android.view.ViewRootImpl.doTraversal(ViewRootImpl.java:2919)
07-19 23:02:10.894 11999 11999 W PackageManager: at android.view.ViewRootImpl$TraversalRunnable.run(ViewRootImpl.java:10188)
07-19 23:02:10.894 11999 11999 W PackageManager: at android.view.Choreographer$CallbackRecord.run(Choreographer.java:1623)
07-19 23:02:10.894 11999 11999 W PackageManager: at android.view.Choreographer$CallbackRecord.run(Choreographer.java:1632)
07-19 23:02:10.894 11999 11999 W PackageManager: at android.view.Choreographer.doCallbacks(Choreographer.java:1172)
07-19 23:02:10.894 11999 11999 W PackageManager: at android.view.Choreographer.doFrame(Choreographer.java:1076)
07-19 23:02:10.894 11999 11999 W PackageManager: at android.view.Choreographer$FrameDisplayEventReceiver.run(Choreographer.java:1602)
07-19 23:02:10.894 11999 11999 W PackageManager: at android.os.Handler.handleCallback(Handler.java:958)
07-19 23:02:10.894 11999 11999 W PackageManager: at android.os.Handler.dispatchMessage(Handler.java:99)
07-19 23:02:10.894 11999 11999 W PackageManager: at android.os.Looper.loopOnce(Looper.java:224)
07-19 23:02:10.894 11999 11999 W PackageManager: at android.os.Looper.loop(Looper.java:318)
07-19 23:02:10.894 11999 11999 W PackageManager: at android.app.ActivityThread.main(ActivityThread.java:8653)
07-19 23:02:10.894 11999 11999 W PackageManager: at java.lang.reflect.Method.invoke(Native Method)
07-19 23:02:10.894 11999 11999 W PackageManager: at com.android.internal.os.RuntimeInit$MethodAndArgsCaller.run(RuntimeInit.java:561)
07-19 23:02:10.894 11999 11999 W PackageManager: at com.android.internal.os.ZygoteInit.main(ZygoteInit.java:1013)
07-19 23:02:10.895 11999 12008 I upgadata.up7723: This is sticky GC, maxfree is 33554432 minfree is 8388608
07-19 23:02:10.904 11999 11999 W ziparchive: Unable to open '/data/user/0/com.upgadata.up7723/bzBox/data/app/com.battlecreek.americanmarksman/ base.apk': No such file or directory
07-19 23:02:10.904 11999 11999 E upgadata.up7723: Failed to open APK '/data/user/0/com.upgadata.up7723/bzBox/data/app/com.battlecreek.americanmarksman/ base.apk': I/O error
07-19 23:02:10.904 11999 11999 W PackageManager: Failure to parse package archive
07-19 23:02:10.904 11999 11999 W PackageManager: android.content.pm.PackageParser$PackageParserException: Failed to parse /data/user/0/com.upgadata.up7723/bzBox/data/app/com.battlecreek.americanmarksman/ base.apk
07-19 23:02:10.904 11999 11999 W PackageManager: at android.content.pm.PackageParser.parseApkLiteInner(PackageParser.java:1506)
07-19 23:02:10.904 11999 11999 W PackageManager: at android.content.pm.PackageParser.parseApkLite(PackageParser.java:1477)
07-19 23:02:10.904 11999 11999 W PackageManager: at android.content.pm.PackageParser.parseMonolithicPackageLite(PackageParser.java:980)
07-19 23:02:10.904 11999 11999 W PackageManager: at android.content.pm.PackageParser.parseMonolithicPackage(PackageParser.java:1189)
07-19 23:02:10.904 11999 11999 W PackageManager: at android.content.pm.PackageParser.parsePackage(PackageParser.java:1103)
07-19 23:02:10.904 11999 11999 W PackageManager: at android.content.pm.PackageManager.getPackageArchiveInfo(PackageManager.java:8376)
07-19 23:02:10.904 11999 11999 W PackageManager: at android.content.pm.PackageManager.getPackageArchiveInfo(PackageManager.java:8353)
07-19 23:02:10.904 11999 11999 W PackageManager: at com.upgadata.up7723.install.ApkInstallUtils.z(ApkInstallUtils.kt:13)
07-19 23:02:10.904 11999 11999 W PackageManager: at com.upgadata.up7723.install.ApkInstallUtils$isBlackBoxGameInstalled$3.invoke(ApkIns tallUtils.kt:3)
07-19 23:02:10.904 11999 11999 W PackageManager: at com.upgadata.up7723.install.ApkInstallUtils$isBlackBoxGameInstalled$3.invoke(ApkIns tallUtils.kt:1)
07-19 23:02:10.904 11999 11999 W PackageManager: at com.upgadata.up7723.install.o.c(CommonUtils.kt:14)
07-19 23:02:10.904 11999 11999 W PackageManager: at com.upgadata.up7723.install.ApkInstallUtils.v(ApkInstallUtils.kt:5)
07-19 23:02:10.904 11999 11999 W PackageManager: at com.upgadata.up7723.widget.view.DownLoadView.setDownloadState(DownLoadView.java:104 )
07-19 23:02:10.904 11999 11999 W PackageManager: at com.upgadata.up7723.widget.view.DownLoadView.R(DownLoadView.java:10)
07-19 23:02:10.904 11999 11999 W PackageManager: at com.upgadata.up7723.widget.view.DownLoadView.p0(DownLoadView.java:18)
07-19 23:02:10.904 11999 11999 W PackageManager: at com.upgadata.up7723.widget.view.DownLoadView.setData(DownLoadView.java:129)
07-19 23:02:10.904 11999 11999 W PackageManager: at com.upgadata.up7723.widget.x0.f(GameItemRankView.java:54)
07-19 23:02:10.904 11999 11999 W PackageManager: at com.upgadata.up7723.widget.x0.b(GameItemRankView.java:3)
07-19 23:02:10.904 11999 11999 W PackageManager: at com.upgadata.up7723.base.c.getView(BaseHolderAdapter.java:6)
07-19 23:02:10.904 11999 11999 W PackageManager: at android.widget.HeaderViewListAdapter.getView(HeaderViewListAdapter.java:224)
07-19 23:02:10.904 11999 11999 W PackageManager: at android.widget.AbsListView.obtainView(AbsListView.java:2516)
07-19 23:02:10.904 11999 11999 W PackageManager: at android.widget.ListView.makeAndAddView(ListView.java:2065)
07-19 23:02:10.904 11999 11999 W PackageManager: at android.widget.ListView.fillDown(ListView.java:791)
07-19 23:02:10.904 11999 11999 W PackageManager: at android.widget.ListView.fillSpecific(ListView.java:1502)
07-19 23:02:10.904 11999 11999 W PackageManager: at android.widget.ListView.layoutChildren(ListView.java:1800)
07-19 23:02:10.904 11999 11999 W PackageManager: at android.widget.AbsListView.onLayout(AbsListView.java:2299)
07-19 23:02:10.904 11999 11999 W PackageManager: at android.view.View.layout(View.java:25227)
07-19 23:02:10.904 11999 11999 W PackageManager: at android.view.ViewGroup.layout(ViewGroup.java:6515)
07-19 23:02:10.904 11999 11999 W PackageManager: at android.widget.RelativeLayout.onLayout(RelativeLayout.java:1103)
07-19 23:02:10.904 11999 11999 W PackageManager: at android.view.View.layout(View.java:25227)
07-19 23:02:10.904 11999 11999 W PackageManager: at android.view.ViewGroup.layout(ViewGroup.java:6515)
07-19 23:02:10.904 11999 11999 W PackageManager: at androidx.viewpager.widget.ViewPager.onLayout(ViewPager.java:35)
07-19 23:02:10.904 11999 11999 W PackageManager: at android.view.View.layout(View.java:25227)
07-19 23:02:10.904 11999 11999 W PackageManager: at android.view.ViewGroup.layout(ViewGroup.java:6515)
07-19 23:02:10.904 11999 11999 W PackageManager: at android.widget.RelativeLayout.onLayout(RelativeLayout.java:1103)
07-19 23:02:10.904 11999 11999 W PackageManager: at android.view.View.layout(View.java:25227)
07-19 23:02:10.904 11999 11999 W PackageManager: at android.view.ViewGroup.layout(ViewGroup.java:6515)
07-19 23:02:10.904 11999 11999 W PackageManager: at android.widget.FrameLayout.layoutChildren(FrameLayout.java:332)
07-19 23:02:10.904 11999 11999 W PackageManager: at android.widget.FrameLayout.onLayout(FrameLayout.java:270)
07-19 23:02:10.904 11999 11999 W PackageManager: at android.view.View.layout(View.java:25227)
07-19 23:02:10.904 11999 11999 W PackageManager: at android.view.ViewGroup.layout(ViewGroup.java:6515)
07-19 23:02:10.904 11999 11999 W PackageManager: at android.widget.RelativeLayout.onLayout(RelativeLayout.java:1103)
07-19 23:02:10.904 11999 11999 W PackageManager: at android.view.View.layout(View.java:25227)
07-19 23:02:10.904 11999 11999 W PackageManager: at android.view.ViewGroup.layout(ViewGroup.java:6515)
07-19 23:02:10.904 11999 11999 W PackageManager: at android.widget.FrameLayout.layoutChildren(FrameLayout.java:332)
07-19 23:02:10.904 11999 11999 W PackageManager: at android.widget.FrameLayout.onLayout(FrameLayout.java:270)
07-19 23:02:10.904 11999 11999 W PackageManager: at android.view.View.layout(View.java:25227)
07-19 23:02:10.904 11999 11999 W PackageManager: at android.view.ViewGroup.layout(ViewGroup.java:6515)
07-19 23:02:10.904 11999 11999 W PackageManager: at android.widget.LinearLayout.setChildFrame(LinearLayout.java:1891)
07-19 23:02:10.904 11999 11999 W PackageManager: at android.widget.LinearLayout.layoutVertical(LinearLayout.java:1729)
07-19 23:02:10.904 11999 11999 W PackageManager: at android.widget.LinearLayout.onLayout(LinearLayout.java:1638)
07-19 23:02:10.904 11999 11999 W PackageManager: at android.view.View.layout(View.java:25227)
07-19 23:02:10.904 11999 11999 W PackageManager: at android.view.ViewGroup.layout(ViewGroup.java:6515)
07-19 23:02:10.904 11999 11999 W PackageManager: at android.widget.FrameLayout.layoutChildren(FrameLayout.java:332)
07-19 23:02:10.904 11999 11999 W PackageManager: at android.widget.FrameLayout.onLayout(FrameLayout.java:270)
07-19 23:02:10.904 11999 11999 W PackageManager: at android.view.View.layout(View.java:25227)
07-19 23:02:10.904 11999 11999 W PackageManager: at android.view.ViewGroup.layout(ViewGroup.java:6515)
07-19 23:02:10.904 11999 11999 W PackageManager: at android.widget.LinearLayout.setChildFrame(LinearLayout.java:1891)
07-19 23:02:10.904 11999 11999 W PackageManager: at android.widget.LinearLayout.layoutVertical(LinearLayout.java:1729)
07-19 23:02:10.904 11999 11999 W PackageManager: at android.widget.LinearLayout.onLayout(LinearLayout.java:1638)
07-19 23:02:10.904 11999 11999 W PackageManager: at android.view.View.layout(View.java:25227)
07-19 23:02:10.904 11999 11999 W PackageManager: at android.view.ViewGroup.layout(ViewGroup.java:6515)
07-19 23:02:10.904 11999 11999 W PackageManager: at me.imid.swipebacklayout.lib.SwipeBackLayout.onLayout(SwipeBackLayout.java:6)
07-19 23:02:10.904 11999 11999 W PackageManager: at android.view.View.layout(View.java:25227)
07-19 23:02:10.904 11999 11999 W PackageManager: at android.view.ViewGroup.layout(ViewGroup.java:6515)
07-19 23:02:10.904 11999 11999 W PackageManager: at android.widget.FrameLayout.layoutChildren(FrameLayout.java:332)
07-19 23:02:10.904 11999 11999 W PackageManager: at android.widget.FrameLayout.onLayout(FrameLayout.java:270)
07-19 23:02:10.904 11999 11999 W PackageManager: at com.android.internal.policy.DecorView.onLayout(DecorView.java:852)
07-19 23:02:10.904 11999 11999 W PackageManager: at android.view.View.layout(View.java:25227)
07-19 23:02:10.904 11999 11999 W PackageManager: at android.view.ViewGroup.layout(ViewGroup.java:6515)
07-19 23:02:10.904 11999 11999 W PackageManager: at android.view.ViewRootImpl.performLayout(ViewRootImpl.java:4780)
07-19 23:02:10.904 11999 11999 W PackageManager: at android.view.ViewRootImpl.performTraversals(ViewRootImpl.java:4089)
07-19 23:02:10.904 11999 11999 W PackageManager: at android.view.ViewRootImpl.doTraversal(ViewRootImpl.java:2919)
07-19 23:02:10.904 11999 11999 W PackageManager: at android.view.ViewRootImpl$TraversalRunnable.run(ViewRootImpl.java:10188)
07-19 23:02:10.904 11999 11999 W PackageManager: at android.view.Choreographer$CallbackRecord.run(Choreographer.java:1623)
07-19 23:02:10.904 11999 11999 W PackageManager: at android.view.Choreographer$CallbackRecord.run(Choreographer.java:1632)
07-19 23:02:10.904 11999 11999 W PackageManager: at android.view.Choreographer.doCallbacks(Choreographer.java:1172)
07-19 23:02:10.904 11999 11999 W PackageManager: at android.view.Choreographer.doFrame(Choreographer.java:1076)
07-19 23:02:10.904 11999 11999 W PackageManager: at android.view.Choreographer$FrameDisplayEventReceiver.run(Choreographer.java:1602)
07-19 23:02:10.904 11999 11999 W PackageManager: at android.os.Handler.handleCallback(Handler.java:958)
07-19 23:02:10.904 11999 11999 W PackageManager: at android.os.Handler.dispatchMessage(Handler.java:99)
07-19 23:02:10.904 11999 11999 W PackageManager: at android.os.Looper.loopOnce(Looper.java:224)
07-19 23:02:10.904 11999 11999 W PackageManager: at android.os.Looper.loop(Looper.java:318)
07-19 23:02:10.904 11999 11999 W PackageManager: at android.app.ActivityThread.main(ActivityThread.java:8653)
07-19 23:02:10.904 11999 11999 W PackageManager: at java.lang.reflect.Method.invoke(Native Method)
07-19 23:02:10.904 11999 11999 W PackageManager: at com.android.internal.os.RuntimeInit$MethodAndArgsCaller.run(RuntimeInit.java:561)
07-19 23:02:10.904 11999 11999 W PackageManager: at com.android.internal.os.ZygoteInit.main(ZygoteInit.java:1013)
07-19 23:02:11.499 11999 11999 D SplineOverScroller: mFlingDuration: 2362,mFlingDistance: 3712.557861328125,mVelocity: -8032
07-19 23:02:12.980 11999 11999 D SplineOverScroller: mFlingDuration: 2110,mFlingDistance: 2152.55810546875,mVelocity: 4678
07-19 23:02:13.179 11999 11999 W ziparchive: Unable to open '/data/user/0/com.upgadata.up7723/bzBox/data/app/com.ziczac.shooter/base.apk': No such file or directory
07-19 23:02:13.179 11999 11999 E upgadata.up7723: Failed to open APK '/data/user/0/com.upgadata.up7723/bzBox/data/app/com.ziczac.shooter/base.apk': I/O error
07-19 23:02:13.180 11999 11999 W PackageManager: Failure to parse package archive
07-19 23:02:13.180 11999 11999 W PackageManager: android.content.pm.PackageParser$PackageParserException: Failed to parse /data/user/0/com.upgadata.up7723/bzBox/data/app/com.ziczac.shooter/base.apk
07-19 23:02:13.180 11999 11999 W PackageManager: at android.content.pm.PackageParser.parseApkLiteInner(PackageParser.java:1506)
07-19 23:02:13.180 11999 11999 W PackageManager: at android.content.pm.PackageParser.parseApkLite(PackageParser.java:1477)
07-19 23:02:13.180 11999 11999 W PackageManager: at android.content.pm.PackageParser.parseMonolithicPackageLite(PackageParser.java:980)
07-19 23:02:13.180 11999 11999 W PackageManager: at android.content.pm.PackageParser.parseMonolithicPackage(PackageParser.java:1189)
07-19 23:02:13.180 11999 11999 W PackageManager: at android.content.pm.PackageParser.parsePackage(PackageParser.java:1103)
07-19 23:02:13.180 11999 11999 W PackageManager: at android.content.pm.PackageManager.getPackageArchiveInfo(PackageManager.java:8376)
07-19 23:02:13.180 11999 11999 W PackageManager: at android.content.pm.PackageManager.getPackageArchiveInfo(PackageManager.java:8353)
07-19 23:02:13.180 11999 11999 W PackageManager: at com.upgadata.up7723.install.ApkInstallUtils.z(ApkInstallUtils.kt:13)
07-19 23:02:13.180 11999 11999 W PackageManager: at com.upgadata.up7723.install.ApkInstallUtils$isBlackBoxGameInstalled$3.invoke(ApkIns tallUtils.kt:3)
07-19 23:02:13.180 11999 11999 W PackageManager: at com.upgadata.up7723.install.ApkInstallUtils$isBlackBoxGameInstalled$3.invoke(ApkIns tallUtils.kt:1)
07-19 23:02:13.180 11999 11999 W PackageManager: at com.upgadata.up7723.install.o.c(CommonUtils.kt:14)
07-19 23:02:13.180 11999 11999 W PackageManager: at com.upgadata.up7723.install.ApkInstallUtils.v(ApkInstallUtils.kt:5)
07-19 23:02:13.180 11999 11999 W PackageManager: at com.upgadata.up7723.widget.view.DownLoadView.setDownloadState(DownLoadView.java:104 )
07-19 23:02:13.180 11999 11999 W PackageManager: at com.upgadata.up7723.widget.view.DownLoadView.R(DownLoadView.java:10)
07-19 23:02:13.180 11999 11999 W PackageManager: at com.upgadata.up7723.widget.view.DownLoadView.p0(DownLoadView.java:18)
07-19 23:02:13.180 11999 11999 W PackageManager: at com.upgadata.up7723.widget.view.DownLoadView.setData(DownLoadView.java:129)
07-19 23:02:13.180 11999 11999 W PackageManager: at com.upgadata.up7723.widget.x0.f(GameItemRankView.java:54)
07-19 23:02:13.180 11999 11999 W PackageManager: at com.upgadata.up7723.widget.x0.b(GameItemRankView.java:3)
07-19 23:02:13.180 11999 11999 W PackageManager: at com.upgadata.up7723.base.c.getView(BaseHolderAdapter.java:6)
07-19 23:02:13.180 11999 11999 W PackageManager: at android.widget.HeaderViewListAdapter.getView(HeaderViewListAdapter.java:224)
07-19 23:02:13.180 11999 11999 W PackageManager: at android.widget.AbsListView.obtainView(AbsListView.java:2516)
07-19 23:02:13.180 11999 11999 W PackageManager: at android.widget.ListView.makeAndAddView(ListView.java:2065)
07-19 23:02:13.180 11999 11999 W PackageManager: at android.widget.ListView.fillDown(ListView.java:791)
07-19 23:02:13.180 11999 11999 W PackageManager: at android.widget.ListView.fillGap(ListView.java:754)
07-19 23:02:13.180 11999 11999 W PackageManager: at android.widget.AbsListView.trackMotionScroll(AbsListView.java:5693)
07-19 23:02:13.180 11999 11999 W PackageManager: at android.widget.ListView.trackMotionScroll(ListView.java:1982)
07-19 23:02:13.180 11999 11999 W PackageManager: at android.widget.AbsListView$FlingRunnable.run(AbsListView.java:5218)
07-19 23:02:13.180 11999 11999 W PackageManager: at android.view.Choreographer$CallbackRecord.run(Choreographer.java:1623)
07-19 23:02:13.180 11999 11999 W PackageManager: at android.view.Choreographer$CallbackRecord.run(Choreographer.java:1632)
07-19 23:02:13.180 11999 11999 W PackageManager: at android.view.Choreographer.doCallbacks(Choreographer.java:1172)
07-19 23:02:13.180 11999 11999 W PackageManager: at android.view.Choreographer.doFrame(Choreographer.java:1072)
07-19 23:02:13.180 11999 11999 W PackageManager: at android.view.Choreographer$FrameDisplayEventReceiver.run(Choreographer.java:1602)
07-19 23:02:13.180 11999 11999 W PackageManager: at android.os.Handler.handleCallback(Handler.java:958)
07-19 23:02:13.180 11999 11999 W PackageManager: at android.os.Handler.dispatchMessage(Handler.java:99)
07-19 23:02:13.180 11999 11999 W PackageManager: at android.os.Looper.loopOnce(Looper.java:224)
07-19 23:02:13.180 11999 11999 W PackageManager: at android.os.Looper.loop(Looper.java:318)
07-19 23:02:13.180 11999 11999 W PackageManager: at android.app.ActivityThread.main(ActivityThread.java:8653)
07-19 23:02:13.180 11999 11999 W PackageManager: at java.lang.reflect.Method.invoke(Native Method)
07-19 23:02:13.180 11999 11999 W PackageManager: at com.android.internal.os.RuntimeInit$MethodAndArgsCaller.run(RuntimeInit.java:561)
07-19 23:02:13.180 11999 11999 W PackageManager: at com.android.internal.os.ZygoteInit.main(ZygoteInit.java:1013)
07-19 23:02:13.514 11999 11999 W ziparchive: Unable to open '/data/user/0/com.upgadata.up7723/bzBox/data/app/com.battlecreek.americanmarksman/ base.apk': No such file or directory
07-19 23:02:13.514 11999 11999 E upgadata.up7723: Failed to open APK '/data/user/0/com.upgadata.up7723/bzBox/data/app/com.battlecreek.americanmarksman/ base.apk': I/O error
07-19 23:02:13.514 11999 11999 W PackageManager: Failure to parse package archive
07-19 23:02:13.514 11999 11999 W PackageManager: android.content.pm.PackageParser$PackageParserException: Failed to parse /data/user/0/com.upgadata.up7723/bzBox/data/app/com.battlecreek.americanmarksman/ base.apk
07-19 23:02:13.514 11999 11999 W PackageManager: at android.content.pm.PackageParser.parseApkLiteInner(PackageParser.java:1506)
07-19 23:02:13.514 11999 11999 W PackageManager: at android.content.pm.PackageParser.parseApkLite(PackageParser.java:1477)
07-19 23:02:13.514 11999 11999 W PackageManager: at android.content.pm.PackageParser.parseMonolithicPackageLite(PackageParser.java:980)
07-19 23:02:13.514 11999 11999 W PackageManager: at android.content.pm.PackageParser.parseMonolithicPackage(PackageParser.java:1189)
07-19 23:02:13.514 11999 11999 W PackageManager: at android.content.pm.PackageParser.parsePackage(PackageParser.java:1103)
07-19 23:02:13.514 11999 11999 W PackageManager: at android.content.pm.PackageManager.getPackageArchiveInfo(PackageManager.java:8376)
07-19 23:02:13.514 11999 11999 W PackageManager: at android.content.pm.PackageManager.getPackageArchiveInfo(PackageManager.java:8353)
07-19 23:02:13.514 11999 11999 W PackageManager: at com.upgadata.up7723.install.ApkInstallUtils.z(ApkInstallUtils.kt:13)
07-19 23:02:13.514 11999 11999 W PackageManager: at com.upgadata.up7723.install.ApkInstallUtils$isBlackBoxGameInstalled$3.invoke(ApkIns tallUtils.kt:3)
07-19 23:02:13.514 11999 11999 W PackageManager: at com.upgadata.up7723.install.ApkInstallUtils$isBlackBoxGameInstalled$3.invoke(ApkIns tallUtils.kt:1)
07-19 23:02:13.514 11999 11999 W PackageManager: at com.upgadata.up7723.install.o.c(CommonUtils.kt:14)
07-19 23:02:13.514 11999 11999 W PackageManager: at com.upgadata.up7723.install.ApkInstallUtils.v(ApkInstallUtils.kt:5)
07-19 23:02:13.514 11999 11999 W PackageManager: at com.upgadata.up7723.widget.view.DownLoadView.setDownloadState(DownLoadView.java:104 )
07-19 23:02:13.514 11999 11999 W PackageManager: at com.upgadata.up7723.widget.view.DownLoadView.R(DownLoadView.java:10)
07-19 23:02:13.514 11999 11999 W PackageManager: at com.upgadata.up7723.widget.view.DownLoadView.p0(DownLoadView.java:18)
07-19 23:02:13.514 11999 11999 W PackageManager: at com.upgadata.up7723.widget.view.DownLoadView.setData(DownLoadView.java:129)
07-19 23:02:13.514 11999 11999 W PackageManager: at com.upgadata.up7723.widget.x0.f(GameItemRankView.java:54)
07-19 23:02:13.514 11999 11999 W PackageManager: at com.upgadata.up7723.widget.x0.b(GameItemRankView.java:3)
07-19 23:02:13.514 11999 11999 W PackageManager: at com.upgadata.up7723.base.c.getView(BaseHolderAdapter.java:6)
07-19 23:02:13.514 11999 11999 W PackageManager: at android.widget.HeaderViewListAdapter.getView(HeaderViewListAdapter.java:224)
07-19 23:02:13.514 11999 11999 W PackageManager: at android.widget.AbsListView.obtainView(AbsListView.java:2516)
07-19 23:02:13.514 11999 11999 W PackageManager: at android.widget.ListView.makeAndAddView(ListView.java:2065)
07-19 23:02:13.514 11999 11999 W PackageManager: at android.widget.ListView.fillDown(ListView.java:791)
07-19 23:02:13.514 11999 11999 W PackageManager: at android.widget.ListView.fillGap(ListView.java:754)
07-19 23:02:13.514 11999 11999 W PackageManager: at android.widget.AbsListView.trackMotionScroll(AbsListView.java:5693)
07-19 23:02:13.514 11999 11999 W PackageManager: at android.widget.ListView.trackMotionScroll(ListView.java:1982)
07-19 23:02:13.514 11999 11999 W PackageManager: at android.widget.AbsListView$FlingRunnable.run(AbsListView.java:5218)
07-19 23:02:13.514 11999 11999 W PackageManager: at android.view.Choreographer$CallbackRecord.run(Choreographer.java:1623)
07-19 23:02:13.514 11999 11999 W PackageManager: at android.view.Choreographer$CallbackRecord.run(Choreographer.java:1632)
07-19 23:02:13.514 11999 11999 W PackageManager: at android.view.Choreographer.doCallbacks(Choreographer.java:1172)
07-19 23:02:13.514 11999 11999 W PackageManager: at android.view.Choreographer.doFrame(Choreographer.java:1072)
07-19 23:02:13.514 11999 11999 W PackageManager: at android.view.Choreographer$FrameDisplayEventReceiver.run(Choreographer.java:1602)
07-19 23:02:13.514 11999 11999 W PackageManager: at android.os.Handler.handleCallback(Handler.java:958)
07-19 23:02:13.514 11999 11999 W PackageManager: at android.os.Handler.dispatchMessage(Handler.java:99)
07-19 23:02:13.514 11999 11999 W PackageManager: at android.os.Looper.loopOnce(Looper.java:224)
07-19 23:02:13.514 11999 11999 W PackageManager: at android.os.Looper.loop(Looper.java:318)
07-19 23:02:13.514 11999 11999 W PackageManager: at android.app.ActivityThread.main(ActivityThread.java:8653)
07-19 23:02:13.514 11999 11999 W PackageManager: at java.lang.reflect.Method.invoke(Native Method)
07-19 23:02:13.514 11999 11999 W PackageManager: at com.android.internal.os.RuntimeInit$MethodAndArgsCaller.run(RuntimeInit.java:561)
07-19 23:02:13.514 11999 11999 W PackageManager: at com.android.internal.os.ZygoteInit.main(ZygoteInit.java:1013)
07-19 23:02:13.522 11999 11999 D SplineOverScroller: mFlingDuration: 2223,mFlingDistance: 2750.697509765625,mVelocity: 5964
07-19 23:02:15.667 11999 11999 D SplineOverScroller: mFlingDuration: 1094,mFlingDistance: 221.3953399658203,mVelocity: -526
07-19 23:02:17.054 11999 12056 D ContentCatcher_injector: Interceptor : notifyActivityPause: com.upgadata.up7723@com.upgadata.up7723.main.activity.HomeActivity@67335419
07-19 23:02:17.054 11999 12056 D ContentCatcher_catcher: CatcherHolder : mCatcherList size: 0
07-19 23:02:17.057 11999 12074 W SQLiteLog: (28) double-quoted string literal: "
07-19 23:02:17.057 11999 12074 W SQLiteLog: (28) double-quoted string literal: "C2EDB5F739FFF341B23B9F072D0F8979"
07-19 23:02:17.063 11999 11999 D DecorView[]: getWindowModeFromSystem windowmode is 1
07-19 23:02:17.066 11999 11999 D ScrollerOptimizationManager: registerConfigChangedListener
07-19 23:02:17.068 11999 11999 D ScrollerOptimizationManager: registerConfigChangedListener
07-19 23:02:17.069 11999 12056 D ContentCatcher_injector: Interceptor : Init Interceptor for Activity com.upgadata.up7723.game.detail.DetailGameActivity@ebabb1
07-19 23:02:17.070 11999 12056 D ViewContentFactory: initViewContentFetcherClass
07-19 23:02:17.070 11999 12056 I ContentCatcher: ViewContentFetcher : ViewContentFetcher
07-19 23:02:17.070 11999 12056 D ViewContentFactory: createInterceptor took 0ms
07-19 23:02:17.070 11999 12056 D ContentCatcher_injector: Interceptor : notifyActivityCreate: com.upgadata.up7723@com.upgadata.up7723.game.detail.DetailGameActivity@15444913
07-19 23:02:17.070 11999 11999 D ScrollerOptimizationManager: registerConfigChangedListener
07-19 23:02:17.070 11999 12056 E ContentCatcherManager: failed to get ContentCatcherService.
07-19 23:02:17.070 11999 11999 D ScrollerOptimizationManager: registerConfigChangedListener
07-19 23:02:17.070 11999 12056 E ContentCatcherManager: failed to get ContentCatcherService.
07-19 23:02:17.070 11999 12056 D ContentCatcher_injector: Interceptor : NOT interest in this page: com.upgadata.up7723@com.upgadata.up7723.game.detail.DetailGameActivity@15444913
07-19 23:02:17.070 11999 12056 D ContentCatcher_catcher: CatcherHolder : mCatcherList size: 0
07-19 23:02:17.072 11999 11999 D ScrollerOptimizationManager: registerConfigChangedListener
07-19 23:02:17.098 11999 11999 D ScrollerOptimizationManager: registerConfigChangedListener
07-19 23:02:17.112 11999 12056 D ContentCatcher_injector: Interceptor : notifyActivityStart: com.upgadata.up7723@com.upgadata.up7723.game.detail.DetailGameActivity@15444913
07-19 23:02:17.112 11999 12056 D ContentCatcher_catcher: CatcherHolder : mCatcherList size: 0
07-19 23:02:17.113 11999 12056 D ContentCatcher_injector: Interceptor : notifyActivityResume: com.upgadata.up7723@com.upgadata.up7723.game.detail.DetailGameActivity@15444913
07-19 23:02:17.113 11999 12056 D ContentCatcher_catcher: CatcherHolder : mCatcherList size: 0
07-19 23:02:17.113 11999 11999 D EventBus: No subscribers registered for event class bzdevicesinfo.i90
07-19 23:02:17.113 11999 11999 D EventBus: No subscribers registered for event class org.greenrobot.eventbus.h
07-19 23:02:17.116 11999 12074 W SQLiteLog: (28) double-quoted string literal: "C2EDB5F739FFF341B23B9F072D0F8979"
07-19 23:02:17.116 11999 12074 W SQLiteLog: (28) double-quoted string literal: ""
07-19 23:02:17.116 11999 12074 W SQLiteLog: (28) double-quoted string literal: "C2EDB5F739FFF341B23B9F072D0F8979"
07-19 23:02:17.116 11999 12074 W SQLiteLog: (28) double-quoted string literal: "-1"
07-19 23:02:17.130 11999 12041 E OpenGLRenderer: Unable to match the desired swap behavior.
07-19 23:02:17.132 11999 11999 D VRI[DetailGameActivity]: vri.reportNextDraw android.view.ViewRootImpl.performTraversals:4279 android.view.ViewRootImpl.doTraversal:2919 android.view.ViewRootImpl$TraversalRunnable.run:10188 android.view.Choreographer$CallbackRecord.run:1623 android.view.Choreographer$CallbackRecord.run:1632
07-19 23:02:17.132 11999 11999 D VRI[DetailGameActivity]: vri.Setup new sync=wmsSync-VRI[DetailGameActivity]#24
07-19 23:02:17.132 11999 12199 E upgadata.up7723: Invalid resource ID 0x00000000.
07-19 23:02:17.132 11999 12199 E upgadata.up7723: Invalid resource ID 0x00000000.
07-19 23:02:17.132 11999 12199 E upgadata.up7723: Invalid resource ID 0x00000000.
07-19 23:02:17.132 11999 12199 E upgadata.up7723: Invalid resource ID 0x00000000.
07-19 23:02:17.135 11999 12041 D OpenGLRenderer: makeCurrent grContext:0x74fce8e560 reset mTextureAvailable
07-19 23:02:17.138 11999 11999 D VRI[DetailGameActivity]: vri.reportDrawFinished
07-19 23:02:17.158 11999 12345 D TrafficStats: tagSocket(185) with statsTag=0xffffffff, statsUid=-1
07-19 23:02:17.185 11999 11999 I HandWritingStubImpl: refreshLastKeyboardType: 1
07-19 23:02:17.185 11999 11999 I HandWritingStubImpl: getCurrentKeyboardType: 1
07-19 23:02:17.196 11999 11999 D ScrollerOptimizationManager: registerConfigChangedListener
07-19 23:02:17.197 11999 12199 E upgadata.up7723: Invalid resource ID 0x00000000.
07-19 23:02:17.197 11999 12199 E upgadata.up7723: Invalid resource ID 0x00000000.
07-19 23:02:17.197 11999 12199 E upgadata.up7723: Invalid resource ID 0x00000000.
07-19 23:02:17.197 11999 12199 E upgadata.up7723: Invalid resource ID 0x00000000.
07-19 23:02:17.215 11999 12199 E upgadata.up7723: Invalid resource ID 0x00000000.
07-19 23:02:17.215 11999 12199 E upgadata.up7723: Invalid resource ID 0x00000000.
07-19 23:02:17.215 11999 12199 E upgadata.up7723: Invalid resource ID 0x00000000.
07-19 23:02:17.216 11999 12199 E upgadata.up7723: Invalid resource ID 0x00000000.
07-19 23:02:17.219 11999 11999 D ScrollerOptimizationManager: registerConfigChangedListener
07-19 23:02:17.220 11999 11999 D ScrollerOptimizationManager: registerConfigChangedListener
07-19 23:02:17.220 11999 12199 E upgadata.up7723: Invalid resource ID 0x00000000.
07-19 23:02:17.220 11999 12199 E upgadata.up7723: Invalid resource ID 0x00000000.
07-19 23:02:17.220 11999 12199 E upgadata.up7723: Invalid resource ID 0x00000000.
07-19 23:02:17.220 11999 12199 E upgadata.up7723: Invalid resource ID 0x00000000.
07-19 23:02:17.221 11999 11999 D ScrollerOptimizationManager: registerConfigChangedListener
07-19 23:02:17.222 11999 12358 D TrafficStats: tagSocket(224) with statsTag=0xffffffff, statsUid=-1
07-19 23:02:17.222 11999 12338 D TrafficStats: tagSocket(361) with statsTag=0xffffffff, statsUid=-1
07-19 23:02:17.222 11999 12344 D TrafficStats: tagSocket(362) with statsTag=0xffffffff, statsUid=-1
07-19 23:02:17.224 11999 12353 D TrafficStats: tagSocket(363) with statsTag=0xffffffff, statsUid=-1
07-19 23:02:17.230 11999 11999 D ScrollerOptimizationManager: registerConfigChangedListener
07-19 23:02:17.233 11999 11999 D ScrollerOptimizationManager: registerConfigChangedListener
07-19 23:02:17.328 11999 11999 W ziparchive: Unable to open '/data/user/0/com.upgadata.up7723/bzBox/data/app/com.ziczac.shooter/base.apk': No such file or directory
07-19 23:02:17.328 11999 11999 E upgadata.up7723: Failed to open APK '/data/user/0/com.upgadata.up7723/bzBox/data/app/com.ziczac.shooter/base.apk': I/O error
07-19 23:02:17.328 11999 11999 W PackageManager: Failure to parse package archive
07-19 23:02:17.328 11999 11999 W PackageManager: android.content.pm.PackageParser$PackageParserException: Failed to parse /data/user/0/com.upgadata.up7723/bzBox/data/app/com.ziczac.shooter/base.apk
07-19 23:02:17.328 11999 11999 W PackageManager: at android.content.pm.PackageParser.parseApkLiteInner(PackageParser.java:1506)
07-19 23:02:17.328 11999 11999 W PackageManager: at android.content.pm.PackageParser.parseApkLite(PackageParser.java:1477)
07-19 23:02:17.328 11999 11999 W PackageManager: at android.content.pm.PackageParser.parseMonolithicPackageLite(PackageParser.java:980)
07-19 23:02:17.328 11999 11999 W PackageManager: at android.content.pm.PackageParser.parseMonolithicPackage(PackageParser.java:1189)
07-19 23:02:17.328 11999 11999 W PackageManager: at android.content.pm.PackageParser.parsePackage(PackageParser.java:1103)
07-19 23:02:17.328 11999 11999 W PackageManager: at android.content.pm.PackageManager.getPackageArchiveInfo(PackageManager.java:8376)
07-19 23:02:17.328 11999 11999 W PackageManager: at android.content.pm.PackageManager.getPackageArchiveInfo(PackageManager.java:8353)
07-19 23:02:17.328 11999 11999 W PackageManager: at com.upgadata.up7723.install.ApkInstallUtils.z(ApkInstallUtils.kt:13)
07-19 23:02:17.328 11999 11999 W PackageManager: at com.upgadata.up7723.install.ApkInstallUtils$isBlackBoxGameInstalled$3.invoke(ApkIns tallUtils.kt:3)
07-19 23:02:17.328 11999 11999 W PackageManager: at com.upgadata.up7723.install.ApkInstallUtils$isBlackBoxGameInstalled$3.invoke(ApkIns tallUtils.kt:1)
07-19 23:02:17.328 11999 11999 W PackageManager: at com.upgadata.up7723.install.o.c(CommonUtils.kt:14)
07-19 23:02:17.328 11999 11999 W PackageManager: at com.upgadata.up7723.install.ApkInstallUtils.v(ApkInstallUtils.kt:5)
07-19 23:02:17.328 11999 11999 W PackageManager: at com.upgadata.up7723.game.detail.activity.base.BaseGameInstallBtnActivity.k4(BaseGam eInstallBtnActivity.kt:47)
07-19 23:02:17.328 11999 11999 W PackageManager: at com.upgadata.up7723.game.detail.activity.base.BaseGameInstallBtnActivity.i4(BaseGam eInstallBtnActivity.kt:14)
07-19 23:02:17.328 11999 11999 W PackageManager: at com.upgadata.up7723.game.detail.activity.base.BaseGameInstallBtnActivity.F2(BaseGam eInstallBtnActivity.kt:4)
07-19 23:02:17.328 11999 11999 W PackageManager: at com.upgadata.up7723.game.detail.activity.base.BaseGameCommonActivity.w3(BaseGameCom monActivity.kt:22)
07-19 23:02:17.328 11999 11999 W PackageManager: at com.upgadata.up7723.game.detail.activity.base.BaseGameCommonActivity.N2(BaseGameCom monActivity.kt:12)
07-19 23:02:17.328 11999 11999 W PackageManager: at com.upgadata.up7723.game.detail.DetailGameActivity.J4(DetailGameActivity.kt:3)
07-19 23:02:17.328 11999 11999 W PackageManager: at com.upgadata.up7723.game.detail.DetailGameActivity$b.a(DetailGameActivity.kt:11)
07-19 23:02:17.328 11999 11999 W PackageManager: at com.upgadata.up7723.game.detail.DetailGameActivity$b.onSuccess(DetailGameActivity.k t:1)
07-19 23:02:17.328 11999 11999 W PackageManager: at com.upgadata.up7723.http.utils.k.onResponse(TCallback.java:4)
07-19 23:02:17.328 11999 11999 W PackageManager: at com.zhy.http.okhttp.OkHttpUtils$3.run(OkHttpUtils.java:1)
07-19 23:02:17.328 11999 11999 W PackageManager: at android.os.Handler.handleCallback(Handler.java:958)
07-19 23:02:17.328 11999 11999 W PackageManager: at android.os.Handler.dispatchMessage(Handler.java:99)
07-19 23:02:17.328 11999 11999 W PackageManager: at android.os.Looper.loopOnce(Looper.java:224)
07-19 23:02:17.328 11999 11999 W PackageManager: at android.os.Looper.loop(Looper.java:318)
07-19 23:02:17.328 11999 11999 W PackageManager: at android.app.ActivityThread.main(ActivityThread.java:8653)
07-19 23:02:17.328 11999 11999 W PackageManager: at java.lang.reflect.Method.invoke(Native Method)
07-19 23:02:17.328 11999 11999 W PackageManager: at com.android.internal.os.RuntimeInit$MethodAndArgsCaller.run(RuntimeInit.java:561)
07-19 23:02:17.328 11999 11999 W PackageManager: at com.android.internal.os.ZygoteInit.main(ZygoteInit.java:1013)
07-19 23:02:17.384 11999 11999 V MediaPlayer: resetDrmState: mDrmInfo=null mDrmProvisioningThread=null mPrepareDrmInProgress=false mActiveDrmScheme=false
07-19 23:02:17.384 11999 11999 V MediaPlayer: cleanDrmObj: mDrmObj=null mDrmSessionId=null
07-19 23:02:17.396 11999 12063 D TrafficStats: tagSocket(264) with statsTag=0xffffffff, statsUid=-1
07-19 23:02:17.397 11999 12062 D TrafficStats: tagSocket(267) with statsTag=0xffffffff, statsUid=-1
07-19 23:02:17.398 11999 12063 I Pinger : Ping response: `ping ok`, pinged? true
07-19 23:02:17.400 11999 11999 V MediaPlayer: resetDrmState: mDrmInfo=null mDrmProvisioningThread=null mPrepareDrmInProgress=false mActiveDrmScheme=false
07-19 23:02:17.400 11999 11999 V MediaPlayer: cleanDrmObj: mDrmObj=null mDrmSessionId=null
07-19 23:02:17.401 11999 11999 W AudioManager: Use of stream types is deprecated for operations other than volume control
07-19 23:02:17.401 11999 11999 W AudioManager: See the documentation of requestAudioFocus() for what to use instead with android.media.AudioAttributes to qualify your playback use case
07-19 23:02:17.418 11999 11999 W upgadata.up7723: type=1400 audit(0.0:465836): avc: denied { read } for name="u:object_r:vendor_display_prop:s0" dev="tmpfs" ino=439 scontext=u:r:untrusted_app_27:s0:c51,c257,c512,c768 tcontext=u:object_r:vendor_display_prop:s0 tclass=file permissive=0 app=com.upgadata.up7723
07-19 23:02:17.422 11999 11999 W libc : Access denied finding property "vendor.display.enable_display_extensions"
07-19 23:02:17.425 11999 11999 W MediaPlayer: Use of stream types is deprecated for operations other than volume control
07-19 23:02:17.425 11999 11999 W MediaPlayer: See the documentation of setAudioStreamType() for what to use instead with android.media.AudioAttributes to qualify your playback use case
07-19 23:02:17.425 11999 11999 W MediaPlayer: setScreenOnWhilePlaying(true) is ineffective without a SurfaceHolder
07-19 23:02:17.425 11999 11999 V MediaHTTPService: MediaHTTPService(android.media.MediaHTTPService@506fd87): Cookies: null
07-19 23:02:17.426 11999 12344 D TrafficStats: tagSocket(218) with statsTag=0xffffffff, statsUid=-1
07-19 23:02:17.436 11999 12985 V MediaHTTPService: makeHTTPConnection: CookieHandler (java.net.CookieManager@5305a76) exists.
07-19 23:02:17.436 11999 12985 V MediaHTTPService: makeHTTPConnection(android.media.MediaHTTPService@506fd87): cookieHandler: java.net.CookieManager@5305a76 Cookies: null
07-19 23:02:17.436 11999 11999 W MediaPlayer: setScreenOnWhilePlaying(true) is ineffective for Surface
07-19 23:02:17.438 11999 12985 D TrafficStats: tagSocket(178) with statsTag=0xffffffff, statsUid=-1
07-19 23:02:17.440 11999 12062 D TrafficStats: tagSocket(370) with statsTag=0xffffffff, statsUid=-1
07-19 23:02:17.443 11999 13468 D TrafficStats: tagSocket(162) with statsTag=0xffffffff, statsUid=-1
07-19 23:02:17.661 11999 13016 E HttpProxyCacheServer: HttpProxyCacheServer error
07-19 23:02:17.661 11999 13016 E HttpProxyCacheServer: com.danikula.videocache.ProxyCacheException: Error closing socket input stream. Version: 1.0
07-19 23:02:17.661 11999 13016 E HttpProxyCacheServer: at com.danikula.videocache.HttpProxyCacheServer.closeSocketInput(HttpProxyCacheServer. java:3)
07-19 23:02:17.661 11999 13016 E HttpProxyCacheServer: at com.danikula.videocache.HttpProxyCacheServer.releaseSocket(HttpProxyCacheServer.jav a:1)
07-19 23:02:17.661 11999 13016 E HttpProxyCacheServer: at com.danikula.videocache.HttpProxyCacheServer.processSocket(HttpProxyCacheServer.jav a:14)
07-19 23:02:17.661 11999 13016 E HttpProxyCacheServer: at com.danikula.videocache.HttpProxyCacheServer.access$200(HttpProxyCacheServer.java:1 )
07-19 23:02:17.661 11999 13016 E HttpProxyCacheServer: at com.danikula.videocache.HttpProxyCacheServer$SocketProcessorRunnable.run(HttpProxyC acheServer.java:1)
07-19 23:02:17.661 11999 13016 E HttpProxyCacheServer: at java.util.concurrent.Executors$RunnableAdapter.call(Executors.java:487)
07-19 23:02:17.661 11999 13016 E HttpProxyCacheServer: at java.util.concurrent.FutureTask.run(FutureTask.java:264)
07-19 23:02:17.661 11999 13016 E HttpProxyCacheServer: at java.util.concurrent.ThreadPoolExecutor.runWorker(ThreadPoolExecutor.java:1145)
07-19 23:02:17.661 11999 13016 E HttpProxyCacheServer: at java.util.concurrent.ThreadPoolExecutor$Worker.run(ThreadPoolExecutor.java:644)
07-19 23:02:17.661 11999 13016 E HttpProxyCacheServer: at java.lang.Thread.run(Thread.java:1012)
07-19 23:02:17.661 11999 13016 E HttpProxyCacheServer: Caused by: java.io.IOException: shutdown failed: ENOTCONN (Transport endpoint is not connected)
07-19 23:02:17.661 11999 13016 E HttpProxyCacheServer: at java.net.PlainSocketImpl.socketShutdown(PlainSocketImpl.java:283)
07-19 23:02:17.661 11999 13016 E HttpProxyCacheServer: at java.net.AbstractPlainSocketImpl.shutdownInput(AbstractPlainSocketImpl.java:621)
07-19 23:02:17.661 11999 13016 E HttpProxyCacheServer: at java.net.Socket.shutdownInput(Socket.java:1593)
07-19 23:02:17.661 11999 13016 E HttpProxyCacheServer: at com.danikula.videocache.HttpProxyCacheServer.closeSocketInput(HttpProxyCacheServer. java:2)
07-19 23:02:17.661 11999 13016 E HttpProxyCacheServer: ... 9 more
07-19 23:02:17.661 11999 13016 E HttpProxyCacheServer: Caused by: android.system.ErrnoException: shutdown failed: ENOTCONN (Transport endpoint is not connected)
07-19 23:02:17.661 11999 13016 E HttpProxyCacheServer: at libcore.io.Linux.shutdown(Native Method)
07-19 23:02:17.661 11999 13016 E HttpProxyCacheServer: at libcore.io.ForwardingOs.shutdown(ForwardingOs.java:816)
07-19 23:02:17.661 11999 13016 E HttpProxyCacheServer: at libcore.io.ForwardingOs.shutdown(ForwardingOs.java:816)
07-19 23:02:17.661 11999 13016 E HttpProxyCacheServer: at java.net.PlainSocketImpl.socketShutdown(PlainSocketImpl.java:281)
07-19 23:02:17.661 11999 13016 E HttpProxyCacheServer: ... 12 more
07-19 23:02:17.661 11999 12990 D TrafficStats: tagSocket(178) with statsTag=0xffffffff, statsUid=-1
07-19 23:02:17.661 11999 13016 W HttpProxyCacheServer: Failed to close socket on proxy side: shutdown failed: ENOTCONN (Transport endpoint is not connected). It seems client have already closed connection.
07-19 23:02:17.662 11999 12062 D TrafficStats: tagSocket(180) with statsTag=0xffffffff, statsUid=-1
07-19 23:02:17.664 11999 13018 D TrafficStats: tagSocket(240) with statsTag=0xffffffff, statsUid=-1
07-19 23:02:17.885 11999 12344 D TrafficStats: tagSocket(162) with statsTag=0xffffffff, statsUid=-1
07-19 23:02:17.888 11999 12353 D TrafficStats: tagSocket(180) with statsTag=0xffffffff, statsUid=-1
07-19 23:02:17.892 11999 12338 D TrafficStats: tagSocket(183) with statsTag=0xffffffff, statsUid=-1
07-19 23:02:17.892 11999 11999 W ziparchive: Unable to open '/data/user/0/com.upgadata.up7723/bzBox/data/app/com.milkstudio.rabbitman.meta/ base.apk': No such file or directory
07-19 23:02:17.892 11999 11999 E upgadata.up7723: Failed to open APK '/data/user/0/com.upgadata.up7723/bzBox/data/app/com.milkstudio.rabbitman.meta/ base.apk': I/O error
07-19 23:02:17.892 11999 12358 D TrafficStats: tagSocket(223) with statsTag=0xffffffff, statsUid=-1
07-19 23:02:17.892 11999 11999 W PackageManager: Failure to parse package archive
07-19 23:02:17.892 11999 11999 W PackageManager: android.content.pm.PackageParser$PackageParserException: Failed to parse /data/user/0/com.upgadata.up7723/bzBox/data/app/com.milkstudio.rabbitman.meta/ base.apk
07-19 23:02:17.892 11999 11999 W PackageManager: at android.content.pm.PackageParser.parseApkLiteInner(PackageParser.java:1506)
07-19 23:02:17.892 11999 11999 W PackageManager: at android.content.pm.PackageParser.parseApkLite(PackageParser.java:1477)
07-19 23:02:17.892 11999 11999 W PackageManager: at android.content.pm.PackageParser.parseMonolithicPackageLite(PackageParser.java:980)
07-19 23:02:17.892 11999 11999 W PackageManager: at android.content.pm.PackageParser.parseMonolithicPackage(PackageParser.java:1189)
07-19 23:02:17.892 11999 11999 W PackageManager: at android.content.pm.PackageParser.parsePackage(PackageParser.java:1103)
07-19 23:02:17.892 11999 11999 W PackageManager: at android.content.pm.PackageManager.getPackageArchiveInfo(PackageManager.java:8376)
07-19 23:02:17.892 11999 11999 W PackageManager: at android.content.pm.PackageManager.getPackageArchiveInfo(PackageManager.java:8353)
07-19 23:02:17.892 11999 11999 W PackageManager: at com.upgadata.up7723.install.ApkInstallUtils.z(ApkInstallUtils.kt:13)
07-19 23:02:17.892 11999 11999 W PackageManager: at com.upgadata.up7723.install.ApkInstallUtils$isBlackBoxGameInstalled$3.invoke(ApkIns tallUtils.kt:3)
07-19 23:02:17.892 11999 11999 W PackageManager: at com.upgadata.up7723.install.ApkInstallUtils$isBlackBoxGameInstalled$3.invoke(ApkIns tallUtils.kt:1)
07-19 23:02:17.892 11999 11999 W PackageManager: at com.upgadata.up7723.install.o.c(CommonUtils.kt:14)
07-19 23:02:17.892 11999 11999 W PackageManager: at com.upgadata.up7723.install.ApkInstallUtils.v(ApkInstallUtils.kt:5)
07-19 23:02:17.892 11999 11999 W PackageManager: at com.upgadata.up7723.widget.view.DownLoadView.setDownloadState(DownLoadView.java:104 )
07-19 23:02:17.892 11999 11999 W PackageManager: at com.upgadata.up7723.widget.view.DownLoadView.R(DownLoadView.java:10)
07-19 23:02:17.892 11999 11999 W PackageManager: at com.upgadata.up7723.widget.view.DownLoadView.p0(DownLoadView.java:18)
07-19 23:02:17.892 11999 11999 W PackageManager: at com.upgadata.up7723.widget.view.DownLoadView.setData(DownLoadView.java:129)
07-19 23:02:17.892 11999 11999 W PackageManager: at com.upgadata.up7723.game.detail.adapter.v.d(DetailOtherAdapter.java:21)
07-19 23:02:17.892 11999 11999 W PackageManager: at com.upgadata.up7723.game.detail.adapter.v.onBindViewHolder(DetailOtherAdapter.java: 1)
07-19 23:02:17.892 11999 11999 W PackageManager: at androidx.recyclerview.widget.RecyclerView$Adapter.onBindViewHolder(RecyclerView.jav a:1)
07-19 23:02:17.892 11999 11999 W PackageManager: at androidx.recyclerview.widget.RecyclerView$Adapter.bindViewHolder(RecyclerView.java: 6)
07-19 23:02:17.892 11999 11999 W PackageManager: at androidx.recyclerview.widget.RecyclerView$Recycler.B(RecyclerView.java:6)
07-19 23:02:17.892 11999 11999 W PackageManager: at androidx.recyclerview.widget.RecyclerView$Recycler.C(RecyclerView.java:55)
07-19 23:02:17.892 11999 11999 W PackageManager: at androidx.recyclerview.widget.RecyclerView$Recycler.l(RecyclerView.java:1)
07-19 23:02:17.892 11999 11999 W PackageManager: at androidx.recyclerview.widget.RecyclerView$Recycler.getViewForPosition(RecyclerView. java:1)
07-19 23:02:17.892 11999 11999 W PackageManager: at androidx.recyclerview.widget.LinearLayoutManager$LayoutState.c(LinearLayoutManager. java:3)
07-19 23:02:17.892 11999 11999 W PackageManager: at androidx.recyclerview.widget.GridLayoutManager.layoutChunk(GridLayoutManager.java:1 2)
07-19 23:02:17.892 11999 11999 W PackageManager: at androidx.recyclerview.widget.LinearLayoutManager.fill(LinearLayoutManager.java:9)
07-19 23:02:17.892 11999 11999 W PackageManager: at androidx.recyclerview.widget.LinearLayoutManager.onLayoutChildren(LinearLayoutManag er.java:64)
07-19 23:02:17.892 11999 11999 W PackageManager: at androidx.recyclerview.widget.GridLayoutManager.onLayoutChildren(GridLayoutManager.j ava:3)
07-19 23:02:17.892 11999 11999 W PackageManager: at androidx.recyclerview.widget.RecyclerView.dispatchLayoutStep2(RecyclerView.java:8)
07-19 23:02:17.892 11999 11999 W PackageManager: at androidx.recyclerview.widget.RecyclerView.onMeasure(RecyclerView.java:12)
07-19 23:02:17.892 11999 11999 W PackageManager: at android.view.View.measure(View.java:27984)
07-19 23:02:17.892 11999 11999 W PackageManager: at android.view.ViewGroup.measureChildWithMargins(ViewGroup.java:7083)
07-19 23:02:17.892 11999 11999 W PackageManager: at android.widget.LinearLayout.measureChildBeforeLayout(LinearLayout.java:1608)
07-19 23:02:17.892 11999 11999 W PackageManager: at android.widget.LinearLayout.measureVertical(LinearLayout.java:878)
07-19 23:02:17.892 11999 11999 W PackageManager: at android.widget.LinearLayout.onMeasure(LinearLayout.java:721)
07-19 23:02:17.892 11999 11999 W PackageManager: at android.view.View.measure(View.java:27984)
07-19 23:02:17.892 11999 11999 W PackageManager: at android.view.ViewGroup.measureChildWithMargins(ViewGroup.java:7083)
