07-19 23:00:07.758 12222 12245 I ta.up7723:black: ProcessProfilingInfo new_methods=33 is saved saved_to_disk=1 resolve_classes_delay=8000
07-19 23:00:08.237 11999 12041 W RenderInspector: DequeueBuffer time out on com.upgadata.up7723/com.upgadata.up7723.main.activity.HomeActivity, count=1, avg=23 ms, max=23 ms.
07-19 23:00:08.601 11999 11999 D ScrollerOptimizationManager: registerConfigChangedListener
07-19 23:00:08.696 11999 12344 D TrafficStats: tagSocket(287) with statsTag=0xffffffff, statsUid=-1
07-19 23:00:08.702 11999 12338 D TrafficStats: tagSocket(326) with statsTag=0xffffffff, statsUid=-1
07-19 23:00:08.708 11999 12345 D TrafficStats: tagSocket(327) with statsTag=0xffffffff, statsUid=-1
07-19 23:00:08.716 11999 12360 D TrafficStats: tagSocket(331) with statsTag=0xffffffff, statsUid=-1
07-19 23:00:08.723 11999 12358 D TrafficStats: tagSocket(333) with statsTag=0xffffffff, statsUid=-1
07-19 23:00:08.869 11999 11999 D ScrollerOptimizationManager: registerConfigChangedListener
07-19 23:00:08.883 11999 11999 D ScrollerOptimizationManager: registerConfigChangedListener
07-19 23:00:08.886 11999 12202 D TrafficStats: tagSocket(290) with statsTag=0xffffffff, statsUid=-1
07-19 23:00:08.936 11999 12338 D TrafficStats: tagSocket(318) with statsTag=0xffffffff, statsUid=-1
07-19 23:00:08.937 11999 12202 D TrafficStats: tagSocket(297) with statsTag=0xffffffff, statsUid=-1
07-19 23:00:09.072 11999 12008 I upgadata.up7723: This is sticky GC, maxfree is 33554432 minfree is 8388608
07-19 23:00:09.132 11999 12202 D TrafficStats: tagSocket(105) with statsTag=0xffffffff, statsUid=-1
07-19 23:00:09.169 11999 12344 D TrafficStats: tagSocket(159) with statsTag=0xffffffff, statsUid=-1
07-19 23:00:09.169 11999 12358 D TrafficStats: tagSocket(160) with statsTag=0xffffffff, statsUid=-1
07-19 23:00:09.303 11999 12202 D TrafficStats: tagSocket(237) with statsTag=0xffffffff, statsUid=-1
07-19 23:00:09.304 11999 12338 D TrafficStats: tagSocket(241) with statsTag=0xffffffff, statsUid=-1
07-19 23:00:09.322 11999 12344 D TrafficStats: tagSocket(243) with statsTag=0xffffffff, statsUid=-1
07-19 23:00:09.322 11999 12360 D TrafficStats: tagSocket(240) with statsTag=0xffffffff, statsUid=-1
07-19 23:00:10.330 11999 11999 D ScrollerOptimizationManager: registerConfigChangedListener
07-19 23:00:10.349 11999 12199 E upgadata.up7723: Invalid resource ID 0x00000000.
07-19 23:00:10.349 11999 12199 E upgadata.up7723: Invalid resource ID 0x00000000.
07-19 23:00:10.349 11999 12199 E upgadata.up7723: Invalid resource ID 0x00000000.
07-19 23:00:10.349 11999 12199 E upgadata.up7723: Invalid resource ID 0x00000000.
07-19 23:00:10.796 11999 12041 W RenderInspector: DequeueBuffer time out on com.upgadata.up7723/com.upgadata.up7723.main.activity.HomeActivity, count=1, avg=20 ms, max=20 ms.
07-19 23:00:12.238 11999 11999 D SplineOverScroller: mFlingDuration: 2107,mFlingDistance: 2134.883544921875,mVelocity: 4640
07-19 23:00:12.444 11999 12008 I upgadata.up7723: This is non sticky GC, maxfree is 33554432 minfree is 8388608
07-19 23:00:15.350 11999 11999 D ScrollerOptimizationManager: registerConfigChangedListener
07-19 23:00:18.419 11999 12041 W RenderInspector: DequeueBuffer time out on com.upgadata.up7723/com.upgadata.up7723.main.activity.HomeActivity, count=1, avg=21 ms, max=21 ms.
07-19 23:00:18.632 11999 12041 W RenderInspector: DequeueBuffer time out on com.upgadata.up7723/com.upgadata.up7723.main.activity.HomeActivity, count=1, avg=19 ms, max=19 ms.
07-19 23:00:19.809 11999 11999 D SplineOverScroller: mFlingDuration: 2065,mFlingDistance: 1951.6278076171875,mVelocity: 4246
07-19 23:00:20.383 11999 11999 D ScrollerOptimizationManager: registerConfigChangedListener
07-19 23:00:20.395 11999 12199 E upgadata.up7723: Invalid resource ID 0x00000000.
07-19 23:00:20.404 11999 12199 E upgadata.up7723: Invalid resource ID 0x00000000.
07-19 23:00:20.407 11999 12199 E upgadata.up7723: Invalid resource ID 0x00000000.
07-19 23:00:20.407 11999 12199 E upgadata.up7723: Invalid resource ID 0x00000000.
07-19 23:00:25.396 11999 11999 D ScrollerOptimizationManager: registerConfigChangedListener
07-19 23:00:27.199 11999 11999 D ScrollerOptimizationManager: registerConfigChangedListener
07-19 23:00:27.199 11999 11999 D SplineOverScroller: mFlingDuration: 1670,mFlingDistance: 820.0,mVelocity: 1813
07-19 23:00:28.270 11999 11999 D SplineOverScroller: mFlingDuration: 1408,mFlingDistance: 456.744140625,mVelocity: 1032
07-19 23:00:30.404 11999 12199 E upgadata.up7723: Invalid resource ID 0x00000000.
07-19 23:00:30.404 11999 12199 E upgadata.up7723: Invalid resource ID 0x00000000.
07-19 23:00:30.405 11999 12199 E upgadata.up7723: Invalid resource ID 0x00000000.
07-19 23:00:30.405 11999 12199 E upgadata.up7723: Invalid resource ID 0x00000000.
07-19 23:00:30.405 11999 11999 D ScrollerOptimizationManager: registerConfigChangedListener
07-19 23:00:30.487 12222 12232 I ta.up7723:black: This is non sticky GC, maxfree is 33554432 minfree is 8388608
07-19 23:00:30.487 12222 12232 I ta.up7723:black: Background concurrent copying GC freed 94531(4766KB) AllocSpace objects, 50(1544KB) LOS objects, 88% free, 3210KB/27MB, paused 111us,75us total 134.634ms
07-19 23:00:30.489 12222 12234 W System : A resource failed to call close.
07-19 23:00:30.490 12222 12234 W System : A resource failed to call close.
07-19 23:00:30.490 12222 12234 W System : A resource failed to call close.
07-19 23:00:30.490 12222 12234 W System : A resource failed to call close.
07-19 23:00:31.922 11999 12199 E upgadata.up7723: Invalid resource ID 0x00000000.
07-19 23:00:31.923 11999 12199 E upgadata.up7723: Invalid resource ID 0x00000000.
07-19 23:00:31.923 11999 12199 E upgadata.up7723: Invalid resource ID 0x00000000.
07-19 23:00:31.924 11999 12199 E upgadata.up7723: Invalid resource ID 0x00000000.
07-19 23:00:31.925 11999 12199 E upgadata.up7723: Invalid resource ID 0x00000000.
07-19 23:00:31.925 11999 12199 E upgadata.up7723: Invalid resource ID 0x00000000.
07-19 23:00:31.925 11999 12199 E upgadata.up7723: Invalid resource ID 0x00000000.
07-19 23:00:31.926 11999 12199 E upgadata.up7723: Invalid resource ID 0x00000000.
07-19 23:00:31.929 11999 12199 E upgadata.up7723: Invalid resource ID 0x00000000.
07-19 23:00:31.930 11999 12199 E upgadata.up7723: Invalid resource ID 0x00000000.
07-19 23:00:31.930 11999 12199 E upgadata.up7723: Invalid resource ID 0x00000000.
07-19 23:00:31.931 11999 12199 E upgadata.up7723: Invalid resource ID 0x00000000.
07-19 23:00:31.933 11999 12199 E upgadata.up7723: Invalid resource ID 0x00000000.
07-19 23:00:31.933 11999 12199 E upgadata.up7723: Invalid resource ID 0x00000000.
07-19 23:00:31.933 11999 12199 E upgadata.up7723: Invalid resource ID 0x00000000.
07-19 23:00:31.933 11999 12199 E upgadata.up7723: Invalid resource ID 0x00000000.
07-19 23:00:31.934 11999 12338 D TrafficStats: tagSocket(6) with statsTag=0xffffffff, statsUid=-1
07-19 23:00:31.935 11999 12360 D TrafficStats: tagSocket(103) with statsTag=0xffffffff, statsUid=-1
07-19 23:00:31.936 11999 12345 D TrafficStats: tagSocket(240) with statsTag=0xffffffff, statsUid=-1
07-19 23:00:31.938 11999 12199 E upgadata.up7723: Invalid resource ID 0x00000000.
07-19 23:00:31.939 11999 12199 E upgadata.up7723: Invalid resource ID 0x00000000.
07-19 23:00:31.939 11999 12199 E upgadata.up7723: Invalid resource ID 0x00000000.
07-19 23:00:31.940 11999 12199 E upgadata.up7723: Invalid resource ID 0x00000000.
07-19 23:00:31.941 11999 12199 E upgadata.up7723: Invalid resource ID 0x00000000.
07-19 23:00:31.941 11999 12199 E upgadata.up7723: Invalid resource ID 0x00000000.
07-19 23:00:31.941 11999 12199 E upgadata.up7723: Invalid resource ID 0x00000000.
07-19 23:00:31.942 11999 12199 E upgadata.up7723: Invalid resource ID 0x00000000.
07-19 23:00:31.949 11999 12199 E upgadata.up7723: Invalid resource ID 0x00000000.
07-19 23:00:31.949 11999 12199 E upgadata.up7723: Invalid resource ID 0x00000000.
07-19 23:00:31.949 11999 12199 E upgadata.up7723: Invalid resource ID 0x00000000.
07-19 23:00:31.949 11999 12199 E upgadata.up7723: Invalid resource ID 0x00000000.
07-19 23:00:31.952 11999 12199 E upgadata.up7723: Invalid resource ID 0x00000000.
07-19 23:00:31.952 11999 12199 E upgadata.up7723: Invalid resource ID 0x00000000.
07-19 23:00:31.952 11999 12199 E upgadata.up7723: Invalid resource ID 0x00000000.
07-19 23:00:31.952 11999 12199 E upgadata.up7723: Invalid resource ID 0x00000000.
07-19 23:00:31.966 11999 12199 E upgadata.up7723: Invalid resource ID 0x00000000.
07-19 23:00:31.966 11999 12199 E upgadata.up7723: Invalid resource ID 0x00000000.
07-19 23:00:31.966 11999 12199 E upgadata.up7723: Invalid resource ID 0x00000000.
07-19 23:00:31.966 11999 12199 E upgadata.up7723: Invalid resource ID 0x00000000.
07-19 23:00:32.001 11999 12199 E upgadata.up7723: Invalid resource ID 0x00000000.
07-19 23:00:32.002 11999 12199 E upgadata.up7723: Invalid resource ID 0x00000000.
07-19 23:00:32.002 11999 12199 E upgadata.up7723: Invalid resource ID 0x00000000.
07-19 23:00:32.002 11999 12199 E upgadata.up7723: Invalid resource ID 0x00000000.
07-19 23:00:32.053 11999 12199 E upgadata.up7723: Invalid resource ID 0x00000000.
07-19 23:00:32.053 11999 12199 E upgadata.up7723: Invalid resource ID 0x00000000.
07-19 23:00:32.054 11999 12199 E upgadata.up7723: Invalid resource ID 0x00000000.
07-19 23:00:32.054 11999 12199 E upgadata.up7723: Invalid resource ID 0x00000000.
07-19 23:00:32.091 11999 12353 D TrafficStats: tagSocket(185) with statsTag=0xffffffff, statsUid=-1
07-19 23:00:32.092 11999 12202 D TrafficStats: tagSocket(231) with statsTag=0xffffffff, statsUid=-1
07-19 23:00:32.120 11999 12199 E upgadata.up7723: Invalid resource ID 0x00000000.
07-19 23:00:32.120 11999 12199 E upgadata.up7723: Invalid resource ID 0x00000000.
07-19 23:00:32.120 11999 12199 E upgadata.up7723: Invalid resource ID 0x00000000.
07-19 23:00:32.120 11999 12199 E upgadata.up7723: Invalid resource ID 0x00000000.
07-19 23:00:32.122 11999 12344 D TrafficStats: tagSocket(101) with statsTag=0xffffffff, statsUid=-1
07-19 23:00:32.122 11999 12358 D TrafficStats: tagSocket(103) with statsTag=0xffffffff, statsUid=-1
07-19 23:00:32.147 11999 12360 D TrafficStats: tagSocket(100) with statsTag=0xffffffff, statsUid=-1
07-19 23:00:32.207 11999 12338 D TrafficStats: tagSocket(179) with statsTag=0xffffffff, statsUid=-1
07-19 23:00:32.212 11999 12358 D TrafficStats: tagSocket(137) with statsTag=0xffffffff, statsUid=-1
07-19 23:00:35.219 11999 12056 D ContentCatcher_injector: Interceptor : notifyActivityPause: com.upgadata.up7723@com.upgadata.up7723.main.activity.HomeActivity@67335419
07-19 23:00:35.219 11999 12056 D ContentCatcher_catcher: CatcherHolder : mCatcherList size: 0
07-19 23:00:35.220 11999 12074 W SQLiteLog: (28) double-quoted string literal: "
07-19 23:00:35.220 11999 12074 W SQLiteLog: (28) double-quoted string literal: "C2EDB5F739FFF341B23B9F072D0F8979"
07-19 23:00:35.232 11999 11999 D DecorView[]: getWindowModeFromSystem windowmode is 1
07-19 23:00:35.235 11999 12056 D ContentCatcher_injector: Interceptor : Init Interceptor for Activity com.upgadata.up7723.classic.NewClassicTagGameActivity@7767ca0
07-19 23:00:35.236 11999 11999 D ScrollerOptimizationManager: registerConfigChangedListener
07-19 23:00:35.236 11999 12056 D ViewContentFactory: initViewContentFetcherClass
07-19 23:00:35.236 11999 12056 I ContentCatcher: ViewContentFetcher : ViewContentFetcher
07-19 23:00:35.236 11999 12056 D ViewContentFactory: createInterceptor took 0ms
07-19 23:00:35.236 11999 12056 D ContentCatcher_injector: Interceptor : notifyActivityCreate: com.upgadata.up7723@com.upgadata.up7723.classic.NewClassicTagGameActivity@125205664
07-19 23:00:35.236 11999 12056 E ContentCatcherManager: failed to get ContentCatcherService.
07-19 23:00:35.236 11999 12056 E ContentCatcherManager: failed to get ContentCatcherService.
07-19 23:00:35.236 11999 12056 D ContentCatcher_injector: Interceptor : NOT interest in this page: com.upgadata.up7723@com.upgadata.up7723.classic.NewClassicTagGameActivity@125205664
07-19 23:00:35.236 11999 12056 D ContentCatcher_catcher: CatcherHolder : mCatcherList size: 0
07-19 23:00:35.255 11999 11999 D ScrollerOptimizationManager: registerConfigChangedListener
07-19 23:00:35.259 11999 12056 D ContentCatcher_injector: Interceptor : notifyActivityStart: com.upgadata.up7723@com.upgadata.up7723.classic.NewClassicTagGameActivity@125205664
07-19 23:00:35.259 11999 12056 D ContentCatcher_catcher: CatcherHolder : mCatcherList size: 0
07-19 23:00:35.259 11999 12056 D ContentCatcher_injector: Interceptor : notifyActivityResume: com.upgadata.up7723@com.upgadata.up7723.classic.NewClassicTagGameActivity@125205664
07-19 23:00:35.259 11999 12056 D ContentCatcher_catcher: CatcherHolder : mCatcherList size: 0
07-19 23:00:35.262 11999 12074 W SQLiteLog: (28) double-quoted string literal: "C2EDB5F739FFF341B23B9F072D0F8979"
07-19 23:00:35.262 11999 12074 W SQLiteLog: (28) double-quoted string literal: ""
07-19 23:00:35.262 11999 12074 W SQLiteLog: (28) double-quoted string literal: "C2EDB5F739FFF341B23B9F072D0F8979"
07-19 23:00:35.262 11999 12074 W SQLiteLog: (28) double-quoted string literal: "-1"
07-19 23:00:35.282 11999 12041 E OpenGLRenderer: Unable to match the desired swap behavior.
07-19 23:00:35.283 11999 11999 D VRI[NewClassicTagGameActivity]: vri.reportNextDraw android.view.ViewRootImpl.performTraversals:4279 android.view.ViewRootImpl.doTraversal:2919 android.view.ViewRootImpl$TraversalRunnable.run:10188 android.view.Choreographer$CallbackRecord.run:1623 android.view.Choreographer$CallbackRecord.run:1632
07-19 23:00:35.283 11999 11999 D VRI[NewClassicTagGameActivity]: vri.Setup new sync=wmsSync-VRI[NewClassicTagGameActivity]#8
07-19 23:00:35.285 11999 12041 D OpenGLRenderer: makeCurrent grContext:0x74fce8e560 reset mTextureAvailable
07-19 23:00:35.287 11999 11999 D VRI[NewClassicTagGameActivity]: vri.reportDrawFinished
07-19 23:00:35.308 11999 11999 I HandWritingStubImpl: refreshLastKeyboardType: 1
07-19 23:00:35.308 11999 11999 I HandWritingStubImpl: getCurrentKeyboardType: 1
07-19 23:00:35.406 11999 11999 D ScrollerOptimizationManager: registerConfigChangedListener
07-19 23:00:35.427 11999 11999 D ScrollerOptimizationManager: registerConfigChangedListener
07-19 23:00:35.433 11999 11999 D ScrollerOptimizationManager: registerConfigChangedListener
07-19 23:00:35.443 11999 11999 D ScrollerOptimizationManager: registerConfigChangedListener
07-19 23:00:35.450 11999 11999 D ScrollerOptimizationManager: registerConfigChangedListener
07-19 23:00:35.463 11999 11999 D ScrollerOptimizationManager: registerConfigChangedListener
07-19 23:00:35.468 11999 11999 D ScrollerOptimizationManager: registerConfigChangedListener
07-19 23:00:35.470 11999 11999 D ScrollerOptimizationManager: registerConfigChangedListener
07-19 23:00:35.494 11999 12338 D TrafficStats: tagSocket(178) with statsTag=0xffffffff, statsUid=-1
07-19 23:00:35.498 11999 12353 D TrafficStats: tagSocket(269) with statsTag=0xffffffff, statsUid=-1
07-19 23:00:35.501 11999 12360 D TrafficStats: tagSocket(280) with statsTag=0xffffffff, statsUid=-1
07-19 23:00:35.501 11999 12344 D TrafficStats: tagSocket(282) with statsTag=0xffffffff, statsUid=-1
07-19 23:00:35.501 11999 12202 D TrafficStats: tagSocket(284) with statsTag=0xffffffff, statsUid=-1
07-19 23:00:35.538 11999 12345 D TrafficStats: tagSocket(283) with statsTag=0xffffffff, statsUid=-1
07-19 23:00:35.539 11999 12358 D TrafficStats: tagSocket(231) with statsTag=0xffffffff, statsUid=-1
07-19 23:00:39.388 11999 11999 I MiInputConsumer: optimized resample latency: 2147393 ns
07-19 23:00:39.529 11999 11999 D SplineOverScroller: mFlingDuration: 1230,mFlingDistance: 304.651123046875,mVelocity: 705
07-19 23:00:40.416 11999 11999 D ScrollerOptimizationManager: registerConfigChangedListener
07-19 23:00:42.046 11999 12056 D ContentCatcher_injector: Interceptor : notifyActivityPause: com.upgadata.up7723@com.upgadata.up7723.classic.NewClassicTagGameActivity@125205664
07-19 23:00:42.046 11999 12056 D ContentCatcher_catcher: CatcherHolder : mCatcherList size: 0
07-19 23:00:42.059 11999 12074 W SQLiteLog: (28) double-quoted string literal: "
07-19 23:00:42.059 11999 12074 W SQLiteLog: (28) double-quoted string literal: "C2EDB5F739FFF341B23B9F072D0F8979"
07-19 23:00:42.066 11999 12056 D ContentCatcher_injector: Interceptor : notifyActivityResume: com.upgadata.up7723@com.upgadata.up7723.main.activity.HomeActivity@67335419
07-19 23:00:42.066 11999 12056 D ContentCatcher_catcher: CatcherHolder : mCatcherList size: 0
07-19 23:00:42.069 11999 12074 W SQLiteLog: (28) double-quoted string literal: "C2EDB5F739FFF341B23B9F072D0F8979"
07-19 23:00:42.069 11999 12074 W SQLiteLog: (28) double-quoted string literal: ""
07-19 23:00:42.069 11999 12074 W SQLiteLog: (28) double-quoted string literal: "C2EDB5F739FFF341B23B9F072D0F8979"
07-19 23:00:42.069 11999 12074 W SQLiteLog: (28) double-quoted string literal: "-1"
07-19 23:00:42.131 11999 11999 I HandWritingStubImpl: refreshLastKeyboardType: 1
07-19 23:00:42.131 11999 11999 I HandWritingStubImpl: getCurrentKeyboardType: 1
07-19 23:00:42.147 11999 12056 D ContentCatcher_injector: Interceptor : notifyActivityStop: com.upgadata.up7723@com.upgadata.up7723.classic.NewClassicTagGameActivity@125205664
07-19 23:00:42.147 11999 12056 D ContentCatcher_catcher: CatcherHolder : mCatcherList size: 0
07-19 23:00:42.147 11999 12056 D ContentCatcher_injector: Interceptor : notifyActivityDestroy: com.upgadata.up7723@com.upgadata.up7723.classic.NewClassicTagGameActivity@125205664
07-19 23:00:42.147 11999 12056 D ContentCatcher_catcher: CatcherHolder : mCatcherList size: 0
07-19 23:00:42.148 11999 12056 E ContentCatcherManager: failed to get ContentCatcherService.
07-19 23:00:42.148 11999 11999 W WindowOnBackDispatcher: sendCancelIfRunning: isInProgress=falsecallback=android.view.ViewRootImpl$ $ExternalSyntheticLambda22@3a2d29f
07-19 23:00:44.083 11999 12074 W SQLiteLog: (28) double-quoted string literal: "
07-19 23:00:44.083 11999 12074 W SQLiteLog: (28) double-quoted string literal: "C2EDB5F739FFF341B23B9F072D0F8979"
07-19 23:00:44.086 11999 12056 D ContentCatcher_injector: Interceptor : notifyActivityPause: com.upgadata.up7723@com.upgadata.up7723.main.activity.HomeActivity@67335419
07-19 23:00:44.086 11999 12056 D ContentCatcher_catcher: CatcherHolder : mCatcherList size: 0
07-19 23:00:44.092 11999 11999 D DecorView[]: getWindowModeFromSystem windowmode is 1
07-19 23:00:44.094 11999 12056 D ContentCatcher_injector: Interceptor : Init Interceptor for Activity com.upgadata.up7723.classic.NewClassicTagGameActivity@6976152
07-19 23:00:44.094 11999 12056 D ViewContentFactory: initViewContentFetcherClass
07-19 23:00:44.094 11999 12056 I ContentCatcher: ViewContentFetcher : ViewContentFetcher
07-19 23:00:44.094 11999 12056 D ViewContentFactory: createInterceptor took 0ms
07-19 23:00:44.094 11999 12056 D ContentCatcher_injector: Interceptor : notifyActivityCreate: com.upgadata.up7723@com.upgadata.up7723.classic.NewClassicTagGameActivity@110584146
07-19 23:00:44.094 11999 11999 D ScrollerOptimizationManager: registerConfigChangedListener
07-19 23:00:44.094 11999 12056 E ContentCatcherManager: failed to get ContentCatcherService.
07-19 23:00:44.094 11999 12056 E ContentCatcherManager: failed to get ContentCatcherService.
07-19 23:00:44.094 11999 12056 D ContentCatcher_injector: Interceptor : NOT interest in this page: com.upgadata.up7723@com.upgadata.up7723.classic.NewClassicTagGameActivity@110584146
07-19 23:00:44.094 11999 12056 D ContentCatcher_catcher: CatcherHolder : mCatcherList size: 0
07-19 23:00:44.099 11999 11999 D ScrollerOptimizationManager: registerConfigChangedListener
07-19 23:00:44.103 11999 12056 D ContentCatcher_injector: Interceptor : notifyActivityStart: com.upgadata.up7723@com.upgadata.up7723.classic.NewClassicTagGameActivity@110584146
07-19 23:00:44.103 11999 12056 D ContentCatcher_catcher: CatcherHolder : mCatcherList size: 0
07-19 23:00:44.104 11999 12056 D ContentCatcher_injector: Interceptor : notifyActivityResume: com.upgadata.up7723@com.upgadata.up7723.classic.NewClassicTagGameActivity@110584146
07-19 23:00:44.104 11999 12056 D ContentCatcher_catcher: CatcherHolder : mCatcherList size: 0
07-19 23:00:44.107 11999 12074 W SQLiteLog: (28) double-quoted string literal: "C2EDB5F739FFF341B23B9F072D0F8979"
07-19 23:00:44.107 11999 12074 W SQLiteLog: (28) double-quoted string literal: ""
07-19 23:00:44.107 11999 12074 W SQLiteLog: (28) double-quoted string literal: "C2EDB5F739FFF341B23B9F072D0F8979"
07-19 23:00:44.107 11999 12074 W SQLiteLog: (28) double-quoted string literal: "-1"
07-19 23:00:44.125 11999 12041 E OpenGLRenderer: Unable to match the desired swap behavior.
07-19 23:00:44.126 11999 11999 D ScrollerOptimizationManager: registerConfigChangedListener
07-19 23:00:44.127 11999 11999 D ScrollerOptimizationManager: registerConfigChangedListener
07-19 23:00:44.128 11999 11999 D ScrollerOptimizationManager: registerConfigChangedListener
07-19 23:00:44.129 11999 11999 D ScrollerOptimizationManager: registerConfigChangedListener
07-19 23:00:44.130 11999 11999 D ScrollerOptimizationManager: registerConfigChangedListener
07-19 23:00:44.130 11999 11999 D ScrollerOptimizationManager: registerConfigChangedListener
07-19 23:00:44.153 11999 11999 W ziparchive: Unable to open '/data/user/0/com.upgadata.up7723/bzBox/data/app/com.meguming.ko97mugen/base.apk': No such file or directory
07-19 23:00:44.153 11999 11999 E upgadata.up7723: Failed to open APK '/data/user/0/com.upgadata.up7723/bzBox/data/app/com.meguming.ko97mugen/base.apk': I/O error
07-19 23:00:44.155 11999 11999 W PackageManager: Failure to parse package archive
07-19 23:00:44.155 11999 11999 W PackageManager: android.content.pm.PackageParser$PackageParserException: Failed to parse /data/user/0/com.upgadata.up7723/bzBox/data/app/com.meguming.ko97mugen/base.apk
07-19 23:00:44.155 11999 11999 W PackageManager: at android.content.pm.PackageParser.parseApkLiteInner(PackageParser.java:1506)
07-19 23:00:44.155 11999 11999 W PackageManager: at android.content.pm.PackageParser.parseApkLite(PackageParser.java:1477)
07-19 23:00:44.155 11999 11999 W PackageManager: at android.content.pm.PackageParser.parseMonolithicPackageLite(PackageParser.java:980)
07-19 23:00:44.155 11999 11999 W PackageManager: at android.content.pm.PackageParser.parseMonolithicPackage(PackageParser.java:1189)
07-19 23:00:44.155 11999 11999 W PackageManager: at android.content.pm.PackageParser.parsePackage(PackageParser.java:1103)
07-19 23:00:44.155 11999 11999 W PackageManager: at android.content.pm.PackageManager.getPackageArchiveInfo(PackageManager.java:8376)
07-19 23:00:44.155 11999 11999 W PackageManager: at android.content.pm.PackageManager.getPackageArchiveInfo(PackageManager.java:8353)
07-19 23:00:44.155 11999 11999 W PackageManager: at com.upgadata.up7723.install.ApkInstallUtils.z(ApkInstallUtils.kt:13)
07-19 23:00:44.155 11999 11999 W PackageManager: at com.upgadata.up7723.install.ApkInstallUtils$isBlackBoxGameInstalled$3.invoke(ApkIns tallUtils.kt:3)
07-19 23:00:44.155 11999 11999 W PackageManager: at com.upgadata.up7723.install.ApkInstallUtils$isBlackBoxGameInstalled$3.invoke(ApkIns tallUtils.kt:1)
07-19 23:00:44.155 11999 11999 W PackageManager: at com.upgadata.up7723.install.o.c(CommonUtils.kt:14)
07-19 23:00:44.155 11999 11999 W PackageManager: at com.upgadata.up7723.install.ApkInstallUtils.v(ApkInstallUtils.kt:5)
07-19 23:00:44.155 11999 11999 W PackageManager: at com.upgadata.up7723.widget.view.DownLoadView.setDownloadState(DownLoadView.java:104 )
07-19 23:00:44.155 11999 11999 W PackageManager: at com.upgadata.up7723.widget.view.DownLoadView.R(DownLoadView.java:10)
07-19 23:00:44.155 11999 11999 W PackageManager: at com.upgadata.up7723.widget.view.DownLoadView.p0(DownLoadView.java:18)
07-19 23:00:44.155 11999 11999 W PackageManager: at com.upgadata.up7723.widget.view.DownLoadView.setData(DownLoadView.java:129)
07-19 23:00:44.155 11999 11999 W PackageManager: at bzdevicesinfo.kr0$b.d(TagNormalGameViewBinder.java:28)
07-19 23:00:44.155 11999 11999 W PackageManager: at bzdevicesinfo.kr0.m(TagNormalGameViewBinder.java:1)
07-19 23:00:44.155 11999 11999 W PackageManager: at bzdevicesinfo.kr0.d(TagNormalGameViewBinder.java:1)
07-19 23:00:44.155 11999 11999 W PackageManager: at me.drakeet.multitype.d.e(ItemViewBinder.java:1)
07-19 23:00:44.155 11999 11999 W PackageManager: at me.drakeet.multitype.f.onBindViewHolder(MultiTypeAdapter.java:4)
07-19 23:00:44.155 11999 11999 W PackageManager: at androidx.recyclerview.widget.RecyclerView$Adapter.bindViewHolder(RecyclerView.java: 6)
07-19 23:00:44.155 11999 11999 W PackageManager: at androidx.recyclerview.widget.RecyclerView$Recycler.B(RecyclerView.java:6)
07-19 23:00:44.155 11999 11999 W PackageManager: at androidx.recyclerview.widget.RecyclerView$Recycler.C(RecyclerView.java:55)
07-19 23:00:44.155 11999 11999 W PackageManager: at androidx.recyclerview.widget.RecyclerView$Recycler.l(RecyclerView.java:1)
07-19 23:00:44.155 11999 11999 W PackageManager: at androidx.recyclerview.widget.RecyclerView$Recycler.getViewForPosition(RecyclerView. java:1)
07-19 23:00:44.155 11999 11999 W PackageManager: at androidx.recyclerview.widget.LinearLayoutManager$LayoutState.c(LinearLayoutManager. java:3)
07-19 23:00:44.155 11999 11999 W PackageManager: at androidx.recyclerview.widget.LinearLayoutManager.layoutChunk(LinearLayoutManager.ja va:1)
07-19 23:00:44.155 11999 11999 W PackageManager: at androidx.recyclerview.widget.LinearLayoutManager.fill(LinearLayoutManager.java:9)
07-19 23:00:44.155 11999 11999 W PackageManager: at androidx.recyclerview.widget.LinearLayoutManager.onLayoutChildren(LinearLayoutManag er.java:64)
07-19 23:00:44.155 11999 11999 W PackageManager: at androidx.recyclerview.widget.RecyclerView.dispatchLayoutStep2(RecyclerView.java:8)
07-19 23:00:44.155 11999 11999 W PackageManager: at androidx.recyclerview.widget.RecyclerView.dispatchLayout(RecyclerView.java:7)
07-19 23:00:44.155 11999 11999 W PackageManager: at androidx.recyclerview.widget.RecyclerView.onLayout(RecyclerView.java:2)
07-19 23:00:44.155 11999 11999 W PackageManager: at android.view.View.layout(View.java:25227)
07-19 23:00:44.155 11999 11999 W PackageManager: at android.view.ViewGroup.layout(ViewGroup.java:6515)
07-19 23:00:44.155 11999 11999 W PackageManager: at android.widget.RelativeLayout.onLayout(RelativeLayout.java:1103)
07-19 23:00:44.155 11999 11999 W PackageManager: at android.view.View.layout(View.java:25227)
07-19 23:00:44.155 11999 11999 W PackageManager: at android.view.ViewGroup.layout(ViewGroup.java:6515)
07-19 23:00:44.155 11999 11999 W PackageManager: at android.widget.LinearLayout.setChildFrame(LinearLayout.java:1891)
07-19 23:00:44.155 11999 11999 W PackageManager: at android.widget.LinearLayout.layoutVertical(LinearLayout.java:1729)
07-19 23:00:44.155 11999 11999 W PackageManager: at android.widget.LinearLayout.onLayout(LinearLayout.java:1638)
07-19 23:00:44.155 11999 11999 W PackageManager: at android.view.View.layout(View.java:25227)
07-19 23:00:44.155 11999 11999 W PackageManager: at android.view.ViewGroup.layout(ViewGroup.java:6515)
07-19 23:00:44.155 11999 11999 W PackageManager: at android.widget.FrameLayout.layoutChildren(FrameLayout.java:332)
07-19 23:00:44.155 11999 11999 W PackageManager: at android.widget.FrameLayout.onLayout(FrameLayout.java:270)
07-19 23:00:44.155 11999 11999 W PackageManager: at android.view.View.layout(View.java:25227)
07-19 23:00:44.155 11999 11999 W PackageManager: at android.view.ViewGroup.layout(ViewGroup.java:6515)
07-19 23:00:44.155 11999 11999 W PackageManager: at android.widget.LinearLayout.setChildFrame(LinearLayout.java:1891)
07-19 23:00:44.155 11999 11999 W PackageManager: at android.widget.LinearLayout.layoutVertical(LinearLayout.java:1729)
07-19 23:00:44.155 11999 11999 W PackageManager: at android.widget.LinearLayout.onLayout(LinearLayout.java:1638)
07-19 23:00:44.155 11999 11999 W PackageManager: at android.view.View.layout(View.java:25227)
07-19 23:00:44.155 11999 11999 W PackageManager: at android.view.ViewGroup.layout(ViewGroup.java:6515)
07-19 23:00:44.155 11999 11999 W PackageManager: at android.widget.FrameLayout.layoutChildren(FrameLayout.java:332)
07-19 23:00:44.155 11999 11999 W PackageManager: at android.widget.FrameLayout.onLayout(FrameLayout.java:270)
07-19 23:00:44.155 11999 11999 W PackageManager: at android.view.View.layout(View.java:25227)
07-19 23:00:44.155 11999 11999 W PackageManager: at android.view.ViewGroup.layout(ViewGroup.java:6515)
07-19 23:00:44.155 11999 11999 W PackageManager: at android.widget.LinearLayout.setChildFrame(LinearLayout.java:1891)
07-19 23:00:44.155 11999 11999 W PackageManager: at android.widget.LinearLayout.layoutVertical(LinearLayout.java:1729)
07-19 23:00:44.155 11999 11999 W PackageManager: at android.widget.LinearLayout.onLayout(LinearLayout.java:1638)
07-19 23:00:44.155 11999 11999 W PackageManager: at android.view.View.layout(View.java:25227)
07-19 23:00:44.155 11999 11999 W PackageManager: at android.view.ViewGroup.layout(ViewGroup.java:6515)
07-19 23:00:44.155 11999 11999 W PackageManager: at me.imid.swipebacklayout.lib.SwipeBackLayout.onLayout(SwipeBackLayout.java:6)
07-19 23:00:44.155 11999 11999 W PackageManager: at android.view.View.layout(View.java:25227)
07-19 23:00:44.155 11999 11999 W PackageManager: at android.view.ViewGroup.layout(ViewGroup.java:6515)
07-19 23:00:44.155 11999 11999 W PackageManager: at android.widget.FrameLayout.layoutChildren(FrameLayout.java:332)
07-19 23:00:44.155 11999 11999 W PackageManager: at android.widget.FrameLayout.onLayout(FrameLayout.java:270)
07-19 23:00:44.155 11999 11999 W PackageManager: at com.android.internal.policy.DecorView.onLayout(DecorView.java:852)
07-19 23:00:44.155 11999 11999 W PackageManager: at android.view.View.layout(View.java:25227)
07-19 23:00:44.155 11999 11999 W PackageManager: at android.view.ViewGroup.layout(ViewGroup.java:6515)
07-19 23:00:44.155 11999 11999 W PackageManager: at android.view.ViewRootImpl.performLayout(ViewRootImpl.java:4780)
07-19 23:00:44.155 11999 11999 W PackageManager: at android.view.ViewRootImpl.performTraversals(ViewRootImpl.java:4089)
07-19 23:00:44.155 11999 11999 W PackageManager: at android.view.ViewRootImpl.doTraversal(ViewRootImpl.java:2919)
07-19 23:00:44.155 11999 11999 W PackageManager: at android.view.ViewRootImpl$TraversalRunnable.run(ViewRootImpl.java:10188)
07-19 23:00:44.155 11999 11999 W PackageManager: at android.view.Choreographer$CallbackRecord.run(Choreographer.java:1623)
07-19 23:00:44.155 11999 11999 W PackageManager: at android.view.Choreographer$CallbackRecord.run(Choreographer.java:1632)
07-19 23:00:44.155 11999 11999 W PackageManager: at android.view.Choreographer.doCallbacks(Choreographer.java:1172)
07-19 23:00:44.155 11999 11999 W PackageManager: at android.view.Choreographer.doFrame(Choreographer.java:1076)
07-19 23:00:44.155 11999 11999 W PackageManager: at android.view.Choreographer$FrameDisplayEventReceiver.run(Choreographer.java:1602)
07-19 23:00:44.155 11999 11999 W PackageManager: at android.os.Handler.handleCallback(Handler.java:958)
07-19 23:00:44.155 11999 11999 W PackageManager: at android.os.Handler.dispatchMessage(Handler.java:99)
07-19 23:00:44.155 11999 11999 W PackageManager: at android.os.Looper.loopOnce(Looper.java:224)
07-19 23:00:44.155 11999 11999 W PackageManager: at android.os.Looper.loop(Looper.java:318)
07-19 23:00:44.155 11999 11999 W PackageManager: at android.app.ActivityThread.main(ActivityThread.java:8653)
07-19 23:00:44.155 11999 11999 W PackageManager: at java.lang.reflect.Method.invoke(Native Method)
07-19 23:00:44.155 11999 11999 W PackageManager: at com.android.internal.os.RuntimeInit$MethodAndArgsCaller.run(RuntimeInit.java:561)
07-19 23:00:44.155 11999 11999 W PackageManager: at com.android.internal.os.ZygoteInit.main(ZygoteInit.java:1013)
07-19 23:00:44.156 11999 11999 D VRI[NewClassicTagGameActivity]: vri.reportNextDraw android.view.ViewRootImpl.performTraversals:4279 android.view.ViewRootImpl.doTraversal:2919 android.view.ViewRootImpl$TraversalRunnable.run:10188 android.view.Choreographer$CallbackRecord.run:1623 android.view.Choreographer$CallbackRecord.run:1632
07-19 23:00:44.156 11999 11999 D VRI[NewClassicTagGameActivity]: vri.Setup new sync=wmsSync-VRI[NewClassicTagGameActivity]#10
07-19 23:00:44.159 11999 12353 D TrafficStats: tagSocket(239) with statsTag=0xffffffff, statsUid=-1
07-19 23:00:44.160 11999 12041 D OpenGLRenderer: makeCurrent grContext:0x74fce8e560 reset mTextureAvailable
07-19 23:00:44.165 11999 11999 D VRI[NewClassicTagGameActivity]: vri.reportDrawFinished
07-19 23:00:44.199 11999 11999 W ziparchive: Unable to open '/data/user/0/com.upgadata.up7723/bzBox/data/app/com.meguming.ko97mugen/base.apk': No such file or directory
07-19 23:00:44.199 11999 11999 E upgadata.up7723: Failed to open APK '/data/user/0/com.upgadata.up7723/bzBox/data/app/com.meguming.ko97mugen/base.apk': I/O error
07-19 23:00:44.199 11999 11999 W PackageManager: Failure to parse package archive
07-19 23:00:44.199 11999 11999 W PackageManager: android.content.pm.PackageParser$PackageParserException: Failed to parse /data/user/0/com.upgadata.up7723/bzBox/data/app/com.meguming.ko97mugen/base.apk
07-19 23:00:44.199 11999 11999 W PackageManager: at android.content.pm.PackageParser.parseApkLiteInner(PackageParser.java:1506)
07-19 23:00:44.199 11999 11999 W PackageManager: at android.content.pm.PackageParser.parseApkLite(PackageParser.java:1477)
07-19 23:00:44.199 11999 11999 W PackageManager: at android.content.pm.PackageParser.parseMonolithicPackageLite(PackageParser.java:980)
07-19 23:00:44.199 11999 11999 W PackageManager: at android.content.pm.PackageParser.parseMonolithicPackage(PackageParser.java:1189)
07-19 23:00:44.199 11999 11999 W PackageManager: at android.content.pm.PackageParser.parsePackage(PackageParser.java:1103)
07-19 23:00:44.199 11999 11999 W PackageManager: at android.content.pm.PackageManager.getPackageArchiveInfo(PackageManager.java:8376)
07-19 23:00:44.199 11999 11999 W PackageManager: at android.content.pm.PackageManager.getPackageArchiveInfo(PackageManager.java:8353)
07-19 23:00:44.199 11999 11999 W PackageManager: at com.upgadata.up7723.install.ApkInstallUtils.z(ApkInstallUtils.kt:13)
07-19 23:00:44.199 11999 11999 W PackageManager: at com.upgadata.up7723.install.ApkInstallUtils$isBlackBoxGameInstalled$3.invoke(ApkIns tallUtils.kt:3)
07-19 23:00:44.199 11999 11999 W PackageManager: at com.upgadata.up7723.install.ApkInstallUtils$isBlackBoxGameInstalled$3.invoke(ApkIns tallUtils.kt:1)
07-19 23:00:44.199 11999 11999 W PackageManager: at com.upgadata.up7723.install.o.c(CommonUtils.kt:14)
07-19 23:00:44.199 11999 11999 W PackageManager: at com.upgadata.up7723.install.ApkInstallUtils.v(ApkInstallUtils.kt:5)
07-19 23:00:44.199 11999 11999 W PackageManager: at com.upgadata.up7723.widget.view.DownLoadView.setDownloadState(DownLoadView.java:104 )
07-19 23:00:44.199 11999 11999 W PackageManager: at com.upgadata.up7723.widget.view.DownLoadView.R(DownLoadView.java:10)
07-19 23:00:44.199 11999 11999 W PackageManager: at com.upgadata.up7723.widget.view.DownLoadView.p0(DownLoadView.java:18)
07-19 23:00:44.199 11999 11999 W PackageManager: at com.upgadata.up7723.widget.view.DownLoadView.onWindowFocusChanged(DownLoadView.java :6)
07-19 23:00:44.199 11999 11999 W PackageManager: at android.view.View.dispatchWindowFocusChanged(View.java:16153)
07-19 23:00:44.199 11999 11999 W PackageManager: at android.view.ViewGroup.dispatchWindowFocusChanged(ViewGroup.java:1524)
07-19 23:00:44.199 11999 11999 W PackageManager: at android.view.ViewGroup.dispatchWindowFocusChanged(ViewGroup.java:1528)
07-19 23:00:44.199 11999 11999 W PackageManager: at android.view.ViewGroup.dispatchWindowFocusChanged(ViewGroup.java:1528)
07-19 23:00:44.199 11999 11999 W PackageManager: at android.view.ViewGroup.dispatchWindowFocusChanged(ViewGroup.java:1528)
07-19 23:00:44.199 11999 11999 W PackageManager: at android.view.ViewGroup.dispatchWindowFocusChanged(ViewGroup.java:1528)
07-19 23:00:44.199 11999 11999 W PackageManager: at android.view.ViewGroup.dispatchWindowFocusChanged(ViewGroup.java:1528)
07-19 23:00:44.199 11999 11999 W PackageManager: at android.view.ViewGroup.dispatchWindowFocusChanged(ViewGroup.java:1528)
07-19 23:00:44.199 11999 11999 W PackageManager: at android.view.ViewGroup.dispatchWindowFocusChanged(ViewGroup.java:1528)
07-19 23:00:44.199 11999 11999 W PackageManager: at android.view.ViewGroup.dispatchWindowFocusChanged(ViewGroup.java:1528)
07-19 23:00:44.199 11999 11999 W PackageManager: at android.view.ViewGroup.dispatchWindowFocusChanged(ViewGroup.java:1528)
07-19 23:00:44.199 11999 11999 W PackageManager: at android.view.ViewGroup.dispatchWindowFocusChanged(ViewGroup.java:1528)
07-19 23:00:44.199 11999 11999 W PackageManager: at android.view.ViewGroup.dispatchWindowFocusChanged(ViewGroup.java:1528)
07-19 23:00:44.199 11999 11999 W PackageManager: at android.view.ViewRootImpl.dispatchFocusEvent(ViewRootImpl.java:4578)
07-19 23:00:44.199 11999 11999 W PackageManager: at android.view.ViewRootImpl.handleWindowFocusChanged(ViewRootImpl.java:4482)
07-19 23:00:44.199 11999 11999 W PackageManager: at android.view.ViewRootImpl.-$$Nest$mhandleWindowFocusChanged(Unknown Source:0)
07-19 23:00:44.199 11999 11999 W PackageManager: at android.view.ViewRootImpl$ViewRootHandler.handleMessageImpl(ViewRootImpl.java:6659)
07-19 23:00:44.199 11999 11999 W PackageManager: at android.view.ViewRootImpl$ViewRootHandler.handleMessage(ViewRootImpl.java:6550)
07-19 23:00:44.199 11999 11999 W PackageManager: at android.os.Handler.dispatchMessage(Handler.java:106)
07-19 23:00:44.199 11999 11999 W PackageManager: at android.os.Looper.loopOnce(Looper.java:224)
07-19 23:00:44.199 11999 11999 W PackageManager: at android.os.Looper.loop(Looper.java:318)
07-19 23:00:44.199 11999 11999 W PackageManager: at android.app.ActivityThread.main(ActivityThread.java:8653)
07-19 23:00:44.199 11999 11999 W PackageManager: at java.lang.reflect.Method.invoke(Native Method)
07-19 23:00:44.199 11999 11999 W PackageManager: at com.android.internal.os.RuntimeInit$MethodAndArgsCaller.run(RuntimeInit.java:561)
07-19 23:00:44.199 11999 11999 W PackageManager: at com.android.internal.os.ZygoteInit.main(ZygoteInit.java:1013)
07-19 23:00:44.199 11999 11999 I HandWritingStubImpl: refreshLastKeyboardType: 1
07-19 23:00:44.199 11999 11999 I HandWritingStubImpl: getCurrentKeyboardType: 1
07-19 23:00:44.248 11999 12008 I upgadata.up7723: This is sticky GC, maxfree is 33554432 minfree is 8388608
07-19 23:00:45.417 11999 11999 D ScrollerOptimizationManager: registerConfigChangedListener
07-19 23:00:46.467 11999 12056 D ContentCatcher_injector: Interceptor : notifyActivityPause: com.upgadata.up7723@com.upgadata.up7723.classic.NewClassicTagGameActivity@110584146
07-19 23:00:46.467 11999 12056 D ContentCatcher_catcher: CatcherHolder : mCatcherList size: 0
07-19 23:00:46.479 11999 12056 D ContentCatcher_injector: Interceptor : notifyActivityResume: com.upgadata.up7723@com.upgadata.up7723.main.activity.HomeActivity@67335419
07-19 23:00:46.479 11999 12056 D ContentCatcher_catcher: CatcherHolder : mCatcherList size: 0
07-19 23:00:46.485 11999 12074 W SQLiteLog: (28) double-quoted string literal: "
07-19 23:00:46.485 11999 12074 W SQLiteLog: (28) double-quoted string literal: "C2EDB5F739FFF341B23B9F072D0F8979"
07-19 23:00:46.490 11999 12074 W SQLiteLog: (28) double-quoted string literal: "C2EDB5F739FFF341B23B9F072D0F8979"
07-19 23:00:46.490 11999 12074 W SQLiteLog: (28) double-quoted string literal: ""
07-19 23:00:46.490 11999 12074 W SQLiteLog: (28) double-quoted string literal: "C2EDB5F739FFF341B23B9F072D0F8979"
07-19 23:00:46.490 11999 12074 W SQLiteLog: (28) double-quoted string literal: "-1"
07-19 23:00:46.523 11999 11999 I HandWritingStubImpl: refreshLastKeyboardType: 1
07-19 23:00:46.523 11999 11999 I HandWritingStubImpl: getCurrentKeyboardType: 1
07-19 23:00:46.536 11999 12056 D ContentCatcher_injector: Interceptor : notifyActivityStop: com.upgadata.up7723@com.upgadata.up7723.classic.NewClassicTagGameActivity@110584146
07-19 23:00:46.536 11999 12056 D ContentCatcher_catcher: CatcherHolder : mCatcherList size: 0
07-19 23:00:46.537 11999 12056 D ContentCatcher_injector: Interceptor : notifyActivityDestroy: com.upgadata.up7723@com.upgadata.up7723.classic.NewClassicTagGameActivity@110584146
07-19 23:00:46.537 11999 12056 D ContentCatcher_catcher: CatcherHolder : mCatcherList size: 0
07-19 23:00:46.538 11999 12056 E ContentCatcherManager: failed to get ContentCatcherService.
07-19 23:00:46.538 11999 11999 W WindowOnBackDispatcher: sendCancelIfRunning: isInProgress=falsecallback=android.view.ViewRootImpl$ $ExternalSyntheticLambda22@dc2d805
07-19 23:00:47.274 11999 12041 E OpenGLRenderer: Unable to match the desired swap behavior.
07-19 23:00:47.276 11999 11999 D VRI[HomeActivity]: vri.reportNextDraw android.view.ViewRootImpl.performTraversals:4279 android.view.ViewRootImpl.doTraversal:2919 android.view.ViewRootImpl$TraversalRunnable.run:10188 android.view.Choreographer$CallbackRecord.run:1623 android.view.Choreographer$CallbackRecord.run:1632
07-19 23:00:47.276 11999 11999 D VRI[HomeActivity]: vri.Setup new sync=wmsSync- VRI[HomeActivity]#12
07-19 23:00:47.277 11999 12041 D OpenGLRenderer: makeCurrent grContext:0x74fce8e560 reset mTextureAvailable
07-19 23:00:47.282 11999 11999 D VRI[HomeActivity]: vri.reportDrawFinished
07-19 23:00:48.102 11999 12074 W SQLiteLog: (28) double-quoted string literal: "
07-19 23:00:48.102 11999 12074 W SQLiteLog: (28) double-quoted string literal: "C2EDB5F739FFF341B23B9F072D0F8979"
07-19 23:00:48.106 11999 11999 E upgadata.up7723: No package ID ff found for resource ID 0xffffffff.
07-19 23:00:48.106 11999 11999 W System.err: android.content.res.Resources$NotFoundException: Resource ID #0xffffffff
07-19 23:00:48.107 11999 11999 W System.err: at android.content.res.ResourcesImpl.getValueForDensity(ResourcesImpl.java:280)
07-19 23:00:48.107 11999 11999 W System.err: at android.content.res.Resources.getDrawableForDensity(Resources.java:1042)
07-19 23:00:48.107 11999 11999 W System.err: at android.content.res.Resources.getDrawable(Resources.java:982)
07-19 23:00:48.107 11999 11999 W System.err: at android.content.Context.getDrawable(Context.java:959)
07-19 23:00:48.107 11999 11999 W System.err: at android.view.View.setBackgroundResource(View.java:26037)
07-19 23:00:48.107 11999 11999 W System.err: at com.upgadata.up7723.widget.view.HomeTitleBarView.i(HomeTitleBarView.java:20)
07-19 23:00:48.107 11999 11999 W System.err: at com.upgadata.up7723.widget.view.HomeTitleBarView.<init>(HomeTitleBarView.java:6)
07-19 23:00:48.107 11999 11999 W System.err: at com.upgadata.up7723.widget.view.HomeTitleBarView.<init>(HomeTitleBarView.java:2)
07-19 23:00:48.107 11999 11999 W System.err: at java.lang.reflect.Constructor.newInstance0(Native Method)
07-19 23:00:48.107 11999 11999 W System.err: at java.lang.reflect.Constructor.newInstance(Constructor.java:343)
07-19 23:00:48.107 11999 11999 W System.err: at android.view.LayoutInflater.createView(LayoutInflater.java:879)
07-19 23:00:48.107 11999 11999 W System.err: at android.view.LayoutInflater.createViewFromTag(LayoutInflater.java:1031)
07-19 23:00:48.107 11999 11999 W System.err: at android.view.LayoutInflater.createViewFromTag(LayoutInflater.java:986)
07-19 23:00:48.107 11999 11999 W System.err: at android.view.LayoutInflater.rInflate(LayoutInflater.java:1148)
07-19 23:00:48.107 11999 11999 W System.err: at android.view.LayoutInflater.rInflateChildren(LayoutInflater.java:1109)
07-19 23:00:48.107 11999 11999 W System.err: at android.view.LayoutInflater.inflate(LayoutInflater.java:707)
07-19 23:00:48.107 11999 11999 W System.err: at android.view.LayoutInflater.inflate(LayoutInflater.java:545)
07-19 23:00:48.107 11999 11999 W System.err: at bzdevicesinfo.qe0.onCreateView(HomeRankGameTabFragment.java:2)
07-19 23:00:48.107 11999 11999 W System.err: at androidx.fragment.app.Fragment.performCreateView(Fragment.java:4)
07-19 23:00:48.107 11999 11999 W System.err: at androidx.fragment.app.FragmentStateManager.f(FragmentStateManager.java:15)
07-19 23:00:48.107 11999 11999 W System.err: at androidx.fragment.app.FragmentStateManager.m(FragmentStateManager.java:19)
07-19 23:00:48.107 11999 11999 W System.err: at androidx.fragment.app.FragmentManager.a0(FragmentManager.java:34)
07-19 23:00:48.107 11999 11999 W System.err: at androidx.fragment.app.FragmentManager.T0(FragmentManager.java:10)
07-19 23:00:48.107 11999 11999 W System.err: at androidx.fragment.app.FragmentManager.X(FragmentManager.java:4)
07-19 23:00:48.107 11999 11999 W System.err: at androidx.fragment.app.FragmentManager$5.run(FragmentManager.java:1)
07-19 23:00:48.107 11999 11999 W System.err: at android.os.Handler.handleCallback(Handler.java:958)
07-19 23:00:48.108 11999 11999 W System.err: at android.os.Handler.dispatchMessage(Handler.java:99)
07-19 23:00:48.108 11999 11999 W System.err: at android.os.Looper.loopOnce(Looper.java:224)
07-19 23:00:48.108 11999 11999 W System.err: at android.os.Looper.loop(Looper.java:318)
07-19 23:00:48.108 11999 11999 W System.err: at android.app.ActivityThread.main(ActivityThread.java:8653)
07-19 23:00:48.108 11999 11999 W System.err: at java.lang.reflect.Method.invoke(Native Method)
07-19 23:00:48.108 11999 11999 W System.err: at com.android.internal.os.RuntimeInit$MethodAndArgsCaller.run(RuntimeInit.java:561)
07-19 23:00:48.108 11999 11999 W System.err: at com.android.internal.os.ZygoteInit.main(ZygoteInit.java:1013)
07-19 23:00:48.108 11999 11999 D ScrollerOptimizationManager: registerConfigChangedListener
07-19 23:00:49.242 11999 11999 W WindowOnBackDispatcher: sendCancelIfRunning: isInProgress=falsecallback=android.view.ViewRootImpl$ $ExternalSyntheticLambda22@84b0c3e
07-19 23:00:49.853 11999 12344 D TrafficStats: tagSocket(100) with statsTag=0xffffffff, statsUid=-1
07-19 23:00:49.854 11999 12360 D TrafficStats: tagSocket(183) with statsTag=0xffffffff, statsUid=-1
07-19 23:00:49.855 11999 12202 D TrafficStats: tagSocket(185) with statsTag=0xffffffff, statsUid=-1
07-19 23:00:50.082 11999 12008 I upgadata.up7723: This is non sticky GC, maxfree is 33554432 minfree is 8388608
07-19 23:00:50.131 11999 11999 W ziparchive: Unable to open '/data/user/0/com.upgadata.up7723/bzBox/data/app/com.sir.simulator.flightsimulatorp ro/base.apk': No such file or directory
07-19 23:00:50.131 11999 11999 E upgadata.up7723: Failed to open APK '/data/user/0/com.upgadata.up7723/bzBox/data/app/com.sir.simulator.flightsimulatorp ro/base.apk': I/O error
07-19 23:00:50.132 11999 11999 W PackageManager: Failure to parse package archive
07-19 23:00:50.132 11999 11999 W PackageManager: android.content.pm.PackageParser$PackageParserException: Failed to parse /data/user/0/com.upgadata.up7723/bzBox/data/app/com.sir.simulator.flightsimulatorpr o/base.apk
07-19 23:00:50.132 11999 11999 W PackageManager: at android.content.pm.PackageParser.parseApkLiteInner(PackageParser.java:1506)
07-19 23:00:50.132 11999 11999 W PackageManager: at android.content.pm.PackageParser.parseApkLite(PackageParser.java:1477)
07-19 23:00:50.132 11999 11999 W PackageManager: at android.content.pm.PackageParser.parseMonolithicPackageLite(PackageParser.java:980)
07-19 23:00:50.132 11999 11999 W PackageManager: at android.content.pm.PackageParser.parseMonolithicPackage(PackageParser.java:1189)
07-19 23:00:50.132 11999 11999 W PackageManager: at android.content.pm.PackageParser.parsePackage(PackageParser.java:1103)
07-19 23:00:50.132 11999 11999 W PackageManager: at android.content.pm.PackageManager.getPackageArchiveInfo(PackageManager.java:8376)
07-19 23:00:50.132 11999 11999 W PackageManager: at android.content.pm.PackageManager.getPackageArchiveInfo(PackageManager.java:8353)
07-19 23:00:50.132 11999 11999 W PackageManager: at com.upgadata.up7723.install.ApkInstallUtils.z(ApkInstallUtils.kt:13)
07-19 23:00:50.132 11999 11999 W PackageManager: at com.upgadata.up7723.install.ApkInstallUtils$isBlackBoxGameInstalled$3.invoke(ApkIns tallUtils.kt:3)
07-19 23:00:50.132 11999 11999 W PackageManager: at com.upgadata.up7723.install.ApkInstallUtils$isBlackBoxGameInstalled$3.invoke(ApkIns tallUtils.kt:1)
07-19 23:00:50.132 11999 11999 W PackageManager: at com.upgadata.up7723.install.o.c(CommonUtils.kt:14)
07-19 23:00:50.132 11999 11999 W PackageManager: at com.upgadata.up7723.install.ApkInstallUtils.v(ApkInstallUtils.kt:5)
07-19 23:00:50.132 11999 11999 W PackageManager: at com.upgadata.up7723.widget.view.DownLoadView.setDownloadState(DownLoadView.java:104 )
07-19 23:00:50.132 11999 11999 W PackageManager: at com.upgadata.up7723.widget.view.DownLoadView.R(DownLoadView.java:10)
07-19 23:00:50.132 11999 11999 W PackageManager: at com.upgadata.up7723.widget.view.DownLoadView.p0(DownLoadView.java:18)
07-19 23:00:50.132 11999 11999 W PackageManager: at com.upgadata.up7723.widget.view.DownLoadView.setData(DownLoadView.java:129)
07-19 23:00:50.132 11999 11999 W PackageManager: at com.upgadata.up7723.widget.x0.f(GameItemRankView.java:54)
07-19 23:00:50.132 11999 11999 W PackageManager: at com.upgadata.up7723.widget.x0.b(GameItemRankView.java:3)
07-19 23:00:50.132 11999 11999 W PackageManager: at com.upgadata.up7723.base.c.getView(BaseHolderAdapter.java:6)
07-19 23:00:50.132 11999 11999 W PackageManager: at android.widget.HeaderViewListAdapter.getView(HeaderViewListAdapter.java:224)
07-19 23:00:50.132 11999 11999 W PackageManager: at android.widget.AbsListView.obtainView(AbsListView.java:2516)
07-19 23:00:50.132 11999 11999 W PackageManager: at android.widget.ListView.makeAndAddView(ListView.java:2065)
07-19 23:00:50.132 11999 11999 W PackageManager: at android.widget.ListView.fillDown(ListView.java:791)
07-19 23:00:50.132 11999 11999 W PackageManager: at android.widget.ListView.fillFromTop(ListView.java:853)
07-19 23:00:50.132 11999 11999 W PackageManager: at android.widget.ListView.layoutChildren(ListView.java:1808)
