07-19 23:02:17.892 11999 11999 W PackageManager: at android.widget.LinearLayout.measureChildBeforeLayout(LinearLayout.java:1608)
07-19 23:02:17.892 11999 11999 W PackageManager: at android.widget.LinearLayout.measureVertical(LinearLayout.java:878)
07-19 23:02:17.892 11999 11999 W PackageManager: at android.widget.LinearLayout.onMeasure(LinearLayout.java:721)
07-19 23:02:17.892 11999 11999 W PackageManager: at android.view.View.measure(View.java:27984)
07-19 23:02:17.892 11999 11999 W PackageManager: at android.widget.ScrollView.measureChildWithMargins(ScrollView.java:1482)
07-19 23:02:17.892 11999 11999 W PackageManager: at android.widget.FrameLayout.onMeasure(FrameLayout.java:194)
07-19 23:02:17.892 11999 11999 W PackageManager: at android.widget.ScrollView.onMeasure(ScrollView.java:466)
07-19 23:02:17.892 11999 11999 W PackageManager: at android.view.View.measure(View.java:27984)
07-19 23:02:17.892 11999 11999 W PackageManager: at androidx.viewpager.widget.ViewPager.onMeasure(ViewPager.java:33)
07-19 23:02:17.892 11999 11999 W PackageManager: at android.view.View.measure(View.java:27984)
07-19 23:02:17.892 11999 11999 W PackageManager: at android.view.ViewGroup.measureChildWithMargins(ViewGroup.java:7083)
07-19 23:02:17.893 11999 11999 W PackageManager: at android.widget.LinearLayout.measureChildBeforeLayout(LinearLayout.java:1608)
07-19 23:02:17.893 11999 11999 W PackageManager: at android.widget.LinearLayout.measureVertical(LinearLayout.java:878)
07-19 23:02:17.893 11999 11999 W PackageManager: at android.widget.LinearLayout.onMeasure(LinearLayout.java:721)
07-19 23:02:17.893 11999 11999 W PackageManager: at android.view.View.measure(View.java:27984)
07-19 23:02:17.893 11999 11999 W PackageManager: at android.view.ViewGroup.measureChildWithMargins(ViewGroup.java:7083)
07-19 23:02:17.893 11999 11999 W PackageManager: at android.widget.LinearLayout.measureChildBeforeLayout(LinearLayout.java:1608)
07-19 23:02:17.893 11999 11999 W PackageManager: at android.widget.LinearLayout.measureVertical(LinearLayout.java:878)
07-19 23:02:17.893 11999 11999 W PackageManager: at android.widget.LinearLayout.onMeasure(LinearLayout.java:721)
07-19 23:02:17.893 11999 11999 W PackageManager: at com.upgadata.up7723.widget.view.StickyNavLayout2.onMeasure(StickyNavLayout2.java:1)
07-19 23:02:17.893 11999 11999 W PackageManager: at android.view.View.measure(View.java:27984)
07-19 23:02:17.893 11999 11999 W PackageManager: at android.widget.RelativeLayout.measureChildHorizontal(RelativeLayout.java:735)
07-19 23:02:17.893 11999 11999 W PackageManager: at android.widget.RelativeLayout.onMeasure(RelativeLayout.java:481)
07-19 23:02:17.893 11999 11999 W PackageManager: at android.view.View.measure(View.java:27984)
07-19 23:02:17.893 11999 11999 W PackageManager: at android.view.ViewGroup.measureChildWithMargins(ViewGroup.java:7083)
07-19 23:02:17.893 11999 11999 W PackageManager: at android.widget.FrameLayout.onMeasure(FrameLayout.java:194)
07-19 23:02:17.893 11999 11999 W PackageManager: at androidx.appcompat.widget.ContentFrameLayout.onMeasure(ContentFrameLayout.java:21)
07-19 23:02:17.893 11999 11999 W PackageManager: at android.view.View.measure(View.java:27984)
07-19 23:02:17.893 11999 11999 W PackageManager: at android.view.ViewGroup.measureChildWithMargins(ViewGroup.java:7083)
07-19 23:02:17.893 11999 11999 W PackageManager: at android.widget.LinearLayout.measureChildBeforeLayout(LinearLayout.java:1608)
07-19 23:02:17.893 11999 11999 W PackageManager: at android.widget.LinearLayout.measureVertical(LinearLayout.java:878)
07-19 23:02:17.893 11999 11999 W PackageManager: at android.widget.LinearLayout.onMeasure(LinearLayout.java:721)
07-19 23:02:17.893 11999 11999 W PackageManager: at android.view.View.measure(View.java:27984)
07-19 23:02:17.893 11999 11999 W PackageManager: at android.view.ViewGroup.measureChildWithMargins(ViewGroup.java:7083)
07-19 23:02:17.893 11999 11999 W PackageManager: at android.widget.FrameLayout.onMeasure(FrameLayout.java:194)
07-19 23:02:17.893 11999 11999 W PackageManager: at android.view.View.measure(View.java:27984)
07-19 23:02:17.893 11999 11999 W PackageManager: at android.view.ViewGroup.measureChildWithMargins(ViewGroup.java:7083)
07-19 23:02:17.893 11999 11999 W PackageManager: at android.widget.LinearLayout.measureChildBeforeLayout(LinearLayout.java:1608)
07-19 23:02:17.893 11999 11999 W PackageManager: at android.widget.LinearLayout.measureVertical(LinearLayout.java:878)
07-19 23:02:17.893 11999 11999 W PackageManager: at android.widget.LinearLayout.onMeasure(LinearLayout.java:721)
07-19 23:02:17.893 11999 11999 W PackageManager: at android.view.View.measure(View.java:27984)
07-19 23:02:17.893 11999 11999 W PackageManager: at android.view.ViewGroup.measureChildWithMargins(ViewGroup.java:7083)
07-19 23:02:17.893 11999 11999 W PackageManager: at android.widget.FrameLayout.onMeasure(FrameLayout.java:194)
07-19 23:02:17.893 11999 11999 W PackageManager: at android.view.View.measure(View.java:27984)
07-19 23:02:17.893 11999 11999 W PackageManager: at android.view.ViewGroup.measureChildWithMargins(ViewGroup.java:7083)
07-19 23:02:17.893 11999 11999 W PackageManager: at android.widget.FrameLayout.onMeasure(FrameLayout.java:194)
07-19 23:02:17.893 11999 11999 W PackageManager: at com.android.internal.policy.DecorView.onMeasure(DecorView.java:813)
07-19 23:02:17.893 11999 11999 W PackageManager: at android.view.View.measure(View.java:27984)
07-19 23:02:17.893 11999 11999 W PackageManager: at android.view.ViewRootImpl.performMeasure(ViewRootImpl.java:4701)
07-19 23:02:17.893 11999 11999 W PackageManager: at android.view.ViewRootImpl.measureHierarchy(ViewRootImpl.java:3221)
07-19 23:02:17.893 11999 11999 W PackageManager: at android.view.ViewRootImpl.performTraversals(ViewRootImpl.java:3577)
07-19 23:02:17.893 11999 11999 W PackageManager: at android.view.ViewRootImpl.doTraversal(ViewRootImpl.java:2919)
07-19 23:02:17.893 11999 11999 W PackageManager: at android.view.ViewRootImpl$TraversalRunnable.run(ViewRootImpl.java:10188)
07-19 23:02:17.893 11999 11999 W PackageManager: at android.view.Choreographer$CallbackRecord.run(Choreographer.java:1623)
07-19 23:02:17.893 11999 11999 W PackageManager: at android.view.Choreographer$CallbackRecord.run(Choreographer.java:1632)
07-19 23:02:17.893 11999 11999 W PackageManager: at android.view.Choreographer.doCallbacks(Choreographer.java:1172)
07-19 23:02:17.893 11999 11999 W PackageManager: at android.view.Choreographer.doFrame(Choreographer.java:1076)
07-19 23:02:17.893 11999 11999 W PackageManager: at android.view.Choreographer$FrameDisplayEventReceiver.run(Choreographer.java:1602)
07-19 23:02:17.893 11999 11999 W PackageManager: at android.os.Handler.handleCallback(Handler.java:958)
07-19 23:02:17.893 11999 11999 W PackageManager: at android.os.Handler.dispatchMessage(Handler.java:99)
07-19 23:02:17.893 11999 11999 W PackageManager: at android.os.Looper.loopOnce(Looper.java:224)
07-19 23:02:17.893 11999 11999 W PackageManager: at android.os.Looper.loop(Looper.java:318)
07-19 23:02:17.893 11999 11999 W PackageManager: at android.app.ActivityThread.main(ActivityThread.java:8653)
07-19 23:02:17.893 11999 11999 W PackageManager: at java.lang.reflect.Method.invoke(Native Method)
07-19 23:02:17.893 11999 11999 W PackageManager: at com.android.internal.os.RuntimeInit$MethodAndArgsCaller.run(RuntimeInit.java:561)
07-19 23:02:17.893 11999 11999 W PackageManager: at com.android.internal.os.ZygoteInit.main(ZygoteInit.java:1013)
07-19 23:02:17.895 11999 12345 D TrafficStats: tagSocket(281) with statsTag=0xffffffff, statsUid=-1
07-19 23:02:17.912 11999 11999 W ziparchive: Unable to open '/data/user/0/com.upgadata.up7723/bzBox/data/app/com.milkstudio.funkinonline.vivo/ base.apk': No such file or directory
07-19 23:02:17.912 11999 11999 E upgadata.up7723: Failed to open APK '/data/user/0/com.upgadata.up7723/bzBox/data/app/com.milkstudio.funkinonline.vivo/ base.apk': I/O error
07-19 23:02:17.912 11999 11999 W PackageManager: Failure to parse package archive
07-19 23:02:17.912 11999 11999 W PackageManager: android.content.pm.PackageParser$PackageParserException: Failed to parse /data/user/0/com.upgadata.up7723/bzBox/data/app/com.milkstudio.funkinonline.vivo/ base.apk
07-19 23:02:17.912 11999 11999 W PackageManager: at android.content.pm.PackageParser.parseApkLiteInner(PackageParser.java:1506)
07-19 23:02:17.912 11999 11999 W PackageManager: at android.content.pm.PackageParser.parseApkLite(PackageParser.java:1477)
07-19 23:02:17.912 11999 11999 W PackageManager: at android.content.pm.PackageParser.parseMonolithicPackageLite(PackageParser.java:980)
07-19 23:02:17.912 11999 11999 W PackageManager: at android.content.pm.PackageParser.parseMonolithicPackage(PackageParser.java:1189)
07-19 23:02:17.912 11999 11999 W PackageManager: at android.content.pm.PackageParser.parsePackage(PackageParser.java:1103)
07-19 23:02:17.912 11999 11999 W PackageManager: at android.content.pm.PackageManager.getPackageArchiveInfo(PackageManager.java:8376)
07-19 23:02:17.912 11999 11999 W PackageManager: at android.content.pm.PackageManager.getPackageArchiveInfo(PackageManager.java:8353)
07-19 23:02:17.912 11999 11999 W PackageManager: at com.upgadata.up7723.install.ApkInstallUtils.z(ApkInstallUtils.kt:13)
07-19 23:02:17.912 11999 11999 W PackageManager: at com.upgadata.up7723.install.ApkInstallUtils$isBlackBoxGameInstalled$3.invoke(ApkIns tallUtils.kt:3)
07-19 23:02:17.912 11999 11999 W PackageManager: at com.upgadata.up7723.install.ApkInstallUtils$isBlackBoxGameInstalled$3.invoke(ApkIns tallUtils.kt:1)
07-19 23:02:17.912 11999 11999 W PackageManager: at com.upgadata.up7723.install.o.c(CommonUtils.kt:14)
07-19 23:02:17.912 11999 11999 W PackageManager: at com.upgadata.up7723.install.ApkInstallUtils.v(ApkInstallUtils.kt:5)
07-19 23:02:17.912 11999 11999 W PackageManager: at com.upgadata.up7723.widget.view.DownLoadView.setDownloadState(DownLoadView.java:104 )
07-19 23:02:17.912 11999 11999 W PackageManager: at com.upgadata.up7723.widget.view.DownLoadView.R(DownLoadView.java:10)
07-19 23:02:17.912 11999 11999 W PackageManager: at com.upgadata.up7723.widget.view.DownLoadView.p0(DownLoadView.java:18)
07-19 23:02:17.912 11999 11999 W PackageManager: at com.upgadata.up7723.widget.view.DownLoadView.setData(DownLoadView.java:129)
07-19 23:02:17.912 11999 11999 W PackageManager: at com.upgadata.up7723.game.detail.adapter.v.d(DetailOtherAdapter.java:21)
07-19 23:02:17.912 11999 11999 W PackageManager: at com.upgadata.up7723.game.detail.adapter.v.onBindViewHolder(DetailOtherAdapter.java: 1)
07-19 23:02:17.912 11999 11999 W PackageManager: at androidx.recyclerview.widget.RecyclerView$Adapter.onBindViewHolder(RecyclerView.jav a:1)
07-19 23:02:17.912 11999 11999 W PackageManager: at androidx.recyclerview.widget.RecyclerView$Adapter.bindViewHolder(RecyclerView.java: 6)
07-19 23:02:17.912 11999 11999 W PackageManager: at androidx.recyclerview.widget.RecyclerView$Recycler.B(RecyclerView.java:6)
07-19 23:02:17.912 11999 11999 W PackageManager: at androidx.recyclerview.widget.RecyclerView$Recycler.C(RecyclerView.java:55)
07-19 23:02:17.912 11999 11999 W PackageManager: at androidx.recyclerview.widget.RecyclerView$Recycler.l(RecyclerView.java:1)
07-19 23:02:17.912 11999 11999 W PackageManager: at androidx.recyclerview.widget.RecyclerView$Recycler.getViewForPosition(RecyclerView. java:1)
07-19 23:02:17.912 11999 11999 W PackageManager: at androidx.recyclerview.widget.LinearLayoutManager$LayoutState.c(LinearLayoutManager. java:3)
07-19 23:02:17.912 11999 11999 W PackageManager: at androidx.recyclerview.widget.GridLayoutManager.layoutChunk(GridLayoutManager.java:1 2)
07-19 23:02:17.912 11999 11999 W PackageManager: at androidx.recyclerview.widget.LinearLayoutManager.fill(LinearLayoutManager.java:9)
07-19 23:02:17.912 11999 11999 W PackageManager: at androidx.recyclerview.widget.LinearLayoutManager.onLayoutChildren(LinearLayoutManag er.java:64)
07-19 23:02:17.912 11999 11999 W PackageManager: at androidx.recyclerview.widget.GridLayoutManager.onLayoutChildren(GridLayoutManager.j ava:3)
07-19 23:02:17.912 11999 11999 W PackageManager: at androidx.recyclerview.widget.RecyclerView.dispatchLayoutStep2(RecyclerView.java:8)
07-19 23:02:17.912 11999 11999 W PackageManager: at androidx.recyclerview.widget.RecyclerView.onMeasure(RecyclerView.java:12)
07-19 23:02:17.912 11999 11999 W PackageManager: at android.view.View.measure(View.java:27984)
07-19 23:02:17.912 11999 11999 W PackageManager: at android.view.ViewGroup.measureChildWithMargins(ViewGroup.java:7083)
07-19 23:02:17.912 11999 11999 W PackageManager: at android.widget.LinearLayout.measureChildBeforeLayout(LinearLayout.java:1608)
07-19 23:02:17.912 11999 11999 W PackageManager: at android.widget.LinearLayout.measureVertical(LinearLayout.java:878)
07-19 23:02:17.912 11999 11999 W PackageManager: at android.widget.LinearLayout.onMeasure(LinearLayout.java:721)
07-19 23:02:17.912 11999 11999 W PackageManager: at android.view.View.measure(View.java:27984)
07-19 23:02:17.912 11999 11999 W PackageManager: at android.view.ViewGroup.measureChildWithMargins(ViewGroup.java:7083)
07-19 23:02:17.912 11999 11999 W PackageManager: at android.widget.LinearLayout.measureChildBeforeLayout(LinearLayout.java:1608)
07-19 23:02:17.912 11999 11999 W PackageManager: at android.widget.LinearLayout.measureVertical(LinearLayout.java:878)
07-19 23:02:17.912 11999 11999 W PackageManager: at android.widget.LinearLayout.onMeasure(LinearLayout.java:721)
07-19 23:02:17.912 11999 11999 W PackageManager: at android.view.View.measure(View.java:27984)
07-19 23:02:17.912 11999 11999 W PackageManager: at android.widget.ScrollView.measureChildWithMargins(ScrollView.java:1482)
07-19 23:02:17.912 11999 11999 W PackageManager: at android.widget.FrameLayout.onMeasure(FrameLayout.java:194)
07-19 23:02:17.912 11999 11999 W PackageManager: at android.widget.ScrollView.onMeasure(ScrollView.java:466)
07-19 23:02:17.912 11999 11999 W PackageManager: at android.view.View.measure(View.java:27984)
07-19 23:02:17.912 11999 11999 W PackageManager: at androidx.viewpager.widget.ViewPager.onMeasure(ViewPager.java:33)
07-19 23:02:17.912 11999 11999 W PackageManager: at android.view.View.measure(View.java:27984)
07-19 23:02:17.912 11999 11999 W PackageManager: at android.view.ViewGroup.measureChildWithMargins(ViewGroup.java:7083)
07-19 23:02:17.913 11999 11999 W PackageManager: at android.widget.LinearLayout.measureChildBeforeLayout(LinearLayout.java:1608)
07-19 23:02:17.913 11999 11999 W PackageManager: at android.widget.LinearLayout.measureVertical(LinearLayout.java:878)
07-19 23:02:17.913 11999 11999 W PackageManager: at android.widget.LinearLayout.onMeasure(LinearLayout.java:721)
07-19 23:02:17.913 11999 11999 W PackageManager: at android.view.View.measure(View.java:27984)
07-19 23:02:17.913 11999 11999 W PackageManager: at android.view.ViewGroup.measureChildWithMargins(ViewGroup.java:7083)
07-19 23:02:17.913 11999 11999 W PackageManager: at android.widget.LinearLayout.measureChildBeforeLayout(LinearLayout.java:1608)
07-19 23:02:17.913 11999 11999 W PackageManager: at android.widget.LinearLayout.measureVertical(LinearLayout.java:878)
07-19 23:02:17.913 11999 11999 W PackageManager: at android.widget.LinearLayout.onMeasure(LinearLayout.java:721)
07-19 23:02:17.913 11999 11999 W PackageManager: at com.upgadata.up7723.widget.view.StickyNavLayout2.onMeasure(StickyNavLayout2.java:1)
07-19 23:02:17.913 11999 11999 W PackageManager: at android.view.View.measure(View.java:27984)
07-19 23:02:17.913 11999 11999 W PackageManager: at android.widget.RelativeLayout.measureChildHorizontal(RelativeLayout.java:735)
07-19 23:02:17.913 11999 11999 W PackageManager: at android.widget.RelativeLayout.onMeasure(RelativeLayout.java:481)
07-19 23:02:17.913 11999 11999 W PackageManager: at android.view.View.measure(View.java:27984)
07-19 23:02:17.913 11999 11999 W PackageManager: at android.view.ViewGroup.measureChildWithMargins(ViewGroup.java:7083)
07-19 23:02:17.913 11999 11999 W PackageManager: at android.widget.FrameLayout.onMeasure(FrameLayout.java:194)
07-19 23:02:17.913 11999 11999 W PackageManager: at androidx.appcompat.widget.ContentFrameLayout.onMeasure(ContentFrameLayout.java:21)
07-19 23:02:17.913 11999 11999 W PackageManager: at android.view.View.measure(View.java:27984)
07-19 23:02:17.913 11999 11999 W PackageManager: at android.view.ViewGroup.measureChildWithMargins(ViewGroup.java:7083)
07-19 23:02:17.913 11999 11999 W PackageManager: at android.widget.LinearLayout.measureChildBeforeLayout(LinearLayout.java:1608)
07-19 23:02:17.913 11999 11999 W PackageManager: at android.widget.LinearLayout.measureVertical(LinearLayout.java:878)
07-19 23:02:17.913 11999 11999 W PackageManager: at android.widget.LinearLayout.onMeasure(LinearLayout.java:721)
07-19 23:02:17.913 11999 11999 W PackageManager: at android.view.View.measure(View.java:27984)
07-19 23:02:17.913 11999 11999 W PackageManager: at android.view.ViewGroup.measureChildWithMargins(ViewGroup.java:7083)
07-19 23:02:17.913 11999 11999 W PackageManager: at android.widget.FrameLayout.onMeasure(FrameLayout.java:194)
07-19 23:02:17.913 11999 11999 W PackageManager: at android.view.View.measure(View.java:27984)
07-19 23:02:17.913 11999 11999 W PackageManager: at android.view.ViewGroup.measureChildWithMargins(ViewGroup.java:7083)
07-19 23:02:17.913 11999 11999 W PackageManager: at android.widget.LinearLayout.measureChildBeforeLayout(LinearLayout.java:1608)
07-19 23:02:17.913 11999 11999 W PackageManager: at android.widget.LinearLayout.measureVertical(LinearLayout.java:878)
07-19 23:02:17.913 11999 11999 W PackageManager: at android.widget.LinearLayout.onMeasure(LinearLayout.java:721)
07-19 23:02:17.913 11999 11999 W PackageManager: at android.view.View.measure(View.java:27984)
07-19 23:02:17.913 11999 11999 W PackageManager: at android.view.ViewGroup.measureChildWithMargins(ViewGroup.java:7083)
07-19 23:02:17.913 11999 11999 W PackageManager: at android.widget.FrameLayout.onMeasure(FrameLayout.java:194)
07-19 23:02:17.913 11999 11999 W PackageManager: at android.view.View.measure(View.java:27984)
07-19 23:02:17.913 11999 11999 W PackageManager: at android.view.ViewGroup.measureChildWithMargins(ViewGroup.java:7083)
07-19 23:02:17.913 11999 11999 W PackageManager: at android.widget.FrameLayout.onMeasure(FrameLayout.java:194)
07-19 23:02:17.913 11999 11999 W PackageManager: at com.android.internal.policy.DecorView.onMeasure(DecorView.java:813)
07-19 23:02:17.913 11999 11999 W PackageManager: at android.view.View.measure(View.java:27984)
07-19 23:02:17.913 11999 11999 W PackageManager: at android.view.ViewRootImpl.performMeasure(ViewRootImpl.java:4701)
07-19 23:02:17.913 11999 11999 W PackageManager: at android.view.ViewRootImpl.measureHierarchy(ViewRootImpl.java:3221)
07-19 23:02:17.913 11999 11999 W PackageManager: at android.view.ViewRootImpl.performTraversals(ViewRootImpl.java:3577)
07-19 23:02:17.913 11999 11999 W PackageManager: at android.view.ViewRootImpl.doTraversal(ViewRootImpl.java:2919)
07-19 23:02:17.913 11999 11999 W PackageManager: at android.view.ViewRootImpl$TraversalRunnable.run(ViewRootImpl.java:10188)
07-19 23:02:17.913 11999 11999 W PackageManager: at android.view.Choreographer$CallbackRecord.run(Choreographer.java:1623)
07-19 23:02:17.913 11999 11999 W PackageManager: at android.view.Choreographer$CallbackRecord.run(Choreographer.java:1632)
07-19 23:02:17.913 11999 11999 W PackageManager: at android.view.Choreographer.doCallbacks(Choreographer.java:1172)
07-19 23:02:17.913 11999 11999 W PackageManager: at android.view.Choreographer.doFrame(Choreographer.java:1076)
07-19 23:02:17.913 11999 11999 W PackageManager: at android.view.Choreographer$FrameDisplayEventReceiver.run(Choreographer.java:1602)
07-19 23:02:17.913 11999 11999 W PackageManager: at android.os.Handler.handleCallback(Handler.java:958)
07-19 23:02:17.913 11999 11999 W PackageManager: at android.os.Handler.dispatchMessage(Handler.java:99)
07-19 23:02:17.913 11999 11999 W PackageManager: at android.os.Looper.loopOnce(Looper.java:224)
07-19 23:02:17.913 11999 11999 W PackageManager: at android.os.Looper.loop(Looper.java:318)
07-19 23:02:17.913 11999 11999 W PackageManager: at android.app.ActivityThread.main(ActivityThread.java:8653)
07-19 23:02:17.913 11999 11999 W PackageManager: at java.lang.reflect.Method.invoke(Native Method)
07-19 23:02:17.913 11999 11999 W PackageManager: at com.android.internal.os.RuntimeInit$MethodAndArgsCaller.run(RuntimeInit.java:561)
07-19 23:02:17.913 11999 11999 W PackageManager: at com.android.internal.os.ZygoteInit.main(ZygoteInit.java:1013)
07-19 23:02:17.938 11999 12360 D TrafficStats: tagSocket(389) with statsTag=0xffffffff, statsUid=-1
07-19 23:02:17.941 11999 12338 D TrafficStats: tagSocket(396) with statsTag=0xffffffff, statsUid=-1
07-19 23:02:17.941 11999 12344 D TrafficStats: tagSocket(397) with statsTag=0xffffffff, statsUid=-1
07-19 23:02:17.941 11999 12358 D TrafficStats: tagSocket(398) with statsTag=0xffffffff, statsUid=-1
07-19 23:02:17.986 11999 12985 D TrafficStats: tagSocket(180) with statsTag=0xffffffff, statsUid=-1
07-19 23:02:17.987 11999 12062 D TrafficStats: tagSocket(238) with statsTag=0xffffffff, statsUid=-1
07-19 23:02:18.216 11999 11999 D ScrollerOptimizationManager: registerConfigChangedListener
07-19 23:02:18.222 11999 12199 E upgadata.up7723: Invalid resource ID 0x00000000.
07-19 23:02:18.224 11999 12199 E upgadata.up7723: Invalid resource ID 0x00000000.
07-19 23:02:18.224 11999 12199 E upgadata.up7723: Invalid resource ID 0x00000000.
07-19 23:02:18.224 11999 12199 E upgadata.up7723: Invalid resource ID 0x00000000.
07-19 23:02:18.696 11999 11999 W AudioSystem-JNI: Unknown native audio format for JAVA API: 452984832
07-19 23:02:18.696 11999 11999 W AudioSystem-JNI: Unknown native audio format for JAVA API: 469762048
07-19 23:02:18.696 11999 11999 W AudioSystem-JNI: Unknown native audio format for JAVA API: 486539264
07-19 23:02:18.696 11999 11999 W AudioSystem-JNI: Unknown native audio format for JAVA API: 352321536
07-19 23:02:18.696 11999 11999 W AudioSystem-JNI: Unknown native audio format for JAVA API: 369098752
07-19 23:02:18.696 11999 11999 W AudioSystem-JNI: Unknown native audio format for JAVA API: 117440512
07-19 23:02:18.700 11999 11999 W AudioSystem-JNI: Unknown native audio format for JAVA API: 452984832
07-19 23:02:18.700 11999 11999 W AudioSystem-JNI: Unknown native audio format for JAVA API: 469762048
07-19 23:02:18.700 11999 11999 W AudioSystem-JNI: Unknown native audio format for JAVA API: 486539264
07-19 23:02:18.700 11999 11999 W AudioSystem-JNI: Unknown native audio format for JAVA API: 352321536
07-19 23:02:18.700 11999 11999 W AudioSystem-JNI: Unknown native audio format for JAVA API: 369098752
07-19 23:02:18.700 11999 11999 W AudioSystem-JNI: Unknown native audio format for JAVA API: 117440512
07-19 23:02:18.742 11999 12992 W MediaPlayerNative: info/warning (3, 0)
07-19 23:02:18.755 11999 12991 W MediaPlayerNative: info/warning (703, 0)
07-19 23:02:18.755 11999 12991 W MediaPlayerNative: info/warning (701, 0)
07-19 23:02:19.115 11999 11999 D ScrollerOptimizationManager: registerConfigChangedListener
07-19 23:02:19.117 11999 12199 E upgadata.up7723: Invalid resource ID 0x00000000.
07-19 23:02:19.117 11999 12199 E upgadata.up7723: Invalid resource ID 0x00000000.
07-19 23:02:19.117 11999 12199 E upgadata.up7723: Invalid resource ID 0x00000000.
07-19 23:02:19.117 11999 12199 E upgadata.up7723: Invalid resource ID 0x00000000.
07-19 23:02:19.484 11999 12989 D TrafficStats: tagSocket(180) with statsTag=0xffffffff, statsUid=-1
07-19 23:02:19.486 11999 12062 D TrafficStats: tagSocket(365) with statsTag=0xffffffff, statsUid=-1
07-19 23:02:19.502 11999 13025 E HttpProxyCacheServer: HttpProxyCacheServer error
07-19 23:02:19.502 11999 13025 E HttpProxyCacheServer: com.danikula.videocache.ProxyCacheException: Error closing socket input stream. Version: 1.0
07-19 23:02:19.502 11999 13025 E HttpProxyCacheServer: at com.danikula.videocache.HttpProxyCacheServer.closeSocketInput(HttpProxyCacheServer. java:3)
07-19 23:02:19.502 11999 13025 E HttpProxyCacheServer: at com.danikula.videocache.HttpProxyCacheServer.releaseSocket(HttpProxyCacheServer.jav a:1)
07-19 23:02:19.502 11999 13025 E HttpProxyCacheServer: at com.danikula.videocache.HttpProxyCacheServer.processSocket(HttpProxyCacheServer.jav a:14)
07-19 23:02:19.502 11999 13025 E HttpProxyCacheServer: at com.danikula.videocache.HttpProxyCacheServer.access$200(HttpProxyCacheServer.java:1 )
07-19 23:02:19.502 11999 13025 E HttpProxyCacheServer: at com.danikula.videocache.HttpProxyCacheServer$SocketProcessorRunnable.run(HttpProxyC acheServer.java:1)
07-19 23:02:19.502 11999 13025 E HttpProxyCacheServer: at java.util.concurrent.Executors$RunnableAdapter.call(Executors.java:487)
07-19 23:02:19.502 11999 13025 E HttpProxyCacheServer: at java.util.concurrent.FutureTask.run(FutureTask.java:264)
07-19 23:02:19.502 11999 13025 E HttpProxyCacheServer: at java.util.concurrent.ThreadPoolExecutor.runWorker(ThreadPoolExecutor.java:1145)
07-19 23:02:19.502 11999 13025 E HttpProxyCacheServer: at java.util.concurrent.ThreadPoolExecutor$Worker.run(ThreadPoolExecutor.java:644)
07-19 23:02:19.502 11999 13025 E HttpProxyCacheServer: at java.lang.Thread.run(Thread.java:1012)
07-19 23:02:19.502 11999 13025 E HttpProxyCacheServer: Caused by: java.io.IOException: shutdown failed: ENOTCONN (Transport endpoint is not connected)
07-19 23:02:19.502 11999 13025 E HttpProxyCacheServer: at java.net.PlainSocketImpl.socketShutdown(PlainSocketImpl.java:283)
07-19 23:02:19.502 11999 13025 E HttpProxyCacheServer: at java.net.AbstractPlainSocketImpl.shutdownInput(AbstractPlainSocketImpl.java:621)
07-19 23:02:19.502 11999 13025 E HttpProxyCacheServer: at java.net.Socket.shutdownInput(Socket.java:1593)
07-19 23:02:19.502 11999 13025 E HttpProxyCacheServer: at com.danikula.videocache.HttpProxyCacheServer.closeSocketInput(HttpProxyCacheServer. java:2)
07-19 23:02:19.502 11999 13025 E HttpProxyCacheServer: ... 9 more
07-19 23:02:19.502 11999 13025 E HttpProxyCacheServer: Caused by: android.system.ErrnoException: shutdown failed: ENOTCONN (Transport endpoint is not connected)
07-19 23:02:19.502 11999 13025 E HttpProxyCacheServer: at libcore.io.Linux.shutdown(Native Method)
07-19 23:02:19.502 11999 13025 E HttpProxyCacheServer: at libcore.io.ForwardingOs.shutdown(ForwardingOs.java:816)
07-19 23:02:19.502 11999 13025 E HttpProxyCacheServer: at libcore.io.ForwardingOs.shutdown(ForwardingOs.java:816)
07-19 23:02:19.502 11999 13025 E HttpProxyCacheServer: at java.net.PlainSocketImpl.socketShutdown(PlainSocketImpl.java:281)
07-19 23:02:19.502 11999 13025 E HttpProxyCacheServer: ... 12 more
07-19 23:02:19.503 11999 13025 W HttpProxyCacheServer: Failed to close socket on proxy side: shutdown failed: ENOTCONN (Transport endpoint is not connected). It seems client have already closed connection.
07-19 23:02:19.644 11999 12014 D TrafficStats: tagSocket(178) with statsTag=0xffffffff, statsUid=-1
07-19 23:02:19.646 11999 12068 E HttpProxyCacheServer: HttpProxyCacheServer error
07-19 23:02:19.646 11999 12068 E HttpProxyCacheServer: com.danikula.videocache.ProxyCacheException: Error closing socket input stream. Version: 1.0
07-19 23:02:19.646 11999 12068 E HttpProxyCacheServer: at com.danikula.videocache.HttpProxyCacheServer.closeSocketInput(HttpProxyCacheServer. java:3)
07-19 23:02:19.646 11999 12068 E HttpProxyCacheServer: at com.danikula.videocache.HttpProxyCacheServer.releaseSocket(HttpProxyCacheServer.jav a:1)
07-19 23:02:19.646 11999 12068 E HttpProxyCacheServer: at com.danikula.videocache.HttpProxyCacheServer.processSocket(HttpProxyCacheServer.jav a:14)
07-19 23:02:19.646 11999 12068 E HttpProxyCacheServer: at com.danikula.videocache.HttpProxyCacheServer.access$200(HttpProxyCacheServer.java:1 )
07-19 23:02:19.646 11999 12068 E HttpProxyCacheServer: at com.danikula.videocache.HttpProxyCacheServer$SocketProcessorRunnable.run(HttpProxyC acheServer.java:1)
07-19 23:02:19.646 11999 12068 E HttpProxyCacheServer: at java.util.concurrent.Executors$RunnableAdapter.call(Executors.java:487)
07-19 23:02:19.646 11999 12068 E HttpProxyCacheServer: at java.util.concurrent.FutureTask.run(FutureTask.java:264)
07-19 23:02:19.646 11999 12068 E HttpProxyCacheServer: at java.util.concurrent.ThreadPoolExecutor.runWorker(ThreadPoolExecutor.java:1145)
07-19 23:02:19.646 11999 12068 E HttpProxyCacheServer: at java.util.concurrent.ThreadPoolExecutor$Worker.run(ThreadPoolExecutor.java:644)
07-19 23:02:19.646 11999 12068 E HttpProxyCacheServer: at java.lang.Thread.run(Thread.java:1012)
07-19 23:02:19.646 11999 12068 E HttpProxyCacheServer: Caused by: java.io.IOException: shutdown failed: ENOTCONN (Transport endpoint is not connected)
07-19 23:02:19.646 11999 12068 E HttpProxyCacheServer: at java.net.PlainSocketImpl.socketShutdown(PlainSocketImpl.java:283)
07-19 23:02:19.646 11999 12068 E HttpProxyCacheServer: at java.net.AbstractPlainSocketImpl.shutdownInput(AbstractPlainSocketImpl.java:621)
07-19 23:02:19.646 11999 12068 E HttpProxyCacheServer: at java.net.Socket.shutdownInput(Socket.java:1593)
07-19 23:02:19.646 11999 12068 E HttpProxyCacheServer: at com.danikula.videocache.HttpProxyCacheServer.closeSocketInput(HttpProxyCacheServer. java:2)
07-19 23:02:19.646 11999 12068 E HttpProxyCacheServer: ... 9 more
07-19 23:02:19.646 11999 12068 E HttpProxyCacheServer: Caused by: android.system.ErrnoException: shutdown failed: ENOTCONN (Transport endpoint is not connected)
07-19 23:02:19.646 11999 12068 E HttpProxyCacheServer: at libcore.io.Linux.shutdown(Native Method)
07-19 23:02:19.646 11999 12068 E HttpProxyCacheServer: at libcore.io.ForwardingOs.shutdown(ForwardingOs.java:816)
07-19 23:02:19.646 11999 12068 E HttpProxyCacheServer: at libcore.io.ForwardingOs.shutdown(ForwardingOs.java:816)
07-19 23:02:19.646 11999 12068 E HttpProxyCacheServer: at java.net.PlainSocketImpl.socketShutdown(PlainSocketImpl.java:281)
07-19 23:02:19.646 11999 12068 E HttpProxyCacheServer: ... 12 more
07-19 23:02:19.646 11999 12068 W HttpProxyCacheServer: Failed to close socket on proxy side: shutdown failed: ENOTCONN (Transport endpoint is not connected). It seems client have already closed connection.
07-19 23:02:19.647 11999 12062 D TrafficStats: tagSocket(180) with statsTag=0xffffffff, statsUid=-1
07-19 23:02:19.727 11999 13657 D TrafficStats: tagSocket(183) with statsTag=0xffffffff, statsUid=-1
07-19 23:02:19.808 11999 12989 D TrafficStats: tagSocket(178) with statsTag=0xffffffff, statsUid=-1
07-19 23:02:19.809 11999 12062 D TrafficStats: tagSocket(277) with statsTag=0xffffffff, statsUid=-1
07-19 23:02:19.810 11999 12964 E HttpProxyCacheServer: HttpProxyCacheServer error
07-19 23:02:19.810 11999 12964 E HttpProxyCacheServer: com.danikula.videocache.ProxyCacheException: Error closing socket input stream. Version: 1.0
07-19 23:02:19.810 11999 12964 E HttpProxyCacheServer: at com.danikula.videocache.HttpProxyCacheServer.closeSocketInput(HttpProxyCacheServer. java:3)
07-19 23:02:19.810 11999 12964 E HttpProxyCacheServer: at com.danikula.videocache.HttpProxyCacheServer.releaseSocket(HttpProxyCacheServer.jav a:1)
07-19 23:02:19.810 11999 12964 E HttpProxyCacheServer: at com.danikula.videocache.HttpProxyCacheServer.processSocket(HttpProxyCacheServer.jav a:14)
07-19 23:02:19.810 11999 12964 E HttpProxyCacheServer: at com.danikula.videocache.HttpProxyCacheServer.access$200(HttpProxyCacheServer.java:1 )
07-19 23:02:19.810 11999 12964 E HttpProxyCacheServer: at com.danikula.videocache.HttpProxyCacheServer$SocketProcessorRunnable.run(HttpProxyC acheServer.java:1)
07-19 23:02:19.810 11999 12964 E HttpProxyCacheServer: at java.util.concurrent.Executors$RunnableAdapter.call(Executors.java:487)
07-19 23:02:19.810 11999 12964 E HttpProxyCacheServer: at java.util.concurrent.FutureTask.run(FutureTask.java:264)
07-19 23:02:19.810 11999 12964 E HttpProxyCacheServer: at java.util.concurrent.ThreadPoolExecutor.runWorker(ThreadPoolExecutor.java:1145)
07-19 23:02:19.810 11999 12964 E HttpProxyCacheServer: at java.util.concurrent.ThreadPoolExecutor$Worker.run(ThreadPoolExecutor.java:644)
07-19 23:02:19.810 11999 12964 E HttpProxyCacheServer: at java.lang.Thread.run(Thread.java:1012)
07-19 23:02:19.810 11999 12964 E HttpProxyCacheServer: Caused by: java.io.IOException: shutdown failed: ENOTCONN (Transport endpoint is not connected)
07-19 23:02:19.810 11999 12964 E HttpProxyCacheServer: at java.net.PlainSocketImpl.socketShutdown(PlainSocketImpl.java:283)
07-19 23:02:19.810 11999 12964 E HttpProxyCacheServer: at java.net.AbstractPlainSocketImpl.shutdownInput(AbstractPlainSocketImpl.java:621)
07-19 23:02:19.810 11999 12964 E HttpProxyCacheServer: at java.net.Socket.shutdownInput(Socket.java:1593)
07-19 23:02:19.810 11999 12964 E HttpProxyCacheServer: at com.danikula.videocache.HttpProxyCacheServer.closeSocketInput(HttpProxyCacheServer. java:2)
07-19 23:02:19.810 11999 12964 E HttpProxyCacheServer: ... 9 more
07-19 23:02:19.810 11999 12964 E HttpProxyCacheServer: Caused by: android.system.ErrnoException: shutdown failed: ENOTCONN (Transport endpoint is not connected)
07-19 23:02:19.810 11999 12964 E HttpProxyCacheServer: at libcore.io.Linux.shutdown(Native Method)
07-19 23:02:19.810 11999 12964 E HttpProxyCacheServer: at libcore.io.ForwardingOs.shutdown(ForwardingOs.java:816)
07-19 23:02:19.810 11999 12964 E HttpProxyCacheServer: at libcore.io.ForwardingOs.shutdown(ForwardingOs.java:816)
07-19 23:02:19.810 11999 12964 E HttpProxyCacheServer: at java.net.PlainSocketImpl.socketShutdown(PlainSocketImpl.java:281)
07-19 23:02:19.810 11999 12964 E HttpProxyCacheServer: ... 12 more
07-19 23:02:19.810 11999 12964 W HttpProxyCacheServer: Failed to close socket on proxy side: shutdown failed: ENOTCONN (Transport endpoint is not connected). It seems client have already closed connection.
07-19 23:02:19.940 11999 12008 I upgadata.up7723: This is non sticky GC, maxfree is 33554432 minfree is 8388608
07-19 23:02:19.940 11999 12008 I upgadata.up7723: Background concurrent copying GC freed 1555607(77MB) AllocSpace objects, 135(13MB) LOS objects, 60% free, 63MB/159MB, paused 75us,130us total 135.761ms
07-19 23:02:19.969 11999 12989 D TrafficStats: tagSocket(178) with statsTag=0xffffffff, statsUid=-1
07-19 23:02:19.970 11999 12062 D TrafficStats: tagSocket(223) with statsTag=0xffffffff, statsUid=-1
07-19 23:02:20.043 11999 12972 E HttpProxyCacheServer: HttpProxyCacheServer error
07-19 23:02:20.043 11999 12972 E HttpProxyCacheServer: com.danikula.videocache.ProxyCacheException: Error closing socket input stream. Version: 1.0
07-19 23:02:20.043 11999 12972 E HttpProxyCacheServer: at com.danikula.videocache.HttpProxyCacheServer.closeSocketInput(HttpProxyCacheServer. java:3)
07-19 23:02:20.043 11999 12972 E HttpProxyCacheServer: at com.danikula.videocache.HttpProxyCacheServer.releaseSocket(HttpProxyCacheServer.jav a:1)
07-19 23:02:20.043 11999 12972 E HttpProxyCacheServer: at com.danikula.videocache.HttpProxyCacheServer.processSocket(HttpProxyCacheServer.jav a:14)
07-19 23:02:20.043 11999 12972 E HttpProxyCacheServer: at com.danikula.videocache.HttpProxyCacheServer.access$200(HttpProxyCacheServer.java:1 )
07-19 23:02:20.043 11999 12972 E HttpProxyCacheServer: at com.danikula.videocache.HttpProxyCacheServer$SocketProcessorRunnable.run(HttpProxyC acheServer.java:1)
07-19 23:02:20.043 11999 12972 E HttpProxyCacheServer: at java.util.concurrent.Executors$RunnableAdapter.call(Executors.java:487)
07-19 23:02:20.043 11999 12972 E HttpProxyCacheServer: at java.util.concurrent.FutureTask.run(FutureTask.java:264)
07-19 23:02:20.043 11999 12972 E HttpProxyCacheServer: at java.util.concurrent.ThreadPoolExecutor.runWorker(ThreadPoolExecutor.java:1145)
07-19 23:02:20.043 11999 12972 E HttpProxyCacheServer: at java.util.concurrent.ThreadPoolExecutor$Worker.run(ThreadPoolExecutor.java:644)
07-19 23:02:20.043 11999 12972 E HttpProxyCacheServer: at java.lang.Thread.run(Thread.java:1012)
07-19 23:02:20.043 11999 12972 E HttpProxyCacheServer: Caused by: java.io.IOException: shutdown failed: ENOTCONN (Transport endpoint is not connected)
07-19 23:02:20.043 11999 12972 E HttpProxyCacheServer: at java.net.PlainSocketImpl.socketShutdown(PlainSocketImpl.java:283)
07-19 23:02:20.043 11999 12972 E HttpProxyCacheServer: at java.net.AbstractPlainSocketImpl.shutdownInput(AbstractPlainSocketImpl.java:621)
07-19 23:02:20.043 11999 12972 E HttpProxyCacheServer: at java.net.Socket.shutdownInput(Socket.java:1593)
07-19 23:02:20.043 11999 12972 E HttpProxyCacheServer: at com.danikula.videocache.HttpProxyCacheServer.closeSocketInput(HttpProxyCacheServer. java:2)
07-19 23:02:20.043 11999 12972 E HttpProxyCacheServer: ... 9 more
07-19 23:02:20.043 11999 12972 E HttpProxyCacheServer: Caused by: android.system.ErrnoException: shutdown failed: ENOTCONN (Transport endpoint is not connected)
07-19 23:02:20.043 11999 12972 E HttpProxyCacheServer: at libcore.io.Linux.shutdown(Native Method)
07-19 23:02:20.043 11999 12972 E HttpProxyCacheServer: at libcore.io.ForwardingOs.shutdown(ForwardingOs.java:816)
07-19 23:02:20.043 11999 12972 E HttpProxyCacheServer: at libcore.io.ForwardingOs.shutdown(ForwardingOs.java:816)
07-19 23:02:20.043 11999 12972 E HttpProxyCacheServer: at java.net.PlainSocketImpl.socketShutdown(PlainSocketImpl.java:281)
07-19 23:02:20.043 11999 12972 E HttpProxyCacheServer: ... 12 more
07-19 23:02:20.043 11999 12972 W HttpProxyCacheServer: Failed to close socket on proxy side: shutdown failed: ENOTCONN (Transport endpoint is not connected). It seems client have already closed connection.
07-19 23:02:20.137 11999 12979 D TrafficStats: tagSocket(178) with statsTag=0xffffffff, statsUid=-1
07-19 23:02:20.139 11999 12062 D TrafficStats: tagSocket(270) with statsTag=0xffffffff, statsUid=-1
07-19 23:02:20.141 11999 12982 E HttpProxyCacheServer: HttpProxyCacheServer error
07-19 23:02:20.141 11999 12982 E HttpProxyCacheServer: com.danikula.videocache.ProxyCacheException: Error closing socket input stream. Version: 1.0
07-19 23:02:20.141 11999 12982 E HttpProxyCacheServer: at com.danikula.videocache.HttpProxyCacheServer.closeSocketInput(HttpProxyCacheServer. java:3)
07-19 23:02:20.141 11999 12982 E HttpProxyCacheServer: at com.danikula.videocache.HttpProxyCacheServer.releaseSocket(HttpProxyCacheServer.jav a:1)
07-19 23:02:20.141 11999 12982 E HttpProxyCacheServer: at com.danikula.videocache.HttpProxyCacheServer.processSocket(HttpProxyCacheServer.jav a:14)
07-19 23:02:20.141 11999 12982 E HttpProxyCacheServer: at com.danikula.videocache.HttpProxyCacheServer.access$200(HttpProxyCacheServer.java:1 )
07-19 23:02:20.141 11999 12982 E HttpProxyCacheServer: at com.danikula.videocache.HttpProxyCacheServer$SocketProcessorRunnable.run(HttpProxyC acheServer.java:1)
07-19 23:02:20.141 11999 12982 E HttpProxyCacheServer: at java.util.concurrent.Executors$RunnableAdapter.call(Executors.java:487)
07-19 23:02:20.141 11999 12982 E HttpProxyCacheServer: at java.util.concurrent.FutureTask.run(FutureTask.java:264)
07-19 23:02:20.141 11999 12982 E HttpProxyCacheServer: at java.util.concurrent.ThreadPoolExecutor.runWorker(ThreadPoolExecutor.java:1145)
07-19 23:02:20.141 11999 12982 E HttpProxyCacheServer: at java.util.concurrent.ThreadPoolExecutor$Worker.run(ThreadPoolExecutor.java:644)
07-19 23:02:20.141 11999 12982 E HttpProxyCacheServer: at java.lang.Thread.run(Thread.java:1012)
07-19 23:02:20.141 11999 12982 E HttpProxyCacheServer: Caused by: java.io.IOException: shutdown failed: ENOTCONN (Transport endpoint is not connected)
07-19 23:02:20.141 11999 12982 E HttpProxyCacheServer: at java.net.PlainSocketImpl.socketShutdown(PlainSocketImpl.java:283)
07-19 23:02:20.141 11999 12982 E HttpProxyCacheServer: at java.net.AbstractPlainSocketImpl.shutdownInput(AbstractPlainSocketImpl.java:621)
07-19 23:02:20.141 11999 12982 E HttpProxyCacheServer: at java.net.Socket.shutdownInput(Socket.java:1593)
07-19 23:02:20.141 11999 12982 E HttpProxyCacheServer: at com.danikula.videocache.HttpProxyCacheServer.closeSocketInput(HttpProxyCacheServer. java:2)
07-19 23:02:20.141 11999 12982 E HttpProxyCacheServer: ... 9 more
07-19 23:02:20.141 11999 12982 E HttpProxyCacheServer: Caused by: android.system.ErrnoException: shutdown failed: ENOTCONN (Transport endpoint is not connected)
07-19 23:02:20.141 11999 12982 E HttpProxyCacheServer: at libcore.io.Linux.shutdown(Native Method)
07-19 23:02:20.141 11999 12982 E HttpProxyCacheServer: at libcore.io.ForwardingOs.shutdown(ForwardingOs.java:816)
07-19 23:02:20.141 11999 12982 E HttpProxyCacheServer: at libcore.io.ForwardingOs.shutdown(ForwardingOs.java:816)
07-19 23:02:20.141 11999 12982 E HttpProxyCacheServer: at java.net.PlainSocketImpl.socketShutdown(PlainSocketImpl.java:281)
07-19 23:02:20.141 11999 12982 E HttpProxyCacheServer: ... 12 more
07-19 23:02:20.141 11999 12982 W HttpProxyCacheServer: Failed to close socket on proxy side: shutdown failed: ENOTCONN (Transport endpoint is not connected). It seems client have already closed connection.
07-19 23:02:20.146 11999 11999 D ScrollerOptimizationManager: registerConfigChangedListener
07-19 23:02:20.168 11999 12199 E upgadata.up7723: Invalid resource ID 0x00000000.
07-19 23:02:20.168 11999 12199 E upgadata.up7723: Invalid resource ID 0x00000000.
07-19 23:02:20.168 11999 12199 E upgadata.up7723: Invalid resource ID 0x00000000.
07-19 23:02:20.169 11999 12199 E upgadata.up7723: Invalid resource ID 0x00000000.
07-19 23:02:20.247 11999 13661 D TrafficStats: tagSocket(180) with statsTag=0xffffffff, statsUid=-1
07-19 23:02:20.311 11999 12016 D TrafficStats: tagSocket(178) with statsTag=0xffffffff, statsUid=-1
07-19 23:02:20.314 11999 12062 D TrafficStats: tagSocket(423) with statsTag=0xffffffff, statsUid=-1
07-19 23:02:20.317 11999 12984 E HttpProxyCacheServer: HttpProxyCacheServer error
07-19 23:02:20.317 11999 12984 E HttpProxyCacheServer: com.danikula.videocache.ProxyCacheException: Error closing socket input stream. Version: 1.0
07-19 23:02:20.317 11999 12984 E HttpProxyCacheServer: at com.danikula.videocache.HttpProxyCacheServer.closeSocketInput(HttpProxyCacheServer. java:3)
07-19 23:02:20.317 11999 12984 E HttpProxyCacheServer: at com.danikula.videocache.HttpProxyCacheServer.releaseSocket(HttpProxyCacheServer.jav a:1)
07-19 23:02:20.317 11999 12984 E HttpProxyCacheServer: at com.danikula.videocache.HttpProxyCacheServer.processSocket(HttpProxyCacheServer.jav a:14)
07-19 23:02:20.317 11999 12984 E HttpProxyCacheServer: at com.danikula.videocache.HttpProxyCacheServer.access$200(HttpProxyCacheServer.java:1 )
07-19 23:02:20.317 11999 12984 E HttpProxyCacheServer: at com.danikula.videocache.HttpProxyCacheServer$SocketProcessorRunnable.run(HttpProxyC acheServer.java:1)
07-19 23:02:20.317 11999 12984 E HttpProxyCacheServer: at java.util.concurrent.Executors$RunnableAdapter.call(Executors.java:487)
07-19 23:02:20.317 11999 12984 E HttpProxyCacheServer: at java.util.concurrent.FutureTask.run(FutureTask.java:264)
07-19 23:02:20.317 11999 12984 E HttpProxyCacheServer: at java.util.concurrent.ThreadPoolExecutor.runWorker(ThreadPoolExecutor.java:1145)
07-19 23:02:20.317 11999 12984 E HttpProxyCacheServer: at java.util.concurrent.ThreadPoolExecutor$Worker.run(ThreadPoolExecutor.java:644)
07-19 23:02:20.317 11999 12984 E HttpProxyCacheServer: at java.lang.Thread.run(Thread.java:1012)
07-19 23:02:20.317 11999 12984 E HttpProxyCacheServer: Caused by: java.io.IOException: shutdown failed: ENOTCONN (Transport endpoint is not connected)
07-19 23:02:20.317 11999 12984 E HttpProxyCacheServer: at java.net.PlainSocketImpl.socketShutdown(PlainSocketImpl.java:283)
07-19 23:02:20.317 11999 12984 E HttpProxyCacheServer: at java.net.AbstractPlainSocketImpl.shutdownInput(AbstractPlainSocketImpl.java:621)
07-19 23:02:20.317 11999 12984 E HttpProxyCacheServer: at java.net.Socket.shutdownInput(Socket.java:1593)
07-19 23:02:20.317 11999 12984 E HttpProxyCacheServer: at com.danikula.videocache.HttpProxyCacheServer.closeSocketInput(HttpProxyCacheServer. java:2)
07-19 23:02:20.317 11999 12984 E HttpProxyCacheServer: ... 9 more
07-19 23:02:20.317 11999 12984 E HttpProxyCacheServer: Caused by: android.system.ErrnoException: shutdown failed: ENOTCONN (Transport endpoint is not connected)
07-19 23:02:20.317 11999 12984 E HttpProxyCacheServer: at libcore.io.Linux.shutdown(Native Method)
07-19 23:02:20.317 11999 12984 E HttpProxyCacheServer: at libcore.io.ForwardingOs.shutdown(ForwardingOs.java:816)
07-19 23:02:20.317 11999 12984 E HttpProxyCacheServer: at libcore.io.ForwardingOs.shutdown(ForwardingOs.java:816)
07-19 23:02:20.317 11999 12984 E HttpProxyCacheServer: at java.net.PlainSocketImpl.socketShutdown(PlainSocketImpl.java:281)
07-19 23:02:20.317 11999 12984 E HttpProxyCacheServer: ... 12 more
07-19 23:02:20.317 11999 12984 W HttpProxyCacheServer: Failed to close socket on proxy side: shutdown failed: ENOTCONN (Transport endpoint is not connected). It seems client have already closed connection.
07-19 23:02:20.487 11999 12856 D TrafficStats: tagSocket(178) with statsTag=0xffffffff, statsUid=-1
07-19 23:02:20.488 11999 13016 E HttpProxyCacheServer: HttpProxyCacheServer error
07-19 23:02:20.488 11999 13016 E HttpProxyCacheServer: com.danikula.videocache.ProxyCacheException: Error closing socket input stream. Version: 1.0
07-19 23:02:20.488 11999 13016 E HttpProxyCacheServer: at com.danikula.videocache.HttpProxyCacheServer.closeSocketInput(HttpProxyCacheServer. java:3)
07-19 23:02:20.488 11999 13016 E HttpProxyCacheServer: at com.danikula.videocache.HttpProxyCacheServer.releaseSocket(HttpProxyCacheServer.jav a:1)
07-19 23:02:20.488 11999 13016 E HttpProxyCacheServer: at com.danikula.videocache.HttpProxyCacheServer.processSocket(HttpProxyCacheServer.jav a:14)
07-19 23:02:20.488 11999 13016 E HttpProxyCacheServer: at com.danikula.videocache.HttpProxyCacheServer.access$200(HttpProxyCacheServer.java:1 )
07-19 23:02:20.488 11999 13016 E HttpProxyCacheServer: at com.danikula.videocache.HttpProxyCacheServer$SocketProcessorRunnable.run(HttpProxyC acheServer.java:1)
07-19 23:02:20.488 11999 13016 E HttpProxyCacheServer: at java.util.concurrent.Executors$RunnableAdapter.call(Executors.java:487)
07-19 23:02:20.488 11999 13016 E HttpProxyCacheServer: at java.util.concurrent.FutureTask.run(FutureTask.java:264)
07-19 23:02:20.488 11999 13016 E HttpProxyCacheServer: at java.util.concurrent.ThreadPoolExecutor.runWorker(ThreadPoolExecutor.java:1145)
07-19 23:02:20.488 11999 13016 E HttpProxyCacheServer: at java.util.concurrent.ThreadPoolExecutor$Worker.run(ThreadPoolExecutor.java:644)
07-19 23:02:20.488 11999 13016 E HttpProxyCacheServer: at java.lang.Thread.run(Thread.java:1012)
07-19 23:02:20.488 11999 13016 E HttpProxyCacheServer: Caused by: java.io.IOException: shutdown failed: ENOTCONN (Transport endpoint is not connected)
07-19 23:02:20.488 11999 13016 E HttpProxyCacheServer: at java.net.PlainSocketImpl.socketShutdown(PlainSocketImpl.java:283)
07-19 23:02:20.488 11999 13016 E HttpProxyCacheServer: at java.net.AbstractPlainSocketImpl.shutdownInput(AbstractPlainSocketImpl.java:621)
07-19 23:02:20.488 11999 13016 E HttpProxyCacheServer: at java.net.Socket.shutdownInput(Socket.java:1593)
07-19 23:02:20.488 11999 13016 E HttpProxyCacheServer: at com.danikula.videocache.HttpProxyCacheServer.closeSocketInput(HttpProxyCacheServer. java:2)
07-19 23:02:20.488 11999 13016 E HttpProxyCacheServer: ... 9 more
07-19 23:02:20.488 11999 13016 E HttpProxyCacheServer: Caused by: android.system.ErrnoException: shutdown failed: ENOTCONN (Transport endpoint is not connected)
07-19 23:02:20.488 11999 13016 E HttpProxyCacheServer: at libcore.io.Linux.shutdown(Native Method)
07-19 23:02:20.488 11999 13016 E HttpProxyCacheServer: at libcore.io.ForwardingOs.shutdown(ForwardingOs.java:816)
07-19 23:02:20.488 11999 13016 E HttpProxyCacheServer: at libcore.io.ForwardingOs.shutdown(ForwardingOs.java:816)
07-19 23:02:20.488 11999 13016 E HttpProxyCacheServer: at java.net.PlainSocketImpl.socketShutdown(PlainSocketImpl.java:281)
07-19 23:02:20.488 11999 13016 E HttpProxyCacheServer: ... 12 more
07-19 23:02:20.488 11999 13016 W HttpProxyCacheServer: Failed to close socket on proxy side: shutdown failed: ENOTCONN (Transport endpoint is not connected). It seems client have already closed connection.
07-19 23:02:20.489 11999 12062 D TrafficStats: tagSocket(236) with statsTag=0xffffffff, statsUid=-1
07-19 23:02:20.496 11999 12983 I LruDiskUsage: Cache file /storage/emulated/0/Android/data/com.upgadata.up7723/files/video/dfca13084d0b7b5244 4d523b3f187dae is deleted because it exceeds cache limit
07-19 23:02:20.605 11999 13663 D TrafficStats: tagSocket(182) with statsTag=0xffffffff, statsUid=-1
07-19 23:02:20.649 11999 12992 D TrafficStats: tagSocket(178) with statsTag=0xffffffff, statsUid=-1
07-19 23:02:20.651 11999 12062 D TrafficStats: tagSocket(217) with statsTag=0xffffffff, statsUid=-1
07-19 23:02:20.656 11999 13018 E HttpProxyCacheServer: HttpProxyCacheServer error
07-19 23:02:20.656 11999 13018 E HttpProxyCacheServer: com.danikula.videocache.ProxyCacheException: Error closing socket input stream. Version: 1.0
07-19 23:02:20.656 11999 13018 E HttpProxyCacheServer: at com.danikula.videocache.HttpProxyCacheServer.closeSocketInput(HttpProxyCacheServer. java:3)
07-19 23:02:20.656 11999 13018 E HttpProxyCacheServer: at com.danikula.videocache.HttpProxyCacheServer.releaseSocket(HttpProxyCacheServer.jav a:1)
07-19 23:02:20.656 11999 13018 E HttpProxyCacheServer: at com.danikula.videocache.HttpProxyCacheServer.processSocket(HttpProxyCacheServer.jav a:14)
07-19 23:02:20.656 11999 13018 E HttpProxyCacheServer: at com.danikula.videocache.HttpProxyCacheServer.access$200(HttpProxyCacheServer.java:1 )
07-19 23:02:20.656 11999 13018 E HttpProxyCacheServer: at com.danikula.videocache.HttpProxyCacheServer$SocketProcessorRunnable.run(HttpProxyC acheServer.java:1)
