07-19 23:00:00.899 11999 12008 W upgadata.up7723: Cleared Reference was only reachable from finalizer (only reported once)
07-19 23:00:00.921 11999 12008 I upgadata.up7723: This is non sticky GC, maxfree is 33554432 minfree is 8388608
07-19 23:00:00.921 11999 12008 I upgadata.up7723: Background concurrent copying GC freed 4534496(130MB) AllocSpace objects, 1282(106MB) LOS objects, 75% free, 18MB/75MB, paused 116us,25us total 112.975ms
07-19 23:00:00.921 11999 12240 I upgadata.up7723: WaitForGcToComplete blocked Alloc on Background for 111.530ms
07-19 23:00:00.921 11999 12240 I upgadata.up7723: Starting a blocking GC Alloc
07-19 23:00:00.921 11999 11999 I upgadata.up7723: WaitForGcToComplete blocked Alloc on Background for 110.611ms
07-19 23:00:00.921 11999 11999 I upgadata.up7723: Starting a blocking GC Alloc
07-19 23:00:00.921 11999 12240 D IconCustomizer: Content Ratio = 1.3435115
07-19 23:00:00.922 11999 12180 I upgadata.up7723: WaitForGcToComplete blocked Alloc on Background for 110.834ms
07-19 23:00:00.922 11999 12180 I upgadata.up7723: Starting a blocking GC Alloc
07-19 23:00:00.922 11999 12240 D IconCustomizer: Generate customized icon for com.tencent.tmgp.supercell.brawlstars.png, true
07-19 23:00:00.922 11999 12240 I IconCustomizer: composeIconWithTrans FullMask: for com.tencent.tmgp.supercell.brawlstars.png
07-19 23:00:00.923 11999 12335 I upgadata.up7723: WaitForGcToComplete blocked Alloc on Background for 104.346ms
07-19 23:00:00.923 11999 12335 I upgadata.up7723: Starting a blocking GC Alloc
07-19 23:00:00.923 11999 12247 I upgadata.up7723: WaitForGcToComplete blocked Alloc on Background for 84.196ms
07-19 23:00:00.923 11999 12247 I upgadata.up7723: Starting a blocking GC Alloc
07-19 23:00:00.925 11999 12016 I upgadata.up7723: WaitForGcToComplete blocked Alloc on Background for 55.099ms
07-19 23:00:00.925 11999 12016 I upgadata.up7723: Starting a blocking GC Alloc
07-19 23:00:00.925 11999 12014 I upgadata.up7723: WaitForGcToComplete blocked Alloc on Background for 52.606ms
07-19 23:00:00.925 11999 12014 I upgadata.up7723: Starting a blocking GC Alloc
07-19 23:00:00.925 11999 12017 I upgadata.up7723: WaitForGcToComplete blocked Alloc on Background for 48.965ms
07-19 23:00:00.925 11999 12017 I upgadata.up7723: Starting a blocking GC Alloc
07-19 23:00:00.937 11999 12011 W System : A resource failed to call close.
07-19 23:00:00.937 11999 12011 W System : A resource failed to call close.
07-19 23:00:00.937 11999 12011 W System : A resource failed to call close.
07-19 23:00:00.938 11999 12011 W System : A resource failed to call close.
07-19 23:00:00.938 11999 12011 W upgadata.up7723: ApkAssets: Deleting an ApkAssets object '<empty> and /product/app/MiuiContentCatcherMIUI15/MiuiContentCatcherMIUI15.apk' with 1 weak references
07-19 23:00:00.938 11999 12011 W upgadata.up7723: ApkAssets: Deleting an ApkAssets object '<empty> and /system_ext/priv-app/RtMiCloudSDK/RtMiCloudSDK.apk' with 3 weak references
07-19 23:00:00.939 11999 12011 W upgadata.up7723: ApkAssets: Deleting an ApkAssets object '<empty> and /system_ext/app/miuisystem/miuisystem.apk' with 7 weak references
07-19 23:00:00.939 11999 12011 W System : A resource failed to call close.
07-19 23:00:00.942 11999 12011 W upgadata.up7723: ApkAssets: Deleting an ApkAssets object '<empty> and /data/app/~~8u2Eu4fYZamHEyrDL9Fy8w==/com.baidu.homework- pLza2BfFR5vbR5gm6qa1qQ==/base.apk' with 1 weak references
07-19 23:00:00.942 11999 12011 W upgadata.up7723: ApkAssets: Deleting an ApkAssets object '<empty> and /data/app/~~-db-FMHyBaorcX8QbTydxQ==/com.quark.browser- C2QwTOqXNA3ozBYxAvAHMg==/base.apk' with 1 weak references
07-19 23:00:00.942 11999 12011 W upgadata.up7723: ApkAssets: Deleting an ApkAssets object '<empty> and /data/app/~~587c6NlaJCY2aM-k8rL_QA==/com.google.android.youtube- xx9zOj65IrJMjick7wjTfw==/base.apk' with 1 weak references
07-19 23:00:00.943 11999 12011 W upgadata.up7723: ApkAssets: Deleting an ApkAssets object '<empty> and /data/app/~~587c6NlaJCY2aM-k8rL_QA==/com.google.android.youtube- xx9zOj65IrJMjick7wjTfw==/split_config.arm64_v8a.apk' with 1 weak references
07-19 23:00:00.943 11999 12011 W upgadata.up7723: ApkAssets: Deleting an ApkAssets object '<empty> and /data/app/~~587c6NlaJCY2aM-k8rL_QA==/com.google.android.youtube- xx9zOj65IrJMjick7wjTfw==/split_config.xxxhdpi.apk' with 1 weak references
07-19 23:00:00.943 11999 12011 W upgadata.up7723: ApkAssets: Deleting an ApkAssets object '<empty> and /data/app/~~587c6NlaJCY2aM-k8rL_QA==/com.google.android.youtube- xx9zOj65IrJMjick7wjTfw==/split_config.zh.apk' with 1 weak references
07-19 23:00:00.943 11999 12011 W upgadata.up7723: ApkAssets: Deleting an ApkAssets object '<empty> and /data/app/~~e4zZfU9zcWA76FNDS1xgsw==/com.music.moment- HbNXB3eKZZOwKoE3Cc5dXg==/base.apk' with 1 weak references
07-19 23:00:00.943 11999 12011 W upgadata.up7723: ApkAssets: Deleting an ApkAssets object '<empty> and /data/app/~~78SQ0QSk-QZ1IMS_6L3QAw==/com.njh.biubiu- RPSHZlmuFQDdGuCBohx8ww==/base.apk' with 1 weak references
07-19 23:00:00.944 11999 12011 W upgadata.up7723: ApkAssets: Deleting an ApkAssets object '<empty> and /data/app/~~_587ME-w6rOYCfmUX9xIVw==/com.tencent.tmgp.sgame-S- clNPmQZ5UCSmOAc6XVwQ==/base.apk' with 1 weak references
07-19 23:00:00.944 11999 12011 W upgadata.up7723: ApkAssets: Deleting an ApkAssets object '<empty> and /data/app/~~L7Guex95rNK_PPPxzY4G2g==/com.sankuai.meituan-omM- YbMutItY1t5XBeRKZw==/base.apk' with 1 weak references
07-19 23:00:00.944 11999 12011 W upgadata.up7723: ApkAssets: Deleting an ApkAssets object '<empty> and /data/app/~~zqx1Anq7IvlW-otOXFKNgw==/com.oceanwing.soundcore- s1lF9UDYMK1utNml2p0elw==/base.apk' with 1 weak references
07-19 23:00:00.944 11999 12011 W upgadata.up7723: ApkAssets: Deleting an ApkAssets object '<empty> and /data/app/~~zqx1Anq7IvlW-otOXFKNgw==/com.oceanwing.soundcore- s1lF9UDYMK1utNml2p0elw==/split_config.xxxhdpi.apk' with 1 weak references
07-19 23:00:00.945 11999 12011 W upgadata.up7723: ApkAssets: Deleting an ApkAssets object '<empty> and /data/app/~~GPXJS_SsqEy1c6_OMY7IlA==/com.hp.printercontrol- Gf65Yx9JhgEWg2B19SbIog==/base.apk' with 1 weak references
07-19 23:00:00.945 11999 12011 W upgadata.up7723: ApkAssets: Deleting an ApkAssets object '<empty> and /data/app/~~eJXwvXIcdckhW6Xr6L3UlA==/com.miui.gallery- K1_t3ODXyXj8SLp4iO5FxQ==/base.apk' with 1 weak references
07-19 23:00:00.945 11999 12011 W upgadata.up7723: ApkAssets: Deleting an ApkAssets object '<empty> and /data/app/~~F28bov2EAU6WLW5U7lEhGA==/com.tencent.androidqqmail- vtmbND6AxvZYe2_Y-NV3bQ==/base.apk' with 1 weak references
07-19 23:00:00.945 11999 12011 W upgadata.up7723: ApkAssets: Deleting an ApkAssets object '<empty> and /data/app/~~CKeX8Z5QQ9DXGfPhZuN4ag==/com.knowyou.perception- TScj8rPnSljye1436uEdzg==/base.apk' with 1 weak references
07-19 23:00:00.946 11999 12011 W upgadata.up7723: ApkAssets: Deleting an ApkAssets object '<empty> and /data/app/~~ilZW2vqi7VwvfLTeRnw3Cg==/com.MobileTicket-9pMic52K- LqSNbsDtJLw2g==/base.apk' with 1 weak references
07-19 23:00:00.946 11999 12011 W upgadata.up7723: ApkAssets: Deleting an ApkAssets object '<empty> and /data/app/~~hL0DTFjJVVryLIyknX4LWw==/com.miui.thirdappassistant- 3v6fxblxVXi6NQduCp4TTQ==/base.apk' with 1 weak references
07-19 23:00:00.946 11999 12011 W upgadata.up7723: ApkAssets: Deleting an ApkAssets object '<empty> and /data/app/~~z6uHPCdBUgr6_HfIwCSstg==/com.ambrose.overwall- udRp01LjZkGxMqMYfxXrug==/base.apk' with 1 weak references
07-19 23:00:00.946 11999 12011 W upgadata.up7723: ApkAssets: Deleting an ApkAssets object '<empty> and /data/app/~~sViKMowyQlmZcOqCFam-FQ==/com.xiaofeiji.app.disk- NcNiWwGYRhBGLl1VXr-IxQ==/base.apk' with 1 weak references
07-19 23:00:00.946 11999 12011 W upgadata.up7723: ApkAssets: Deleting an ApkAssets object '<empty> and /data/app/~~RRvmiBWpTFRbSMnlsMGJfg==/com.android.soundrecorder- 3_3exJuRpUTja8z-p3xlug==/base.apk' with 1 weak references
07-19 23:00:00.947 11999 12240 I IconCustomizer: find better bitmap : 126, for com.tencent.mobileqq
07-19 23:00:00.947 11999 12011 W System : A resource failed to call close.
07-19 23:00:00.947 11999 12011 W upgadata.up7723: ApkAssets: Deleting an ApkAssets object '<empty> and /data/app/~~6L_HU2ScWhJ527jDLn5L5A==/com.baidu.input_mi- MUwzMa8taw3czhN0k68k1w==/base.apk' with 1 weak references
07-19 23:00:00.947 11999 12240 I IconCustomizer: find better bitmap : 144, for com.tencent.mobileqq
07-19 23:00:00.947 11999 12011 W upgadata.up7723: ApkAssets: Deleting an ApkAssets object '<empty> and /data/app/~~R0IDyc-N5KIBJx7BPHrHFw==/com.lxkj.chatFriends.kkplayer- R3bA8gofWrkcpTG6C982qA==/base.apk' with 1 weak references
07-19 23:00:00.947 11999 12011 W upgadata.up7723: ApkAssets: Deleting an ApkAssets object '<empty> and /data/app/~~bNTYps8NAGzkXFkfoQqouw==/me.ele-u8GHUY8rrwbjdsmZ- h9QWA==/base.apk' with 1 weak references
07-19 23:00:00.948 11999 12011 W upgadata.up7723: ApkAssets: Deleting an ApkAssets object '<empty> and /data/app/~~BYrN1WB4IWfYr745HqAQow==/com.android.providers.downloads.ui- a7fjfCoBNtSTv6oTpbChxA==/base.apk' with 1 weak references
07-19 23:00:00.948 11999 12240 I IconCustomizer: find better bitmap : 144, for com.tencent.mobileqq
07-19 23:00:00.954 11999 12011 W upgadata.up7723: ApkAssets: Deleting an ApkAssets object '<empty> and /data/app/~~M4iGgejWYRE6zBUU8JQgIQ==/com.tencent.mm- pgsCThHFY1OU94D-tiD32w==/base.apk' with 1 weak references
07-19 23:00:00.954 11999 11999 W View : requestLayout() improperly called by android.widget.TextView{f7dc278 VFED..C.. ..S...ID 0,0-172,105} during layout: running second layout pass
07-19 23:00:00.955 11999 12240 D IconCustomizer: Content Ratio = 1.2222222
07-19 23:00:00.955 11999 12011 W upgadata.up7723: ApkAssets: Deleting an ApkAssets object '<empty> and /data/app/~~SGw1EfghX6ZfCD4TMb42iw==/com.ubisoft.rainbowsixmobile.r6.fps.pvp.shoote r-Tt_um9A8kk1MYiaA19PXgw==/base.apk' with 1 weak references
07-19 23:00:00.955 11999 12011 W upgadata.up7723: ApkAssets: Deleting an ApkAssets object '<empty> and /data/app/~~ddmDkUfMNn0561byvMkByA==/com.gamepass-WCx1frbs5- TC3VC_ZxbSZw==/base.apk' with 1 weak references
07-19 23:00:00.956 11999 12011 W upgadata.up7723: ApkAssets: Deleting an ApkAssets object '<empty> and /product/data-app/MIUIXiaoAiSpeechEngine/MIUIXiaoAiSpeechEngine.apk' with 1 weak references
07-19 23:00:00.956 11999 12240 D IconCustomizer: Content Ratio = 1.2222222
07-19 23:00:00.956 11999 12240 D IconCustomizer: BitmapDensity=347,dm.densityDpi=420
07-19 23:00:00.956 11999 12011 W System : A resource failed to call close.
07-19 23:00:00.956 11999 12011 W upgadata.up7723: ApkAssets: Deleting an ApkAssets object '<empty> and /data/app/~~0DakNdyn4ZIEXorFfRR-EA==/com.sdu.didi.psnger- wbqAlH7YOGy6z0BzLuDRhg==/base.apk' with 1 weak references
07-19 23:00:00.956 11999 12240 D IconCustomizer: Generate customized icon for com.tencent.mobileqq.png, true
07-19 23:00:00.956 11999 12240 I IconCustomizer: composeIconWithTrans FullMask: for com.tencent.mobileqq.png
07-19 23:00:00.957 11999 12011 W upgadata.up7723: ApkAssets: Deleting an ApkAssets object '<empty> and /data/app/~~uRhqEQnHfxQaM0FTAFmPmA==/com.xunlei.downloadprovider- Y_VAnKNIjiVnlMLPJdmIqQ==/base.apk' with 1 weak references
07-19 23:00:00.957 11999 12011 W upgadata.up7723: ApkAssets: Deleting an ApkAssets object '<empty> and /data/app/~~1Kr8NScpfvgffZXIG7NNDw==/com.miui.huanji- McLrCV7_5UxUllWDLrTGAA==/base.apk' with 1 weak references
07-19 23:00:00.957 11999 12011 W upgadata.up7723: ApkAssets: Deleting an ApkAssets object '<empty> and /data/app/~~fMGCiObw2N5mOurcXlRDcA==/com.lion.market- 5uhIBiPZ5z7TZ7RkCRSl_g==/base.apk' with 1 weak references
07-19 23:00:00.958 11999 12011 W upgadata.up7723: ApkAssets: Deleting an ApkAssets object '<empty> and /product/data-app/MIUISecurityManager/MIUISecurityManager.apk' with 1 weak references
07-19 23:00:00.958 11999 12011 W upgadata.up7723: ApkAssets: Deleting an ApkAssets object '<empty> and /data/app/~~3ZNzoCR1Op1Q383bhnryLA==/com.mi.health- obIbXKxyCunKm1JXFOlZlw==/base.apk' with 1 weak references
07-19 23:00:00.958 11999 12011 W upgadata.up7723: ApkAssets: Deleting an ApkAssets object '<empty> and /data/app/~~GUENsR_yK9pPFdq0Fz_GNQ==/cn.wps.moffice_eng.xiaomi.lite- 2doRXUrLzNmmgZiVKnrAcg==/base.apk' with 1 weak references
07-19 23:00:00.959 11999 12011 W upgadata.up7723: ApkAssets: Deleting an ApkAssets object '<empty> and /data/app/~~UjUuag9NRGVg6x1MwKPZkA==/com.braceyourselfgames.necrodancer-- gzHHxM3G3G_xMzQJMYUlw==/base.apk' with 1 weak references
07-19 23:00:00.959 11999 12011 W upgadata.up7723: ApkAssets: Deleting an ApkAssets object '<empty> and /product/data-app/MIGalleryLockscreen-MIUI15/MIGalleryLockscreen-MIUI15.apk' with 1 weak references
07-19 23:00:00.959 11999 12011 W upgadata.up7723: ApkAssets: Deleting an ApkAssets object '<empty> and /data/app/~~P5zZhHeKJcxxpFOkXk0s4w==/org.kuyo.game- 3Pt9iJtJ8Ir6_4W0hX3JBg==/base.apk' with 1 weak references
07-19 23:00:00.959 11999 12011 W upgadata.up7723: ApkAssets: Deleting an ApkAssets object '<empty> and /data/app/~~B6U8PDGGrjvUrZ4Yhme2zw==/com.xmcy.hykb- SN7DrkgUxQ32aH--PEh3iA==/base.apk' with 1 weak references
07-19 23:00:00.960 11999 12011 W upgadata.up7723: ApkAssets: Deleting an ApkAssets object '<empty> and /data/app/~~qNt_LbmQ5c5Nqj3pWgd0Qw==/bin.mt.plus-__OiyGv- tq6CTDZ49QwVyg==/base.apk' with 1 weak references
07-19 23:00:00.960 11999 12011 W upgadata.up7723: ApkAssets: Deleting an ApkAssets object '<empty> and /data/app/~~cZ1v9M8mG1rQwhDrTBD8MQ==/com.touchpress.henle- rF1mA8_i7NFu6KZDbHGmhw==/base.apk' with 1 weak references
07-19 23:00:00.960 11999 12011 W upgadata.up7723: ApkAssets: Deleting an ApkAssets object '<empty> and /data/app/~~NLAvtlEDZiq0idJRuteICA==/com.android.calendar- XzXskqvYZrXtmkh2WqWPHw==/base.apk' with 1 weak references
07-19 23:00:00.960 11999 12011 W upgadata.up7723: ApkAssets: Deleting an ApkAssets object '<empty> and /data/app/~~dgvVdFPbD7asrPE4ivHn7w==/com.miui.compass-AadD73aE- _sRIsRqfW27-w==/base.apk' with 1 weak references
07-19 23:00:00.960 11999 12011 W upgadata.up7723: ApkAssets: Deleting an ApkAssets object '<empty> and /data/app/~~41DD5phrC_w8uyzDXsicaQ==/com.max.xiaoheihe- cyEZrfVwOmuvvCVlc4PnDg==/base.apk' with 1 weak references
07-19 23:00:00.961 11999 12011 W upgadata.up7723: ApkAssets: Deleting an ApkAssets object '<empty> and /data/app/~~Z8i1_Sdk68WdeN3ulyOgHg==/com.tencent.mf.uam- FHEm7ao_Kv6sN1JuzfMe1g==/base.apk' with 1 weak references
07-19 23:00:00.961 11999 12011 W upgadata.up7723: ApkAssets: Deleting an ApkAssets object '<empty> and /data/app/~~4BjY43bESYIxgQYSojIZJw==/com.ys.clover.vpn- hvpTKKc5xLgx3PmgDn8ELg==/base.apk' with 1 weak references
07-19 23:00:00.961 11999 12011 W upgadata.up7723: ApkAssets: Deleting an ApkAssets object '<empty> and /data/app/~~vs2HJN7tZcT2UdYC0Bzfdg==/uni.UNI701B671.searchbox- yxS2X1AovXDp8-OBGWzItA==/base.apk' with 1 weak references
07-19 23:00:00.961 11999 12011 W upgadata.up7723: ApkAssets: Deleting an ApkAssets object '<empty> and /data/app/~~94boDQOcWvB7byzYONSujA==/com.dongrikuangxiangqu.com-aUo0aB3wOE22j4C- Pg12GQ==/base.apk' with 1 weak references
07-19 23:00:00.962 11999 12011 W upgadata.up7723: ApkAssets: Deleting an ApkAssets object '<empty> and /data/app/~~MIuO2Zj9RbL7Hqh2VMT4aQ==/com.copymanga.app- LVR_X03j6omIim5LLkosBg==/base.apk' with 1 weak references
07-19 23:00:00.962 11999 12011 W upgadata.up7723: ApkAssets: Deleting an ApkAssets object '<empty> and /data/app/~~doJs-hS3AcHTlw7a7tMqHQ==/com.duokan.phone.remotecontroller- 3NwcpMtouC8ksIY_kaV4Qg==/base.apk' with 1 weak references
07-19 23:00:00.963 11999 12011 W upgadata.up7723: ApkAssets: Deleting an ApkAssets object '<empty> and /data/app/~~JWX6V8mpGBFn6BSnlHATqA==/com.tencent.mtt-mYA0Uy7n- JxgxGgytPcfTQ==/base.apk' with 1 weak references
07-19 23:00:00.963 11999 12011 W upgadata.up7723: ApkAssets: Deleting an ApkAssets object '<empty> and /data/app/~~3q066EBq0kcwXkrJvcoUbg==/com.xunmeng.pinduoduo- OseLu1PCsinXZVHWrCfT9A==/base.apk' with 1 weak references
07-19 23:00:00.963 11999 12011 W upgadata.up7723: ApkAssets: Deleting an ApkAssets object '<empty> and /data/app/~~2tWk31kjhzGBc80r-7l84g==/com.twitter.android- AKzdtNClctSLWKkWoSuj8Q==/base.apk' with 1 weak references
07-19 23:00:00.963 11999 12011 W upgadata.up7723: ApkAssets: Deleting an ApkAssets object '<empty> and /data/app/~~2tWk31kjhzGBc80r-7l84g==/com.twitter.android- AKzdtNClctSLWKkWoSuj8Q==/split_config.arm64_v8a.apk' with 1 weak references
07-19 23:00:00.963 11999 12011 W upgadata.up7723: ApkAssets: Deleting an ApkAssets object '<empty> and /data/app/~~2tWk31kjhzGBc80r-7l84g==/com.twitter.android- AKzdtNClctSLWKkWoSuj8Q==/split_config.xxxhdpi.apk' with 1 weak references
07-19 23:00:00.963 11999 12011 W upgadata.up7723: ApkAssets: Deleting an ApkAssets object '<empty> and /data/app/~~2tWk31kjhzGBc80r-7l84g==/com.twitter.android- AKzdtNClctSLWKkWoSuj8Q==/split_config.zh.apk' with 1 weak references
07-19 23:00:00.963 11999 12011 W upgadata.up7723: ApkAssets: Deleting an ApkAssets object '<empty> and /data/app/~~5by20I61NjS0LAroJFPWrQ==/com.androidjks.twitter.d1717493705693173505- vQSG29YvCjpkfATLvjpyGg==/base.apk' with 1 weak references
07-19 23:00:00.964 11999 12011 W upgadata.up7723: ApkAssets: Deleting an ApkAssets object '<empty> and /data/app/~~6I5RuHwapRENNFrjy3uRjA==/com.dirror.music-lnkBC-- 417G7CGw1u-XaGw==/base.apk' with 1 weak references
07-19 23:00:00.964 11999 12011 W upgadata.up7723: ApkAssets: Deleting an ApkAssets object '<empty> and /data/app/~~ByIvMRJ2ID3vo7UGhAqu1Q==/com.android.chrome-E97- 6eh2X--Rf6BAXbxQLg==/base.apk' with 1 weak references
07-19 23:00:00.964 11999 12011 W upgadata.up7723: ApkAssets: Deleting an ApkAssets object '<empty> and /data/app/~~ByIvMRJ2ID3vo7UGhAqu1Q==/com.android.chrome-E97- 6eh2X--Rf6BAXbxQLg==/split_auxiliary_search.apk' with 1 weak references
07-19 23:00:00.964 11999 12011 W upgadata.up7723: ApkAssets: Deleting an ApkAssets object '<empty> and /data/app/~~ByIvMRJ2ID3vo7UGhAqu1Q==/com.android.chrome-E97- 6eh2X--Rf6BAXbxQLg==/split_cablev2_authenticator.apk' with 1 weak references
07-19 23:00:00.964 11999 12011 W upgadata.up7723: ApkAssets: Deleting an ApkAssets object '<empty> and /data/app/~~ByIvMRJ2ID3vo7UGhAqu1Q==/com.android.chrome-E97- 6eh2X--Rf6BAXbxQLg==/split_chrome.apk' with 1 weak references
07-19 23:00:00.964 11999 12011 W upgadata.up7723: ApkAssets: Deleting an ApkAssets object '<empty> and /data/app/~~ByIvMRJ2ID3vo7UGhAqu1Q==/com.android.chrome-E97- 6eh2X--Rf6BAXbxQLg==/split_config.zh.apk' with 1 weak references
07-19 23:00:00.964 11999 12011 W upgadata.up7723: ApkAssets: Deleting an ApkAssets object '<empty> and /data/app/~~ByIvMRJ2ID3vo7UGhAqu1Q==/com.android.chrome-E97- 6eh2X--Rf6BAXbxQLg==/split_dev_ui.apk' with 1 weak references
07-19 23:00:00.964 11999 12011 W upgadata.up7723: ApkAssets: Deleting an ApkAssets object '<empty> and /data/app/~~ByIvMRJ2ID3vo7UGhAqu1Q==/com.android.chrome-E97- 6eh2X--Rf6BAXbxQLg==/split_feedv2.apk' with 1 weak references
07-19 23:00:00.964 11999 12011 W upgadata.up7723: ApkAssets: Deleting an ApkAssets object '<empty> and /data/app/~~ByIvMRJ2ID3vo7UGhAqu1Q==/com.android.chrome-E97- 6eh2X--Rf6BAXbxQLg==/split_read_aloud_playback.apk' with 1 weak references
07-19 23:00:00.964 11999 12011 W upgadata.up7723: ApkAssets: Deleting an ApkAssets object '<empty> and /data/app/~~ByIvMRJ2ID3vo7UGhAqu1Q==/com.android.chrome-E97- 6eh2X--Rf6BAXbxQLg==/split_stack_unwinder.apk' with 1 weak references
07-19 23:00:00.964 11999 12011 W upgadata.up7723: ApkAssets: Deleting an ApkAssets object '<empty> and /data/app/~~ByIvMRJ2ID3vo7UGhAqu1Q==/com.android.chrome-E97- 6eh2X--Rf6BAXbxQLg==/split_survey.apk' with 1 weak references
07-19 23:00:00.964 11999 12011 W upgadata.up7723: ApkAssets: Deleting an ApkAssets object '<empty> and /data/app/~~ByIvMRJ2ID3vo7UGhAqu1Q==/com.android.chrome-E97- 6eh2X--Rf6BAXbxQLg==/split_test_dummy.apk' with 1 weak references
07-19 23:00:00.964 11999 12011 W upgadata.up7723: ApkAssets: Deleting an ApkAssets object '<empty> and /data/app/~~mTV2mAPZpnLzptlHhW24Qw==/com.google.android.trichromelibrary_647812233- 21lI0eJkFsusFwfX8WyDPg==/base.apk' with 1 weak references
07-19 23:00:00.964 11999 12011 W upgadata.up7723: ApkAssets: Deleting an ApkAssets object '<empty> and /data/app/~~Qro3CfaT290lRMvScDq2dA==/com.UCMobile-- cbFlaQlqDwHYotgLIWTvQ==/base.apk' with 1 weak references
07-19 23:00:00.965 11999 12011 W upgadata.up7723: ApkAssets: Deleting an ApkAssets object '<empty> and /data/app/~~ZGL_kveKFCXdn4XPlPzihw==/com.tencent.tmgp.supercell.brawlstars- iAaPGnmMo3eWGe8XbRK-kg==/base.apk' with 1 weak references
07-19 23:00:00.967 11999 11999 I HandWritingStubImpl: refreshLastKeyboardType: 1
07-19 23:00:00.967 11999 11999 I HandWritingStubImpl: getCurrentKeyboardType: 1
07-19 23:00:00.973 11999 11999 W View : requestLayout() improperly called by android.widget.TextView{f7dc278 VFED..C.. ..S...ID 0,0-172,105} during layout: running second layout pass
07-19 23:00:00.975 11999 12240 I IconCustomizer: find better bitmap : 126, for com.banshenghuo.mobile.ofdm
07-19 23:00:00.976 11999 12240 I IconCustomizer: find better bitmap : 150, for com.banshenghuo.mobile.ofdm
07-19 23:00:00.976 11999 12240 I IconCustomizer: find better bitmap : 174, for com.banshenghuo.mobile.ofdm
07-19 23:00:00.977 11999 12240 D IconCustomizer: Content Ratio = 1.0114943
07-19 23:00:00.977 11999 12240 D IconCustomizer: Generate customized icon for com.banshenghuo.mobile.ofdm.png, true
07-19 23:00:00.977 11999 12240 I IconCustomizer: composeIconWithTrans FullMask: for com.banshenghuo.mobile.ofdm.png
07-19 23:00:00.988 11999 12240 I IconCustomizer: find better bitmap : 147, for com.iflytek.inputmethod.miui
07-19 23:00:00.988 11999 12240 I IconCustomizer: find better bitmap : 168, for com.iflytek.inputmethod.miui
07-19 23:00:00.989 11999 12240 I IconCustomizer: find better bitmap : 168, for com.iflytek.inputmethod.miui
07-19 23:00:00.989 11999 12240 D IconCustomizer: Content Ratio = 1.0476191
07-19 23:00:00.989 11999 12240 D IconCustomizer: Content Ratio = 1.0476191
07-19 23:00:00.989 11999 12240 D IconCustomizer: BitmapDensity=347,dm.densityDpi=420
07-19 23:00:00.990 11999 12240 D IconCustomizer: Generate customized icon for com.iflytek.inputmethod.miui.png, true
07-19 23:00:00.990 11999 12240 I IconCustomizer: composeIconWithTrans FullMask: for com.iflytek.inputmethod.miui.png
07-19 23:00:01.004 11999 12240 E BitmapFactory: Unable to decode stream: java.io.FileNotFoundException: /product/media/theme/miui_mod_icons/dynamic/com.miui.notes/2.png: open failed: ENOENT (No such file or directory)
07-19 23:00:01.047 11999 12240 I IconCustomizer: find better bitmap : 126, for com.android.tnaant
07-19 23:00:01.048 11999 12240 I IconCustomizer: find better bitmap : 144, for com.android.tnaant
07-19 23:00:01.049 11999 12240 I IconCustomizer: find better bitmap : 144, for com.android.tnaant
07-19 23:00:01.050 11999 12240 D IconCustomizer: Content Ratio = 1.2222222
07-19 23:00:01.050 11999 12240 D IconCustomizer: Content Ratio = 1.2222222
07-19 23:00:01.050 11999 12240 D IconCustomizer: BitmapDensity=347,dm.densityDpi=420
07-19 23:00:01.050 11999 12240 D IconCustomizer: Generate customized icon for com.android.tnaant.png, true
07-19 23:00:01.050 11999 12240 I IconCustomizer: composeIconWithTrans FullMask: for com.android.tnaant.png
07-19 23:00:01.072 11999 12240 I IconCustomizer: find better bitmap : 126, for com.valvesoftware.android.steam.community
07-19 23:00:01.073 11999 12240 I IconCustomizer: find better bitmap : 150, for com.valvesoftware.android.steam.community
07-19 23:00:01.074 11999 12240 I IconCustomizer: find better bitmap : 174, for com.valvesoftware.android.steam.community
07-19 23:00:01.074 11999 12240 D IconCustomizer: Content Ratio = 1.0114943
07-19 23:00:01.074 11999 12240 D IconCustomizer: Generate customized icon for com.valvesoftware.android.steam.community.png, true
07-19 23:00:01.074 11999 12240 I IconCustomizer: composeIconWithTrans FullMask: for com.valvesoftware.android.steam.community.png
07-19 23:00:01.094 11999 12240 E BitmapFactory: Unable to decode stream: java.io.FileNotFoundException: /product/media/theme/miui_mod_icons/dynamic/com.miui.calculator/2.png: open failed: ENOENT (No such file or directory)
07-19 23:00:01.102 11999 12240 I IconCustomizer: find better bitmap : 126, for com.bf.sgs.hdexp.mi
07-19 23:00:01.104 11999 12240 I IconCustomizer: find better bitmap : 150, for com.bf.sgs.hdexp.mi
07-19 23:00:01.106 11999 12240 I IconCustomizer: find better bitmap : 174, for com.bf.sgs.hdexp.mi
07-19 23:00:01.106 11999 12240 D IconCustomizer: Content Ratio = 1.0114943
07-19 23:00:01.106 11999 12240 D IconCustomizer: Generate customized icon for com.bf.sgs.hdexp.mi.png, true
07-19 23:00:01.106 11999 12240 I IconCustomizer: composeIconWithTrans FullMask: for com.bf.sgs.hdexp.mi.png
07-19 23:00:01.141 11999 12240 E BitmapFactory: Unable to decode stream: java.io.FileNotFoundException: /product/media/theme/miui_mod_icons/dynamic/com.xiaomi.gamecenter/2.png: open failed: ENOENT (No such file or directory)
07-19 23:00:01.154 11999 12240 D IconCustomizer: Content Ratio = 0.46560848
07-19 23:00:01.154 11999 12240 D IconCustomizer: Generate customized icon for com.dragon.read.png, true
07-19 23:00:01.154 11999 12240 I IconCustomizer: composeIconWithTrans FullMask: for com.dragon.read.png
07-19 23:00:01.161 11999 12240 D IconCustomizer: Content Ratio = 0.5625
07-19 23:00:01.162 11999 12240 D IconCustomizer: Generate customized icon for com.listen.png, true
07-19 23:00:01.162 11999 12240 I IconCustomizer: composeIconWithTrans FullMask: for com.listen.png
07-19 23:00:01.167 11999 12240 I IconCustomizer: find better bitmap : 126, for net.pro.playmods
07-19 23:00:01.167 11999 12240 I IconCustomizer: find better bitmap : 150, for net.pro.playmods
07-19 23:00:01.168 11999 12240 I IconCustomizer: find better bitmap : 174, for net.pro.playmods
07-19 23:00:01.169 11999 11999 W View : requestLayout() improperly called by android.widget.TextView{f7dc278 VFED..C.. ..S...ID 0,0-172,105} during layout: running second layout pass
07-19 23:00:01.169 11999 12240 D IconCustomizer: Content Ratio = 1.0114943
07-19 23:00:01.169 11999 12240 D IconCustomizer: Generate customized icon for net.pro.playmods.png, true
07-19 23:00:01.169 11999 12240 I IconCustomizer: composeIconWithTrans FullMask: for net.pro.playmods.png
07-19 23:00:01.180 11999 12240 I IconCustomizer: find better bitmap : 168, for com.miui.cleanmaster
07-19 23:00:01.181 11999 12240 I IconCustomizer: find better bitmap : 192, for com.miui.cleanmaster
07-19 23:00:01.181 11999 12240 D IconCustomizer: Content Ratio = 0.9166667
07-19 23:00:01.181 11999 12240 D IconCustomizer: Content Ratio = 0.9166667
07-19 23:00:01.181 11999 12240 D IconCustomizer: BitmapDensity=403,dm.densityDpi=420
07-19 23:00:01.182 11999 12240 D IconCustomizer: Generate customized icon for com.miui.cleanmaster.png, true
07-19 23:00:01.182 11999 12240 I IconCustomizer: composeIconWithTrans FullMask: for com.miui.cleanmaster.png
07-19 23:00:01.194 11999 12240 D IconCustomizer: Content Ratio = 0.5675676
07-19 23:00:01.194 11999 12240 D IconCustomizer: Content Ratio = 0.5675676
07-19 23:00:01.194 11999 12240 D IconCustomizer: BitmapDensity=320,dm.densityDpi=420
07-19 23:00:01.195 11999 12240 D IconCustomizer: Generate customized icon for com.byfen.market.png, true
07-19 23:00:01.195 11999 12240 I IconCustomizer: composeIconWithTrans FullMask: for com.byfen.market.png
07-19 23:00:01.210 11999 12240 E BitmapFactory: Unable to decode stream: java.io.FileNotFoundException: /product/media/theme/miui_mod_icons/dynamic/com.miui.weather2/2.png: open failed: ENOENT (No such file or directory)
07-19 23:00:01.216 11999 12240 I IconCustomizerUtils: com.jingdong.app.mall bg ,size too large.432 > 283.5, density=320
07-19 23:00:01.216 11999 12240 I IconCustomizerUtils: com.jingdong.app.mall fg ,size too large.432 > 283.5, density=320
07-19 23:00:01.216 11999 12240 I IconCustomizerUtils: com.jingdong.app.mall, scale down 0.65625
07-19 23:00:01.217 11999 12240 I IconCustomizerUtils: scale size = 284, density = 320
07-19 23:00:01.218 11999 12240 I IconCustomizerUtils: scale size = 284, density = 320
07-19 23:00:01.223 11999 12240 I IconCustomizer: find better bitmap : 126, for com.zidongdianji
07-19 23:00:01.224 11999 12240 I IconCustomizer: find better bitmap : 150, for com.zidongdianji
07-19 23:00:01.224 11999 12240 I IconCustomizer: find better bitmap : 174, for com.zidongdianji
07-19 23:00:01.225 11999 12240 D IconCustomizer: Content Ratio = 0.7241379
07-19 23:00:01.225 11999 12240 D IconCustomizer: Generate customized icon for com.zidongdianji.png, true
07-19 23:00:01.225 11999 12240 I IconCustomizer: composeIconWithTrans FullMask: for com.zidongdianji.png
07-19 23:00:01.240 11999 12240 I IconCustomizer: find better bitmap : 126, for com.autonavi.minimap
07-19 23:00:01.241 11999 12240 I IconCustomizer: find better bitmap : 150, for com.autonavi.minimap
07-19 23:00:01.242 11999 12240 I IconCustomizer: find better bitmap : 174, for com.autonavi.minimap
07-19 23:00:01.242 11999 12240 D IconCustomizer: Content Ratio = 1.0114943
07-19 23:00:01.243 11999 12240 D IconCustomizer: Generate customized icon for com.autonavi.minimap.png, true
07-19 23:00:01.243 11999 12240 I IconCustomizer: composeIconWithTrans FullMask: for com.autonavi.minimap.png
07-19 23:00:01.268 11999 12240 E BitmapFactory: Unable to decode stream: java.io.FileNotFoundException: /product/media/theme/miui_mod_icons/dynamic/com.miui.barcodescanner/2.png: open failed: ENOENT (No such file or directory)
07-19 23:00:01.275 11999 12240 D IconCustomizer: Content Ratio = 0.78571427
07-19 23:00:01.276 11999 12240 D IconCustomizer: Generate customized icon for com.taobao.idlefish.png, true
07-19 23:00:01.276 11999 12240 I IconCustomizer: composeIconWithTrans FullMask: for com.taobao.idlefish.png
07-19 23:00:01.283 11999 12240 I IconCustomizer: find better bitmap : 156, for com.miui.mediaeditor
07-19 23:00:01.284 11999 12240 I IconCustomizer: find better bitmap : 156, for com.miui.mediaeditor
07-19 23:00:01.284 11999 12240 I IconCustomizer: find better bitmap : 156, for com.miui.mediaeditor
07-19 23:00:01.285 11999 12240 D IconCustomizer: Content Ratio = 1.1282052
07-19 23:00:01.285 11999 12240 D IconCustomizer: Content Ratio = 1.1282052
07-19 23:00:01.285 11999 12240 D IconCustomizer: BitmapDensity=160,dm.densityDpi=420
07-19 23:00:01.285 11999 12240 D IconCustomizer: Generate customized icon for com.miui.mediaeditor.png, true
07-19 23:00:01.285 11999 12240 I IconCustomizer: composeIconWithTrans FullMask: for com.miui.mediaeditor.png
07-19 23:00:01.293 11999 12240 D IconCustomizer: Content Ratio = 0.52380955
07-19 23:00:01.294 11999 12240 D IconCustomizer: Generate customized icon for com.kmxs.reader.png, true
07-19 23:00:01.294 11999 12240 I IconCustomizer: composeIconWithTrans FullMask: for com.kmxs.reader.png
07-19 23:00:01.310 11999 12240 E BitmapFactory: Unable to decode stream: java.io.FileNotFoundException: /product/media/theme/miui_mod_icons/dynamic/com.android.email/2.png: open failed: ENOENT (No such file or directory)
07-19 23:00:01.318 11999 11999 W RenderThread: type=1400 audit(0.0:465781): avc: denied { getattr } for path="/sys/module/metis/parameters/minor_window_app" dev="sysfs" ino=77174 scontext=u:r:untrusted_app_27:s0:c51,c257,c512,c768 tcontext=u:object_r:sysfs_migt:s0 tclass=file permissive=0 app=com.upgadata.up7723
07-19 23:00:01.337 11999 12240 I IconCustomizerUtils: com.activision.callofduty.warzone bg ,size too large.448 > 283.5, density=420
07-19 23:00:01.337 11999 12240 I IconCustomizerUtils: com.activision.callofduty.warzone fg ,size too large.448 > 283.5, density=420
07-19 23:00:01.337 11999 12240 I IconCustomizerUtils: com.activision.callofduty.warzone, scale down 0.6328125
07-19 23:00:01.337 11999 12240 I IconCustomizerUtils: scale size = 284, density = 420
07-19 23:00:01.338 11999 12240 I IconCustomizerUtils: scale size = 284, density = 420
07-19 23:00:01.350 11999 11999 W RenderThread: type=1400 audit(0.0:465782): avc: denied { getattr } for path="/sys/module/metis/parameters/minor_window_app" dev="sysfs" ino=77174 scontext=u:r:untrusted_app_27:s0:c51,c257,c512,c768 tcontext=u:object_r:sysfs_migt:s0 tclass=file permissive=0 app=com.upgadata.up7723
07-19 23:00:01.357 11999 12240 E BitmapFactory: Unable to decode stream: java.io.FileNotFoundException: /product/media/theme/miui_mod_icons/dynamic/com.android.deskclock/2.png: open failed: ENOENT (No such file or directory)
07-19 23:00:01.374 11999 12240 D IconCustomizer: Content Ratio = 0.6984127
07-19 23:00:01.375 11999 12240 D IconCustomizer: Generate customized icon for com.baidu.netdisk.png, true
07-19 23:00:01.375 11999 12240 I IconCustomizer: composeIconWithTrans FullMask: for com.baidu.netdisk.png
07-19 23:00:01.386 11999 11999 W RenderThread: type=1400 audit(0.0:465783): avc: denied { getattr } for path="/sys/module/metis/parameters/minor_window_app" dev="sysfs" ino=77174 scontext=u:r:untrusted_app_27:s0:c51,c257,c512,c768 tcontext=u:object_r:sysfs_migt:s0 tclass=file permissive=0 app=com.upgadata.up7723
07-19 23:00:01.404 11999 12240 E BitmapFactory: Unable to decode stream: java.io.FileNotFoundException: /product/media/theme/miui_mod_icons/dynamic/com.xiaomi.smarthome/2.png: open failed: ENOENT (No such file or directory)
07-19 23:00:01.409 11999 12240 I IconCustomizer: find better bitmap : 126, for com.singularity.tiangong
07-19 23:00:01.412 11999 12240 I IconCustomizer: find better bitmap : 150, for com.singularity.tiangong
07-19 23:00:01.413 11999 12240 I IconCustomizer: find better bitmap : 174, for com.singularity.tiangong
07-19 23:00:01.413 11999 12240 D IconCustomizer: Content Ratio = 1.0114943
07-19 23:00:01.414 11999 12240 D IconCustomizer: Generate customized icon for com.singularity.tiangong.png, true
07-19 23:00:01.414 11999 12240 I IconCustomizer: composeIconWithTrans FullMask: for com.singularity.tiangong.png
07-19 23:00:01.418 11999 11999 W RenderThread: type=1400 audit(0.0:465784): avc: denied { getattr } for path="/sys/module/metis/parameters/minor_window_app" dev="sysfs" ino=77174 scontext=u:r:untrusted_app_27:s0:c51,c257,c512,c768 tcontext=u:object_r:sysfs_migt:s0 tclass=file permissive=0 app=com.upgadata.up7723
07-19 23:00:01.423 11999 12240 D IconCustomizer: Content Ratio = -1.0
07-19 23:00:01.424 11999 12240 D IconCustomizer: Generate customized icon for com.miui.newmidrive.png, true
07-19 23:00:01.424 11999 12240 I IconCustomizer: composeIconWithTrans FullMask: for com.miui.newmidrive.png
07-19 23:00:01.430 11999 11999 W RenderThread: type=1400 audit(0.0:465785): avc: denied { getattr } for path="/sys/module/metis/parameters/minor_window_app" dev="sysfs" ino=77174 scontext=u:r:untrusted_app_27:s0:c51,c257,c512,c768 tcontext=u:object_r:sysfs_migt:s0 tclass=file permissive=0 app=com.upgadata.up7723
07-19 23:00:01.450 11999 11999 D MiuiMultiWindowUtils: freeform resolution args raw data:{ "zizhan":{ "freeform_args": { "inner":{ "vertical_portrait": {"aspect_ratio":0.626, "original_ratio":0.5643,"original_scale":0.74,"top_margin":0.168,"left_margin":0.48 4}, "horizontal_portrait":{"aspect_ratio":0.626, "original_ratio":0.5643,"original_scale":0.74,"top_margin":0.1222,"left_margin":0.5 9745}, "vertical_landscape":{"aspect_ratio":1.6, "original_ratio":1,"original_scale":0.604,"top_margin":0.2596,"left_margin":0.2624} , "horizontal_landscape":{"aspect_ratio":1.6, "original_ratio":1,"original_scale":0.604,"top_margin":0.213,"left_margin":0.3758} }, "outer":{ "vertical_portrait":{"aspect_ratio":0.626, "original_ratio":1,"original_scale":0.74,"top_margin":0.0753,"left_margin":-1}, "horizontal_portrait":{"aspect_ratio":0.626, "original_ratio":1,"original_scale":0.5756,"top_margin":-1,"left_margin":0.0753}, "vertical_landscape":{"aspect_ratio":1.6, "original_ratio":0.6847,"original_scale":0.587,"top_margin":0.0753,"left_margin":- 1}, "horizontal_landscape":{"aspect_ratio":1.6, "original_ratio":0.6847,"original_scale":0.587,"top_margin":- 1,"left_margin":0.0753}} }, "mini_freeform_args":{ "inner": { "vertical_portrait":{"original_ratio":0.147}, "horizontal_portrait":{"original_ratio":0.147}, "vertical_landscape": {"original_ratio":0.165}, "horizontal_landscape":{"original_ratio":0.165} }, "outer":{ "vertical_portrait":{"original_ratio":0.26}, "horizontal_portrait":{"original_ratio":0.26}, "vertical_landscape": {"original_ratio":0.293}, "horizontal_landscape":{"original_ratio":0.293}} } }, "wide_default":{ "freeform_args": { "vertical_portrait": {"aspect_ratio":0.625, "original_ratio":0.5806,"original_scale":0.7574,"top_margin":0.125,"left_margin":0. 392}, "horizontal_portrait":{"aspect_ratio":0.625, "original_ratio":0.5806,"original_scale":0.7574,"top_margin":- 1,"left_margin":0.6415}, "vertical_landscape":{"aspect_ratio":1.6, "original_ratio":1,"original_scale":0.5153,"top_margin":0.125,"left_margin":0.206}, "horizontal_landscape":{"aspect_ratio":1.6, "original_ratio":1,"original_scale":0.5153,"top_margin":- 1,"left_margin":0.456} }, "mini_freeform_args":{ "vertical_portrait": {"original_ratio":0.144}, "horizontal_portrait":{"original_ratio":0.144}, "vertical_landscape":{"original_ratio":0.144}, "horizontal_landscape": {"original_ratio":0.144} } }, "narrow_default": { "freeform_args": { "vertical_portrait":{"aspect_ratio":0.5625, "original_ratio":1,"original_scale":0.7182,"top_margin":0.142,"left_margin":-1}, "horizontal_portrait":{"aspect_ratio":0.8, "original_ratio":1,"original_scale":0.7182,"top_margin":-1,"left_margin":0.05}, "vertical_landscape":{"aspect_ratio":1.6, "original_ratio":0.6545,"original_scale":0.4473,"top_margin":0.142,"left_margin":- 1}, "horizontal_landscape":{"aspect_ratio":1.6, "original_ratio":0.6545,"original_scale":0.4473,"top_margin":-1,"left_margin":0.05} }, "mini_freeform_args":{ "vertical_portrait":{"original_ratio":0.3}, "horizontal_portrait":{"original_ratio":0.3}, "vertical_landscape": {"original_ratio":0.3}, "horizontal_landscape": {"original_ratio":0.3} } }, "regular_default": { "freeform_args": { "vertical_portrait":{"aspect_ratio":0.625, "original_ratio":1,"original_scale":0.7,"top_margin":0.109,"left_margin":-1}, "horizontal_portrait":{"aspect_ratio":0.6667, "original_ratio":1,"original_scale":0.6102,"top_margin":-1,"left_margin":0.026}, "vertical_landscape":{"aspect_ratio":1.6, "original_ratio":1,"original_scale":0.4244,"top_margin":0.109,"left_margin":-1}, "horizontal_landscape":{"aspect_ratio":1.6, "original_ratio":1,"original_scale":0.4244,"top_margin":- 1,"left_margin":0.026} }, "mini_freeform_args":{ "vertical_portrait": {"original_ratio":0.25}, "horizontal_portrait":{"origina
07-19 23:00:01.450 11999 11999 D MiuiMultiWindowUtils: initFreeFormResolutionArgs failed, device is vermeer
07-19 23:00:01.451 11999 11999 D IS_CTS_MODE: false
07-19 23:00:01.451 11999 11999 D MULTI_WINDOW_SWITCH_ENABLED: false
07-19 23:00:01.477 11999 12240 I IconCustomizer: find better bitmap : 126, for xy.mh.yumi
07-19 23:00:01.478 11999 12240 I IconCustomizer: find better bitmap : 150, for xy.mh.yumi
07-19 23:00:01.480 11999 12240 I IconCustomizer: find better bitmap : 174, for xy.mh.yumi
07-19 23:00:01.480 11999 12240 D IconCustomizer: Content Ratio = 1.0114943
07-19 23:00:01.481 11999 12240 D IconCustomizer: Generate customized icon for xy.mh.yumi.png, true
07-19 23:00:01.481 11999 12240 I IconCustomizer: composeIconWithTrans FullMask: for xy.mh.yumi.png
07-19 23:00:01.500 11999 12240 I IconCustomizer: find better bitmap : 126, for com.greenpoint.android.mc10086.activity
07-19 23:00:01.501 11999 12240 I IconCustomizer: find better bitmap : 150, for com.greenpoint.android.mc10086.activity
07-19 23:00:01.502 11999 12240 I IconCustomizer: find better bitmap : 174, for com.greenpoint.android.mc10086.activity
07-19 23:00:01.503 11999 12240 D IconCustomizer: Content Ratio = 1.0114943
07-19 23:00:01.503 11999 12240 D IconCustomizer: Generate customized icon for com.greenpoint.android.mc10086.activity.png, true
07-19 23:00:01.503 11999 12240 I IconCustomizer: composeIconWithTrans FullMask: for com.greenpoint.android.mc10086.activity.png
07-19 23:00:01.511 11999 12240 D IconCustomizer: Content Ratio = 0.58278143
07-19 23:00:01.511 11999 12240 D IconCustomizer: Generate customized icon for com.youdao.translator.png, true
07-19 23:00:01.511 11999 12240 I IconCustomizer: composeIconWithTrans FullMask: for com.youdao.translator.png
07-19 23:00:01.520 11999 12240 I IconCustomizer: find better bitmap : 126, for com.hp.android.printservice
07-19 23:00:01.522 11999 12240 I IconCustomizer: find better bitmap : 150, for com.hp.android.printservice
07-19 23:00:01.523 11999 12240 I IconCustomizer: find better bitmap : 174, for com.hp.android.printservice
07-19 23:00:01.523 11999 12240 D IconCustomizer: Content Ratio = 0.82894737
07-19 23:00:01.523 11999 12240 D IconCustomizer: Generate customized icon for com.hp.android.printservice.png, true
07-19 23:00:01.524 11999 12240 I IconCustomizer: composeIconWithTrans FullMask: for com.hp.android.printservice.png
07-19 23:00:02.184 11999 11999 W WindowOnBackDispatcher: sendCancelIfRunning: isInProgress=falsecallback=android.view.ViewRootImpl$ $ExternalSyntheticLambda22@673f517
07-19 23:00:02.330 11999 11999 W RenderThread: type=1400 audit(0.0:465793): avc: denied { getattr } for path="/sys/module/metis/parameters/minor_window_app" dev="sysfs" ino=77174 scontext=u:r:untrusted_app_27:s0:c51,c257,c512,c768 tcontext=u:object_r:sysfs_migt:s0 tclass=file permissive=0 app=com.upgadata.up7723
07-19 23:00:02.346 11999 11999 W RenderThread: type=1400 audit(0.0:465794): avc: denied { getattr } for path="/sys/module/metis/parameters/minor_window_app" dev="sysfs" ino=77174 scontext=u:r:untrusted_app_27:s0:c51,c257,c512,c768 tcontext=u:object_r:sysfs_migt:s0 tclass=file permissive=0 app=com.upgadata.up7723
07-19 23:00:02.350 11999 11999 W RenderThread: type=1400 audit(0.0:465795): avc: denied { getattr } for path="/sys/module/metis/parameters/minor_window_app" dev="sysfs" ino=77174 scontext=u:r:untrusted_app_27:s0:c51,c257,c512,c768 tcontext=u:object_r:sysfs_migt:s0 tclass=file permissive=0 app=com.upgadata.up7723
07-19 23:00:02.362 11999 11999 W RenderThread: type=1400 audit(0.0:465796): avc: denied { getattr } for path="/sys/module/metis/parameters/minor_window_app" dev="sysfs" ino=77174 scontext=u:r:untrusted_app_27:s0:c51,c257,c512,c768 tcontext=u:object_r:sysfs_migt:s0 tclass=file permissive=0 app=com.upgadata.up7723
07-19 23:00:02.368 11999 11999 D CompatibilityChangeReporter: Compat change id reported: 194532703; UID 10307; state: DISABLED
07-19 23:00:02.368 11999 11999 D CompatibilityChangeReporter: Compat change id reported: 253665015; UID 10307; state: DISABLED
07-19 23:00:02.378 11999 11999 W WindowOnBackDispatcher: sendCancelIfRunning: isInProgress=falsecallback=android.view.ViewRootImpl$ $ExternalSyntheticLambda22@40f3829
07-19 23:00:02.394 11999 11999 W RenderThread: type=1400 audit(0.0:465797): avc: denied { getattr } for path="/sys/module/metis/parameters/minor_window_app" dev="sysfs" ino=77174 scontext=u:r:untrusted_app_27:s0:c51,c257,c512,c768 tcontext=u:object_r:sysfs_migt:s0 tclass=file permissive=0 app=com.upgadata.up7723
07-19 23:00:02.430 11999 11999 I HandWritingStubImpl: refreshLastKeyboardType: 1
07-19 23:00:02.430 11999 11999 I HandWritingStubImpl: getCurrentKeyboardType: 1
07-19 23:00:02.435 11999 12431 D TrafficStats: tagSocket(107) with statsTag=0xffffffff, statsUid=-1
07-19 23:00:02.831 11999 12345 D TrafficStats: tagSocket(292) with statsTag=0xffffffff, statsUid=-1
07-19 23:00:02.833 11999 12360 D TrafficStats: tagSocket(309) with statsTag=0xffffffff, statsUid=-1
07-19 23:00:02.834 11999 12344 D TrafficStats: tagSocket(315) with statsTag=0xffffffff, statsUid=-1
07-19 23:00:02.889 11999 12338 D TrafficStats: tagSocket(179) with statsTag=0xffffffff, statsUid=-1
07-19 23:00:03.065 11999 11999 D ScrollerOptimizationManager: registerConfigChangedListener
07-19 23:00:03.077 11999 12199 E upgadata.up7723: Invalid resource ID 0x00000000.
07-19 23:00:03.080 11999 12199 E upgadata.up7723: Invalid resource ID 0x00000000.
07-19 23:00:03.080 11999 12199 E upgadata.up7723: Invalid resource ID 0x00000000.
07-19 23:00:03.081 11999 12199 E upgadata.up7723: Invalid resource ID 0x00000000.
07-19 23:00:03.100 11999 11999 D ScrollerOptimizationManager: registerConfigChangedListener
07-19 23:00:03.101 11999 11999 D SplineOverScroller: mFlingDuration: 1243,mFlingDistance: 313.9534912109375,mVelocity: 725
07-19 23:00:03.287 11999 11999 W View : requestLayout() improperly called by android.widget.TextView{f7dc278 VFED..C.. ..S...ID 0,0-172,105} during layout: running second layout pass
07-19 23:00:03.337 11999 12460 I IconCustomizer: find better bitmap : 126, for com.tencent.tmgp.sgame
07-19 23:00:03.339 11999 12460 I IconCustomizer: find better bitmap : 150, for com.tencent.tmgp.sgame
07-19 23:00:03.340 11999 12460 I IconCustomizer: find better bitmap : 174, for com.tencent.tmgp.sgame
07-19 23:00:03.340 11999 12460 D IconCustomizer: Content Ratio = 1.0114943
07-19 23:00:03.340 11999 12460 D IconCustomizer: Generate customized icon for com.tencent.tmgp.sgame.png, true
07-19 23:00:03.340 11999 12460 I IconCustomizer: composeIconWithTrans FullMask: for com.tencent.tmgp.sgame.png
07-19 23:00:03.343 11999 12460 I IconCustomizer: find better bitmap : 175, for com.upgadata.up7723
07-19 23:00:03.343 11999 12460 I IconCustomizer: find better bitmap : 200, for com.upgadata.up7723
07-19 23:00:03.343 11999 12460 D IconCustomizer: Content Ratio = 0.88
07-19 23:00:03.344 11999 12460 D IconCustomizer: Content Ratio = 0.88
07-19 23:00:03.344 11999 12460 D IconCustomizer: BitmapDensity=403,dm.densityDpi=420
07-19 23:00:03.344 11999 12460 D IconCustomizer: Generate customized icon for com.upgadata.up7723.png, true
07-19 23:00:03.344 11999 12460 I IconCustomizer: composeIconWithTrans FullMask: for com.upgadata.up7723.png
07-19 23:00:03.348 11999 11999 W View : requestLayout() improperly called by android.widget.TextView{f7dc278 VFED..C.. ..S...ID 0,0-172,105} during layout: running second layout pass
07-19 23:00:03.764 11999 12041 W RenderInspector: DequeueBuffer time out on com.upgadata.up7723/com.upgadata.up7723.main.activity.HomeActivity, count=1, avg=16 ms, max=16 ms.
07-19 23:00:03.913 11999 11999 W View : requestLayout() improperly called by android.widget.TextView{f7dc278 VFED..C.. ..S...ID 0,0-172,105} during layout: running second layout pass
07-19 23:00:03.914 11999 12041 W RenderInspector: DequeueBuffer time out on com.upgadata.up7723/com.upgadata.up7723.main.activity.HomeActivity, count=1, avg=16 ms, max=16 ms.
07-19 23:00:03.962 11999 11999 W View : requestLayout() improperly called by android.widget.TextView{f7dc278 VFED..C.. ..S...ID 0,0-172,105} during layout: running second layout pass
07-19 23:00:04.095 11999 12041 W RenderInspector: DequeueBuffer time out on com.upgadata.up7723/com.upgadata.up7723.main.activity.HomeActivity, count=1, avg=20 ms, max=20 ms.
07-19 23:00:04.277 11999 12140 D TrafficStats: tagSocket(179) with statsTag=0xffffffff, statsUid=-1
07-19 23:00:04.294 11999 12075 D TrafficStats: tagSocket(304) with statsTag=0xffffffff, statsUid=-1
07-19 23:00:04.667 11999 12041 W RenderInspector: DequeueBuffer time out on com.upgadata.up7723/com.upgadata.up7723.main.activity.HomeActivity, count=1, avg=21 ms, max=21 ms.
07-19 23:00:04.687 11999 11999 I MiInputConsumer: optimized resample latency: 2588500 ns
07-19 23:00:06.710 11999 12199 E upgadata.up7723: Invalid resource ID 0x00000000.
07-19 23:00:06.713 11999 12199 E upgadata.up7723: Invalid resource ID 0x00000000.
07-19 23:00:06.713 11999 12199 E upgadata.up7723: Invalid resource ID 0x00000000.
07-19 23:00:06.714 11999 12199 E upgadata.up7723: Invalid resource ID 0x00000000.
07-19 23:00:06.714 11999 12199 E upgadata.up7723: Invalid resource ID 0x00000000.
07-19 23:00:06.715 11999 12199 E upgadata.up7723: Invalid resource ID 0x00000000.
07-19 23:00:06.715 11999 12199 E upgadata.up7723: Invalid resource ID 0x00000000.
07-19 23:00:06.716 11999 11999 D ScrollerOptimizationManager: registerConfigChangedListener
07-19 23:00:06.716 11999 12199 E upgadata.up7723: Invalid resource ID 0x00000000.
07-19 23:00:06.725 11999 12199 E upgadata.up7723: Invalid resource ID 0x00000000.
07-19 23:00:06.725 11999 12199 E upgadata.up7723: Invalid resource ID 0x00000000.
07-19 23:00:06.725 11999 12199 E upgadata.up7723: Invalid resource ID 0x00000000.
07-19 23:00:06.725 11999 12199 E upgadata.up7723: Invalid resource ID 0x00000000.
07-19 23:00:06.726 11999 12199 E upgadata.up7723: Invalid resource ID 0x00000000.
07-19 23:00:06.726 11999 12199 E upgadata.up7723: Invalid resource ID 0x00000000.
07-19 23:00:06.726 11999 12199 E upgadata.up7723: Invalid resource ID 0x00000000.
07-19 23:00:06.726 11999 12199 E upgadata.up7723: Invalid resource ID 0x00000000.
07-19 23:00:06.742 11999 12344 D TrafficStats: tagSocket(179) with statsTag=0xffffffff, statsUid=-1
07-19 23:00:06.743 11999 12338 D TrafficStats: tagSocket(288) with statsTag=0xffffffff, statsUid=-1
07-19 23:00:06.840 11999 11999 W View : requestLayout() improperly called by android.widget.TextView{f7dc278 VFED..C.. ..S...ID 0,0-172,105} during layout: running second layout pass
07-19 23:00:06.857 11999 11999 W View : requestLayout() improperly called by android.widget.TextView{f7dc278 VFED..C.. ..S...ID 0,0-172,105} during layout: running second layout pass
07-19 23:00:06.950 11999 12022 I upgadata.up7723: ProcessProfilingInfo new_methods=1273 is saved saved_to_disk=1 resolve_classes_delay=8000
07-19 23:00:07.018 11999 11999 D SplineOverScroller: mFlingDuration: 1298,mFlingDistance: 356.279052734375,mVelocity: -816
07-19 23:00:07.605 11999 12041 W RenderInspector: DequeueBuffer time out on com.upgadata.up7723/com.upgadata.up7723.main.activity.HomeActivity, count=1, avg=17 ms, max=17 ms.
