07-19 23:02:57.541 11999 11999 W PackageManager: at com.upgadata.up7723.install.ApkInstallUtils$isBlackBoxGameInstalled$3.invoke(ApkIns tallUtils.kt:3)
07-19 23:02:57.541 11999 11999 W PackageManager: at com.upgadata.up7723.install.ApkInstallUtils$isBlackBoxGameInstalled$3.invoke(ApkIns tallUtils.kt:1)
07-19 23:02:57.541 11999 11999 W PackageManager: at com.upgadata.up7723.install.o.c(CommonUtils.kt:14)
07-19 23:02:57.541 11999 11999 W PackageManager: at com.upgadata.up7723.install.ApkInstallUtils.v(ApkInstallUtils.kt:5)
07-19 23:02:57.541 11999 11999 W PackageManager: at com.upgadata.up7723.widget.view.DownLoadView.setDownloadState(DownLoadView.java:104 )
07-19 23:02:57.541 11999 11999 W PackageManager: at com.upgadata.up7723.widget.view.DownLoadView.R(DownLoadView.java:10)
07-19 23:02:57.541 11999 11999 W PackageManager: at com.upgadata.up7723.widget.view.DownLoadView.p0(DownLoadView.java:18)
07-19 23:02:57.541 11999 11999 W PackageManager: at com.upgadata.up7723.widget.view.DownLoadView.setData(DownLoadView.java:129)
07-19 23:02:57.541 11999 11999 W PackageManager: at com.upgadata.up7723.widget.x0.f(GameItemRankView.java:54)
07-19 23:02:57.541 11999 11999 W PackageManager: at com.upgadata.up7723.widget.x0.b(GameItemRankView.java:3)
07-19 23:02:57.541 11999 11999 W PackageManager: at com.upgadata.up7723.base.c.getView(BaseHolderAdapter.java:6)
07-19 23:02:57.541 11999 11999 W PackageManager: at android.widget.HeaderViewListAdapter.getView(HeaderViewListAdapter.java:224)
07-19 23:02:57.541 11999 11999 W PackageManager: at android.widget.AbsListView.obtainView(AbsListView.java:2516)
07-19 23:02:57.541 11999 11999 W PackageManager: at android.widget.ListView.makeAndAddView(ListView.java:2065)
07-19 23:02:57.541 11999 11999 W PackageManager: at android.widget.ListView.fillDown(ListView.java:791)
07-19 23:02:57.541 11999 11999 W PackageManager: at android.widget.ListView.fillSpecific(ListView.java:1502)
07-19 23:02:57.541 11999 11999 W PackageManager: at android.widget.ListView.layoutChildren(ListView.java:1800)
07-19 23:02:57.541 11999 11999 W PackageManager: at android.widget.AbsListView.onLayout(AbsListView.java:2299)
07-19 23:02:57.541 11999 11999 W PackageManager: at android.view.View.layout(View.java:25227)
07-19 23:02:57.541 11999 11999 W PackageManager: at android.view.ViewGroup.layout(ViewGroup.java:6515)
07-19 23:02:57.541 11999 11999 W PackageManager: at android.widget.RelativeLayout.onLayout(RelativeLayout.java:1103)
07-19 23:02:57.541 11999 11999 W PackageManager: at android.view.View.layout(View.java:25227)
07-19 23:02:57.541 11999 11999 W PackageManager: at android.view.ViewGroup.layout(ViewGroup.java:6515)
07-19 23:02:57.541 11999 11999 W PackageManager: at androidx.viewpager.widget.ViewPager.onLayout(ViewPager.java:35)
07-19 23:02:57.541 11999 11999 W PackageManager: at android.view.View.layout(View.java:25227)
07-19 23:02:57.541 11999 11999 W PackageManager: at android.view.ViewGroup.layout(ViewGroup.java:6515)
07-19 23:02:57.541 11999 11999 W PackageManager: at android.widget.RelativeLayout.onLayout(RelativeLayout.java:1103)
07-19 23:02:57.541 11999 11999 W PackageManager: at android.view.View.layout(View.java:25227)
07-19 23:02:57.541 11999 11999 W PackageManager: at android.view.ViewGroup.layout(ViewGroup.java:6515)
07-19 23:02:57.541 11999 11999 W PackageManager: at android.widget.FrameLayout.layoutChildren(FrameLayout.java:332)
07-19 23:02:57.541 11999 11999 W PackageManager: at android.widget.FrameLayout.onLayout(FrameLayout.java:270)
07-19 23:02:57.541 11999 11999 W PackageManager: at android.view.View.layout(View.java:25227)
07-19 23:02:57.541 11999 11999 W PackageManager: at android.view.ViewGroup.layout(ViewGroup.java:6515)
07-19 23:02:57.541 11999 11999 W PackageManager: at android.widget.RelativeLayout.onLayout(RelativeLayout.java:1103)
07-19 23:02:57.541 11999 11999 W PackageManager: at android.view.View.layout(View.java:25227)
07-19 23:02:57.541 11999 11999 W PackageManager: at android.view.ViewGroup.layout(ViewGroup.java:6515)
07-19 23:02:57.541 11999 11999 W PackageManager: at android.widget.FrameLayout.layoutChildren(FrameLayout.java:332)
07-19 23:02:57.541 11999 11999 W PackageManager: at android.widget.FrameLayout.onLayout(FrameLayout.java:270)
07-19 23:02:57.541 11999 11999 W PackageManager: at android.view.View.layout(View.java:25227)
07-19 23:02:57.541 11999 11999 W PackageManager: at android.view.ViewGroup.layout(ViewGroup.java:6515)
07-19 23:02:57.541 11999 11999 W PackageManager: at android.widget.LinearLayout.setChildFrame(LinearLayout.java:1891)
07-19 23:02:57.541 11999 11999 W PackageManager: at android.widget.LinearLayout.layoutVertical(LinearLayout.java:1729)
07-19 23:02:57.541 11999 11999 W PackageManager: at android.widget.LinearLayout.onLayout(LinearLayout.java:1638)
07-19 23:02:57.541 11999 11999 W PackageManager: at android.view.View.layout(View.java:25227)
07-19 23:02:57.541 11999 11999 W PackageManager: at android.view.ViewGroup.layout(ViewGroup.java:6515)
07-19 23:02:57.541 11999 11999 W PackageManager: at android.widget.FrameLayout.layoutChildren(FrameLayout.java:332)
07-19 23:02:57.541 11999 11999 W PackageManager: at android.widget.FrameLayout.onLayout(FrameLayout.java:270)
07-19 23:02:57.541 11999 11999 W PackageManager: at android.view.View.layout(View.java:25227)
07-19 23:02:57.541 11999 11999 W PackageManager: at android.view.ViewGroup.layout(ViewGroup.java:6515)
07-19 23:02:57.541 11999 11999 W PackageManager: at android.widget.LinearLayout.setChildFrame(LinearLayout.java:1891)
07-19 23:02:57.541 11999 11999 W PackageManager: at android.widget.LinearLayout.layoutVertical(LinearLayout.java:1729)
07-19 23:02:57.541 11999 11999 W PackageManager: at android.widget.LinearLayout.onLayout(LinearLayout.java:1638)
07-19 23:02:57.541 11999 11999 W PackageManager: at android.view.View.layout(View.java:25227)
07-19 23:02:57.541 11999 11999 W PackageManager: at android.view.ViewGroup.layout(ViewGroup.java:6515)
07-19 23:02:57.541 11999 11999 W PackageManager: at me.imid.swipebacklayout.lib.SwipeBackLayout.onLayout(SwipeBackLayout.java:6)
07-19 23:02:57.541 11999 11999 W PackageManager: at android.view.View.layout(View.java:25227)
07-19 23:02:57.541 11999 11999 W PackageManager: at android.view.ViewGroup.layout(ViewGroup.java:6515)
07-19 23:02:57.541 11999 11999 W PackageManager: at android.widget.FrameLayout.layoutChildren(FrameLayout.java:332)
07-19 23:02:57.541 11999 11999 W PackageManager: at android.widget.FrameLayout.onLayout(FrameLayout.java:270)
07-19 23:02:57.541 11999 11999 W PackageManager: at com.android.internal.policy.DecorView.onLayout(DecorView.java:852)
07-19 23:02:57.541 11999 11999 W PackageManager: at android.view.View.layout(View.java:25227)
07-19 23:02:57.541 11999 11999 W PackageManager: at android.view.ViewGroup.layout(ViewGroup.java:6515)
07-19 23:02:57.541 11999 11999 W PackageManager: at android.view.ViewRootImpl.performLayout(ViewRootImpl.java:4780)
07-19 23:02:57.541 11999 11999 W PackageManager: at android.view.ViewRootImpl.performTraversals(ViewRootImpl.java:4089)
07-19 23:02:57.541 11999 11999 W PackageManager: at android.view.ViewRootImpl.doTraversal(ViewRootImpl.java:2919)
07-19 23:02:57.541 11999 11999 W PackageManager: at android.view.ViewRootImpl$TraversalRunnable.run(ViewRootImpl.java:10188)
07-19 23:02:57.541 11999 11999 W PackageManager: at android.view.Choreographer$CallbackRecord.run(Choreographer.java:1623)
07-19 23:02:57.541 11999 11999 W PackageManager: at android.view.Choreographer$CallbackRecord.run(Choreographer.java:1632)
07-19 23:02:57.541 11999 11999 W PackageManager: at android.view.Choreographer.doCallbacks(Choreographer.java:1172)
07-19 23:02:57.541 11999 11999 W PackageManager: at android.view.Choreographer.doFrame(Choreographer.java:1076)
07-19 23:02:57.541 11999 11999 W PackageManager: at android.view.Choreographer$FrameDisplayEventReceiver.run(Choreographer.java:1602)
07-19 23:02:57.541 11999 11999 W PackageManager: at android.os.Handler.handleCallback(Handler.java:958)
07-19 23:02:57.541 11999 11999 W PackageManager: at android.os.Handler.dispatchMessage(Handler.java:99)
07-19 23:02:57.541 11999 11999 W PackageManager: at android.os.Looper.loopOnce(Looper.java:224)
07-19 23:02:57.541 11999 11999 W PackageManager: at android.os.Looper.loop(Looper.java:318)
07-19 23:02:57.541 11999 11999 W PackageManager: at android.app.ActivityThread.main(ActivityThread.java:8653)
07-19 23:02:57.541 11999 11999 W PackageManager: at java.lang.reflect.Method.invoke(Native Method)
07-19 23:02:57.541 11999 11999 W PackageManager: at com.android.internal.os.RuntimeInit$MethodAndArgsCaller.run(RuntimeInit.java:561)
07-19 23:02:57.541 11999 11999 W PackageManager: at com.android.internal.os.ZygoteInit.main(ZygoteInit.java:1013)
07-19 23:02:57.548 11999 11999 W ziparchive: Unable to open '/data/user/0/com.upgadata.up7723/bzBox/data/app/LuoDeying.COD_19_Text/base.apk': No such file or directory
07-19 23:02:57.548 11999 11999 E upgadata.up7723: Failed to open APK '/data/user/0/com.upgadata.up7723/bzBox/data/app/LuoDeying.COD_19_Text/base.apk': I/O error
07-19 23:02:57.548 11999 11999 W PackageManager: Failure to parse package archive
07-19 23:02:57.548 11999 11999 W PackageManager: android.content.pm.PackageParser$PackageParserException: Failed to parse /data/user/0/com.upgadata.up7723/bzBox/data/app/LuoDeying.COD_19_Text/base.apk
07-19 23:02:57.548 11999 11999 W PackageManager: at android.content.pm.PackageParser.parseApkLiteInner(PackageParser.java:1506)
07-19 23:02:57.548 11999 11999 W PackageManager: at android.content.pm.PackageParser.parseApkLite(PackageParser.java:1477)
07-19 23:02:57.548 11999 11999 W PackageManager: at android.content.pm.PackageParser.parseMonolithicPackageLite(PackageParser.java:980)
07-19 23:02:57.548 11999 11999 W PackageManager: at android.content.pm.PackageParser.parseMonolithicPackage(PackageParser.java:1189)
07-19 23:02:57.548 11999 11999 W PackageManager: at android.content.pm.PackageParser.parsePackage(PackageParser.java:1103)
07-19 23:02:57.548 11999 11999 W PackageManager: at android.content.pm.PackageManager.getPackageArchiveInfo(PackageManager.java:8376)
07-19 23:02:57.548 11999 11999 W PackageManager: at android.content.pm.PackageManager.getPackageArchiveInfo(PackageManager.java:8353)
07-19 23:02:57.548 11999 11999 W PackageManager: at com.upgadata.up7723.install.ApkInstallUtils.z(ApkInstallUtils.kt:13)
07-19 23:02:57.548 11999 11999 W PackageManager: at com.upgadata.up7723.install.ApkInstallUtils$isBlackBoxGameInstalled$3.invoke(ApkIns tallUtils.kt:3)
07-19 23:02:57.548 11999 11999 W PackageManager: at com.upgadata.up7723.install.ApkInstallUtils$isBlackBoxGameInstalled$3.invoke(ApkIns tallUtils.kt:1)
07-19 23:02:57.548 11999 11999 W PackageManager: at com.upgadata.up7723.install.o.c(CommonUtils.kt:14)
07-19 23:02:57.548 11999 11999 W PackageManager: at com.upgadata.up7723.install.ApkInstallUtils.v(ApkInstallUtils.kt:5)
07-19 23:02:57.548 11999 11999 W PackageManager: at com.upgadata.up7723.widget.view.DownLoadView.setDownloadState(DownLoadView.java:104 )
07-19 23:02:57.548 11999 11999 W PackageManager: at com.upgadata.up7723.widget.view.DownLoadView.R(DownLoadView.java:10)
07-19 23:02:57.548 11999 11999 W PackageManager: at com.upgadata.up7723.widget.view.DownLoadView.p0(DownLoadView.java:18)
07-19 23:02:57.548 11999 11999 W PackageManager: at com.upgadata.up7723.widget.view.DownLoadView.setData(DownLoadView.java:129)
07-19 23:02:57.548 11999 11999 W PackageManager: at com.upgadata.up7723.widget.x0.f(GameItemRankView.java:54)
07-19 23:02:57.548 11999 11999 W PackageManager: at com.upgadata.up7723.widget.x0.b(GameItemRankView.java:3)
07-19 23:02:57.548 11999 11999 W PackageManager: at com.upgadata.up7723.base.c.getView(BaseHolderAdapter.java:6)
07-19 23:02:57.548 11999 11999 W PackageManager: at android.widget.HeaderViewListAdapter.getView(HeaderViewListAdapter.java:224)
07-19 23:02:57.548 11999 11999 W PackageManager: at android.widget.AbsListView.obtainView(AbsListView.java:2516)
07-19 23:02:57.548 11999 11999 W PackageManager: at android.widget.ListView.makeAndAddView(ListView.java:2065)
07-19 23:02:57.548 11999 11999 W PackageManager: at android.widget.ListView.fillDown(ListView.java:791)
07-19 23:02:57.548 11999 11999 W PackageManager: at android.widget.ListView.fillSpecific(ListView.java:1502)
07-19 23:02:57.548 11999 11999 W PackageManager: at android.widget.ListView.layoutChildren(ListView.java:1800)
07-19 23:02:57.548 11999 11999 W PackageManager: at android.widget.AbsListView.onLayout(AbsListView.java:2299)
07-19 23:02:57.548 11999 11999 W PackageManager: at android.view.View.layout(View.java:25227)
07-19 23:02:57.548 11999 11999 W PackageManager: at android.view.ViewGroup.layout(ViewGroup.java:6515)
07-19 23:02:57.548 11999 11999 W PackageManager: at android.widget.RelativeLayout.onLayout(RelativeLayout.java:1103)
07-19 23:02:57.548 11999 11999 W PackageManager: at android.view.View.layout(View.java:25227)
07-19 23:02:57.548 11999 11999 W PackageManager: at android.view.ViewGroup.layout(ViewGroup.java:6515)
07-19 23:02:57.548 11999 11999 W PackageManager: at androidx.viewpager.widget.ViewPager.onLayout(ViewPager.java:35)
07-19 23:02:57.548 11999 11999 W PackageManager: at android.view.View.layout(View.java:25227)
07-19 23:02:57.548 11999 11999 W PackageManager: at android.view.ViewGroup.layout(ViewGroup.java:6515)
07-19 23:02:57.548 11999 11999 W PackageManager: at android.widget.RelativeLayout.onLayout(RelativeLayout.java:1103)
07-19 23:02:57.548 11999 11999 W PackageManager: at android.view.View.layout(View.java:25227)
07-19 23:02:57.548 11999 11999 W PackageManager: at android.view.ViewGroup.layout(ViewGroup.java:6515)
07-19 23:02:57.548 11999 11999 W PackageManager: at android.widget.FrameLayout.layoutChildren(FrameLayout.java:332)
07-19 23:02:57.548 11999 11999 W PackageManager: at android.widget.FrameLayout.onLayout(FrameLayout.java:270)
07-19 23:02:57.548 11999 11999 W PackageManager: at android.view.View.layout(View.java:25227)
07-19 23:02:57.548 11999 11999 W PackageManager: at android.view.ViewGroup.layout(ViewGroup.java:6515)
07-19 23:02:57.548 11999 11999 W PackageManager: at android.widget.RelativeLayout.onLayout(RelativeLayout.java:1103)
07-19 23:02:57.548 11999 11999 W PackageManager: at android.view.View.layout(View.java:25227)
07-19 23:02:57.548 11999 11999 W PackageManager: at android.view.ViewGroup.layout(ViewGroup.java:6515)
07-19 23:02:57.548 11999 11999 W PackageManager: at android.widget.FrameLayout.layoutChildren(FrameLayout.java:332)
07-19 23:02:57.548 11999 11999 W PackageManager: at android.widget.FrameLayout.onLayout(FrameLayout.java:270)
07-19 23:02:57.548 11999 11999 W PackageManager: at android.view.View.layout(View.java:25227)
07-19 23:02:57.548 11999 11999 W PackageManager: at android.view.ViewGroup.layout(ViewGroup.java:6515)
07-19 23:02:57.548 11999 11999 W PackageManager: at android.widget.LinearLayout.setChildFrame(LinearLayout.java:1891)
07-19 23:02:57.548 11999 11999 W PackageManager: at android.widget.LinearLayout.layoutVertical(LinearLayout.java:1729)
07-19 23:02:57.548 11999 11999 W PackageManager: at android.widget.LinearLayout.onLayout(LinearLayout.java:1638)
07-19 23:02:57.548 11999 11999 W PackageManager: at android.view.View.layout(View.java:25227)
07-19 23:02:57.548 11999 11999 W PackageManager: at android.view.ViewGroup.layout(ViewGroup.java:6515)
07-19 23:02:57.548 11999 11999 W PackageManager: at android.widget.FrameLayout.layoutChildren(FrameLayout.java:332)
07-19 23:02:57.548 11999 11999 W PackageManager: at android.widget.FrameLayout.onLayout(FrameLayout.java:270)
07-19 23:02:57.548 11999 11999 W PackageManager: at android.view.View.layout(View.java:25227)
07-19 23:02:57.548 11999 11999 W PackageManager: at android.view.ViewGroup.layout(ViewGroup.java:6515)
07-19 23:02:57.548 11999 11999 W PackageManager: at android.widget.LinearLayout.setChildFrame(LinearLayout.java:1891)
07-19 23:02:57.549 11999 11999 W PackageManager: at android.widget.LinearLayout.layoutVertical(LinearLayout.java:1729)
07-19 23:02:57.549 11999 11999 W PackageManager: at android.widget.LinearLayout.onLayout(LinearLayout.java:1638)
07-19 23:02:57.549 11999 11999 W PackageManager: at android.view.View.layout(View.java:25227)
07-19 23:02:57.549 11999 11999 W PackageManager: at android.view.ViewGroup.layout(ViewGroup.java:6515)
07-19 23:02:57.549 11999 11999 W PackageManager: at me.imid.swipebacklayout.lib.SwipeBackLayout.onLayout(SwipeBackLayout.java:6)
07-19 23:02:57.549 11999 11999 W PackageManager: at android.view.View.layout(View.java:25227)
07-19 23:02:57.549 11999 11999 W PackageManager: at android.view.ViewGroup.layout(ViewGroup.java:6515)
07-19 23:02:57.549 11999 11999 W PackageManager: at android.widget.FrameLayout.layoutChildren(FrameLayout.java:332)
07-19 23:02:57.549 11999 11999 W PackageManager: at android.widget.FrameLayout.onLayout(FrameLayout.java:270)
07-19 23:02:57.549 11999 11999 W PackageManager: at com.android.internal.policy.DecorView.onLayout(DecorView.java:852)
07-19 23:02:57.549 11999 11999 W PackageManager: at android.view.View.layout(View.java:25227)
07-19 23:02:57.549 11999 11999 W PackageManager: at android.view.ViewGroup.layout(ViewGroup.java:6515)
07-19 23:02:57.549 11999 11999 W PackageManager: at android.view.ViewRootImpl.performLayout(ViewRootImpl.java:4780)
07-19 23:02:57.549 11999 11999 W PackageManager: at android.view.ViewRootImpl.performTraversals(ViewRootImpl.java:4089)
07-19 23:02:57.549 11999 11999 W PackageManager: at android.view.ViewRootImpl.doTraversal(ViewRootImpl.java:2919)
07-19 23:02:57.549 11999 11999 W PackageManager: at android.view.ViewRootImpl$TraversalRunnable.run(ViewRootImpl.java:10188)
07-19 23:02:57.549 11999 11999 W PackageManager: at android.view.Choreographer$CallbackRecord.run(Choreographer.java:1623)
07-19 23:02:57.549 11999 11999 W PackageManager: at android.view.Choreographer$CallbackRecord.run(Choreographer.java:1632)
07-19 23:02:57.549 11999 11999 W PackageManager: at android.view.Choreographer.doCallbacks(Choreographer.java:1172)
07-19 23:02:57.549 11999 11999 W PackageManager: at android.view.Choreographer.doFrame(Choreographer.java:1076)
07-19 23:02:57.549 11999 11999 W PackageManager: at android.view.Choreographer$FrameDisplayEventReceiver.run(Choreographer.java:1602)
07-19 23:02:57.549 11999 11999 W PackageManager: at android.os.Handler.handleCallback(Handler.java:958)
07-19 23:02:57.549 11999 11999 W PackageManager: at android.os.Handler.dispatchMessage(Handler.java:99)
07-19 23:02:57.549 11999 11999 W PackageManager: at android.os.Looper.loopOnce(Looper.java:224)
07-19 23:02:57.549 11999 11999 W PackageManager: at android.os.Looper.loop(Looper.java:318)
07-19 23:02:57.549 11999 11999 W PackageManager: at android.app.ActivityThread.main(ActivityThread.java:8653)
07-19 23:02:57.549 11999 11999 W PackageManager: at java.lang.reflect.Method.invoke(Native Method)
07-19 23:02:57.549 11999 11999 W PackageManager: at com.android.internal.os.RuntimeInit$MethodAndArgsCaller.run(RuntimeInit.java:561)
07-19 23:02:57.549 11999 11999 W PackageManager: at com.android.internal.os.ZygoteInit.main(ZygoteInit.java:1013)
07-19 23:02:57.553 11999 11999 W ziparchive: Unable to open '/data/user/0/com.upgadata.up7723/bzBox/data/app/com.PolarStudio.Invention3/ base.apk': No such file or directory
07-19 23:02:57.553 11999 11999 E upgadata.up7723: Failed to open APK '/data/user/0/com.upgadata.up7723/bzBox/data/app/com.PolarStudio.Invention3/ base.apk': I/O error
07-19 23:02:57.554 11999 11999 W PackageManager: Failure to parse package archive
07-19 23:02:57.554 11999 11999 W PackageManager: android.content.pm.PackageParser$PackageParserException: Failed to parse /data/user/0/com.upgadata.up7723/bzBox/data/app/com.PolarStudio.Invention3/base.apk
07-19 23:02:57.554 11999 11999 W PackageManager: at android.content.pm.PackageParser.parseApkLiteInner(PackageParser.java:1506)
07-19 23:02:57.554 11999 11999 W PackageManager: at android.content.pm.PackageParser.parseApkLite(PackageParser.java:1477)
07-19 23:02:57.554 11999 11999 W PackageManager: at android.content.pm.PackageParser.parseMonolithicPackageLite(PackageParser.java:980)
07-19 23:02:57.554 11999 11999 W PackageManager: at android.content.pm.PackageParser.parseMonolithicPackage(PackageParser.java:1189)
07-19 23:02:57.554 11999 11999 W PackageManager: at android.content.pm.PackageParser.parsePackage(PackageParser.java:1103)
07-19 23:02:57.554 11999 11999 W PackageManager: at android.content.pm.PackageManager.getPackageArchiveInfo(PackageManager.java:8376)
07-19 23:02:57.554 11999 11999 W PackageManager: at android.content.pm.PackageManager.getPackageArchiveInfo(PackageManager.java:8353)
07-19 23:02:57.554 11999 11999 W PackageManager: at com.upgadata.up7723.install.ApkInstallUtils.z(ApkInstallUtils.kt:13)
07-19 23:02:57.554 11999 11999 W PackageManager: at com.upgadata.up7723.install.ApkInstallUtils$isBlackBoxGameInstalled$3.invoke(ApkIns tallUtils.kt:3)
07-19 23:02:57.554 11999 11999 W PackageManager: at com.upgadata.up7723.install.ApkInstallUtils$isBlackBoxGameInstalled$3.invoke(ApkIns tallUtils.kt:1)
07-19 23:02:57.554 11999 11999 W PackageManager: at com.upgadata.up7723.install.o.c(CommonUtils.kt:14)
07-19 23:02:57.554 11999 11999 W PackageManager: at com.upgadata.up7723.install.ApkInstallUtils.v(ApkInstallUtils.kt:5)
07-19 23:02:57.554 11999 11999 W PackageManager: at com.upgadata.up7723.widget.view.DownLoadView.setDownloadState(DownLoadView.java:104 )
07-19 23:02:57.554 11999 11999 W PackageManager: at com.upgadata.up7723.widget.view.DownLoadView.R(DownLoadView.java:10)
07-19 23:02:57.554 11999 11999 W PackageManager: at com.upgadata.up7723.widget.view.DownLoadView.p0(DownLoadView.java:18)
07-19 23:02:57.554 11999 11999 W PackageManager: at com.upgadata.up7723.widget.view.DownLoadView.setData(DownLoadView.java:129)
07-19 23:02:57.554 11999 11999 W PackageManager: at com.upgadata.up7723.widget.x0.f(GameItemRankView.java:54)
07-19 23:02:57.554 11999 11999 W PackageManager: at com.upgadata.up7723.widget.x0.b(GameItemRankView.java:3)
07-19 23:02:57.554 11999 11999 W PackageManager: at com.upgadata.up7723.base.c.getView(BaseHolderAdapter.java:6)
07-19 23:02:57.554 11999 11999 W PackageManager: at android.widget.HeaderViewListAdapter.getView(HeaderViewListAdapter.java:224)
07-19 23:02:57.554 11999 11999 W PackageManager: at android.widget.AbsListView.obtainView(AbsListView.java:2516)
07-19 23:02:57.554 11999 11999 W PackageManager: at android.widget.ListView.makeAndAddView(ListView.java:2065)
07-19 23:02:57.554 11999 11999 W PackageManager: at android.widget.ListView.fillDown(ListView.java:791)
07-19 23:02:57.554 11999 11999 W PackageManager: at android.widget.ListView.fillSpecific(ListView.java:1502)
07-19 23:02:57.554 11999 11999 W PackageManager: at android.widget.ListView.layoutChildren(ListView.java:1800)
07-19 23:02:57.554 11999 11999 W PackageManager: at android.widget.AbsListView.onLayout(AbsListView.java:2299)
07-19 23:02:57.554 11999 11999 W PackageManager: at android.view.View.layout(View.java:25227)
07-19 23:02:57.554 11999 11999 W PackageManager: at android.view.ViewGroup.layout(ViewGroup.java:6515)
07-19 23:02:57.554 11999 11999 W PackageManager: at android.widget.RelativeLayout.onLayout(RelativeLayout.java:1103)
07-19 23:02:57.554 11999 11999 W PackageManager: at android.view.View.layout(View.java:25227)
07-19 23:02:57.554 11999 11999 W PackageManager: at android.view.ViewGroup.layout(ViewGroup.java:6515)
07-19 23:02:57.554 11999 11999 W PackageManager: at androidx.viewpager.widget.ViewPager.onLayout(ViewPager.java:35)
07-19 23:02:57.554 11999 11999 W PackageManager: at android.view.View.layout(View.java:25227)
07-19 23:02:57.554 11999 11999 W PackageManager: at android.view.ViewGroup.layout(ViewGroup.java:6515)
07-19 23:02:57.554 11999 11999 W PackageManager: at android.widget.RelativeLayout.onLayout(RelativeLayout.java:1103)
07-19 23:02:57.554 11999 11999 W PackageManager: at android.view.View.layout(View.java:25227)
07-19 23:02:57.554 11999 11999 W PackageManager: at android.view.ViewGroup.layout(ViewGroup.java:6515)
07-19 23:02:57.554 11999 11999 W PackageManager: at android.widget.FrameLayout.layoutChildren(FrameLayout.java:332)
07-19 23:02:57.554 11999 11999 W PackageManager: at android.widget.FrameLayout.onLayout(FrameLayout.java:270)
07-19 23:02:57.554 11999 11999 W PackageManager: at android.view.View.layout(View.java:25227)
07-19 23:02:57.554 11999 11999 W PackageManager: at android.view.ViewGroup.layout(ViewGroup.java:6515)
07-19 23:02:57.554 11999 11999 W PackageManager: at android.widget.RelativeLayout.onLayout(RelativeLayout.java:1103)
07-19 23:02:57.554 11999 11999 W PackageManager: at android.view.View.layout(View.java:25227)
07-19 23:02:57.554 11999 11999 W PackageManager: at android.view.ViewGroup.layout(ViewGroup.java:6515)
07-19 23:02:57.554 11999 11999 W PackageManager: at android.widget.FrameLayout.layoutChildren(FrameLayout.java:332)
07-19 23:02:57.554 11999 11999 W PackageManager: at android.widget.FrameLayout.onLayout(FrameLayout.java:270)
07-19 23:02:57.554 11999 11999 W PackageManager: at android.view.View.layout(View.java:25227)
07-19 23:02:57.554 11999 11999 W PackageManager: at android.view.ViewGroup.layout(ViewGroup.java:6515)
07-19 23:02:57.554 11999 11999 W PackageManager: at android.widget.LinearLayout.setChildFrame(LinearLayout.java:1891)
07-19 23:02:57.554 11999 11999 W PackageManager: at android.widget.LinearLayout.layoutVertical(LinearLayout.java:1729)
07-19 23:02:57.554 11999 11999 W PackageManager: at android.widget.LinearLayout.onLayout(LinearLayout.java:1638)
07-19 23:02:57.554 11999 11999 W PackageManager: at android.view.View.layout(View.java:25227)
07-19 23:02:57.554 11999 11999 W PackageManager: at android.view.ViewGroup.layout(ViewGroup.java:6515)
07-19 23:02:57.554 11999 11999 W PackageManager: at android.widget.FrameLayout.layoutChildren(FrameLayout.java:332)
07-19 23:02:57.554 11999 11999 W PackageManager: at android.widget.FrameLayout.onLayout(FrameLayout.java:270)
07-19 23:02:57.554 11999 11999 W PackageManager: at android.view.View.layout(View.java:25227)
07-19 23:02:57.554 11999 11999 W PackageManager: at android.view.ViewGroup.layout(ViewGroup.java:6515)
07-19 23:02:57.554 11999 11999 W PackageManager: at android.widget.LinearLayout.setChildFrame(LinearLayout.java:1891)
07-19 23:02:57.554 11999 11999 W PackageManager: at android.widget.LinearLayout.layoutVertical(LinearLayout.java:1729)
07-19 23:02:57.554 11999 11999 W PackageManager: at android.widget.LinearLayout.onLayout(LinearLayout.java:1638)
07-19 23:02:57.554 11999 11999 W PackageManager: at android.view.View.layout(View.java:25227)
07-19 23:02:57.554 11999 11999 W PackageManager: at android.view.ViewGroup.layout(ViewGroup.java:6515)
07-19 23:02:57.554 11999 11999 W PackageManager: at me.imid.swipebacklayout.lib.SwipeBackLayout.onLayout(SwipeBackLayout.java:6)
07-19 23:02:57.554 11999 11999 W PackageManager: at android.view.View.layout(View.java:25227)
07-19 23:02:57.554 11999 11999 W PackageManager: at android.view.ViewGroup.layout(ViewGroup.java:6515)
07-19 23:02:57.554 11999 11999 W PackageManager: at android.widget.FrameLayout.layoutChildren(FrameLayout.java:332)
07-19 23:02:57.554 11999 11999 W PackageManager: at android.widget.FrameLayout.onLayout(FrameLayout.java:270)
07-19 23:02:57.554 11999 11999 W PackageManager: at com.android.internal.policy.DecorView.onLayout(DecorView.java:852)
07-19 23:02:57.554 11999 11999 W PackageManager: at android.view.View.layout(View.java:25227)
07-19 23:02:57.554 11999 11999 W PackageManager: at android.view.ViewGroup.layout(ViewGroup.java:6515)
07-19 23:02:57.554 11999 11999 W PackageManager: at android.view.ViewRootImpl.performLayout(ViewRootImpl.java:4780)
07-19 23:02:57.554 11999 11999 W PackageManager: at android.view.ViewRootImpl.performTraversals(ViewRootImpl.java:4089)
07-19 23:02:57.554 11999 11999 W PackageManager: at android.view.ViewRootImpl.doTraversal(ViewRootImpl.java:2919)
07-19 23:02:57.554 11999 11999 W PackageManager: at android.view.ViewRootImpl$TraversalRunnable.run(ViewRootImpl.java:10188)
07-19 23:02:57.554 11999 11999 W PackageManager: at android.view.Choreographer$CallbackRecord.run(Choreographer.java:1623)
07-19 23:02:57.554 11999 11999 W PackageManager: at android.view.Choreographer$CallbackRecord.run(Choreographer.java:1632)
07-19 23:02:57.554 11999 11999 W PackageManager: at android.view.Choreographer.doCallbacks(Choreographer.java:1172)
07-19 23:02:57.554 11999 11999 W PackageManager: at android.view.Choreographer.doFrame(Choreographer.java:1076)
07-19 23:02:57.554 11999 11999 W PackageManager: at android.view.Choreographer$FrameDisplayEventReceiver.run(Choreographer.java:1602)
07-19 23:02:57.554 11999 11999 W PackageManager: at android.os.Handler.handleCallback(Handler.java:958)
07-19 23:02:57.554 11999 11999 W PackageManager: at android.os.Handler.dispatchMessage(Handler.java:99)
07-19 23:02:57.554 11999 11999 W PackageManager: at android.os.Looper.loopOnce(Looper.java:224)
07-19 23:02:57.554 11999 11999 W PackageManager: at android.os.Looper.loop(Looper.java:318)
07-19 23:02:57.554 11999 11999 W PackageManager: at android.app.ActivityThread.main(ActivityThread.java:8653)
07-19 23:02:57.554 11999 11999 W PackageManager: at java.lang.reflect.Method.invoke(Native Method)
07-19 23:02:57.554 11999 11999 W PackageManager: at com.android.internal.os.RuntimeInit$MethodAndArgsCaller.run(RuntimeInit.java:561)
07-19 23:02:57.554 11999 11999 W PackageManager: at com.android.internal.os.ZygoteInit.main(ZygoteInit.java:1013)
07-19 23:02:57.886 11999 11999 W ziparchive: Unable to open '/data/user/0/com.upgadata.up7723/bzBox/data/app/com.gamedevltd.wwh/base.apk': No such file or directory
07-19 23:02:57.886 11999 11999 E upgadata.up7723: Failed to open APK '/data/user/0/com.upgadata.up7723/bzBox/data/app/com.gamedevltd.wwh/base.apk': I/O error
07-19 23:02:57.887 11999 11999 W PackageManager: Failure to parse package archive
07-19 23:02:57.887 11999 11999 W PackageManager: android.content.pm.PackageParser$PackageParserException: Failed to parse /data/user/0/com.upgadata.up7723/bzBox/data/app/com.gamedevltd.wwh/base.apk
07-19 23:02:57.887 11999 11999 W PackageManager: at android.content.pm.PackageParser.parseApkLiteInner(PackageParser.java:1506)
07-19 23:02:57.887 11999 11999 W PackageManager: at android.content.pm.PackageParser.parseApkLite(PackageParser.java:1477)
07-19 23:02:57.887 11999 11999 W PackageManager: at android.content.pm.PackageParser.parseMonolithicPackageLite(PackageParser.java:980)
07-19 23:02:57.887 11999 11999 W PackageManager: at android.content.pm.PackageParser.parseMonolithicPackage(PackageParser.java:1189)
07-19 23:02:57.887 11999 11999 W PackageManager: at android.content.pm.PackageParser.parsePackage(PackageParser.java:1103)
07-19 23:02:57.887 11999 11999 W PackageManager: at android.content.pm.PackageManager.getPackageArchiveInfo(PackageManager.java:8376)
07-19 23:02:57.887 11999 11999 W PackageManager: at android.content.pm.PackageManager.getPackageArchiveInfo(PackageManager.java:8353)
07-19 23:02:57.887 11999 11999 W PackageManager: at com.upgadata.up7723.install.ApkInstallUtils.z(ApkInstallUtils.kt:13)
07-19 23:02:57.887 11999 11999 W PackageManager: at com.upgadata.up7723.install.ApkInstallUtils$isBlackBoxGameInstalled$3.invoke(ApkIns tallUtils.kt:3)
07-19 23:02:57.887 11999 11999 W PackageManager: at com.upgadata.up7723.install.ApkInstallUtils$isBlackBoxGameInstalled$3.invoke(ApkIns tallUtils.kt:1)
07-19 23:02:57.887 11999 11999 W PackageManager: at com.upgadata.up7723.install.o.c(CommonUtils.kt:14)
07-19 23:02:57.887 11999 11999 W PackageManager: at com.upgadata.up7723.install.ApkInstallUtils.v(ApkInstallUtils.kt:5)
07-19 23:02:57.887 11999 11999 W PackageManager: at com.upgadata.up7723.widget.view.DownLoadView.setDownloadState(DownLoadView.java:104 )
07-19 23:02:57.887 11999 11999 W PackageManager: at com.upgadata.up7723.widget.view.DownLoadView.R(DownLoadView.java:10)
07-19 23:02:57.887 11999 11999 W PackageManager: at com.upgadata.up7723.widget.view.DownLoadView.p0(DownLoadView.java:18)
07-19 23:02:57.887 11999 11999 W PackageManager: at com.upgadata.up7723.widget.view.DownLoadView.setData(DownLoadView.java:129)
07-19 23:02:57.887 11999 11999 W PackageManager: at com.upgadata.up7723.widget.x0.f(GameItemRankView.java:54)
07-19 23:02:57.887 11999 11999 W PackageManager: at com.upgadata.up7723.widget.x0.b(GameItemRankView.java:3)
07-19 23:02:57.887 11999 11999 W PackageManager: at com.upgadata.up7723.base.c.getView(BaseHolderAdapter.java:6)
07-19 23:02:57.887 11999 11999 W PackageManager: at android.widget.HeaderViewListAdapter.getView(HeaderViewListAdapter.java:224)
07-19 23:02:57.887 11999 11999 W PackageManager: at android.widget.AbsListView.obtainView(AbsListView.java:2516)
07-19 23:02:57.887 11999 11999 W PackageManager: at android.widget.ListView.makeAndAddView(ListView.java:2065)
07-19 23:02:57.887 11999 11999 W PackageManager: at android.widget.ListView.fillDown(ListView.java:791)
07-19 23:02:57.887 11999 11999 W PackageManager: at android.widget.ListView.fillGap(ListView.java:754)
07-19 23:02:57.887 11999 11999 W PackageManager: at android.widget.AbsListView.trackMotionScroll(AbsListView.java:5693)
07-19 23:02:57.887 11999 11999 W PackageManager: at android.widget.ListView.trackMotionScroll(ListView.java:1982)
07-19 23:02:57.887 11999 11999 W PackageManager: at android.widget.AbsListView.scrollIfNeeded(AbsListView.java:3800)
07-19 23:02:57.887 11999 11999 W PackageManager: at android.widget.AbsListView.onTouchMove(AbsListView.java:4280)
07-19 23:02:57.887 11999 11999 W PackageManager: at android.widget.AbsListView.onTouchEvent(AbsListView.java:4077)
07-19 23:02:57.887 11999 11999 W PackageManager: at android.view.View.dispatchTouchEvent(View.java:15861)
07-19 23:02:57.887 11999 11999 W PackageManager: at android.view.ViewGroup.dispatchTransformedTouchEvent(ViewGroup.java:3147)
07-19 23:02:57.887 11999 11999 W PackageManager: at android.view.ViewGroup.dispatchTouchEvent(ViewGroup.java:2810)
07-19 23:02:57.887 11999 11999 W PackageManager: at android.view.ViewGroup.dispatchTransformedTouchEvent(ViewGroup.java:3160)
07-19 23:02:57.887 11999 11999 W PackageManager: at android.view.ViewGroup.dispatchTouchEvent(ViewGroup.java:2828)
07-19 23:02:57.887 11999 11999 W PackageManager: at android.view.ViewGroup.dispatchTransformedTouchEvent(ViewGroup.java:3160)
07-19 23:02:57.887 11999 11999 W PackageManager: at android.view.ViewGroup.dispatchTouchEvent(ViewGroup.java:2828)
07-19 23:02:57.887 11999 11999 W PackageManager: at android.view.ViewGroup.dispatchTransformedTouchEvent(ViewGroup.java:3160)
07-19 23:02:57.887 11999 11999 W PackageManager: at android.view.ViewGroup.dispatchTouchEvent(ViewGroup.java:2828)
07-19 23:02:57.887 11999 11999 W PackageManager: at android.view.ViewGroup.dispatchTransformedTouchEvent(ViewGroup.java:3160)
07-19 23:02:57.887 11999 11999 W PackageManager: at android.view.ViewGroup.dispatchTouchEvent(ViewGroup.java:2828)
07-19 23:02:57.887 11999 11999 W PackageManager: at android.view.ViewGroup.dispatchTransformedTouchEvent(ViewGroup.java:3160)
07-19 23:02:57.887 11999 11999 W PackageManager: at android.view.ViewGroup.dispatchTouchEvent(ViewGroup.java:2828)
07-19 23:02:57.887 11999 11999 W PackageManager: at android.view.ViewGroup.dispatchTransformedTouchEvent(ViewGroup.java:3160)
07-19 23:02:57.887 11999 11999 W PackageManager: at android.view.ViewGroup.dispatchTouchEvent(ViewGroup.java:2828)
07-19 23:02:57.887 11999 11999 W PackageManager: at android.view.ViewGroup.dispatchTransformedTouchEvent(ViewGroup.java:3160)
07-19 23:02:57.887 11999 11999 W PackageManager: at android.view.ViewGroup.dispatchTouchEvent(ViewGroup.java:2828)
07-19 23:02:57.887 11999 11999 W PackageManager: at android.view.ViewGroup.dispatchTransformedTouchEvent(ViewGroup.java:3160)
07-19 23:02:57.887 11999 11999 W PackageManager: at android.view.ViewGroup.dispatchTouchEvent(ViewGroup.java:2828)
07-19 23:02:57.887 11999 11999 W PackageManager: at android.view.ViewGroup.dispatchTransformedTouchEvent(ViewGroup.java:3160)
07-19 23:02:57.887 11999 11999 W PackageManager: at android.view.ViewGroup.dispatchTouchEvent(ViewGroup.java:2828)
07-19 23:02:57.887 11999 11999 W PackageManager: at android.view.ViewGroup.dispatchTransformedTouchEvent(ViewGroup.java:3160)
07-19 23:02:57.887 11999 11999 W PackageManager: at android.view.ViewGroup.dispatchTouchEvent(ViewGroup.java:2828)
07-19 23:02:57.887 11999 11999 W PackageManager: at android.view.ViewGroup.dispatchTransformedTouchEvent(ViewGroup.java:3160)
07-19 23:02:57.887 11999 11999 W PackageManager: at android.view.ViewGroup.dispatchTouchEvent(ViewGroup.java:2828)
07-19 23:02:57.887 11999 11999 W PackageManager: at com.android.internal.policy.DecorView.superDispatchTouchEvent(DecorView.java:553)
07-19 23:02:57.887 11999 11999 W PackageManager: at com.android.internal.policy.PhoneWindow.superDispatchTouchEvent(PhoneWindow.java:19 08)
07-19 23:02:57.887 11999 11999 W PackageManager: at android.app.Activity.dispatchTouchEvent(Activity.java:4584)
07-19 23:02:57.887 11999 11999 W PackageManager: at androidx.appcompat.view.WindowCallbackWrapper.dispatchTouchEvent(WindowCallbackWrap per.java:1)
07-19 23:02:57.887 11999 11999 W PackageManager: at com.android.internal.policy.DecorView.dispatchTouchEvent(DecorView.java:511)
07-19 23:02:57.887 11999 11999 W PackageManager: at android.view.View.dispatchPointerEvent(View.java:16139)
07-19 23:02:57.887 11999 11999 W PackageManager: at com.xiaomi.mirror.MiuiMirrorImpl.isHandled(MiuiMirrorImpl.java:152)
07-19 23:02:57.887 11999 11999 W PackageManager: at android.view.ViewRootImpl$ViewPostImeInputStage.processPointerEvent(ViewRootImpl.ja va:7796)
07-19 23:02:57.887 11999 11999 W PackageManager: at android.view.ViewRootImpl$ViewPostImeInputStage.onProcess(ViewRootImpl.java:7562)
07-19 23:02:57.887 11999 11999 W PackageManager: at android.view.ViewRootImpl$InputStage.deliver(ViewRootImpl.java:6937)
07-19 23:02:57.887 11999 11999 W PackageManager: at android.view.ViewRootImpl$InputStage.onDeliverToNext(ViewRootImpl.java:6994)
07-19 23:02:57.887 11999 11999 W PackageManager: at android.view.ViewRootImpl$InputStage.forward(ViewRootImpl.java:6960)
07-19 23:02:57.887 11999 11999 W PackageManager: at android.view.ViewRootImpl$AsyncInputStage.forward(ViewRootImpl.java:7125)
07-19 23:02:57.887 11999 11999 W PackageManager: at android.view.ViewRootImpl$InputStage.apply(ViewRootImpl.java:6968)
07-19 23:02:57.887 11999 11999 W PackageManager: at android.view.ViewRootImpl$AsyncInputStage.apply(ViewRootImpl.java:7182)
07-19 23:02:57.887 11999 11999 W PackageManager: at android.view.ViewRootImpl$InputStage.deliver(ViewRootImpl.java:6941)
07-19 23:02:57.887 11999 11999 W PackageManager: at android.view.ViewRootImpl$InputStage.onDeliverToNext(ViewRootImpl.java:6994)
07-19 23:02:57.887 11999 11999 W PackageManager: at android.view.ViewRootImpl$InputStage.forward(ViewRootImpl.java:6960)
07-19 23:02:57.887 11999 11999 W PackageManager: at android.view.ViewRootImpl$InputStage.apply(ViewRootImpl.java:6968)
07-19 23:02:57.887 11999 11999 W PackageManager: at android.view.ViewRootImpl$InputStage.deliver(ViewRootImpl.java:6941)
07-19 23:02:57.887 11999 11999 W PackageManager: at android.view.ViewRootImpl.deliverInputEvent(ViewRootImpl.java:10088)
07-19 23:02:57.887 11999 11999 W PackageManager: at android.view.ViewRootImpl.doProcessInputEvents(ViewRootImpl.java:10039)
07-19 23:02:57.887 11999 11999 W PackageManager: at android.view.ViewRootImpl.enqueueInputEvent(ViewRootImpl.java:10003)
07-19 23:02:57.887 11999 11999 W PackageManager: at android.view.ViewRootImpl$WindowInputEventReceiver.onInputEvent(ViewRootImpl.java:1 0237)
07-19 23:02:57.887 11999 11999 W PackageManager: at android.view.InputEventReceiver.dispatchInputEvent(InputEventReceiver.java:307)
07-19 23:02:57.887 11999 11999 W PackageManager: at android.view.InputEventReceiver.nativeConsumeBatchedInputEvents(Native Method)
07-19 23:02:57.887 11999 11999 W PackageManager: at android.view.InputEventReceiver.consumeBatchedInputEvents(InputEventReceiver.java:2 75)
07-19 23:02:57.887 11999 11999 W PackageManager: at android.view.ViewRootImpl.doConsumeBatchedInput(ViewRootImpl.java:10174)
07-19 23:02:57.887 11999 11999 W PackageManager: at android.view.ViewRootImpl$ConsumeBatchedInputRunnable.run(ViewRootImpl.java:10336)
07-19 23:02:57.887 11999 11999 W PackageManager: at android.view.Choreographer$CallbackRecord.run(Choreographer.java:1623)
07-19 23:02:57.887 11999 11999 W PackageManager: at android.view.Choreographer$CallbackRecord.run(Choreographer.java:1632)
07-19 23:02:57.887 11999 11999 W PackageManager: at android.view.Choreographer.doCallbacks(Choreographer.java:1172)
07-19 23:02:57.887 11999 11999 W PackageManager: at android.view.Choreographer.doFrame(Choreographer.java:1069)
07-19 23:02:57.887 11999 11999 W PackageManager: at android.view.Choreographer$FrameDisplayEventReceiver.run(Choreographer.java:1602)
07-19 23:02:57.887 11999 11999 W PackageManager: at android.os.Handler.handleCallback(Handler.java:958)
07-19 23:02:57.887 11999 11999 W PackageManager: at android.os.Handler.dispatchMessage(Handler.java:99)
07-19 23:02:57.887 11999 11999 W PackageManager: at android.os.Looper.loopOnce(Looper.java:224)
07-19 23:02:57.887 11999 11999 W PackageManager: at android.os.Looper.loop(Looper.java:318)
07-19 23:02:57.887 11999 11999 W PackageManager: at android.app.ActivityThread.main(ActivityThread.java:8653)
07-19 23:02:57.887 11999 11999 W PackageManager: at java.lang.reflect.Method.invoke(Native Method)
07-19 23:02:57.887 11999 11999 W PackageManager: at com.android.internal.os.RuntimeInit$MethodAndArgsCaller.run(RuntimeInit.java:561)
07-19 23:02:57.887 11999 11999 W PackageManager: at com.android.internal.os.ZygoteInit.main(ZygoteInit.java:1013)
07-19 23:02:58.476 11999 12056 D ContentCatcher_injector: Interceptor : notifyActivityPause: com.upgadata.up7723@com.upgadata.up7723.main.activity.HomeActivity@67335419
07-19 23:02:58.476 11999 12056 D ContentCatcher_catcher: CatcherHolder : mCatcherList size: 0
07-19 23:02:58.478 11999 12074 W SQLiteLog: (28) double-quoted string literal: "
07-19 23:02:58.478 11999 12074 W SQLiteLog: (28) double-quoted string literal: "C2EDB5F739FFF341B23B9F072D0F8979"
07-19 23:02:58.487 11999 11999 D DecorView[]: getWindowModeFromSystem windowmode is 1
07-19 23:02:58.488 11999 12056 D ContentCatcher_injector: Interceptor : Init Interceptor for Activity com.upgadata.up7723.game.uptalk.UpTalkDetailActivity@77de7bc
07-19 23:02:58.488 11999 12056 D ViewContentFactory: initViewContentFetcherClass
07-19 23:02:58.489 11999 12056 I ContentCatcher: ViewContentFetcher : ViewContentFetcher
07-19 23:02:58.489 11999 12056 D ViewContentFactory: createInterceptor took 0ms
07-19 23:02:58.489 11999 12056 D ContentCatcher_injector: Interceptor : notifyActivityCreate: com.upgadata.up7723@com.upgadata.up7723.game.uptalk.UpTalkDetailActivity@125691836
07-19 23:02:58.489 11999 11999 D ScrollerOptimizationManager: registerConfigChangedListener
07-19 23:02:58.489 11999 12056 E ContentCatcherManager: failed to get ContentCatcherService.
07-19 23:02:58.489 11999 12056 E ContentCatcherManager: failed to get ContentCatcherService.
07-19 23:02:58.489 11999 12056 D ContentCatcher_injector: Interceptor : NOT interest in this page: com.upgadata.up7723@com.upgadata.up7723.game.uptalk.UpTalkDetailActivity@125691836
07-19 23:02:58.489 11999 12056 D ContentCatcher_catcher: CatcherHolder : mCatcherList size: 0
07-19 23:02:58.503 11999 11999 D ScrollerOptimizationManager: registerConfigChangedListener
07-19 23:02:58.506 11999 12056 D ContentCatcher_injector: Interceptor : notifyActivityStart: com.upgadata.up7723@com.upgadata.up7723.game.uptalk.UpTalkDetailActivity@125691836
07-19 23:02:58.506 11999 12056 D ContentCatcher_catcher: CatcherHolder : mCatcherList size: 0
07-19 23:02:58.506 11999 12056 D ContentCatcher_injector: Interceptor : notifyActivityResume: com.upgadata.up7723@com.upgadata.up7723.game.uptalk.UpTalkDetailActivity@125691836
07-19 23:02:58.506 11999 12056 D ContentCatcher_catcher: CatcherHolder : mCatcherList size: 0
07-19 23:02:58.509 11999 12074 W SQLiteLog: (28) double-quoted string literal: "C2EDB5F739FFF341B23B9F072D0F8979"
07-19 23:02:58.509 11999 12074 W SQLiteLog: (28) double-quoted string literal: ""
07-19 23:02:58.509 11999 12074 W SQLiteLog: (28) double-quoted string literal: "C2EDB5F739FFF341B23B9F072D0F8979"
07-19 23:02:58.509 11999 12074 W SQLiteLog: (28) double-quoted string literal: "-1"
07-19 23:02:58.523 11999 12041 E OpenGLRenderer: Unable to match the desired swap behavior.
07-19 23:02:58.523 11999 11999 D VRI[UpTalkDetailActivity]: vri.reportNextDraw android.view.ViewRootImpl.performTraversals:4279 android.view.ViewRootImpl.doTraversal:2919 android.view.ViewRootImpl$TraversalRunnable.run:10188 android.view.Choreographer$CallbackRecord.run:1623 android.view.Choreographer$CallbackRecord.run:1632
07-19 23:02:58.523 11999 11999 D VRI[UpTalkDetailActivity]: vri.Setup new sync=wmsSync-VRI[UpTalkDetailActivity]#30
07-19 23:02:58.524 11999 12041 D OpenGLRenderer: makeCurrent grContext:0x74fce8e560 reset mTextureAvailable
07-19 23:02:58.526 11999 11999 D VRI[UpTalkDetailActivity]: vri.reportDrawFinished
07-19 23:02:58.549 11999 11999 I HandWritingStubImpl: refreshLastKeyboardType: 1
07-19 23:02:58.549 11999 11999 I HandWritingStubImpl: getCurrentKeyboardType: 1
07-19 23:02:58.716 11999 11999 D ScrollerOptimizationManager: registerConfigChangedListener
07-19 23:02:58.731 11999 11999 D ScrollerOptimizationManager: registerConfigChangedListener
07-19 23:02:58.738 11999 11999 D ScrollerOptimizationManager: registerConfigChangedListener
07-19 23:02:58.780 11999 12353 D TrafficStats: tagSocket(255) with statsTag=0xffffffff, statsUid=-1
07-19 23:02:58.780 11999 12344 D TrafficStats: tagSocket(270) with statsTag=0xffffffff, statsUid=-1
07-19 23:02:58.780 11999 12338 D TrafficStats: tagSocket(370) with statsTag=0xffffffff, statsUid=-1
07-19 23:02:58.781 11999 12358 D TrafficStats: tagSocket(375) with statsTag=0xffffffff, statsUid=-1
07-19 23:02:58.993 11999 12338 D TrafficStats: tagSocket(162) with statsTag=0xffffffff, statsUid=-1
07-19 23:02:58.993 11999 12353 D TrafficStats: tagSocket(183) with statsTag=0xffffffff, statsUid=-1
07-19 23:02:58.993 11999 12358 D TrafficStats: tagSocket(347) with statsTag=0xffffffff, statsUid=-1
07-19 23:02:58.994 11999 12344 D TrafficStats: tagSocket(236) with statsTag=0xffffffff, statsUid=-1
07-19 23:02:58.995 11999 12345 D TrafficStats: tagSocket(342) with statsTag=0xffffffff, statsUid=-1
07-19 23:03:00.365 11999 11999 D SplineOverScroller: mFlingDuration: 2075,mFlingDistance: 1993.0230712890625,mVelocity: 4335
07-19 23:03:00.967 11999 11999 I MiInputConsumer: optimized resample latency: 2060295 ns
07-19 23:03:01.038 11999 11999 D SplineOverScroller: mFlingDuration: 1792,mFlingDistance: 1073.48828125,mVelocity: 2358
07-19 23:03:01.350 11999 11999 E SplineOverScroller: unnecessary adjustClockInNanos, timeInNanos = 602528903067547
07-19 23:03:03.316 11999 12056 D ContentCatcher_injector: Interceptor : notifyActivityPause: com.upgadata.up7723@com.upgadata.up7723.game.uptalk.UpTalkDetailActivity@125691836
07-19 23:03:03.316 11999 12056 D ContentCatcher_catcher: CatcherHolder : mCatcherList size: 0
07-19 23:03:03.333 11999 12056 D ContentCatcher_injector: Interceptor : notifyActivityResume: com.upgadata.up7723@com.upgadata.up7723.main.activity.HomeActivity@67335419
07-19 23:03:03.333 11999 12056 D ContentCatcher_catcher: CatcherHolder : mCatcherList size: 0
07-19 23:03:03.333 11999 12074 W SQLiteLog: (28) double-quoted string literal: "
07-19 23:03:03.333 11999 12074 W SQLiteLog: (28) double-quoted string literal: "C2EDB5F739FFF341B23B9F072D0F8979"
07-19 23:03:03.340 11999 12074 W SQLiteLog: (28) double-quoted string literal: "C2EDB5F739FFF341B23B9F072D0F8979"
07-19 23:03:03.340 11999 12074 W SQLiteLog: (28) double-quoted string literal: ""
07-19 23:03:03.340 11999 12074 W SQLiteLog: (28) double-quoted string literal: "C2EDB5F739FFF341B23B9F072D0F8979"
07-19 23:03:03.340 11999 12074 W SQLiteLog: (28) double-quoted string literal: "-1"
07-19 23:03:03.423 11999 11999 W ziparchive: Unable to open '/data/user/0/com.upgadata.up7723/bzBox/data/app/com.ZZLB.PVZ_BT/base.apk': No such file or directory
07-19 23:03:03.423 11999 11999 E upgadata.up7723: Failed to open APK '/data/user/0/com.upgadata.up7723/bzBox/data/app/com.ZZLB.PVZ_BT/base.apk': I/O error
07-19 23:03:03.423 11999 11999 W PackageManager: Failure to parse package archive
07-19 23:03:03.423 11999 11999 W PackageManager: android.content.pm.PackageParser$PackageParserException: Failed to parse /data/user/0/com.upgadata.up7723/bzBox/data/app/com.ZZLB.PVZ_BT/base.apk
07-19 23:03:03.423 11999 11999 W PackageManager: at android.content.pm.PackageParser.parseApkLiteInner(PackageParser.java:1506)
07-19 23:03:03.423 11999 11999 W PackageManager: at android.content.pm.PackageParser.parseApkLite(PackageParser.java:1477)
07-19 23:03:03.423 11999 11999 W PackageManager: at android.content.pm.PackageParser.parseMonolithicPackageLite(PackageParser.java:980)
07-19 23:03:03.423 11999 11999 W PackageManager: at android.content.pm.PackageParser.parseMonolithicPackage(PackageParser.java:1189)
07-19 23:03:03.423 11999 11999 W PackageManager: at android.content.pm.PackageParser.parsePackage(PackageParser.java:1103)
07-19 23:03:03.423 11999 11999 W PackageManager: at android.content.pm.PackageManager.getPackageArchiveInfo(PackageManager.java:8376)
07-19 23:03:03.423 11999 11999 W PackageManager: at android.content.pm.PackageManager.getPackageArchiveInfo(PackageManager.java:8353)
07-19 23:03:03.423 11999 11999 W PackageManager: at com.upgadata.up7723.install.ApkInstallUtils.z(ApkInstallUtils.kt:13)
