07-19 23:02:25.447 11999 11999 W PackageManager: at com.android.internal.os.RuntimeInit$MethodAndArgsCaller.run(RuntimeInit.java:561)
07-19 23:02:25.447 11999 11999 W PackageManager: at com.android.internal.os.ZygoteInit.main(ZygoteInit.java:1013)
07-19 23:02:25.537 11999 11999 W ziparchive: Unable to open '/data/user/0/com.upgadata.up7723/bzBox/data/app/com.aldagames.zombieshooter/ base.apk': No such file or directory
07-19 23:02:25.537 11999 11999 E upgadata.up7723: Failed to open APK '/data/user/0/com.upgadata.up7723/bzBox/data/app/com.aldagames.zombieshooter/ base.apk': I/O error
07-19 23:02:25.537 11999 11999 W PackageManager: Failure to parse package archive
07-19 23:02:25.537 11999 11999 W PackageManager: android.content.pm.PackageParser$PackageParserException: Failed to parse /data/user/0/com.upgadata.up7723/bzBox/data/app/com.aldagames.zombieshooter/ base.apk
07-19 23:02:25.537 11999 11999 W PackageManager: at android.content.pm.PackageParser.parseApkLiteInner(PackageParser.java:1506)
07-19 23:02:25.537 11999 11999 W PackageManager: at android.content.pm.PackageParser.parseApkLite(PackageParser.java:1477)
07-19 23:02:25.537 11999 11999 W PackageManager: at android.content.pm.PackageParser.parseMonolithicPackageLite(PackageParser.java:980)
07-19 23:02:25.537 11999 11999 W PackageManager: at android.content.pm.PackageParser.parseMonolithicPackage(PackageParser.java:1189)
07-19 23:02:25.537 11999 11999 W PackageManager: at android.content.pm.PackageParser.parsePackage(PackageParser.java:1103)
07-19 23:02:25.537 11999 11999 W PackageManager: at android.content.pm.PackageManager.getPackageArchiveInfo(PackageManager.java:8376)
07-19 23:02:25.537 11999 11999 W PackageManager: at android.content.pm.PackageManager.getPackageArchiveInfo(PackageManager.java:8353)
07-19 23:02:25.537 11999 11999 W PackageManager: at com.upgadata.up7723.install.ApkInstallUtils.z(ApkInstallUtils.kt:13)
07-19 23:02:25.537 11999 11999 W PackageManager: at com.upgadata.up7723.install.ApkInstallUtils$isBlackBoxGameInstalled$3.invoke(ApkIns tallUtils.kt:3)
07-19 23:02:25.537 11999 11999 W PackageManager: at com.upgadata.up7723.install.ApkInstallUtils$isBlackBoxGameInstalled$3.invoke(ApkIns tallUtils.kt:1)
07-19 23:02:25.537 11999 11999 W PackageManager: at com.upgadata.up7723.install.o.c(CommonUtils.kt:14)
07-19 23:02:25.537 11999 11999 W PackageManager: at com.upgadata.up7723.install.ApkInstallUtils.v(ApkInstallUtils.kt:5)
07-19 23:02:25.537 11999 11999 W PackageManager: at com.upgadata.up7723.widget.view.DownLoadView.setDownloadState(DownLoadView.java:104 )
07-19 23:02:25.537 11999 11999 W PackageManager: at com.upgadata.up7723.widget.view.DownLoadView.R(DownLoadView.java:10)
07-19 23:02:25.537 11999 11999 W PackageManager: at com.upgadata.up7723.widget.view.DownLoadView.p0(DownLoadView.java:18)
07-19 23:02:25.537 11999 11999 W PackageManager: at com.upgadata.up7723.widget.view.DownLoadView.setData(DownLoadView.java:129)
07-19 23:02:25.537 11999 11999 W PackageManager: at com.upgadata.up7723.widget.x0.f(GameItemRankView.java:54)
07-19 23:02:25.537 11999 11999 W PackageManager: at com.upgadata.up7723.widget.x0.b(GameItemRankView.java:3)
07-19 23:02:25.537 11999 11999 W PackageManager: at com.upgadata.up7723.base.c.getView(BaseHolderAdapter.java:6)
07-19 23:02:25.537 11999 11999 W PackageManager: at android.widget.HeaderViewListAdapter.getView(HeaderViewListAdapter.java:224)
07-19 23:02:25.537 11999 11999 W PackageManager: at android.widget.AbsListView.obtainView(AbsListView.java:2516)
07-19 23:02:25.537 11999 11999 W PackageManager: at android.widget.ListView.makeAndAddView(ListView.java:2065)
07-19 23:02:25.537 11999 11999 W PackageManager: at android.widget.ListView.fillDown(ListView.java:791)
07-19 23:02:25.537 11999 11999 W PackageManager: at android.widget.ListView.fillGap(ListView.java:754)
07-19 23:02:25.537 11999 11999 W PackageManager: at android.widget.AbsListView.trackMotionScroll(AbsListView.java:5693)
07-19 23:02:25.537 11999 11999 W PackageManager: at android.widget.ListView.trackMotionScroll(ListView.java:1982)
07-19 23:02:25.537 11999 11999 W PackageManager: at android.widget.AbsListView$FlingRunnable.run(AbsListView.java:5218)
07-19 23:02:25.537 11999 11999 W PackageManager: at android.view.Choreographer$CallbackRecord.run(Choreographer.java:1623)
07-19 23:02:25.537 11999 11999 W PackageManager: at android.view.Choreographer$CallbackRecord.run(Choreographer.java:1632)
07-19 23:02:25.537 11999 11999 W PackageManager: at android.view.Choreographer.doCallbacks(Choreographer.java:1172)
07-19 23:02:25.537 11999 11999 W PackageManager: at android.view.Choreographer.doFrame(Choreographer.java:1072)
07-19 23:02:25.537 11999 11999 W PackageManager: at android.view.Choreographer$FrameDisplayEventReceiver.run(Choreographer.java:1602)
07-19 23:02:25.537 11999 11999 W PackageManager: at android.os.Handler.handleCallback(Handler.java:958)
07-19 23:02:25.537 11999 11999 W PackageManager: at android.os.Handler.dispatchMessage(Handler.java:99)
07-19 23:02:25.537 11999 11999 W PackageManager: at android.os.Looper.loopOnce(Looper.java:224)
07-19 23:02:25.537 11999 11999 W PackageManager: at android.os.Looper.loop(Looper.java:318)
07-19 23:02:25.537 11999 11999 W PackageManager: at android.app.ActivityThread.main(ActivityThread.java:8653)
07-19 23:02:25.537 11999 11999 W PackageManager: at java.lang.reflect.Method.invoke(Native Method)
07-19 23:02:25.537 11999 11999 W PackageManager: at com.android.internal.os.RuntimeInit$MethodAndArgsCaller.run(RuntimeInit.java:561)
07-19 23:02:25.537 11999 11999 W PackageManager: at com.android.internal.os.ZygoteInit.main(ZygoteInit.java:1013)
07-19 23:02:30.158 11999 11999 W ziparchive: Unable to open '/data/user/0/com.upgadata.up7723/bzBox/data/app/brutal.strike.a7/base.apk': No such file or directory
07-19 23:02:30.158 11999 11999 E upgadata.up7723: Failed to open APK '/data/user/0/com.upgadata.up7723/bzBox/data/app/brutal.strike.a7/base.apk': I/O error
07-19 23:02:30.158 11999 11999 W PackageManager: Failure to parse package archive
07-19 23:02:30.158 11999 11999 W PackageManager: android.content.pm.PackageParser$PackageParserException: Failed to parse /data/user/0/com.upgadata.up7723/bzBox/data/app/brutal.strike.a7/base.apk
07-19 23:02:30.158 11999 11999 W PackageManager: at android.content.pm.PackageParser.parseApkLiteInner(PackageParser.java:1506)
07-19 23:02:30.158 11999 11999 W PackageManager: at android.content.pm.PackageParser.parseApkLite(PackageParser.java:1477)
07-19 23:02:30.158 11999 11999 W PackageManager: at android.content.pm.PackageParser.parseMonolithicPackageLite(PackageParser.java:980)
07-19 23:02:30.158 11999 11999 W PackageManager: at android.content.pm.PackageParser.parseMonolithicPackage(PackageParser.java:1189)
07-19 23:02:30.158 11999 11999 W PackageManager: at android.content.pm.PackageParser.parsePackage(PackageParser.java:1103)
07-19 23:02:30.158 11999 11999 W PackageManager: at android.content.pm.PackageManager.getPackageArchiveInfo(PackageManager.java:8376)
07-19 23:02:30.158 11999 11999 W PackageManager: at android.content.pm.PackageManager.getPackageArchiveInfo(PackageManager.java:8353)
07-19 23:02:30.158 11999 11999 W PackageManager: at com.upgadata.up7723.install.ApkInstallUtils.z(ApkInstallUtils.kt:13)
07-19 23:02:30.158 11999 11999 W PackageManager: at com.upgadata.up7723.install.ApkInstallUtils$isBlackBoxGameInstalled$3.invoke(ApkIns tallUtils.kt:3)
07-19 23:02:30.158 11999 11999 W PackageManager: at com.upgadata.up7723.install.ApkInstallUtils$isBlackBoxGameInstalled$3.invoke(ApkIns tallUtils.kt:1)
07-19 23:02:30.158 11999 11999 W PackageManager: at com.upgadata.up7723.install.o.c(CommonUtils.kt:14)
07-19 23:02:30.158 11999 11999 W PackageManager: at com.upgadata.up7723.install.ApkInstallUtils.v(ApkInstallUtils.kt:5)
07-19 23:02:30.158 11999 11999 W PackageManager: at com.upgadata.up7723.widget.view.DownLoadView.setDownloadState(DownLoadView.java:104 )
07-19 23:02:30.158 11999 11999 W PackageManager: at com.upgadata.up7723.widget.view.DownLoadView.R(DownLoadView.java:10)
07-19 23:02:30.158 11999 11999 W PackageManager: at com.upgadata.up7723.widget.view.DownLoadView.p0(DownLoadView.java:18)
07-19 23:02:30.158 11999 11999 W PackageManager: at com.upgadata.up7723.widget.view.DownLoadView.setData(DownLoadView.java:129)
07-19 23:02:30.158 11999 11999 W PackageManager: at com.upgadata.up7723.widget.x0.f(GameItemRankView.java:54)
07-19 23:02:30.158 11999 11999 W PackageManager: at com.upgadata.up7723.widget.x0.b(GameItemRankView.java:3)
07-19 23:02:30.158 11999 11999 W PackageManager: at com.upgadata.up7723.base.c.getView(BaseHolderAdapter.java:6)
07-19 23:02:30.158 11999 11999 W PackageManager: at android.widget.HeaderViewListAdapter.getView(HeaderViewListAdapter.java:224)
07-19 23:02:30.158 11999 11999 W PackageManager: at android.widget.AbsListView.obtainView(AbsListView.java:2516)
07-19 23:02:30.158 11999 11999 W PackageManager: at android.widget.ListView.makeAndAddView(ListView.java:2065)
07-19 23:02:30.158 11999 11999 W PackageManager: at android.widget.ListView.fillDown(ListView.java:791)
07-19 23:02:30.158 11999 11999 W PackageManager: at android.widget.ListView.fillGap(ListView.java:754)
07-19 23:02:30.158 11999 11999 W PackageManager: at android.widget.AbsListView.trackMotionScroll(AbsListView.java:5693)
07-19 23:02:30.158 11999 11999 W PackageManager: at android.widget.ListView.trackMotionScroll(ListView.java:1982)
07-19 23:02:30.158 11999 11999 W PackageManager: at android.widget.AbsListView.scrollIfNeeded(AbsListView.java:3800)
07-19 23:02:30.158 11999 11999 W PackageManager: at android.widget.AbsListView.onTouchMove(AbsListView.java:4280)
07-19 23:02:30.158 11999 11999 W PackageManager: at android.widget.AbsListView.onTouchEvent(AbsListView.java:4077)
07-19 23:02:30.158 11999 11999 W PackageManager: at android.view.View.dispatchTouchEvent(View.java:15861)
07-19 23:02:30.158 11999 11999 W PackageManager: at android.view.ViewGroup.dispatchTransformedTouchEvent(ViewGroup.java:3147)
07-19 23:02:30.158 11999 11999 W PackageManager: at android.view.ViewGroup.dispatchTouchEvent(ViewGroup.java:2810)
07-19 23:02:30.158 11999 11999 W PackageManager: at android.view.ViewGroup.dispatchTransformedTouchEvent(ViewGroup.java:3160)
07-19 23:02:30.158 11999 11999 W PackageManager: at android.view.ViewGroup.dispatchTouchEvent(ViewGroup.java:2828)
07-19 23:02:30.158 11999 11999 W PackageManager: at android.view.ViewGroup.dispatchTransformedTouchEvent(ViewGroup.java:3160)
07-19 23:02:30.158 11999 11999 W PackageManager: at android.view.ViewGroup.dispatchTouchEvent(ViewGroup.java:2828)
07-19 23:02:30.158 11999 11999 W PackageManager: at android.view.ViewGroup.dispatchTransformedTouchEvent(ViewGroup.java:3160)
07-19 23:02:30.158 11999 11999 W PackageManager: at android.view.ViewGroup.dispatchTouchEvent(ViewGroup.java:2828)
07-19 23:02:30.158 11999 11999 W PackageManager: at android.view.ViewGroup.dispatchTransformedTouchEvent(ViewGroup.java:3160)
07-19 23:02:30.158 11999 11999 W PackageManager: at android.view.ViewGroup.dispatchTouchEvent(ViewGroup.java:2828)
07-19 23:02:30.158 11999 11999 W PackageManager: at android.view.ViewGroup.dispatchTransformedTouchEvent(ViewGroup.java:3160)
07-19 23:02:30.158 11999 11999 W PackageManager: at android.view.ViewGroup.dispatchTouchEvent(ViewGroup.java:2828)
07-19 23:02:30.158 11999 11999 W PackageManager: at android.view.ViewGroup.dispatchTransformedTouchEvent(ViewGroup.java:3160)
07-19 23:02:30.158 11999 11999 W PackageManager: at android.view.ViewGroup.dispatchTouchEvent(ViewGroup.java:2828)
07-19 23:02:30.158 11999 11999 W PackageManager: at android.view.ViewGroup.dispatchTransformedTouchEvent(ViewGroup.java:3160)
07-19 23:02:30.158 11999 11999 W PackageManager: at android.view.ViewGroup.dispatchTouchEvent(ViewGroup.java:2828)
07-19 23:02:30.158 11999 11999 W PackageManager: at android.view.ViewGroup.dispatchTransformedTouchEvent(ViewGroup.java:3160)
07-19 23:02:30.158 11999 11999 W PackageManager: at android.view.ViewGroup.dispatchTouchEvent(ViewGroup.java:2828)
07-19 23:02:30.158 11999 11999 W PackageManager: at android.view.ViewGroup.dispatchTransformedTouchEvent(ViewGroup.java:3160)
07-19 23:02:30.158 11999 11999 W PackageManager: at android.view.ViewGroup.dispatchTouchEvent(ViewGroup.java:2828)
07-19 23:02:30.158 11999 11999 W PackageManager: at android.view.ViewGroup.dispatchTransformedTouchEvent(ViewGroup.java:3160)
07-19 23:02:30.158 11999 11999 W PackageManager: at android.view.ViewGroup.dispatchTouchEvent(ViewGroup.java:2828)
07-19 23:02:30.159 11999 11999 W PackageManager: at android.view.ViewGroup.dispatchTransformedTouchEvent(ViewGroup.java:3160)
07-19 23:02:30.159 11999 11999 W PackageManager: at android.view.ViewGroup.dispatchTouchEvent(ViewGroup.java:2828)
07-19 23:02:30.159 11999 11999 W PackageManager: at com.android.internal.policy.DecorView.superDispatchTouchEvent(DecorView.java:553)
07-19 23:02:30.159 11999 11999 W PackageManager: at com.android.internal.policy.PhoneWindow.superDispatchTouchEvent(PhoneWindow.java:19 08)
07-19 23:02:30.159 11999 11999 W PackageManager: at android.app.Activity.dispatchTouchEvent(Activity.java:4584)
07-19 23:02:30.159 11999 11999 W PackageManager: at androidx.appcompat.view.WindowCallbackWrapper.dispatchTouchEvent(WindowCallbackWrap per.java:1)
07-19 23:02:30.159 11999 11999 W PackageManager: at com.android.internal.policy.DecorView.dispatchTouchEvent(DecorView.java:511)
07-19 23:02:30.159 11999 11999 W PackageManager: at android.view.View.dispatchPointerEvent(View.java:16139)
07-19 23:02:30.159 11999 11999 W PackageManager: at com.xiaomi.mirror.MiuiMirrorImpl.isHandled(MiuiMirrorImpl.java:152)
07-19 23:02:30.159 11999 11999 W PackageManager: at android.view.ViewRootImpl$ViewPostImeInputStage.processPointerEvent(ViewRootImpl.ja va:7796)
07-19 23:02:30.159 11999 11999 W PackageManager: at android.view.ViewRootImpl$ViewPostImeInputStage.onProcess(ViewRootImpl.java:7562)
07-19 23:02:30.159 11999 11999 W PackageManager: at android.view.ViewRootImpl$InputStage.deliver(ViewRootImpl.java:6937)
07-19 23:02:30.159 11999 11999 W PackageManager: at android.view.ViewRootImpl$InputStage.onDeliverToNext(ViewRootImpl.java:6994)
07-19 23:02:30.159 11999 11999 W PackageManager: at android.view.ViewRootImpl$InputStage.forward(ViewRootImpl.java:6960)
07-19 23:02:30.159 11999 11999 W PackageManager: at android.view.ViewRootImpl$AsyncInputStage.forward(ViewRootImpl.java:7125)
07-19 23:02:30.159 11999 11999 W PackageManager: at android.view.ViewRootImpl$InputStage.apply(ViewRootImpl.java:6968)
07-19 23:02:30.159 11999 11999 W PackageManager: at android.view.ViewRootImpl$AsyncInputStage.apply(ViewRootImpl.java:7182)
07-19 23:02:30.159 11999 11999 W PackageManager: at android.view.ViewRootImpl$InputStage.deliver(ViewRootImpl.java:6941)
07-19 23:02:30.159 11999 11999 W PackageManager: at android.view.ViewRootImpl$InputStage.onDeliverToNext(ViewRootImpl.java:6994)
07-19 23:02:30.159 11999 11999 W PackageManager: at android.view.ViewRootImpl$InputStage.forward(ViewRootImpl.java:6960)
07-19 23:02:30.159 11999 11999 W PackageManager: at android.view.ViewRootImpl$InputStage.apply(ViewRootImpl.java:6968)
07-19 23:02:30.159 11999 11999 W PackageManager: at android.view.ViewRootImpl$InputStage.deliver(ViewRootImpl.java:6941)
07-19 23:02:30.159 11999 11999 W PackageManager: at android.view.ViewRootImpl.deliverInputEvent(ViewRootImpl.java:10088)
07-19 23:02:30.159 11999 11999 W PackageManager: at android.view.ViewRootImpl.doProcessInputEvents(ViewRootImpl.java:10039)
07-19 23:02:30.159 11999 11999 W PackageManager: at android.view.ViewRootImpl.enqueueInputEvent(ViewRootImpl.java:10003)
07-19 23:02:30.159 11999 11999 W PackageManager: at android.view.ViewRootImpl$WindowInputEventReceiver.onInputEvent(ViewRootImpl.java:1 0237)
07-19 23:02:30.159 11999 11999 W PackageManager: at android.view.InputEventReceiver.dispatchInputEvent(InputEventReceiver.java:307)
07-19 23:02:30.159 11999 11999 W PackageManager: at android.view.InputEventReceiver.nativeConsumeBatchedInputEvents(Native Method)
07-19 23:02:30.159 11999 11999 W PackageManager: at android.view.InputEventReceiver.consumeBatchedInputEvents(InputEventReceiver.java:2 75)
07-19 23:02:30.159 11999 11999 W PackageManager: at android.view.ViewRootImpl.doConsumeBatchedInput(ViewRootImpl.java:10174)
07-19 23:02:30.159 11999 11999 W PackageManager: at android.view.ViewRootImpl$ConsumeBatchedInputRunnable.run(ViewRootImpl.java:10336)
07-19 23:02:30.159 11999 11999 W PackageManager: at android.view.Choreographer$CallbackRecord.run(Choreographer.java:1623)
07-19 23:02:30.159 11999 11999 W PackageManager: at android.view.Choreographer$CallbackRecord.run(Choreographer.java:1632)
07-19 23:02:30.159 11999 11999 W PackageManager: at android.view.Choreographer.doCallbacks(Choreographer.java:1172)
07-19 23:02:30.159 11999 11999 W PackageManager: at android.view.Choreographer.doFrame(Choreographer.java:1069)
07-19 23:02:30.159 11999 11999 W PackageManager: at android.view.Choreographer$FrameDisplayEventReceiver.run(Choreographer.java:1602)
07-19 23:02:30.159 11999 11999 W PackageManager: at android.os.Handler.handleCallback(Handler.java:958)
07-19 23:02:30.159 11999 11999 W PackageManager: at android.os.Handler.dispatchMessage(Handler.java:99)
07-19 23:02:30.159 11999 11999 W PackageManager: at android.os.Looper.loopOnce(Looper.java:224)
07-19 23:02:30.159 11999 11999 W PackageManager: at android.os.Looper.loop(Looper.java:318)
07-19 23:02:30.159 11999 11999 W PackageManager: at android.app.ActivityThread.main(ActivityThread.java:8653)
07-19 23:02:30.159 11999 11999 W PackageManager: at java.lang.reflect.Method.invoke(Native Method)
07-19 23:02:30.159 11999 11999 W PackageManager: at com.android.internal.os.RuntimeInit$MethodAndArgsCaller.run(RuntimeInit.java:561)
07-19 23:02:30.159 11999 11999 W PackageManager: at com.android.internal.os.ZygoteInit.main(ZygoteInit.java:1013)
07-19 23:02:31.396 11999 12056 D ContentCatcher_injector: Interceptor : notifyActivityPause: com.upgadata.up7723@com.upgadata.up7723.main.activity.HomeActivity@67335419
07-19 23:02:31.396 11999 12056 D ContentCatcher_catcher: CatcherHolder : mCatcherList size: 0
07-19 23:02:31.399 11999 12074 W SQLiteLog: (28) double-quoted string literal: "
07-19 23:02:31.399 11999 12074 W SQLiteLog: (28) double-quoted string literal: "C2EDB5F739FFF341B23B9F072D0F8979"
07-19 23:02:31.407 11999 11999 D DecorView[]: getWindowModeFromSystem windowmode is 1
07-19 23:02:31.409 11999 12056 D ContentCatcher_injector: Interceptor : Init Interceptor for Activity com.upgadata.up7723.game.detail.DetailGameActivity@3692d24
07-19 23:02:31.409 11999 11999 D ScrollerOptimizationManager: registerConfigChangedListener
07-19 23:02:31.409 11999 12056 D ViewContentFactory: initViewContentFetcherClass
07-19 23:02:31.409 11999 12056 I ContentCatcher: ViewContentFetcher : ViewContentFetcher
07-19 23:02:31.409 11999 12056 D ViewContentFactory: createInterceptor took 0ms
07-19 23:02:31.409 11999 12056 D ContentCatcher_injector: Interceptor : notifyActivityCreate: com.upgadata.up7723@com.upgadata.up7723.game.detail.DetailGameActivity@57224484
07-19 23:02:31.410 11999 12056 E ContentCatcherManager: failed to get ContentCatcherService.
07-19 23:02:31.410 11999 11999 D ScrollerOptimizationManager: registerConfigChangedListener
07-19 23:02:31.410 11999 12056 E ContentCatcherManager: failed to get ContentCatcherService.
07-19 23:02:31.410 11999 12056 D ContentCatcher_injector: Interceptor : NOT interest in this page: com.upgadata.up7723@com.upgadata.up7723.game.detail.DetailGameActivity@57224484
07-19 23:02:31.410 11999 12056 D ContentCatcher_catcher: CatcherHolder : mCatcherList size: 0
07-19 23:02:31.411 11999 11999 D ScrollerOptimizationManager: registerConfigChangedListener
07-19 23:02:31.412 11999 11999 D ScrollerOptimizationManager: registerConfigChangedListener
07-19 23:02:31.413 11999 11999 D ScrollerOptimizationManager: registerConfigChangedListener
07-19 23:02:31.438 11999 11999 D ScrollerOptimizationManager: registerConfigChangedListener
07-19 23:02:31.446 11999 12056 D ContentCatcher_injector: Interceptor : notifyActivityStart: com.upgadata.up7723@com.upgadata.up7723.game.detail.DetailGameActivity@57224484
07-19 23:02:31.446 11999 12056 D ContentCatcher_catcher: CatcherHolder : mCatcherList size: 0
07-19 23:02:31.447 11999 12056 D ContentCatcher_injector: Interceptor : notifyActivityResume: com.upgadata.up7723@com.upgadata.up7723.game.detail.DetailGameActivity@57224484
07-19 23:02:31.447 11999 12056 D ContentCatcher_catcher: CatcherHolder : mCatcherList size: 0
07-19 23:02:31.450 11999 11999 D EventBus: No subscribers registered for event class bzdevicesinfo.i90
07-19 23:02:31.450 11999 11999 D EventBus: No subscribers registered for event class org.greenrobot.eventbus.h
07-19 23:02:31.451 11999 12074 W SQLiteLog: (28) double-quoted string literal: "C2EDB5F739FFF341B23B9F072D0F8979"
07-19 23:02:31.451 11999 12074 W SQLiteLog: (28) double-quoted string literal: ""
07-19 23:02:31.451 11999 12074 W SQLiteLog: (28) double-quoted string literal: "C2EDB5F739FFF341B23B9F072D0F8979"
07-19 23:02:31.451 11999 12074 W SQLiteLog: (28) double-quoted string literal: "-1"
07-19 23:02:31.464 11999 12008 I upgadata.up7723: This is sticky GC, maxfree is 33554432 minfree is 8388608
07-19 23:02:31.468 11999 12041 E OpenGLRenderer: Unable to match the desired swap behavior.
07-19 23:02:31.469 11999 11999 D VRI[DetailGameActivity]: vri.reportNextDraw android.view.ViewRootImpl.performTraversals:4279 android.view.ViewRootImpl.doTraversal:2919 android.view.ViewRootImpl$TraversalRunnable.run:10188 android.view.Choreographer$CallbackRecord.run:1623 android.view.Choreographer$CallbackRecord.run:1632
07-19 23:02:31.469 11999 11999 D VRI[DetailGameActivity]: vri.Setup new sync=wmsSync-VRI[DetailGameActivity]#26
07-19 23:02:31.469 11999 12199 E upgadata.up7723: Invalid resource ID 0x00000000.
07-19 23:02:31.469 11999 12199 E upgadata.up7723: Invalid resource ID 0x00000000.
07-19 23:02:31.469 11999 12199 E upgadata.up7723: Invalid resource ID 0x00000000.
07-19 23:02:31.469 11999 12199 E upgadata.up7723: Invalid resource ID 0x00000000.
07-19 23:02:31.471 11999 12041 D OpenGLRenderer: makeCurrent grContext:0x74fce8e560 reset mTextureAvailable
07-19 23:02:31.473 11999 11999 D VRI[DetailGameActivity]: vri.reportDrawFinished
07-19 23:02:31.487 11999 12358 D TrafficStats: tagSocket(178) with statsTag=0xffffffff, statsUid=-1
07-19 23:02:31.504 11999 11999 I HandWritingStubImpl: refreshLastKeyboardType: 1
07-19 23:02:31.504 11999 11999 I HandWritingStubImpl: getCurrentKeyboardType: 1
07-19 23:02:31.640 11999 11999 D ScrollerOptimizationManager: registerConfigChangedListener
07-19 23:02:31.642 11999 12199 E upgadata.up7723: Invalid resource ID 0x00000000.
07-19 23:02:31.642 11999 12199 E upgadata.up7723: Invalid resource ID 0x00000000.
07-19 23:02:31.642 11999 12199 E upgadata.up7723: Invalid resource ID 0x00000000.
07-19 23:02:31.642 11999 12199 E upgadata.up7723: Invalid resource ID 0x00000000.
07-19 23:02:31.648 11999 11999 D ScrollerOptimizationManager: registerConfigChangedListener
07-19 23:02:31.648 11999 11999 D ScrollerOptimizationManager: registerConfigChangedListener
07-19 23:02:31.648 11999 11999 D ScrollerOptimizationManager: registerConfigChangedListener
07-19 23:02:31.650 11999 11999 D ScrollerOptimizationManager: registerConfigChangedListener
07-19 23:02:31.651 11999 11999 D ScrollerOptimizationManager: registerConfigChangedListener
07-19 23:02:31.653 11999 12199 E upgadata.up7723: Invalid resource ID 0x00000000.
07-19 23:02:31.653 11999 12199 E upgadata.up7723: Invalid resource ID 0x00000000.
07-19 23:02:31.653 11999 12199 E upgadata.up7723: Invalid resource ID 0x00000000.
07-19 23:02:31.653 11999 12199 E upgadata.up7723: Invalid resource ID 0x00000000.
07-19 23:02:31.653 11999 12199 E upgadata.up7723: Invalid resource ID 0x00000000.
07-19 23:02:31.653 11999 12199 E upgadata.up7723: Invalid resource ID 0x00000000.
07-19 23:02:31.653 11999 12199 E upgadata.up7723: Invalid resource ID 0x00000000.
07-19 23:02:31.653 11999 12199 E upgadata.up7723: Invalid resource ID 0x00000000.
07-19 23:02:31.654 11999 12360 D TrafficStats: tagSocket(224) with statsTag=0xffffffff, statsUid=-1
07-19 23:02:31.654 11999 12338 D TrafficStats: tagSocket(243) with statsTag=0xffffffff, statsUid=-1
07-19 23:02:31.655 11999 12345 D TrafficStats: tagSocket(364) with statsTag=0xffffffff, statsUid=-1
07-19 23:02:31.655 11999 12358 D TrafficStats: tagSocket(366) with statsTag=0xffffffff, statsUid=-1
07-19 23:02:31.742 11999 11999 V MediaPlayer: resetDrmState: mDrmInfo=null mDrmProvisioningThread=null mPrepareDrmInProgress=false mActiveDrmScheme=false
07-19 23:02:31.742 11999 11999 V MediaPlayer: cleanDrmObj: mDrmObj=null mDrmSessionId=null
07-19 23:02:31.752 11999 12063 D TrafficStats: tagSocket(162) with statsTag=0xffffffff, statsUid=-1
07-19 23:02:31.753 11999 12062 D TrafficStats: tagSocket(368) with statsTag=0xffffffff, statsUid=-1
07-19 23:02:31.754 11999 12063 I Pinger : Ping response: `ping ok`, pinged? true
07-19 23:02:31.755 11999 11999 V MediaPlayer: resetDrmState: mDrmInfo=null mDrmProvisioningThread=null mPrepareDrmInProgress=false mActiveDrmScheme=false
07-19 23:02:31.755 11999 11999 V MediaPlayer: cleanDrmObj: mDrmObj=null mDrmSessionId=null
07-19 23:02:31.756 11999 11999 W AudioManager: Use of stream types is deprecated for operations other than volume control
07-19 23:02:31.757 11999 11999 W AudioManager: See the documentation of requestAudioFocus() for what to use instead with android.media.AudioAttributes to qualify your playback use case
07-19 23:02:31.778 11999 11999 W upgadata.up7723: type=1400 audit(0.0:465837): avc: denied { read } for name="u:object_r:vendor_display_prop:s0" dev="tmpfs" ino=439 scontext=u:r:untrusted_app_27:s0:c51,c257,c512,c768 tcontext=u:object_r:vendor_display_prop:s0 tclass=file permissive=0 app=com.upgadata.up7723
07-19 23:02:31.781 11999 11999 W libc : Access denied finding property "vendor.display.enable_display_extensions"
07-19 23:02:31.782 11999 12338 D TrafficStats: tagSocket(162) with statsTag=0xffffffff, statsUid=-1
07-19 23:02:31.783 11999 11999 W MediaPlayer: Use of stream types is deprecated for operations other than volume control
07-19 23:02:31.784 11999 11999 W MediaPlayer: See the documentation of setAudioStreamType() for what to use instead with android.media.AudioAttributes to qualify your playback use case
07-19 23:02:31.784 11999 11999 W MediaPlayer: setScreenOnWhilePlaying(true) is ineffective without a SurfaceHolder
07-19 23:02:31.784 11999 11999 V MediaHTTPService: MediaHTTPService(android.media.MediaHTTPService@35ec1ed): Cookies: null
07-19 23:02:31.790 11999 12979 V MediaHTTPService: makeHTTPConnection: CookieHandler (java.net.CookieManager@5305a76) exists.
07-19 23:02:31.790 11999 12979 V MediaHTTPService: makeHTTPConnection(android.media.MediaHTTPService@35ec1ed): cookieHandler: java.net.CookieManager@5305a76 Cookies: null
07-19 23:02:31.790 11999 11999 W MediaPlayer: setScreenOnWhilePlaying(true) is ineffective for Surface
07-19 23:02:31.791 11999 12980 D TrafficStats: tagSocket(369) with statsTag=0xffffffff, statsUid=-1
07-19 23:02:31.792 11999 12062 D TrafficStats: tagSocket(371) with statsTag=0xffffffff, statsUid=-1
07-19 23:02:31.938 11999 12992 D TrafficStats: tagSocket(237) with statsTag=0xffffffff, statsUid=-1
07-19 23:02:31.939 11999 12062 D TrafficStats: tagSocket(342) with statsTag=0xffffffff, statsUid=-1
07-19 23:02:31.976 11999 13016 E HttpProxyCacheServer: HttpProxyCacheServer error
07-19 23:02:31.976 11999 13016 E HttpProxyCacheServer: com.danikula.videocache.ProxyCacheException: Error closing socket input stream. Version: 1.0
07-19 23:02:31.976 11999 13016 E HttpProxyCacheServer: at com.danikula.videocache.HttpProxyCacheServer.closeSocketInput(HttpProxyCacheServer. java:3)
07-19 23:02:31.976 11999 13016 E HttpProxyCacheServer: at com.danikula.videocache.HttpProxyCacheServer.releaseSocket(HttpProxyCacheServer.jav a:1)
07-19 23:02:31.976 11999 13016 E HttpProxyCacheServer: at com.danikula.videocache.HttpProxyCacheServer.processSocket(HttpProxyCacheServer.jav a:14)
07-19 23:02:31.976 11999 13016 E HttpProxyCacheServer: at com.danikula.videocache.HttpProxyCacheServer.access$200(HttpProxyCacheServer.java:1 )
07-19 23:02:31.976 11999 13016 E HttpProxyCacheServer: at com.danikula.videocache.HttpProxyCacheServer$SocketProcessorRunnable.run(HttpProxyC acheServer.java:1)
07-19 23:02:31.976 11999 13016 E HttpProxyCacheServer: at java.util.concurrent.Executors$RunnableAdapter.call(Executors.java:487)
07-19 23:02:31.976 11999 13016 E HttpProxyCacheServer: at java.util.concurrent.FutureTask.run(FutureTask.java:264)
07-19 23:02:31.976 11999 13016 E HttpProxyCacheServer: at java.util.concurrent.ThreadPoolExecutor.runWorker(ThreadPoolExecutor.java:1145)
07-19 23:02:31.976 11999 13016 E HttpProxyCacheServer: at java.util.concurrent.ThreadPoolExecutor$Worker.run(ThreadPoolExecutor.java:644)
07-19 23:02:31.976 11999 13016 E HttpProxyCacheServer: at java.lang.Thread.run(Thread.java:1012)
07-19 23:02:31.976 11999 13016 E HttpProxyCacheServer: Caused by: java.io.IOException: shutdown failed: ENOTCONN (Transport endpoint is not connected)
07-19 23:02:31.976 11999 13016 E HttpProxyCacheServer: at java.net.PlainSocketImpl.socketShutdown(PlainSocketImpl.java:283)
07-19 23:02:31.976 11999 13016 E HttpProxyCacheServer: at java.net.AbstractPlainSocketImpl.shutdownInput(AbstractPlainSocketImpl.java:621)
07-19 23:02:31.976 11999 13016 E HttpProxyCacheServer: at java.net.Socket.shutdownInput(Socket.java:1593)
07-19 23:02:31.976 11999 13016 E HttpProxyCacheServer: at com.danikula.videocache.HttpProxyCacheServer.closeSocketInput(HttpProxyCacheServer. java:2)
07-19 23:02:31.976 11999 13016 E HttpProxyCacheServer: ... 9 more
07-19 23:02:31.976 11999 13016 E HttpProxyCacheServer: Caused by: android.system.ErrnoException: shutdown failed: ENOTCONN (Transport endpoint is not connected)
07-19 23:02:31.976 11999 13016 E HttpProxyCacheServer: at libcore.io.Linux.shutdown(Native Method)
07-19 23:02:31.976 11999 13016 E HttpProxyCacheServer: at libcore.io.ForwardingOs.shutdown(ForwardingOs.java:816)
07-19 23:02:31.976 11999 13016 E HttpProxyCacheServer: at libcore.io.ForwardingOs.shutdown(ForwardingOs.java:816)
07-19 23:02:31.976 11999 13016 E HttpProxyCacheServer: at java.net.PlainSocketImpl.socketShutdown(PlainSocketImpl.java:281)
07-19 23:02:31.976 11999 13016 E HttpProxyCacheServer: ... 12 more
07-19 23:02:31.976 11999 13016 W HttpProxyCacheServer: Failed to close socket on proxy side: shutdown failed: ENOTCONN (Transport endpoint is not connected). It seems client have already closed connection.
07-19 23:02:32.180 11999 13018 E HttpProxyCacheServer: HttpProxyCacheServer error
07-19 23:02:32.180 11999 13018 E HttpProxyCacheServer: com.danikula.videocache.ProxyCacheException: Error closing socket input stream. Version: 1.0
07-19 23:02:32.180 11999 13018 E HttpProxyCacheServer: at com.danikula.videocache.HttpProxyCacheServer.closeSocketInput(HttpProxyCacheServer. java:3)
07-19 23:02:32.180 11999 13018 E HttpProxyCacheServer: at com.danikula.videocache.HttpProxyCacheServer.releaseSocket(HttpProxyCacheServer.jav a:1)
07-19 23:02:32.180 11999 13018 E HttpProxyCacheServer: at com.danikula.videocache.HttpProxyCacheServer.processSocket(HttpProxyCacheServer.jav a:14)
07-19 23:02:32.180 11999 13018 E HttpProxyCacheServer: at com.danikula.videocache.HttpProxyCacheServer.access$200(HttpProxyCacheServer.java:1 )
07-19 23:02:32.180 11999 13018 E HttpProxyCacheServer: at com.danikula.videocache.HttpProxyCacheServer$SocketProcessorRunnable.run(HttpProxyC acheServer.java:1)
07-19 23:02:32.180 11999 13018 E HttpProxyCacheServer: at java.util.concurrent.Executors$RunnableAdapter.call(Executors.java:487)
07-19 23:02:32.180 11999 13018 E HttpProxyCacheServer: at java.util.concurrent.FutureTask.run(FutureTask.java:264)
07-19 23:02:32.180 11999 13018 E HttpProxyCacheServer: at java.util.concurrent.ThreadPoolExecutor.runWorker(ThreadPoolExecutor.java:1145)
07-19 23:02:32.180 11999 13018 E HttpProxyCacheServer: at java.util.concurrent.ThreadPoolExecutor$Worker.run(ThreadPoolExecutor.java:644)
07-19 23:02:32.180 11999 13018 E HttpProxyCacheServer: at java.lang.Thread.run(Thread.java:1012)
07-19 23:02:32.180 11999 13018 E HttpProxyCacheServer: Caused by: java.io.IOException: shutdown failed: ENOTCONN (Transport endpoint is not connected)
07-19 23:02:32.180 11999 13018 E HttpProxyCacheServer: at java.net.PlainSocketImpl.socketShutdown(PlainSocketImpl.java:283)
07-19 23:02:32.180 11999 13018 E HttpProxyCacheServer: at java.net.AbstractPlainSocketImpl.shutdownInput(AbstractPlainSocketImpl.java:621)
07-19 23:02:32.180 11999 13018 E HttpProxyCacheServer: at java.net.Socket.shutdownInput(Socket.java:1593)
07-19 23:02:32.180 11999 13018 E HttpProxyCacheServer: at com.danikula.videocache.HttpProxyCacheServer.closeSocketInput(HttpProxyCacheServer. java:2)
07-19 23:02:32.180 11999 13018 E HttpProxyCacheServer: ... 9 more
07-19 23:02:32.180 11999 13018 E HttpProxyCacheServer: Caused by: android.system.ErrnoException: shutdown failed: ENOTCONN (Transport endpoint is not connected)
07-19 23:02:32.180 11999 13018 E HttpProxyCacheServer: at libcore.io.Linux.shutdown(Native Method)
07-19 23:02:32.180 11999 13018 E HttpProxyCacheServer: at libcore.io.ForwardingOs.shutdown(ForwardingOs.java:816)
07-19 23:02:32.180 11999 13018 E HttpProxyCacheServer: at libcore.io.ForwardingOs.shutdown(ForwardingOs.java:816)
07-19 23:02:32.180 11999 13018 E HttpProxyCacheServer: at java.net.PlainSocketImpl.socketShutdown(PlainSocketImpl.java:281)
07-19 23:02:32.180 11999 13018 E HttpProxyCacheServer: ... 12 more
07-19 23:02:32.180 11999 12430 D TrafficStats: tagSocket(182) with statsTag=0xffffffff, statsUid=-1
07-19 23:02:32.180 11999 13018 W HttpProxyCacheServer: Failed to close socket on proxy side: shutdown failed: ENOTCONN (Transport endpoint is not connected). It seems client have already closed connection.
07-19 23:02:32.181 11999 12062 D TrafficStats: tagSocket(237) with statsTag=0xffffffff, statsUid=-1
07-19 23:02:32.191 11999 13754 D TrafficStats: tagSocket(253) with statsTag=0xffffffff, statsUid=-1
07-19 23:02:32.240 11999 11999 W ziparchive: Unable to open '/data/user/0/com.upgadata.up7723/bzBox/data/app/com.extremedevelopers.ghostsofwar/ base.apk': No such file or directory
07-19 23:02:32.240 11999 11999 E upgadata.up7723: Failed to open APK '/data/user/0/com.upgadata.up7723/bzBox/data/app/com.extremedevelopers.ghostsofwar/ base.apk': I/O error
07-19 23:02:32.240 11999 11999 W PackageManager: Failure to parse package archive
07-19 23:02:32.240 11999 11999 W PackageManager: android.content.pm.PackageParser$PackageParserException: Failed to parse /data/user/0/com.upgadata.up7723/bzBox/data/app/com.extremedevelopers.ghostsofwar/ base.apk
07-19 23:02:32.240 11999 11999 W PackageManager: at android.content.pm.PackageParser.parseApkLiteInner(PackageParser.java:1506)
07-19 23:02:32.240 11999 11999 W PackageManager: at android.content.pm.PackageParser.parseApkLite(PackageParser.java:1477)
07-19 23:02:32.240 11999 11999 W PackageManager: at android.content.pm.PackageParser.parseMonolithicPackageLite(PackageParser.java:980)
07-19 23:02:32.240 11999 11999 W PackageManager: at android.content.pm.PackageParser.parseMonolithicPackage(PackageParser.java:1189)
07-19 23:02:32.240 11999 11999 W PackageManager: at android.content.pm.PackageParser.parsePackage(PackageParser.java:1103)
07-19 23:02:32.240 11999 11999 W PackageManager: at android.content.pm.PackageManager.getPackageArchiveInfo(PackageManager.java:8376)
07-19 23:02:32.240 11999 11999 W PackageManager: at android.content.pm.PackageManager.getPackageArchiveInfo(PackageManager.java:8353)
07-19 23:02:32.240 11999 11999 W PackageManager: at com.upgadata.up7723.install.ApkInstallUtils.z(ApkInstallUtils.kt:13)
07-19 23:02:32.240 11999 11999 W PackageManager: at com.upgadata.up7723.install.ApkInstallUtils$isBlackBoxGameInstalled$3.invoke(ApkIns tallUtils.kt:3)
07-19 23:02:32.240 11999 11999 W PackageManager: at com.upgadata.up7723.install.ApkInstallUtils$isBlackBoxGameInstalled$3.invoke(ApkIns tallUtils.kt:1)
07-19 23:02:32.240 11999 11999 W PackageManager: at com.upgadata.up7723.install.o.c(CommonUtils.kt:14)
07-19 23:02:32.240 11999 11999 W PackageManager: at com.upgadata.up7723.install.ApkInstallUtils.v(ApkInstallUtils.kt:5)
07-19 23:02:32.240 11999 11999 W PackageManager: at com.upgadata.up7723.widget.view.DownLoadView.setDownloadState(DownLoadView.java:104 )
07-19 23:02:32.240 11999 11999 W PackageManager: at com.upgadata.up7723.widget.view.DownLoadView.R(DownLoadView.java:10)
07-19 23:02:32.240 11999 11999 W PackageManager: at com.upgadata.up7723.widget.view.DownLoadView.p0(DownLoadView.java:18)
07-19 23:02:32.240 11999 11999 W PackageManager: at com.upgadata.up7723.widget.view.DownLoadView.setData(DownLoadView.java:129)
07-19 23:02:32.240 11999 11999 W PackageManager: at com.upgadata.up7723.game.detail.adapter.v.d(DetailOtherAdapter.java:21)
07-19 23:02:32.240 11999 11999 W PackageManager: at com.upgadata.up7723.game.detail.adapter.v.onBindViewHolder(DetailOtherAdapter.java: 1)
07-19 23:02:32.240 11999 11999 W PackageManager: at androidx.recyclerview.widget.RecyclerView$Adapter.onBindViewHolder(RecyclerView.jav a:1)
07-19 23:02:32.240 11999 11999 W PackageManager: at androidx.recyclerview.widget.RecyclerView$Adapter.bindViewHolder(RecyclerView.java: 6)
07-19 23:02:32.240 11999 11999 W PackageManager: at androidx.recyclerview.widget.RecyclerView$Recycler.B(RecyclerView.java:6)
07-19 23:02:32.240 11999 11999 W PackageManager: at androidx.recyclerview.widget.RecyclerView$Recycler.C(RecyclerView.java:55)
07-19 23:02:32.240 11999 11999 W PackageManager: at androidx.recyclerview.widget.RecyclerView$Recycler.l(RecyclerView.java:1)
07-19 23:02:32.240 11999 11999 W PackageManager: at androidx.recyclerview.widget.RecyclerView$Recycler.getViewForPosition(RecyclerView. java:1)
07-19 23:02:32.240 11999 11999 W PackageManager: at androidx.recyclerview.widget.LinearLayoutManager$LayoutState.c(LinearLayoutManager. java:3)
07-19 23:02:32.240 11999 11999 W PackageManager: at androidx.recyclerview.widget.GridLayoutManager.layoutChunk(GridLayoutManager.java:1 2)
07-19 23:02:32.240 11999 11999 W PackageManager: at androidx.recyclerview.widget.LinearLayoutManager.fill(LinearLayoutManager.java:9)
07-19 23:02:32.240 11999 11999 W PackageManager: at androidx.recyclerview.widget.LinearLayoutManager.onLayoutChildren(LinearLayoutManag er.java:64)
07-19 23:02:32.240 11999 11999 W PackageManager: at androidx.recyclerview.widget.GridLayoutManager.onLayoutChildren(GridLayoutManager.j ava:3)
07-19 23:02:32.240 11999 11999 W PackageManager: at androidx.recyclerview.widget.RecyclerView.dispatchLayoutStep2(RecyclerView.java:8)
07-19 23:02:32.240 11999 11999 W PackageManager: at androidx.recyclerview.widget.RecyclerView.onMeasure(RecyclerView.java:12)
07-19 23:02:32.240 11999 11999 W PackageManager: at android.view.View.measure(View.java:27984)
07-19 23:02:32.240 11999 11999 W PackageManager: at android.view.ViewGroup.measureChildWithMargins(ViewGroup.java:7083)
07-19 23:02:32.240 11999 11999 W PackageManager: at android.widget.LinearLayout.measureChildBeforeLayout(LinearLayout.java:1608)
07-19 23:02:32.240 11999 11999 W PackageManager: at android.widget.LinearLayout.measureVertical(LinearLayout.java:878)
07-19 23:02:32.240 11999 11999 W PackageManager: at android.widget.LinearLayout.onMeasure(LinearLayout.java:721)
07-19 23:02:32.240 11999 11999 W PackageManager: at android.view.View.measure(View.java:27984)
07-19 23:02:32.240 11999 11999 W PackageManager: at android.view.ViewGroup.measureChildWithMargins(ViewGroup.java:7083)
07-19 23:02:32.240 11999 11999 W PackageManager: at android.widget.LinearLayout.measureChildBeforeLayout(LinearLayout.java:1608)
07-19 23:02:32.240 11999 11999 W PackageManager: at android.widget.LinearLayout.measureVertical(LinearLayout.java:878)
07-19 23:02:32.240 11999 11999 W PackageManager: at android.widget.LinearLayout.onMeasure(LinearLayout.java:721)
07-19 23:02:32.240 11999 11999 W PackageManager: at android.view.View.measure(View.java:27984)
07-19 23:02:32.240 11999 11999 W PackageManager: at android.widget.ScrollView.measureChildWithMargins(ScrollView.java:1482)
07-19 23:02:32.240 11999 11999 W PackageManager: at android.widget.FrameLayout.onMeasure(FrameLayout.java:194)
07-19 23:02:32.240 11999 11999 W PackageManager: at android.widget.ScrollView.onMeasure(ScrollView.java:466)
07-19 23:02:32.240 11999 11999 W PackageManager: at android.view.View.measure(View.java:27984)
07-19 23:02:32.240 11999 11999 W PackageManager: at androidx.viewpager.widget.ViewPager.onMeasure(ViewPager.java:33)
07-19 23:02:32.240 11999 11999 W PackageManager: at android.view.View.measure(View.java:27984)
07-19 23:02:32.240 11999 11999 W PackageManager: at android.view.ViewGroup.measureChildWithMargins(ViewGroup.java:7083)
07-19 23:02:32.240 11999 11999 W PackageManager: at android.widget.LinearLayout.measureChildBeforeLayout(LinearLayout.java:1608)
07-19 23:02:32.240 11999 11999 W PackageManager: at android.widget.LinearLayout.measureVertical(LinearLayout.java:878)
07-19 23:02:32.240 11999 11999 W PackageManager: at android.widget.LinearLayout.onMeasure(LinearLayout.java:721)
07-19 23:02:32.240 11999 11999 W PackageManager: at android.view.View.measure(View.java:27984)
07-19 23:02:32.240 11999 11999 W PackageManager: at android.view.ViewGroup.measureChildWithMargins(ViewGroup.java:7083)
07-19 23:02:32.240 11999 11999 W PackageManager: at android.widget.LinearLayout.measureChildBeforeLayout(LinearLayout.java:1608)
07-19 23:02:32.240 11999 11999 W PackageManager: at android.widget.LinearLayout.measureVertical(LinearLayout.java:878)
07-19 23:02:32.240 11999 11999 W PackageManager: at android.widget.LinearLayout.onMeasure(LinearLayout.java:721)
07-19 23:02:32.240 11999 11999 W PackageManager: at com.upgadata.up7723.widget.view.StickyNavLayout2.onMeasure(StickyNavLayout2.java:1)
07-19 23:02:32.240 11999 11999 W PackageManager: at android.view.View.measure(View.java:27984)
07-19 23:02:32.240 11999 11999 W PackageManager: at android.widget.RelativeLayout.measureChildHorizontal(RelativeLayout.java:735)
07-19 23:02:32.240 11999 11999 W PackageManager: at android.widget.RelativeLayout.onMeasure(RelativeLayout.java:481)
07-19 23:02:32.240 11999 11999 W PackageManager: at android.view.View.measure(View.java:27984)
07-19 23:02:32.240 11999 11999 W PackageManager: at android.view.ViewGroup.measureChildWithMargins(ViewGroup.java:7083)
07-19 23:02:32.240 11999 11999 W PackageManager: at android.widget.FrameLayout.onMeasure(FrameLayout.java:194)
07-19 23:02:32.240 11999 11999 W PackageManager: at androidx.appcompat.widget.ContentFrameLayout.onMeasure(ContentFrameLayout.java:21)
07-19 23:02:32.240 11999 11999 W PackageManager: at android.view.View.measure(View.java:27984)
07-19 23:02:32.240 11999 11999 W PackageManager: at android.view.ViewGroup.measureChildWithMargins(ViewGroup.java:7083)
07-19 23:02:32.240 11999 11999 W PackageManager: at android.widget.LinearLayout.measureChildBeforeLayout(LinearLayout.java:1608)
07-19 23:02:32.240 11999 11999 W PackageManager: at android.widget.LinearLayout.measureVertical(LinearLayout.java:878)
07-19 23:02:32.240 11999 11999 W PackageManager: at android.widget.LinearLayout.onMeasure(LinearLayout.java:721)
07-19 23:02:32.240 11999 11999 W PackageManager: at android.view.View.measure(View.java:27984)
07-19 23:02:32.240 11999 11999 W PackageManager: at android.view.ViewGroup.measureChildWithMargins(ViewGroup.java:7083)
07-19 23:02:32.240 11999 11999 W PackageManager: at android.widget.FrameLayout.onMeasure(FrameLayout.java:194)
07-19 23:02:32.240 11999 11999 W PackageManager: at android.view.View.measure(View.java:27984)
07-19 23:02:32.240 11999 11999 W PackageManager: at android.view.ViewGroup.measureChildWithMargins(ViewGroup.java:7083)
07-19 23:02:32.240 11999 11999 W PackageManager: at android.widget.LinearLayout.measureChildBeforeLayout(LinearLayout.java:1608)
07-19 23:02:32.240 11999 11999 W PackageManager: at android.widget.LinearLayout.measureVertical(LinearLayout.java:878)
07-19 23:02:32.240 11999 11999 W PackageManager: at android.widget.LinearLayout.onMeasure(LinearLayout.java:721)
07-19 23:02:32.240 11999 11999 W PackageManager: at android.view.View.measure(View.java:27984)
07-19 23:02:32.240 11999 11999 W PackageManager: at android.view.ViewGroup.measureChildWithMargins(ViewGroup.java:7083)
07-19 23:02:32.240 11999 11999 W PackageManager: at android.widget.FrameLayout.onMeasure(FrameLayout.java:194)
07-19 23:02:32.240 11999 11999 W PackageManager: at android.view.View.measure(View.java:27984)
07-19 23:02:32.240 11999 11999 W PackageManager: at android.view.ViewGroup.measureChildWithMargins(ViewGroup.java:7083)
07-19 23:02:32.240 11999 11999 W PackageManager: at android.widget.FrameLayout.onMeasure(FrameLayout.java:194)
07-19 23:02:32.240 11999 11999 W PackageManager: at com.android.internal.policy.DecorView.onMeasure(DecorView.java:813)
07-19 23:02:32.240 11999 11999 W PackageManager: at android.view.View.measure(View.java:27984)
07-19 23:02:32.240 11999 11999 W PackageManager: at android.view.ViewRootImpl.performMeasure(ViewRootImpl.java:4701)
07-19 23:02:32.240 11999 11999 W PackageManager: at android.view.ViewRootImpl.measureHierarchy(ViewRootImpl.java:3221)
07-19 23:02:32.240 11999 11999 W PackageManager: at android.view.ViewRootImpl.performTraversals(ViewRootImpl.java:3577)
07-19 23:02:32.240 11999 11999 W PackageManager: at android.view.ViewRootImpl.doTraversal(ViewRootImpl.java:2919)
07-19 23:02:32.240 11999 11999 W PackageManager: at android.view.ViewRootImpl$TraversalRunnable.run(ViewRootImpl.java:10188)
07-19 23:02:32.240 11999 11999 W PackageManager: at android.view.Choreographer$CallbackRecord.run(Choreographer.java:1623)
07-19 23:02:32.240 11999 11999 W PackageManager: at android.view.Choreographer$CallbackRecord.run(Choreographer.java:1632)
07-19 23:02:32.240 11999 11999 W PackageManager: at android.view.Choreographer.doCallbacks(Choreographer.java:1172)
07-19 23:02:32.240 11999 11999 W PackageManager: at android.view.Choreographer.doFrame(Choreographer.java:1076)
07-19 23:02:32.240 11999 11999 W PackageManager: at android.view.Choreographer$FrameDisplayEventReceiver.run(Choreographer.java:1602)
07-19 23:02:32.240 11999 11999 W PackageManager: at android.os.Handler.handleCallback(Handler.java:958)
07-19 23:02:32.240 11999 11999 W PackageManager: at android.os.Handler.dispatchMessage(Handler.java:99)
07-19 23:02:32.240 11999 11999 W PackageManager: at android.os.Looper.loopOnce(Looper.java:224)
07-19 23:02:32.240 11999 11999 W PackageManager: at android.os.Looper.loop(Looper.java:318)
07-19 23:02:32.240 11999 11999 W PackageManager: at android.app.ActivityThread.main(ActivityThread.java:8653)
07-19 23:02:32.240 11999 11999 W PackageManager: at java.lang.reflect.Method.invoke(Native Method)
07-19 23:02:32.240 11999 11999 W PackageManager: at com.android.internal.os.RuntimeInit$MethodAndArgsCaller.run(RuntimeInit.java:561)
07-19 23:02:32.240 11999 11999 W PackageManager: at com.android.internal.os.ZygoteInit.main(ZygoteInit.java:1013)
07-19 23:02:32.245 11999 12338 D TrafficStats: tagSocket(183) with statsTag=0xffffffff, statsUid=-1
07-19 23:02:32.255 11999 12358 D TrafficStats: tagSocket(240) with statsTag=0xffffffff, statsUid=-1
07-19 23:02:32.255 11999 11999 W ziparchive: Unable to open '/data/user/0/com.upgadata.up7723/bzBox/data/app/com.adventure.modern.gp/base.apk': No such file or directory
07-19 23:02:32.255 11999 11999 E upgadata.up7723: Failed to open APK '/data/user/0/com.upgadata.up7723/bzBox/data/app/com.adventure.modern.gp/base.apk': I/O error
07-19 23:02:32.256 11999 11999 W PackageManager: Failure to parse package archive
07-19 23:02:32.256 11999 11999 W PackageManager: android.content.pm.PackageParser$PackageParserException: Failed to parse /data/user/0/com.upgadata.up7723/bzBox/data/app/com.adventure.modern.gp/base.apk
07-19 23:02:32.256 11999 11999 W PackageManager: at android.content.pm.PackageParser.parseApkLiteInner(PackageParser.java:1506)
07-19 23:02:32.256 11999 11999 W PackageManager: at android.content.pm.PackageParser.parseApkLite(PackageParser.java:1477)
07-19 23:02:32.256 11999 11999 W PackageManager: at android.content.pm.PackageParser.parseMonolithicPackageLite(PackageParser.java:980)
07-19 23:02:32.256 11999 11999 W PackageManager: at android.content.pm.PackageParser.parseMonolithicPackage(PackageParser.java:1189)
07-19 23:02:32.256 11999 11999 W PackageManager: at android.content.pm.PackageParser.parsePackage(PackageParser.java:1103)
07-19 23:02:32.256 11999 11999 W PackageManager: at android.content.pm.PackageManager.getPackageArchiveInfo(PackageManager.java:8376)
07-19 23:02:32.256 11999 11999 W PackageManager: at android.content.pm.PackageManager.getPackageArchiveInfo(PackageManager.java:8353)
07-19 23:02:32.256 11999 11999 W PackageManager: at com.upgadata.up7723.install.ApkInstallUtils.z(ApkInstallUtils.kt:13)
07-19 23:02:32.256 11999 11999 W PackageManager: at com.upgadata.up7723.install.ApkInstallUtils$isBlackBoxGameInstalled$3.invoke(ApkIns tallUtils.kt:3)
07-19 23:02:32.256 11999 11999 W PackageManager: at com.upgadata.up7723.install.ApkInstallUtils$isBlackBoxGameInstalled$3.invoke(ApkIns tallUtils.kt:1)
07-19 23:02:32.256 11999 11999 W PackageManager: at com.upgadata.up7723.install.o.c(CommonUtils.kt:14)
07-19 23:02:32.256 11999 11999 W PackageManager: at com.upgadata.up7723.install.ApkInstallUtils.v(ApkInstallUtils.kt:5)
07-19 23:02:32.256 11999 11999 W PackageManager: at com.upgadata.up7723.widget.view.DownLoadView.setDownloadState(DownLoadView.java:104 )
07-19 23:02:32.256 11999 11999 W PackageManager: at com.upgadata.up7723.widget.view.DownLoadView.R(DownLoadView.java:10)
