07-19 23:01:54.383 11999 11999 W PackageManager: at android.content.pm.PackageParser.parseMonolithicPackage(PackageParser.java:1189)
07-19 23:01:54.383 11999 11999 W PackageManager: at android.content.pm.PackageParser.parsePackage(PackageParser.java:1103)
07-19 23:01:54.383 11999 11999 W PackageManager: at android.content.pm.PackageManager.getPackageArchiveInfo(PackageManager.java:8376)
07-19 23:01:54.383 11999 11999 W PackageManager: at android.content.pm.PackageManager.getPackageArchiveInfo(PackageManager.java:8353)
07-19 23:01:54.383 11999 11999 W PackageManager: at com.upgadata.up7723.install.ApkInstallUtils.z(ApkInstallUtils.kt:13)
07-19 23:01:54.383 11999 11999 W PackageManager: at com.upgadata.up7723.install.ApkInstallUtils$isBlackBoxGameInstalled$3.invoke(ApkIns tallUtils.kt:3)
07-19 23:01:54.383 11999 11999 W PackageManager: at com.upgadata.up7723.install.ApkInstallUtils$isBlackBoxGameInstalled$3.invoke(ApkIns tallUtils.kt:1)
07-19 23:01:54.383 11999 11999 W PackageManager: at com.upgadata.up7723.install.o.c(CommonUtils.kt:14)
07-19 23:01:54.383 11999 11999 W PackageManager: at com.upgadata.up7723.install.ApkInstallUtils.v(ApkInstallUtils.kt:5)
07-19 23:01:54.383 11999 11999 W PackageManager: at com.upgadata.up7723.widget.view.DownLoadView.setDownloadState(DownLoadView.java:104 )
07-19 23:01:54.383 11999 11999 W PackageManager: at com.upgadata.up7723.widget.view.DownLoadView.R(DownLoadView.java:10)
07-19 23:01:54.383 11999 11999 W PackageManager: at com.upgadata.up7723.widget.view.DownLoadView.p0(DownLoadView.java:18)
07-19 23:01:54.383 11999 11999 W PackageManager: at com.upgadata.up7723.widget.view.DownLoadView.setData(DownLoadView.java:129)
07-19 23:01:54.383 11999 11999 W PackageManager: at com.upgadata.up7723.widget.x0.f(GameItemRankView.java:54)
07-19 23:01:54.383 11999 11999 W PackageManager: at com.upgadata.up7723.widget.x0.b(GameItemRankView.java:3)
07-19 23:01:54.383 11999 11999 W PackageManager: at com.upgadata.up7723.base.c.getView(BaseHolderAdapter.java:6)
07-19 23:01:54.383 11999 11999 W PackageManager: at android.widget.HeaderViewListAdapter.getView(HeaderViewListAdapter.java:224)
07-19 23:01:54.383 11999 11999 W PackageManager: at android.widget.AbsListView.obtainView(AbsListView.java:2516)
07-19 23:01:54.383 11999 11999 W PackageManager: at android.widget.ListView.makeAndAddView(ListView.java:2065)
07-19 23:01:54.383 11999 11999 W PackageManager: at android.widget.ListView.fillDown(ListView.java:791)
07-19 23:01:54.383 11999 11999 W PackageManager: at android.widget.ListView.fillSpecific(ListView.java:1502)
07-19 23:01:54.383 11999 11999 W PackageManager: at android.widget.ListView.layoutChildren(ListView.java:1800)
07-19 23:01:54.383 11999 11999 W PackageManager: at android.widget.AbsListView.onTouchMove(AbsListView.java:4242)
07-19 23:01:54.383 11999 11999 W PackageManager: at android.widget.AbsListView.onTouchEvent(AbsListView.java:4077)
07-19 23:01:54.383 11999 11999 W PackageManager: at android.view.View.dispatchTouchEvent(View.java:15861)
07-19 23:01:54.383 11999 11999 W PackageManager: at android.view.ViewGroup.dispatchTransformedTouchEvent(ViewGroup.java:3147)
07-19 23:01:54.383 11999 11999 W PackageManager: at android.view.ViewGroup.dispatchTouchEvent(ViewGroup.java:2810)
07-19 23:01:54.383 11999 11999 W PackageManager: at android.view.ViewGroup.dispatchTransformedTouchEvent(ViewGroup.java:3160)
07-19 23:01:54.383 11999 11999 W PackageManager: at android.view.ViewGroup.dispatchTouchEvent(ViewGroup.java:2828)
07-19 23:01:54.383 11999 11999 W PackageManager: at android.view.ViewGroup.dispatchTransformedTouchEvent(ViewGroup.java:3160)
07-19 23:01:54.383 11999 11999 W PackageManager: at android.view.ViewGroup.dispatchTouchEvent(ViewGroup.java:2828)
07-19 23:01:54.383 11999 11999 W PackageManager: at android.view.ViewGroup.dispatchTransformedTouchEvent(ViewGroup.java:3160)
07-19 23:01:54.383 11999 11999 W PackageManager: at android.view.ViewGroup.dispatchTouchEvent(ViewGroup.java:2828)
07-19 23:01:54.383 11999 11999 W PackageManager: at android.view.ViewGroup.dispatchTransformedTouchEvent(ViewGroup.java:3160)
07-19 23:01:54.383 11999 11999 W PackageManager: at android.view.ViewGroup.dispatchTouchEvent(ViewGroup.java:2828)
07-19 23:01:54.383 11999 11999 W PackageManager: at android.view.ViewGroup.dispatchTransformedTouchEvent(ViewGroup.java:3160)
07-19 23:01:54.383 11999 11999 W PackageManager: at android.view.ViewGroup.dispatchTouchEvent(ViewGroup.java:2828)
07-19 23:01:54.383 11999 11999 W PackageManager: at android.view.ViewGroup.dispatchTransformedTouchEvent(ViewGroup.java:3160)
07-19 23:01:54.383 11999 11999 W PackageManager: at android.view.ViewGroup.dispatchTouchEvent(ViewGroup.java:2828)
07-19 23:01:54.383 11999 11999 W PackageManager: at android.view.ViewGroup.dispatchTransformedTouchEvent(ViewGroup.java:3160)
07-19 23:01:54.383 11999 11999 W PackageManager: at android.view.ViewGroup.dispatchTouchEvent(ViewGroup.java:2828)
07-19 23:01:54.383 11999 11999 W PackageManager: at android.view.ViewGroup.dispatchTransformedTouchEvent(ViewGroup.java:3160)
07-19 23:01:54.383 11999 11999 W PackageManager: at android.view.ViewGroup.dispatchTouchEvent(ViewGroup.java:2828)
07-19 23:01:54.383 11999 11999 W PackageManager: at android.view.ViewGroup.dispatchTransformedTouchEvent(ViewGroup.java:3160)
07-19 23:01:54.383 11999 11999 W PackageManager: at android.view.ViewGroup.dispatchTouchEvent(ViewGroup.java:2828)
07-19 23:01:54.383 11999 11999 W PackageManager: at android.view.ViewGroup.dispatchTransformedTouchEvent(ViewGroup.java:3160)
07-19 23:01:54.383 11999 11999 W PackageManager: at android.view.ViewGroup.dispatchTouchEvent(ViewGroup.java:2828)
07-19 23:01:54.383 11999 11999 W PackageManager: at android.view.ViewGroup.dispatchTransformedTouchEvent(ViewGroup.java:3160)
07-19 23:01:54.383 11999 11999 W PackageManager: at android.view.ViewGroup.dispatchTouchEvent(ViewGroup.java:2828)
07-19 23:01:54.384 11999 11999 W PackageManager: at com.android.internal.policy.DecorView.superDispatchTouchEvent(DecorView.java:553)
07-19 23:01:54.384 11999 11999 W PackageManager: at com.android.internal.policy.PhoneWindow.superDispatchTouchEvent(PhoneWindow.java:19 08)
07-19 23:01:54.384 11999 11999 W PackageManager: at android.app.Activity.dispatchTouchEvent(Activity.java:4584)
07-19 23:01:54.384 11999 11999 W PackageManager: at androidx.appcompat.view.WindowCallbackWrapper.dispatchTouchEvent(WindowCallbackWrap per.java:1)
07-19 23:01:54.384 11999 11999 W PackageManager: at com.android.internal.policy.DecorView.dispatchTouchEvent(DecorView.java:511)
07-19 23:01:54.384 11999 11999 W PackageManager: at android.view.View.dispatchPointerEvent(View.java:16139)
07-19 23:01:54.384 11999 11999 W PackageManager: at com.xiaomi.mirror.MiuiMirrorImpl.isHandled(MiuiMirrorImpl.java:152)
07-19 23:01:54.384 11999 11999 W PackageManager: at android.view.ViewRootImpl$ViewPostImeInputStage.processPointerEvent(ViewRootImpl.ja va:7796)
07-19 23:01:54.384 11999 11999 W PackageManager: at android.view.ViewRootImpl$ViewPostImeInputStage.onProcess(ViewRootImpl.java:7562)
07-19 23:01:54.384 11999 11999 W PackageManager: at android.view.ViewRootImpl$InputStage.deliver(ViewRootImpl.java:6937)
07-19 23:01:54.384 11999 11999 W PackageManager: at android.view.ViewRootImpl$InputStage.onDeliverToNext(ViewRootImpl.java:6994)
07-19 23:01:54.384 11999 11999 W PackageManager: at android.view.ViewRootImpl$InputStage.forward(ViewRootImpl.java:6960)
07-19 23:01:54.384 11999 11999 W PackageManager: at android.view.ViewRootImpl$AsyncInputStage.forward(ViewRootImpl.java:7125)
07-19 23:01:54.384 11999 11999 W PackageManager: at android.view.ViewRootImpl$InputStage.apply(ViewRootImpl.java:6968)
07-19 23:01:54.384 11999 11999 W PackageManager: at android.view.ViewRootImpl$AsyncInputStage.apply(ViewRootImpl.java:7182)
07-19 23:01:54.384 11999 11999 W PackageManager: at android.view.ViewRootImpl$InputStage.deliver(ViewRootImpl.java:6941)
07-19 23:01:54.384 11999 11999 W PackageManager: at android.view.ViewRootImpl$InputStage.onDeliverToNext(ViewRootImpl.java:6994)
07-19 23:01:54.384 11999 11999 W PackageManager: at android.view.ViewRootImpl$InputStage.forward(ViewRootImpl.java:6960)
07-19 23:01:54.384 11999 11999 W PackageManager: at android.view.ViewRootImpl$InputStage.apply(ViewRootImpl.java:6968)
07-19 23:01:54.384 11999 11999 W PackageManager: at android.view.ViewRootImpl$InputStage.deliver(ViewRootImpl.java:6941)
07-19 23:01:54.384 11999 11999 W PackageManager: at android.view.ViewRootImpl.deliverInputEvent(ViewRootImpl.java:10088)
07-19 23:01:54.384 11999 11999 W PackageManager: at android.view.ViewRootImpl.doProcessInputEvents(ViewRootImpl.java:10039)
07-19 23:01:54.384 11999 11999 W PackageManager: at android.view.ViewRootImpl.enqueueInputEvent(ViewRootImpl.java:10003)
07-19 23:01:54.384 11999 11999 W PackageManager: at android.view.ViewRootImpl$WindowInputEventReceiver.onInputEvent(ViewRootImpl.java:1 0237)
07-19 23:01:54.384 11999 11999 W PackageManager: at android.view.InputEventReceiver.dispatchInputEvent(InputEventReceiver.java:307)
07-19 23:01:54.384 11999 11999 W PackageManager: at android.view.InputEventReceiver.nativeConsumeBatchedInputEvents(Native Method)
07-19 23:01:54.384 11999 11999 W PackageManager: at android.view.InputEventReceiver.consumeBatchedInputEvents(InputEventReceiver.java:2 75)
07-19 23:01:54.384 11999 11999 W PackageManager: at android.view.ViewRootImpl.doConsumeBatchedInput(ViewRootImpl.java:10174)
07-19 23:01:54.384 11999 11999 W PackageManager: at android.view.ViewRootImpl$ConsumeBatchedInputRunnable.run(ViewRootImpl.java:10336)
07-19 23:01:54.384 11999 11999 W PackageManager: at android.view.Choreographer$CallbackRecord.run(Choreographer.java:1623)
07-19 23:01:54.384 11999 11999 W PackageManager: at android.view.Choreographer$CallbackRecord.run(Choreographer.java:1632)
07-19 23:01:54.384 11999 11999 W PackageManager: at android.view.Choreographer.doCallbacks(Choreographer.java:1172)
07-19 23:01:54.384 11999 11999 W PackageManager: at android.view.Choreographer.doFrame(Choreographer.java:1069)
07-19 23:01:54.384 11999 11999 W PackageManager: at android.view.Choreographer$FrameDisplayEventReceiver.run(Choreographer.java:1602)
07-19 23:01:54.384 11999 11999 W PackageManager: at android.os.Handler.handleCallback(Handler.java:958)
07-19 23:01:54.384 11999 11999 W PackageManager: at android.os.Handler.dispatchMessage(Handler.java:99)
07-19 23:01:54.384 11999 11999 W PackageManager: at android.os.Looper.loopOnce(Looper.java:224)
07-19 23:01:54.384 11999 11999 W PackageManager: at android.os.Looper.loop(Looper.java:318)
07-19 23:01:54.384 11999 11999 W PackageManager: at android.app.ActivityThread.main(ActivityThread.java:8653)
07-19 23:01:54.384 11999 11999 W PackageManager: at java.lang.reflect.Method.invoke(Native Method)
07-19 23:01:54.384 11999 11999 W PackageManager: at com.android.internal.os.RuntimeInit$MethodAndArgsCaller.run(RuntimeInit.java:561)
07-19 23:01:54.384 11999 11999 W PackageManager: at com.android.internal.os.ZygoteInit.main(ZygoteInit.java:1013)
07-19 23:01:56.590 11999 12056 D ContentCatcher_injector: Interceptor : notifyActivityPause: com.upgadata.up7723@com.upgadata.up7723.main.activity.HomeActivity@67335419
07-19 23:01:56.590 11999 12056 D ContentCatcher_catcher: CatcherHolder : mCatcherList size: 0
07-19 23:01:56.593 11999 12074 W SQLiteLog: (28) double-quoted string literal: "
07-19 23:01:56.593 11999 12074 W SQLiteLog: (28) double-quoted string literal: "C2EDB5F739FFF341B23B9F072D0F8979"
07-19 23:01:56.598 11999 11999 D DecorView[]: getWindowModeFromSystem windowmode is 1
07-19 23:01:56.599 11999 12056 D ContentCatcher_injector: Interceptor : Init Interceptor for Activity com.upgadata.up7723.game.detail.DetailGameActivity@9fefc05
07-19 23:01:56.599 11999 12056 D ViewContentFactory: initViewContentFetcherClass
07-19 23:01:56.599 11999 12056 I ContentCatcher: ViewContentFetcher : ViewContentFetcher
07-19 23:01:56.599 11999 12056 D ViewContentFactory: createInterceptor took 0ms
07-19 23:01:56.599 11999 12056 D ContentCatcher_injector: Interceptor : notifyActivityCreate: com.upgadata.up7723@com.upgadata.up7723.game.detail.DetailGameActivity@167705605
07-19 23:01:56.600 11999 11999 D ScrollerOptimizationManager: registerConfigChangedListener
07-19 23:01:56.600 11999 12056 E ContentCatcherManager: failed to get ContentCatcherService.
07-19 23:01:56.600 11999 11999 D ScrollerOptimizationManager: registerConfigChangedListener
07-19 23:01:56.600 11999 12056 E ContentCatcherManager: failed to get ContentCatcherService.
07-19 23:01:56.600 11999 12056 D ContentCatcher_injector: Interceptor : NOT interest in this page: com.upgadata.up7723@com.upgadata.up7723.game.detail.DetailGameActivity@167705605
07-19 23:01:56.600 11999 12056 D ContentCatcher_catcher: CatcherHolder : mCatcherList size: 0
07-19 23:01:56.601 11999 11999 D ScrollerOptimizationManager: registerConfigChangedListener
07-19 23:01:56.601 11999 11999 D ScrollerOptimizationManager: registerConfigChangedListener
07-19 23:01:56.602 11999 11999 D ScrollerOptimizationManager: registerConfigChangedListener
07-19 23:01:56.617 11999 11999 D ScrollerOptimizationManager: registerConfigChangedListener
07-19 23:01:56.626 11999 12056 D ContentCatcher_injector: Interceptor : notifyActivityStart: com.upgadata.up7723@com.upgadata.up7723.game.detail.DetailGameActivity@167705605
07-19 23:01:56.626 11999 12056 D ContentCatcher_catcher: CatcherHolder : mCatcherList size: 0
07-19 23:01:56.626 11999 12056 D ContentCatcher_injector: Interceptor : notifyActivityResume: com.upgadata.up7723@com.upgadata.up7723.game.detail.DetailGameActivity@167705605
07-19 23:01:56.626 11999 12056 D ContentCatcher_catcher: CatcherHolder : mCatcherList size: 0
07-19 23:01:56.627 11999 11999 D EventBus: No subscribers registered for event class bzdevicesinfo.i90
07-19 23:01:56.627 11999 11999 D EventBus: No subscribers registered for event class org.greenrobot.eventbus.h
07-19 23:01:56.629 11999 12074 W SQLiteLog: (28) double-quoted string literal: "C2EDB5F739FFF341B23B9F072D0F8979"
07-19 23:01:56.629 11999 12074 W SQLiteLog: (28) double-quoted string literal: ""
07-19 23:01:56.629 11999 12074 W SQLiteLog: (28) double-quoted string literal: "C2EDB5F739FFF341B23B9F072D0F8979"
07-19 23:01:56.629 11999 12074 W SQLiteLog: (28) double-quoted string literal: "-1"
07-19 23:01:56.640 11999 12041 E OpenGLRenderer: Unable to match the desired swap behavior.
07-19 23:01:56.641 11999 11999 D VRI[DetailGameActivity]: vri.reportNextDraw android.view.ViewRootImpl.performTraversals:4279 android.view.ViewRootImpl.doTraversal:2919 android.view.ViewRootImpl$TraversalRunnable.run:10188 android.view.Choreographer$CallbackRecord.run:1623 android.view.Choreographer$CallbackRecord.run:1632
07-19 23:01:56.641 11999 11999 D VRI[DetailGameActivity]: vri.Setup new sync=wmsSync-VRI[DetailGameActivity]#22
07-19 23:01:56.643 11999 12041 D OpenGLRenderer: makeCurrent grContext:0x74fce8e560 reset mTextureAvailable
07-19 23:01:56.645 11999 11999 D VRI[DetailGameActivity]: vri.reportDrawFinished
07-19 23:01:56.664 11999 11999 I HandWritingStubImpl: refreshLastKeyboardType: 1
07-19 23:01:56.664 11999 11999 I HandWritingStubImpl: getCurrentKeyboardType: 1
07-19 23:01:56.685 11999 11999 D ScrollerOptimizationManager: registerConfigChangedListener
07-19 23:01:56.687 11999 12199 E upgadata.up7723: Invalid resource ID 0x00000000.
07-19 23:01:56.688 11999 12199 E upgadata.up7723: Invalid resource ID 0x00000000.
07-19 23:01:56.688 11999 12199 E upgadata.up7723: Invalid resource ID 0x00000000.
07-19 23:01:56.688 11999 12199 E upgadata.up7723: Invalid resource ID 0x00000000.
07-19 23:01:56.688 11999 12199 E upgadata.up7723: Invalid resource ID 0x00000000.
07-19 23:01:56.688 11999 12199 E upgadata.up7723: Invalid resource ID 0x00000000.
07-19 23:01:56.688 11999 12199 E upgadata.up7723: Invalid resource ID 0x00000000.
07-19 23:01:56.688 11999 12199 E upgadata.up7723: Invalid resource ID 0x00000000.
07-19 23:01:56.689 11999 12199 E upgadata.up7723: Invalid resource ID 0x00000000.
07-19 23:01:56.689 11999 12199 E upgadata.up7723: Invalid resource ID 0x00000000.
07-19 23:01:56.689 11999 12199 E upgadata.up7723: Invalid resource ID 0x00000000.
07-19 23:01:56.689 11999 12199 E upgadata.up7723: Invalid resource ID 0x00000000.
07-19 23:01:56.690 11999 12199 E upgadata.up7723: Invalid resource ID 0x00000000.
07-19 23:01:56.690 11999 12199 E upgadata.up7723: Invalid resource ID 0x00000000.
07-19 23:01:56.690 11999 12199 E upgadata.up7723: Invalid resource ID 0x00000000.
07-19 23:01:56.690 11999 12199 E upgadata.up7723: Invalid resource ID 0x00000000.
07-19 23:01:56.690 11999 12353 D TrafficStats: tagSocket(237) with statsTag=0xffffffff, statsUid=-1
07-19 23:01:56.691 11999 12344 D TrafficStats: tagSocket(366) with statsTag=0xffffffff, statsUid=-1
07-19 23:01:56.691 11999 12345 D TrafficStats: tagSocket(266) with statsTag=0xffffffff, statsUid=-1
07-19 23:01:56.692 11999 11999 D ScrollerOptimizationManager: registerConfigChangedListener
07-19 23:01:56.692 11999 11999 D ScrollerOptimizationManager: registerConfigChangedListener
07-19 23:01:56.693 11999 11999 D ScrollerOptimizationManager: registerConfigChangedListener
07-19 23:01:56.693 11999 12199 E upgadata.up7723: Invalid resource ID 0x00000000.
07-19 23:01:56.693 11999 12199 E upgadata.up7723: Invalid resource ID 0x00000000.
07-19 23:01:56.693 11999 12358 D TrafficStats: tagSocket(363) with statsTag=0xffffffff, statsUid=-1
07-19 23:01:56.694 11999 12199 E upgadata.up7723: Invalid resource ID 0x00000000.
07-19 23:01:56.694 11999 12199 E upgadata.up7723: Invalid resource ID 0x00000000.
07-19 23:01:56.694 11999 11999 D ScrollerOptimizationManager: registerConfigChangedListener
07-19 23:01:56.695 11999 11999 D ScrollerOptimizationManager: registerConfigChangedListener
07-19 23:01:56.740 11999 11999 W ziparchive: Unable to open '/data/user/0/com.upgadata.up7723/bzBox/data/app/com.skypsp.atmgdjh/base.apk': No such file or directory
07-19 23:01:56.740 11999 11999 E upgadata.up7723: Failed to open APK '/data/user/0/com.upgadata.up7723/bzBox/data/app/com.skypsp.atmgdjh/base.apk': I/O error
07-19 23:01:56.740 11999 11999 W PackageManager: Failure to parse package archive
07-19 23:01:56.740 11999 11999 W PackageManager: android.content.pm.PackageParser$PackageParserException: Failed to parse /data/user/0/com.upgadata.up7723/bzBox/data/app/com.skypsp.atmgdjh/base.apk
07-19 23:01:56.740 11999 11999 W PackageManager: at android.content.pm.PackageParser.parseApkLiteInner(PackageParser.java:1506)
07-19 23:01:56.740 11999 11999 W PackageManager: at android.content.pm.PackageParser.parseApkLite(PackageParser.java:1477)
07-19 23:01:56.740 11999 11999 W PackageManager: at android.content.pm.PackageParser.parseMonolithicPackageLite(PackageParser.java:980)
07-19 23:01:56.740 11999 11999 W PackageManager: at android.content.pm.PackageParser.parseMonolithicPackage(PackageParser.java:1189)
07-19 23:01:56.740 11999 11999 W PackageManager: at android.content.pm.PackageParser.parsePackage(PackageParser.java:1103)
07-19 23:01:56.740 11999 11999 W PackageManager: at android.content.pm.PackageManager.getPackageArchiveInfo(PackageManager.java:8376)
07-19 23:01:56.740 11999 11999 W PackageManager: at android.content.pm.PackageManager.getPackageArchiveInfo(PackageManager.java:8353)
07-19 23:01:56.740 11999 11999 W PackageManager: at com.upgadata.up7723.install.ApkInstallUtils.z(ApkInstallUtils.kt:13)
07-19 23:01:56.740 11999 11999 W PackageManager: at com.upgadata.up7723.install.ApkInstallUtils$isBlackBoxGameInstalled$3.invoke(ApkIns tallUtils.kt:3)
07-19 23:01:56.740 11999 11999 W PackageManager: at com.upgadata.up7723.install.ApkInstallUtils$isBlackBoxGameInstalled$3.invoke(ApkIns tallUtils.kt:1)
07-19 23:01:56.740 11999 11999 W PackageManager: at com.upgadata.up7723.install.o.c(CommonUtils.kt:14)
07-19 23:01:56.740 11999 11999 W PackageManager: at com.upgadata.up7723.install.ApkInstallUtils.v(ApkInstallUtils.kt:5)
07-19 23:01:56.740 11999 11999 W PackageManager: at com.upgadata.up7723.game.detail.activity.base.BaseGameInstallBtnActivity.k4(BaseGam eInstallBtnActivity.kt:47)
07-19 23:01:56.740 11999 11999 W PackageManager: at com.upgadata.up7723.game.detail.activity.base.BaseGameInstallBtnActivity.i4(BaseGam eInstallBtnActivity.kt:14)
07-19 23:01:56.740 11999 11999 W PackageManager: at com.upgadata.up7723.game.detail.activity.base.BaseGameInstallBtnActivity.F2(BaseGam eInstallBtnActivity.kt:4)
07-19 23:01:56.740 11999 11999 W PackageManager: at com.upgadata.up7723.game.detail.activity.base.BaseGameCommonActivity.w3(BaseGameCom monActivity.kt:22)
07-19 23:01:56.740 11999 11999 W PackageManager: at com.upgadata.up7723.game.detail.activity.base.BaseGameCommonActivity.N2(BaseGameCom monActivity.kt:12)
07-19 23:01:56.740 11999 11999 W PackageManager: at com.upgadata.up7723.game.detail.DetailGameActivity.J4(DetailGameActivity.kt:3)
07-19 23:01:56.740 11999 11999 W PackageManager: at com.upgadata.up7723.game.detail.DetailGameActivity$b.a(DetailGameActivity.kt:11)
07-19 23:01:56.740 11999 11999 W PackageManager: at com.upgadata.up7723.game.detail.DetailGameActivity$b.onSuccess(DetailGameActivity.k t:1)
07-19 23:01:56.740 11999 11999 W PackageManager: at com.upgadata.up7723.http.utils.k.onResponse(TCallback.java:4)
07-19 23:01:56.740 11999 11999 W PackageManager: at com.zhy.http.okhttp.OkHttpUtils$3.run(OkHttpUtils.java:1)
07-19 23:01:56.740 11999 11999 W PackageManager: at android.os.Handler.handleCallback(Handler.java:958)
07-19 23:01:56.740 11999 11999 W PackageManager: at android.os.Handler.dispatchMessage(Handler.java:99)
07-19 23:01:56.740 11999 11999 W PackageManager: at android.os.Looper.loopOnce(Looper.java:224)
07-19 23:01:56.740 11999 11999 W PackageManager: at android.os.Looper.loop(Looper.java:318)
07-19 23:01:56.740 11999 11999 W PackageManager: at android.app.ActivityThread.main(ActivityThread.java:8653)
07-19 23:01:56.740 11999 11999 W PackageManager: at java.lang.reflect.Method.invoke(Native Method)
07-19 23:01:56.740 11999 11999 W PackageManager: at com.android.internal.os.RuntimeInit$MethodAndArgsCaller.run(RuntimeInit.java:561)
07-19 23:01:56.740 11999 11999 W PackageManager: at com.android.internal.os.ZygoteInit.main(ZygoteInit.java:1013)
07-19 23:01:56.797 11999 12199 E upgadata.up7723: Invalid resource ID 0x00000000.
07-19 23:01:56.797 11999 12199 E upgadata.up7723: Invalid resource ID 0x00000000.
07-19 23:01:56.797 11999 12199 E upgadata.up7723: Invalid resource ID 0x00000000.
07-19 23:01:56.797 11999 12199 E upgadata.up7723: Invalid resource ID 0x00000000.
07-19 23:01:57.318 11999 12358 D TrafficStats: tagSocket(162) with statsTag=0xffffffff, statsUid=-1
07-19 23:01:57.323 11999 12345 D TrafficStats: tagSocket(246) with statsTag=0xffffffff, statsUid=-1
07-19 23:01:57.328 11999 12344 D TrafficStats: tagSocket(343) with statsTag=0xffffffff, statsUid=-1
07-19 23:01:57.334 11999 12353 D TrafficStats: tagSocket(390) with statsTag=0xffffffff, statsUid=-1
07-19 23:01:57.363 11999 12344 D TrafficStats: tagSocket(393) with statsTag=0xffffffff, statsUid=-1
07-19 23:01:57.550 11999 12199 E upgadata.up7723: Invalid resource ID 0x00000000.
07-19 23:01:57.550 11999 12199 E upgadata.up7723: Invalid resource ID 0x00000000.
07-19 23:01:57.550 11999 12199 E upgadata.up7723: Invalid resource ID 0x00000000.
07-19 23:01:57.550 11999 12199 E upgadata.up7723: Invalid resource ID 0x00000000.
07-19 23:01:57.593 11999 11999 D ScrollerOptimizationManager: registerConfigChangedListener
07-19 23:01:58.982 11999 12344 D TrafficStats: tagSocket(185) with statsTag=0xffffffff, statsUid=-1
07-19 23:01:59.005 11999 12345 D TrafficStats: tagSocket(224) with statsTag=0xffffffff, statsUid=-1
07-19 23:01:59.006 11999 12358 D TrafficStats: tagSocket(387) with statsTag=0xffffffff, statsUid=-1
07-19 23:01:59.012 11999 12353 D TrafficStats: tagSocket(241) with statsTag=0xffffffff, statsUid=-1
07-19 23:02:00.050 11999 12056 D ContentCatcher_injector: Interceptor : notifyActivityPause: com.upgadata.up7723@com.upgadata.up7723.game.detail.DetailGameActivity@167705605
07-19 23:02:00.050 11999 12056 D ContentCatcher_catcher: CatcherHolder : mCatcherList size: 0
07-19 23:02:00.065 11999 12056 D ContentCatcher_injector: Interceptor : notifyActivityResume: com.upgadata.up7723@com.upgadata.up7723.main.activity.HomeActivity@67335419
07-19 23:02:00.066 11999 12056 D ContentCatcher_catcher: CatcherHolder : mCatcherList size: 0
07-19 23:02:00.070 11999 12074 W SQLiteLog: (28) double-quoted string literal: "
07-19 23:02:00.070 11999 12074 W SQLiteLog: (28) double-quoted string literal: "C2EDB5F739FFF341B23B9F072D0F8979"
07-19 23:02:00.080 11999 12074 W SQLiteLog: (28) double-quoted string literal: "C2EDB5F739FFF341B23B9F072D0F8979"
07-19 23:02:00.080 11999 12074 W SQLiteLog: (28) double-quoted string literal: ""
07-19 23:02:00.080 11999 12074 W SQLiteLog: (28) double-quoted string literal: "C2EDB5F739FFF341B23B9F072D0F8979"
07-19 23:02:00.080 11999 12074 W SQLiteLog: (28) double-quoted string literal: "-1"
07-19 23:02:00.164 11999 11999 W ziparchive: Unable to open '/data/user/0/com.upgadata.up7723/bzBox/data/app/com.ZZLB.PVZ_BT/base.apk': No such file or directory
07-19 23:02:00.164 11999 11999 E upgadata.up7723: Failed to open APK '/data/user/0/com.upgadata.up7723/bzBox/data/app/com.ZZLB.PVZ_BT/base.apk': I/O error
07-19 23:02:00.164 11999 11999 W PackageManager: Failure to parse package archive
07-19 23:02:00.164 11999 11999 W PackageManager: android.content.pm.PackageParser$PackageParserException: Failed to parse /data/user/0/com.upgadata.up7723/bzBox/data/app/com.ZZLB.PVZ_BT/base.apk
07-19 23:02:00.164 11999 11999 W PackageManager: at android.content.pm.PackageParser.parseApkLiteInner(PackageParser.java:1506)
07-19 23:02:00.164 11999 11999 W PackageManager: at android.content.pm.PackageParser.parseApkLite(PackageParser.java:1477)
07-19 23:02:00.164 11999 11999 W PackageManager: at android.content.pm.PackageParser.parseMonolithicPackageLite(PackageParser.java:980)
07-19 23:02:00.164 11999 11999 W PackageManager: at android.content.pm.PackageParser.parseMonolithicPackage(PackageParser.java:1189)
07-19 23:02:00.164 11999 11999 W PackageManager: at android.content.pm.PackageParser.parsePackage(PackageParser.java:1103)
07-19 23:02:00.164 11999 11999 W PackageManager: at android.content.pm.PackageManager.getPackageArchiveInfo(PackageManager.java:8376)
07-19 23:02:00.164 11999 11999 W PackageManager: at android.content.pm.PackageManager.getPackageArchiveInfo(PackageManager.java:8353)
07-19 23:02:00.164 11999 11999 W PackageManager: at com.upgadata.up7723.install.ApkInstallUtils.z(ApkInstallUtils.kt:13)
07-19 23:02:00.164 11999 11999 W PackageManager: at com.upgadata.up7723.install.ApkInstallUtils$isBlackBoxGameInstalled$3.invoke(ApkIns tallUtils.kt:3)
07-19 23:02:00.164 11999 11999 W PackageManager: at com.upgadata.up7723.install.ApkInstallUtils$isBlackBoxGameInstalled$3.invoke(ApkIns tallUtils.kt:1)
07-19 23:02:00.164 11999 11999 W PackageManager: at com.upgadata.up7723.install.o.c(CommonUtils.kt:14)
07-19 23:02:00.164 11999 11999 W PackageManager: at com.upgadata.up7723.install.ApkInstallUtils.v(ApkInstallUtils.kt:5)
07-19 23:02:00.164 11999 11999 W PackageManager: at com.upgadata.up7723.widget.view.DownLoadView.setDownloadState(DownLoadView.java:104 )
07-19 23:02:00.164 11999 11999 W PackageManager: at com.upgadata.up7723.widget.view.DownLoadView.R(DownLoadView.java:10)
07-19 23:02:00.164 11999 11999 W PackageManager: at com.upgadata.up7723.widget.view.DownLoadView.p0(DownLoadView.java:18)
07-19 23:02:00.164 11999 11999 W PackageManager: at com.upgadata.up7723.widget.view.DownLoadView.setData(DownLoadView.java:129)
07-19 23:02:00.164 11999 11999 W PackageManager: at com.upgadata.up7723.widget.x0.f(GameItemRankView.java:54)
07-19 23:02:00.164 11999 11999 W PackageManager: at com.upgadata.up7723.widget.x0.b(GameItemRankView.java:3)
07-19 23:02:00.164 11999 11999 W PackageManager: at com.upgadata.up7723.base.c.getView(BaseHolderAdapter.java:6)
07-19 23:02:00.164 11999 11999 W PackageManager: at android.widget.HeaderViewListAdapter.getView(HeaderViewListAdapter.java:224)
07-19 23:02:00.164 11999 11999 W PackageManager: at android.widget.AbsListView.obtainView(AbsListView.java:2516)
07-19 23:02:00.164 11999 11999 W PackageManager: at android.widget.ListView.makeAndAddView(ListView.java:2065)
07-19 23:02:00.164 11999 11999 W PackageManager: at android.widget.ListView.fillSpecific(ListView.java:1490)
07-19 23:02:00.164 11999 11999 W PackageManager: at android.widget.ListView.layoutChildren(ListView.java:1800)
07-19 23:02:00.164 11999 11999 W PackageManager: at android.widget.AbsListView.onLayout(AbsListView.java:2299)
07-19 23:02:00.164 11999 11999 W PackageManager: at android.view.View.layout(View.java:25227)
07-19 23:02:00.164 11999 11999 W PackageManager: at android.view.ViewGroup.layout(ViewGroup.java:6515)
07-19 23:02:00.164 11999 11999 W PackageManager: at android.widget.RelativeLayout.onLayout(RelativeLayout.java:1103)
07-19 23:02:00.164 11999 11999 W PackageManager: at android.view.View.layout(View.java:25227)
07-19 23:02:00.164 11999 11999 W PackageManager: at android.view.ViewGroup.layout(ViewGroup.java:6515)
07-19 23:02:00.164 11999 11999 W PackageManager: at androidx.viewpager.widget.ViewPager.onLayout(ViewPager.java:35)
07-19 23:02:00.164 11999 11999 W PackageManager: at android.view.View.layout(View.java:25227)
07-19 23:02:00.164 11999 11999 W PackageManager: at android.view.ViewGroup.layout(ViewGroup.java:6515)
07-19 23:02:00.164 11999 11999 W PackageManager: at android.widget.RelativeLayout.onLayout(RelativeLayout.java:1103)
07-19 23:02:00.164 11999 11999 W PackageManager: at android.view.View.layout(View.java:25227)
07-19 23:02:00.164 11999 11999 W PackageManager: at android.view.ViewGroup.layout(ViewGroup.java:6515)
07-19 23:02:00.164 11999 11999 W PackageManager: at android.widget.FrameLayout.layoutChildren(FrameLayout.java:332)
07-19 23:02:00.164 11999 11999 W PackageManager: at android.widget.FrameLayout.onLayout(FrameLayout.java:270)
07-19 23:02:00.164 11999 11999 W PackageManager: at android.view.View.layout(View.java:25227)
07-19 23:02:00.164 11999 11999 W PackageManager: at android.view.ViewGroup.layout(ViewGroup.java:6515)
07-19 23:02:00.164 11999 11999 W PackageManager: at android.widget.RelativeLayout.onLayout(RelativeLayout.java:1103)
07-19 23:02:00.164 11999 11999 W PackageManager: at android.view.View.layout(View.java:25227)
07-19 23:02:00.164 11999 11999 W PackageManager: at android.view.ViewGroup.layout(ViewGroup.java:6515)
07-19 23:02:00.164 11999 11999 W PackageManager: at android.widget.FrameLayout.layoutChildren(FrameLayout.java:332)
07-19 23:02:00.164 11999 11999 W PackageManager: at android.widget.FrameLayout.onLayout(FrameLayout.java:270)
07-19 23:02:00.164 11999 11999 W PackageManager: at android.view.View.layout(View.java:25227)
07-19 23:02:00.164 11999 11999 W PackageManager: at android.view.ViewGroup.layout(ViewGroup.java:6515)
07-19 23:02:00.164 11999 11999 W PackageManager: at android.widget.LinearLayout.setChildFrame(LinearLayout.java:1891)
07-19 23:02:00.164 11999 11999 W PackageManager: at android.widget.LinearLayout.layoutVertical(LinearLayout.java:1729)
07-19 23:02:00.164 11999 11999 W PackageManager: at android.widget.LinearLayout.onLayout(LinearLayout.java:1638)
07-19 23:02:00.164 11999 11999 W PackageManager: at android.view.View.layout(View.java:25227)
07-19 23:02:00.164 11999 11999 W PackageManager: at android.view.ViewGroup.layout(ViewGroup.java:6515)
07-19 23:02:00.164 11999 11999 W PackageManager: at android.widget.FrameLayout.layoutChildren(FrameLayout.java:332)
07-19 23:02:00.164 11999 11999 W PackageManager: at android.widget.FrameLayout.onLayout(FrameLayout.java:270)
07-19 23:02:00.164 11999 11999 W PackageManager: at android.view.View.layout(View.java:25227)
07-19 23:02:00.164 11999 11999 W PackageManager: at android.view.ViewGroup.layout(ViewGroup.java:6515)
07-19 23:02:00.164 11999 11999 W PackageManager: at android.widget.LinearLayout.setChildFrame(LinearLayout.java:1891)
07-19 23:02:00.164 11999 11999 W PackageManager: at android.widget.LinearLayout.layoutVertical(LinearLayout.java:1729)
07-19 23:02:00.164 11999 11999 W PackageManager: at android.widget.LinearLayout.onLayout(LinearLayout.java:1638)
07-19 23:02:00.164 11999 11999 W PackageManager: at android.view.View.layout(View.java:25227)
07-19 23:02:00.164 11999 11999 W PackageManager: at android.view.ViewGroup.layout(ViewGroup.java:6515)
07-19 23:02:00.164 11999 11999 W PackageManager: at me.imid.swipebacklayout.lib.SwipeBackLayout.onLayout(SwipeBackLayout.java:6)
07-19 23:02:00.164 11999 11999 W PackageManager: at android.view.View.layout(View.java:25227)
07-19 23:02:00.164 11999 11999 W PackageManager: at android.view.ViewGroup.layout(ViewGroup.java:6515)
07-19 23:02:00.164 11999 11999 W PackageManager: at android.widget.FrameLayout.layoutChildren(FrameLayout.java:332)
07-19 23:02:00.164 11999 11999 W PackageManager: at android.widget.FrameLayout.onLayout(FrameLayout.java:270)
07-19 23:02:00.164 11999 11999 W PackageManager: at com.android.internal.policy.DecorView.onLayout(DecorView.java:852)
07-19 23:02:00.164 11999 11999 W PackageManager: at android.view.View.layout(View.java:25227)
07-19 23:02:00.164 11999 11999 W PackageManager: at android.view.ViewGroup.layout(ViewGroup.java:6515)
07-19 23:02:00.164 11999 11999 W PackageManager: at android.view.ViewRootImpl.performLayout(ViewRootImpl.java:4780)
07-19 23:02:00.164 11999 11999 W PackageManager: at android.view.ViewRootImpl.performTraversals(ViewRootImpl.java:4089)
07-19 23:02:00.164 11999 11999 W PackageManager: at android.view.ViewRootImpl.doTraversal(ViewRootImpl.java:2919)
07-19 23:02:00.164 11999 11999 W PackageManager: at android.view.ViewRootImpl$TraversalRunnable.run(ViewRootImpl.java:10188)
07-19 23:02:00.164 11999 11999 W PackageManager: at android.view.Choreographer$CallbackRecord.run(Choreographer.java:1623)
07-19 23:02:00.164 11999 11999 W PackageManager: at android.view.Choreographer$CallbackRecord.run(Choreographer.java:1632)
07-19 23:02:00.164 11999 11999 W PackageManager: at android.view.Choreographer.doCallbacks(Choreographer.java:1172)
07-19 23:02:00.164 11999 11999 W PackageManager: at android.view.Choreographer.doFrame(Choreographer.java:1076)
07-19 23:02:00.164 11999 11999 W PackageManager: at android.view.Choreographer$FrameDisplayEventReceiver.run(Choreographer.java:1602)
07-19 23:02:00.164 11999 11999 W PackageManager: at android.os.Handler.handleCallback(Handler.java:958)
07-19 23:02:00.164 11999 11999 W PackageManager: at android.os.Handler.dispatchMessage(Handler.java:99)
07-19 23:02:00.164 11999 11999 W PackageManager: at android.os.Looper.loopOnce(Looper.java:224)
07-19 23:02:00.164 11999 11999 W PackageManager: at android.os.Looper.loop(Looper.java:318)
07-19 23:02:00.164 11999 11999 W PackageManager: at android.app.ActivityThread.main(ActivityThread.java:8653)
07-19 23:02:00.164 11999 11999 W PackageManager: at java.lang.reflect.Method.invoke(Native Method)
07-19 23:02:00.164 11999 11999 W PackageManager: at com.android.internal.os.RuntimeInit$MethodAndArgsCaller.run(RuntimeInit.java:561)
07-19 23:02:00.164 11999 11999 W PackageManager: at com.android.internal.os.ZygoteInit.main(ZygoteInit.java:1013)
07-19 23:02:00.182 11999 11999 W ziparchive: Unable to open '/data/user/0/com.upgadata.up7723/bzBox/data/app/com.studiowildcard.wardrumstudios. ark/base.apk': No such file or directory
07-19 23:02:00.182 11999 11999 E upgadata.up7723: Failed to open APK '/data/user/0/com.upgadata.up7723/bzBox/data/app/com.studiowildcard.wardrumstudios. ark/base.apk': I/O error
07-19 23:02:00.182 11999 11999 W PackageManager: Failure to parse package archive
07-19 23:02:00.182 11999 11999 W PackageManager: android.content.pm.PackageParser$PackageParserException: Failed to parse /data/user/0/com.upgadata.up7723/bzBox/data/app/com.studiowildcard.wardrumstudios.a rk/base.apk
07-19 23:02:00.182 11999 11999 W PackageManager: at android.content.pm.PackageParser.parseApkLiteInner(PackageParser.java:1506)
07-19 23:02:00.182 11999 11999 W PackageManager: at android.content.pm.PackageParser.parseApkLite(PackageParser.java:1477)
07-19 23:02:00.182 11999 11999 W PackageManager: at android.content.pm.PackageParser.parseMonolithicPackageLite(PackageParser.java:980)
07-19 23:02:00.182 11999 11999 W PackageManager: at android.content.pm.PackageParser.parseMonolithicPackage(PackageParser.java:1189)
07-19 23:02:00.182 11999 11999 W PackageManager: at android.content.pm.PackageParser.parsePackage(PackageParser.java:1103)
07-19 23:02:00.182 11999 11999 W PackageManager: at android.content.pm.PackageManager.getPackageArchiveInfo(PackageManager.java:8376)
07-19 23:02:00.182 11999 11999 W PackageManager: at android.content.pm.PackageManager.getPackageArchiveInfo(PackageManager.java:8353)
07-19 23:02:00.182 11999 11999 W PackageManager: at com.upgadata.up7723.install.ApkInstallUtils.z(ApkInstallUtils.kt:13)
07-19 23:02:00.182 11999 11999 W PackageManager: at com.upgadata.up7723.install.ApkInstallUtils$isBlackBoxGameInstalled$3.invoke(ApkIns tallUtils.kt:3)
07-19 23:02:00.182 11999 11999 W PackageManager: at com.upgadata.up7723.install.ApkInstallUtils$isBlackBoxGameInstalled$3.invoke(ApkIns tallUtils.kt:1)
07-19 23:02:00.182 11999 11999 W PackageManager: at com.upgadata.up7723.install.o.c(CommonUtils.kt:14)
07-19 23:02:00.182 11999 11999 W PackageManager: at com.upgadata.up7723.install.ApkInstallUtils.v(ApkInstallUtils.kt:5)
07-19 23:02:00.182 11999 11999 W PackageManager: at com.upgadata.up7723.widget.view.DownLoadView.setDownloadState(DownLoadView.java:104 )
07-19 23:02:00.182 11999 11999 W PackageManager: at com.upgadata.up7723.widget.view.DownLoadView.R(DownLoadView.java:10)
07-19 23:02:00.182 11999 11999 W PackageManager: at com.upgadata.up7723.widget.view.DownLoadView.p0(DownLoadView.java:18)
07-19 23:02:00.182 11999 11999 W PackageManager: at com.upgadata.up7723.widget.view.DownLoadView.setData(DownLoadView.java:129)
07-19 23:02:00.182 11999 11999 W PackageManager: at com.upgadata.up7723.widget.x0.f(GameItemRankView.java:54)
07-19 23:02:00.182 11999 11999 W PackageManager: at com.upgadata.up7723.widget.x0.b(GameItemRankView.java:3)
07-19 23:02:00.182 11999 11999 W PackageManager: at com.upgadata.up7723.base.c.getView(BaseHolderAdapter.java:6)
07-19 23:02:00.182 11999 11999 W PackageManager: at android.widget.HeaderViewListAdapter.getView(HeaderViewListAdapter.java:224)
07-19 23:02:00.182 11999 11999 W PackageManager: at android.widget.AbsListView.obtainView(AbsListView.java:2516)
07-19 23:02:00.182 11999 11999 W PackageManager: at android.widget.ListView.makeAndAddView(ListView.java:2065)
07-19 23:02:00.182 11999 11999 W PackageManager: at android.widget.ListView.fillDown(ListView.java:791)
07-19 23:02:00.182 11999 11999 W PackageManager: at android.widget.ListView.fillSpecific(ListView.java:1502)
07-19 23:02:00.182 11999 11999 W PackageManager: at android.widget.ListView.layoutChildren(ListView.java:1800)
07-19 23:02:00.182 11999 11999 W PackageManager: at android.widget.AbsListView.onLayout(AbsListView.java:2299)
07-19 23:02:00.182 11999 11999 W PackageManager: at android.view.View.layout(View.java:25227)
07-19 23:02:00.182 11999 11999 W PackageManager: at android.view.ViewGroup.layout(ViewGroup.java:6515)
07-19 23:02:00.182 11999 11999 W PackageManager: at android.widget.RelativeLayout.onLayout(RelativeLayout.java:1103)
07-19 23:02:00.182 11999 11999 W PackageManager: at android.view.View.layout(View.java:25227)
07-19 23:02:00.182 11999 11999 W PackageManager: at android.view.ViewGroup.layout(ViewGroup.java:6515)
07-19 23:02:00.182 11999 11999 W PackageManager: at androidx.viewpager.widget.ViewPager.onLayout(ViewPager.java:35)
07-19 23:02:00.182 11999 11999 W PackageManager: at android.view.View.layout(View.java:25227)
07-19 23:02:00.182 11999 11999 W PackageManager: at android.view.ViewGroup.layout(ViewGroup.java:6515)
07-19 23:02:00.182 11999 11999 W PackageManager: at android.widget.RelativeLayout.onLayout(RelativeLayout.java:1103)
07-19 23:02:00.182 11999 11999 W PackageManager: at android.view.View.layout(View.java:25227)
07-19 23:02:00.182 11999 11999 W PackageManager: at android.view.ViewGroup.layout(ViewGroup.java:6515)
07-19 23:02:00.182 11999 11999 W PackageManager: at android.widget.FrameLayout.layoutChildren(FrameLayout.java:332)
07-19 23:02:00.182 11999 11999 W PackageManager: at android.widget.FrameLayout.onLayout(FrameLayout.java:270)
07-19 23:02:00.182 11999 11999 W PackageManager: at android.view.View.layout(View.java:25227)
07-19 23:02:00.182 11999 11999 W PackageManager: at android.view.ViewGroup.layout(ViewGroup.java:6515)
07-19 23:02:00.182 11999 11999 W PackageManager: at android.widget.RelativeLayout.onLayout(RelativeLayout.java:1103)
07-19 23:02:00.182 11999 11999 W PackageManager: at android.view.View.layout(View.java:25227)
07-19 23:02:00.182 11999 11999 W PackageManager: at android.view.ViewGroup.layout(ViewGroup.java:6515)
07-19 23:02:00.182 11999 11999 W PackageManager: at android.widget.FrameLayout.layoutChildren(FrameLayout.java:332)
07-19 23:02:00.182 11999 11999 W PackageManager: at android.widget.FrameLayout.onLayout(FrameLayout.java:270)
07-19 23:02:00.182 11999 11999 W PackageManager: at android.view.View.layout(View.java:25227)
07-19 23:02:00.182 11999 11999 W PackageManager: at android.view.ViewGroup.layout(ViewGroup.java:6515)
07-19 23:02:00.182 11999 11999 W PackageManager: at android.widget.LinearLayout.setChildFrame(LinearLayout.java:1891)
07-19 23:02:00.182 11999 11999 W PackageManager: at android.widget.LinearLayout.layoutVertical(LinearLayout.java:1729)
07-19 23:02:00.182 11999 11999 W PackageManager: at android.widget.LinearLayout.onLayout(LinearLayout.java:1638)
07-19 23:02:00.182 11999 11999 W PackageManager: at android.view.View.layout(View.java:25227)
07-19 23:02:00.182 11999 11999 W PackageManager: at android.view.ViewGroup.layout(ViewGroup.java:6515)
07-19 23:02:00.182 11999 11999 W PackageManager: at android.widget.FrameLayout.layoutChildren(FrameLayout.java:332)
07-19 23:02:00.182 11999 11999 W PackageManager: at android.widget.FrameLayout.onLayout(FrameLayout.java:270)
07-19 23:02:00.182 11999 11999 W PackageManager: at android.view.View.layout(View.java:25227)
07-19 23:02:00.182 11999 11999 W PackageManager: at android.view.ViewGroup.layout(ViewGroup.java:6515)
07-19 23:02:00.182 11999 11999 W PackageManager: at android.widget.LinearLayout.setChildFrame(LinearLayout.java:1891)
07-19 23:02:00.182 11999 11999 W PackageManager: at android.widget.LinearLayout.layoutVertical(LinearLayout.java:1729)
07-19 23:02:00.182 11999 11999 W PackageManager: at android.widget.LinearLayout.onLayout(LinearLayout.java:1638)
07-19 23:02:00.182 11999 11999 W PackageManager: at android.view.View.layout(View.java:25227)
07-19 23:02:00.182 11999 11999 W PackageManager: at android.view.ViewGroup.layout(ViewGroup.java:6515)
07-19 23:02:00.182 11999 11999 W PackageManager: at me.imid.swipebacklayout.lib.SwipeBackLayout.onLayout(SwipeBackLayout.java:6)
07-19 23:02:00.182 11999 11999 W PackageManager: at android.view.View.layout(View.java:25227)
07-19 23:02:00.182 11999 11999 W PackageManager: at android.view.ViewGroup.layout(ViewGroup.java:6515)
07-19 23:02:00.182 11999 11999 W PackageManager: at android.widget.FrameLayout.layoutChildren(FrameLayout.java:332)
07-19 23:02:00.182 11999 11999 W PackageManager: at android.widget.FrameLayout.onLayout(FrameLayout.java:270)
07-19 23:02:00.182 11999 11999 W PackageManager: at com.android.internal.policy.DecorView.onLayout(DecorView.java:852)
07-19 23:02:00.182 11999 11999 W PackageManager: at android.view.View.layout(View.java:25227)
07-19 23:02:00.182 11999 11999 W PackageManager: at android.view.ViewGroup.layout(ViewGroup.java:6515)
07-19 23:02:00.182 11999 11999 W PackageManager: at android.view.ViewRootImpl.performLayout(ViewRootImpl.java:4780)
07-19 23:02:00.182 11999 11999 W PackageManager: at android.view.ViewRootImpl.performTraversals(ViewRootImpl.java:4089)
07-19 23:02:00.182 11999 11999 W PackageManager: at android.view.ViewRootImpl.doTraversal(ViewRootImpl.java:2919)
07-19 23:02:00.182 11999 11999 W PackageManager: at android.view.ViewRootImpl$TraversalRunnable.run(ViewRootImpl.java:10188)
07-19 23:02:00.182 11999 11999 W PackageManager: at android.view.Choreographer$CallbackRecord.run(Choreographer.java:1623)
07-19 23:02:00.182 11999 11999 W PackageManager: at android.view.Choreographer$CallbackRecord.run(Choreographer.java:1632)
07-19 23:02:00.182 11999 11999 W PackageManager: at android.view.Choreographer.doCallbacks(Choreographer.java:1172)
07-19 23:02:00.182 11999 11999 W PackageManager: at android.view.Choreographer.doFrame(Choreographer.java:1076)
07-19 23:02:00.182 11999 11999 W PackageManager: at android.view.Choreographer$FrameDisplayEventReceiver.run(Choreographer.java:1602)
07-19 23:02:00.182 11999 11999 W PackageManager: at android.os.Handler.handleCallback(Handler.java:958)
07-19 23:02:00.182 11999 11999 W PackageManager: at android.os.Handler.dispatchMessage(Handler.java:99)
07-19 23:02:00.182 11999 11999 W PackageManager: at android.os.Looper.loopOnce(Looper.java:224)
07-19 23:02:00.182 11999 11999 W PackageManager: at android.os.Looper.loop(Looper.java:318)
07-19 23:02:00.182 11999 11999 W PackageManager: at android.app.ActivityThread.main(ActivityThread.java:8653)
07-19 23:02:00.182 11999 11999 W PackageManager: at java.lang.reflect.Method.invoke(Native Method)
07-19 23:02:00.182 11999 11999 W PackageManager: at com.android.internal.os.RuntimeInit$MethodAndArgsCaller.run(RuntimeInit.java:561)
07-19 23:02:00.182 11999 11999 W PackageManager: at com.android.internal.os.ZygoteInit.main(ZygoteInit.java:1013)
07-19 23:02:00.185 11999 11999 W ziparchive: Unable to open '/data/user/0/com.upgadata.up7723/bzBox/data/app/com.skypsp.atmgdjh/base.apk': No such file or directory
07-19 23:02:00.185 11999 11999 E upgadata.up7723: Failed to open APK '/data/user/0/com.upgadata.up7723/bzBox/data/app/com.skypsp.atmgdjh/base.apk': I/O error
07-19 23:02:00.186 11999 11999 W PackageManager: Failure to parse package archive
07-19 23:02:00.186 11999 11999 W PackageManager: android.content.pm.PackageParser$PackageParserException: Failed to parse /data/user/0/com.upgadata.up7723/bzBox/data/app/com.skypsp.atmgdjh/base.apk
07-19 23:02:00.186 11999 11999 W PackageManager: at android.content.pm.PackageParser.parseApkLiteInner(PackageParser.java:1506)
07-19 23:02:00.186 11999 11999 W PackageManager: at android.content.pm.PackageParser.parseApkLite(PackageParser.java:1477)
07-19 23:02:00.186 11999 11999 W PackageManager: at android.content.pm.PackageParser.parseMonolithicPackageLite(PackageParser.java:980)
07-19 23:02:00.186 11999 11999 W PackageManager: at android.content.pm.PackageParser.parseMonolithicPackage(PackageParser.java:1189)
07-19 23:02:00.186 11999 11999 W PackageManager: at android.content.pm.PackageParser.parsePackage(PackageParser.java:1103)
07-19 23:02:00.186 11999 11999 W PackageManager: at android.content.pm.PackageManager.getPackageArchiveInfo(PackageManager.java:8376)
07-19 23:02:00.186 11999 11999 W PackageManager: at android.content.pm.PackageManager.getPackageArchiveInfo(PackageManager.java:8353)
07-19 23:02:00.186 11999 11999 W PackageManager: at com.upgadata.up7723.install.ApkInstallUtils.z(ApkInstallUtils.kt:13)
07-19 23:02:00.186 11999 11999 W PackageManager: at com.upgadata.up7723.install.ApkInstallUtils$isBlackBoxGameInstalled$3.invoke(ApkIns tallUtils.kt:3)
07-19 23:02:00.186 11999 11999 W PackageManager: at com.upgadata.up7723.install.ApkInstallUtils$isBlackBoxGameInstalled$3.invoke(ApkIns tallUtils.kt:1)
07-19 23:02:00.186 11999 11999 W PackageManager: at com.upgadata.up7723.install.o.c(CommonUtils.kt:14)
07-19 23:02:00.186 11999 11999 W PackageManager: at com.upgadata.up7723.install.ApkInstallUtils.v(ApkInstallUtils.kt:5)
07-19 23:02:00.186 11999 11999 W PackageManager: at com.upgadata.up7723.widget.view.DownLoadView.setDownloadState(DownLoadView.java:104 )
07-19 23:02:00.186 11999 11999 W PackageManager: at com.upgadata.up7723.widget.view.DownLoadView.R(DownLoadView.java:10)
07-19 23:02:00.186 11999 11999 W PackageManager: at com.upgadata.up7723.widget.view.DownLoadView.p0(DownLoadView.java:18)
07-19 23:02:00.186 11999 11999 W PackageManager: at com.upgadata.up7723.widget.view.DownLoadView.setData(DownLoadView.java:129)
07-19 23:02:00.186 11999 11999 W PackageManager: at com.upgadata.up7723.widget.x0.f(GameItemRankView.java:54)
07-19 23:02:00.186 11999 11999 W PackageManager: at com.upgadata.up7723.widget.x0.b(GameItemRankView.java:3)
07-19 23:02:00.186 11999 11999 W PackageManager: at com.upgadata.up7723.base.c.getView(BaseHolderAdapter.java:6)
07-19 23:02:00.186 11999 11999 W PackageManager: at android.widget.HeaderViewListAdapter.getView(HeaderViewListAdapter.java:224)
07-19 23:02:00.186 11999 11999 W PackageManager: at android.widget.AbsListView.obtainView(AbsListView.java:2516)
07-19 23:02:00.186 11999 11999 W PackageManager: at android.widget.ListView.makeAndAddView(ListView.java:2065)
07-19 23:02:00.186 11999 11999 W PackageManager: at android.widget.ListView.fillDown(ListView.java:791)
07-19 23:02:00.186 11999 11999 W PackageManager: at android.widget.ListView.fillSpecific(ListView.java:1502)
07-19 23:02:00.186 11999 11999 W PackageManager: at android.widget.ListView.layoutChildren(ListView.java:1800)
07-19 23:02:00.186 11999 11999 W PackageManager: at android.widget.AbsListView.onLayout(AbsListView.java:2299)
07-19 23:02:00.186 11999 11999 W PackageManager: at android.view.View.layout(View.java:25227)
07-19 23:02:00.186 11999 11999 W PackageManager: at android.view.ViewGroup.layout(ViewGroup.java:6515)
07-19 23:02:00.186 11999 11999 W PackageManager: at android.widget.RelativeLayout.onLayout(RelativeLayout.java:1103)
