07-19 23:00:50.132 11999 11999 W PackageManager: at android.widget.AbsListView.onLayout(AbsListView.java:2299)
07-19 23:00:50.132 11999 11999 W PackageManager: at android.view.View.layout(View.java:25227)
07-19 23:00:50.132 11999 11999 W PackageManager: at android.view.ViewGroup.layout(ViewGroup.java:6515)
07-19 23:00:50.132 11999 11999 W PackageManager: at android.widget.RelativeLayout.onLayout(RelativeLayout.java:1103)
07-19 23:00:50.132 11999 11999 W PackageManager: at android.view.View.layout(View.java:25227)
07-19 23:00:50.132 11999 11999 W PackageManager: at android.view.ViewGroup.layout(ViewGroup.java:6515)
07-19 23:00:50.132 11999 11999 W PackageManager: at androidx.viewpager.widget.ViewPager.onLayout(ViewPager.java:35)
07-19 23:00:50.132 11999 11999 W PackageManager: at android.view.View.layout(View.java:25227)
07-19 23:00:50.132 11999 11999 W PackageManager: at android.view.ViewGroup.layout(ViewGroup.java:6515)
07-19 23:00:50.132 11999 11999 W PackageManager: at android.widget.RelativeLayout.onLayout(RelativeLayout.java:1103)
07-19 23:00:50.132 11999 11999 W PackageManager: at android.view.View.layout(View.java:25227)
07-19 23:00:50.132 11999 11999 W PackageManager: at android.view.ViewGroup.layout(ViewGroup.java:6515)
07-19 23:00:50.132 11999 11999 W PackageManager: at android.widget.FrameLayout.layoutChildren(FrameLayout.java:332)
07-19 23:00:50.132 11999 11999 W PackageManager: at android.widget.FrameLayout.onLayout(FrameLayout.java:270)
07-19 23:00:50.132 11999 11999 W PackageManager: at android.view.View.layout(View.java:25227)
07-19 23:00:50.132 11999 11999 W PackageManager: at android.view.ViewGroup.layout(ViewGroup.java:6515)
07-19 23:00:50.132 11999 11999 W PackageManager: at android.widget.RelativeLayout.onLayout(RelativeLayout.java:1103)
07-19 23:00:50.132 11999 11999 W PackageManager: at android.view.View.layout(View.java:25227)
07-19 23:00:50.132 11999 11999 W PackageManager: at android.view.ViewGroup.layout(ViewGroup.java:6515)
07-19 23:00:50.132 11999 11999 W PackageManager: at android.widget.FrameLayout.layoutChildren(FrameLayout.java:332)
07-19 23:00:50.132 11999 11999 W PackageManager: at android.widget.FrameLayout.onLayout(FrameLayout.java:270)
07-19 23:00:50.132 11999 11999 W PackageManager: at android.view.View.layout(View.java:25227)
07-19 23:00:50.132 11999 11999 W PackageManager: at android.view.ViewGroup.layout(ViewGroup.java:6515)
07-19 23:00:50.132 11999 11999 W PackageManager: at android.widget.LinearLayout.setChildFrame(LinearLayout.java:1891)
07-19 23:00:50.132 11999 11999 W PackageManager: at android.widget.LinearLayout.layoutVertical(LinearLayout.java:1729)
07-19 23:00:50.132 11999 11999 W PackageManager: at android.widget.LinearLayout.onLayout(LinearLayout.java:1638)
07-19 23:00:50.132 11999 11999 W PackageManager: at android.view.View.layout(View.java:25227)
07-19 23:00:50.132 11999 11999 W PackageManager: at android.view.ViewGroup.layout(ViewGroup.java:6515)
07-19 23:00:50.132 11999 11999 W PackageManager: at android.widget.FrameLayout.layoutChildren(FrameLayout.java:332)
07-19 23:00:50.132 11999 11999 W PackageManager: at android.widget.FrameLayout.onLayout(FrameLayout.java:270)
07-19 23:00:50.132 11999 11999 W PackageManager: at android.view.View.layout(View.java:25227)
07-19 23:00:50.132 11999 11999 W PackageManager: at android.view.ViewGroup.layout(ViewGroup.java:6515)
07-19 23:00:50.132 11999 11999 W PackageManager: at android.widget.LinearLayout.setChildFrame(LinearLayout.java:1891)
07-19 23:00:50.132 11999 11999 W PackageManager: at android.widget.LinearLayout.layoutVertical(LinearLayout.java:1729)
07-19 23:00:50.132 11999 11999 W PackageManager: at android.widget.LinearLayout.onLayout(LinearLayout.java:1638)
07-19 23:00:50.132 11999 11999 W PackageManager: at android.view.View.layout(View.java:25227)
07-19 23:00:50.132 11999 11999 W PackageManager: at android.view.ViewGroup.layout(ViewGroup.java:6515)
07-19 23:00:50.132 11999 11999 W PackageManager: at me.imid.swipebacklayout.lib.SwipeBackLayout.onLayout(SwipeBackLayout.java:6)
07-19 23:00:50.132 11999 11999 W PackageManager: at android.view.View.layout(View.java:25227)
07-19 23:00:50.132 11999 11999 W PackageManager: at android.view.ViewGroup.layout(ViewGroup.java:6515)
07-19 23:00:50.132 11999 11999 W PackageManager: at android.widget.FrameLayout.layoutChildren(FrameLayout.java:332)
07-19 23:00:50.132 11999 11999 W PackageManager: at android.widget.FrameLayout.onLayout(FrameLayout.java:270)
07-19 23:00:50.132 11999 11999 W PackageManager: at com.android.internal.policy.DecorView.onLayout(DecorView.java:852)
07-19 23:00:50.132 11999 11999 W PackageManager: at android.view.View.layout(View.java:25227)
07-19 23:00:50.132 11999 11999 W PackageManager: at android.view.ViewGroup.layout(ViewGroup.java:6515)
07-19 23:00:50.132 11999 11999 W PackageManager: at android.view.ViewRootImpl.performLayout(ViewRootImpl.java:4780)
07-19 23:00:50.132 11999 11999 W PackageManager: at android.view.ViewRootImpl.performTraversals(ViewRootImpl.java:4089)
07-19 23:00:50.132 11999 11999 W PackageManager: at android.view.ViewRootImpl.doTraversal(ViewRootImpl.java:2919)
07-19 23:00:50.132 11999 11999 W PackageManager: at android.view.ViewRootImpl$TraversalRunnable.run(ViewRootImpl.java:10188)
07-19 23:00:50.132 11999 11999 W PackageManager: at android.view.Choreographer$CallbackRecord.run(Choreographer.java:1623)
07-19 23:00:50.132 11999 11999 W PackageManager: at android.view.Choreographer$CallbackRecord.run(Choreographer.java:1632)
07-19 23:00:50.132 11999 11999 W PackageManager: at android.view.Choreographer.doCallbacks(Choreographer.java:1172)
07-19 23:00:50.132 11999 11999 W PackageManager: at android.view.Choreographer.doFrame(Choreographer.java:1076)
07-19 23:00:50.132 11999 11999 W PackageManager: at android.view.Choreographer$FrameDisplayEventReceiver.run(Choreographer.java:1602)
07-19 23:00:50.132 11999 11999 W PackageManager: at android.os.Handler.handleCallback(Handler.java:958)
07-19 23:00:50.132 11999 11999 W PackageManager: at android.os.Handler.dispatchMessage(Handler.java:99)
07-19 23:00:50.132 11999 11999 W PackageManager: at android.os.Looper.loopOnce(Looper.java:224)
07-19 23:00:50.132 11999 11999 W PackageManager: at android.os.Looper.loop(Looper.java:318)
07-19 23:00:50.132 11999 11999 W PackageManager: at android.app.ActivityThread.main(ActivityThread.java:8653)
07-19 23:00:50.132 11999 11999 W PackageManager: at java.lang.reflect.Method.invoke(Native Method)
07-19 23:00:50.132 11999 11999 W PackageManager: at com.android.internal.os.RuntimeInit$MethodAndArgsCaller.run(RuntimeInit.java:561)
07-19 23:00:50.132 11999 11999 W PackageManager: at com.android.internal.os.ZygoteInit.main(ZygoteInit.java:1013)
07-19 23:00:52.478 11999 12056 D ContentCatcher_injector: Interceptor : notifyActivityPause: com.upgadata.up7723@com.upgadata.up7723.main.activity.HomeActivity@67335419
07-19 23:00:52.478 11999 12056 D ContentCatcher_catcher: CatcherHolder : mCatcherList size: 0
07-19 23:00:52.483 11999 12074 W SQLiteLog: (28) double-quoted string literal: "
07-19 23:00:52.484 11999 12074 W SQLiteLog: (28) double-quoted string literal: "C2EDB5F739FFF341B23B9F072D0F8979"
07-19 23:00:52.487 11999 11999 D DecorView[]: getWindowModeFromSystem windowmode is 1
07-19 23:00:52.489 11999 12056 D ContentCatcher_injector: Interceptor : Init Interceptor for Activity com.upgadata.up7723.game.detail.DetailGameActivity@ed6b54a
07-19 23:00:52.489 11999 12056 D ViewContentFactory: initViewContentFetcherClass
07-19 23:00:52.489 11999 12056 I ContentCatcher: ViewContentFetcher : ViewContentFetcher
07-19 23:00:52.489 11999 12056 D ViewContentFactory: createInterceptor took 0ms
07-19 23:00:52.489 11999 11999 D ScrollerOptimizationManager: registerConfigChangedListener
07-19 23:00:52.489 11999 12056 D ContentCatcher_injector: Interceptor : notifyActivityCreate: com.upgadata.up7723@com.upgadata.up7723.game.detail.DetailGameActivity@248952138
07-19 23:00:52.489 11999 12056 E ContentCatcherManager: failed to get ContentCatcherService.
07-19 23:00:52.489 11999 12056 E ContentCatcherManager: failed to get ContentCatcherService.
07-19 23:00:52.489 11999 12056 D ContentCatcher_injector: Interceptor : NOT interest in this page: com.upgadata.up7723@com.upgadata.up7723.game.detail.DetailGameActivity@248952138
07-19 23:00:52.489 11999 12056 D ContentCatcher_catcher: CatcherHolder : mCatcherList size: 0
07-19 23:00:52.490 11999 11999 D ScrollerOptimizationManager: registerConfigChangedListener
07-19 23:00:52.492 11999 11999 D ScrollerOptimizationManager: registerConfigChangedListener
07-19 23:00:52.497 11999 11999 D ScrollerOptimizationManager: registerConfigChangedListener
07-19 23:00:52.498 11999 11999 D ScrollerOptimizationManager: registerConfigChangedListener
07-19 23:00:52.539 11999 11999 D ScrollerOptimizationManager: registerConfigChangedListener
07-19 23:00:52.550 11999 12056 D ContentCatcher_injector: Interceptor : notifyActivityStart: com.upgadata.up7723@com.upgadata.up7723.game.detail.DetailGameActivity@248952138
07-19 23:00:52.550 11999 12056 D ContentCatcher_catcher: CatcherHolder : mCatcherList size: 0
07-19 23:00:52.551 11999 12056 D ContentCatcher_injector: Interceptor : notifyActivityResume: com.upgadata.up7723@com.upgadata.up7723.game.detail.DetailGameActivity@248952138
07-19 23:00:52.551 11999 12056 D ContentCatcher_catcher: CatcherHolder : mCatcherList size: 0
07-19 23:00:52.552 11999 11999 D EventBus: No subscribers registered for event class bzdevicesinfo.i90
07-19 23:00:52.552 11999 11999 D EventBus: No subscribers registered for event class org.greenrobot.eventbus.h
07-19 23:00:52.554 11999 12074 W SQLiteLog: (28) double-quoted string literal: "C2EDB5F739FFF341B23B9F072D0F8979"
07-19 23:00:52.554 11999 12074 W SQLiteLog: (28) double-quoted string literal: ""
07-19 23:00:52.554 11999 12074 W SQLiteLog: (28) double-quoted string literal: "C2EDB5F739FFF341B23B9F072D0F8979"
07-19 23:00:52.554 11999 12074 W SQLiteLog: (28) double-quoted string literal: "-1"
07-19 23:00:52.568 11999 12041 E OpenGLRenderer: Unable to match the desired swap behavior.
07-19 23:00:52.569 11999 11999 D VRI[DetailGameActivity]: vri.reportNextDraw android.view.ViewRootImpl.performTraversals:4279 android.view.ViewRootImpl.doTraversal:2919 android.view.ViewRootImpl$TraversalRunnable.run:10188 android.view.Choreographer$CallbackRecord.run:1623 android.view.Choreographer$CallbackRecord.run:1632
07-19 23:00:52.569 11999 11999 D VRI[DetailGameActivity]: vri.Setup new sync=wmsSync-VRI[DetailGameActivity]#14
07-19 23:00:52.570 11999 12041 D OpenGLRenderer: makeCurrent grContext:0x74fce8e560 reset mTextureAvailable
07-19 23:00:52.581 11999 11999 D VRI[DetailGameActivity]: vri.reportDrawFinished
07-19 23:00:52.606 11999 11999 D ScrollerOptimizationManager: registerConfigChangedListener
07-19 23:00:52.609 11999 12199 E upgadata.up7723: Invalid resource ID 0x00000000.
07-19 23:00:52.609 11999 12199 E upgadata.up7723: Invalid resource ID 0x00000000.
07-19 23:00:52.609 11999 12199 E upgadata.up7723: Invalid resource ID 0x00000000.
07-19 23:00:52.610 11999 12199 E upgadata.up7723: Invalid resource ID 0x00000000.
07-19 23:00:52.610 11999 12199 E upgadata.up7723: Invalid resource ID 0x00000000.
07-19 23:00:52.610 11999 12199 E upgadata.up7723: Invalid resource ID 0x00000000.
07-19 23:00:52.610 11999 12199 E upgadata.up7723: Invalid resource ID 0x00000000.
07-19 23:00:52.610 11999 12199 E upgadata.up7723: Invalid resource ID 0x00000000.
07-19 23:00:52.611 11999 12199 E upgadata.up7723: Invalid resource ID 0x00000000.
07-19 23:00:52.611 11999 12199 E upgadata.up7723: Invalid resource ID 0x00000000.
07-19 23:00:52.611 11999 12199 E upgadata.up7723: Invalid resource ID 0x00000000.
07-19 23:00:52.611 11999 12199 E upgadata.up7723: Invalid resource ID 0x00000000.
07-19 23:00:52.611 11999 12199 E upgadata.up7723: Invalid resource ID 0x00000000.
07-19 23:00:52.612 11999 12199 E upgadata.up7723: Invalid resource ID 0x00000000.
07-19 23:00:52.612 11999 12199 E upgadata.up7723: Invalid resource ID 0x00000000.
07-19 23:00:52.612 11999 12199 E upgadata.up7723: Invalid resource ID 0x00000000.
07-19 23:00:52.613 11999 12199 E upgadata.up7723: Invalid resource ID 0x00000000.
07-19 23:00:52.613 11999 12199 E upgadata.up7723: Invalid resource ID 0x00000000.
07-19 23:00:52.613 11999 12199 E upgadata.up7723: Invalid resource ID 0x00000000.
07-19 23:00:52.613 11999 12199 E upgadata.up7723: Invalid resource ID 0x00000000.
07-19 23:00:52.615 11999 11999 D ScrollerOptimizationManager: registerConfigChangedListener
07-19 23:00:52.615 11999 11999 D ScrollerOptimizationManager: registerConfigChangedListener
07-19 23:00:52.617 11999 11999 D ScrollerOptimizationManager: registerConfigChangedListener
07-19 23:00:52.620 11999 12344 D TrafficStats: tagSocket(103) with statsTag=0xffffffff, statsUid=-1
07-19 23:00:52.621 11999 12202 D TrafficStats: tagSocket(231) with statsTag=0xffffffff, statsUid=-1
07-19 23:00:52.621 11999 11999 D ScrollerOptimizationManager: registerConfigChangedListener
07-19 23:00:52.621 11999 12345 D TrafficStats: tagSocket(267) with statsTag=0xffffffff, statsUid=-1
07-19 23:00:52.621 11999 12360 D TrafficStats: tagSocket(266) with statsTag=0xffffffff, statsUid=-1
07-19 23:00:52.621 11999 12353 D TrafficStats: tagSocket(272) with statsTag=0xffffffff, statsUid=-1
07-19 23:00:52.623 11999 11999 D ScrollerOptimizationManager: registerConfigChangedListener
07-19 23:00:52.760 11999 11999 I HandWritingStubImpl: refreshLastKeyboardType: 1
07-19 23:00:52.761 11999 11999 I HandWritingStubImpl: getCurrentKeyboardType: 1
07-19 23:00:52.866 11999 12199 E upgadata.up7723: Invalid resource ID 0x00000000.
07-19 23:00:52.866 11999 12199 E upgadata.up7723: Invalid resource ID 0x00000000.
07-19 23:00:52.866 11999 12199 E upgadata.up7723: Invalid resource ID 0x00000000.
07-19 23:00:52.866 11999 12199 E upgadata.up7723: Invalid resource ID 0x00000000.
07-19 23:00:52.886 11999 11999 W ziparchive: Unable to open '/data/user/0/com.upgadata.up7723/bzBox/data/app/com.sir.simulator.flightsimulatorp lanegame/base.apk': No such file or directory
07-19 23:00:52.886 11999 11999 E upgadata.up7723: Failed to open APK '/data/user/0/com.upgadata.up7723/bzBox/data/app/com.sir.simulator.flightsimulatorp lanegame/base.apk': I/O error
07-19 23:00:52.888 11999 11999 W PackageManager: Failure to parse package archive
07-19 23:00:52.888 11999 11999 W PackageManager: android.content.pm.PackageParser$PackageParserException: Failed to parse /data/user/0/com.upgadata.up7723/bzBox/data/app/com.sir.simulator.flightsimulatorpl anegame/base.apk
07-19 23:00:52.888 11999 11999 W PackageManager: at android.content.pm.PackageParser.parseApkLiteInner(PackageParser.java:1506)
07-19 23:00:52.888 11999 11999 W PackageManager: at android.content.pm.PackageParser.parseApkLite(PackageParser.java:1477)
07-19 23:00:52.888 11999 11999 W PackageManager: at android.content.pm.PackageParser.parseMonolithicPackageLite(PackageParser.java:980)
07-19 23:00:52.888 11999 11999 W PackageManager: at android.content.pm.PackageParser.parseMonolithicPackage(PackageParser.java:1189)
07-19 23:00:52.888 11999 11999 W PackageManager: at android.content.pm.PackageParser.parsePackage(PackageParser.java:1103)
07-19 23:00:52.888 11999 11999 W PackageManager: at android.content.pm.PackageManager.getPackageArchiveInfo(PackageManager.java:8376)
07-19 23:00:52.888 11999 11999 W PackageManager: at android.content.pm.PackageManager.getPackageArchiveInfo(PackageManager.java:8353)
07-19 23:00:52.888 11999 11999 W PackageManager: at com.upgadata.up7723.install.ApkInstallUtils.z(ApkInstallUtils.kt:13)
07-19 23:00:52.888 11999 11999 W PackageManager: at com.upgadata.up7723.install.ApkInstallUtils$isBlackBoxGameInstalled$3.invoke(ApkIns tallUtils.kt:3)
07-19 23:00:52.888 11999 11999 W PackageManager: at com.upgadata.up7723.install.ApkInstallUtils$isBlackBoxGameInstalled$3.invoke(ApkIns tallUtils.kt:1)
07-19 23:00:52.888 11999 11999 W PackageManager: at com.upgadata.up7723.install.o.c(CommonUtils.kt:14)
07-19 23:00:52.888 11999 11999 W PackageManager: at com.upgadata.up7723.install.ApkInstallUtils.v(ApkInstallUtils.kt:5)
07-19 23:00:52.888 11999 11999 W PackageManager: at com.upgadata.up7723.widget.view.DownLoadView.setDownloadState(DownLoadView.java:104 )
07-19 23:00:52.888 11999 11999 W PackageManager: at com.upgadata.up7723.widget.view.DownLoadView.R(DownLoadView.java:10)
07-19 23:00:52.888 11999 11999 W PackageManager: at com.upgadata.up7723.widget.view.DownLoadView.p0(DownLoadView.java:18)
07-19 23:00:52.888 11999 11999 W PackageManager: at com.upgadata.up7723.widget.view.DownLoadView.setData(DownLoadView.java:129)
07-19 23:00:52.888 11999 11999 W PackageManager: at com.upgadata.up7723.game.detail.adapter.v.d(DetailOtherAdapter.java:21)
07-19 23:00:52.888 11999 11999 W PackageManager: at com.upgadata.up7723.game.detail.adapter.v.onBindViewHolder(DetailOtherAdapter.java: 1)
07-19 23:00:52.888 11999 11999 W PackageManager: at androidx.recyclerview.widget.RecyclerView$Adapter.onBindViewHolder(RecyclerView.jav a:1)
07-19 23:00:52.888 11999 11999 W PackageManager: at androidx.recyclerview.widget.RecyclerView$Adapter.bindViewHolder(RecyclerView.java: 6)
07-19 23:00:52.888 11999 11999 W PackageManager: at androidx.recyclerview.widget.RecyclerView$Recycler.B(RecyclerView.java:6)
07-19 23:00:52.888 11999 11999 W PackageManager: at androidx.recyclerview.widget.RecyclerView$Recycler.C(RecyclerView.java:55)
07-19 23:00:52.888 11999 11999 W PackageManager: at androidx.recyclerview.widget.RecyclerView$Recycler.l(RecyclerView.java:1)
07-19 23:00:52.888 11999 11999 W PackageManager: at androidx.recyclerview.widget.RecyclerView$Recycler.getViewForPosition(RecyclerView. java:1)
07-19 23:00:52.888 11999 11999 W PackageManager: at androidx.recyclerview.widget.LinearLayoutManager$LayoutState.c(LinearLayoutManager. java:3)
07-19 23:00:52.888 11999 11999 W PackageManager: at androidx.recyclerview.widget.GridLayoutManager.layoutChunk(GridLayoutManager.java:1 2)
07-19 23:00:52.888 11999 11999 W PackageManager: at androidx.recyclerview.widget.LinearLayoutManager.fill(LinearLayoutManager.java:9)
07-19 23:00:52.888 11999 11999 W PackageManager: at androidx.recyclerview.widget.LinearLayoutManager.onLayoutChildren(LinearLayoutManag er.java:64)
07-19 23:00:52.888 11999 11999 W PackageManager: at androidx.recyclerview.widget.GridLayoutManager.onLayoutChildren(GridLayoutManager.j ava:3)
07-19 23:00:52.888 11999 11999 W PackageManager: at androidx.recyclerview.widget.RecyclerView.dispatchLayoutStep2(RecyclerView.java:8)
07-19 23:00:52.888 11999 11999 W PackageManager: at androidx.recyclerview.widget.RecyclerView.onMeasure(RecyclerView.java:12)
07-19 23:00:52.888 11999 11999 W PackageManager: at android.view.View.measure(View.java:27984)
07-19 23:00:52.888 11999 11999 W PackageManager: at android.view.ViewGroup.measureChildWithMargins(ViewGroup.java:7083)
07-19 23:00:52.888 11999 11999 W PackageManager: at android.widget.LinearLayout.measureChildBeforeLayout(LinearLayout.java:1608)
07-19 23:00:52.888 11999 11999 W PackageManager: at android.widget.LinearLayout.measureVertical(LinearLayout.java:878)
07-19 23:00:52.888 11999 11999 W PackageManager: at android.widget.LinearLayout.onMeasure(LinearLayout.java:721)
07-19 23:00:52.888 11999 11999 W PackageManager: at android.view.View.measure(View.java:27984)
07-19 23:00:52.888 11999 11999 W PackageManager: at android.view.ViewGroup.measureChildWithMargins(ViewGroup.java:7083)
07-19 23:00:52.888 11999 11999 W PackageManager: at android.widget.LinearLayout.measureChildBeforeLayout(LinearLayout.java:1608)
07-19 23:00:52.888 11999 11999 W PackageManager: at android.widget.LinearLayout.measureVertical(LinearLayout.java:878)
07-19 23:00:52.888 11999 11999 W PackageManager: at android.widget.LinearLayout.onMeasure(LinearLayout.java:721)
07-19 23:00:52.888 11999 11999 W PackageManager: at android.view.View.measure(View.java:27984)
07-19 23:00:52.888 11999 11999 W PackageManager: at android.widget.ScrollView.measureChildWithMargins(ScrollView.java:1482)
07-19 23:00:52.888 11999 11999 W PackageManager: at android.widget.FrameLayout.onMeasure(FrameLayout.java:194)
07-19 23:00:52.888 11999 11999 W PackageManager: at android.widget.ScrollView.onMeasure(ScrollView.java:466)
07-19 23:00:52.888 11999 11999 W PackageManager: at android.view.View.measure(View.java:27984)
07-19 23:00:52.888 11999 11999 W PackageManager: at androidx.viewpager.widget.ViewPager.onMeasure(ViewPager.java:33)
07-19 23:00:52.888 11999 11999 W PackageManager: at android.view.View.measure(View.java:27984)
07-19 23:00:52.888 11999 11999 W PackageManager: at android.view.ViewGroup.measureChildWithMargins(ViewGroup.java:7083)
07-19 23:00:52.888 11999 11999 W PackageManager: at android.widget.LinearLayout.measureChildBeforeLayout(LinearLayout.java:1608)
07-19 23:00:52.888 11999 11999 W PackageManager: at android.widget.LinearLayout.measureVertical(LinearLayout.java:878)
07-19 23:00:52.888 11999 11999 W PackageManager: at android.widget.LinearLayout.onMeasure(LinearLayout.java:721)
07-19 23:00:52.888 11999 11999 W PackageManager: at android.view.View.measure(View.java:27984)
07-19 23:00:52.888 11999 11999 W PackageManager: at android.view.ViewGroup.measureChildWithMargins(ViewGroup.java:7083)
07-19 23:00:52.888 11999 11999 W PackageManager: at android.widget.LinearLayout.measureChildBeforeLayout(LinearLayout.java:1608)
07-19 23:00:52.888 11999 11999 W PackageManager: at android.widget.LinearLayout.measureVertical(LinearLayout.java:878)
07-19 23:00:52.888 11999 11999 W PackageManager: at android.widget.LinearLayout.onMeasure(LinearLayout.java:721)
07-19 23:00:52.888 11999 11999 W PackageManager: at com.upgadata.up7723.widget.view.StickyNavLayout2.onMeasure(StickyNavLayout2.java:1)
07-19 23:00:52.888 11999 11999 W PackageManager: at android.view.View.measure(View.java:27984)
07-19 23:00:52.888 11999 11999 W PackageManager: at android.widget.RelativeLayout.measureChildHorizontal(RelativeLayout.java:735)
07-19 23:00:52.888 11999 11999 W PackageManager: at android.widget.RelativeLayout.onMeasure(RelativeLayout.java:481)
07-19 23:00:52.888 11999 11999 W PackageManager: at android.view.View.measure(View.java:27984)
07-19 23:00:52.888 11999 11999 W PackageManager: at android.view.ViewGroup.measureChildWithMargins(ViewGroup.java:7083)
07-19 23:00:52.888 11999 11999 W PackageManager: at android.widget.FrameLayout.onMeasure(FrameLayout.java:194)
07-19 23:00:52.888 11999 11999 W PackageManager: at androidx.appcompat.widget.ContentFrameLayout.onMeasure(ContentFrameLayout.java:21)
07-19 23:00:52.888 11999 11999 W PackageManager: at android.view.View.measure(View.java:27984)
07-19 23:00:52.888 11999 11999 W PackageManager: at android.view.ViewGroup.measureChildWithMargins(ViewGroup.java:7083)
07-19 23:00:52.888 11999 11999 W PackageManager: at android.widget.LinearLayout.measureChildBeforeLayout(LinearLayout.java:1608)
07-19 23:00:52.888 11999 11999 W PackageManager: at android.widget.LinearLayout.measureVertical(LinearLayout.java:878)
07-19 23:00:52.888 11999 11999 W PackageManager: at android.widget.LinearLayout.onMeasure(LinearLayout.java:721)
07-19 23:00:52.888 11999 11999 W PackageManager: at android.view.View.measure(View.java:27984)
07-19 23:00:52.888 11999 11999 W PackageManager: at android.view.ViewGroup.measureChildWithMargins(ViewGroup.java:7083)
07-19 23:00:52.888 11999 11999 W PackageManager: at android.widget.FrameLayout.onMeasure(FrameLayout.java:194)
07-19 23:00:52.888 11999 11999 W PackageManager: at android.view.View.measure(View.java:27984)
07-19 23:00:52.888 11999 11999 W PackageManager: at android.view.ViewGroup.measureChildWithMargins(ViewGroup.java:7083)
07-19 23:00:52.888 11999 11999 W PackageManager: at android.widget.LinearLayout.measureChildBeforeLayout(LinearLayout.java:1608)
07-19 23:00:52.888 11999 11999 W PackageManager: at android.widget.LinearLayout.measureVertical(LinearLayout.java:878)
07-19 23:00:52.888 11999 11999 W PackageManager: at android.widget.LinearLayout.onMeasure(LinearLayout.java:721)
07-19 23:00:52.888 11999 11999 W PackageManager: at android.view.View.measure(View.java:27984)
07-19 23:00:52.888 11999 11999 W PackageManager: at android.view.ViewGroup.measureChildWithMargins(ViewGroup.java:7083)
07-19 23:00:52.888 11999 11999 W PackageManager: at android.widget.FrameLayout.onMeasure(FrameLayout.java:194)
07-19 23:00:52.888 11999 11999 W PackageManager: at android.view.View.measure(View.java:27984)
07-19 23:00:52.888 11999 11999 W PackageManager: at android.view.ViewGroup.measureChildWithMargins(ViewGroup.java:7083)
07-19 23:00:52.888 11999 11999 W PackageManager: at android.widget.FrameLayout.onMeasure(FrameLayout.java:194)
07-19 23:00:52.888 11999 11999 W PackageManager: at com.android.internal.policy.DecorView.onMeasure(DecorView.java:813)
07-19 23:00:52.888 11999 11999 W PackageManager: at android.view.View.measure(View.java:27984)
07-19 23:00:52.888 11999 11999 W PackageManager: at android.view.ViewRootImpl.performMeasure(ViewRootImpl.java:4701)
07-19 23:00:52.888 11999 11999 W PackageManager: at android.view.ViewRootImpl.measureHierarchy(ViewRootImpl.java:3221)
07-19 23:00:52.888 11999 11999 W PackageManager: at android.view.ViewRootImpl.performTraversals(ViewRootImpl.java:3577)
07-19 23:00:52.888 11999 11999 W PackageManager: at android.view.ViewRootImpl.doTraversal(ViewRootImpl.java:2919)
07-19 23:00:52.888 11999 11999 W PackageManager: at android.view.ViewRootImpl$TraversalRunnable.run(ViewRootImpl.java:10188)
07-19 23:00:52.888 11999 11999 W PackageManager: at android.view.Choreographer$CallbackRecord.run(Choreographer.java:1623)
07-19 23:00:52.888 11999 11999 W PackageManager: at android.view.Choreographer$CallbackRecord.run(Choreographer.java:1632)
07-19 23:00:52.888 11999 11999 W PackageManager: at android.view.Choreographer.doCallbacks(Choreographer.java:1172)
07-19 23:00:52.888 11999 11999 W PackageManager: at android.view.Choreographer.doFrame(Choreographer.java:1076)
07-19 23:00:52.888 11999 11999 W PackageManager: at android.view.Choreographer$FrameDisplayEventReceiver.run(Choreographer.java:1602)
07-19 23:00:52.888 11999 11999 W PackageManager: at android.os.Handler.handleCallback(Handler.java:958)
07-19 23:00:52.888 11999 11999 W PackageManager: at android.os.Handler.dispatchMessage(Handler.java:99)
07-19 23:00:52.888 11999 11999 W PackageManager: at android.os.Looper.loopOnce(Looper.java:224)
07-19 23:00:52.888 11999 11999 W PackageManager: at android.os.Looper.loop(Looper.java:318)
07-19 23:00:52.888 11999 11999 W PackageManager: at android.app.ActivityThread.main(ActivityThread.java:8653)
07-19 23:00:52.888 11999 11999 W PackageManager: at java.lang.reflect.Method.invoke(Native Method)
07-19 23:00:52.888 11999 11999 W PackageManager: at com.android.internal.os.RuntimeInit$MethodAndArgsCaller.run(RuntimeInit.java:561)
07-19 23:00:52.888 11999 11999 W PackageManager: at com.android.internal.os.ZygoteInit.main(ZygoteInit.java:1013)
07-19 23:00:52.898 11999 11999 W ziparchive: Unable to open '/data/user/0/com.upgadata.up7723/bzBox/data/app/com.danielpolish.vrflight/ base.apk': No such file or directory
07-19 23:00:52.898 11999 11999 E upgadata.up7723: Failed to open APK '/data/user/0/com.upgadata.up7723/bzBox/data/app/com.danielpolish.vrflight/ base.apk': I/O error
07-19 23:00:52.901 11999 11999 W PackageManager: Failure to parse package archive
07-19 23:00:52.901 11999 11999 W PackageManager: android.content.pm.PackageParser$PackageParserException: Failed to parse /data/user/0/com.upgadata.up7723/bzBox/data/app/com.danielpolish.vrflight/base.apk
07-19 23:00:52.901 11999 11999 W PackageManager: at android.content.pm.PackageParser.parseApkLiteInner(PackageParser.java:1506)
07-19 23:00:52.901 11999 11999 W PackageManager: at android.content.pm.PackageParser.parseApkLite(PackageParser.java:1477)
07-19 23:00:52.901 11999 11999 W PackageManager: at android.content.pm.PackageParser.parseMonolithicPackageLite(PackageParser.java:980)
07-19 23:00:52.901 11999 11999 W PackageManager: at android.content.pm.PackageParser.parseMonolithicPackage(PackageParser.java:1189)
07-19 23:00:52.901 11999 11999 W PackageManager: at android.content.pm.PackageParser.parsePackage(PackageParser.java:1103)
07-19 23:00:52.901 11999 11999 W PackageManager: at android.content.pm.PackageManager.getPackageArchiveInfo(PackageManager.java:8376)
07-19 23:00:52.901 11999 11999 W PackageManager: at android.content.pm.PackageManager.getPackageArchiveInfo(PackageManager.java:8353)
07-19 23:00:52.901 11999 11999 W PackageManager: at com.upgadata.up7723.install.ApkInstallUtils.z(ApkInstallUtils.kt:13)
07-19 23:00:52.901 11999 11999 W PackageManager: at com.upgadata.up7723.install.ApkInstallUtils$isBlackBoxGameInstalled$3.invoke(ApkIns tallUtils.kt:3)
07-19 23:00:52.901 11999 11999 W PackageManager: at com.upgadata.up7723.install.ApkInstallUtils$isBlackBoxGameInstalled$3.invoke(ApkIns tallUtils.kt:1)
07-19 23:00:52.901 11999 11999 W PackageManager: at com.upgadata.up7723.install.o.c(CommonUtils.kt:14)
07-19 23:00:52.901 11999 11999 W PackageManager: at com.upgadata.up7723.install.ApkInstallUtils.v(ApkInstallUtils.kt:5)
07-19 23:00:52.901 11999 11999 W PackageManager: at com.upgadata.up7723.widget.view.DownLoadView.setDownloadState(DownLoadView.java:104 )
07-19 23:00:52.901 11999 11999 W PackageManager: at com.upgadata.up7723.widget.view.DownLoadView.R(DownLoadView.java:10)
07-19 23:00:52.901 11999 11999 W PackageManager: at com.upgadata.up7723.widget.view.DownLoadView.p0(DownLoadView.java:18)
07-19 23:00:52.901 11999 11999 W PackageManager: at com.upgadata.up7723.widget.view.DownLoadView.setData(DownLoadView.java:129)
07-19 23:00:52.901 11999 11999 W PackageManager: at com.upgadata.up7723.game.detail.adapter.v.d(DetailOtherAdapter.java:21)
07-19 23:00:52.901 11999 11999 W PackageManager: at com.upgadata.up7723.game.detail.adapter.v.onBindViewHolder(DetailOtherAdapter.java: 1)
07-19 23:00:52.901 11999 11999 W PackageManager: at androidx.recyclerview.widget.RecyclerView$Adapter.onBindViewHolder(RecyclerView.jav a:1)
07-19 23:00:52.901 11999 11999 W PackageManager: at androidx.recyclerview.widget.RecyclerView$Adapter.bindViewHolder(RecyclerView.java: 6)
07-19 23:00:52.901 11999 11999 W PackageManager: at androidx.recyclerview.widget.RecyclerView$Recycler.B(RecyclerView.java:6)
07-19 23:00:52.901 11999 11999 W PackageManager: at androidx.recyclerview.widget.RecyclerView$Recycler.C(RecyclerView.java:55)
07-19 23:00:52.901 11999 11999 W PackageManager: at androidx.recyclerview.widget.RecyclerView$Recycler.l(RecyclerView.java:1)
07-19 23:00:52.901 11999 11999 W PackageManager: at androidx.recyclerview.widget.RecyclerView$Recycler.getViewForPosition(RecyclerView. java:1)
07-19 23:00:52.901 11999 11999 W PackageManager: at androidx.recyclerview.widget.LinearLayoutManager$LayoutState.c(LinearLayoutManager. java:3)
07-19 23:00:52.901 11999 11999 W PackageManager: at androidx.recyclerview.widget.GridLayoutManager.layoutChunk(GridLayoutManager.java:1 2)
07-19 23:00:52.901 11999 11999 W PackageManager: at androidx.recyclerview.widget.LinearLayoutManager.fill(LinearLayoutManager.java:9)
07-19 23:00:52.901 11999 11999 W PackageManager: at androidx.recyclerview.widget.LinearLayoutManager.onLayoutChildren(LinearLayoutManag er.java:64)
07-19 23:00:52.901 11999 11999 W PackageManager: at androidx.recyclerview.widget.GridLayoutManager.onLayoutChildren(GridLayoutManager.j ava:3)
07-19 23:00:52.901 11999 11999 W PackageManager: at androidx.recyclerview.widget.RecyclerView.dispatchLayoutStep2(RecyclerView.java:8)
07-19 23:00:52.901 11999 11999 W PackageManager: at androidx.recyclerview.widget.RecyclerView.onMeasure(RecyclerView.java:12)
07-19 23:00:52.901 11999 11999 W PackageManager: at android.view.View.measure(View.java:27984)
07-19 23:00:52.901 11999 11999 W PackageManager: at android.view.ViewGroup.measureChildWithMargins(ViewGroup.java:7083)
07-19 23:00:52.901 11999 11999 W PackageManager: at android.widget.LinearLayout.measureChildBeforeLayout(LinearLayout.java:1608)
07-19 23:00:52.901 11999 11999 W PackageManager: at android.widget.LinearLayout.measureVertical(LinearLayout.java:878)
07-19 23:00:52.901 11999 11999 W PackageManager: at android.widget.LinearLayout.onMeasure(LinearLayout.java:721)
07-19 23:00:52.901 11999 11999 W PackageManager: at android.view.View.measure(View.java:27984)
07-19 23:00:52.901 11999 11999 W PackageManager: at android.view.ViewGroup.measureChildWithMargins(ViewGroup.java:7083)
07-19 23:00:52.901 11999 11999 W PackageManager: at android.widget.LinearLayout.measureChildBeforeLayout(LinearLayout.java:1608)
07-19 23:00:52.901 11999 11999 W PackageManager: at android.widget.LinearLayout.measureVertical(LinearLayout.java:878)
07-19 23:00:52.901 11999 11999 W PackageManager: at android.widget.LinearLayout.onMeasure(LinearLayout.java:721)
07-19 23:00:52.901 11999 11999 W PackageManager: at android.view.View.measure(View.java:27984)
07-19 23:00:52.901 11999 11999 W PackageManager: at android.widget.ScrollView.measureChildWithMargins(ScrollView.java:1482)
07-19 23:00:52.901 11999 11999 W PackageManager: at android.widget.FrameLayout.onMeasure(FrameLayout.java:194)
07-19 23:00:52.901 11999 11999 W PackageManager: at android.widget.ScrollView.onMeasure(ScrollView.java:466)
07-19 23:00:52.901 11999 11999 W PackageManager: at android.view.View.measure(View.java:27984)
07-19 23:00:52.901 11999 11999 W PackageManager: at androidx.viewpager.widget.ViewPager.onMeasure(ViewPager.java:33)
07-19 23:00:52.901 11999 11999 W PackageManager: at android.view.View.measure(View.java:27984)
07-19 23:00:52.901 11999 11999 W PackageManager: at android.view.ViewGroup.measureChildWithMargins(ViewGroup.java:7083)
07-19 23:00:52.901 11999 11999 W PackageManager: at android.widget.LinearLayout.measureChildBeforeLayout(LinearLayout.java:1608)
07-19 23:00:52.901 11999 11999 W PackageManager: at android.widget.LinearLayout.measureVertical(LinearLayout.java:878)
07-19 23:00:52.901 11999 11999 W PackageManager: at android.widget.LinearLayout.onMeasure(LinearLayout.java:721)
07-19 23:00:52.901 11999 11999 W PackageManager: at android.view.View.measure(View.java:27984)
07-19 23:00:52.901 11999 11999 W PackageManager: at android.view.ViewGroup.measureChildWithMargins(ViewGroup.java:7083)
07-19 23:00:52.901 11999 11999 W PackageManager: at android.widget.LinearLayout.measureChildBeforeLayout(LinearLayout.java:1608)
07-19 23:00:52.901 11999 11999 W PackageManager: at android.widget.LinearLayout.measureVertical(LinearLayout.java:878)
07-19 23:00:52.901 11999 11999 W PackageManager: at android.widget.LinearLayout.onMeasure(LinearLayout.java:721)
07-19 23:00:52.901 11999 11999 W PackageManager: at com.upgadata.up7723.widget.view.StickyNavLayout2.onMeasure(StickyNavLayout2.java:1)
07-19 23:00:52.901 11999 11999 W PackageManager: at android.view.View.measure(View.java:27984)
07-19 23:00:52.901 11999 11999 W PackageManager: at android.widget.RelativeLayout.measureChildHorizontal(RelativeLayout.java:735)
07-19 23:00:52.901 11999 11999 W PackageManager: at android.widget.RelativeLayout.onMeasure(RelativeLayout.java:481)
07-19 23:00:52.901 11999 11999 W PackageManager: at android.view.View.measure(View.java:27984)
07-19 23:00:52.901 11999 11999 W PackageManager: at android.view.ViewGroup.measureChildWithMargins(ViewGroup.java:7083)
07-19 23:00:52.901 11999 11999 W PackageManager: at android.widget.FrameLayout.onMeasure(FrameLayout.java:194)
07-19 23:00:52.901 11999 11999 W PackageManager: at androidx.appcompat.widget.ContentFrameLayout.onMeasure(ContentFrameLayout.java:21)
07-19 23:00:52.901 11999 11999 W PackageManager: at android.view.View.measure(View.java:27984)
07-19 23:00:52.901 11999 11999 W PackageManager: at android.view.ViewGroup.measureChildWithMargins(ViewGroup.java:7083)
07-19 23:00:52.901 11999 11999 W PackageManager: at android.widget.LinearLayout.measureChildBeforeLayout(LinearLayout.java:1608)
07-19 23:00:52.901 11999 11999 W PackageManager: at android.widget.LinearLayout.measureVertical(LinearLayout.java:878)
07-19 23:00:52.901 11999 11999 W PackageManager: at android.widget.LinearLayout.onMeasure(LinearLayout.java:721)
07-19 23:00:52.901 11999 11999 W PackageManager: at android.view.View.measure(View.java:27984)
07-19 23:00:52.901 11999 11999 W PackageManager: at android.view.ViewGroup.measureChildWithMargins(ViewGroup.java:7083)
07-19 23:00:52.901 11999 11999 W PackageManager: at android.widget.FrameLayout.onMeasure(FrameLayout.java:194)
07-19 23:00:52.901 11999 11999 W PackageManager: at android.view.View.measure(View.java:27984)
07-19 23:00:52.901 11999 11999 W PackageManager: at android.view.ViewGroup.measureChildWithMargins(ViewGroup.java:7083)
07-19 23:00:52.901 11999 11999 W PackageManager: at android.widget.LinearLayout.measureChildBeforeLayout(LinearLayout.java:1608)
07-19 23:00:52.901 11999 11999 W PackageManager: at android.widget.LinearLayout.measureVertical(LinearLayout.java:878)
07-19 23:00:52.901 11999 11999 W PackageManager: at android.widget.LinearLayout.onMeasure(LinearLayout.java:721)
07-19 23:00:52.901 11999 11999 W PackageManager: at android.view.View.measure(View.java:27984)
07-19 23:00:52.901 11999 11999 W PackageManager: at android.view.ViewGroup.measureChildWithMargins(ViewGroup.java:7083)
07-19 23:00:52.901 11999 11999 W PackageManager: at android.widget.FrameLayout.onMeasure(FrameLayout.java:194)
07-19 23:00:52.901 11999 11999 W PackageManager: at android.view.View.measure(View.java:27984)
07-19 23:00:52.901 11999 11999 W PackageManager: at android.view.ViewGroup.measureChildWithMargins(ViewGroup.java:7083)
07-19 23:00:52.901 11999 11999 W PackageManager: at android.widget.FrameLayout.onMeasure(FrameLayout.java:194)
07-19 23:00:52.901 11999 11999 W PackageManager: at com.android.internal.policy.DecorView.onMeasure(DecorView.java:813)
07-19 23:00:52.901 11999 11999 W PackageManager: at android.view.View.measure(View.java:27984)
07-19 23:00:52.901 11999 11999 W PackageManager: at android.view.ViewRootImpl.performMeasure(ViewRootImpl.java:4701)
07-19 23:00:52.901 11999 11999 W PackageManager: at android.view.ViewRootImpl.measureHierarchy(ViewRootImpl.java:3221)
07-19 23:00:52.901 11999 11999 W PackageManager: at android.view.ViewRootImpl.performTraversals(ViewRootImpl.java:3577)
07-19 23:00:52.901 11999 11999 W PackageManager: at android.view.ViewRootImpl.doTraversal(ViewRootImpl.java:2919)
07-19 23:00:52.901 11999 11999 W PackageManager: at android.view.ViewRootImpl$TraversalRunnable.run(ViewRootImpl.java:10188)
07-19 23:00:52.901 11999 11999 W PackageManager: at android.view.Choreographer$CallbackRecord.run(Choreographer.java:1623)
07-19 23:00:52.901 11999 11999 W PackageManager: at android.view.Choreographer$CallbackRecord.run(Choreographer.java:1632)
07-19 23:00:52.901 11999 11999 W PackageManager: at android.view.Choreographer.doCallbacks(Choreographer.java:1172)
07-19 23:00:52.901 11999 11999 W PackageManager: at android.view.Choreographer.doFrame(Choreographer.java:1076)
07-19 23:00:52.901 11999 11999 W PackageManager: at android.view.Choreographer$FrameDisplayEventReceiver.run(Choreographer.java:1602)
07-19 23:00:52.901 11999 11999 W PackageManager: at android.os.Handler.handleCallback(Handler.java:958)
07-19 23:00:52.901 11999 11999 W PackageManager: at android.os.Handler.dispatchMessage(Handler.java:99)
07-19 23:00:52.901 11999 11999 W PackageManager: at android.os.Looper.loopOnce(Looper.java:224)
07-19 23:00:52.901 11999 11999 W PackageManager: at android.os.Looper.loop(Looper.java:318)
07-19 23:00:52.901 11999 11999 W PackageManager: at android.app.ActivityThread.main(ActivityThread.java:8653)
07-19 23:00:52.901 11999 11999 W PackageManager: at java.lang.reflect.Method.invoke(Native Method)
07-19 23:00:52.901 11999 11999 W PackageManager: at com.android.internal.os.RuntimeInit$MethodAndArgsCaller.run(RuntimeInit.java:561)
07-19 23:00:52.901 11999 11999 W PackageManager: at com.android.internal.os.ZygoteInit.main(ZygoteInit.java:1013)
07-19 23:00:52.923 11999 11999 W ziparchive: Unable to open '/data/user/0/com.upgadata.up7723/bzBox/data/app/com.AXgamesoft.TurbopropFS/ base.apk': No such file or directory
07-19 23:00:52.923 11999 11999 E upgadata.up7723: Failed to open APK '/data/user/0/com.upgadata.up7723/bzBox/data/app/com.AXgamesoft.TurbopropFS/ base.apk': I/O error
07-19 23:00:52.924 11999 11999 W PackageManager: Failure to parse package archive
07-19 23:00:52.924 11999 11999 W PackageManager: android.content.pm.PackageParser$PackageParserException: Failed to parse /data/user/0/com.upgadata.up7723/bzBox/data/app/com.AXgamesoft.TurbopropFS/base.apk
07-19 23:00:52.924 11999 11999 W PackageManager: at android.content.pm.PackageParser.parseApkLiteInner(PackageParser.java:1506)
07-19 23:00:52.924 11999 11999 W PackageManager: at android.content.pm.PackageParser.parseApkLite(PackageParser.java:1477)
07-19 23:00:52.924 11999 11999 W PackageManager: at android.content.pm.PackageParser.parseMonolithicPackageLite(PackageParser.java:980)
07-19 23:00:52.924 11999 11999 W PackageManager: at android.content.pm.PackageParser.parseMonolithicPackage(PackageParser.java:1189)
07-19 23:00:52.924 11999 11999 W PackageManager: at android.content.pm.PackageParser.parsePackage(PackageParser.java:1103)
07-19 23:00:52.924 11999 11999 W PackageManager: at android.content.pm.PackageManager.getPackageArchiveInfo(PackageManager.java:8376)
07-19 23:00:52.924 11999 11999 W PackageManager: at android.content.pm.PackageManager.getPackageArchiveInfo(PackageManager.java:8353)
07-19 23:00:52.924 11999 11999 W PackageManager: at com.upgadata.up7723.install.ApkInstallUtils.z(ApkInstallUtils.kt:13)
07-19 23:00:52.924 11999 11999 W PackageManager: at com.upgadata.up7723.install.ApkInstallUtils$isBlackBoxGameInstalled$3.invoke(ApkIns tallUtils.kt:3)
07-19 23:00:52.924 11999 11999 W PackageManager: at com.upgadata.up7723.install.ApkInstallUtils$isBlackBoxGameInstalled$3.invoke(ApkIns tallUtils.kt:1)
07-19 23:00:52.924 11999 11999 W PackageManager: at com.upgadata.up7723.install.o.c(CommonUtils.kt:14)
07-19 23:00:52.924 11999 11999 W PackageManager: at com.upgadata.up7723.install.ApkInstallUtils.v(ApkInstallUtils.kt:5)
07-19 23:00:52.924 11999 11999 W PackageManager: at com.upgadata.up7723.widget.view.DownLoadView.setDownloadState(DownLoadView.java:104 )
07-19 23:00:52.924 11999 11999 W PackageManager: at com.upgadata.up7723.widget.view.DownLoadView.R(DownLoadView.java:10)
07-19 23:00:52.924 11999 11999 W PackageManager: at com.upgadata.up7723.widget.view.DownLoadView.p0(DownLoadView.java:18)
07-19 23:00:52.924 11999 11999 W PackageManager: at com.upgadata.up7723.widget.view.DownLoadView.setData(DownLoadView.java:129)
07-19 23:00:52.924 11999 11999 W PackageManager: at com.upgadata.up7723.game.detail.adapter.v.d(DetailOtherAdapter.java:21)
07-19 23:00:52.924 11999 11999 W PackageManager: at com.upgadata.up7723.game.detail.adapter.v.onBindViewHolder(DetailOtherAdapter.java: 1)
07-19 23:00:52.924 11999 11999 W PackageManager: at androidx.recyclerview.widget.RecyclerView$Adapter.onBindViewHolder(RecyclerView.jav a:1)
07-19 23:00:52.924 11999 11999 W PackageManager: at androidx.recyclerview.widget.RecyclerView$Adapter.bindViewHolder(RecyclerView.java: 6)
07-19 23:00:52.924 11999 11999 W PackageManager: at androidx.recyclerview.widget.RecyclerView$Recycler.B(RecyclerView.java:6)
07-19 23:00:52.924 11999 11999 W PackageManager: at androidx.recyclerview.widget.RecyclerView$Recycler.C(RecyclerView.java:55)
07-19 23:00:52.924 11999 11999 W PackageManager: at androidx.recyclerview.widget.RecyclerView$Recycler.l(RecyclerView.java:1)
07-19 23:00:52.924 11999 11999 W PackageManager: at androidx.recyclerview.widget.RecyclerView$Recycler.getViewForPosition(RecyclerView. java:1)
07-19 23:00:52.924 11999 11999 W PackageManager: at androidx.recyclerview.widget.LinearLayoutManager$LayoutState.c(LinearLayoutManager. java:3)
07-19 23:00:52.924 11999 11999 W PackageManager: at androidx.recyclerview.widget.GridLayoutManager.layoutChunk(GridLayoutManager.java:1 2)
07-19 23:00:52.924 11999 11999 W PackageManager: at androidx.recyclerview.widget.LinearLayoutManager.fill(LinearLayoutManager.java:9)
07-19 23:00:52.924 11999 11999 W PackageManager: at androidx.recyclerview.widget.LinearLayoutManager.onLayoutChildren(LinearLayoutManag er.java:64)
07-19 23:00:52.924 11999 11999 W PackageManager: at androidx.recyclerview.widget.GridLayoutManager.onLayoutChildren(GridLayoutManager.j ava:3)
07-19 23:00:52.924 11999 11999 W PackageManager: at androidx.recyclerview.widget.RecyclerView.dispatchLayoutStep2(RecyclerView.java:8)
07-19 23:00:52.924 11999 11999 W PackageManager: at androidx.recyclerview.widget.RecyclerView.onMeasure(RecyclerView.java:12)
07-19 23:00:52.924 11999 11999 W PackageManager: at android.view.View.measure(View.java:27984)
07-19 23:00:52.924 11999 11999 W PackageManager: at android.view.ViewGroup.measureChildWithMargins(ViewGroup.java:7083)
07-19 23:00:52.924 11999 11999 W PackageManager: at android.widget.LinearLayout.measureChildBeforeLayout(LinearLayout.java:1608)
07-19 23:00:52.924 11999 11999 W PackageManager: at android.widget.LinearLayout.measureVertical(LinearLayout.java:878)
07-19 23:00:52.924 11999 11999 W PackageManager: at android.widget.LinearLayout.onMeasure(LinearLayout.java:721)
07-19 23:00:52.924 11999 11999 W PackageManager: at android.view.View.measure(View.java:27984)
07-19 23:00:52.924 11999 11999 W PackageManager: at android.view.ViewGroup.measureChildWithMargins(ViewGroup.java:7083)
07-19 23:00:52.924 11999 11999 W PackageManager: at android.widget.LinearLayout.measureChildBeforeLayout(LinearLayout.java:1608)
07-19 23:00:52.924 11999 11999 W PackageManager: at android.widget.LinearLayout.measureVertical(LinearLayout.java:878)
07-19 23:00:52.924 11999 11999 W PackageManager: at android.widget.LinearLayout.onMeasure(LinearLayout.java:721)
07-19 23:00:52.924 11999 11999 W PackageManager: at android.view.View.measure(View.java:27984)
07-19 23:00:52.924 11999 11999 W PackageManager: at android.widget.ScrollView.measureChildWithMargins(ScrollView.java:1482)
07-19 23:00:52.924 11999 11999 W PackageManager: at android.widget.FrameLayout.onMeasure(FrameLayout.java:194)
07-19 23:00:52.924 11999 11999 W PackageManager: at android.widget.ScrollView.onMeasure(ScrollView.java:466)
07-19 23:00:52.924 11999 11999 W PackageManager: at android.view.View.measure(View.java:27984)
07-19 23:00:52.924 11999 11999 W PackageManager: at androidx.viewpager.widget.ViewPager.onMeasure(ViewPager.java:33)
07-19 23:00:52.924 11999 11999 W PackageManager: at android.view.View.measure(View.java:27984)
07-19 23:00:52.924 11999 11999 W PackageManager: at android.view.ViewGroup.measureChildWithMargins(ViewGroup.java:7083)
07-19 23:00:52.924 11999 11999 W PackageManager: at android.widget.LinearLayout.measureChildBeforeLayout(LinearLayout.java:1608)
07-19 23:00:52.924 11999 11999 W PackageManager: at android.widget.LinearLayout.measureVertical(LinearLayout.java:878)
07-19 23:00:52.924 11999 11999 W PackageManager: at android.widget.LinearLayout.onMeasure(LinearLayout.java:721)
07-19 23:00:52.924 11999 11999 W PackageManager: at android.view.View.measure(View.java:27984)
07-19 23:00:52.924 11999 11999 W PackageManager: at android.view.ViewGroup.measureChildWithMargins(ViewGroup.java:7083)
07-19 23:00:52.924 11999 11999 W PackageManager: at android.widget.LinearLayout.measureChildBeforeLayout(LinearLayout.java:1608)
07-19 23:00:52.924 11999 11999 W PackageManager: at android.widget.LinearLayout.measureVertical(LinearLayout.java:878)
07-19 23:00:52.924 11999 11999 W PackageManager: at android.widget.LinearLayout.onMeasure(LinearLayout.java:721)
07-19 23:00:52.924 11999 11999 W PackageManager: at com.upgadata.up7723.widget.view.StickyNavLayout2.onMeasure(StickyNavLayout2.java:1)
07-19 23:00:52.924 11999 11999 W PackageManager: at android.view.View.measure(View.java:27984)
07-19 23:00:52.924 11999 11999 W PackageManager: at android.widget.RelativeLayout.measureChildHorizontal(RelativeLayout.java:735)
07-19 23:00:52.924 11999 11999 W PackageManager: at android.widget.RelativeLayout.onMeasure(RelativeLayout.java:481)
07-19 23:00:52.924 11999 11999 W PackageManager: at android.view.View.measure(View.java:27984)
07-19 23:00:52.924 11999 11999 W PackageManager: at android.view.ViewGroup.measureChildWithMargins(ViewGroup.java:7083)
07-19 23:00:52.924 11999 11999 W PackageManager: at android.widget.FrameLayout.onMeasure(FrameLayout.java:194)
07-19 23:00:52.924 11999 11999 W PackageManager: at androidx.appcompat.widget.ContentFrameLayout.onMeasure(ContentFrameLayout.java:21)
07-19 23:00:52.924 11999 11999 W PackageManager: at android.view.View.measure(View.java:27984)
07-19 23:00:52.924 11999 11999 W PackageManager: at android.view.ViewGroup.measureChildWithMargins(ViewGroup.java:7083)
07-19 23:00:52.924 11999 11999 W PackageManager: at android.widget.LinearLayout.measureChildBeforeLayout(LinearLayout.java:1608)
07-19 23:00:52.924 11999 11999 W PackageManager: at android.widget.LinearLayout.measureVertical(LinearLayout.java:878)
07-19 23:00:52.924 11999 11999 W PackageManager: at android.widget.LinearLayout.onMeasure(LinearLayout.java:721)
07-19 23:00:52.924 11999 11999 W PackageManager: at android.view.View.measure(View.java:27984)
07-19 23:00:52.924 11999 11999 W PackageManager: at android.view.ViewGroup.measureChildWithMargins(ViewGroup.java:7083)
07-19 23:00:52.924 11999 11999 W PackageManager: at android.widget.FrameLayout.onMeasure(FrameLayout.java:194)
07-19 23:00:52.924 11999 11999 W PackageManager: at android.view.View.measure(View.java:27984)
07-19 23:00:52.924 11999 11999 W PackageManager: at android.view.ViewGroup.measureChildWithMargins(ViewGroup.java:7083)
07-19 23:00:52.924 11999 11999 W PackageManager: at android.widget.LinearLayout.measureChildBeforeLayout(LinearLayout.java:1608)
