07-19 23:02:38.428 11999 11999 W PackageManager: at android.view.ViewGroup.dispatchTransformedTouchEvent(ViewGroup.java:3160)
07-19 23:02:38.428 11999 11999 W PackageManager: at android.view.ViewGroup.dispatchTouchEvent(ViewGroup.java:2828)
07-19 23:02:38.428 11999 11999 W PackageManager: at android.view.ViewGroup.dispatchTransformedTouchEvent(ViewGroup.java:3160)
07-19 23:02:38.428 11999 11999 W PackageManager: at android.view.ViewGroup.dispatchTouchEvent(ViewGroup.java:2828)
07-19 23:02:38.428 11999 11999 W PackageManager: at android.view.ViewGroup.dispatchTransformedTouchEvent(ViewGroup.java:3160)
07-19 23:02:38.428 11999 11999 W PackageManager: at android.view.ViewGroup.dispatchTouchEvent(ViewGroup.java:2828)
07-19 23:02:38.428 11999 11999 W PackageManager: at android.view.ViewGroup.dispatchTransformedTouchEvent(ViewGroup.java:3160)
07-19 23:02:38.428 11999 11999 W PackageManager: at android.view.ViewGroup.dispatchTouchEvent(ViewGroup.java:2828)
07-19 23:02:38.428 11999 11999 W PackageManager: at android.view.ViewGroup.dispatchTransformedTouchEvent(ViewGroup.java:3160)
07-19 23:02:38.428 11999 11999 W PackageManager: at android.view.ViewGroup.dispatchTouchEvent(ViewGroup.java:2828)
07-19 23:02:38.428 11999 11999 W PackageManager: at android.view.ViewGroup.dispatchTransformedTouchEvent(ViewGroup.java:3160)
07-19 23:02:38.428 11999 11999 W PackageManager: at android.view.ViewGroup.dispatchTouchEvent(ViewGroup.java:2828)
07-19 23:02:38.428 11999 11999 W PackageManager: at android.view.ViewGroup.dispatchTransformedTouchEvent(ViewGroup.java:3160)
07-19 23:02:38.428 11999 11999 W PackageManager: at android.view.ViewGroup.dispatchTouchEvent(ViewGroup.java:2828)
07-19 23:02:38.428 11999 11999 W PackageManager: at android.view.ViewGroup.dispatchTransformedTouchEvent(ViewGroup.java:3160)
07-19 23:02:38.428 11999 11999 W PackageManager: at android.view.ViewGroup.dispatchTouchEvent(ViewGroup.java:2828)
07-19 23:02:38.428 11999 11999 W PackageManager: at android.view.ViewGroup.dispatchTransformedTouchEvent(ViewGroup.java:3160)
07-19 23:02:38.428 11999 11999 W PackageManager: at android.view.ViewGroup.dispatchTouchEvent(ViewGroup.java:2828)
07-19 23:02:38.428 11999 11999 W PackageManager: at android.view.ViewGroup.dispatchTransformedTouchEvent(ViewGroup.java:3160)
07-19 23:02:38.428 11999 11999 W PackageManager: at android.view.ViewGroup.dispatchTouchEvent(ViewGroup.java:2828)
07-19 23:02:38.428 11999 11999 W PackageManager: at com.android.internal.policy.DecorView.superDispatchTouchEvent(DecorView.java:553)
07-19 23:02:38.428 11999 11999 W PackageManager: at com.android.internal.policy.PhoneWindow.superDispatchTouchEvent(PhoneWindow.java:19 08)
07-19 23:02:38.428 11999 11999 W PackageManager: at android.app.Activity.dispatchTouchEvent(Activity.java:4584)
07-19 23:02:38.428 11999 11999 W PackageManager: at androidx.appcompat.view.WindowCallbackWrapper.dispatchTouchEvent(WindowCallbackWrap per.java:1)
07-19 23:02:38.428 11999 11999 W PackageManager: at com.android.internal.policy.DecorView.dispatchTouchEvent(DecorView.java:511)
07-19 23:02:38.428 11999 11999 W PackageManager: at android.view.View.dispatchPointerEvent(View.java:16139)
07-19 23:02:38.428 11999 11999 W PackageManager: at com.xiaomi.mirror.MiuiMirrorImpl.isHandled(MiuiMirrorImpl.java:152)
07-19 23:02:38.428 11999 11999 W PackageManager: at android.view.ViewRootImpl$ViewPostImeInputStage.processPointerEvent(ViewRootImpl.ja va:7796)
07-19 23:02:38.428 11999 11999 W PackageManager: at android.view.ViewRootImpl$ViewPostImeInputStage.onProcess(ViewRootImpl.java:7562)
07-19 23:02:38.428 11999 11999 W PackageManager: at android.view.ViewRootImpl$InputStage.deliver(ViewRootImpl.java:6937)
07-19 23:02:38.428 11999 11999 W PackageManager: at android.view.ViewRootImpl$InputStage.onDeliverToNext(ViewRootImpl.java:6994)
07-19 23:02:38.428 11999 11999 W PackageManager: at android.view.ViewRootImpl$InputStage.forward(ViewRootImpl.java:6960)
07-19 23:02:38.428 11999 11999 W PackageManager: at android.view.ViewRootImpl$AsyncInputStage.forward(ViewRootImpl.java:7125)
07-19 23:02:38.428 11999 11999 W PackageManager: at android.view.ViewRootImpl$InputStage.apply(ViewRootImpl.java:6968)
07-19 23:02:38.428 11999 11999 W PackageManager: at android.view.ViewRootImpl$AsyncInputStage.apply(ViewRootImpl.java:7182)
07-19 23:02:38.428 11999 11999 W PackageManager: at android.view.ViewRootImpl$InputStage.deliver(ViewRootImpl.java:6941)
07-19 23:02:38.428 11999 11999 W PackageManager: at android.view.ViewRootImpl$InputStage.onDeliverToNext(ViewRootImpl.java:6994)
07-19 23:02:38.428 11999 11999 W PackageManager: at android.view.ViewRootImpl$InputStage.forward(ViewRootImpl.java:6960)
07-19 23:02:38.428 11999 11999 W PackageManager: at android.view.ViewRootImpl$InputStage.apply(ViewRootImpl.java:6968)
07-19 23:02:38.428 11999 11999 W PackageManager: at android.view.ViewRootImpl$InputStage.deliver(ViewRootImpl.java:6941)
07-19 23:02:38.428 11999 11999 W PackageManager: at android.view.ViewRootImpl.deliverInputEvent(ViewRootImpl.java:10088)
07-19 23:02:38.428 11999 11999 W PackageManager: at android.view.ViewRootImpl.doProcessInputEvents(ViewRootImpl.java:10039)
07-19 23:02:38.428 11999 11999 W PackageManager: at android.view.ViewRootImpl.enqueueInputEvent(ViewRootImpl.java:10003)
07-19 23:02:38.428 11999 11999 W PackageManager: at android.view.ViewRootImpl$WindowInputEventReceiver.onInputEvent(ViewRootImpl.java:1 0237)
07-19 23:02:38.428 11999 11999 W PackageManager: at android.view.InputEventReceiver.dispatchInputEvent(InputEventReceiver.java:307)
07-19 23:02:38.428 11999 11999 W PackageManager: at android.view.InputEventReceiver.nativeConsumeBatchedInputEvents(Native Method)
07-19 23:02:38.428 11999 11999 W PackageManager: at android.view.InputEventReceiver.consumeBatchedInputEvents(InputEventReceiver.java:2 75)
07-19 23:02:38.428 11999 11999 W PackageManager: at android.view.ViewRootImpl.doConsumeBatchedInput(ViewRootImpl.java:10174)
07-19 23:02:38.428 11999 11999 W PackageManager: at android.view.ViewRootImpl$ConsumeBatchedInputRunnable.run(ViewRootImpl.java:10336)
07-19 23:02:38.428 11999 11999 W PackageManager: at android.view.Choreographer$CallbackRecord.run(Choreographer.java:1623)
07-19 23:02:38.428 11999 11999 W PackageManager: at android.view.Choreographer$CallbackRecord.run(Choreographer.java:1632)
07-19 23:02:38.428 11999 11999 W PackageManager: at android.view.Choreographer.doCallbacks(Choreographer.java:1172)
07-19 23:02:38.428 11999 11999 W PackageManager: at android.view.Choreographer.doFrame(Choreographer.java:1069)
07-19 23:02:38.428 11999 11999 W PackageManager: at android.view.Choreographer$FrameDisplayEventReceiver.run(Choreographer.java:1602)
07-19 23:02:38.428 11999 11999 W PackageManager: at android.os.Handler.handleCallback(Handler.java:958)
07-19 23:02:38.428 11999 11999 W PackageManager: at android.os.Handler.dispatchMessage(Handler.java:99)
07-19 23:02:38.428 11999 11999 W PackageManager: at android.os.Looper.loopOnce(Looper.java:224)
07-19 23:02:38.428 11999 11999 W PackageManager: at android.os.Looper.loop(Looper.java:318)
07-19 23:02:38.428 11999 11999 W PackageManager: at android.app.ActivityThread.main(ActivityThread.java:8653)
07-19 23:02:38.428 11999 11999 W PackageManager: at java.lang.reflect.Method.invoke(Native Method)
07-19 23:02:38.428 11999 11999 W PackageManager: at com.android.internal.os.RuntimeInit$MethodAndArgsCaller.run(RuntimeInit.java:561)
07-19 23:02:38.428 11999 11999 W PackageManager: at com.android.internal.os.ZygoteInit.main(ZygoteInit.java:1013)
07-19 23:02:39.226 11999 12056 D ContentCatcher_injector: Interceptor : notifyActivityPause: com.upgadata.up7723@com.upgadata.up7723.main.activity.HomeActivity@67335419
07-19 23:02:39.226 11999 12056 D ContentCatcher_catcher: CatcherHolder : mCatcherList size: 0
07-19 23:02:39.233 11999 12074 W SQLiteLog: (28) double-quoted string literal: "
07-19 23:02:39.233 11999 12074 W SQLiteLog: (28) double-quoted string literal: "C2EDB5F739FFF341B23B9F072D0F8979"
07-19 23:02:39.241 11999 11999 D DecorView[]: getWindowModeFromSystem windowmode is 1
07-19 23:02:39.243 11999 12056 D ContentCatcher_injector: Interceptor : Init Interceptor for Activity com.upgadata.up7723.game.detail.DetailGameActivity@c121182
07-19 23:02:39.243 11999 11999 D ScrollerOptimizationManager: registerConfigChangedListener
07-19 23:02:39.243 11999 12056 D ViewContentFactory: initViewContentFetcherClass
07-19 23:02:39.243 11999 12056 I ContentCatcher: ViewContentFetcher : ViewContentFetcher
07-19 23:02:39.243 11999 12056 D ViewContentFactory: createInterceptor took 1ms
07-19 23:02:39.243 11999 12056 D ContentCatcher_injector: Interceptor : notifyActivityCreate: com.upgadata.up7723@com.upgadata.up7723.game.detail.DetailGameActivity@202510722
07-19 23:02:39.243 11999 11999 D ScrollerOptimizationManager: registerConfigChangedListener
07-19 23:02:39.243 11999 12056 E ContentCatcherManager: failed to get ContentCatcherService.
07-19 23:02:39.244 11999 12056 E ContentCatcherManager: failed to get ContentCatcherService.
07-19 23:02:39.244 11999 12056 D ContentCatcher_injector: Interceptor : NOT interest in this page: com.upgadata.up7723@com.upgadata.up7723.game.detail.DetailGameActivity@202510722
07-19 23:02:39.244 11999 12056 D ContentCatcher_catcher: CatcherHolder : mCatcherList size: 0
07-19 23:02:39.244 11999 11999 D ScrollerOptimizationManager: registerConfigChangedListener
07-19 23:02:39.245 11999 11999 D ScrollerOptimizationManager: registerConfigChangedListener
07-19 23:02:39.246 11999 11999 D ScrollerOptimizationManager: registerConfigChangedListener
07-19 23:02:39.260 11999 11999 D ScrollerOptimizationManager: registerConfigChangedListener
07-19 23:02:39.262 11999 12056 D ContentCatcher_injector: Interceptor : notifyActivityStart: com.upgadata.up7723@com.upgadata.up7723.game.detail.DetailGameActivity@202510722
07-19 23:02:39.262 11999 12056 D ContentCatcher_catcher: CatcherHolder : mCatcherList size: 0
07-19 23:02:39.263 11999 12056 D ContentCatcher_injector: Interceptor : notifyActivityResume: com.upgadata.up7723@com.upgadata.up7723.game.detail.DetailGameActivity@202510722
07-19 23:02:39.263 11999 12056 D ContentCatcher_catcher: CatcherHolder : mCatcherList size: 0
07-19 23:02:39.263 11999 11999 D EventBus: No subscribers registered for event class bzdevicesinfo.i90
07-19 23:02:39.263 11999 11999 D EventBus: No subscribers registered for event class org.greenrobot.eventbus.h
07-19 23:02:39.266 11999 12074 W SQLiteLog: (28) double-quoted string literal: "C2EDB5F739FFF341B23B9F072D0F8979"
07-19 23:02:39.266 11999 12074 W SQLiteLog: (28) double-quoted string literal: ""
07-19 23:02:39.266 11999 12074 W SQLiteLog: (28) double-quoted string literal: "C2EDB5F739FFF341B23B9F072D0F8979"
07-19 23:02:39.266 11999 12074 W SQLiteLog: (28) double-quoted string literal: "-1"
07-19 23:02:39.276 11999 12041 E OpenGLRenderer: Unable to match the desired swap behavior.
07-19 23:02:39.277 11999 11999 D VRI[DetailGameActivity]: vri.reportNextDraw android.view.ViewRootImpl.performTraversals:4279 android.view.ViewRootImpl.doTraversal:2919 android.view.ViewRootImpl$TraversalRunnable.run:10188 android.view.Choreographer$CallbackRecord.run:1623 android.view.Choreographer$CallbackRecord.run:1632
07-19 23:02:39.277 11999 11999 D VRI[DetailGameActivity]: vri.Setup new sync=wmsSync-VRI[DetailGameActivity]#28
07-19 23:02:39.278 11999 12041 D OpenGLRenderer: makeCurrent grContext:0x74fce8e560 reset mTextureAvailable
07-19 23:02:39.280 11999 11999 D VRI[DetailGameActivity]: vri.reportDrawFinished
07-19 23:02:39.304 11999 11999 I HandWritingStubImpl: refreshLastKeyboardType: 1
07-19 23:02:39.304 11999 11999 I HandWritingStubImpl: getCurrentKeyboardType: 1
07-19 23:02:39.391 11999 11999 D ScrollerOptimizationManager: registerConfigChangedListener
07-19 23:02:39.394 11999 12199 E upgadata.up7723: Invalid resource ID 0x00000000.
07-19 23:02:39.394 11999 12199 E upgadata.up7723: Invalid resource ID 0x00000000.
07-19 23:02:39.394 11999 12199 E upgadata.up7723: Invalid resource ID 0x00000000.
07-19 23:02:39.394 11999 12199 E upgadata.up7723: Invalid resource ID 0x00000000.
07-19 23:02:39.394 11999 12199 E upgadata.up7723: Invalid resource ID 0x00000000.
07-19 23:02:39.394 11999 12199 E upgadata.up7723: Invalid resource ID 0x00000000.
07-19 23:02:39.394 11999 12199 E upgadata.up7723: Invalid resource ID 0x00000000.
07-19 23:02:39.395 11999 12199 E upgadata.up7723: Invalid resource ID 0x00000000.
07-19 23:02:39.395 11999 12199 E upgadata.up7723: Invalid resource ID 0x00000000.
07-19 23:02:39.395 11999 12199 E upgadata.up7723: Invalid resource ID 0x00000000.
07-19 23:02:39.395 11999 12199 E upgadata.up7723: Invalid resource ID 0x00000000.
07-19 23:02:39.395 11999 12199 E upgadata.up7723: Invalid resource ID 0x00000000.
07-19 23:02:39.396 11999 12199 E upgadata.up7723: Invalid resource ID 0x00000000.
07-19 23:02:39.396 11999 12199 E upgadata.up7723: Invalid resource ID 0x00000000.
07-19 23:02:39.396 11999 12199 E upgadata.up7723: Invalid resource ID 0x00000000.
07-19 23:02:39.396 11999 12199 E upgadata.up7723: Invalid resource ID 0x00000000.
07-19 23:02:39.398 11999 12199 E upgadata.up7723: Invalid resource ID 0x00000000.
07-19 23:02:39.398 11999 12199 E upgadata.up7723: Invalid resource ID 0x00000000.
07-19 23:02:39.398 11999 12199 E upgadata.up7723: Invalid resource ID 0x00000000.
07-19 23:02:39.398 11999 12199 E upgadata.up7723: Invalid resource ID 0x00000000.
07-19 23:02:39.400 11999 11999 D ScrollerOptimizationManager: registerConfigChangedListener
07-19 23:02:39.400 11999 11999 D ScrollerOptimizationManager: registerConfigChangedListener
07-19 23:02:39.401 11999 11999 D ScrollerOptimizationManager: registerConfigChangedListener
07-19 23:02:39.403 11999 11999 D ScrollerOptimizationManager: registerConfigChangedListener
07-19 23:02:39.404 11999 11999 D ScrollerOptimizationManager: registerConfigChangedListener
07-19 23:02:39.406 11999 12360 D TrafficStats: tagSocket(224) with statsTag=0xffffffff, statsUid=-1
07-19 23:02:39.406 11999 12358 D TrafficStats: tagSocket(365) with statsTag=0xffffffff, statsUid=-1
07-19 23:02:39.407 11999 12345 D TrafficStats: tagSocket(366) with statsTag=0xffffffff, statsUid=-1
07-19 23:02:39.407 11999 12353 D TrafficStats: tagSocket(341) with statsTag=0xffffffff, statsUid=-1
07-19 23:02:39.408 11999 12344 D TrafficStats: tagSocket(369) with statsTag=0xffffffff, statsUid=-1
07-19 23:02:39.421 11999 12338 D TrafficStats: tagSocket(367) with statsTag=0xffffffff, statsUid=-1
07-19 23:02:39.425 11999 12353 D TrafficStats: tagSocket(370) with statsTag=0xffffffff, statsUid=-1
07-19 23:02:39.445 11999 11999 W ziparchive: Unable to open '/data/user/0/com.upgadata.up7723/bzBox/data/app/com.gameloft.android.ANMP.GloftM4H M/base.apk': No such file or directory
07-19 23:02:39.445 11999 11999 E upgadata.up7723: Failed to open APK '/data/user/0/com.upgadata.up7723/bzBox/data/app/com.gameloft.android.ANMP.GloftM4H M/base.apk': I/O error
07-19 23:02:39.445 11999 11999 W PackageManager: Failure to parse package archive
07-19 23:02:39.445 11999 11999 W PackageManager: android.content.pm.PackageParser$PackageParserException: Failed to parse /data/user/0/com.upgadata.up7723/bzBox/data/app/com.gameloft.android.ANMP.GloftM4HM /base.apk
07-19 23:02:39.445 11999 11999 W PackageManager: at android.content.pm.PackageParser.parseApkLiteInner(PackageParser.java:1506)
07-19 23:02:39.445 11999 11999 W PackageManager: at android.content.pm.PackageParser.parseApkLite(PackageParser.java:1477)
07-19 23:02:39.445 11999 11999 W PackageManager: at android.content.pm.PackageParser.parseMonolithicPackageLite(PackageParser.java:980)
07-19 23:02:39.445 11999 11999 W PackageManager: at android.content.pm.PackageParser.parseMonolithicPackage(PackageParser.java:1189)
07-19 23:02:39.445 11999 11999 W PackageManager: at android.content.pm.PackageParser.parsePackage(PackageParser.java:1103)
07-19 23:02:39.445 11999 11999 W PackageManager: at android.content.pm.PackageManager.getPackageArchiveInfo(PackageManager.java:8376)
07-19 23:02:39.445 11999 11999 W PackageManager: at android.content.pm.PackageManager.getPackageArchiveInfo(PackageManager.java:8353)
07-19 23:02:39.445 11999 11999 W PackageManager: at com.upgadata.up7723.install.ApkInstallUtils.z(ApkInstallUtils.kt:13)
07-19 23:02:39.445 11999 11999 W PackageManager: at com.upgadata.up7723.install.ApkInstallUtils$isBlackBoxGameInstalled$3.invoke(ApkIns tallUtils.kt:3)
07-19 23:02:39.445 11999 11999 W PackageManager: at com.upgadata.up7723.install.ApkInstallUtils$isBlackBoxGameInstalled$3.invoke(ApkIns tallUtils.kt:1)
07-19 23:02:39.445 11999 11999 W PackageManager: at com.upgadata.up7723.install.o.c(CommonUtils.kt:14)
07-19 23:02:39.445 11999 11999 W PackageManager: at com.upgadata.up7723.install.ApkInstallUtils.v(ApkInstallUtils.kt:5)
07-19 23:02:39.445 11999 11999 W PackageManager: at com.upgadata.up7723.game.detail.activity.base.BaseGameInstallBtnActivity.k4(BaseGam eInstallBtnActivity.kt:47)
07-19 23:02:39.445 11999 11999 W PackageManager: at com.upgadata.up7723.game.detail.activity.base.BaseGameInstallBtnActivity.i4(BaseGam eInstallBtnActivity.kt:14)
07-19 23:02:39.445 11999 11999 W PackageManager: at com.upgadata.up7723.game.detail.activity.base.BaseGameInstallBtnActivity.F2(BaseGam eInstallBtnActivity.kt:4)
07-19 23:02:39.445 11999 11999 W PackageManager: at com.upgadata.up7723.game.detail.activity.base.BaseGameCommonActivity.w3(BaseGameCom monActivity.kt:22)
07-19 23:02:39.445 11999 11999 W PackageManager: at com.upgadata.up7723.game.detail.activity.base.BaseGameCommonActivity.N2(BaseGameCom monActivity.kt:12)
07-19 23:02:39.445 11999 11999 W PackageManager: at com.upgadata.up7723.game.detail.DetailGameActivity.J4(DetailGameActivity.kt:3)
07-19 23:02:39.445 11999 11999 W PackageManager: at com.upgadata.up7723.game.detail.DetailGameActivity$b.a(DetailGameActivity.kt:11)
07-19 23:02:39.445 11999 11999 W PackageManager: at com.upgadata.up7723.game.detail.DetailGameActivity$b.onSuccess(DetailGameActivity.k t:1)
07-19 23:02:39.445 11999 11999 W PackageManager: at com.upgadata.up7723.http.utils.k.onResponse(TCallback.java:4)
07-19 23:02:39.445 11999 11999 W PackageManager: at com.zhy.http.okhttp.OkHttpUtils$3.run(OkHttpUtils.java:1)
07-19 23:02:39.445 11999 11999 W PackageManager: at android.os.Handler.handleCallback(Handler.java:958)
07-19 23:02:39.445 11999 11999 W PackageManager: at android.os.Handler.dispatchMessage(Handler.java:99)
07-19 23:02:39.445 11999 11999 W PackageManager: at android.os.Looper.loopOnce(Looper.java:224)
07-19 23:02:39.445 11999 11999 W PackageManager: at android.os.Looper.loop(Looper.java:318)
07-19 23:02:39.445 11999 11999 W PackageManager: at android.app.ActivityThread.main(ActivityThread.java:8653)
07-19 23:02:39.445 11999 11999 W PackageManager: at java.lang.reflect.Method.invoke(Native Method)
07-19 23:02:39.445 11999 11999 W PackageManager: at com.android.internal.os.RuntimeInit$MethodAndArgsCaller.run(RuntimeInit.java:561)
07-19 23:02:39.445 11999 11999 W PackageManager: at com.android.internal.os.ZygoteInit.main(ZygoteInit.java:1013)
07-19 23:02:39.513 11999 11999 V MediaPlayer: resetDrmState: mDrmInfo=null mDrmProvisioningThread=null mPrepareDrmInProgress=false mActiveDrmScheme=false
07-19 23:02:39.513 11999 11999 V MediaPlayer: cleanDrmObj: mDrmObj=null mDrmSessionId=null
07-19 23:02:39.519 11999 12063 D TrafficStats: tagSocket(162) with statsTag=0xffffffff, statsUid=-1
07-19 23:02:39.522 11999 12062 D TrafficStats: tagSocket(341) with statsTag=0xffffffff, statsUid=-1
07-19 23:02:39.523 11999 12063 I Pinger : Ping response: `ping ok`, pinged? true
07-19 23:02:39.524 11999 11999 V MediaPlayer: resetDrmState: mDrmInfo=null mDrmProvisioningThread=null mPrepareDrmInProgress=false mActiveDrmScheme=false
07-19 23:02:39.524 11999 11999 V MediaPlayer: cleanDrmObj: mDrmObj=null mDrmSessionId=null
07-19 23:02:39.525 11999 11999 W AudioManager: Use of stream types is deprecated for operations other than volume control
07-19 23:02:39.525 11999 11999 W AudioManager: See the documentation of requestAudioFocus() for what to use instead with android.media.AudioAttributes to qualify your playback use case
07-19 23:02:39.554 11999 11999 W upgadata.up7723: type=1400 audit(0.0:465838): avc: denied { read } for name="u:object_r:vendor_display_prop:s0" dev="tmpfs" ino=439 scontext=u:r:untrusted_app_27:s0:c51,c257,c512,c768 tcontext=u:object_r:vendor_display_prop:s0 tclass=file permissive=0 app=com.upgadata.up7723
07-19 23:02:39.557 11999 11999 W libc : Access denied finding property "vendor.display.enable_display_extensions"
07-19 23:02:39.559 11999 11999 W MediaPlayer: Use of stream types is deprecated for operations other than volume control
07-19 23:02:39.559 11999 11999 W MediaPlayer: See the documentation of setAudioStreamType() for what to use instead with android.media.AudioAttributes to qualify your playback use case
07-19 23:02:39.559 11999 11999 W MediaPlayer: setScreenOnWhilePlaying(true) is ineffective without a SurfaceHolder
07-19 23:02:39.559 11999 11999 V MediaHTTPService: MediaHTTPService(android.media.MediaHTTPService@7aa2173): Cookies: null
07-19 23:02:39.569 11999 11999 W MediaPlayer: setScreenOnWhilePlaying(true) is ineffective for Surface
07-19 23:02:39.570 11999 12990 V MediaHTTPService: makeHTTPConnection: CookieHandler (java.net.CookieManager@5305a76) exists.
07-19 23:02:39.570 11999 12990 V MediaHTTPService: makeHTTPConnection(android.media.MediaHTTPService@7aa2173): cookieHandler: java.net.CookieManager@5305a76 Cookies: null
07-19 23:02:39.572 11999 12990 D TrafficStats: tagSocket(178) with statsTag=0xffffffff, statsUid=-1
07-19 23:02:39.572 11999 12062 D TrafficStats: tagSocket(364) with statsTag=0xffffffff, statsUid=-1
07-19 23:02:39.576 11999 12338 D TrafficStats: tagSocket(162) with statsTag=0xffffffff, statsUid=-1
07-19 23:02:39.694 11999 13816 D TrafficStats: tagSocket(217) with statsTag=0xffffffff, statsUid=-1
07-19 23:02:39.918 11999 12990 D TrafficStats: tagSocket(178) with statsTag=0xffffffff, statsUid=-1
07-19 23:02:39.922 11999 12062 D TrafficStats: tagSocket(268) with statsTag=0xffffffff, statsUid=-1
07-19 23:02:39.923 11999 13018 D TrafficStats: tagSocket(183) with statsTag=0xffffffff, statsUid=-1
07-19 23:02:40.012 11999 13016 E HttpProxyCacheServer: HttpProxyCacheServer error
07-19 23:02:40.012 11999 13016 E HttpProxyCacheServer: com.danikula.videocache.ProxyCacheException: Error closing socket input stream. Version: 1.0
07-19 23:02:40.012 11999 13016 E HttpProxyCacheServer: at com.danikula.videocache.HttpProxyCacheServer.closeSocketInput(HttpProxyCacheServer. java:3)
07-19 23:02:40.012 11999 13016 E HttpProxyCacheServer: at com.danikula.videocache.HttpProxyCacheServer.releaseSocket(HttpProxyCacheServer.jav a:1)
07-19 23:02:40.012 11999 13016 E HttpProxyCacheServer: at com.danikula.videocache.HttpProxyCacheServer.processSocket(HttpProxyCacheServer.jav a:14)
07-19 23:02:40.012 11999 13016 E HttpProxyCacheServer: at com.danikula.videocache.HttpProxyCacheServer.access$200(HttpProxyCacheServer.java:1 )
07-19 23:02:40.012 11999 13016 E HttpProxyCacheServer: at com.danikula.videocache.HttpProxyCacheServer$SocketProcessorRunnable.run(HttpProxyC acheServer.java:1)
07-19 23:02:40.012 11999 13016 E HttpProxyCacheServer: at java.util.concurrent.Executors$RunnableAdapter.call(Executors.java:487)
07-19 23:02:40.012 11999 13016 E HttpProxyCacheServer: at java.util.concurrent.FutureTask.run(FutureTask.java:264)
07-19 23:02:40.012 11999 13016 E HttpProxyCacheServer: at java.util.concurrent.ThreadPoolExecutor.runWorker(ThreadPoolExecutor.java:1145)
07-19 23:02:40.012 11999 13016 E HttpProxyCacheServer: at java.util.concurrent.ThreadPoolExecutor$Worker.run(ThreadPoolExecutor.java:644)
07-19 23:02:40.012 11999 13016 E HttpProxyCacheServer: at java.lang.Thread.run(Thread.java:1012)
07-19 23:02:40.012 11999 13016 E HttpProxyCacheServer: Caused by: java.io.IOException: shutdown failed: ENOTCONN (Transport endpoint is not connected)
07-19 23:02:40.012 11999 13016 E HttpProxyCacheServer: at java.net.PlainSocketImpl.socketShutdown(PlainSocketImpl.java:283)
07-19 23:02:40.012 11999 13016 E HttpProxyCacheServer: at java.net.AbstractPlainSocketImpl.shutdownInput(AbstractPlainSocketImpl.java:621)
07-19 23:02:40.012 11999 13016 E HttpProxyCacheServer: at java.net.Socket.shutdownInput(Socket.java:1593)
07-19 23:02:40.012 11999 13016 E HttpProxyCacheServer: at com.danikula.videocache.HttpProxyCacheServer.closeSocketInput(HttpProxyCacheServer. java:2)
07-19 23:02:40.012 11999 13016 E HttpProxyCacheServer: ... 9 more
07-19 23:02:40.012 11999 13016 E HttpProxyCacheServer: Caused by: android.system.ErrnoException: shutdown failed: ENOTCONN (Transport endpoint is not connected)
07-19 23:02:40.012 11999 13016 E HttpProxyCacheServer: at libcore.io.Linux.shutdown(Native Method)
07-19 23:02:40.012 11999 13016 E HttpProxyCacheServer: at libcore.io.ForwardingOs.shutdown(ForwardingOs.java:816)
07-19 23:02:40.012 11999 13016 E HttpProxyCacheServer: at libcore.io.ForwardingOs.shutdown(ForwardingOs.java:816)
07-19 23:02:40.012 11999 13016 E HttpProxyCacheServer: at java.net.PlainSocketImpl.socketShutdown(PlainSocketImpl.java:281)
07-19 23:02:40.012 11999 13016 E HttpProxyCacheServer: ... 12 more
07-19 23:02:40.012 11999 13016 W HttpProxyCacheServer: Failed to close socket on proxy side: shutdown failed: ENOTCONN (Transport endpoint is not connected). It seems client have already closed connection.
07-19 23:02:40.197 11999 12014 D TrafficStats: tagSocket(178) with statsTag=0xffffffff, statsUid=-1
07-19 23:02:40.198 11999 12062 D TrafficStats: tagSocket(182) with statsTag=0xffffffff, statsUid=-1
07-19 23:02:40.252 11999 11999 D ScrollerOptimizationManager: registerConfigChangedListener
07-19 23:02:40.255 11999 12199 E upgadata.up7723: Invalid resource ID 0x00000000.
07-19 23:02:40.255 11999 12199 E upgadata.up7723: Invalid resource ID 0x00000000.
07-19 23:02:40.255 11999 12199 E upgadata.up7723: Invalid resource ID 0x00000000.
07-19 23:02:40.255 11999 12199 E upgadata.up7723: Invalid resource ID 0x00000000.
07-19 23:02:40.320 11999 11999 D ScrollerOptimizationManager: registerConfigChangedListener
07-19 23:02:40.323 11999 12199 E upgadata.up7723: Invalid resource ID 0x00000000.
07-19 23:02:40.323 11999 12199 E upgadata.up7723: Invalid resource ID 0x00000000.
07-19 23:02:40.323 11999 12199 E upgadata.up7723: Invalid resource ID 0x00000000.
07-19 23:02:40.323 11999 12199 E upgadata.up7723: Invalid resource ID 0x00000000.
07-19 23:02:40.375 11999 12008 I upgadata.up7723: This is sticky GC, maxfree is 33554432 minfree is 8388608
07-19 23:02:40.380 11999 11999 W ziparchive: Unable to open '/data/user/0/com.upgadata.up7723/bzBox/data/app/com.gameloft.android.ANMP.GloftM5H M/base.apk': No such file or directory
07-19 23:02:40.380 11999 11999 E upgadata.up7723: Failed to open APK '/data/user/0/com.upgadata.up7723/bzBox/data/app/com.gameloft.android.ANMP.GloftM5H M/base.apk': I/O error
07-19 23:02:40.380 11999 12338 D TrafficStats: tagSocket(185) with statsTag=0xffffffff, statsUid=-1
07-19 23:02:40.381 11999 11999 W PackageManager: Failure to parse package archive
07-19 23:02:40.381 11999 11999 W PackageManager: android.content.pm.PackageParser$PackageParserException: Failed to parse /data/user/0/com.upgadata.up7723/bzBox/data/app/com.gameloft.android.ANMP.GloftM5HM /base.apk
07-19 23:02:40.381 11999 11999 W PackageManager: at android.content.pm.PackageParser.parseApkLiteInner(PackageParser.java:1506)
07-19 23:02:40.381 11999 11999 W PackageManager: at android.content.pm.PackageParser.parseApkLite(PackageParser.java:1477)
07-19 23:02:40.381 11999 11999 W PackageManager: at android.content.pm.PackageParser.parseMonolithicPackageLite(PackageParser.java:980)
07-19 23:02:40.381 11999 11999 W PackageManager: at android.content.pm.PackageParser.parseMonolithicPackage(PackageParser.java:1189)
07-19 23:02:40.381 11999 11999 W PackageManager: at android.content.pm.PackageParser.parsePackage(PackageParser.java:1103)
07-19 23:02:40.381 11999 11999 W PackageManager: at android.content.pm.PackageManager.getPackageArchiveInfo(PackageManager.java:8376)
07-19 23:02:40.381 11999 11999 W PackageManager: at android.content.pm.PackageManager.getPackageArchiveInfo(PackageManager.java:8353)
07-19 23:02:40.381 11999 11999 W PackageManager: at com.upgadata.up7723.install.ApkInstallUtils.z(ApkInstallUtils.kt:13)
07-19 23:02:40.381 11999 11999 W PackageManager: at com.upgadata.up7723.install.ApkInstallUtils$isBlackBoxGameInstalled$3.invoke(ApkIns tallUtils.kt:3)
07-19 23:02:40.381 11999 11999 W PackageManager: at com.upgadata.up7723.install.ApkInstallUtils$isBlackBoxGameInstalled$3.invoke(ApkIns tallUtils.kt:1)
07-19 23:02:40.381 11999 11999 W PackageManager: at com.upgadata.up7723.install.o.c(CommonUtils.kt:14)
07-19 23:02:40.381 11999 11999 W PackageManager: at com.upgadata.up7723.install.ApkInstallUtils.v(ApkInstallUtils.kt:5)
07-19 23:02:40.381 11999 11999 W PackageManager: at com.upgadata.up7723.widget.view.DownLoadView.setDownloadState(DownLoadView.java:104 )
07-19 23:02:40.381 11999 11999 W PackageManager: at com.upgadata.up7723.widget.view.DownLoadView.R(DownLoadView.java:10)
07-19 23:02:40.381 11999 11999 W PackageManager: at com.upgadata.up7723.widget.view.DownLoadView.p0(DownLoadView.java:18)
07-19 23:02:40.381 11999 11999 W PackageManager: at com.upgadata.up7723.widget.view.DownLoadView.setData(DownLoadView.java:129)
07-19 23:02:40.381 11999 11999 W PackageManager: at com.upgadata.up7723.game.detail.adapter.v.d(DetailOtherAdapter.java:21)
07-19 23:02:40.381 11999 11999 W PackageManager: at com.upgadata.up7723.game.detail.adapter.v.onBindViewHolder(DetailOtherAdapter.java: 1)
07-19 23:02:40.381 11999 11999 W PackageManager: at androidx.recyclerview.widget.RecyclerView$Adapter.onBindViewHolder(RecyclerView.jav a:1)
07-19 23:02:40.381 11999 11999 W PackageManager: at androidx.recyclerview.widget.RecyclerView$Adapter.bindViewHolder(RecyclerView.java: 6)
07-19 23:02:40.381 11999 11999 W PackageManager: at androidx.recyclerview.widget.RecyclerView$Recycler.B(RecyclerView.java:6)
07-19 23:02:40.381 11999 11999 W PackageManager: at androidx.recyclerview.widget.RecyclerView$Recycler.C(RecyclerView.java:55)
07-19 23:02:40.381 11999 11999 W PackageManager: at androidx.recyclerview.widget.RecyclerView$Recycler.l(RecyclerView.java:1)
07-19 23:02:40.381 11999 11999 W PackageManager: at androidx.recyclerview.widget.RecyclerView$Recycler.getViewForPosition(RecyclerView. java:1)
07-19 23:02:40.381 11999 11999 W PackageManager: at androidx.recyclerview.widget.LinearLayoutManager$LayoutState.c(LinearLayoutManager. java:3)
07-19 23:02:40.381 11999 11999 W PackageManager: at androidx.recyclerview.widget.GridLayoutManager.layoutChunk(GridLayoutManager.java:1 2)
07-19 23:02:40.381 11999 11999 W PackageManager: at androidx.recyclerview.widget.LinearLayoutManager.fill(LinearLayoutManager.java:9)
07-19 23:02:40.381 11999 11999 W PackageManager: at androidx.recyclerview.widget.LinearLayoutManager.onLayoutChildren(LinearLayoutManag er.java:64)
07-19 23:02:40.381 11999 11999 W PackageManager: at androidx.recyclerview.widget.GridLayoutManager.onLayoutChildren(GridLayoutManager.j ava:3)
07-19 23:02:40.381 11999 11999 W PackageManager: at androidx.recyclerview.widget.RecyclerView.dispatchLayoutStep2(RecyclerView.java:8)
07-19 23:02:40.381 11999 11999 W PackageManager: at androidx.recyclerview.widget.RecyclerView.onMeasure(RecyclerView.java:12)
07-19 23:02:40.381 11999 11999 W PackageManager: at android.view.View.measure(View.java:27984)
07-19 23:02:40.381 11999 11999 W PackageManager: at android.view.ViewGroup.measureChildWithMargins(ViewGroup.java:7083)
07-19 23:02:40.381 11999 11999 W PackageManager: at android.widget.LinearLayout.measureChildBeforeLayout(LinearLayout.java:1608)
07-19 23:02:40.381 11999 11999 W PackageManager: at android.widget.LinearLayout.measureVertical(LinearLayout.java:878)
07-19 23:02:40.381 11999 11999 W PackageManager: at android.widget.LinearLayout.onMeasure(LinearLayout.java:721)
07-19 23:02:40.381 11999 11999 W PackageManager: at android.view.View.measure(View.java:27984)
07-19 23:02:40.381 11999 11999 W PackageManager: at android.view.ViewGroup.measureChildWithMargins(ViewGroup.java:7083)
07-19 23:02:40.381 11999 11999 W PackageManager: at android.widget.LinearLayout.measureChildBeforeLayout(LinearLayout.java:1608)
07-19 23:02:40.381 11999 11999 W PackageManager: at android.widget.LinearLayout.measureVertical(LinearLayout.java:878)
07-19 23:02:40.381 11999 11999 W PackageManager: at android.widget.LinearLayout.onMeasure(LinearLayout.java:721)
07-19 23:02:40.381 11999 11999 W PackageManager: at android.view.View.measure(View.java:27984)
07-19 23:02:40.381 11999 11999 W PackageManager: at android.widget.ScrollView.measureChildWithMargins(ScrollView.java:1482)
07-19 23:02:40.381 11999 11999 W PackageManager: at android.widget.FrameLayout.onMeasure(FrameLayout.java:194)
07-19 23:02:40.381 11999 11999 W PackageManager: at android.widget.ScrollView.onMeasure(ScrollView.java:466)
07-19 23:02:40.381 11999 11999 W PackageManager: at android.view.View.measure(View.java:27984)
07-19 23:02:40.381 11999 11999 W PackageManager: at androidx.viewpager.widget.ViewPager.onMeasure(ViewPager.java:33)
07-19 23:02:40.381 11999 11999 W PackageManager: at android.view.View.measure(View.java:27984)
07-19 23:02:40.381 11999 11999 W PackageManager: at android.view.ViewGroup.measureChildWithMargins(ViewGroup.java:7083)
07-19 23:02:40.381 11999 11999 W PackageManager: at android.widget.LinearLayout.measureChildBeforeLayout(LinearLayout.java:1608)
07-19 23:02:40.381 11999 11999 W PackageManager: at android.widget.LinearLayout.measureVertical(LinearLayout.java:878)
07-19 23:02:40.381 11999 11999 W PackageManager: at android.widget.LinearLayout.onMeasure(LinearLayout.java:721)
07-19 23:02:40.381 11999 11999 W PackageManager: at android.view.View.measure(View.java:27984)
07-19 23:02:40.381 11999 11999 W PackageManager: at android.view.ViewGroup.measureChildWithMargins(ViewGroup.java:7083)
07-19 23:02:40.381 11999 11999 W PackageManager: at android.widget.LinearLayout.measureChildBeforeLayout(LinearLayout.java:1608)
07-19 23:02:40.381 11999 11999 W PackageManager: at android.widget.LinearLayout.measureVertical(LinearLayout.java:878)
07-19 23:02:40.381 11999 11999 W PackageManager: at android.widget.LinearLayout.onMeasure(LinearLayout.java:721)
07-19 23:02:40.381 11999 11999 W PackageManager: at com.upgadata.up7723.widget.view.StickyNavLayout2.onMeasure(StickyNavLayout2.java:1)
07-19 23:02:40.381 11999 11999 W PackageManager: at android.view.View.measure(View.java:27984)
07-19 23:02:40.381 11999 11999 W PackageManager: at android.widget.RelativeLayout.measureChildHorizontal(RelativeLayout.java:735)
07-19 23:02:40.381 11999 11999 W PackageManager: at android.widget.RelativeLayout.onMeasure(RelativeLayout.java:481)
07-19 23:02:40.381 11999 11999 W PackageManager: at android.view.View.measure(View.java:27984)
07-19 23:02:40.381 11999 11999 W PackageManager: at android.view.ViewGroup.measureChildWithMargins(ViewGroup.java:7083)
07-19 23:02:40.381 11999 11999 W PackageManager: at android.widget.FrameLayout.onMeasure(FrameLayout.java:194)
07-19 23:02:40.381 11999 11999 W PackageManager: at androidx.appcompat.widget.ContentFrameLayout.onMeasure(ContentFrameLayout.java:21)
07-19 23:02:40.381 11999 11999 W PackageManager: at android.view.View.measure(View.java:27984)
07-19 23:02:40.381 11999 11999 W PackageManager: at android.view.ViewGroup.measureChildWithMargins(ViewGroup.java:7083)
07-19 23:02:40.381 11999 11999 W PackageManager: at android.widget.LinearLayout.measureChildBeforeLayout(LinearLayout.java:1608)
07-19 23:02:40.381 11999 11999 W PackageManager: at android.widget.LinearLayout.measureVertical(LinearLayout.java:878)
07-19 23:02:40.381 11999 11999 W PackageManager: at android.widget.LinearLayout.onMeasure(LinearLayout.java:721)
07-19 23:02:40.381 11999 11999 W PackageManager: at android.view.View.measure(View.java:27984)
07-19 23:02:40.381 11999 11999 W PackageManager: at android.view.ViewGroup.measureChildWithMargins(ViewGroup.java:7083)
07-19 23:02:40.381 11999 11999 W PackageManager: at android.widget.FrameLayout.onMeasure(FrameLayout.java:194)
07-19 23:02:40.381 11999 11999 W PackageManager: at android.view.View.measure(View.java:27984)
07-19 23:02:40.381 11999 11999 W PackageManager: at android.view.ViewGroup.measureChildWithMargins(ViewGroup.java:7083)
07-19 23:02:40.381 11999 11999 W PackageManager: at android.widget.LinearLayout.measureChildBeforeLayout(LinearLayout.java:1608)
07-19 23:02:40.381 11999 11999 W PackageManager: at android.widget.LinearLayout.measureVertical(LinearLayout.java:878)
07-19 23:02:40.381 11999 11999 W PackageManager: at android.widget.LinearLayout.onMeasure(LinearLayout.java:721)
07-19 23:02:40.381 11999 11999 W PackageManager: at android.view.View.measure(View.java:27984)
07-19 23:02:40.381 11999 11999 W PackageManager: at android.view.ViewGroup.measureChildWithMargins(ViewGroup.java:7083)
07-19 23:02:40.381 11999 11999 W PackageManager: at android.widget.FrameLayout.onMeasure(FrameLayout.java:194)
07-19 23:02:40.381 11999 11999 W PackageManager: at android.view.View.measure(View.java:27984)
07-19 23:02:40.381 11999 11999 W PackageManager: at android.view.ViewGroup.measureChildWithMargins(ViewGroup.java:7083)
07-19 23:02:40.381 11999 11999 W PackageManager: at android.widget.FrameLayout.onMeasure(FrameLayout.java:194)
07-19 23:02:40.381 11999 11999 W PackageManager: at com.android.internal.policy.DecorView.onMeasure(DecorView.java:813)
07-19 23:02:40.381 11999 11999 W PackageManager: at android.view.View.measure(View.java:27984)
07-19 23:02:40.381 11999 11999 W PackageManager: at android.view.ViewRootImpl.performMeasure(ViewRootImpl.java:4701)
07-19 23:02:40.381 11999 11999 W PackageManager: at android.view.ViewRootImpl.measureHierarchy(ViewRootImpl.java:3221)
07-19 23:02:40.381 11999 11999 W PackageManager: at android.view.ViewRootImpl.performTraversals(ViewRootImpl.java:3577)
07-19 23:02:40.381 11999 11999 W PackageManager: at android.view.ViewRootImpl.doTraversal(ViewRootImpl.java:2919)
07-19 23:02:40.381 11999 11999 W PackageManager: at android.view.ViewRootImpl$TraversalRunnable.run(ViewRootImpl.java:10188)
07-19 23:02:40.381 11999 11999 W PackageManager: at android.view.Choreographer$CallbackRecord.run(Choreographer.java:1623)
07-19 23:02:40.381 11999 11999 W PackageManager: at android.view.Choreographer$CallbackRecord.run(Choreographer.java:1632)
07-19 23:02:40.381 11999 11999 W PackageManager: at android.view.Choreographer.doCallbacks(Choreographer.java:1172)
07-19 23:02:40.381 11999 11999 W PackageManager: at android.view.Choreographer.doFrame(Choreographer.java:1076)
07-19 23:02:40.381 11999 11999 W PackageManager: at android.view.Choreographer$FrameDisplayEventReceiver.run(Choreographer.java:1602)
07-19 23:02:40.381 11999 11999 W PackageManager: at android.os.Handler.handleCallback(Handler.java:958)
07-19 23:02:40.381 11999 11999 W PackageManager: at android.os.Handler.dispatchMessage(Handler.java:99)
07-19 23:02:40.381 11999 11999 W PackageManager: at android.os.Looper.loopOnce(Looper.java:224)
07-19 23:02:40.381 11999 11999 W PackageManager: at android.os.Looper.loop(Looper.java:318)
07-19 23:02:40.381 11999 11999 W PackageManager: at android.app.ActivityThread.main(ActivityThread.java:8653)
07-19 23:02:40.381 11999 11999 W PackageManager: at java.lang.reflect.Method.invoke(Native Method)
07-19 23:02:40.381 11999 11999 W PackageManager: at com.android.internal.os.RuntimeInit$MethodAndArgsCaller.run(RuntimeInit.java:561)
07-19 23:02:40.381 11999 11999 W PackageManager: at com.android.internal.os.ZygoteInit.main(ZygoteInit.java:1013)
07-19 23:02:40.385 11999 11999 W ziparchive: Unable to open '/data/user/0/com.upgadata.up7723/bzBox/data/app/com.gameloft.android.ANMP.GloftM4H M/base.apk': No such file or directory
07-19 23:02:40.385 11999 11999 E upgadata.up7723: Failed to open APK '/data/user/0/com.upgadata.up7723/bzBox/data/app/com.gameloft.android.ANMP.GloftM4H M/base.apk': I/O error
07-19 23:02:40.386 11999 11999 W PackageManager: Failure to parse package archive
07-19 23:02:40.386 11999 11999 W PackageManager: android.content.pm.PackageParser$PackageParserException: Failed to parse /data/user/0/com.upgadata.up7723/bzBox/data/app/com.gameloft.android.ANMP.GloftM4HM /base.apk
07-19 23:02:40.386 11999 11999 W PackageManager: at android.content.pm.PackageParser.parseApkLiteInner(PackageParser.java:1506)
07-19 23:02:40.386 11999 11999 W PackageManager: at android.content.pm.PackageParser.parseApkLite(PackageParser.java:1477)
07-19 23:02:40.386 11999 11999 W PackageManager: at android.content.pm.PackageParser.parseMonolithicPackageLite(PackageParser.java:980)
07-19 23:02:40.386 11999 11999 W PackageManager: at android.content.pm.PackageParser.parseMonolithicPackage(PackageParser.java:1189)
07-19 23:02:40.386 11999 11999 W PackageManager: at android.content.pm.PackageParser.parsePackage(PackageParser.java:1103)
07-19 23:02:40.386 11999 11999 W PackageManager: at android.content.pm.PackageManager.getPackageArchiveInfo(PackageManager.java:8376)
07-19 23:02:40.386 11999 11999 W PackageManager: at android.content.pm.PackageManager.getPackageArchiveInfo(PackageManager.java:8353)
07-19 23:02:40.386 11999 11999 W PackageManager: at com.upgadata.up7723.install.ApkInstallUtils.z(ApkInstallUtils.kt:13)
07-19 23:02:40.386 11999 11999 W PackageManager: at com.upgadata.up7723.install.ApkInstallUtils$isBlackBoxGameInstalled$3.invoke(ApkIns tallUtils.kt:3)
07-19 23:02:40.386 11999 11999 W PackageManager: at com.upgadata.up7723.install.ApkInstallUtils$isBlackBoxGameInstalled$3.invoke(ApkIns tallUtils.kt:1)
07-19 23:02:40.386 11999 11999 W PackageManager: at com.upgadata.up7723.install.o.c(CommonUtils.kt:14)
07-19 23:02:40.386 11999 11999 W PackageManager: at com.upgadata.up7723.install.ApkInstallUtils.v(ApkInstallUtils.kt:5)
07-19 23:02:40.386 11999 11999 W PackageManager: at com.upgadata.up7723.widget.view.DownLoadView.setDownloadState(DownLoadView.java:104 )
07-19 23:02:40.386 11999 11999 W PackageManager: at com.upgadata.up7723.widget.view.DownLoadView.R(DownLoadView.java:10)
07-19 23:02:40.386 11999 11999 W PackageManager: at com.upgadata.up7723.widget.view.DownLoadView.p0(DownLoadView.java:18)
07-19 23:02:40.386 11999 11999 W PackageManager: at com.upgadata.up7723.widget.view.DownLoadView.setData(DownLoadView.java:129)
07-19 23:02:40.386 11999 11999 W PackageManager: at com.upgadata.up7723.game.detail.adapter.v.d(DetailOtherAdapter.java:21)
07-19 23:02:40.386 11999 11999 W PackageManager: at com.upgadata.up7723.game.detail.adapter.v.onBindViewHolder(DetailOtherAdapter.java: 1)
07-19 23:02:40.386 11999 11999 W PackageManager: at androidx.recyclerview.widget.RecyclerView$Adapter.onBindViewHolder(RecyclerView.jav a:1)
07-19 23:02:40.386 11999 11999 W PackageManager: at androidx.recyclerview.widget.RecyclerView$Adapter.bindViewHolder(RecyclerView.java: 6)
07-19 23:02:40.386 11999 11999 W PackageManager: at androidx.recyclerview.widget.RecyclerView$Recycler.B(RecyclerView.java:6)
07-19 23:02:40.386 11999 11999 W PackageManager: at androidx.recyclerview.widget.RecyclerView$Recycler.C(RecyclerView.java:55)
07-19 23:02:40.386 11999 11999 W PackageManager: at androidx.recyclerview.widget.RecyclerView$Recycler.l(RecyclerView.java:1)
07-19 23:02:40.386 11999 11999 W PackageManager: at androidx.recyclerview.widget.RecyclerView$Recycler.getViewForPosition(RecyclerView. java:1)
07-19 23:02:40.386 11999 11999 W PackageManager: at androidx.recyclerview.widget.LinearLayoutManager$LayoutState.c(LinearLayoutManager. java:3)
07-19 23:02:40.386 11999 11999 W PackageManager: at androidx.recyclerview.widget.GridLayoutManager.layoutChunk(GridLayoutManager.java:1 2)
07-19 23:02:40.386 11999 11999 W PackageManager: at androidx.recyclerview.widget.LinearLayoutManager.fill(LinearLayoutManager.java:9)
07-19 23:02:40.386 11999 11999 W PackageManager: at androidx.recyclerview.widget.LinearLayoutManager.onLayoutChildren(LinearLayoutManag er.java:64)
07-19 23:02:40.386 11999 11999 W PackageManager: at androidx.recyclerview.widget.GridLayoutManager.onLayoutChildren(GridLayoutManager.j ava:3)
07-19 23:02:40.386 11999 11999 W PackageManager: at androidx.recyclerview.widget.RecyclerView.dispatchLayoutStep2(RecyclerView.java:8)
07-19 23:02:40.386 11999 11999 W PackageManager: at androidx.recyclerview.widget.RecyclerView.onMeasure(RecyclerView.java:12)
07-19 23:02:40.386 11999 11999 W PackageManager: at android.view.View.measure(View.java:27984)
07-19 23:02:40.386 11999 11999 W PackageManager: at android.view.ViewGroup.measureChildWithMargins(ViewGroup.java:7083)
07-19 23:02:40.386 11999 11999 W PackageManager: at android.widget.LinearLayout.measureChildBeforeLayout(LinearLayout.java:1608)
07-19 23:02:40.386 11999 11999 W PackageManager: at android.widget.LinearLayout.measureVertical(LinearLayout.java:878)
07-19 23:02:40.386 11999 11999 W PackageManager: at android.widget.LinearLayout.onMeasure(LinearLayout.java:721)
07-19 23:02:40.386 11999 11999 W PackageManager: at android.view.View.measure(View.java:27984)
07-19 23:02:40.386 11999 11999 W PackageManager: at android.view.ViewGroup.measureChildWithMargins(ViewGroup.java:7083)
07-19 23:02:40.386 11999 11999 W PackageManager: at android.widget.LinearLayout.measureChildBeforeLayout(LinearLayout.java:1608)
07-19 23:02:40.386 11999 11999 W PackageManager: at android.widget.LinearLayout.measureVertical(LinearLayout.java:878)
07-19 23:02:40.386 11999 11999 W PackageManager: at android.widget.LinearLayout.onMeasure(LinearLayout.java:721)
07-19 23:02:40.386 11999 11999 W PackageManager: at android.view.View.measure(View.java:27984)
07-19 23:02:40.386 11999 11999 W PackageManager: at android.widget.ScrollView.measureChildWithMargins(ScrollView.java:1482)
07-19 23:02:40.386 11999 11999 W PackageManager: at android.widget.FrameLayout.onMeasure(FrameLayout.java:194)
07-19 23:02:40.386 11999 11999 W PackageManager: at android.widget.ScrollView.onMeasure(ScrollView.java:466)
07-19 23:02:40.386 11999 11999 W PackageManager: at android.view.View.measure(View.java:27984)
07-19 23:02:40.386 11999 11999 W PackageManager: at androidx.viewpager.widget.ViewPager.onMeasure(ViewPager.java:33)
07-19 23:02:40.386 11999 11999 W PackageManager: at android.view.View.measure(View.java:27984)
07-19 23:02:40.386 11999 11999 W PackageManager: at android.view.ViewGroup.measureChildWithMargins(ViewGroup.java:7083)
07-19 23:02:40.386 11999 11999 W PackageManager: at android.widget.LinearLayout.measureChildBeforeLayout(LinearLayout.java:1608)
07-19 23:02:40.386 11999 11999 W PackageManager: at android.widget.LinearLayout.measureVertical(LinearLayout.java:878)
07-19 23:02:40.386 11999 11999 W PackageManager: at android.widget.LinearLayout.onMeasure(LinearLayout.java:721)
07-19 23:02:40.386 11999 11999 W PackageManager: at android.view.View.measure(View.java:27984)
07-19 23:02:40.386 11999 11999 W PackageManager: at android.view.ViewGroup.measureChildWithMargins(ViewGroup.java:7083)
07-19 23:02:40.386 11999 11999 W PackageManager: at android.widget.LinearLayout.measureChildBeforeLayout(LinearLayout.java:1608)
07-19 23:02:40.386 11999 11999 W PackageManager: at android.widget.LinearLayout.measureVertical(LinearLayout.java:878)
07-19 23:02:40.386 11999 11999 W PackageManager: at android.widget.LinearLayout.onMeasure(LinearLayout.java:721)
07-19 23:02:40.386 11999 11999 W PackageManager: at com.upgadata.up7723.widget.view.StickyNavLayout2.onMeasure(StickyNavLayout2.java:1)
07-19 23:02:40.386 11999 11999 W PackageManager: at android.view.View.measure(View.java:27984)
07-19 23:02:40.386 11999 11999 W PackageManager: at android.widget.RelativeLayout.measureChildHorizontal(RelativeLayout.java:735)
07-19 23:02:40.386 11999 11999 W PackageManager: at android.widget.RelativeLayout.onMeasure(RelativeLayout.java:481)
07-19 23:02:40.386 11999 11999 W PackageManager: at android.view.View.measure(View.java:27984)
07-19 23:02:40.386 11999 11999 W PackageManager: at android.view.ViewGroup.measureChildWithMargins(ViewGroup.java:7083)
07-19 23:02:40.386 11999 11999 W PackageManager: at android.widget.FrameLayout.onMeasure(FrameLayout.java:194)
07-19 23:02:40.386 11999 11999 W PackageManager: at androidx.appcompat.widget.ContentFrameLayout.onMeasure(ContentFrameLayout.java:21)
07-19 23:02:40.386 11999 11999 W PackageManager: at android.view.View.measure(View.java:27984)
07-19 23:02:40.386 11999 11999 W PackageManager: at android.view.ViewGroup.measureChildWithMargins(ViewGroup.java:7083)
07-19 23:02:40.386 11999 11999 W PackageManager: at android.widget.LinearLayout.measureChildBeforeLayout(LinearLayout.java:1608)
07-19 23:02:40.386 11999 11999 W PackageManager: at android.widget.LinearLayout.measureVertical(LinearLayout.java:878)
07-19 23:02:40.386 11999 11999 W PackageManager: at android.widget.LinearLayout.onMeasure(LinearLayout.java:721)
07-19 23:02:40.386 11999 11999 W PackageManager: at android.view.View.measure(View.java:27984)
07-19 23:02:40.386 11999 11999 W PackageManager: at android.view.ViewGroup.measureChildWithMargins(ViewGroup.java:7083)
07-19 23:02:40.386 11999 11999 W PackageManager: at android.widget.FrameLayout.onMeasure(FrameLayout.java:194)
07-19 23:02:40.386 11999 11999 W PackageManager: at android.view.View.measure(View.java:27984)
07-19 23:02:40.386 11999 11999 W PackageManager: at android.view.ViewGroup.measureChildWithMargins(ViewGroup.java:7083)
07-19 23:02:40.386 11999 11999 W PackageManager: at android.widget.LinearLayout.measureChildBeforeLayout(LinearLayout.java:1608)
07-19 23:02:40.386 11999 11999 W PackageManager: at android.widget.LinearLayout.measureVertical(LinearLayout.java:878)
07-19 23:02:40.386 11999 11999 W PackageManager: at android.widget.LinearLayout.onMeasure(LinearLayout.java:721)
