We take content rights seriously. If you suspect this is your content, claim it here.
Available Formats
Download as TXT, PDF, TXT or read online on Scribd
You are on page 1/ 667
--------- beginning of main
07-19 22:59:59.057 11999 11999 I MMKV : <native-bridge.cpp:101::JNI_OnLoad>
current API level = 34
07-19 22:59:59.057 11999 11999 I MMKV : <MMKV.cpp:156::initialize> version v1.2.2 page size:4096
07-19 22:59:59.057 11999 11999 I MMKV : <MMKV.cpp:167::initialize> armv8 AES instructions is supported
07-19 22:59:59.057 11999 11999 I MMKV : <MMKV.cpp:175::initialize> armv8 CRC32 instructions is supported
07-19 22:59:59.057 11999 11999 I MMKV : <MMKV.cpp:198::initializeMMKV> root dir: /data/user/0/com.upgadata.up7723/files/mmkv
07-19 22:59:59.064 11999 12038 D CompatibilityChangeReporter: Compat change id reported: 149924527; UID 10307; state: ENABLED
07-19 22:59:59.064 11999 12038 D CompatibilityChangeReporter: Compat change id reported: 132649864; UID 10307; state: DISABLED
07-19 22:59:59.076 11999 12043 W libc : Access denied finding property "vendor.migl.debug"
07-19 22:59:59.077 11999 12043 I libMiGL : EnableDR: 0
07-19 22:59:59.084 11999 12038 D CompatibilityChangeReporter: Compat change id reported: 210923482; UID 10307; state: DISABLED
07-19 22:59:59.084 11999 12038 D CompatibilityChangeReporter: Compat change id reported: 37756858; UID 10307; state: ENABLED
07-19 22:59:59.086 11999 11999 D DecorView[]: getWindowModeFromSystem windowmode is 1
07-19 22:59:59.087 11999 12038 D CompatibilityChangeReporter: Compat change id reported: 147798919; UID 10307; state: DISABLED
07-19 22:59:59.093 11999 11999 W libc : Access denied finding property "ro.vendor.df.effect.conflict"
07-19 22:59:59.090 11999 11999 W upgadata.up7723: type=1400 audit(0.0:465716): avc: denied { read } for name="u:object_r:vendor_displayfeature_prop:s0" dev="tmpfs" ino=440 scontext=u:r:untrusted_app_27:s0:c51,c257,c512,c768 tcontext=u:object_r:vendor_displayfeature_prop:s0 tclass=file permissive=0 app=com.upgadata.up7723
07-19 22:59:59.095 11999 12038 W System.err: java.lang.NoSuchFieldException: No field mHiddenApiWarningShown in class Landroid/app/ActivityThread; (declaration of 'android.app.ActivityThread' appears in /system/framework/framework.jar)
07-19 22:59:59.096 11999 12038 W System.err: at java.lang.Class.getDeclaredField(Native Method)
07-19 22:59:59.096 11999 12038 W System.err: at com.upgadata.up7723.MyApplication.closeAndroidPDialog(MyApplication.java:9)
07-19 22:59:59.096 11999 12038 W System.err: at com.upgadata.up7723.MyApplication.init(MyApplication.java:11)
07-19 22:59:59.096 11999 12038 W System.err: at com.upgadata.up7723.MyApplication.access$000(MyApplication.java:1)
07-19 22:59:59.096 11999 12038 W System.err: at com.upgadata.up7723.MyApplication$a.run(MyApplication.java:2)
07-19 22:59:59.096 11999 11999 D ScrollerOptimizationManager: registerConfigChangedListener
07-19 22:59:59.097 11999 12056 D nativeloader: Configuring clns-6 for other apk /system_ext/app/miuisystem/miuisystem.apk. target_sdk_version=33, uses_libraries=ALL, library_path=/product/app/MiuiContentCatcherMIUI15/lib/arm64:/product/app/ MiuiContentCatcherMIUI15/MiuiContentCatcherMIUI15.apk!/lib/arm64-v8a:/system_ext/ priv-app/RtMiCloudSDK/RtMiCloudSDK.apk!/lib/arm64-v8a:/system_ext/app/miuisystem/ miuisystem.apk!/lib/arm64-v8a, permitted_path=/data:/mnt/expand
07-19 22:59:59.097 11999 12056 D nativeloader: Extending system_exposed_libraries: libbinauralrenderer_wrapper.qti.so:libhoaeffects.qti.so:libQOC.qti.so:libmisys_jni. xiaomi.so:libupdateprof.qti.so:libthermalclient.qti.so:libQOC.qti.so:libdiag_system .qti.so:libqape.qti.so:libqesdk_ndk_platform.qti.so:liblistenjni.qti.so
07-19 22:59:59.099 11999 12059 D TrafficStats: tagSocket(109) with statsTag=0xffffffff, statsUid=-1
07-19 22:59:59.100 11999 12056 D nativeloader: Configuring clns-7 for other apk /system_ext/priv-app/RtMiCloudSDK/RtMiCloudSDK.apk. target_sdk_version=33, uses_libraries=ALL, library_path=/product/app/MiuiContentCatcherMIUI15/lib/arm64:/product/app/ MiuiContentCatcherMIUI15/MiuiContentCatcherMIUI15.apk!/lib/arm64-v8a:/system_ext/ priv-app/RtMiCloudSDK/RtMiCloudSDK.apk!/lib/arm64-v8a:/system_ext/app/miuisystem/ miuisystem.apk!/lib/arm64-v8a, permitted_path=/data:/mnt/expand
07-19 22:59:59.100 11999 12056 D nativeloader: Extending system_exposed_libraries: libbinauralrenderer_wrapper.qti.so:libhoaeffects.qti.so:libQOC.qti.so:libmisys_jni. xiaomi.so:libupdateprof.qti.so:libthermalclient.qti.so:libQOC.qti.so:libdiag_system .qti.so:libqape.qti.so:libqesdk_ndk_platform.qti.so:liblistenjni.qti.so
07-19 22:59:59.100 11999 12063 I DpmTcmClient: RegisterTcmMonitor from: $Proxy3
07-19 22:59:59.102 11999 12063 D TrafficStats: tagSocket(113) with statsTag=0xffffffff, statsUid=-1
07-19 22:59:59.102 11999 12062 D TrafficStats: tagSocket(112) with statsTag=0xffffffff, statsUid=-1
07-19 22:59:59.103 11999 12056 D nativeloader: InitLlndkLibrariesProduct: libEGL.so:libGLESv1_CM.so:libGLESv2.so:libGLESv3.so:libRS.so:libandroid_net.so:libb inder_ndk.so:libc.so:libcgrouprc.so:libclang_rt.asan-aarch64- android.so:libclang_rt.asan-arm-android.so:libclang_rt.hwasan-aarch64- android.so:libcom.android.tethering.connectivity_native.so:libdl.so:libft2.so:liblo g.so:libm.so:libmediandk.so:libnativewindow.so:libneuralnetworks.so:libselinux.so:l ibsync.so:libvndksupport.so:libvulkan.so
07-19 22:59:59.103 11999 12056 D nativeloader: Configuring product-clns-8 for unbundled product apk /product/app/MiuiContentCatcherMIUI15/MiuiContentCatcherMIUI15.apk. target_sdk_version=33, uses_libraries=, library_path=/product/app/MiuiContentCatcherMIUI15/lib/arm64:/product/app/ MiuiContentCatcherMIUI15/MiuiContentCatcherMIUI15.apk!/lib/arm64-v8a:/system_ext/ priv-app/RtMiCloudSDK/RtMiCloudSDK.apk!/lib/arm64-v8a:/system_ext/app/miuisystem/ miuisystem.apk!/lib/arm64-v8a:/product/lib64:/system/product/lib64, permitted_path=/data:/mnt/expand:/product/lib64:/system/product/lib64
07-19 22:59:59.104 11999 12056 D nativeloader: InitVndkspLibrariesProduct: android.hardware.common-V2-ndk.so:android.hardware.common-V2- ndk_platform.so:android.hardware.common.fmq-V1-ndk.so:android.hardware.common.fmq- V1-ndk_platform.so:android.hardware.graphics.allocator-V2- ndk.so:android.hardware.graphics.allocator-V2- ndk_platform.so:android.hardware.graphics.common-V4- ndk.so:android.hardware.graphics.common-V4- ndk_platform.so:[email protected]:android.hardware.graphics.c [email protected]:[email protected]:android.hardware.graphics.comp oser3-V1-ndk.so:android.hardware.graphics.composer3-V1- ndk_platform.so:[email protected]:android.hardware.graphics.m [email protected]:[email protected]:android.hardware.graphics.mapp [email protected]:[email protected]:[email protected]:and [email protected] impl.so:[email protected]:[email protected]:libRSCpuRef.so:li bRSDriver.so:libRS_internal.so:libbase.so:libbcinfo.so:libblas.so:libc++.so:lib
07-19 22:59:59.106 11999 12056 D ContentCatcher_injector: Interceptor : Init Interceptor for Activity com.upgadata.up7723.main.activity.SplashActivity@334f466
07-19 22:59:59.106 11999 12056 D ViewContentFactory: initViewContentFetcherClass
07-19 22:59:59.106 11999 12056 D ViewContentFactory: getInterceptorPackageInfo
07-19 22:59:59.106 11999 12056 D ViewContentFactory: getInitialApplication took 0ms
07-19 22:59:59.106 11999 12056 D ViewContentFactory: packageInfo.packageName: com.miui.contentcatcher
07-19 22:59:59.107 11999 12056 D ViewContentFactory: initViewContentFetcherClass took 0ms
07-19 22:59:59.107 11999 12056 I ContentCatcher: ViewContentFetcher : ViewContentFetcher
07-19 22:59:59.107 11999 12056 D ViewContentFactory: createInterceptor took 2ms
07-19 22:59:59.107 11999 12056 D ContentCatcher_injector: Interceptor : notifyActivityCreate: com.upgadata.up7723@com.upgadata.up7723.main.activity.SplashActivity@53802086
07-19 22:59:59.108 11999 12063 I Pinger : Ping response: `ping ok`, pinged? true
07-19 22:59:59.108 11999 12059 I HttpProxyCacheServer: Proxy cache server started. Is it alive? true --------- beginning of system
07-19 22:59:59.108 11999 12056 E ContentCatcherManager: failed to get ContentCatcherService.
07-19 22:59:59.108 11999 12056 E ContentCatcherManager: failed to get ContentCatcherService.
07-19 22:59:59.108 11999 12056 D ContentCatcher_injector: Interceptor : NOT interest in this page: com.upgadata.up7723@com.upgadata.up7723.main.activity.SplashActivity@53802086
07-19 22:59:59.108 11999 12056 D ContentCatcher_catcher: CatcherHolder : mCatcherList size: 0
07-19 22:59:59.119 11999 12038 D CompatibilityChangeReporter: Compat change id reported: 263076149; UID 10307; state: DISABLED
07-19 22:59:59.129 11999 12056 D ContentCatcher_injector: Interceptor : notifyActivityStart: com.upgadata.up7723@com.upgadata.up7723.main.activity.SplashActivity@53802086
07-19 22:59:59.129 11999 12056 D ContentCatcher_catcher: CatcherHolder : mCatcherList size: 0
07-19 22:59:59.130 11999 12056 D ContentCatcher_injector: Interceptor : notifyActivityResume: com.upgadata.up7723@com.upgadata.up7723.main.activity.SplashActivity@53802086
07-19 22:59:59.131 11999 12056 D ContentCatcher_catcher: CatcherHolder : mCatcherList size: 0
07-19 22:59:59.137 11999 12074 W SQLiteLog: (28) double-quoted string literal: "UjftmJwNeB//pVBx7mhtEd2g38gb+4kfcDbjsaEe8sQyIMeoz740BxS5IkNXoc8I
07-19 22:59:59.137 11999 12074 W SQLiteLog: "
07-19 22:59:59.137 11999 12074 W SQLiteLog: (28) double-quoted string literal: "EE211CA154DA331FCBDEEBF167FE737E"
07-19 22:59:59.137 11999 12074 W SQLiteLog: (28) double-quoted string literal: "1719620360496"
07-19 22:59:59.137 11999 12074 W SQLiteLog: (28) double-quoted string literal: "EE211CA154DA331FCBDEEBF167FE737E"
07-19 22:59:59.138 11999 12074 W SQLiteLog: (28) double-quoted string literal: "1719620360496"
07-19 22:59:59.138 11999 12074 W SQLiteLog: (28) double-quoted string literal: "0"
07-19 22:59:59.138 11999 12074 W SQLiteLog: (28) double-quoted string literal: ""
07-19 22:59:59.138 11999 12074 W SQLiteLog: (28) double-quoted string literal: ""
07-19 22:59:59.138 11999 12074 W SQLiteLog: (28) double-quoted string literal: "EE211CA154DA331FCBDEEBF167FE737E"
07-19 22:59:59.140 11999 11999 D CompatibilityChangeReporter: Compat change id reported: 237531167; UID 10307; state: DISABLED
07-19 22:59:59.140 11999 12080 W ziparchive: Unable to open '/system/framework/QXPerformance.dm': No such file or directory
07-19 22:59:59.140 11999 12080 W ziparchive: Unable to open '/system/framework/QXPerformance.dm': No such file or directory
07-19 22:59:59.148 11999 11999 I ViewRootImpl: com.upgadata.up7723/com.upgadata.up7723.main.activity.SplashActivity use first frame acceleration
07-19 22:59:59.150 11999 12074 E upgadata.up7723: Invalid resource ID 0x00000000.
07-19 22:59:59.153 11999 12038 D CompatibilityChangeReporter: Compat change id reported: 170188668; UID 10307; state: DISABLED
07-19 22:59:59.153 11999 12038 W System.err: java.lang.ClassNotFoundException: com.huawei.system.BuildEx
07-19 22:59:59.153 11999 12038 W System.err: at java.lang.Class.classForName(Native Method)
07-19 22:59:59.153 11999 12038 W System.err: at java.lang.Class.forName(Class.java:536)
07-19 22:59:59.153 11999 12038 W System.err: at java.lang.Class.forName(Class.java:467)
07-19 22:59:59.153 11999 12038 W System.err: at bzdevicesinfo.x.x(SourceFile:1)
07-19 22:59:59.153 11999 12038 W System.err: at bzdevicesinfo.y.d(SourceFile:28)
07-19 22:59:59.153 11999 12038 W System.err: at com.bz.devieceinfomod.BzDeviceManager.initSdk(SourceFile:1)
07-19 22:59:59.153 11999 12038 W System.err: at com.upgadata.up7723.http.utils.i.f(PhoneParamsUtil.java:20)
07-19 22:59:59.153 11999 12038 W System.err: at com.upgadata.up7723.MyApplication.initPhone(MyApplication.java:2)
07-19 22:59:59.153 11999 12038 W System.err: at com.upgadata.up7723.MyApplication.init(MyApplication.java:16)
07-19 22:59:59.153 11999 12038 W System.err: at com.upgadata.up7723.MyApplication.access$000(MyApplication.java:1)
07-19 22:59:59.153 11999 12038 W System.err: at com.upgadata.up7723.MyApplication$a.run(MyApplication.java:2)
07-19 22:59:59.153 11999 12038 W System.err: Caused by: java.lang.ClassNotFoundException: com.huawei.system.BuildEx
07-19 22:59:59.153 11999 12038 W System.err: ... 11 more
07-19 22:59:59.171 11999 11999 D VRI[SplashActivity]: vri.reportNextDraw android.view.ViewRootImpl.performTraversals:4279 android.view.ViewRootImpl.doTraversal:2919 android.view.ViewRootImpl$TraversalRunnable.run:10188 android.view.Choreographer$CallbackRecord.run:1623 android.view.Choreographer$CallbackRecord.run:1632
07-19 22:59:59.171 11999 11999 D VRI[SplashActivity]: vri.Setup new sync=wmsSync- VRI[SplashActivity]#0
07-19 22:59:59.172 11999 12041 I AdrenoGLES-0: QUALCOMM build : 7b26bdd942, Iab69c31769
07-19 22:59:59.172 11999 12041 I AdrenoGLES-0: Build Date : 08/28/23
07-19 22:59:59.172 11999 12041 I AdrenoGLES-0: OpenGL ES Shader Compiler Version: E031.41.03.44
07-19 22:59:59.172 11999 12041 I AdrenoGLES-0: Local Branch :
07-19 22:59:59.172 11999 12041 I AdrenoGLES-0: Remote Branch : refs/tags/AU_LINUX_ANDROID_LA.VENDOR.13.2.0.11.00.00.855.659
07-19 22:59:59.172 11999 12041 I AdrenoGLES-0: Remote Branch : NONE
07-19 22:59:59.172 11999 12041 I AdrenoGLES-0: Reconstruct Branch : NOTHING
07-19 22:59:59.172 11999 12041 I AdrenoGLES-0: Build Config : S P 14.1.4 AArch64
07-19 22:59:59.172 11999 12041 I AdrenoGLES-0: Driver Path : /vendor/lib64/egl/libGLESv2_adreno.so
07-19 22:59:59.172 11999 12041 I AdrenoGLES-0: Driver Version : 0676.42
07-19 22:59:59.176 11999 12090 D IdProviderImpl: getOAID from com.upgadata.up7723
07-19 22:59:59.176 11999 12091 D IdProviderImpl: getOAID from com.upgadata.up7723
07-19 22:59:59.177 11999 12041 I AdrenoGLES-0: PFP: 0x01740158, ME: 0x00000000
07-19 22:59:59.180 11999 12090 D IdProviderImpl: getVAID from com.upgadata.up7723
07-19 22:59:59.181 11999 12091 D IdProviderImpl: getVAID from com.upgadata.up7723
07-19 22:59:59.182 11999 12090 D IdProviderImpl: getAAID from com.upgadata.up7723
07-19 22:59:59.182 11999 12091 D IdProviderImpl: getAAID from com.upgadata.up7723
07-19 22:59:59.184 11999 12041 I AdrenoUtils: <ReadGpuID:407>: Reading chip ID through GSL
07-19 22:59:59.188 11999 12041 E libEGL : pre_cache appList: com.sina.weibo,com.ss.android.article.news,com.taobao.taobao,com.smile.gifmaker,com .ss.android.ugc.aweme,com.tencent.mm,tv.danmaku.bili,com.android.provision,com.miui .home,com.android.systemui
07-19 22:59:59.193 11999 12041 I upgadata.up7723: Support FEAS product vermeer:
07-19 22:59:59.193 11999 12038 I eup : register native abi method success
07-19 22:59:59.194 11999 12041 E OpenGLRenderer: Unable to match the desired swap behavior.
07-19 22:59:59.197 11999 12041 D OpenGLRenderer: makeCurrent grContext:0x74fce8e560 reset mTextureAvailable
07-19 22:59:59.199 11999 12041 D upgadata.up7723: MiuiProcessManagerServiceStub setSchedFifo
07-19 22:59:59.199 11999 12041 I MiuiProcessManagerImpl: setSchedFifo pid:11999, mode:3
07-19 22:59:59.202 11999 12092 D TrafficStats: tagSocket(137) with statsTag=0xffffffff, statsUid=-1
07-19 22:59:59.220 11999 12038 W crashsdk: Set: Unknown key 38
07-19 22:59:59.220 11999 12038 W crashsdk: Set: Unknown key 39
07-19 22:59:59.218 11999 11999 W Thread-4: type=1400 audit(0.0:465717): avc: denied { read } for name="version" dev="proc" ino=4026532016 scontext=u:r:untrusted_app_27:s0:c51,c257,c512,c768 tcontext=u:object_r:proc_version:s0 tclass=file permissive=0 app=com.upgadata.up7723
07-19 22:59:59.222 11999 12131 D crashsdk: Native log stat thread 12131 setup, waiting
07-19 22:59:59.223 11999 12038 I crashsdk: begin hack android.os.Process
07-19 22:59:59.223 11999 12038 I crashsdk: end hack android.os.Process
07-19 22:59:59.223 11999 12038 I crashsdk: LibcMalloc detail: disabled.
07-19 22:59:59.225 11999 12041 E libEGL : pre_cache appList: com.sina.weibo,com.ss.android.article.news,com.taobao.taobao,com.smile.gifmaker,com .ss.android.ugc.aweme,com.tencent.mm,tv.danmaku.bili,com.android.provision,com.miui .home,com.android.systemui
07-19 22:59:59.226 11999 12110 E upgadata.up7723: Invalid resource ID 0x00000000.
07-19 22:59:59.226 11999 12139 E upgadata.up7723: Invalid resource ID 0x00000000.
07-19 22:59:59.231 11999 12119 D TrafficStats: tagSocket(184) with statsTag=0xffffffff, statsUid=-1
07-19 22:59:59.234 11999 12093 D TrafficStats: tagSocket(182) with statsTag=0xffffffff, statsUid=-1
07-19 22:59:59.235 11999 12144 D IdProviderImpl: getOAID from com.upgadata.up7723
07-19 22:59:59.237 11999 12038 W upgadata.up7723: Method void qm_m.qm_a.qm_b.qm_b.qm_u.qm_h.qm_e.a(java.lang.String, com.tencent.qqmini.sdk.launcher.model.MiniAppBaseInfo, android.os.Bundle) failed lock verification and will run slower.
07-19 22:59:59.237 11999 12038 W upgadata.up7723: Common causes for lock verification issues are non-optimized dex code
07-19 22:59:59.237 11999 12038 W upgadata.up7723: and incorrect proguard optimizations.
07-19 22:59:59.237 11999 12038 W upgadata.up7723: Method void qm_m.qm_a.qm_b.qm_b.qm_u.qm_h.qm_e.c(java.lang.String, com.tencent.qqmini.sdk.launcher.model.MiniAppBaseInfo, android.os.Bundle) failed lock verification and will run slower.
07-19 22:59:59.237 11999 12038 W upgadata.up7723: Method void qm_m.qm_a.qm_b.qm_b.qm_u.qm_h.qm_e.f(java.lang.String, com.tencent.qqmini.sdk.launcher.model.MiniAppBaseInfo, android.os.Bundle) failed lock verification and will run slower.
07-19 22:59:59.246 11999 11999 W RenderThread: type=1400 audit(0.0:465718): avc: denied { getattr } for path="/sys/module/metis/parameters/minor_window_app" dev="sysfs" ino=77174 scontext=u:r:untrusted_app_27:s0:c51,c257,c512,c768 tcontext=u:object_r:sysfs_migt:s0 tclass=file permissive=0 app=com.upgadata.up7723
07-19 22:59:59.249 11999 11999 D VRI[SplashActivity]: vri.reportDrawFinished
07-19 22:59:59.250 11999 11999 I Choreographer: first vsync insert message into MessageQueue Head
07-19 22:59:59.257 11999 11999 D CompatibilityChangeReporter: Compat change id reported: 160794467; UID 10307; state: DISABLED
07-19 22:59:59.261 11999 11999 I crashsdk: Catcher mask: 5000, 20480
07-19 22:59:59.261 11999 11999 I crashsdk: Catcher thread 12005
07-19 22:59:59.261 11999 11999 D crashsdk: Register ANR handler ...
07-19 22:59:59.267 11999 12074 W SQLiteLog: (28) double-quoted string literal: "C2EDB5F739FFF341B23B9F072D0F8979"
07-19 22:59:59.268 11999 12074 W SQLiteLog: (28) double-quoted string literal: "C2EDB5F739FFF341B23B9F072D0F8979"
07-19 22:59:59.268 11999 12074 W SQLiteLog: (28) double-quoted string literal: ""
07-19 22:59:59.268 11999 12074 W SQLiteLog: (28) double-quoted string literal: "C2EDB5F739FFF341B23B9F072D0F8979"
07-19 22:59:59.268 11999 12074 W SQLiteLog: (28) double-quoted string literal: "-1"
07-19 22:59:59.277 11999 12074 W SQLiteLog: (28) double-quoted string literal: "EE211CA154DA331FCBDEEBF167FE737E"
07-19 22:59:59.280 11999 12075 D CompatibilityChangeReporter: Compat change id reported: 247079863; UID 10307; state: DISABLED
07-19 22:59:59.282 11999 12074 W SQLiteLog: (28) double-quoted string literal: "C2EDB5F739FFF341B23B9F072D0F8979"
07-19 22:59:59.282 11999 12074 W SQLiteLog: (28) double-quoted string literal: ""
07-19 22:59:59.282 11999 12074 W SQLiteLog: (28) double-quoted string literal: "C2EDB5F739FFF341B23B9F072D0F8979"
07-19 22:59:59.282 11999 12074 W SQLiteLog: (28) double-quoted string literal: "-1"
07-19 22:59:59.295 11999 12075 D TrafficStats: tagSocket(214) with statsTag=0xffffffff, statsUid=-1
07-19 22:59:59.296 12168 12168 W libc : Access denied finding property "qemu.hw.mainkeys"
07-19 22:59:59.296 12168 12168 W libc : Access denied finding property "qemu.sf.lcd_density"
07-19 22:59:59.294 12168 12168 W ZIDThreadPoolEx: type=1400 audit(0.0:465719): avc: denied { read } for name="u:object_r:qemu_hw_prop:s0" dev="tmpfs" ino=322 scontext=u:r:untrusted_app_27:s0:c51,c257,c512,c768 tcontext=u:object_r:qemu_hw_prop:s0 tclass=file permissive=0 app=com.upgadata.up7723
07-19 22:59:59.294 12168 12168 W ZIDThreadPoolEx: type=1400 audit(0.0:465720): avc: denied { read } for name="u:object_r:qemu_sf_lcd_density_prop:s0" dev="tmpfs" ino=323 scontext=u:r:untrusted_app_27:s0:c51,c257,c512,c768 tcontext=u:object_r:qemu_sf_lcd_density_prop:s0 tclass=file permissive=0 app=com.upgadata.up7723
07-19 22:59:59.294 12168 12168 W ZIDThreadPoolEx: type=1400 audit(0.0:465721): avc: denied { read } for name="u:object_r:serialno_prop:s0" dev="tmpfs" ino=337 scontext=u:r:untrusted_app_27:s0:c51,c257,c512,c768 tcontext=u:object_r:serialno_prop:s0 tclass=file permissive=0 app=com.upgadata.up7723
07-19 22:59:59.350 12168 12168 I Umeng_ZID: native zid is APEnNvEICEz8C_QaQ- wvMqHbbwMlYDCt4tWtEXZj5xYt1QmWvu73vsSX1- IIVWAaWOxHt6_eESrZE7zEHWmi1PJXfzHSwNoDS4EG9-IOBDzal56_Xek_zTydN_ns-RH3_m- zrlh5EDAUcgUIOTqWJNPYu0dE4IcHaPagUMiaKCGH2Y6DdwAvHSZuFt0Li6u65vtluWGznfg6zTTDJIpnwM BmPD4rUMRCBiG0jeguVNucPmdwXdFKCdDagVTwKKSe0KN5tmSM1z5Rv33pU9sv6Q4kBcgWJFVn0wpY- qcuxQ0hEO8YETUN1Fapkr0sTDxEHCG58AMqw4aAgpCsGsaSSiOJqx7sFKDe- s_m50UC83r_b9CXcnf0crV5a6JvlfUO99m41n7Vho8N7GLGGhXPW6XVC0OsDqEXniECoXx8- 0ZmuoXhFvlcsV4GjsLUHDXKH7_s25mlr6gLWElj-Xpt9G-9nLcwULAlH- n77YqET98M2YBfw_xXg_Dws4svpvv3Q0B0PuOXcnQDHZaWxIoeWWNJZFAmxx70kQ==
07-19 22:59:59.350 12168 12168 I Umeng_ZID:
07-19 22:59:59.365 11999 12162 D TrafficStats: tagSocket(182) with statsTag=0xffffffff, statsUid=-1
07-19 22:59:59.403 11999 12092 D TrafficStats: tagSocket(222) with statsTag=0xffffffff, statsUid=-1
07-19 22:59:59.404 11999 12179 D TrafficStats: tagSocket(226) with statsTag=0xffffffff, statsUid=-1
07-19 22:59:59.412 11999 12180 D TrafficStats: tagSocket(228) with statsTag=0xffffffff, statsUid=-1
07-19 22:59:59.416 11999 12181 D TrafficStats: tagSocket(229) with statsTag=0xffffffff, statsUid=-1
07-19 22:59:59.417 11999 12183 D TrafficStats: tagSocket(230) with statsTag=0xffffffff, statsUid=-1
07-19 22:59:59.424 11999 11999 I HandWritingStubImpl: refreshLastKeyboardType: 1
07-19 22:59:59.424 11999 11999 I HandWritingStubImpl: getCurrentKeyboardType: 1
07-19 22:59:59.432 11999 11999 I HandWritingStubImpl: getCurrentKeyboardType: 1
07-19 22:59:59.476 11999 12075 D TrafficStats: tagSocket(136) with statsTag=0xffffffff, statsUid=-1
07-19 22:59:59.482 11999 11999 W RenderThread: type=1400 audit(0.0:465722): avc: denied { getattr } for path="/sys/module/metis/parameters/minor_window_app" dev="sysfs" ino=77174 scontext=u:r:untrusted_app_27:s0:c51,c257,c512,c768 tcontext=u:object_r:sysfs_migt:s0 tclass=file permissive=0 app=com.upgadata.up7723
07-19 22:59:59.486 11999 11999 W RenderThread: type=1400 audit(0.0:465723): avc: denied { getattr } for path="/sys/module/metis/parameters/minor_window_app" dev="sysfs" ino=77174 scontext=u:r:untrusted_app_27:s0:c51,c257,c512,c768 tcontext=u:object_r:sysfs_migt:s0 tclass=file permissive=0 app=com.upgadata.up7723
07-19 22:59:59.490 11999 12202 D TrafficStats: tagSocket(215) with statsTag=0xffffffff, statsUid=-1
07-19 22:59:59.606 11999 11999 W RenderThread: type=1400 audit(0.0:465724): avc: denied { getattr } for path="/sys/module/metis/parameters/minor_window_app" dev="sysfs" ino=77174 scontext=u:r:untrusted_app_27:s0:c51,c257,c512,c768 tcontext=u:object_r:sysfs_migt:s0 tclass=file permissive=0 app=com.upgadata.up7723
07-19 22:59:59.633 11999 11999 I HandWritingAllyKeyboardTypeStubImpl: isInterceptPerformAccessibilityActionUiThread: arguments == null
07-19 22:59:59.646 11999 12056 D ContentCatcher_injector: Interceptor : notifyActivityPause: com.upgadata.up7723@com.upgadata.up7723.main.activity.SplashActivity@53802086
07-19 22:59:59.646 11999 12056 D ContentCatcher_catcher: CatcherHolder : mCatcherList size: 0
07-19 22:59:59.648 11999 12074 W SQLiteLog: (28) double-quoted string literal: "hggHXs4qBzAxxNF+UcFo5uIb1RGWPZN+fqyRCkVD0osSRz0vHp/Ly0R5j5+rD2l9felzqYpvIgMn
07-19 22:59:59.648 11999 12074 W SQLiteLog: c9E5ASWVJqvD96v+eYcEtO/ZQ0PT+67emZ+Tf5Ko3iDVRGKx+t7c
07-19 22:59:59.648 11999 12074 W SQLiteLog: "
07-19 22:59:59.648 11999 12074 W SQLiteLog: (28) double-quoted string literal: "C2EDB5F739FFF341B23B9F072D0F8979"
07-19 22:59:59.657 11999 11999 D DecorView[]: getWindowModeFromSystem windowmode is 1
07-19 22:59:59.659 11999 12056 D ContentCatcher_injector: Interceptor : Init Interceptor for Activity com.upgadata.up7723.main.activity.HomeActivity@40374fb
07-19 22:59:59.659 11999 12056 D ViewContentFactory: initViewContentFetcherClass
07-19 22:59:59.659 11999 12056 I ContentCatcher: ViewContentFetcher : ViewContentFetcher
07-19 22:59:59.659 11999 12056 D ViewContentFactory: createInterceptor took 0ms
07-19 22:59:59.660 11999 12056 D ContentCatcher_injector: Interceptor : notifyActivityCreate: com.upgadata.up7723@com.upgadata.up7723.main.activity.HomeActivity@67335419
07-19 22:59:59.660 11999 11999 D ScrollerOptimizationManager: registerConfigChangedListener
07-19 22:59:59.660 11999 12056 E ContentCatcherManager: failed to get ContentCatcherService.
07-19 22:59:59.660 11999 12056 E ContentCatcherManager: failed to get ContentCatcherService.
07-19 22:59:59.660 11999 12056 D ContentCatcher_injector: Interceptor : NOT interest in this page: com.upgadata.up7723@com.upgadata.up7723.main.activity.HomeActivity@67335419
07-19 22:59:59.660 11999 12056 D ContentCatcher_catcher: CatcherHolder : mCatcherList size: 0
07-19 22:59:59.690 11999 11999 I MMKV : <MMKV_IO.cpp:81::loadFromFile> loading [mmkv.default] with 3372791 actual size, file size 4194304, InterProcess 0, meta info version:3
07-19 22:59:59.690 11999 11999 I MMKV : <MMKV_IO.cpp:86::loadFromFile> loading [mmkv.default] with crc 1808708676 sequence 19 version 3
07-19 22:59:59.690 11999 11999 I MMKV : <MMKV_IO.cpp:130::loadFromFile> loaded [mmkv.default] with 357 key-values
07-19 22:59:59.692 11999 11999 D EventBus: No subscribers registered for event class bzdevicesinfo.j60
07-19 22:59:59.692 11999 11999 D EventBus: No subscribers registered for event class org.greenrobot.eventbus.h
07-19 22:59:59.696 12222 12222 I libc : SetHeapTaggingLevel: tag level set to 0
07-19 22:59:59.700 12222 12222 I ta.up7723:black: Using CollectorTypeCC GC.
07-19 22:59:59.704 12222 12222 E ta.up7723:black: Not starting debugger since process cannot load the jdwp agent.
07-19 22:59:59.711 12222 12222 I MessageMonitor: Load libmiui_runtime
07-19 22:59:59.713 11999 12090 D IdProviderImpl: getOAID from com.upgadata.up7723
07-19 22:59:59.714 11999 12090 D IdProviderImpl: getVAID from com.upgadata.up7723
07-19 22:59:59.715 11999 12090 D IdProviderImpl: getAAID from com.upgadata.up7723
07-19 22:59:59.718 12222 12222 D CompatibilityChangeReporter: Compat change id reported: 171979766; UID 10307; state: DISABLED
07-19 22:59:59.718 12222 12222 D CompatibilityChangeReporter: Compat change id reported: 242716250; UID 10307; state: DISABLED
07-19 22:59:59.724 12222 12222 D ApplicationLoaders: Returning zygote-cached class loader: /system/framework/android.test.base.jar
07-19 22:59:59.725 12222 12222 D nativeloader: Configuring clns-4 for other apk /system/framework/org.apache.http.legacy.jar. target_sdk_version=28, uses_libraries=ALL, library_path=/data/app/~~h6h2z7ZuVFFHq8yhDzkHFw==/com.upgadata.up7723- 0rd_kCa6kfWjqSar2lEL_A==/lib/arm64:/data/app/~~h6h2z7ZuVFFHq8yhDzkHFw==/ com.upgadata.up7723-0rd_kCa6kfWjqSar2lEL_A==/base.apk!/lib/arm64-v8a, permitted_path=/data:/mnt/expand:/data/user/0/com.upgadata.up7723
07-19 22:59:59.725 12222 12222 D nativeloader: Extending system_exposed_libraries: libbinauralrenderer_wrapper.qti.so:libhoaeffects.qti.so:libQOC.qti.so:libmisys_jni. xiaomi.so:libupdateprof.qti.so:libthermalclient.qti.so:libQOC.qti.so:libdiag_system .qti.so:libqape.qti.so:libqesdk_ndk_platform.qti.so:liblistenjni.qti.so
07-19 22:59:59.730 11999 11999 I MMKV : <MMKV_IO.cpp:81::loadFromFile> loading [InterProcessKV] with 3459 actual size, file size 4096, InterProcess 1, meta info version:3
07-19 22:59:59.730 11999 11999 I MMKV : <MMKV_IO.cpp:86::loadFromFile> loading [InterProcessKV] with crc 1401151949 sequence 10 version 3
07-19 22:59:59.730 11999 11999 I MMKV : <MMKV_IO.cpp:130::loadFromFile> loaded [InterProcessKV] with 12 key-values
07-19 22:59:59.732 12222 12222 D nativeloader: Configuring clns-5 for other apk /data/app/~~h6h2z7ZuVFFHq8yhDzkHFw==/com.upgadata.up7723-0rd_kCa6kfWjqSar2lEL_A==/ base.apk. target_sdk_version=28, uses_libraries=, library_path=/data/app/~~h6h2z7ZuVFFHq8yhDzkHFw==/com.upgadata.up7723- 0rd_kCa6kfWjqSar2lEL_A==/lib/arm64:/data/app/~~h6h2z7ZuVFFHq8yhDzkHFw==/ com.upgadata.up7723-0rd_kCa6kfWjqSar2lEL_A==/base.apk!/lib/arm64-v8a, permitted_path=/data:/mnt/expand:/data/user/0/com.upgadata.up7723
07-19 22:59:59.732 12222 12222 D nativeloader: Extending system_exposed_libraries: libbinauralrenderer_wrapper.qti.so:libhoaeffects.qti.so:libQOC.qti.so:libmisys_jni. xiaomi.so:libupdateprof.qti.so:libthermalclient.qti.so:libQOC.qti.so:libdiag_system .qti.so:libqape.qti.so:libqesdk_ndk_platform.qti.so:liblistenjni.qti.so
07-19 22:59:59.735 11999 11999 E AppBackgroundObserver: onAppForeground
07-19 22:59:59.735 11999 12092 D TrafficStats: tagSocket(235) with statsTag=0xffffffff, statsUid=-1
07-19 22:59:59.737 12222 12222 I Perf : Connecting to perf service.
07-19 22:59:59.738 11999 12056 D ContentCatcher_injector: Interceptor : notifyActivityStart: com.upgadata.up7723@com.upgadata.up7723.main.activity.HomeActivity@67335419
07-19 22:59:59.738 11999 12056 D ContentCatcher_catcher: CatcherHolder : mCatcherList size: 0
07-19 22:59:59.738 11999 12056 D ContentCatcher_injector: Interceptor : notifyActivityResume: com.upgadata.up7723@com.upgadata.up7723.main.activity.HomeActivity@67335419
07-19 22:59:59.738 11999 12056 D ContentCatcher_catcher: CatcherHolder : mCatcherList size: 0
07-19 22:59:59.740 12222 12222 V GraphicsEnvironment: Currently set values for:
07-19 22:59:59.740 12222 12222 V GraphicsEnvironment: angle_gl_driver_selection_pkgs=[]
07-19 22:59:59.740 12222 12222 V GraphicsEnvironment: angle_gl_driver_selection_values=[]
07-19 22:59:59.740 12222 12222 V GraphicsEnvironment: ANGLE GameManagerService for com.upgadata.up7723: false
07-19 22:59:59.741 12222 12222 V GraphicsEnvironment: com.upgadata.up7723 is not listed in per-application setting
07-19 22:59:59.741 12222 12222 V GraphicsEnvironment: App is not on the allowlist for updatable production driver.
07-19 22:59:59.745 11999 12074 W SQLiteLog: (28) double-quoted string literal: "C2EDB5F739FFF341B23B9F072D0F8979"
07-19 22:59:59.745 11999 12074 W SQLiteLog: (28) double-quoted string literal: ""
07-19 22:59:59.745 11999 12074 W SQLiteLog: (28) double-quoted string literal: "C2EDB5F739FFF341B23B9F072D0F8979"
07-19 22:59:59.745 11999 12074 W SQLiteLog: (28) double-quoted string literal: "-1"
07-19 22:59:59.747 12222 12222 I ForceDarkHelperStubImpl: initialize for com.upgadata.up7723 , ForceDarkOrigin
07-19 22:59:59.748 12222 12222 D OpenGLRenderer: JNI_OnLoad success
07-19 22:59:59.748 12222 12222 I MiuiForceDarkConfig: setConfig density:2.625000, mainRule:0, secondaryRule:0, tertiaryRule:0
07-19 22:59:59.777 12222 12222 W System.err: java.lang.NullPointerException: Attempt to invoke virtual method 'java.lang.Object mirror.RefStaticMethod.call(java.lang.Object[])' on a null object reference
07-19 22:59:59.778 12222 12222 W System.err: at top.niunaijun.blackbox.client.hook.fixer.DeviceFixer.fixOppoStartErr(DeviceFixer.ja va:2)
07-19 22:59:59.778 12222 12222 W System.err: at top.niunaijun.blackbox.BlackBoxCore.doAttachBaseContext(BlackBoxCore.java:4)
07-19 22:59:59.778 12222 12222 W System.err: at com.upgadata.up7723.MyApplication.initBlackBox(MyApplication.java:2)
07-19 22:59:59.778 12222 12222 W System.err: at com.upgadata.up7723.MyApplication.onBaseContextAttached(MyApplication.java:4)
07-19 22:59:59.778 12222 12222 W System.err: at com.tencent.tinker.entry.TinkerApplicationInlineFence.handleMessageImpl(TinkerAppli cationInlineFence.java:15)
07-19 22:59:59.778 12222 12222 W System.err: at com.tencent.tinker.entry.TinkerApplicationInlineFence.handleMessage_$noinline$ (TinkerApplicationInlineFence.java:2)
07-19 22:59:59.778 12222 12222 W System.err: at com.tencent.tinker.entry.TinkerApplicationInlineFence.handleMessage(TinkerApplicati onInlineFence.java:1)
07-19 22:59:59.778 12222 12222 W System.err: at com.tencent.tinker.loader.app.TinkerInlineFenceAction.callOnBaseContextAttached(Tin kerInlineFenceAction.java:2)
07-19 22:59:59.778 12222 12222 W System.err: at com.tencent.tinker.loader.app.TinkerApplication.onBaseContextAttached(TinkerApplica tion.java:4)
07-19 22:59:59.778 12222 12222 W System.err: at com.tencent.tinker.loader.app.TinkerApplication.attachBaseContext(TinkerApplication .java:5)
07-19 22:59:59.778 12222 12222 W System.err: at android.app.Application.attach(Application.java:368)
07-19 22:59:59.778 12222 12222 W System.err: at android.app.Instrumentation.newApplication(Instrumentation.java:1287)
07-19 22:59:59.778 12222 12222 W System.err: at android.app.LoadedApk.makeApplicationInner(LoadedApk.java:1487)
07-19 22:59:59.778 12222 12222 W System.err: at android.app.LoadedApk.makeApplicationInner(LoadedApk.java:1424)
07-19 22:59:59.778 12222 12222 W System.err: at android.app.ActivityThread.handleBindApplication(ActivityThread.java:7349)
07-19 22:59:59.778 12222 12222 W System.err: at android.app.ActivityThread.-$ $Nest$mhandleBindApplication(Unknown Source:0)
07-19 22:59:59.778 12222 12222 W System.err: at android.app.ActivityThread$H.handleMessage(ActivityThread.java:2365)
07-19 22:59:59.778 12222 12222 W System.err: at android.os.Handler.dispatchMessage(Handler.java:106)
07-19 22:59:59.778 12222 12222 W System.err: at android.os.Looper.loopOnce(Looper.java:224)
07-19 22:59:59.778 12222 12222 W System.err: at android.os.Looper.loop(Looper.java:318)
07-19 22:59:59.778 12222 12222 W System.err: at android.app.ActivityThread.main(ActivityThread.java:8653)
07-19 22:59:59.779 12222 12222 W System.err: at java.lang.reflect.Method.invoke(Native Method)
07-19 22:59:59.779 12222 12222 W System.err: at com.android.internal.os.RuntimeInit$MethodAndArgsCaller.run(RuntimeInit.java:561)
07-19 22:59:59.779 12222 12222 W System.err: at com.android.internal.os.ZygoteInit.main(ZygoteInit.java:1013)
07-19 22:59:59.784 11999 11999 E BinderMonitor: err open binder_delay errno=13
07-19 22:59:59.792 12222 12222 I scanPackage: installPackageAsUserLocked systemReady scanPackage
07-19 22:59:59.792 12222 12222 D --Settings--: data/app/: /data/user/0/com.upgadata.up7723/bzBox/data/app/jp.gree.greeappel
07-19 22:59:59.793 12222 12222 D --Settings--: packageConf: true
07-19 22:59:59.794 12222 12222 D --Settings--: UserStateSize:1
07-19 22:59:59.794 12222 12222 D --Settings--: jp.gree.greeappel---userid: 0--- value:true
07-19 22:59:59.794 12222 12222 D --Settings--: jp.gree.greeappel--- BPackageUserState: top.niunaijun.blackbox.server.pm.BPackageUserState@d2c15c5
07-19 22:59:59.794 12222 12222 D --Settings--: jp.gree.greeappel---install: true
07-19 22:59:59.794 12222 12222 D --Settings--: installOption: 2---installed:true
07-19 22:59:59.800 12222 12222 W ziparchive: Unable to open '/data/data/com.upgadata.zhushou32/bzBox/data/app/jp.gree.greeappel/base.apk': No such file or directory
07-19 22:59:59.800 12222 12222 E ta.up7723:black: Failed to open APK '/data/data/com.upgadata.zhushou32/bzBox/data/app/jp.gree.greeappel/base.apk': I/O error
07-19 22:59:59.800 12222 12222 W ResourcesManager: failed to preload asset path '/data/data/com.upgadata.zhushou32/bzBox/data/app/jp.gree.greeappel/base.apk'
07-19 22:59:59.800 12222 12222 W ResourcesManager: java.io.IOException: Failed to load asset path /data/data/com.upgadata.zhushou32/bzBox/data/app/jp.gree.greeappel/base.apk
07-19 22:59:59.800 12222 12222 W ResourcesManager: at android.content.res.ApkAssets.nativeLoad(Native Method)
07-19 22:59:59.800 12222 12222 W ResourcesManager: at android.content.res.ApkAssets.<init>(ApkAssets.java:298)
07-19 22:59:59.800 12222 12222 W ResourcesManager: at android.content.res.ApkAssets.loadFromPath(ApkAssets.java:147)
07-19 22:59:59.800 12222 12222 W ResourcesManager: at android.app.ResourcesManager.loadApkAssets(ResourcesManager.java:487)
07-19 22:59:59.800 12222 12222 W ResourcesManager: at android.app.ResourcesManager.-$$Nest$mloadApkAssets(Unknown Source:0)
07-19 22:59:59.800 12222 12222 W ResourcesManager: at android.app.ResourcesManager$ApkAssetsSupplier.load(ResourcesManager.java:180)
07-19 22:59:59.800 12222 12222 W ResourcesManager: at android.app.ResourcesManager.createApkAssetsSupplierNotLocked(ResourcesManager.java :1036)
07-19 22:59:59.800 12222 12222 W ResourcesManager: at android.app.ResourcesManager.getResources(ResourcesManager.java:1157)
07-19 22:59:59.800 12222 12222 W ResourcesManager: at android.app.ActivityThread.getTopLevelResources(ActivityThread.java:2735)
07-19 22:59:59.800 12222 12222 W ResourcesManager: at android.app.ApplicationPackageManager.getResourcesForApplication(ApplicationPackage Manager.java:2086)
07-19 22:59:59.800 12222 12222 W ResourcesManager: at android.app.ApplicationPackageManager.getResourcesForApplication(ApplicationPackage Manager.java:2072)
07-19 22:59:59.800 12222 12222 W ResourcesManager: at android.app.ApplicationPackageManager.getText(ApplicationPackageManager.java:2392)
07-19 22:59:59.800 12222 12222 W ResourcesManager: at android.content.pm.PackageItemInfo.loadUnsafeLabel(PackageItemInfo.java:222)
07-19 22:59:59.800 12222 12222 W ResourcesManager: at android.content.pm.PackageItemInfo.loadLabel(PackageItemInfo.java:212)
07-19 22:59:59.800 12222 12222 W ResourcesManager: at top.niunaijun.blackbox.server.pm.Settings.updatePackageLP(Settings.java:39)
07-19 22:59:59.800 12222 12222 W ResourcesManager: at top.niunaijun.blackbox.server.pm.Settings.scanPackage(Settings.java:8)
07-19 22:59:59.800 12222 12222 W ResourcesManager: at top.niunaijun.blackbox.server.pm.BPackageManagerService.systemReady(BPackageManager Service.java:2)
07-19 22:59:59.800 12222 12222 W ResourcesManager: at top.niunaijun.blackbox.server.BlackBoxSystem.startup(BlackBoxSystem.java:2)
07-19 22:59:59.800 12222 12222 W ResourcesManager: at top.niunaijun.blackbox.server.BindProvider.initSystem(BindProvider.java:1)
07-19 22:59:59.800 12222 12222 W ResourcesManager: at top.niunaijun.blackbox.server.BindProvider.onCreate(BindProvider.java:1)
07-19 22:59:59.800 12222 12222 W ResourcesManager: at android.content.ContentProvider.attachInfo(ContentProvider.java:2636)
07-19 22:59:59.800 12222 12222 W ResourcesManager: at android.content.ContentProvider.attachInfo(ContentProvider.java:2602)
07-19 22:59:59.800 12222 12222 W ResourcesManager: at android.app.ActivityThread.installProvider(ActivityThread.java:8218)
07-19 22:59:59.800 12222 12222 W ResourcesManager: at android.app.ActivityThread.installContentProviders(ActivityThread.java:7729)
07-19 22:59:59.800 12222 12222 W ResourcesManager: at android.app.ActivityThread.handleBindApplication(ActivityThread.java:7381)
07-19 22:59:59.800 12222 12222 W ResourcesManager: at android.app.ActivityThread.-$$Nest$mhandleBindApplication(Unknown Source:0)
07-19 22:59:59.800 12222 12222 W ResourcesManager: at android.app.ActivityThread$H.handleMessage(ActivityThread.java:2365)
07-19 22:59:59.800 12222 12222 W ResourcesManager: at android.os.Handler.dispatchMessage(Handler.java:106)
07-19 22:59:59.800 12222 12222 W ResourcesManager: at android.os.Looper.loopOnce(Looper.java:224)
07-19 22:59:59.800 12222 12222 W ResourcesManager: at android.os.Looper.loop(Looper.java:318)
07-19 22:59:59.800 12222 12222 W ResourcesManager: at android.app.ActivityThread.main(ActivityThread.java:8653)
07-19 22:59:59.800 12222 12222 W ResourcesManager: at java.lang.reflect.Method.invoke(Native Method)
07-19 22:59:59.800 12222 12222 W ResourcesManager: at com.android.internal.os.RuntimeInit$MethodAndArgsCaller.run(RuntimeInit.java:561)
07-19 22:59:59.800 12222 12222 W ResourcesManager: at com.android.internal.os.ZygoteInit.main(ZygoteInit.java:1013)
07-19 22:59:59.801 12222 12222 W ziparchive: Unable to open '/data/data/com.upgadata.zhushou32/bzBox/data/app/jp.gree.greeappel/base.apk': No such file or directory
07-19 22:59:59.801 12222 12222 E ta.up7723:black: Failed to open APK '/data/data/com.upgadata.zhushou32/bzBox/data/app/jp.gree.greeappel/base.apk': I/O error
07-19 22:59:59.801 12222 12222 E ResourcesManager: failed to add asset path '/data/data/com.upgadata.zhushou32/bzBox/data/app/jp.gree.greeappel/base.apk'
07-19 22:59:59.801 12222 12222 E ResourcesManager: java.io.IOException: Failed to load asset path /data/data/com.upgadata.zhushou32/bzBox/data/app/jp.gree.greeappel/base.apk
07-19 22:59:59.801 12222 12222 E ResourcesManager: at android.content.res.ApkAssets.nativeLoad(Native Method)
07-19 22:59:59.801 12222 12222 E ResourcesManager: at android.content.res.ApkAssets.<init>(ApkAssets.java:298)
07-19 22:59:59.801 12222 12222 E ResourcesManager: at android.content.res.ApkAssets.loadFromPath(ApkAssets.java:147)
07-19 22:59:59.801 12222 12222 E ResourcesManager: at android.app.ResourcesManager.loadApkAssets(ResourcesManager.java:487)
07-19 22:59:59.801 12222 12222 E ResourcesManager: at android.app.ResourcesManager.-$$Nest$mloadApkAssets(Unknown Source:0)
07-19 22:59:59.801 12222 12222 E ResourcesManager: at android.app.ResourcesManager$ApkAssetsSupplier.load(ResourcesManager.java:180)
07-19 22:59:59.801 12222 12222 E ResourcesManager: at android.app.ResourcesManager.createAssetManager(ResourcesManager.java:574)
07-19 22:59:59.801 12222 12222 E ResourcesManager: at android.app.ResourcesManager.createResourcesImpl(ResourcesManager.java:661)
07-19 22:59:59.801 12222 12222 E ResourcesManager: at android.app.ResourcesManager.findOrCreateResourcesImplForKeyLocked(ResourcesManager .java:715)
07-19 22:59:59.801 12222 12222 E ResourcesManager: at android.app.ResourcesManager.createResources(ResourcesManager.java:1067)
07-19 22:59:59.801 12222 12222 E ResourcesManager: at android.app.ResourcesManager.getResources(ResourcesManager.java:1170)
07-19 22:59:59.801 12222 12222 E ResourcesManager: at android.app.ActivityThread.getTopLevelResources(ActivityThread.java:2735)
07-19 22:59:59.801 12222 12222 E ResourcesManager: at android.app.ApplicationPackageManager.getResourcesForApplication(ApplicationPackage Manager.java:2086)
07-19 22:59:59.801 12222 12222 E ResourcesManager: at android.app.ApplicationPackageManager.getResourcesForApplication(ApplicationPackage Manager.java:2072)
07-19 22:59:59.801 12222 12222 E ResourcesManager: at android.app.ApplicationPackageManager.getText(ApplicationPackageManager.java:2392)
07-19 22:59:59.801 12222 12222 E ResourcesManager: at android.content.pm.PackageItemInfo.loadUnsafeLabel(PackageItemInfo.java:222)
07-19 22:59:59.801 12222 12222 E ResourcesManager: at android.content.pm.PackageItemInfo.loadLabel(PackageItemInfo.java:212)
07-19 22:59:59.801 12222 12222 E ResourcesManager: at top.niunaijun.blackbox.server.pm.Settings.updatePackageLP(Settings.java:39)
07-19 22:59:59.801 12222 12222 E ResourcesManager: at top.niunaijun.blackbox.server.pm.Settings.scanPackage(Settings.java:8)
07-19 22:59:59.801 12222 12222 E ResourcesManager: at top.niunaijun.blackbox.server.pm.BPackageManagerService.systemReady(BPackageManager Service.java:2)
07-19 22:59:59.801 12222 12222 E ResourcesManager: at top.niunaijun.blackbox.server.BlackBoxSystem.startup(BlackBoxSystem.java:2)
07-19 22:59:59.801 12222 12222 E ResourcesManager: at top.niunaijun.blackbox.server.BindProvider.initSystem(BindProvider.java:1)
07-19 22:59:59.801 12222 12222 E ResourcesManager: at top.niunaijun.blackbox.server.BindProvider.onCreate(BindProvider.java:1)
07-19 22:59:59.801 12222 12222 E ResourcesManager: at android.content.ContentProvider.attachInfo(ContentProvider.java:2636)
07-19 22:59:59.801 12222 12222 E ResourcesManager: at android.content.ContentProvider.attachInfo(ContentProvider.java:2602)
07-19 22:59:59.801 12222 12222 E ResourcesManager: at android.app.ActivityThread.installProvider(ActivityThread.java:8218)
07-19 22:59:59.801 12222 12222 E ResourcesManager: at android.app.ActivityThread.installContentProviders(ActivityThread.java:7729)
07-19 22:59:59.801 12222 12222 E ResourcesManager: at android.app.ActivityThread.handleBindApplication(ActivityThread.java:7381)
07-19 22:59:59.801 12222 12222 E ResourcesManager: at android.app.ActivityThread.-$$Nest$mhandleBindApplication(Unknown Source:0)
07-19 22:59:59.801 12222 12222 E ResourcesManager: at android.app.ActivityThread$H.handleMessage(ActivityThread.java:2365)
07-19 22:59:59.801 12222 12222 E ResourcesManager: at android.os.Handler.dispatchMessage(Handler.java:106)
07-19 22:59:59.801 12222 12222 E ResourcesManager: at android.os.Looper.loopOnce(Looper.java:224)
07-19 22:59:59.801 12222 12222 E ResourcesManager: at android.os.Looper.loop(Looper.java:318)
07-19 22:59:59.801 12222 12222 E ResourcesManager: at android.app.ActivityThread.main(ActivityThread.java:8653)
07-19 22:59:59.801 12222 12222 E ResourcesManager: at java.lang.reflect.Method.invoke(Native Method)
07-19 22:59:59.801 12222 12222 E ResourcesManager: at com.android.internal.os.RuntimeInit$MethodAndArgsCaller.run(RuntimeInit.java:561)
07-19 22:59:59.801 12222 12222 E ResourcesManager: at com.android.internal.os.ZygoteInit.main(ZygoteInit.java:1013)
07-19 22:59:59.801 12222 12222 W PackageManager: Failure retrieving resources for jp.gree.greeappel
07-19 22:59:59.801 12222 12222 D --Settings--: loaded Package: jp.gree.greeappel----appname:jp.gree.greeappel
07-19 22:59:59.813 12222 12222 I MMKV : <native-bridge.cpp:101::JNI_OnLoad> current API level = 34
07-19 22:59:59.813 12222 12222 I MMKV : <MMKV.cpp:156::initialize> version v1.2.2 page size:4096
07-19 22:59:59.813 12222 12222 I MMKV : <MMKV.cpp:167::initialize> armv8 AES instructions is supported
07-19 22:59:59.813 12222 12222 I MMKV : <MMKV.cpp:175::initialize> armv8 CRC32 instructions is supported
07-19 22:59:59.813 12222 12222 I MMKV : <MMKV.cpp:198::initializeMMKV> root dir: /data/user/0/com.upgadata.up7723/files/mmkv
07-19 22:59:59.817 12222 12255 D CompatibilityChangeReporter: Compat change id reported: 149924527; UID 10307; state: ENABLED
07-19 22:59:59.817 12222 12255 D CompatibilityChangeReporter: Compat change id reported: 132649864; UID 10307; state: DISABLED
07-19 22:59:59.819 11999 11999 D CompatibilityChangeReporter: Compat change id reported: 171228096; UID 10307; state: ENABLED
07-19 22:59:59.819 11999 11999 D ScrollerOptimizationManager: registerConfigChangedListener
07-19 22:59:59.839 11999 11999 D EventBus: No subscribers registered for event class com.upgadata.up7723.bean.HomeGameSelectChangeEventBusBean
07-19 22:59:59.839 11999 11999 D EventBus: No subscribers registered for event class org.greenrobot.eventbus.h
07-19 22:59:59.840 11999 11999 D EventBus: No subscribers registered for event class com.upgadata.up7723.bean.HomeGameSelectChangeEventBusBean
07-19 22:59:59.840 11999 11999 D EventBus: No subscribers registered for event class org.greenrobot.eventbus.h
07-19 22:59:59.841 11999 11999 D EventBus: No subscribers registered for event class com.upgadata.up7723.bean.HomeGameSelectChangeEventBusBean
07-19 22:59:59.841 11999 11999 D EventBus: No subscribers registered for event class org.greenrobot.eventbus.h
07-19 22:59:59.841 12222 12222 I scanPackage: installPackageAsUserLocked systemReady scanPackage
07-19 22:59:59.841 12222 12222 D --Settings--: data/app/: /data/user/0/com.upgadata.up7723/bzBox/data/app/jp.gree.greeappel
07-19 22:59:59.841 12222 12222 D --Settings--: packageConf: true
07-19 22:59:59.842 12222 12222 D --Settings--: UserStateSize:1
07-19 22:59:59.842 12222 12222 D --Settings--: jp.gree.greeappel---userid: 0--- value:true
07-19 22:59:59.842 12222 12222 D --Settings--: jp.gree.greeappel--- BPackageUserState: top.niunaijun.blackbox.server.pm.BPackageUserState@9e102ff
07-19 22:59:59.842 12222 12222 D --Settings--: jp.gree.greeappel---install: true
07-19 22:59:59.842 12222 12222 D --Settings--: installOption: 2---installed:true
07-19 22:59:59.845 12222 12222 W ziparchive: Unable to open '/data/data/com.upgadata.zhushou32/bzBox/data/app/jp.gree.greeappel/base.apk': No such file or directory
07-19 22:59:59.845 12222 12222 E ta.up7723:black: Failed to open APK '/data/data/com.upgadata.zhushou32/bzBox/data/app/jp.gree.greeappel/base.apk': I/O error
07-19 22:59:59.845 12222 12222 W ResourcesManager: failed to preload asset path '/data/data/com.upgadata.zhushou32/bzBox/data/app/jp.gree.greeappel/base.apk'
07-19 22:59:59.845 12222 12222 W ResourcesManager: java.io.IOException: Failed to load asset path /data/data/com.upgadata.zhushou32/bzBox/data/app/jp.gree.greeappel/base.apk
07-19 22:59:59.845 12222 12222 W ResourcesManager: at android.content.res.ApkAssets.nativeLoad(Native Method)
07-19 22:59:59.845 12222 12222 W ResourcesManager: at android.content.res.ApkAssets.<init>(ApkAssets.java:298)
07-19 22:59:59.845 12222 12222 W ResourcesManager: at android.content.res.ApkAssets.loadFromPath(ApkAssets.java:147)
07-19 22:59:59.845 12222 12222 W ResourcesManager: at android.app.ResourcesManager.loadApkAssets(ResourcesManager.java:487)
07-19 22:59:59.845 12222 12222 W ResourcesManager: at android.app.ResourcesManager.-$$Nest$mloadApkAssets(Unknown Source:0)
07-19 22:59:59.845 12222 12222 W ResourcesManager: at android.app.ResourcesManager$ApkAssetsSupplier.load(ResourcesManager.java:180)
07-19 22:59:59.845 12222 12222 W ResourcesManager: at android.app.ResourcesManager.createApkAssetsSupplierNotLocked(ResourcesManager.java :1036)
07-19 22:59:59.845 12222 12222 W ResourcesManager: at android.app.ResourcesManager.getResources(ResourcesManager.java:1157)
07-19 22:59:59.845 12222 12222 W ResourcesManager: at android.app.ActivityThread.getTopLevelResources(ActivityThread.java:2735)
07-19 22:59:59.845 12222 12222 W ResourcesManager: at android.app.ApplicationPackageManager.getResourcesForApplication(ApplicationPackage Manager.java:2086)
07-19 22:59:59.845 12222 12222 W ResourcesManager: at android.app.ApplicationPackageManager.getResourcesForApplication(ApplicationPackage Manager.java:2072)
