07-19 22:59:59.845 12222 12222 W ResourcesManager: at android.app.ApplicationPackageManager.getText(ApplicationPackageManager.java:2392)
07-19 22:59:59.845 12222 12222 W ResourcesManager: at android.content.pm.PackageItemInfo.loadUnsafeLabel(PackageItemInfo.java:222)
07-19 22:59:59.845 12222 12222 W ResourcesManager: at android.content.pm.PackageItemInfo.loadLabel(PackageItemInfo.java:212)
07-19 22:59:59.845 12222 12222 W ResourcesManager: at top.niunaijun.blackbox.server.pm.Settings.updatePackageLP(Settings.java:39)
07-19 22:59:59.845 12222 12222 W ResourcesManager: at top.niunaijun.blackbox.server.pm.Settings.scanPackage(Settings.java:8)
07-19 22:59:59.845 12222 12222 W ResourcesManager: at top.niunaijun.blackbox.server.pm.BPackageManagerService.systemReady(BPackageManager Service.java:2)
07-19 22:59:59.845 12222 12222 W ResourcesManager: at top.niunaijun.blackbox.server.BlackBoxSystem.startup(BlackBoxSystem.java:2)
07-19 22:59:59.845 12222 12222 W ResourcesManager: at top.niunaijun.blackbox.server.BSystemService.onStartCommand(BSystemService.java:1)
07-19 22:59:59.845 12222 12222 W ResourcesManager: at android.app.ActivityThread.handleServiceArgs(ActivityThread.java:5028)
07-19 22:59:59.845 12222 12222 W ResourcesManager: at android.app.ActivityThread.-$$Nest$mhandleServiceArgs(Unknown Source:0)
07-19 22:59:59.845 12222 12222 W ResourcesManager: at android.app.ActivityThread$H.handleMessage(ActivityThread.java:2418)
07-19 22:59:59.845 12222 12222 W ResourcesManager: at android.os.Handler.dispatchMessage(Handler.java:106)
07-19 22:59:59.845 12222 12222 W ResourcesManager: at android.os.Looper.loopOnce(Looper.java:224)
07-19 22:59:59.845 12222 12222 W ResourcesManager: at android.os.Looper.loop(Looper.java:318)
07-19 22:59:59.845 12222 12222 W ResourcesManager: at android.app.ActivityThread.main(ActivityThread.java:8653)
07-19 22:59:59.845 12222 12222 W ResourcesManager: at java.lang.reflect.Method.invoke(Native Method)
07-19 22:59:59.845 12222 12222 W ResourcesManager: at com.android.internal.os.RuntimeInit$MethodAndArgsCaller.run(RuntimeInit.java:561)
07-19 22:59:59.845 12222 12222 W ResourcesManager: at com.android.internal.os.ZygoteInit.main(ZygoteInit.java:1013)
07-19 22:59:59.845 12222 12222 W ziparchive: Unable to open '/data/data/com.upgadata.zhushou32/bzBox/data/app/jp.gree.greeappel/base.apk': No such file or directory
07-19 22:59:59.845 12222 12222 E ta.up7723:black: Failed to open APK '/data/data/com.upgadata.zhushou32/bzBox/data/app/jp.gree.greeappel/base.apk': I/O error
07-19 22:59:59.845 12222 12222 E ResourcesManager: failed to add asset path '/data/data/com.upgadata.zhushou32/bzBox/data/app/jp.gree.greeappel/base.apk'
07-19 22:59:59.845 12222 12222 E ResourcesManager: java.io.IOException: Failed to load asset path /data/data/com.upgadata.zhushou32/bzBox/data/app/jp.gree.greeappel/base.apk
07-19 22:59:59.845 12222 12222 E ResourcesManager: at android.content.res.ApkAssets.nativeLoad(Native Method)
07-19 22:59:59.845 12222 12222 E ResourcesManager: at android.content.res.ApkAssets.<init>(ApkAssets.java:298)
07-19 22:59:59.845 12222 12222 E ResourcesManager: at android.content.res.ApkAssets.loadFromPath(ApkAssets.java:147)
07-19 22:59:59.845 12222 12222 E ResourcesManager: at android.app.ResourcesManager.loadApkAssets(ResourcesManager.java:487)
07-19 22:59:59.845 12222 12222 E ResourcesManager: at android.app.ResourcesManager.-$$Nest$mloadApkAssets(Unknown Source:0)
07-19 22:59:59.845 12222 12222 E ResourcesManager: at android.app.ResourcesManager$ApkAssetsSupplier.load(ResourcesManager.java:180)
07-19 22:59:59.845 12222 12222 E ResourcesManager: at android.app.ResourcesManager.createAssetManager(ResourcesManager.java:574)
07-19 22:59:59.845 12222 12222 E ResourcesManager: at android.app.ResourcesManager.createResourcesImpl(ResourcesManager.java:661)
07-19 22:59:59.845 12222 12222 E ResourcesManager: at android.app.ResourcesManager.findOrCreateResourcesImplForKeyLocked(ResourcesManager .java:715)
07-19 22:59:59.845 12222 12222 E ResourcesManager: at android.app.ResourcesManager.createResources(ResourcesManager.java:1067)
07-19 22:59:59.845 12222 12222 E ResourcesManager: at android.app.ResourcesManager.getResources(ResourcesManager.java:1170)
07-19 22:59:59.845 12222 12222 E ResourcesManager: at android.app.ActivityThread.getTopLevelResources(ActivityThread.java:2735)
07-19 22:59:59.845 12222 12222 E ResourcesManager: at android.app.ApplicationPackageManager.getResourcesForApplication(ApplicationPackage Manager.java:2086)
07-19 22:59:59.845 12222 12222 E ResourcesManager: at android.app.ApplicationPackageManager.getResourcesForApplication(ApplicationPackage Manager.java:2072)
07-19 22:59:59.845 12222 12222 E ResourcesManager: at android.app.ApplicationPackageManager.getText(ApplicationPackageManager.java:2392)
07-19 22:59:59.845 12222 12222 E ResourcesManager: at android.content.pm.PackageItemInfo.loadUnsafeLabel(PackageItemInfo.java:222)
07-19 22:59:59.845 12222 12222 E ResourcesManager: at android.content.pm.PackageItemInfo.loadLabel(PackageItemInfo.java:212)
07-19 22:59:59.845 12222 12222 E ResourcesManager: at top.niunaijun.blackbox.server.pm.Settings.updatePackageLP(Settings.java:39)
07-19 22:59:59.845 12222 12222 E ResourcesManager: at top.niunaijun.blackbox.server.pm.Settings.scanPackage(Settings.java:8)
07-19 22:59:59.845 12222 12222 E ResourcesManager: at top.niunaijun.blackbox.server.pm.BPackageManagerService.systemReady(BPackageManager Service.java:2)
07-19 22:59:59.845 12222 12222 E ResourcesManager: at top.niunaijun.blackbox.server.BlackBoxSystem.startup(BlackBoxSystem.java:2)
07-19 22:59:59.845 12222 12222 E ResourcesManager: at top.niunaijun.blackbox.server.BSystemService.onStartCommand(BSystemService.java:1)
07-19 22:59:59.845 12222 12222 E ResourcesManager: at android.app.ActivityThread.handleServiceArgs(ActivityThread.java:5028)
07-19 22:59:59.845 12222 12222 E ResourcesManager: at android.app.ActivityThread.-$$Nest$mhandleServiceArgs(Unknown Source:0)
07-19 22:59:59.845 12222 12222 E ResourcesManager: at android.app.ActivityThread$H.handleMessage(ActivityThread.java:2418)
07-19 22:59:59.845 12222 12222 E ResourcesManager: at android.os.Handler.dispatchMessage(Handler.java:106)
07-19 22:59:59.845 12222 12222 E ResourcesManager: at android.os.Looper.loopOnce(Looper.java:224)
07-19 22:59:59.845 12222 12222 E ResourcesManager: at android.os.Looper.loop(Looper.java:318)
07-19 22:59:59.845 12222 12222 E ResourcesManager: at android.app.ActivityThread.main(ActivityThread.java:8653)
07-19 22:59:59.845 12222 12222 E ResourcesManager: at java.lang.reflect.Method.invoke(Native Method)
07-19 22:59:59.845 12222 12222 E ResourcesManager: at com.android.internal.os.RuntimeInit$MethodAndArgsCaller.run(RuntimeInit.java:561)
07-19 22:59:59.845 12222 12222 E ResourcesManager: at com.android.internal.os.ZygoteInit.main(ZygoteInit.java:1013)
07-19 22:59:59.845 12222 12222 W PackageManager: Failure retrieving resources for jp.gree.greeappel
07-19 22:59:59.845 12222 12222 D --Settings--: loaded Package: jp.gree.greeappel----appname:jp.gree.greeappel
07-19 22:59:59.864 12222 12255 D CompatibilityChangeReporter: Compat change id reported: 210923482; UID 10307; state: DISABLED
07-19 22:59:59.864 12222 12255 D CompatibilityChangeReporter: Compat change id reported: 37756858; UID 10307; state: ENABLED
07-19 22:59:59.865 11999 11999 D ScrollerOptimizationManager: registerConfigChangedListener
07-19 22:59:59.866 11999 11999 D ScrollerOptimizationManager: registerConfigChangedListener
07-19 22:59:59.866 11999 11999 D ScrollerOptimizationManager: registerConfigChangedListener
07-19 22:59:59.886 11999 12240 I IconCustomizer: load icon config path M100 63.2218C100 73.8128 100 79.1083 98.1974 84.809C95.9321 91.0327 91.0295 95.9353 84.8058 98.2006C79.7827 99.7891 75.0686 99.9776 66.7731 100H50H33.2269C24.9314 99.9776 20.2173 99.7891 15.1942 98.2006C8.97051 95.9353 4.06795 91.0327 1.80256 84.809C0 79.1083 0 73.8128 0 63.2218V50V36.7782C0 26.1872 0 20.8917 1.80256 15.191C4.06795 8.96731 8.97051 4.06474 15.1942 1.79936C20.2173 0.210897 24.9314 0.0224359 33.2269 0H50H66.7731C75.0686 0.0224359 79.7827 0.210897 84.8058 1.79936C91.0295 4.06474 95.9321 8.96731 98.1974 15.191C100 20.8917 100 26.1872 100 36.7782V50V63.2218Z, valid rect RectF(0.0, 0.0, 100.0, 100.0), isFullMask true
07-19 22:59:59.886 11999 12240 W IconCustomizer: getCustomizedIconW 176
07-19 22:59:59.891 11999 12240 D IconCustomizer: Generate customized icon for com.miui.screenrecorder.png, true
07-19 22:59:59.891 11999 12240 I IconCustomizer: composeIconWithTrans FullMask: for com.miui.screenrecorder.png
07-19 22:59:59.893 12222 12255 D CompatibilityChangeReporter: Compat change id reported: 147798919; UID 10307; state: DISABLED
07-19 22:59:59.898 12222 12255 W System.err: java.lang.NoSuchFieldException: No field mHiddenApiWarningShown in class Landroid/app/ActivityThread; (declaration of 'android.app.ActivityThread' appears in /system/framework/framework.jar)
07-19 22:59:59.898 12222 12255 W System.err: at java.lang.Class.getDeclaredField(Native Method)
07-19 22:59:59.898 12222 12255 W System.err: at com.upgadata.up7723.MyApplication.closeAndroidPDialog(MyApplication.java:9)
07-19 22:59:59.898 12222 12255 W System.err: at com.upgadata.up7723.MyApplication.init(MyApplication.java:11)
07-19 22:59:59.898 12222 12255 W System.err: at com.upgadata.up7723.MyApplication.access$000(MyApplication.java:1)
07-19 22:59:59.898 12222 12255 W System.err: at com.upgadata.up7723.MyApplication$a.run(MyApplication.java:2)
07-19 22:59:59.901 12222 12265 D TrafficStats: tagSocket(96) with statsTag=0xffffffff, statsUid=-1
07-19 22:59:59.903 11999 12240 I IconCustomizer: find better bitmap : 126, for com.baidu.homework
07-19 22:59:59.903 11999 12240 I IconCustomizer: find better bitmap : 144, for com.baidu.homework
07-19 22:59:59.903 11999 11999 D ScrollerOptimizationManager: registerConfigChangedListener
07-19 22:59:59.903 11999 12240 I IconCustomizer: find better bitmap : 144, for com.baidu.homework
07-19 22:59:59.904 12222 12271 I DpmTcmClient: RegisterTcmMonitor from: $Proxy3
07-19 22:59:59.905 11999 11999 D ScrollerOptimizationManager: registerConfigChangedListener
07-19 22:59:59.906 11999 11999 D ScrollerOptimizationManager: registerConfigChangedListener
07-19 22:59:59.906 12222 12271 D TrafficStats: tagSocket(98) with statsTag=0xffffffff, statsUid=-1
07-19 22:59:59.906 12222 12269 D TrafficStats: tagSocket(100) with statsTag=0xffffffff, statsUid=-1
07-19 22:59:59.908 12222 12271 I Pinger : Ping response: `ping ok`, pinged? true
07-19 22:59:59.908 12222 12265 I HttpProxyCacheServer: Proxy cache server started. Is it alive? true
07-19 22:59:59.908 11999 12240 D IconCustomizer: Content Ratio = 1.2222222
07-19 22:59:59.908 12222 12275 D IdProviderImpl: getOAID from com.upgadata.up7723
07-19 22:59:59.909 11999 12240 D IconCustomizer: Content Ratio = 1.2222222
07-19 22:59:59.909 11999 12240 D IconCustomizer: BitmapDensity=347,dm.densityDpi=420
07-19 22:59:59.909 11999 12240 D IconCustomizer: Generate customized icon for com.baidu.homework.png, true
07-19 22:59:59.909 11999 12240 I IconCustomizer: composeIconWithTrans FullMask: for com.baidu.homework.png
07-19 22:59:59.914 12222 12275 D IdProviderImpl: getVAID from com.upgadata.up7723
07-19 22:59:59.914 12222 12276 D TrafficStats: tagSocket(98) with statsTag=0xffffffff, statsUid=-1
07-19 22:59:59.915 12222 12255 I eup : register native abi method success
07-19 22:59:59.916 12222 12275 D IdProviderImpl: getAAID from com.upgadata.up7723
07-19 22:59:59.925 11999 12240 I IconCustomizer: find better bitmap : 126, for com.quark.browser
07-19 22:59:59.926 11999 12240 I IconCustomizer: find better bitmap : 150, for com.quark.browser
07-19 22:59:59.926 11999 12240 I IconCustomizer: find better bitmap : 174, for com.quark.browser
07-19 22:59:59.928 11999 12240 D IconCustomizer: Content Ratio = 1.0114943
07-19 22:59:59.929 11999 12240 D IconCustomizer: Generate customized icon for com.quark.browser.png, true
07-19 22:59:59.929 11999 12240 I IconCustomizer: composeIconWithTrans FullMask: for com.quark.browser.png
07-19 22:59:59.929 11999 12041 E OpenGLRenderer: Unable to match the desired swap behavior.
07-19 22:59:59.931 12222 12255 W crashsdk: Set: Unknown key 38
07-19 22:59:59.931 12222 12255 W crashsdk: Set: Unknown key 39
07-19 22:59:59.931 12222 12222 I crashsdk: Catcher mask: 5000, 20480
07-19 22:59:59.931 12222 12222 I crashsdk: Catcher thread 12229
07-19 22:59:59.931 12222 12222 D crashsdk: Register ANR handler ...
07-19 22:59:59.932 12222 12255 I crashsdk: begin hack android.os.Process
07-19 22:59:59.932 12222 12255 I crashsdk: end hack android.os.Process
07-19 22:59:59.932 12222 12255 I crashsdk: LibcMalloc detail: disabled.
07-19 22:59:59.933 12222 12321 D crashsdk: Native log stat thread 12321 setup, waiting
07-19 22:59:59.938 12222 12291 E ta.up7723:black: Invalid resource ID 0x00000000.
07-19 22:59:59.939 12222 12324 E ta.up7723:black: Invalid resource ID 0x00000000.
07-19 22:59:59.945 11999 12199 E upgadata.up7723: Invalid resource ID 0x00000000.
07-19 22:59:59.946 11999 12199 E upgadata.up7723: Invalid resource ID 0x00000000.
07-19 22:59:59.946 11999 12199 E upgadata.up7723: Invalid resource ID 0x00000000.
07-19 22:59:59.946 11999 12199 E upgadata.up7723: Invalid resource ID 0x00000000.
07-19 22:59:59.946 11999 12199 E upgadata.up7723: Invalid resource ID 0x00000000.
07-19 22:59:59.946 11999 12199 E upgadata.up7723: Invalid resource ID 0x00000000.
07-19 22:59:59.946 11999 12199 E upgadata.up7723: Invalid resource ID 0x00000000.
07-19 22:59:59.946 11999 12199 E upgadata.up7723: Invalid resource ID 0x00000000.
07-19 22:59:59.951 11999 12240 W upgadata.up7723: ClassLoaderContext parent mismatch. (PCL[] | PCL[];PCL[])
07-19 22:59:59.952 11999 12240 I DeviceLevelUtils: platform:kalama
07-19 22:59:59.952 12222 12334 W ziparchive: Unable to open '/data/app/~~6_rN6tWAt06cSTC4NW76yA==/com.google.android.trichromelibrary_647807133 -q4ncLvSzbENFdgajggvQ5w==/base.dm': No such file or directory
07-19 22:59:59.952 11999 12240 I MiSpeedRecord: Connecting to PerfShielder service.
07-19 22:59:59.952 12222 12334 W ziparchive: Unable to open '/data/app/~~6_rN6tWAt06cSTC4NW76yA==/com.google.android.trichromelibrary_647807133 -q4ncLvSzbENFdgajggvQ5w==/base.dm': No such file or directory
07-19 22:59:59.953 12222 12334 W ta.up7723:black: Entry not found
07-19 22:59:59.953 12222 12334 D nativeloader: Configuring clns-6 for other apk /data/app/~~6_rN6tWAt06cSTC4NW76yA==/com.google.android.trichromelibrary_647807133- q4ncLvSzbENFdgajggvQ5w==/base.apk. target_sdk_version=34, uses_libraries=ALL, library_path=/data/app/~~inJSUFRRp3Qm1-yWh4kDFw==/com.google.android.webview- Ke4AqXA7G9HvB1Q4Ap9mow==/lib/arm64:/data/app/~~inJSUFRRp3Qm1-yWh4kDFw==/ com.google.android.webview-Ke4AqXA7G9HvB1Q4Ap9mow==/base.apk!/lib/arm64-v8a:/data/ app/~~6_rN6tWAt06cSTC4NW76yA==/com.google.android.trichromelibrary_647807133- q4ncLvSzbENFdgajggvQ5w==/base.apk!/lib/arm64-v8a, permitted_path=/data:/mnt/expand
07-19 22:59:59.953 12222 12334 D nativeloader: Extending system_exposed_libraries: libbinauralrenderer_wrapper.qti.so:libhoaeffects.qti.so:libQOC.qti.so:libmisys_jni. xiaomi.so:libupdateprof.qti.so:libthermalclient.qti.so:libQOC.qti.so:libdiag_system .qti.so:libqape.qti.so:libqesdk_ndk_platform.qti.so:liblistenjni.qti.so
07-19 22:59:59.956 12222 12334 D nativeloader: Configuring clns-7 for other apk /data/app/~~inJSUFRRp3Qm1-yWh4kDFw==/com.google.android.webview- Ke4AqXA7G9HvB1Q4Ap9mow==/base.apk. target_sdk_version=34, uses_libraries=, library_path=/data/app/~~inJSUFRRp3Qm1-yWh4kDFw==/com.google.android.webview- Ke4AqXA7G9HvB1Q4Ap9mow==/lib/arm64:/data/app/~~inJSUFRRp3Qm1-yWh4kDFw==/ com.google.android.webview-Ke4AqXA7G9HvB1Q4Ap9mow==/base.apk!/lib/arm64-v8a:/data/ app/~~6_rN6tWAt06cSTC4NW76yA==/com.google.android.trichromelibrary_647807133- q4ncLvSzbENFdgajggvQ5w==/base.apk!/lib/arm64-v8a, permitted_path=/data:/mnt/expand
07-19 22:59:59.957 12222 12334 I WebViewFactory: Loading com.google.android.webview version 126.0.6478.71 (code 647807133)
07-19 22:59:59.958 11999 12202 D TrafficStats: tagSocket(266) with statsTag=0xffffffff, statsUid=-1
07-19 22:59:59.958 11999 12338 D TrafficStats: tagSocket(267) with statsTag=0xffffffff, statsUid=-1
07-19 22:59:59.964 11999 12344 D TrafficStats: tagSocket(269) with statsTag=0xffffffff, statsUid=-1
07-19 22:59:59.965 12222 12334 I cr_WVCFactoryProvider: version=126.0.6478.71 (647807133) minSdkVersion=29 isBundle=true multiprocess=true packageId=2
07-19 22:59:59.966 11999 12240 D IconCustomizer: Content Ratio = 0.35918367
07-19 22:59:59.966 11999 12240 D IconCustomizer: Generate customized icon for com.music.moment.png, true
07-19 22:59:59.966 11999 12240 I IconCustomizer: composeIconWithTrans FullMask: for com.music.moment.png
07-19 22:59:59.973 12222 12222 I cr_LibraryLoader: Successfully loaded native library
07-19 22:59:59.973 12222 12222 I cr_CachingUmaRecorder: Flushed 6 samples from 6 histograms, 0 samples were dropped.
07-19 22:59:59.974 11999 12353 D TrafficStats: tagSocket(271) with statsTag=0xffffffff, statsUid=-1
07-19 22:59:59.977 12222 12222 I cr_CombinedPProvider: #registerProvider() provider:WV.a8@b25aa34 isPolicyCacheEnabled:false policyProvidersSize:0
07-19 22:59:59.978 12222 12222 I cr_PolicyProvider: #setManagerAndSource() 0
07-19 22:59:59.979 11999 12240 I IconCustomizer: find better bitmap : 126, for com.njh.biubiu
07-19 22:59:59.979 11999 12240 I IconCustomizer: find better bitmap : 144, for com.njh.biubiu
07-19 22:59:59.980 11999 12240 I IconCustomizer: find better bitmap : 144, for com.njh.biubiu
07-19 22:59:59.980 11999 12240 D IconCustomizer: Content Ratio = 1.2222222
07-19 22:59:59.980 11999 12240 D IconCustomizer: Content Ratio = 1.2222222
07-19 22:59:59.980 11999 12240 D IconCustomizer: BitmapDensity=347,dm.densityDpi=420
07-19 22:59:59.981 11999 12240 D IconCustomizer: Generate customized icon for com.njh.biubiu.png, true
07-19 22:59:59.981 11999 12240 I IconCustomizer: composeIconWithTrans FullMask: for com.njh.biubiu.png
07-19 22:59:59.987 11999 12345 D TrafficStats: tagSocket(273) with statsTag=0xffffffff, statsUid=-1
07-19 22:59:59.992 11999 12240 I IconCustomizer: find better bitmap : 126, for com.tencent.tmgp.sgame
07-19 22:59:59.994 11999 12240 I IconCustomizer: find better bitmap : 150, for com.tencent.tmgp.sgame
07-19 22:59:59.996 11999 12199 E upgadata.up7723: Invalid resource ID 0x00000000.
07-19 22:59:59.996 11999 12199 E upgadata.up7723: Invalid resource ID 0x00000000.
07-19 22:59:59.996 11999 12199 E upgadata.up7723: Invalid resource ID 0x00000000.
07-19 22:59:59.996 11999 12199 E upgadata.up7723: Invalid resource ID 0x00000000.
07-19 22:59:59.996 11999 12240 I IconCustomizer: find better bitmap : 174, for com.tencent.tmgp.sgame
07-19 22:59:59.997 11999 12240 D IconCustomizer: Content Ratio = 1.0114943
07-19 22:59:59.997 11999 12344 D TrafficStats: tagSocket(274) with statsTag=0xffffffff, statsUid=-1
07-19 22:59:59.997 11999 12240 D IconCustomizer: Generate customized icon for com.tencent.tmgp.sgame.png, true
07-19 22:59:59.997 11999 12240 I IconCustomizer: composeIconWithTrans FullMask: for com.tencent.tmgp.sgame.png
07-19 22:59:59.998 11999 12199 E upgadata.up7723: Invalid resource ID 0x00000000.
07-19 22:59:59.998 11999 12199 E upgadata.up7723: Invalid resource ID 0x00000000.
07-19 22:59:59.998 11999 12199 E upgadata.up7723: Invalid resource ID 0x00000000.
07-19 22:59:59.998 11999 12199 E upgadata.up7723: Invalid resource ID 0x00000000.
07-19 22:59:59.999 11999 12199 E upgadata.up7723: Invalid resource ID 0x00000000.
07-19 22:59:59.999 11999 12358 D TrafficStats: tagSocket(276) with statsTag=0xffffffff, statsUid=-1
07-19 22:59:59.999 11999 12199 E upgadata.up7723: Invalid resource ID 0x00000000.
07-19 22:59:59.999 11999 12199 E upgadata.up7723: Invalid resource ID 0x00000000.
07-19 22:59:59.999 11999 12199 E upgadata.up7723: Invalid resource ID 0x00000000.
07-19 23:00:00.000 11999 12199 E upgadata.up7723: Invalid resource ID 0x00000000.
07-19 23:00:00.001 11999 12199 E upgadata.up7723: Invalid resource ID 0x00000000.
07-19 23:00:00.001 11999 12199 E upgadata.up7723: Invalid resource ID 0x00000000.
07-19 23:00:00.001 11999 12360 D TrafficStats: tagSocket(277) with statsTag=0xffffffff, statsUid=-1
07-19 23:00:00.001 11999 12199 E upgadata.up7723: Invalid resource ID 0x00000000.
07-19 23:00:00.011 11999 11999 W View : requestLayout() improperly called by android.widget.TextView{edf6da8 VFED..C.. ..S...ID 0,0-172,105} during layout: running second layout pass
07-19 23:00:00.011 11999 11999 W View : requestLayout() improperly called by android.widget.LinearLayout{7b10c1 V.E...... ......ID 0,0-1080,105} during layout: running second layout pass
07-19 23:00:00.011 11999 11999 W View : requestLayout() improperly called by android.widget.ImageView{e6f5da5 VFED..C.. ......ID 640,0-903,105} during layout: running second layout pass
07-19 23:00:00.014 11999 12199 E upgadata.up7723: Invalid resource ID 0x00000000.
07-19 23:00:00.014 11999 12199 E upgadata.up7723: Invalid resource ID 0x00000000.
07-19 23:00:00.014 11999 12199 E upgadata.up7723: Invalid resource ID 0x00000000.
07-19 23:00:00.014 11999 12199 E upgadata.up7723: Invalid resource ID 0x00000000.
07-19 23:00:00.016 11999 11999 D VRI[HomeActivity]: vri.reportNextDraw android.view.ViewRootImpl.performTraversals:4279 android.view.ViewRootImpl.doTraversal:2919 android.view.ViewRootImpl$TraversalRunnable.run:10188 android.view.Choreographer$CallbackRecord.run:1623 android.view.Choreographer$CallbackRecord.run:1632
07-19 23:00:00.017 11999 11999 D VRI[HomeActivity]: vri.Setup new sync=wmsSync- VRI[HomeActivity]#2
07-19 23:00:00.017 11999 12199 E upgadata.up7723: Invalid resource ID 0x00000000.
07-19 23:00:00.017 11999 12199 E upgadata.up7723: Invalid resource ID 0x00000000.
07-19 23:00:00.017 11999 12199 E upgadata.up7723: Invalid resource ID 0x00000000.
07-19 23:00:00.017 11999 12199 E upgadata.up7723: Invalid resource ID 0x00000000.
07-19 23:00:00.028 11999 12240 I IconCustomizer: find better bitmap : 126, for com.oceanwing.soundcore
07-19 23:00:00.028 11999 12240 I IconCustomizer: find better bitmap : 150, for com.oceanwing.soundcore
07-19 23:00:00.029 11999 12041 D OpenGLRenderer: makeCurrent grContext:0x74fce8e560 reset mTextureAvailable
07-19 23:00:00.030 11999 12240 I IconCustomizer: find better bitmap : 174, for com.oceanwing.soundcore
07-19 23:00:00.030 12222 12222 I cr_CombinedPProvider: #linkNativeInternal() 1
07-19 23:00:00.030 12222 12222 D CompatibilityChangeReporter: Compat change id reported: 183155436; UID 10307; state: DISABLED
07-19 23:00:00.030 11999 12240 D IconCustomizer: Content Ratio = 1.0114943
07-19 23:00:00.030 11999 12240 D IconCustomizer: Generate customized icon for com.oceanwing.soundcore.png, true
07-19 23:00:00.030 11999 12240 I IconCustomizer: composeIconWithTrans FullMask: for com.oceanwing.soundcore.png
07-19 23:00:00.031 12222 12222 I cr_AppResProvider: #getApplicationRestrictionsFromUserManager() Bundle[EMPTY_PARCEL]
07-19 23:00:00.031 12222 12222 I cr_PolicyProvider: #notifySettingsAvailable() 0
07-19 23:00:00.031 12222 12222 I cr_CombinedPProvider: #onSettingsAvailable() 0
07-19 23:00:00.031 12222 12222 I cr_CombinedPProvider: #flushPolicies()
07-19 23:00:00.060 11999 12240 E BitmapFactory: Unable to decode stream: java.io.FileNotFoundException: /product/media/theme/miui_mod_icons/dynamic/com.miui.gallery/2.png: open failed: ENOENT (No such file or directory)
07-19 23:00:00.071 11999 12338 D TrafficStats: tagSocket(286) with statsTag=0xffffffff, statsUid=-1
07-19 23:00:00.073 11999 12240 I IconCustomizer: find better bitmap : 126, for com.tencent.androidqqmail
07-19 23:00:00.074 11999 12240 I IconCustomizer: find better bitmap : 144, for com.tencent.androidqqmail
07-19 23:00:00.074 11999 12240 I IconCustomizer: find better bitmap : 144, for com.tencent.androidqqmail
07-19 23:00:00.074 11999 12240 D IconCustomizer: Content Ratio = 1.2222222
07-19 23:00:00.074 11999 12240 D IconCustomizer: Content Ratio = 1.2222222
07-19 23:00:00.074 11999 12240 D IconCustomizer: BitmapDensity=347,dm.densityDpi=420
07-19 23:00:00.075 11999 12240 D IconCustomizer: Generate customized icon for com.tencent.androidqqmail.png, true
07-19 23:00:00.075 11999 12240 I IconCustomizer: composeIconWithTrans FullMask: for com.tencent.androidqqmail.png
07-19 23:00:00.091 11999 12240 D IconCustomizer: Content Ratio = 0.6875
07-19 23:00:00.091 11999 12240 D IconCustomizer: Content Ratio = 0.6875
07-19 23:00:00.091 11999 12240 D IconCustomizer: BitmapDensity=320,dm.densityDpi=420
07-19 23:00:00.092 11999 12240 D IconCustomizer: Generate customized icon for com.knowyou.perception.png, true
07-19 23:00:00.092 11999 12240 I IconCustomizer: composeIconWithTrans FullMask: for com.knowyou.perception.png
07-19 23:00:00.092 11999 12344 D TrafficStats: tagSocket(289) with statsTag=0xffffffff, statsUid=-1
07-19 23:00:00.100 11999 12240 I IconCustomizer: find better bitmap : 126, for com.MobileTicket
07-19 23:00:00.102 11999 12240 I IconCustomizer: find better bitmap : 150, for com.MobileTicket
07-19 23:00:00.103 11999 12240 I IconCustomizer: find better bitmap : 174, for com.MobileTicket
07-19 23:00:00.103 11999 12240 D IconCustomizer: Content Ratio = 1.0114943
07-19 23:00:00.104 11999 12240 D IconCustomizer: Generate customized icon for com.MobileTicket.png, true
07-19 23:00:00.104 11999 12240 I IconCustomizer: composeIconWithTrans FullMask: for com.MobileTicket.png
07-19 23:00:00.114 11999 12240 I IconCustomizer: find better bitmap : 137, for com.miui.thirdappassistant
07-19 23:00:00.115 11999 12240 I IconCustomizer: find better bitmap : 150, for com.miui.thirdappassistant
07-19 23:00:00.115 11999 12240 I IconCustomizer: find better bitmap : 174, for com.miui.thirdappassistant
07-19 23:00:00.116 11999 12240 D IconCustomizer: Content Ratio = 1.0232558
07-19 23:00:00.116 11999 12240 D IconCustomizer: Generate customized icon for com.miui.thirdappassistant.png, true
07-19 23:00:00.116 11999 12240 I IconCustomizer: composeIconWithTrans FullMask: for com.miui.thirdappassistant.png
07-19 23:00:00.117 11999 12360 D TrafficStats: tagSocket(293) with statsTag=0xffffffff, statsUid=-1
07-19 23:00:00.128 12222 12222 D CompatibilityChangeReporter: Compat change id reported: 214741472; UID 10307; state: DISABLED
07-19 23:00:00.137 11999 11999 D VRI[HomeActivity]: vri.reportDrawFinished
07-19 23:00:00.141 11999 12240 I IconCustomizer: find better bitmap : 126, for com.xiaofeiji.app.disk
07-19 23:00:00.147 11999 12240 I IconCustomizer: find better bitmap : 150, for com.xiaofeiji.app.disk
07-19 23:00:00.148 11999 12240 I IconCustomizer: find better bitmap : 174, for com.xiaofeiji.app.disk
07-19 23:00:00.149 11999 12240 D IconCustomizer: Content Ratio = 1.0114943
07-19 23:00:00.150 11999 12345 D TrafficStats: tagSocket(297) with statsTag=0xffffffff, statsUid=-1
07-19 23:00:00.150 11999 12240 D IconCustomizer: Generate customized icon for com.xiaofeiji.app.disk.png, true
07-19 23:00:00.150 11999 12240 I IconCustomizer: composeIconWithTrans FullMask: for com.xiaofeiji.app.disk.png
07-19 23:00:00.152 11999 12202 D TrafficStats: tagSocket(298) with statsTag=0xffffffff, statsUid=-1
07-19 23:00:00.176 11999 11999 D ConnectivityManager: getMobileDataEnabled()+ subId=3
07-19 23:00:00.176 11999 11999 D ConnectivityManager: getMobileDataEnabled()- subId=3 retVal=false
07-19 23:00:00.182 11999 12240 E BitmapFactory: Unable to decode stream: java.io.FileNotFoundException: /product/media/theme/miui_mod_icons/dynamic/com.android.soundrecorder/2.png: open failed: ENOENT (No such file or directory)
07-19 23:00:00.203 11999 11999 W View : requestLayout() improperly called by android.widget.TextView{edf6da8 VFED..C.. ..S...ID 0,0-172,105} during layout: running second layout pass
07-19 23:00:00.203 11999 11999 W View : requestLayout() improperly called by android.widget.LinearLayout{7b10c1 V.E...... ......ID 0,0-1080,105} during layout: running second layout pass
07-19 23:00:00.203 11999 11999 W View : requestLayout() improperly called by android.widget.ImageView{e6f5da5 VFED..C.. ......I. 640,0-903,105} during layout: running second layout pass
07-19 23:00:00.205 11999 12240 I IconCustomizer: find better bitmap : 100, for com.baidu.input_mi
07-19 23:00:00.206 11999 12240 I IconCustomizer: find better bitmap : 114, for com.baidu.input_mi
07-19 23:00:00.206 11999 12240 I IconCustomizer: find better bitmap : 114, for com.baidu.input_mi
07-19 23:00:00.206 11999 12240 D IconCustomizer: Content Ratio = 1.5438596
07-19 23:00:00.206 11999 12240 D IconCustomizer: Content Ratio = 1.5438596
07-19 23:00:00.206 11999 12240 D IconCustomizer: BitmapDensity=347,dm.densityDpi=420
07-19 23:00:00.207 11999 12092 D TrafficStats: tagSocket(283) with statsTag=0xffffffff, statsUid=-1
07-19 23:00:00.207 11999 12240 D IconCustomizer: Generate customized icon for com.baidu.input_mi.png, true
07-19 23:00:00.207 11999 12240 I IconCustomizer: composeIconWithTrans FullMask: for com.baidu.input_mi.png
07-19 23:00:00.230 11999 12240 I IconCustomizer: find better bitmap : 126, for me.ele
07-19 23:00:00.231 11999 12240 I IconCustomizer: find better bitmap : 150, for me.ele
07-19 23:00:00.232 11999 12240 I IconCustomizer: find better bitmap : 174, for me.ele
07-19 23:00:00.232 11999 12240 D IconCustomizer: Content Ratio = 1.0114943
07-19 23:00:00.232 11999 12240 D IconCustomizer: Generate customized icon for me.ele.png, true
07-19 23:00:00.232 11999 12240 I IconCustomizer: composeIconWithTrans FullMask: for me.ele.png
07-19 23:00:00.233 11999 12041 E OpenGLRenderer: Unable to match the desired swap behavior.
07-19 23:00:00.234 11999 11999 D VRI[HomeActivity]: vri.reportNextDraw android.view.ViewRootImpl.performTraversals:4279 android.view.ViewRootImpl.doTraversal:2919 android.view.ViewRootImpl$TraversalRunnable.run:10188 android.view.Choreographer$CallbackRecord.run:1623 android.view.Choreographer$CallbackRecord.run:1632
07-19 23:00:00.234 11999 11999 D VRI[HomeActivity]: vri.Setup new sync=wmsSync- VRI[HomeActivity]#4
07-19 23:00:00.235 11999 12041 D OpenGLRenderer: makeCurrent grContext:0x74fce8e560 reset mTextureAvailable
07-19 23:00:00.246 11999 11999 D VRI[HomeActivity]: vri.reportDrawFinished
07-19 23:00:00.247 11999 12240 E BitmapFactory: Unable to decode stream: java.io.FileNotFoundException: /product/media/theme/miui_mod_icons/dynamic/com.android.providers.downloads.ui/ 2.png: open failed: ENOENT (No such file or directory)
07-19 23:00:00.253 11999 12056 D ContentCatcher_injector: Interceptor : notifyActivityStop: com.upgadata.up7723@com.upgadata.up7723.main.activity.SplashActivity@53802086
07-19 23:00:00.253 11999 12056 D ContentCatcher_catcher: CatcherHolder : mCatcherList size: 0
07-19 23:00:00.257 11999 12056 D ContentCatcher_injector: Interceptor : notifyActivityDestroy: com.upgadata.up7723@com.upgadata.up7723.main.activity.SplashActivity@53802086
07-19 23:00:00.257 11999 12056 D ContentCatcher_catcher: CatcherHolder : mCatcherList size: 0
07-19 23:00:00.257 11999 12056 E ContentCatcherManager: failed to get ContentCatcherService.
07-19 23:00:00.257 11999 11999 W WindowOnBackDispatcher: sendCancelIfRunning: isInProgress=falsecallback=android.view.ViewRootImpl$ $ExternalSyntheticLambda22@acc5909
07-19 23:00:00.258 11999 11999 W MiuiStubRegistry: Failed to collect stub providers in android.magicpointer.util.MiuiMagicPointerUtilsStubHeadManifest$$: /system_ext/framework/miui-framework-pointer-pad.jar not exist
07-19 23:00:00.265 11999 11999 D EventBus: No subscribers registered for event class com.upgadata.up7723.game.root.q
07-19 23:00:00.265 11999 11999 D EventBus: No subscribers registered for event class org.greenrobot.eventbus.h
07-19 23:00:00.306 11999 12240 I IconCustomizer: find better bitmap : 126, for com.xiaomi.mibrain.speech
07-19 23:00:00.307 11999 12240 I IconCustomizer: find better bitmap : 150, for com.xiaomi.mibrain.speech
07-19 23:00:00.307 11999 12240 I IconCustomizer: find better bitmap : 174, for com.xiaomi.mibrain.speech
07-19 23:00:00.308 11999 12240 D IconCustomizer: Content Ratio = 1.0114943
07-19 23:00:00.308 11999 12240 D IconCustomizer: Generate customized icon for com.xiaomi.mibrain.speech.png, true
07-19 23:00:00.308 11999 12240 I IconCustomizer: composeIconWithTrans FullMask: for com.xiaomi.mibrain.speech.png
07-19 23:00:00.306 11999 11999 W RenderThread: type=1400 audit(0.0:465734): avc: denied { getattr } for path="/sys/module/metis/parameters/minor_window_app" dev="sysfs" ino=77174 scontext=u:r:untrusted_app_27:s0:c51,c257,c512,c768 tcontext=u:object_r:sysfs_migt:s0 tclass=file permissive=0 app=com.upgadata.up7723
07-19 23:00:00.322 11999 11999 D ScrollerOptimizationManager: registerConfigChangedListener
07-19 23:00:00.322 11999 11999 D ScrollerOptimizationManager: registerConfigChangedListener
07-19 23:00:00.322 11999 11999 D ScrollerOptimizationManager: registerConfigChangedListener
07-19 23:00:00.328 11999 12240 I IconCustomizer: find better bitmap : 126, for com.sdu.didi.psnger
07-19 23:00:00.328 11999 12240 I IconCustomizer: find better bitmap : 150, for com.sdu.didi.psnger
07-19 23:00:00.329 11999 12240 I IconCustomizer: find better bitmap : 174, for com.sdu.didi.psnger
07-19 23:00:00.329 11999 12240 D IconCustomizer: Content Ratio = 1.0114943
07-19 23:00:00.329 11999 12240 D IconCustomizer: Generate customized icon for com.sdu.didi.psnger.png, true
07-19 23:00:00.329 11999 12240 I IconCustomizer: composeIconWithTrans FullMask: for com.sdu.didi.psnger.png
07-19 23:00:00.342 11999 11999 D ScrollerOptimizationManager: registerConfigChangedListener
07-19 23:00:00.342 11999 11999 D ScrollerOptimizationManager: registerConfigChangedListener
07-19 23:00:00.342 11999 11999 D ScrollerOptimizationManager: registerConfigChangedListener
07-19 23:00:00.347 11999 12240 I IconCustomizer: find better bitmap : 126, for com.xunlei.downloadprovider
07-19 23:00:00.347 11999 12240 I IconCustomizer: find better bitmap : 144, for com.xunlei.downloadprovider
07-19 23:00:00.348 11999 12240 I IconCustomizer: find better bitmap : 144, for com.xunlei.downloadprovider
07-19 23:00:00.349 11999 12240 D IconCustomizer: Content Ratio = 1.2222222
07-19 23:00:00.349 11999 12240 D IconCustomizer: Content Ratio = 1.2222222
07-19 23:00:00.349 11999 12240 D IconCustomizer: BitmapDensity=347,dm.densityDpi=420
07-19 23:00:00.349 11999 12240 D IconCustomizer: Generate customized icon for com.xunlei.downloadprovider.png, true
07-19 23:00:00.349 11999 12240 I IconCustomizer: composeIconWithTrans FullMask: for com.xunlei.downloadprovider.png
07-19 23:00:00.365 11999 12240 D IconCustomizer: Content Ratio = 0.61538464
07-19 23:00:00.366 11999 12240 D IconCustomizer: Generate customized icon for com.miui.huanji.png, true
07-19 23:00:00.366 11999 12240 I IconCustomizer: composeIconWithTrans FullMask: for com.miui.huanji.png
07-19 23:00:00.370 11999 12199 E upgadata.up7723: Invalid resource ID 0x00000000.
07-19 23:00:00.370 11999 12199 E upgadata.up7723: Invalid resource ID 0x00000000.
07-19 23:00:00.370 11999 12199 E upgadata.up7723: Invalid resource ID 0x00000000.
07-19 23:00:00.370 11999 12199 E upgadata.up7723: Invalid resource ID 0x00000000.
07-19 23:00:00.371 11999 12199 E upgadata.up7723: Invalid resource ID 0x00000000.
07-19 23:00:00.371 11999 12199 E upgadata.up7723: Invalid resource ID 0x00000000.
07-19 23:00:00.371 11999 12199 E upgadata.up7723: Invalid resource ID 0x00000000.
07-19 23:00:00.371 11999 12199 E upgadata.up7723: Invalid resource ID 0x00000000.
07-19 23:00:00.384 11999 12199 E upgadata.up7723: Invalid resource ID 0x00000000.
07-19 23:00:00.386 11999 11999 W View : requestLayout() improperly called by android.widget.TextView{f7dc278 VFED..C.. ..S...ID 0,0-172,105} during layout: running second layout pass
07-19 23:00:00.386 11999 12199 E upgadata.up7723: Invalid resource ID 0x00000000.
07-19 23:00:00.386 11999 12199 E upgadata.up7723: Invalid resource ID 0x00000000.
07-19 23:00:00.386 11999 12199 E upgadata.up7723: Invalid resource ID 0x00000000.
07-19 23:00:00.387 11999 12199 E upgadata.up7723: Invalid resource ID 0x00000000.
07-19 23:00:00.387 11999 12199 E upgadata.up7723: Invalid resource ID 0x00000000.
07-19 23:00:00.387 11999 12199 E upgadata.up7723: Invalid resource ID 0x00000000.
07-19 23:00:00.391 11999 12199 E upgadata.up7723: Invalid resource ID 0x00000000.
07-19 23:00:00.394 11999 12240 I IconCustomizer: find better bitmap : 126, for com.lion.market
07-19 23:00:00.394 11999 12240 I IconCustomizer: find better bitmap : 144, for com.lion.market
07-19 23:00:00.394 11999 12240 I IconCustomizer: find better bitmap : 144, for com.lion.market
07-19 23:00:00.397 11999 12240 D IconCustomizer: Content Ratio = 1.2222222
07-19 23:00:00.397 11999 12240 D IconCustomizer: Content Ratio = 1.2222222
07-19 23:00:00.397 11999 12240 D IconCustomizer: BitmapDensity=347,dm.densityDpi=420
07-19 23:00:00.398 11999 12240 D IconCustomizer: Generate customized icon for com.lion.market.png, true
07-19 23:00:00.398 11999 12240 I IconCustomizer: composeIconWithTrans FullMask: for com.lion.market.png
07-19 23:00:00.399 11999 11999 W View : requestLayout() improperly called by android.widget.TextView{f7dc278 VFED..C.. ..S...ID 0,0-172,105} during layout: running second layout pass
07-19 23:00:00.398 11999 11999 W RenderThread: type=1400 audit(0.0:465735): avc: denied { getattr } for path="/sys/module/metis/parameters/minor_window_app" dev="sysfs" ino=77174 scontext=u:r:untrusted_app_27:s0:c51,c257,c512,c768 tcontext=u:object_r:sysfs_migt:s0 tclass=file permissive=0 app=com.upgadata.up7723
07-19 23:00:00.406 11999 11999 W RenderThread: type=1400 audit(0.0:465736): avc: denied { getattr } for path="/sys/module/metis/parameters/minor_window_app" dev="sysfs" ino=77174 scontext=u:r:untrusted_app_27:s0:c51,c257,c512,c768 tcontext=u:object_r:sysfs_migt:s0 tclass=file permissive=0 app=com.upgadata.up7723
07-19 23:00:00.409 11999 11999 W View : requestLayout() improperly called by android.widget.TextView{f7dc278 VFED..C.. ..S...ID 0,0-172,105} during layout: running second layout pass
07-19 23:00:00.416 11999 12240 E BitmapFactory: Unable to decode stream: java.io.FileNotFoundException: /product/media/theme/miui_mod_icons/dynamic/com.miui.securitycenter/2.png: open failed: ENOENT (No such file or directory)
07-19 23:00:00.420 11999 11999 W View : requestLayout() improperly called by android.widget.TextView{f7dc278 VFED..C.. ..S...ID 0,0-172,105} during layout: running second layout pass
07-19 23:00:00.422 11999 11999 W RenderThread: type=1400 audit(0.0:465737): avc: denied { getattr } for path="/sys/module/metis/parameters/minor_window_app" dev="sysfs" ino=77174 scontext=u:r:untrusted_app_27:s0:c51,c257,c512,c768 tcontext=u:object_r:sysfs_migt:s0 tclass=file permissive=0 app=com.upgadata.up7723
07-19 23:00:00.433 11999 12240 I IconCustomizer: find better bitmap : 127, for com.mi.health
07-19 23:00:00.434 11999 12240 I IconCustomizer: find better bitmap : 150, for com.mi.health
07-19 23:00:00.434 11999 12240 I IconCustomizer: find better bitmap : 174, for com.mi.health
07-19 23:00:00.435 11999 12240 D IconCustomizer: Content Ratio = 1.0114943
07-19 23:00:00.436 11999 12240 D IconCustomizer: Generate customized icon for com.mi.health.png, true
07-19 23:00:00.436 11999 12240 I IconCustomizer: composeIconWithTrans FullMask: for com.mi.health.png
07-19 23:00:00.438 11999 11999 W View : requestLayout() improperly called by android.widget.TextView{f7dc278 VFED..C.. ..S...ID 0,0-172,105} during layout: running second layout pass
07-19 23:00:00.434 11999 11999 W RenderThread: type=1400 audit(0.0:465738): avc: denied { getattr } for path="/sys/module/metis/parameters/minor_window_app" dev="sysfs" ino=77174 scontext=u:r:untrusted_app_27:s0:c51,c257,c512,c768 tcontext=u:object_r:sysfs_migt:s0 tclass=file permissive=0 app=com.upgadata.up7723
07-19 23:00:00.444 11999 12240 I IconCustomizer: find better bitmap : 147, for cn.wps.moffice_eng.xiaomi.lite
07-19 23:00:00.444 11999 12240 I IconCustomizer: find better bitmap : 168, for cn.wps.moffice_eng.xiaomi.lite
07-19 23:00:00.445 11999 12240 I IconCustomizer: find better bitmap : 168, for cn.wps.moffice_eng.xiaomi.lite
07-19 23:00:00.445 11999 12240 D IconCustomizer: Content Ratio = 1.0476191
07-19 23:00:00.445 11999 12240 D IconCustomizer: Content Ratio = 1.0476191
07-19 23:00:00.445 11999 12240 D IconCustomizer: BitmapDensity=347,dm.densityDpi=420
07-19 23:00:00.446 11999 12240 D IconCustomizer: Generate customized icon for cn.wps.moffice_eng.xiaomi.lite.png, true
07-19 23:00:00.446 11999 12240 I IconCustomizer: composeIconWithTrans FullMask: for cn.wps.moffice_eng.xiaomi.lite.png
07-19 23:00:00.454 11999 11999 W View : requestLayout() improperly called by android.widget.TextView{f7dc278 VFED..C.. ..S...ID 0,0-172,105} during layout: running second layout pass
07-19 23:00:00.473 11999 11999 W View : requestLayout() improperly called by android.widget.TextView{f7dc278 VFED..C.. ..S...ID 0,0-172,105} during layout: running second layout pass
07-19 23:00:00.479 11999 12240 I IconCustomizer: find better bitmap : 168, for com.mfashiongallery.emag
07-19 23:00:00.483 11999 12240 I IconCustomizer: find better bitmap : 180, for com.mfashiongallery.emag
07-19 23:00:00.483 11999 12240 D IconCustomizer: Content Ratio = 0.9777778
07-19 23:00:00.485 11999 12240 D IconCustomizer: Generate customized icon for com.mfashiongallery.emag.png, true
07-19 23:00:00.485 11999 12240 I IconCustomizer: composeIconWithTrans FullMask: for com.mfashiongallery.emag.png
07-19 23:00:00.516 11999 12240 I IconCustomizer: find better bitmap : 126, for org.kuyo.game
07-19 23:00:00.516 11999 12240 I IconCustomizer: find better bitmap : 150, for org.kuyo.game
07-19 23:00:00.517 11999 12240 I IconCustomizer: find better bitmap : 174, for org.kuyo.game
07-19 23:00:00.517 11999 12240 D IconCustomizer: Content Ratio = 1.0114943
07-19 23:00:00.518 11999 12240 D IconCustomizer: Generate customized icon for org.kuyo.game.png, true
07-19 23:00:00.518 11999 12240 I IconCustomizer: composeIconWithTrans FullMask: for org.kuyo.game.png
07-19 23:00:00.521 11999 11999 W View : requestLayout() improperly called by android.widget.TextView{f7dc278 VFED..C.. ..S...ID 0,0-172,105} during layout: running second layout pass
07-19 23:00:00.531 11999 12240 I IconCustomizer: find better bitmap : 126, for com.xmcy.hykb
07-19 23:00:00.533 11999 12240 I IconCustomizer: find better bitmap : 150, for com.xmcy.hykb
07-19 23:00:00.533 11999 12240 I IconCustomizer: find better bitmap : 174, for com.xmcy.hykb
07-19 23:00:00.534 11999 12240 D IconCustomizer: Content Ratio = 1.0114943
07-19 23:00:00.534 11999 12240 D IconCustomizer: Generate customized icon for com.xmcy.hykb.png, true
07-19 23:00:00.534 11999 12240 I IconCustomizer: composeIconWithTrans FullMask: for com.xmcy.hykb.png
07-19 23:00:00.555 11999 12041 W RenderInspector: DequeueBuffer time out on com.upgadata.up7723/com.upgadata.up7723.main.activity.HomeActivity, count=1, avg=20 ms, max=20 ms.
07-19 23:00:00.565 11999 12240 E BitmapFactory: Unable to decode stream: java.io.FileNotFoundException: /product/media/theme/miui_mod_icons/dynamic/com.android.calendar/2.png: open failed: ENOENT (No such file or directory)
07-19 23:00:00.577 11999 12240 E BitmapFactory: Unable to decode stream: java.io.FileNotFoundException: /product/media/theme/miui_mod_icons/dynamic/com.miui.compass/2.png: open failed: ENOENT (No such file or directory)
07-19 23:00:00.617 11999 12240 D IconCustomizer: Content Ratio = 0.8262911
07-19 23:00:00.618 11999 12240 D IconCustomizer: Generate customized icon for uni.UNI701B671.searchbox.png, true
07-19 23:00:00.618 11999 12240 I IconCustomizer: composeIconWithTrans FullMask: for uni.UNI701B671.searchbox.png
07-19 23:00:00.638 11999 11999 D ScrollerOptimizationManager: registerConfigChangedListener
07-19 23:00:00.647 11999 12240 I IconCustomizer: find better bitmap : 128, for com.dongrikuangxiangqu.com
07-19 23:00:00.649 11999 12240 I IconCustomizer: find better bitmap : 128, for com.dongrikuangxiangqu.com
07-19 23:00:00.650 11999 12240 I IconCustomizer: find better bitmap : 128, for com.dongrikuangxiangqu.com
07-19 23:00:00.650 11999 12240 D IconCustomizer: Content Ratio = -1.0
07-19 23:00:00.650 11999 12240 D IconCustomizer: Content Ratio = -1.0
07-19 23:00:00.650 11999 12240 D IconCustomizer: BitmapDensity=160,dm.densityDpi=420
07-19 23:00:00.651 11999 12240 D IconCustomizer: Generate customized icon for com.dongrikuangxiangqu.com.png, true
07-19 23:00:00.651 11999 12240 I IconCustomizer: composeIconWithTrans FullMask: for com.dongrikuangxiangqu.com.png
07-19 23:00:00.652 11999 11999 D ScrollerOptimizationManager: registerConfigChangedListener
07-19 23:00:00.654 11999 11999 W View : requestLayout() improperly called by android.widget.TextView{f7dc278 VFED..C.. ..S...ID 0,0-172,105} during layout: running second layout pass
07-19 23:00:00.661 11999 12240 I IconCustomizer: find better bitmap : 105, for com.copymanga.app
07-19 23:00:00.661 11999 12240 I IconCustomizer: find better bitmap : 94, for com.copymanga.app
07-19 23:00:00.661 11999 12240 I IconCustomizer: find better bitmap : 109, for com.copymanga.app
07-19 23:00:00.662 11999 12240 D IconCustomizer: Content Ratio = 1.6146789
07-19 23:00:00.662 11999 12240 D IconCustomizer: Generate customized icon for com.copymanga.app.png, true
07-19 23:00:00.662 11999 12240 I IconCustomizer: composeIconWithTrans FullMask: for com.copymanga.app.png
07-19 23:00:00.679 11999 12240 E BitmapFactory: Unable to decode stream: java.io.FileNotFoundException: /product/media/theme/miui_mod_icons/dynamic/com.duokan.phone.remotecontroller/ 2.png: open failed: ENOENT (No such file or directory)
07-19 23:00:00.685 11999 12240 I IconCustomizer: find better bitmap : 126, for com.tencent.mtt
07-19 23:00:00.685 11999 12240 I IconCustomizer: find better bitmap : 144, for com.tencent.mtt
07-19 23:00:00.686 11999 12240 I IconCustomizer: find better bitmap : 144, for com.tencent.mtt
07-19 23:00:00.686 11999 12240 D IconCustomizer: Content Ratio = 1.2222222
07-19 23:00:00.686 11999 12240 D IconCustomizer: Content Ratio = 1.2222222
07-19 23:00:00.686 11999 12240 D IconCustomizer: BitmapDensity=347,dm.densityDpi=420
07-19 23:00:00.687 11999 12240 D IconCustomizer: Generate customized icon for com.tencent.mtt.png, true
07-19 23:00:00.687 11999 12240 I IconCustomizer: composeIconWithTrans FullMask: for com.tencent.mtt.png
07-19 23:00:00.690 11999 12240 I IconCustomizer: find better bitmap : 175, for com.upgadata.up7723
07-19 23:00:00.691 11999 12240 I IconCustomizer: find better bitmap : 200, for com.upgadata.up7723
07-19 23:00:00.691 11999 12240 D IconCustomizer: Content Ratio = 0.88
07-19 23:00:00.692 11999 12240 D IconCustomizer: Content Ratio = 0.88
07-19 23:00:00.692 11999 12240 D IconCustomizer: BitmapDensity=403,dm.densityDpi=420
07-19 23:00:00.692 11999 12240 D IconCustomizer: Generate customized icon for com.upgadata.up7723.png, true
07-19 23:00:00.692 11999 12240 I IconCustomizer: composeIconWithTrans FullMask: for com.upgadata.up7723.png
07-19 23:00:00.711 11999 11999 D ScrollerOptimizationManager: registerConfigChangedListener
07-19 23:00:00.727 11999 11999 D ScrollerOptimizationManager: registerConfigChangedListener
07-19 23:00:00.730 11999 12240 D IconCustomizer: Content Ratio = 0.6542751
07-19 23:00:00.731 11999 12240 D IconCustomizer: Generate customized icon for com.androidjks.twitter.d1717493705693173505.png, true
07-19 23:00:00.731 11999 12240 I IconCustomizer: composeIconWithTrans FullMask: for com.androidjks.twitter.d1717493705693173505.png
07-19 23:00:00.744 11999 12240 D IconCustomizer: Content Ratio = 0.33846155
07-19 23:00:00.744 11999 12041 E OpenGLRenderer: Unable to match the desired swap behavior.
07-19 23:00:00.745 11999 12240 D IconCustomizer: Content Ratio = 0.33846155
07-19 23:00:00.745 11999 12240 D IconCustomizer: BitmapDensity=160,dm.densityDpi=420
07-19 23:00:00.745 11999 12240 D IconCustomizer: Generate customized icon for com.dirror.music.png, true
07-19 23:00:00.746 11999 12240 I IconCustomizer: composeIconWithTrans FullMask: for com.dirror.music.png
07-19 23:00:00.746 11999 11999 D VRI[HomeActivity]: vri.reportNextDraw android.view.ViewRootImpl.performTraversals:4279 android.view.ViewRootImpl.doTraversal:2919 android.view.ViewRootImpl$TraversalRunnable.run:10188 android.view.Choreographer$CallbackRecord.run:1623 android.view.Choreographer$CallbackRecord.run:1632
07-19 23:00:00.746 11999 11999 D VRI[HomeActivity]: vri.Setup new sync=wmsSync- VRI[HomeActivity]#6
07-19 23:00:00.747 11999 12041 D OpenGLRenderer: makeCurrent grContext:0x74fce8e560 reset mTextureAvailable
07-19 23:00:00.755 11999 11999 D VRI[HomeActivity]: vri.reportDrawFinished
07-19 23:00:00.764 11999 11999 W View : requestLayout() improperly called by android.widget.TextView{f7dc278 VFED..C.. ..S...ID 0,0-172,105} during layout: running second layout pass
07-19 23:00:00.808 11999 12240 I IconCustomizer: find better bitmap : 126, for com.tencent.tmgp.supercell.brawlstars
07-19 23:00:00.809 11999 12240 I IconCustomizer: find better bitmap : 113, for com.tencent.tmgp.supercell.brawlstars
07-19 23:00:00.809 11999 12240 I IconCustomizer: find better bitmap : 131, for com.tencent.tmgp.supercell.brawlstars
07-19 23:00:00.810 11999 12240 I upgadata.up7723: Waiting for a blocking GC Alloc
07-19 23:00:00.811 11999 11999 I upgadata.up7723: Waiting for a blocking GC Alloc
07-19 23:00:00.811 11999 12180 I upgadata.up7723: Waiting for a blocking GC Alloc
07-19 23:00:00.818 11999 12335 I upgadata.up7723: Waiting for a blocking GC Alloc
07-19 23:00:00.839 11999 12247 I upgadata.up7723: Waiting for a blocking GC Alloc
07-19 23:00:00.870 11999 12016 I upgadata.up7723: Waiting for a blocking GC Alloc
07-19 23:00:00.873 11999 12014 I upgadata.up7723: Waiting for a blocking GC Alloc
07-19 23:00:00.876 11999 12017 I upgadata.up7723: Waiting for a blocking GC Alloc
