07-19 23:01:42.069 11999 11999 W PackageManager: at android.view.ViewGroup.dispatchWindowFocusChanged(ViewGroup.java:1528)
07-19 23:01:42.069 11999 11999 W PackageManager: at android.view.ViewGroup.dispatchWindowFocusChanged(ViewGroup.java:1528)
07-19 23:01:42.069 11999 11999 W PackageManager: at android.view.ViewGroup.dispatchWindowFocusChanged(ViewGroup.java:1528)
07-19 23:01:42.069 11999 11999 W PackageManager: at android.view.ViewGroup.dispatchWindowFocusChanged(ViewGroup.java:1528)
07-19 23:01:42.069 11999 11999 W PackageManager: at android.view.ViewGroup.dispatchWindowFocusChanged(ViewGroup.java:1528)
07-19 23:01:42.069 11999 11999 W PackageManager: at android.view.ViewGroup.dispatchWindowFocusChanged(ViewGroup.java:1528)
07-19 23:01:42.069 11999 11999 W PackageManager: at android.view.ViewGroup.dispatchWindowFocusChanged(ViewGroup.java:1528)
07-19 23:01:42.069 11999 11999 W PackageManager: at android.view.ViewGroup.dispatchWindowFocusChanged(ViewGroup.java:1528)
07-19 23:01:42.069 11999 11999 W PackageManager: at android.view.ViewGroup.dispatchWindowFocusChanged(ViewGroup.java:1528)
07-19 23:01:42.069 11999 11999 W PackageManager: at android.view.ViewGroup.dispatchWindowFocusChanged(ViewGroup.java:1528)
07-19 23:01:42.069 11999 11999 W PackageManager: at android.view.ViewGroup.dispatchWindowFocusChanged(ViewGroup.java:1528)
07-19 23:01:42.069 11999 11999 W PackageManager: at android.view.ViewRootImpl.dispatchFocusEvent(ViewRootImpl.java:4578)
07-19 23:01:42.069 11999 11999 W PackageManager: at android.view.ViewRootImpl.handleWindowFocusChanged(ViewRootImpl.java:4482)
07-19 23:01:42.069 11999 11999 W PackageManager: at android.view.ViewRootImpl.-$$Nest$mhandleWindowFocusChanged(Unknown Source:0)
07-19 23:01:42.069 11999 11999 W PackageManager: at android.view.ViewRootImpl$ViewRootHandler.handleMessageImpl(ViewRootImpl.java:6659)
07-19 23:01:42.069 11999 11999 W PackageManager: at android.view.ViewRootImpl$ViewRootHandler.handleMessage(ViewRootImpl.java:6550)
07-19 23:01:42.069 11999 11999 W PackageManager: at android.os.Handler.dispatchMessage(Handler.java:106)
07-19 23:01:42.069 11999 11999 W PackageManager: at android.os.Looper.loopOnce(Looper.java:224)
07-19 23:01:42.069 11999 11999 W PackageManager: at android.os.Looper.loop(Looper.java:318)
07-19 23:01:42.069 11999 11999 W PackageManager: at android.app.ActivityThread.main(ActivityThread.java:8653)
07-19 23:01:42.069 11999 11999 W PackageManager: at java.lang.reflect.Method.invoke(Native Method)
07-19 23:01:42.069 11999 11999 W PackageManager: at com.android.internal.os.RuntimeInit$MethodAndArgsCaller.run(RuntimeInit.java:561)
07-19 23:01:42.069 11999 11999 W PackageManager: at com.android.internal.os.ZygoteInit.main(ZygoteInit.java:1013)
07-19 23:01:42.070 11999 11999 W ziparchive: Unable to open '/data/user/0/com.upgadata.up7723/bzBox/data/app/com.maxgames.stickwar3/base.apk': No such file or directory
07-19 23:01:42.070 11999 11999 E upgadata.up7723: Failed to open APK '/data/user/0/com.upgadata.up7723/bzBox/data/app/com.maxgames.stickwar3/base.apk': I/O error
07-19 23:01:42.070 11999 11999 W PackageManager: Failure to parse package archive
07-19 23:01:42.070 11999 11999 W PackageManager: android.content.pm.PackageParser$PackageParserException: Failed to parse /data/user/0/com.upgadata.up7723/bzBox/data/app/com.maxgames.stickwar3/base.apk
07-19 23:01:42.070 11999 11999 W PackageManager: at android.content.pm.PackageParser.parseApkLiteInner(PackageParser.java:1506)
07-19 23:01:42.070 11999 11999 W PackageManager: at android.content.pm.PackageParser.parseApkLite(PackageParser.java:1477)
07-19 23:01:42.070 11999 11999 W PackageManager: at android.content.pm.PackageParser.parseMonolithicPackageLite(PackageParser.java:980)
07-19 23:01:42.070 11999 11999 W PackageManager: at android.content.pm.PackageParser.parseMonolithicPackage(PackageParser.java:1189)
07-19 23:01:42.070 11999 11999 W PackageManager: at android.content.pm.PackageParser.parsePackage(PackageParser.java:1103)
07-19 23:01:42.070 11999 11999 W PackageManager: at android.content.pm.PackageManager.getPackageArchiveInfo(PackageManager.java:8376)
07-19 23:01:42.070 11999 11999 W PackageManager: at android.content.pm.PackageManager.getPackageArchiveInfo(PackageManager.java:8353)
07-19 23:01:42.070 11999 11999 W PackageManager: at com.upgadata.up7723.install.ApkInstallUtils.z(ApkInstallUtils.kt:13)
07-19 23:01:42.070 11999 11999 W PackageManager: at com.upgadata.up7723.install.ApkInstallUtils$isBlackBoxGameInstalled$3.invoke(ApkIns tallUtils.kt:3)
07-19 23:01:42.070 11999 11999 W PackageManager: at com.upgadata.up7723.install.ApkInstallUtils$isBlackBoxGameInstalled$3.invoke(ApkIns tallUtils.kt:1)
07-19 23:01:42.070 11999 11999 W PackageManager: at com.upgadata.up7723.install.o.c(CommonUtils.kt:14)
07-19 23:01:42.070 11999 11999 W PackageManager: at com.upgadata.up7723.install.ApkInstallUtils.v(ApkInstallUtils.kt:5)
07-19 23:01:42.070 11999 11999 W PackageManager: at com.upgadata.up7723.widget.view.DownLoadView.setDownloadState(DownLoadView.java:104 )
07-19 23:01:42.070 11999 11999 W PackageManager: at com.upgadata.up7723.widget.view.DownLoadView.R(DownLoadView.java:10)
07-19 23:01:42.070 11999 11999 W PackageManager: at com.upgadata.up7723.widget.view.DownLoadView.p0(DownLoadView.java:18)
07-19 23:01:42.070 11999 11999 W PackageManager: at com.upgadata.up7723.widget.view.DownLoadView.onWindowFocusChanged(DownLoadView.java :6)
07-19 23:01:42.070 11999 11999 W PackageManager: at android.view.View.dispatchWindowFocusChanged(View.java:16153)
07-19 23:01:42.070 11999 11999 W PackageManager: at android.view.ViewGroup.dispatchWindowFocusChanged(ViewGroup.java:1524)
07-19 23:01:42.070 11999 11999 W PackageManager: at android.view.ViewGroup.dispatchWindowFocusChanged(ViewGroup.java:1528)
07-19 23:01:42.070 11999 11999 W PackageManager: at android.view.ViewGroup.dispatchWindowFocusChanged(ViewGroup.java:1528)
07-19 23:01:42.070 11999 11999 W PackageManager: at android.view.ViewGroup.dispatchWindowFocusChanged(ViewGroup.java:1528)
07-19 23:01:42.070 11999 11999 W PackageManager: at android.view.ViewGroup.dispatchWindowFocusChanged(ViewGroup.java:1528)
07-19 23:01:42.070 11999 11999 W PackageManager: at android.view.ViewGroup.dispatchWindowFocusChanged(ViewGroup.java:1528)
07-19 23:01:42.070 11999 11999 W PackageManager: at android.view.ViewGroup.dispatchWindowFocusChanged(ViewGroup.java:1528)
07-19 23:01:42.070 11999 11999 W PackageManager: at android.view.ViewGroup.dispatchWindowFocusChanged(ViewGroup.java:1528)
07-19 23:01:42.070 11999 11999 W PackageManager: at android.view.ViewGroup.dispatchWindowFocusChanged(ViewGroup.java:1528)
07-19 23:01:42.070 11999 11999 W PackageManager: at android.view.ViewGroup.dispatchWindowFocusChanged(ViewGroup.java:1528)
07-19 23:01:42.070 11999 11999 W PackageManager: at android.view.ViewGroup.dispatchWindowFocusChanged(ViewGroup.java:1528)
07-19 23:01:42.070 11999 11999 W PackageManager: at android.view.ViewGroup.dispatchWindowFocusChanged(ViewGroup.java:1528)
07-19 23:01:42.070 11999 11999 W PackageManager: at android.view.ViewGroup.dispatchWindowFocusChanged(ViewGroup.java:1528)
07-19 23:01:42.070 11999 11999 W PackageManager: at android.view.ViewGroup.dispatchWindowFocusChanged(ViewGroup.java:1528)
07-19 23:01:42.070 11999 11999 W PackageManager: at android.view.ViewGroup.dispatchWindowFocusChanged(ViewGroup.java:1528)
07-19 23:01:42.070 11999 11999 W PackageManager: at android.view.ViewRootImpl.dispatchFocusEvent(ViewRootImpl.java:4578)
07-19 23:01:42.070 11999 11999 W PackageManager: at android.view.ViewRootImpl.handleWindowFocusChanged(ViewRootImpl.java:4482)
07-19 23:01:42.070 11999 11999 W PackageManager: at android.view.ViewRootImpl.-$$Nest$mhandleWindowFocusChanged(Unknown Source:0)
07-19 23:01:42.070 11999 11999 W PackageManager: at android.view.ViewRootImpl$ViewRootHandler.handleMessageImpl(ViewRootImpl.java:6659)
07-19 23:01:42.070 11999 11999 W PackageManager: at android.view.ViewRootImpl$ViewRootHandler.handleMessage(ViewRootImpl.java:6550)
07-19 23:01:42.070 11999 11999 W PackageManager: at android.os.Handler.dispatchMessage(Handler.java:106)
07-19 23:01:42.070 11999 11999 W PackageManager: at android.os.Looper.loopOnce(Looper.java:224)
07-19 23:01:42.070 11999 11999 W PackageManager: at android.os.Looper.loop(Looper.java:318)
07-19 23:01:42.070 11999 11999 W PackageManager: at android.app.ActivityThread.main(ActivityThread.java:8653)
07-19 23:01:42.070 11999 11999 W PackageManager: at java.lang.reflect.Method.invoke(Native Method)
07-19 23:01:42.070 11999 11999 W PackageManager: at com.android.internal.os.RuntimeInit$MethodAndArgsCaller.run(RuntimeInit.java:561)
07-19 23:01:42.070 11999 11999 W PackageManager: at com.android.internal.os.ZygoteInit.main(ZygoteInit.java:1013)
07-19 23:01:42.072 11999 11999 W ziparchive: Unable to open '/data/user/0/com.upgadata.up7723/bzBox/data/app/com.studiowildcard.wardrumstudios. ark/base.apk': No such file or directory
07-19 23:01:42.072 11999 11999 E upgadata.up7723: Failed to open APK '/data/user/0/com.upgadata.up7723/bzBox/data/app/com.studiowildcard.wardrumstudios. ark/base.apk': I/O error
07-19 23:01:42.072 11999 11999 W PackageManager: Failure to parse package archive
07-19 23:01:42.072 11999 11999 W PackageManager: android.content.pm.PackageParser$PackageParserException: Failed to parse /data/user/0/com.upgadata.up7723/bzBox/data/app/com.studiowildcard.wardrumstudios.a rk/base.apk
07-19 23:01:42.072 11999 11999 W PackageManager: at android.content.pm.PackageParser.parseApkLiteInner(PackageParser.java:1506)
07-19 23:01:42.072 11999 11999 W PackageManager: at android.content.pm.PackageParser.parseApkLite(PackageParser.java:1477)
07-19 23:01:42.072 11999 11999 W PackageManager: at android.content.pm.PackageParser.parseMonolithicPackageLite(PackageParser.java:980)
07-19 23:01:42.072 11999 11999 W PackageManager: at android.content.pm.PackageParser.parseMonolithicPackage(PackageParser.java:1189)
07-19 23:01:42.072 11999 11999 W PackageManager: at android.content.pm.PackageParser.parsePackage(PackageParser.java:1103)
07-19 23:01:42.072 11999 11999 W PackageManager: at android.content.pm.PackageManager.getPackageArchiveInfo(PackageManager.java:8376)
07-19 23:01:42.072 11999 11999 W PackageManager: at android.content.pm.PackageManager.getPackageArchiveInfo(PackageManager.java:8353)
07-19 23:01:42.072 11999 11999 W PackageManager: at com.upgadata.up7723.install.ApkInstallUtils.z(ApkInstallUtils.kt:13)
07-19 23:01:42.072 11999 11999 W PackageManager: at com.upgadata.up7723.install.ApkInstallUtils$isBlackBoxGameInstalled$3.invoke(ApkIns tallUtils.kt:3)
07-19 23:01:42.072 11999 11999 W PackageManager: at com.upgadata.up7723.install.ApkInstallUtils$isBlackBoxGameInstalled$3.invoke(ApkIns tallUtils.kt:1)
07-19 23:01:42.072 11999 11999 W PackageManager: at com.upgadata.up7723.install.o.c(CommonUtils.kt:14)
07-19 23:01:42.072 11999 11999 W PackageManager: at com.upgadata.up7723.install.ApkInstallUtils.v(ApkInstallUtils.kt:5)
07-19 23:01:42.072 11999 11999 W PackageManager: at com.upgadata.up7723.widget.view.DownLoadView.setDownloadState(DownLoadView.java:104 )
07-19 23:01:42.072 11999 11999 W PackageManager: at com.upgadata.up7723.widget.view.DownLoadView.R(DownLoadView.java:10)
07-19 23:01:42.072 11999 11999 W PackageManager: at com.upgadata.up7723.widget.view.DownLoadView.p0(DownLoadView.java:18)
07-19 23:01:42.072 11999 11999 W PackageManager: at com.upgadata.up7723.widget.view.DownLoadView.onWindowFocusChanged(DownLoadView.java :6)
07-19 23:01:42.072 11999 11999 W PackageManager: at android.view.View.dispatchWindowFocusChanged(View.java:16153)
07-19 23:01:42.072 11999 11999 W PackageManager: at android.view.ViewGroup.dispatchWindowFocusChanged(ViewGroup.java:1524)
07-19 23:01:42.072 11999 11999 W PackageManager: at android.view.ViewGroup.dispatchWindowFocusChanged(ViewGroup.java:1528)
07-19 23:01:42.072 11999 11999 W PackageManager: at android.view.ViewGroup.dispatchWindowFocusChanged(ViewGroup.java:1528)
07-19 23:01:42.072 11999 11999 W PackageManager: at android.view.ViewGroup.dispatchWindowFocusChanged(ViewGroup.java:1528)
07-19 23:01:42.072 11999 11999 W PackageManager: at android.view.ViewGroup.dispatchWindowFocusChanged(ViewGroup.java:1528)
07-19 23:01:42.072 11999 11999 W PackageManager: at android.view.ViewGroup.dispatchWindowFocusChanged(ViewGroup.java:1528)
07-19 23:01:42.072 11999 11999 W PackageManager: at android.view.ViewGroup.dispatchWindowFocusChanged(ViewGroup.java:1528)
07-19 23:01:42.072 11999 11999 W PackageManager: at android.view.ViewGroup.dispatchWindowFocusChanged(ViewGroup.java:1528)
07-19 23:01:42.072 11999 11999 W PackageManager: at android.view.ViewGroup.dispatchWindowFocusChanged(ViewGroup.java:1528)
07-19 23:01:42.072 11999 11999 W PackageManager: at android.view.ViewGroup.dispatchWindowFocusChanged(ViewGroup.java:1528)
07-19 23:01:42.072 11999 11999 W PackageManager: at android.view.ViewGroup.dispatchWindowFocusChanged(ViewGroup.java:1528)
07-19 23:01:42.072 11999 11999 W PackageManager: at android.view.ViewGroup.dispatchWindowFocusChanged(ViewGroup.java:1528)
07-19 23:01:42.072 11999 11999 W PackageManager: at android.view.ViewGroup.dispatchWindowFocusChanged(ViewGroup.java:1528)
07-19 23:01:42.072 11999 11999 W PackageManager: at android.view.ViewGroup.dispatchWindowFocusChanged(ViewGroup.java:1528)
07-19 23:01:42.072 11999 11999 W PackageManager: at android.view.ViewGroup.dispatchWindowFocusChanged(ViewGroup.java:1528)
07-19 23:01:42.072 11999 11999 W PackageManager: at android.view.ViewRootImpl.dispatchFocusEvent(ViewRootImpl.java:4578)
07-19 23:01:42.072 11999 11999 W PackageManager: at android.view.ViewRootImpl.handleWindowFocusChanged(ViewRootImpl.java:4482)
07-19 23:01:42.072 11999 11999 W PackageManager: at android.view.ViewRootImpl.-$$Nest$mhandleWindowFocusChanged(Unknown Source:0)
07-19 23:01:42.072 11999 11999 W PackageManager: at android.view.ViewRootImpl$ViewRootHandler.handleMessageImpl(ViewRootImpl.java:6659)
07-19 23:01:42.072 11999 11999 W PackageManager: at android.view.ViewRootImpl$ViewRootHandler.handleMessage(ViewRootImpl.java:6550)
07-19 23:01:42.072 11999 11999 W PackageManager: at android.os.Handler.dispatchMessage(Handler.java:106)
07-19 23:01:42.072 11999 11999 W PackageManager: at android.os.Looper.loopOnce(Looper.java:224)
07-19 23:01:42.072 11999 11999 W PackageManager: at android.os.Looper.loop(Looper.java:318)
07-19 23:01:42.072 11999 11999 W PackageManager: at android.app.ActivityThread.main(ActivityThread.java:8653)
07-19 23:01:42.072 11999 11999 W PackageManager: at java.lang.reflect.Method.invoke(Native Method)
07-19 23:01:42.072 11999 11999 W PackageManager: at com.android.internal.os.RuntimeInit$MethodAndArgsCaller.run(RuntimeInit.java:561)
07-19 23:01:42.072 11999 11999 W PackageManager: at com.android.internal.os.ZygoteInit.main(ZygoteInit.java:1013)
07-19 23:01:42.074 11999 11999 I HandWritingStubImpl: refreshLastKeyboardType: 1
07-19 23:01:42.074 11999 11999 I HandWritingStubImpl: getCurrentKeyboardType: 1
07-19 23:01:42.093 11999 12056 D ContentCatcher_injector: Interceptor : notifyActivityStop: com.upgadata.up7723@com.upgadata.up7723.game.detail.DetailGameActivity@88472484
07-19 23:01:42.093 11999 12056 D ContentCatcher_catcher: CatcherHolder : mCatcherList size: 0
07-19 23:01:42.095 11999 12056 D ContentCatcher_injector: Interceptor : notifyActivityDestroy: com.upgadata.up7723@com.upgadata.up7723.game.detail.DetailGameActivity@88472484
07-19 23:01:42.095 11999 12056 D ContentCatcher_catcher: CatcherHolder : mCatcherList size: 0
07-19 23:01:42.096 11999 12056 E ContentCatcherManager: failed to get ContentCatcherService.
07-19 23:01:42.104 11999 11999 W System.err: java.lang.ClassNotFoundException: android.webkit.BrowserFrame
07-19 23:01:42.104 11999 11999 W System.err: at java.lang.Class.classForName(Native Method)
07-19 23:01:42.104 11999 11999 W System.err: at java.lang.Class.forName(Class.java:536)
07-19 23:01:42.104 11999 11999 W System.err: at java.lang.Class.forName(Class.java:467)
07-19 23:01:42.104 11999 11999 W System.err: at com.upgadata.up7723.web.z.b0(GameStrategyFragment.kt:10)
07-19 23:01:42.104 11999 11999 W System.err: at com.upgadata.up7723.web.z.c0(GameStrategyFragment.kt:11)
07-19 23:01:42.104 11999 11999 W System.err: at com.upgadata.up7723.web.z.onDestroy(GameStrategyFragment.kt:1)
07-19 23:01:42.104 11999 11999 W System.err: at androidx.fragment.app.Fragment.performDestroy(Fragment.java:6)
07-19 23:01:42.104 11999 11999 W System.err: at androidx.fragment.app.FragmentStateManager.g(FragmentStateManager.java:13)
07-19 23:01:42.104 11999 11999 W System.err: at androidx.fragment.app.FragmentStateManager.m(FragmentStateManager.java:39)
07-19 23:01:42.104 11999 11999 W System.err: at androidx.fragment.app.SpecialEffectsController$FragmentStateManagerOperation.comple te(SpecialEffectsController.java:2)
07-19 23:01:42.104 11999 11999 W System.err: at androidx.fragment.app.SpecialEffectsController$Operation.b(SpecialEffectsController .java:4)
07-19 23:01:42.104 11999 11999 W System.err: at androidx.fragment.app.SpecialEffectsController.j(SpecialEffectsController.java:17)
07-19 23:01:42.104 11999 11999 W System.err: at androidx.fragment.app.FragmentManager.Q(FragmentManager.java:7)
07-19 23:01:42.104 11999 11999 W System.err: at androidx.fragment.app.FragmentManager.C(FragmentManager.java:4)
07-19 23:01:42.104 11999 11999 W System.err: at androidx.fragment.app.FragmentController.dispatchDestroy(FragmentController.java:1)
07-19 23:01:42.104 11999 11999 W System.err: at androidx.fragment.app.FragmentActivity.onDestroy(FragmentActivity.java:2)
07-19 23:01:42.104 11999 11999 W System.err: at androidx.appcompat.app.AppCompatActivity.onDestroy(AppCompatActivity.java:1)
07-19 23:01:42.104 11999 11999 W System.err: at com.upgadata.up7723.base.UmBaseFragmentActivity.onDestroy(UmBaseFragmentActivity.ja va:4)
07-19 23:01:42.104 11999 11999 W System.err: at com.upgadata.up7723.game.detail.activity.base.BaseGameCommonActivity.onDestroy(Base GameCommonActivity.kt:1)
07-19 23:01:42.104 11999 11999 W System.err: at com.upgadata.up7723.game.detail.DetailGameActivity.onDestroy(DetailGameActivity.kt: 2)
07-19 23:01:42.104 11999 11999 W System.err: at android.app.Activity.performDestroy(Activity.java:9208)
07-19 23:01:42.104 11999 11999 W System.err: at android.app.Instrumentation.callActivityOnDestroy(Instrumentation.java:1503)
07-19 23:01:42.104 11999 11999 W System.err: at android.app.ActivityThread.performDestroyActivity(ActivityThread.java:5833)
07-19 23:01:42.104 11999 11999 W System.err: at android.app.ActivityThread.handleDestroyActivity(ActivityThread.java:5878)
07-19 23:01:42.104 11999 11999 W System.err: at android.app.servertransaction.DestroyActivityItem.execute(DestroyActivityItem.java: 47)
07-19 23:01:42.104 11999 11999 W System.err: at android.app.servertransaction.ActivityTransactionItem.execute(ActivityTransactionIt em.java:45)
07-19 23:01:42.104 11999 11999 W System.err: at android.app.servertransaction.TransactionExecutor.executeLifecycleState(Transaction Executor.java:190)
07-19 23:01:42.104 11999 11999 W System.err: at android.app.servertransaction.TransactionExecutor.execute(TransactionExecutor.java: 101)
07-19 23:01:42.104 11999 11999 W System.err: at android.app.ActivityThread$H.handleMessage(ActivityThread.java:2572)
07-19 23:01:42.104 11999 11999 W System.err: at android.os.Handler.dispatchMessage(Handler.java:106)
07-19 23:01:42.104 11999 11999 W System.err: at android.os.Looper.loopOnce(Looper.java:224)
07-19 23:01:42.104 11999 11999 W System.err: at android.os.Looper.loop(Looper.java:318)
07-19 23:01:42.105 11999 11999 W System.err: at android.app.ActivityThread.main(ActivityThread.java:8653)
07-19 23:01:42.105 11999 11999 W System.err: at java.lang.reflect.Method.invoke(Native Method)
07-19 23:01:42.105 11999 11999 W System.err: at com.android.internal.os.RuntimeInit$MethodAndArgsCaller.run(RuntimeInit.java:561)
07-19 23:01:42.105 11999 11999 W System.err: at com.android.internal.os.ZygoteInit.main(ZygoteInit.java:1013)
07-19 23:01:42.105 11999 11999 W System.err: Caused by: java.lang.ClassNotFoundException: android.webkit.BrowserFrame
07-19 23:01:42.105 11999 11999 W System.err: ... 36 more
07-19 23:01:42.105 11999 11999 W WindowOnBackDispatcher: sendCancelIfRunning: isInProgress=falsecallback=android.view.ViewRootImpl$ $ExternalSyntheticLambda22@d91b320
07-19 23:01:42.106 11999 11999 V MediaPlayer: resetDrmState: mDrmInfo=null mDrmProvisioningThread=null mPrepareDrmInProgress=false mActiveDrmScheme=false
07-19 23:01:42.106 11999 11999 V MediaPlayer: cleanDrmObj: mDrmObj=null mDrmSessionId=null
07-19 23:01:42.201 11999 11999 E chromium: [ERROR:aw_browser_terminator.cc(166)] Renderer process (13178) crash detected (code -1).
07-19 23:01:42.205 11999 11999 W MediaPlayer: mediaplayer went away with unhandled events
07-19 23:01:44.959 11999 11999 W ziparchive: Unable to open '/data/user/0/com.upgadata.up7723/bzBox/data/app/com.ZZLB.PVZ_BT/base.apk': No such file or directory
07-19 23:01:44.959 11999 11999 E upgadata.up7723: Failed to open APK '/data/user/0/com.upgadata.up7723/bzBox/data/app/com.ZZLB.PVZ_BT/base.apk': I/O error
07-19 23:01:44.960 11999 11999 W PackageManager: Failure to parse package archive
07-19 23:01:44.960 11999 11999 W PackageManager: android.content.pm.PackageParser$PackageParserException: Failed to parse /data/user/0/com.upgadata.up7723/bzBox/data/app/com.ZZLB.PVZ_BT/base.apk
07-19 23:01:44.960 11999 11999 W PackageManager: at android.content.pm.PackageParser.parseApkLiteInner(PackageParser.java:1506)
07-19 23:01:44.960 11999 11999 W PackageManager: at android.content.pm.PackageParser.parseApkLite(PackageParser.java:1477)
07-19 23:01:44.960 11999 11999 W PackageManager: at android.content.pm.PackageParser.parseMonolithicPackageLite(PackageParser.java:980)
07-19 23:01:44.960 11999 11999 W PackageManager: at android.content.pm.PackageParser.parseMonolithicPackage(PackageParser.java:1189)
07-19 23:01:44.960 11999 11999 W PackageManager: at android.content.pm.PackageParser.parsePackage(PackageParser.java:1103)
07-19 23:01:44.960 11999 11999 W PackageManager: at android.content.pm.PackageManager.getPackageArchiveInfo(PackageManager.java:8376)
07-19 23:01:44.960 11999 11999 W PackageManager: at android.content.pm.PackageManager.getPackageArchiveInfo(PackageManager.java:8353)
07-19 23:01:44.960 11999 11999 W PackageManager: at com.upgadata.up7723.install.ApkInstallUtils.z(ApkInstallUtils.kt:13)
07-19 23:01:44.960 11999 11999 W PackageManager: at com.upgadata.up7723.install.ApkInstallUtils$isBlackBoxGameInstalled$3.invoke(ApkIns tallUtils.kt:3)
07-19 23:01:44.960 11999 11999 W PackageManager: at com.upgadata.up7723.install.ApkInstallUtils$isBlackBoxGameInstalled$3.invoke(ApkIns tallUtils.kt:1)
07-19 23:01:44.960 11999 11999 W PackageManager: at com.upgadata.up7723.install.o.c(CommonUtils.kt:14)
07-19 23:01:44.960 11999 11999 W PackageManager: at com.upgadata.up7723.install.ApkInstallUtils.v(ApkInstallUtils.kt:5)
07-19 23:01:44.960 11999 11999 W PackageManager: at com.upgadata.up7723.widget.view.DownLoadView.setDownloadState(DownLoadView.java:104 )
07-19 23:01:44.960 11999 11999 W PackageManager: at com.upgadata.up7723.widget.view.DownLoadView.R(DownLoadView.java:10)
07-19 23:01:44.960 11999 11999 W PackageManager: at com.upgadata.up7723.widget.view.DownLoadView.p0(DownLoadView.java:18)
07-19 23:01:44.960 11999 11999 W PackageManager: at com.upgadata.up7723.widget.view.DownLoadView.setData(DownLoadView.java:129)
07-19 23:01:44.960 11999 11999 W PackageManager: at com.upgadata.up7723.widget.x0.f(GameItemRankView.java:54)
07-19 23:01:44.960 11999 11999 W PackageManager: at com.upgadata.up7723.widget.x0.b(GameItemRankView.java:3)
07-19 23:01:44.960 11999 11999 W PackageManager: at com.upgadata.up7723.base.c.getView(BaseHolderAdapter.java:6)
07-19 23:01:44.960 11999 11999 W PackageManager: at android.widget.HeaderViewListAdapter.getView(HeaderViewListAdapter.java:224)
07-19 23:01:44.960 11999 11999 W PackageManager: at android.widget.AbsListView.obtainView(AbsListView.java:2516)
07-19 23:01:44.960 11999 11999 W PackageManager: at android.widget.ListView.makeAndAddView(ListView.java:2065)
07-19 23:01:44.960 11999 11999 W PackageManager: at android.widget.ListView.fillDown(ListView.java:791)
07-19 23:01:44.960 11999 11999 W PackageManager: at android.widget.ListView.fillGap(ListView.java:754)
07-19 23:01:44.960 11999 11999 W PackageManager: at android.widget.AbsListView.trackMotionScroll(AbsListView.java:5693)
07-19 23:01:44.960 11999 11999 W PackageManager: at android.widget.ListView.trackMotionScroll(ListView.java:1982)
07-19 23:01:44.960 11999 11999 W PackageManager: at android.widget.AbsListView.scrollIfNeeded(AbsListView.java:3800)
07-19 23:01:44.960 11999 11999 W PackageManager: at android.widget.AbsListView.onTouchMove(AbsListView.java:4280)
07-19 23:01:44.960 11999 11999 W PackageManager: at android.widget.AbsListView.onTouchEvent(AbsListView.java:4077)
07-19 23:01:44.960 11999 11999 W PackageManager: at android.view.View.dispatchTouchEvent(View.java:15861)
07-19 23:01:44.960 11999 11999 W PackageManager: at android.view.ViewGroup.dispatchTransformedTouchEvent(ViewGroup.java:3147)
07-19 23:01:44.960 11999 11999 W PackageManager: at android.view.ViewGroup.dispatchTouchEvent(ViewGroup.java:2810)
07-19 23:01:44.960 11999 11999 W PackageManager: at android.view.ViewGroup.dispatchTransformedTouchEvent(ViewGroup.java:3160)
07-19 23:01:44.960 11999 11999 W PackageManager: at android.view.ViewGroup.dispatchTouchEvent(ViewGroup.java:2828)
07-19 23:01:44.960 11999 11999 W PackageManager: at android.view.ViewGroup.dispatchTransformedTouchEvent(ViewGroup.java:3160)
07-19 23:01:44.960 11999 11999 W PackageManager: at android.view.ViewGroup.dispatchTouchEvent(ViewGroup.java:2828)
07-19 23:01:44.960 11999 11999 W PackageManager: at android.view.ViewGroup.dispatchTransformedTouchEvent(ViewGroup.java:3160)
07-19 23:01:44.960 11999 11999 W PackageManager: at android.view.ViewGroup.dispatchTouchEvent(ViewGroup.java:2828)
07-19 23:01:44.960 11999 11999 W PackageManager: at android.view.ViewGroup.dispatchTransformedTouchEvent(ViewGroup.java:3160)
07-19 23:01:44.960 11999 11999 W PackageManager: at android.view.ViewGroup.dispatchTouchEvent(ViewGroup.java:2828)
07-19 23:01:44.960 11999 11999 W PackageManager: at android.view.ViewGroup.dispatchTransformedTouchEvent(ViewGroup.java:3160)
07-19 23:01:44.960 11999 11999 W PackageManager: at android.view.ViewGroup.dispatchTouchEvent(ViewGroup.java:2828)
07-19 23:01:44.960 11999 11999 W PackageManager: at android.view.ViewGroup.dispatchTransformedTouchEvent(ViewGroup.java:3160)
07-19 23:01:44.960 11999 11999 W PackageManager: at android.view.ViewGroup.dispatchTouchEvent(ViewGroup.java:2828)
07-19 23:01:44.960 11999 11999 W PackageManager: at android.view.ViewGroup.dispatchTransformedTouchEvent(ViewGroup.java:3160)
07-19 23:01:44.960 11999 11999 W PackageManager: at android.view.ViewGroup.dispatchTouchEvent(ViewGroup.java:2828)
07-19 23:01:44.960 11999 11999 W PackageManager: at android.view.ViewGroup.dispatchTransformedTouchEvent(ViewGroup.java:3160)
07-19 23:01:44.960 11999 11999 W PackageManager: at android.view.ViewGroup.dispatchTouchEvent(ViewGroup.java:2828)
07-19 23:01:44.960 11999 11999 W PackageManager: at android.view.ViewGroup.dispatchTransformedTouchEvent(ViewGroup.java:3160)
07-19 23:01:44.960 11999 11999 W PackageManager: at android.view.ViewGroup.dispatchTouchEvent(ViewGroup.java:2828)
07-19 23:01:44.960 11999 11999 W PackageManager: at android.view.ViewGroup.dispatchTransformedTouchEvent(ViewGroup.java:3160)
07-19 23:01:44.960 11999 11999 W PackageManager: at android.view.ViewGroup.dispatchTouchEvent(ViewGroup.java:2828)
07-19 23:01:44.960 11999 11999 W PackageManager: at android.view.ViewGroup.dispatchTransformedTouchEvent(ViewGroup.java:3160)
07-19 23:01:44.960 11999 11999 W PackageManager: at android.view.ViewGroup.dispatchTouchEvent(ViewGroup.java:2828)
07-19 23:01:44.960 11999 11999 W PackageManager: at com.android.internal.policy.DecorView.superDispatchTouchEvent(DecorView.java:553)
07-19 23:01:44.960 11999 11999 W PackageManager: at com.android.internal.policy.PhoneWindow.superDispatchTouchEvent(PhoneWindow.java:19 08)
07-19 23:01:44.960 11999 11999 W PackageManager: at android.app.Activity.dispatchTouchEvent(Activity.java:4584)
07-19 23:01:44.960 11999 11999 W PackageManager: at androidx.appcompat.view.WindowCallbackWrapper.dispatchTouchEvent(WindowCallbackWrap per.java:1)
07-19 23:01:44.960 11999 11999 W PackageManager: at com.android.internal.policy.DecorView.dispatchTouchEvent(DecorView.java:511)
07-19 23:01:44.960 11999 11999 W PackageManager: at android.view.View.dispatchPointerEvent(View.java:16139)
07-19 23:01:44.960 11999 11999 W PackageManager: at com.xiaomi.mirror.MiuiMirrorImpl.isHandled(MiuiMirrorImpl.java:152)
07-19 23:01:44.960 11999 11999 W PackageManager: at android.view.ViewRootImpl$ViewPostImeInputStage.processPointerEvent(ViewRootImpl.ja va:7796)
07-19 23:01:44.960 11999 11999 W PackageManager: at android.view.ViewRootImpl$ViewPostImeInputStage.onProcess(ViewRootImpl.java:7562)
07-19 23:01:44.960 11999 11999 W PackageManager: at android.view.ViewRootImpl$InputStage.deliver(ViewRootImpl.java:6937)
07-19 23:01:44.960 11999 11999 W PackageManager: at android.view.ViewRootImpl$InputStage.onDeliverToNext(ViewRootImpl.java:6994)
07-19 23:01:44.960 11999 11999 W PackageManager: at android.view.ViewRootImpl$InputStage.forward(ViewRootImpl.java:6960)
07-19 23:01:44.960 11999 11999 W PackageManager: at android.view.ViewRootImpl$AsyncInputStage.forward(ViewRootImpl.java:7125)
07-19 23:01:44.960 11999 11999 W PackageManager: at android.view.ViewRootImpl$InputStage.apply(ViewRootImpl.java:6968)
07-19 23:01:44.960 11999 11999 W PackageManager: at android.view.ViewRootImpl$AsyncInputStage.apply(ViewRootImpl.java:7182)
07-19 23:01:44.960 11999 11999 W PackageManager: at android.view.ViewRootImpl$InputStage.deliver(ViewRootImpl.java:6941)
07-19 23:01:44.960 11999 11999 W PackageManager: at android.view.ViewRootImpl$InputStage.onDeliverToNext(ViewRootImpl.java:6994)
07-19 23:01:44.960 11999 11999 W PackageManager: at android.view.ViewRootImpl$InputStage.forward(ViewRootImpl.java:6960)
07-19 23:01:44.960 11999 11999 W PackageManager: at android.view.ViewRootImpl$InputStage.apply(ViewRootImpl.java:6968)
07-19 23:01:44.960 11999 11999 W PackageManager: at android.view.ViewRootImpl$InputStage.deliver(ViewRootImpl.java:6941)
07-19 23:01:44.960 11999 11999 W PackageManager: at android.view.ViewRootImpl.deliverInputEvent(ViewRootImpl.java:10088)
07-19 23:01:44.960 11999 11999 W PackageManager: at android.view.ViewRootImpl.doProcessInputEvents(ViewRootImpl.java:10039)
07-19 23:01:44.960 11999 11999 W PackageManager: at android.view.ViewRootImpl.enqueueInputEvent(ViewRootImpl.java:10003)
07-19 23:01:44.960 11999 11999 W PackageManager: at android.view.ViewRootImpl$WindowInputEventReceiver.onInputEvent(ViewRootImpl.java:1 0237)
07-19 23:01:44.960 11999 11999 W PackageManager: at android.view.InputEventReceiver.dispatchInputEvent(InputEventReceiver.java:307)
07-19 23:01:44.960 11999 11999 W PackageManager: at android.view.InputEventReceiver.nativeConsumeBatchedInputEvents(Native Method)
07-19 23:01:44.960 11999 11999 W PackageManager: at android.view.InputEventReceiver.consumeBatchedInputEvents(InputEventReceiver.java:2 75)
07-19 23:01:44.960 11999 11999 W PackageManager: at android.view.ViewRootImpl.doConsumeBatchedInput(ViewRootImpl.java:10174)
07-19 23:01:44.960 11999 11999 W PackageManager: at android.view.ViewRootImpl$ConsumeBatchedInputRunnable.run(ViewRootImpl.java:10336)
07-19 23:01:44.960 11999 11999 W PackageManager: at android.view.Choreographer$CallbackRecord.run(Choreographer.java:1623)
07-19 23:01:44.960 11999 11999 W PackageManager: at android.view.Choreographer$CallbackRecord.run(Choreographer.java:1632)
07-19 23:01:44.960 11999 11999 W PackageManager: at android.view.Choreographer.doCallbacks(Choreographer.java:1172)
07-19 23:01:44.960 11999 11999 W PackageManager: at android.view.Choreographer.doFrame(Choreographer.java:1069)
07-19 23:01:44.960 11999 11999 W PackageManager: at android.view.Choreographer$FrameDisplayEventReceiver.run(Choreographer.java:1602)
07-19 23:01:44.960 11999 11999 W PackageManager: at android.os.Handler.handleCallback(Handler.java:958)
07-19 23:01:44.960 11999 11999 W PackageManager: at android.os.Handler.dispatchMessage(Handler.java:99)
07-19 23:01:44.960 11999 11999 W PackageManager: at android.os.Looper.loopOnce(Looper.java:224)
07-19 23:01:44.960 11999 11999 W PackageManager: at android.os.Looper.loop(Looper.java:318)
07-19 23:01:44.960 11999 11999 W PackageManager: at android.app.ActivityThread.main(ActivityThread.java:8653)
07-19 23:01:44.960 11999 11999 W PackageManager: at java.lang.reflect.Method.invoke(Native Method)
07-19 23:01:44.960 11999 11999 W PackageManager: at com.android.internal.os.RuntimeInit$MethodAndArgsCaller.run(RuntimeInit.java:561)
07-19 23:01:44.960 11999 11999 W PackageManager: at com.android.internal.os.ZygoteInit.main(ZygoteInit.java:1013)
07-19 23:01:45.234 11999 11999 D SplineOverScroller: mFlingDuration: 1455,mFlingDistance: 508.83721923828125,mVelocity: 1144
07-19 23:01:45.536 11999 11999 W ziparchive: Unable to open '/data/user/0/com.upgadata.up7723/bzBox/data/app/com.studiowildcard.wardrumstudios. ark/base.apk': No such file or directory
07-19 23:01:45.536 11999 11999 E upgadata.up7723: Failed to open APK '/data/user/0/com.upgadata.up7723/bzBox/data/app/com.studiowildcard.wardrumstudios. ark/base.apk': I/O error
07-19 23:01:45.537 11999 11999 W PackageManager: Failure to parse package archive
07-19 23:01:45.537 11999 11999 W PackageManager: android.content.pm.PackageParser$PackageParserException: Failed to parse /data/user/0/com.upgadata.up7723/bzBox/data/app/com.studiowildcard.wardrumstudios.a rk/base.apk
07-19 23:01:45.537 11999 11999 W PackageManager: at android.content.pm.PackageParser.parseApkLiteInner(PackageParser.java:1506)
07-19 23:01:45.537 11999 11999 W PackageManager: at android.content.pm.PackageParser.parseApkLite(PackageParser.java:1477)
07-19 23:01:45.537 11999 11999 W PackageManager: at android.content.pm.PackageParser.parseMonolithicPackageLite(PackageParser.java:980)
07-19 23:01:45.537 11999 11999 W PackageManager: at android.content.pm.PackageParser.parseMonolithicPackage(PackageParser.java:1189)
07-19 23:01:45.537 11999 11999 W PackageManager: at android.content.pm.PackageParser.parsePackage(PackageParser.java:1103)
07-19 23:01:45.537 11999 11999 W PackageManager: at android.content.pm.PackageManager.getPackageArchiveInfo(PackageManager.java:8376)
07-19 23:01:45.537 11999 11999 W PackageManager: at android.content.pm.PackageManager.getPackageArchiveInfo(PackageManager.java:8353)
07-19 23:01:45.537 11999 11999 W PackageManager: at com.upgadata.up7723.install.ApkInstallUtils.z(ApkInstallUtils.kt:13)
07-19 23:01:45.537 11999 11999 W PackageManager: at com.upgadata.up7723.install.ApkInstallUtils$isBlackBoxGameInstalled$3.invoke(ApkIns tallUtils.kt:3)
07-19 23:01:45.537 11999 11999 W PackageManager: at com.upgadata.up7723.install.ApkInstallUtils$isBlackBoxGameInstalled$3.invoke(ApkIns tallUtils.kt:1)
07-19 23:01:45.537 11999 11999 W PackageManager: at com.upgadata.up7723.install.o.c(CommonUtils.kt:14)
07-19 23:01:45.537 11999 11999 W PackageManager: at com.upgadata.up7723.install.ApkInstallUtils.v(ApkInstallUtils.kt:5)
07-19 23:01:45.537 11999 11999 W PackageManager: at com.upgadata.up7723.widget.view.DownLoadView.setDownloadState(DownLoadView.java:104 )
07-19 23:01:45.537 11999 11999 W PackageManager: at com.upgadata.up7723.widget.view.DownLoadView.R(DownLoadView.java:10)
07-19 23:01:45.537 11999 11999 W PackageManager: at com.upgadata.up7723.widget.view.DownLoadView.p0(DownLoadView.java:18)
07-19 23:01:45.537 11999 11999 W PackageManager: at com.upgadata.up7723.widget.view.DownLoadView.setData(DownLoadView.java:129)
07-19 23:01:45.537 11999 11999 W PackageManager: at com.upgadata.up7723.widget.x0.f(GameItemRankView.java:54)
07-19 23:01:45.537 11999 11999 W PackageManager: at com.upgadata.up7723.widget.x0.b(GameItemRankView.java:3)
07-19 23:01:45.537 11999 11999 W PackageManager: at com.upgadata.up7723.base.c.getView(BaseHolderAdapter.java:6)
07-19 23:01:45.537 11999 11999 W PackageManager: at android.widget.HeaderViewListAdapter.getView(HeaderViewListAdapter.java:224)
07-19 23:01:45.537 11999 11999 W PackageManager: at android.widget.AbsListView.obtainView(AbsListView.java:2516)
07-19 23:01:45.537 11999 11999 W PackageManager: at android.widget.ListView.makeAndAddView(ListView.java:2065)
07-19 23:01:45.537 11999 11999 W PackageManager: at android.widget.ListView.fillDown(ListView.java:791)
07-19 23:01:45.537 11999 11999 W PackageManager: at android.widget.ListView.fillGap(ListView.java:754)
07-19 23:01:45.537 11999 11999 W PackageManager: at android.widget.AbsListView.trackMotionScroll(AbsListView.java:5693)
07-19 23:01:45.537 11999 11999 W PackageManager: at android.widget.ListView.trackMotionScroll(ListView.java:1982)
07-19 23:01:45.537 11999 11999 W PackageManager: at android.widget.AbsListView$FlingRunnable.run(AbsListView.java:5218)
07-19 23:01:45.537 11999 11999 W PackageManager: at android.view.Choreographer$CallbackRecord.run(Choreographer.java:1623)
07-19 23:01:45.537 11999 11999 W PackageManager: at android.view.Choreographer$CallbackRecord.run(Choreographer.java:1632)
07-19 23:01:45.537 11999 11999 W PackageManager: at android.view.Choreographer.doCallbacks(Choreographer.java:1172)
07-19 23:01:45.537 11999 11999 W PackageManager: at android.view.Choreographer.doFrame(Choreographer.java:1072)
07-19 23:01:45.537 11999 11999 W PackageManager: at android.view.Choreographer$FrameDisplayEventReceiver.run(Choreographer.java:1602)
07-19 23:01:45.537 11999 11999 W PackageManager: at android.os.Handler.handleCallback(Handler.java:958)
07-19 23:01:45.537 11999 11999 W PackageManager: at android.os.Handler.dispatchMessage(Handler.java:99)
07-19 23:01:45.537 11999 11999 W PackageManager: at android.os.Looper.loopOnce(Looper.java:224)
07-19 23:01:45.537 11999 11999 W PackageManager: at android.os.Looper.loop(Looper.java:318)
07-19 23:01:45.537 11999 11999 W PackageManager: at android.app.ActivityThread.main(ActivityThread.java:8653)
07-19 23:01:45.537 11999 11999 W PackageManager: at java.lang.reflect.Method.invoke(Native Method)
07-19 23:01:45.537 11999 11999 W PackageManager: at com.android.internal.os.RuntimeInit$MethodAndArgsCaller.run(RuntimeInit.java:561)
07-19 23:01:45.537 11999 11999 W PackageManager: at com.android.internal.os.ZygoteInit.main(ZygoteInit.java:1013)
07-19 23:01:45.913 11999 12008 I upgadata.up7723: This is non sticky GC, maxfree is 33554432 minfree is 8388608
07-19 23:01:45.913 11999 12008 I upgadata.up7723: Background concurrent copying GC freed 1701322(77MB) AllocSpace objects, 193(17MB) LOS objects, 72% free, 35MB/131MB, paused 44us,81us total 136.447ms
07-19 23:01:47.743 11999 12056 D ContentCatcher_injector: Interceptor : notifyActivityPause: com.upgadata.up7723@com.upgadata.up7723.main.activity.HomeActivity@67335419
07-19 23:01:47.743 11999 12056 D ContentCatcher_catcher: CatcherHolder : mCatcherList size: 0
07-19 23:01:47.745 11999 12074 W SQLiteLog: (28) double-quoted string literal: "
07-19 23:01:47.746 11999 12074 W SQLiteLog: (28) double-quoted string literal: "C2EDB5F739FFF341B23B9F072D0F8979"
07-19 23:01:47.753 11999 11999 D DecorView[]: getWindowModeFromSystem windowmode is 1
07-19 23:01:47.754 11999 12056 D ContentCatcher_injector: Interceptor : Init Interceptor for Activity com.upgadata.up7723.game.uptalk.UpTalkDetailActivity@4d6ad8a
07-19 23:01:47.754 11999 12056 D ViewContentFactory: initViewContentFetcherClass
07-19 23:01:47.754 11999 12056 I ContentCatcher: ViewContentFetcher : ViewContentFetcher
07-19 23:01:47.754 11999 12056 D ViewContentFactory: createInterceptor took 0ms
07-19 23:01:47.754 11999 12056 D ContentCatcher_injector: Interceptor : notifyActivityCreate: com.upgadata.up7723@com.upgadata.up7723.game.uptalk.UpTalkDetailActivity@81177994
07-19 23:01:47.754 11999 11999 D ScrollerOptimizationManager: registerConfigChangedListener
07-19 23:01:47.754 11999 12056 E ContentCatcherManager: failed to get ContentCatcherService.
07-19 23:01:47.755 11999 12056 E ContentCatcherManager: failed to get ContentCatcherService.
07-19 23:01:47.755 11999 12056 D ContentCatcher_injector: Interceptor : NOT interest in this page: com.upgadata.up7723@com.upgadata.up7723.game.uptalk.UpTalkDetailActivity@81177994
07-19 23:01:47.755 11999 12056 D ContentCatcher_catcher: CatcherHolder : mCatcherList size: 0
07-19 23:01:47.769 11999 11999 D ScrollerOptimizationManager: registerConfigChangedListener
07-19 23:01:47.771 11999 12056 D ContentCatcher_injector: Interceptor : notifyActivityStart: com.upgadata.up7723@com.upgadata.up7723.game.uptalk.UpTalkDetailActivity@81177994
07-19 23:01:47.772 11999 12056 D ContentCatcher_catcher: CatcherHolder : mCatcherList size: 0
07-19 23:01:47.772 11999 12056 D ContentCatcher_injector: Interceptor : notifyActivityResume: com.upgadata.up7723@com.upgadata.up7723.game.uptalk.UpTalkDetailActivity@81177994
07-19 23:01:47.772 11999 12056 D ContentCatcher_catcher: CatcherHolder : mCatcherList size: 0
07-19 23:01:47.775 11999 12074 W SQLiteLog: (28) double-quoted string literal: "C2EDB5F739FFF341B23B9F072D0F8979"
07-19 23:01:47.775 11999 12074 W SQLiteLog: (28) double-quoted string literal: ""
07-19 23:01:47.775 11999 12074 W SQLiteLog: (28) double-quoted string literal: "C2EDB5F739FFF341B23B9F072D0F8979"
07-19 23:01:47.775 11999 12074 W SQLiteLog: (28) double-quoted string literal: "-1"
07-19 23:01:47.786 11999 12041 E OpenGLRenderer: Unable to match the desired swap behavior.
07-19 23:01:47.787 11999 11999 D VRI[UpTalkDetailActivity]: vri.reportNextDraw android.view.ViewRootImpl.performTraversals:4279 android.view.ViewRootImpl.doTraversal:2919 android.view.ViewRootImpl$TraversalRunnable.run:10188 android.view.Choreographer$CallbackRecord.run:1623 android.view.Choreographer$CallbackRecord.run:1632
07-19 23:01:47.787 11999 11999 D VRI[UpTalkDetailActivity]: vri.Setup new sync=wmsSync-VRI[UpTalkDetailActivity]#20
07-19 23:01:47.788 11999 12041 D OpenGLRenderer: makeCurrent grContext:0x74fce8e560 reset mTextureAvailable
07-19 23:01:47.790 11999 11999 D VRI[UpTalkDetailActivity]: vri.reportDrawFinished
07-19 23:01:47.818 11999 11999 I HandWritingStubImpl: refreshLastKeyboardType: 1
07-19 23:01:47.818 11999 11999 I HandWritingStubImpl: getCurrentKeyboardType: 1
07-19 23:01:47.826 11999 11999 D ScrollerOptimizationManager: registerConfigChangedListener
07-19 23:01:47.856 11999 11999 D ScrollerOptimizationManager: registerConfigChangedListener
07-19 23:01:47.863 11999 11999 D ScrollerOptimizationManager: registerConfigChangedListener
07-19 23:01:47.891 11999 12358 D TrafficStats: tagSocket(217) with statsTag=0xffffffff, statsUid=-1
07-19 23:01:47.891 11999 12338 D TrafficStats: tagSocket(241) with statsTag=0xffffffff, statsUid=-1
07-19 23:01:47.892 11999 12345 D TrafficStats: tagSocket(238) with statsTag=0xffffffff, statsUid=-1
07-19 23:01:47.892 11999 12353 D TrafficStats: tagSocket(360) with statsTag=0xffffffff, statsUid=-1
07-19 23:01:47.893 11999 12344 D TrafficStats: tagSocket(367) with statsTag=0xffffffff, statsUid=-1
07-19 23:01:48.169 11999 12353 D TrafficStats: tagSocket(162) with statsTag=0xffffffff, statsUid=-1
07-19 23:01:48.170 11999 12358 D TrafficStats: tagSocket(341) with statsTag=0xffffffff, statsUid=-1
07-19 23:01:48.170 11999 12345 D TrafficStats: tagSocket(364) with statsTag=0xffffffff, statsUid=-1
07-19 23:01:50.184 11999 11999 D SplineOverScroller: mFlingDuration: 1843,mFlingDistance: 1200.93017578125,mVelocity: 2632
07-19 23:01:50.356 11999 11999 E SplineOverScroller: unnecessary adjustClockInNanos, timeInNanos = 602457909193303
07-19 23:01:50.417 11999 11999 I MiInputConsumer: optimized resample latency: 1875387 ns
07-19 23:01:52.264 11999 12056 D ContentCatcher_injector: Interceptor : notifyActivityPause: com.upgadata.up7723@com.upgadata.up7723.game.uptalk.UpTalkDetailActivity@81177994
07-19 23:01:52.264 11999 12056 D ContentCatcher_catcher: CatcherHolder : mCatcherList size: 0
07-19 23:01:52.276 11999 12074 W SQLiteLog: (28) double-quoted string literal: "
07-19 23:01:52.276 11999 12074 W SQLiteLog: (28) double-quoted string literal: "C2EDB5F739FFF341B23B9F072D0F8979"
07-19 23:01:52.281 11999 12056 D ContentCatcher_injector: Interceptor : notifyActivityResume: com.upgadata.up7723@com.upgadata.up7723.main.activity.HomeActivity@67335419
07-19 23:01:52.282 11999 12056 D ContentCatcher_catcher: CatcherHolder : mCatcherList size: 0
07-19 23:01:52.289 11999 12074 W SQLiteLog: (28) double-quoted string literal: "C2EDB5F739FFF341B23B9F072D0F8979"
07-19 23:01:52.289 11999 12074 W SQLiteLog: (28) double-quoted string literal: ""
07-19 23:01:52.289 11999 12074 W SQLiteLog: (28) double-quoted string literal: "C2EDB5F739FFF341B23B9F072D0F8979"
07-19 23:01:52.289 11999 12074 W SQLiteLog: (28) double-quoted string literal: "-1"
07-19 23:01:52.365 11999 11999 W ziparchive: Unable to open '/data/user/0/com.upgadata.up7723/bzBox/data/app/com.maxgames.stickwar3/base.apk': No such file or directory
07-19 23:01:52.365 11999 11999 E upgadata.up7723: Failed to open APK '/data/user/0/com.upgadata.up7723/bzBox/data/app/com.maxgames.stickwar3/base.apk': I/O error
07-19 23:01:52.365 11999 11999 W PackageManager: Failure to parse package archive
07-19 23:01:52.365 11999 11999 W PackageManager: android.content.pm.PackageParser$PackageParserException: Failed to parse /data/user/0/com.upgadata.up7723/bzBox/data/app/com.maxgames.stickwar3/base.apk
07-19 23:01:52.365 11999 11999 W PackageManager: at android.content.pm.PackageParser.parseApkLiteInner(PackageParser.java:1506)
07-19 23:01:52.365 11999 11999 W PackageManager: at android.content.pm.PackageParser.parseApkLite(PackageParser.java:1477)
07-19 23:01:52.365 11999 11999 W PackageManager: at android.content.pm.PackageParser.parseMonolithicPackageLite(PackageParser.java:980)
07-19 23:01:52.365 11999 11999 W PackageManager: at android.content.pm.PackageParser.parseMonolithicPackage(PackageParser.java:1189)
07-19 23:01:52.365 11999 11999 W PackageManager: at android.content.pm.PackageParser.parsePackage(PackageParser.java:1103)
07-19 23:01:52.365 11999 11999 W PackageManager: at android.content.pm.PackageManager.getPackageArchiveInfo(PackageManager.java:8376)
07-19 23:01:52.365 11999 11999 W PackageManager: at android.content.pm.PackageManager.getPackageArchiveInfo(PackageManager.java:8353)
07-19 23:01:52.365 11999 11999 W PackageManager: at com.upgadata.up7723.install.ApkInstallUtils.z(ApkInstallUtils.kt:13)
07-19 23:01:52.365 11999 11999 W PackageManager: at com.upgadata.up7723.install.ApkInstallUtils$isBlackBoxGameInstalled$3.invoke(ApkIns tallUtils.kt:3)
07-19 23:01:52.365 11999 11999 W PackageManager: at com.upgadata.up7723.install.ApkInstallUtils$isBlackBoxGameInstalled$3.invoke(ApkIns tallUtils.kt:1)
07-19 23:01:52.365 11999 11999 W PackageManager: at com.upgadata.up7723.install.o.c(CommonUtils.kt:14)
07-19 23:01:52.365 11999 11999 W PackageManager: at com.upgadata.up7723.install.ApkInstallUtils.v(ApkInstallUtils.kt:5)
07-19 23:01:52.365 11999 11999 W PackageManager: at com.upgadata.up7723.widget.view.DownLoadView.setDownloadState(DownLoadView.java:104 )
07-19 23:01:52.365 11999 11999 W PackageManager: at com.upgadata.up7723.widget.view.DownLoadView.R(DownLoadView.java:10)
07-19 23:01:52.365 11999 11999 W PackageManager: at com.upgadata.up7723.widget.view.DownLoadView.p0(DownLoadView.java:18)
07-19 23:01:52.365 11999 11999 W PackageManager: at com.upgadata.up7723.widget.view.DownLoadView.setData(DownLoadView.java:129)
07-19 23:01:52.365 11999 11999 W PackageManager: at com.upgadata.up7723.widget.x0.f(GameItemRankView.java:54)
07-19 23:01:52.365 11999 11999 W PackageManager: at com.upgadata.up7723.widget.x0.b(GameItemRankView.java:3)
07-19 23:01:52.365 11999 11999 W PackageManager: at com.upgadata.up7723.base.c.getView(BaseHolderAdapter.java:6)
07-19 23:01:52.365 11999 11999 W PackageManager: at android.widget.HeaderViewListAdapter.getView(HeaderViewListAdapter.java:224)
07-19 23:01:52.365 11999 11999 W PackageManager: at android.widget.AbsListView.obtainView(AbsListView.java:2516)
07-19 23:01:52.365 11999 11999 W PackageManager: at android.widget.ListView.makeAndAddView(ListView.java:2065)
07-19 23:01:52.365 11999 11999 W PackageManager: at android.widget.ListView.fillSpecific(ListView.java:1490)
07-19 23:01:52.365 11999 11999 W PackageManager: at android.widget.ListView.layoutChildren(ListView.java:1800)
07-19 23:01:52.365 11999 11999 W PackageManager: at android.widget.AbsListView.onLayout(AbsListView.java:2299)
07-19 23:01:52.365 11999 11999 W PackageManager: at android.view.View.layout(View.java:25227)
07-19 23:01:52.365 11999 11999 W PackageManager: at android.view.ViewGroup.layout(ViewGroup.java:6515)
07-19 23:01:52.365 11999 11999 W PackageManager: at android.widget.RelativeLayout.onLayout(RelativeLayout.java:1103)
07-19 23:01:52.365 11999 11999 W PackageManager: at android.view.View.layout(View.java:25227)
07-19 23:01:52.365 11999 11999 W PackageManager: at android.view.ViewGroup.layout(ViewGroup.java:6515)
07-19 23:01:52.365 11999 11999 W PackageManager: at androidx.viewpager.widget.ViewPager.onLayout(ViewPager.java:35)
07-19 23:01:52.365 11999 11999 W PackageManager: at android.view.View.layout(View.java:25227)
07-19 23:01:52.365 11999 11999 W PackageManager: at android.view.ViewGroup.layout(ViewGroup.java:6515)
07-19 23:01:52.365 11999 11999 W PackageManager: at android.widget.RelativeLayout.onLayout(RelativeLayout.java:1103)
07-19 23:01:52.365 11999 11999 W PackageManager: at android.view.View.layout(View.java:25227)
