07-19 23:00:52.924 11999 11999 W PackageManager: at android.widget.LinearLayout.measureVertical(LinearLayout.java:878)
07-19 23:00:52.924 11999 11999 W PackageManager: at android.widget.LinearLayout.onMeasure(LinearLayout.java:721)
07-19 23:00:52.924 11999 11999 W PackageManager: at android.view.View.measure(View.java:27984)
07-19 23:00:52.924 11999 11999 W PackageManager: at android.view.ViewGroup.measureChildWithMargins(ViewGroup.java:7083)
07-19 23:00:52.924 11999 11999 W PackageManager: at android.widget.FrameLayout.onMeasure(FrameLayout.java:194)
07-19 23:00:52.924 11999 11999 W PackageManager: at android.view.View.measure(View.java:27984)
07-19 23:00:52.924 11999 11999 W PackageManager: at android.view.ViewGroup.measureChildWithMargins(ViewGroup.java:7083)
07-19 23:00:52.924 11999 11999 W PackageManager: at android.widget.FrameLayout.onMeasure(FrameLayout.java:194)
07-19 23:00:52.924 11999 11999 W PackageManager: at com.android.internal.policy.DecorView.onMeasure(DecorView.java:813)
07-19 23:00:52.924 11999 11999 W PackageManager: at android.view.View.measure(View.java:27984)
07-19 23:00:52.924 11999 11999 W PackageManager: at android.view.ViewRootImpl.performMeasure(ViewRootImpl.java:4701)
07-19 23:00:52.924 11999 11999 W PackageManager: at android.view.ViewRootImpl.measureHierarchy(ViewRootImpl.java:3221)
07-19 23:00:52.924 11999 11999 W PackageManager: at android.view.ViewRootImpl.performTraversals(ViewRootImpl.java:3577)
07-19 23:00:52.924 11999 11999 W PackageManager: at android.view.ViewRootImpl.doTraversal(ViewRootImpl.java:2919)
07-19 23:00:52.924 11999 11999 W PackageManager: at android.view.ViewRootImpl$TraversalRunnable.run(ViewRootImpl.java:10188)
07-19 23:00:52.924 11999 11999 W PackageManager: at android.view.Choreographer$CallbackRecord.run(Choreographer.java:1623)
07-19 23:00:52.924 11999 11999 W PackageManager: at android.view.Choreographer$CallbackRecord.run(Choreographer.java:1632)
07-19 23:00:52.924 11999 11999 W PackageManager: at android.view.Choreographer.doCallbacks(Choreographer.java:1172)
07-19 23:00:52.924 11999 11999 W PackageManager: at android.view.Choreographer.doFrame(Choreographer.java:1076)
07-19 23:00:52.924 11999 11999 W PackageManager: at android.view.Choreographer$FrameDisplayEventReceiver.run(Choreographer.java:1602)
07-19 23:00:52.924 11999 11999 W PackageManager: at android.os.Handler.handleCallback(Handler.java:958)
07-19 23:00:52.924 11999 11999 W PackageManager: at android.os.Handler.dispatchMessage(Handler.java:99)
07-19 23:00:52.924 11999 11999 W PackageManager: at android.os.Looper.loopOnce(Looper.java:224)
07-19 23:00:52.924 11999 11999 W PackageManager: at android.os.Looper.loop(Looper.java:318)
07-19 23:00:52.924 11999 11999 W PackageManager: at android.app.ActivityThread.main(ActivityThread.java:8653)
07-19 23:00:52.924 11999 11999 W PackageManager: at java.lang.reflect.Method.invoke(Native Method)
07-19 23:00:52.924 11999 11999 W PackageManager: at com.android.internal.os.RuntimeInit$MethodAndArgsCaller.run(RuntimeInit.java:561)
07-19 23:00:52.924 11999 11999 W PackageManager: at com.android.internal.os.ZygoteInit.main(ZygoteInit.java:1013)
07-19 23:00:52.986 11999 12358 D TrafficStats: tagSocket(125) with statsTag=0xffffffff, statsUid=-1
07-19 23:00:52.988 11999 12344 D TrafficStats: tagSocket(178) with statsTag=0xffffffff, statsUid=-1
07-19 23:00:52.989 11999 12202 D TrafficStats: tagSocket(280) with statsTag=0xffffffff, statsUid=-1
07-19 23:00:52.996 11999 12345 D TrafficStats: tagSocket(163) with statsTag=0xffffffff, statsUid=-1
07-19 23:00:52.996 11999 12353 D TrafficStats: tagSocket(181) with statsTag=0xffffffff, statsUid=-1
07-19 23:00:53.007 11999 12360 D TrafficStats: tagSocket(274) with statsTag=0xffffffff, statsUid=-1
07-19 23:00:53.030 11999 12338 D TrafficStats: tagSocket(179) with statsTag=0xffffffff, statsUid=-1
07-19 23:00:53.032 11999 12202 D TrafficStats: tagSocket(298) with statsTag=0xffffffff, statsUid=-1
07-19 23:00:53.032 11999 12344 D TrafficStats: tagSocket(302) with statsTag=0xffffffff, statsUid=-1
07-19 23:00:53.455 11999 12199 E upgadata.up7723: Invalid resource ID 0x00000000.
07-19 23:00:53.456 11999 12199 E upgadata.up7723: Invalid resource ID 0x00000000.
07-19 23:00:53.456 11999 12199 E upgadata.up7723: Invalid resource ID 0x00000000.
07-19 23:00:53.456 11999 12199 E upgadata.up7723: Invalid resource ID 0x00000000.
07-19 23:00:53.500 11999 11999 D ScrollerOptimizationManager: registerConfigChangedListener
07-19 23:00:54.121 11999 12199 E upgadata.up7723: Invalid resource ID 0x00000000.
07-19 23:00:54.122 11999 12199 E upgadata.up7723: Invalid resource ID 0x00000000.
07-19 23:00:54.122 11999 12199 E upgadata.up7723: Invalid resource ID 0x00000000.
07-19 23:00:54.122 11999 12199 E upgadata.up7723: Invalid resource ID 0x00000000.
07-19 23:00:54.166 11999 11999 D ScrollerOptimizationManager: registerConfigChangedListener
07-19 23:00:55.217 11999 12199 E upgadata.up7723: Invalid resource ID 0x00000000.
07-19 23:00:55.217 11999 12199 E upgadata.up7723: Invalid resource ID 0x00000000.
07-19 23:00:55.217 11999 12199 E upgadata.up7723: Invalid resource ID 0x00000000.
07-19 23:00:55.217 11999 12199 E upgadata.up7723: Invalid resource ID 0x00000000.
07-19 23:00:55.265 11999 11999 D ScrollerOptimizationManager: registerConfigChangedListener
07-19 23:00:56.011 11999 11999 D SplineOverScroller: mFlingDuration: 1168,mFlingDistance: 263.720947265625,mVelocity: 617
07-19 23:00:56.581 11999 12199 E upgadata.up7723: Invalid resource ID 0x00000000.
07-19 23:00:56.581 11999 12199 E upgadata.up7723: Invalid resource ID 0x00000000.
07-19 23:00:56.581 11999 12199 E upgadata.up7723: Invalid resource ID 0x00000000.
07-19 23:00:56.581 11999 12199 E upgadata.up7723: Invalid resource ID 0x00000000.
07-19 23:00:56.610 11999 11999 D ScrollerOptimizationManager: registerConfigChangedListener
07-19 23:00:57.202 11999 11999 I MiInputConsumer: optimized resample latency: 2320580 ns
07-19 23:00:58.577 11999 12199 E upgadata.up7723: Invalid resource ID 0x00000000.
07-19 23:00:58.578 11999 12199 E upgadata.up7723: Invalid resource ID 0x00000000.
07-19 23:00:58.578 11999 12199 E upgadata.up7723: Invalid resource ID 0x00000000.
07-19 23:00:58.579 11999 12199 E upgadata.up7723: Invalid resource ID 0x00000000.
07-19 23:00:58.581 11999 12338 D TrafficStats: tagSocket(236) with statsTag=0xffffffff, statsUid=-1
07-19 23:00:58.588 11999 12344 D TrafficStats: tagSocket(125) with statsTag=0xffffffff, statsUid=-1
07-19 23:00:58.588 11999 12202 D TrafficStats: tagSocket(185) with statsTag=0xffffffff, statsUid=-1
07-19 23:00:58.609 11999 12360 D TrafficStats: tagSocket(255) with statsTag=0xffffffff, statsUid=-1
07-19 23:00:58.614 11999 12345 D TrafficStats: tagSocket(300) with statsTag=0xffffffff, statsUid=-1
07-19 23:01:01.994 11999 11999 D SplineOverScroller: mFlingDuration: 2166,mFlingDistance: 2427.90673828125,mVelocity: 5270
07-19 23:01:02.968 11999 12056 D ContentCatcher_injector: Interceptor : notifyActivityPause: com.upgadata.up7723@com.upgadata.up7723.game.detail.DetailGameActivity@248952138
07-19 23:01:02.968 11999 12056 D ContentCatcher_catcher: CatcherHolder : mCatcherList size: 0
07-19 23:01:02.980 11999 12074 W SQLiteLog: (28) double-quoted string literal: "
07-19 23:01:02.980 11999 12074 W SQLiteLog: (28) double-quoted string literal: "C2EDB5F739FFF341B23B9F072D0F8979"
07-19 23:01:02.986 11999 12056 D ContentCatcher_injector: Interceptor : notifyActivityResume: com.upgadata.up7723@com.upgadata.up7723.main.activity.HomeActivity@67335419
07-19 23:01:02.986 11999 12056 D ContentCatcher_catcher: CatcherHolder : mCatcherList size: 0
07-19 23:01:02.993 11999 12074 W SQLiteLog: (28) double-quoted string literal: "C2EDB5F739FFF341B23B9F072D0F8979"
07-19 23:01:02.993 11999 12074 W SQLiteLog: (28) double-quoted string literal: ""
07-19 23:01:02.993 11999 12074 W SQLiteLog: (28) double-quoted string literal: "C2EDB5F739FFF341B23B9F072D0F8979"
07-19 23:01:02.993 11999 12074 W SQLiteLog: (28) double-quoted string literal: "-1"
07-19 23:01:03.017 11999 11999 W ziparchive: Unable to open '/data/user/0/com.upgadata.up7723/bzBox/data/app/com.sir.simulator.flightsimulatorp ro/base.apk': No such file or directory
07-19 23:01:03.017 11999 11999 E upgadata.up7723: Failed to open APK '/data/user/0/com.upgadata.up7723/bzBox/data/app/com.sir.simulator.flightsimulatorp ro/base.apk': I/O error
07-19 23:01:03.017 11999 11999 W PackageManager: Failure to parse package archive
07-19 23:01:03.017 11999 11999 W PackageManager: android.content.pm.PackageParser$PackageParserException: Failed to parse /data/user/0/com.upgadata.up7723/bzBox/data/app/com.sir.simulator.flightsimulatorpr o/base.apk
07-19 23:01:03.017 11999 11999 W PackageManager: at android.content.pm.PackageParser.parseApkLiteInner(PackageParser.java:1506)
07-19 23:01:03.017 11999 11999 W PackageManager: at android.content.pm.PackageParser.parseApkLite(PackageParser.java:1477)
07-19 23:01:03.017 11999 11999 W PackageManager: at android.content.pm.PackageParser.parseMonolithicPackageLite(PackageParser.java:980)
07-19 23:01:03.017 11999 11999 W PackageManager: at android.content.pm.PackageParser.parseMonolithicPackage(PackageParser.java:1189)
07-19 23:01:03.017 11999 11999 W PackageManager: at android.content.pm.PackageParser.parsePackage(PackageParser.java:1103)
07-19 23:01:03.017 11999 11999 W PackageManager: at android.content.pm.PackageManager.getPackageArchiveInfo(PackageManager.java:8376)
07-19 23:01:03.017 11999 11999 W PackageManager: at android.content.pm.PackageManager.getPackageArchiveInfo(PackageManager.java:8353)
07-19 23:01:03.017 11999 11999 W PackageManager: at com.upgadata.up7723.install.ApkInstallUtils.z(ApkInstallUtils.kt:13)
07-19 23:01:03.017 11999 11999 W PackageManager: at com.upgadata.up7723.install.ApkInstallUtils$isBlackBoxGameInstalled$3.invoke(ApkIns tallUtils.kt:3)
07-19 23:01:03.017 11999 11999 W PackageManager: at com.upgadata.up7723.install.ApkInstallUtils$isBlackBoxGameInstalled$3.invoke(ApkIns tallUtils.kt:1)
07-19 23:01:03.017 11999 11999 W PackageManager: at com.upgadata.up7723.install.o.c(CommonUtils.kt:14)
07-19 23:01:03.017 11999 11999 W PackageManager: at com.upgadata.up7723.install.ApkInstallUtils.v(ApkInstallUtils.kt:5)
07-19 23:01:03.017 11999 11999 W PackageManager: at com.upgadata.up7723.widget.view.DownLoadView.setDownloadState(DownLoadView.java:104 )
07-19 23:01:03.017 11999 11999 W PackageManager: at com.upgadata.up7723.widget.view.DownLoadView.R(DownLoadView.java:10)
07-19 23:01:03.017 11999 11999 W PackageManager: at com.upgadata.up7723.widget.view.DownLoadView.p0(DownLoadView.java:18)
07-19 23:01:03.017 11999 11999 W PackageManager: at com.upgadata.up7723.widget.view.DownLoadView.setData(DownLoadView.java:129)
07-19 23:01:03.017 11999 11999 W PackageManager: at com.upgadata.up7723.widget.x0.f(GameItemRankView.java:54)
07-19 23:01:03.017 11999 11999 W PackageManager: at com.upgadata.up7723.widget.x0.b(GameItemRankView.java:3)
07-19 23:01:03.017 11999 11999 W PackageManager: at com.upgadata.up7723.base.c.getView(BaseHolderAdapter.java:6)
07-19 23:01:03.017 11999 11999 W PackageManager: at android.widget.HeaderViewListAdapter.getView(HeaderViewListAdapter.java:224)
07-19 23:01:03.017 11999 11999 W PackageManager: at android.widget.AbsListView.obtainView(AbsListView.java:2516)
07-19 23:01:03.017 11999 11999 W PackageManager: at android.widget.ListView.makeAndAddView(ListView.java:2065)
07-19 23:01:03.017 11999 11999 W PackageManager: at android.widget.ListView.fillDown(ListView.java:791)
07-19 23:01:03.017 11999 11999 W PackageManager: at android.widget.ListView.fillSpecific(ListView.java:1502)
07-19 23:01:03.017 11999 11999 W PackageManager: at android.widget.ListView.layoutChildren(ListView.java:1800)
07-19 23:01:03.017 11999 11999 W PackageManager: at android.widget.AbsListView.onLayout(AbsListView.java:2299)
07-19 23:01:03.017 11999 11999 W PackageManager: at android.view.View.layout(View.java:25227)
07-19 23:01:03.017 11999 11999 W PackageManager: at android.view.ViewGroup.layout(ViewGroup.java:6515)
07-19 23:01:03.017 11999 11999 W PackageManager: at android.widget.RelativeLayout.onLayout(RelativeLayout.java:1103)
07-19 23:01:03.017 11999 11999 W PackageManager: at android.view.View.layout(View.java:25227)
07-19 23:01:03.017 11999 11999 W PackageManager: at android.view.ViewGroup.layout(ViewGroup.java:6515)
07-19 23:01:03.017 11999 11999 W PackageManager: at androidx.viewpager.widget.ViewPager.onLayout(ViewPager.java:35)
07-19 23:01:03.017 11999 11999 W PackageManager: at android.view.View.layout(View.java:25227)
07-19 23:01:03.017 11999 11999 W PackageManager: at android.view.ViewGroup.layout(ViewGroup.java:6515)
07-19 23:01:03.017 11999 11999 W PackageManager: at android.widget.RelativeLayout.onLayout(RelativeLayout.java:1103)
07-19 23:01:03.017 11999 11999 W PackageManager: at android.view.View.layout(View.java:25227)
07-19 23:01:03.017 11999 11999 W PackageManager: at android.view.ViewGroup.layout(ViewGroup.java:6515)
07-19 23:01:03.017 11999 11999 W PackageManager: at android.widget.FrameLayout.layoutChildren(FrameLayout.java:332)
07-19 23:01:03.017 11999 11999 W PackageManager: at android.widget.FrameLayout.onLayout(FrameLayout.java:270)
07-19 23:01:03.017 11999 11999 W PackageManager: at android.view.View.layout(View.java:25227)
07-19 23:01:03.017 11999 11999 W PackageManager: at android.view.ViewGroup.layout(ViewGroup.java:6515)
07-19 23:01:03.017 11999 11999 W PackageManager: at android.widget.RelativeLayout.onLayout(RelativeLayout.java:1103)
07-19 23:01:03.017 11999 11999 W PackageManager: at android.view.View.layout(View.java:25227)
07-19 23:01:03.017 11999 11999 W PackageManager: at android.view.ViewGroup.layout(ViewGroup.java:6515)
07-19 23:01:03.017 11999 11999 W PackageManager: at android.widget.FrameLayout.layoutChildren(FrameLayout.java:332)
07-19 23:01:03.017 11999 11999 W PackageManager: at android.widget.FrameLayout.onLayout(FrameLayout.java:270)
07-19 23:01:03.017 11999 11999 W PackageManager: at android.view.View.layout(View.java:25227)
07-19 23:01:03.017 11999 11999 W PackageManager: at android.view.ViewGroup.layout(ViewGroup.java:6515)
07-19 23:01:03.017 11999 11999 W PackageManager: at android.widget.LinearLayout.setChildFrame(LinearLayout.java:1891)
07-19 23:01:03.017 11999 11999 W PackageManager: at android.widget.LinearLayout.layoutVertical(LinearLayout.java:1729)
07-19 23:01:03.017 11999 11999 W PackageManager: at android.widget.LinearLayout.onLayout(LinearLayout.java:1638)
07-19 23:01:03.017 11999 11999 W PackageManager: at android.view.View.layout(View.java:25227)
07-19 23:01:03.017 11999 11999 W PackageManager: at android.view.ViewGroup.layout(ViewGroup.java:6515)
07-19 23:01:03.017 11999 11999 W PackageManager: at android.widget.FrameLayout.layoutChildren(FrameLayout.java:332)
07-19 23:01:03.017 11999 11999 W PackageManager: at android.widget.FrameLayout.onLayout(FrameLayout.java:270)
07-19 23:01:03.017 11999 11999 W PackageManager: at android.view.View.layout(View.java:25227)
07-19 23:01:03.017 11999 11999 W PackageManager: at android.view.ViewGroup.layout(ViewGroup.java:6515)
07-19 23:01:03.017 11999 11999 W PackageManager: at android.widget.LinearLayout.setChildFrame(LinearLayout.java:1891)
07-19 23:01:03.018 11999 11999 W PackageManager: at android.widget.LinearLayout.layoutVertical(LinearLayout.java:1729)
07-19 23:01:03.018 11999 11999 W PackageManager: at android.widget.LinearLayout.onLayout(LinearLayout.java:1638)
07-19 23:01:03.018 11999 11999 W PackageManager: at android.view.View.layout(View.java:25227)
07-19 23:01:03.018 11999 11999 W PackageManager: at android.view.ViewGroup.layout(ViewGroup.java:6515)
07-19 23:01:03.018 11999 11999 W PackageManager: at me.imid.swipebacklayout.lib.SwipeBackLayout.onLayout(SwipeBackLayout.java:6)
07-19 23:01:03.018 11999 11999 W PackageManager: at android.view.View.layout(View.java:25227)
07-19 23:01:03.018 11999 11999 W PackageManager: at android.view.ViewGroup.layout(ViewGroup.java:6515)
07-19 23:01:03.018 11999 11999 W PackageManager: at android.widget.FrameLayout.layoutChildren(FrameLayout.java:332)
07-19 23:01:03.018 11999 11999 W PackageManager: at android.widget.FrameLayout.onLayout(FrameLayout.java:270)
07-19 23:01:03.018 11999 11999 W PackageManager: at com.android.internal.policy.DecorView.onLayout(DecorView.java:852)
07-19 23:01:03.018 11999 11999 W PackageManager: at android.view.View.layout(View.java:25227)
07-19 23:01:03.018 11999 11999 W PackageManager: at android.view.ViewGroup.layout(ViewGroup.java:6515)
07-19 23:01:03.018 11999 11999 W PackageManager: at android.view.ViewRootImpl.performLayout(ViewRootImpl.java:4780)
07-19 23:01:03.018 11999 11999 W PackageManager: at android.view.ViewRootImpl.performTraversals(ViewRootImpl.java:4089)
07-19 23:01:03.018 11999 11999 W PackageManager: at android.view.ViewRootImpl.doTraversal(ViewRootImpl.java:2919)
07-19 23:01:03.018 11999 11999 W PackageManager: at android.view.ViewRootImpl$TraversalRunnable.run(ViewRootImpl.java:10188)
07-19 23:01:03.018 11999 11999 W PackageManager: at android.view.Choreographer$CallbackRecord.run(Choreographer.java:1623)
07-19 23:01:03.018 11999 11999 W PackageManager: at android.view.Choreographer$CallbackRecord.run(Choreographer.java:1632)
07-19 23:01:03.018 11999 11999 W PackageManager: at android.view.Choreographer.doCallbacks(Choreographer.java:1172)
07-19 23:01:03.018 11999 11999 W PackageManager: at android.view.Choreographer.doFrame(Choreographer.java:1076)
07-19 23:01:03.018 11999 11999 W PackageManager: at android.view.Choreographer$FrameDisplayEventReceiver.run(Choreographer.java:1602)
07-19 23:01:03.018 11999 11999 W PackageManager: at android.os.Handler.handleCallback(Handler.java:958)
07-19 23:01:03.018 11999 11999 W PackageManager: at android.os.Handler.dispatchMessage(Handler.java:99)
07-19 23:01:03.018 11999 11999 W PackageManager: at android.os.Looper.loopOnce(Looper.java:224)
07-19 23:01:03.018 11999 11999 W PackageManager: at android.os.Looper.loop(Looper.java:318)
07-19 23:01:03.018 11999 11999 W PackageManager: at android.app.ActivityThread.main(ActivityThread.java:8653)
07-19 23:01:03.018 11999 11999 W PackageManager: at java.lang.reflect.Method.invoke(Native Method)
07-19 23:01:03.018 11999 11999 W PackageManager: at com.android.internal.os.RuntimeInit$MethodAndArgsCaller.run(RuntimeInit.java:561)
07-19 23:01:03.018 11999 11999 W PackageManager: at com.android.internal.os.ZygoteInit.main(ZygoteInit.java:1013)
07-19 23:01:03.049 11999 11999 W ziparchive: Unable to open '/data/user/0/com.upgadata.up7723/bzBox/data/app/com.sir.simulator.flightsimulatorp ro/base.apk': No such file or directory
07-19 23:01:03.049 11999 11999 E upgadata.up7723: Failed to open APK '/data/user/0/com.upgadata.up7723/bzBox/data/app/com.sir.simulator.flightsimulatorp ro/base.apk': I/O error
07-19 23:01:03.049 11999 11999 W PackageManager: Failure to parse package archive
07-19 23:01:03.049 11999 11999 W PackageManager: android.content.pm.PackageParser$PackageParserException: Failed to parse /data/user/0/com.upgadata.up7723/bzBox/data/app/com.sir.simulator.flightsimulatorpr o/base.apk
07-19 23:01:03.049 11999 11999 W PackageManager: at android.content.pm.PackageParser.parseApkLiteInner(PackageParser.java:1506)
07-19 23:01:03.049 11999 11999 W PackageManager: at android.content.pm.PackageParser.parseApkLite(PackageParser.java:1477)
07-19 23:01:03.049 11999 11999 W PackageManager: at android.content.pm.PackageParser.parseMonolithicPackageLite(PackageParser.java:980)
07-19 23:01:03.049 11999 11999 W PackageManager: at android.content.pm.PackageParser.parseMonolithicPackage(PackageParser.java:1189)
07-19 23:01:03.049 11999 11999 W PackageManager: at android.content.pm.PackageParser.parsePackage(PackageParser.java:1103)
07-19 23:01:03.049 11999 11999 W PackageManager: at android.content.pm.PackageManager.getPackageArchiveInfo(PackageManager.java:8376)
07-19 23:01:03.049 11999 11999 W PackageManager: at android.content.pm.PackageManager.getPackageArchiveInfo(PackageManager.java:8353)
07-19 23:01:03.049 11999 11999 W PackageManager: at com.upgadata.up7723.install.ApkInstallUtils.z(ApkInstallUtils.kt:13)
07-19 23:01:03.049 11999 11999 W PackageManager: at com.upgadata.up7723.install.ApkInstallUtils$isBlackBoxGameInstalled$3.invoke(ApkIns tallUtils.kt:3)
07-19 23:01:03.049 11999 11999 W PackageManager: at com.upgadata.up7723.install.ApkInstallUtils$isBlackBoxGameInstalled$3.invoke(ApkIns tallUtils.kt:1)
07-19 23:01:03.049 11999 11999 W PackageManager: at com.upgadata.up7723.install.o.c(CommonUtils.kt:14)
07-19 23:01:03.049 11999 11999 W PackageManager: at com.upgadata.up7723.install.ApkInstallUtils.v(ApkInstallUtils.kt:5)
07-19 23:01:03.049 11999 11999 W PackageManager: at com.upgadata.up7723.widget.view.DownLoadView.setDownloadState(DownLoadView.java:104 )
07-19 23:01:03.049 11999 11999 W PackageManager: at com.upgadata.up7723.widget.view.DownLoadView.R(DownLoadView.java:10)
07-19 23:01:03.049 11999 11999 W PackageManager: at com.upgadata.up7723.widget.view.DownLoadView.p0(DownLoadView.java:18)
07-19 23:01:03.049 11999 11999 W PackageManager: at com.upgadata.up7723.widget.view.DownLoadView.onWindowFocusChanged(DownLoadView.java :6)
07-19 23:01:03.049 11999 11999 W PackageManager: at android.view.View.dispatchWindowFocusChanged(View.java:16153)
07-19 23:01:03.049 11999 11999 W PackageManager: at android.view.ViewGroup.dispatchWindowFocusChanged(ViewGroup.java:1524)
07-19 23:01:03.049 11999 11999 W PackageManager: at android.view.ViewGroup.dispatchWindowFocusChanged(ViewGroup.java:1528)
07-19 23:01:03.049 11999 11999 W PackageManager: at android.view.ViewGroup.dispatchWindowFocusChanged(ViewGroup.java:1528)
07-19 23:01:03.049 11999 11999 W PackageManager: at android.view.ViewGroup.dispatchWindowFocusChanged(ViewGroup.java:1528)
07-19 23:01:03.049 11999 11999 W PackageManager: at android.view.ViewGroup.dispatchWindowFocusChanged(ViewGroup.java:1528)
07-19 23:01:03.049 11999 11999 W PackageManager: at android.view.ViewGroup.dispatchWindowFocusChanged(ViewGroup.java:1528)
07-19 23:01:03.049 11999 11999 W PackageManager: at android.view.ViewGroup.dispatchWindowFocusChanged(ViewGroup.java:1528)
07-19 23:01:03.049 11999 11999 W PackageManager: at android.view.ViewGroup.dispatchWindowFocusChanged(ViewGroup.java:1528)
07-19 23:01:03.049 11999 11999 W PackageManager: at android.view.ViewGroup.dispatchWindowFocusChanged(ViewGroup.java:1528)
07-19 23:01:03.049 11999 11999 W PackageManager: at android.view.ViewGroup.dispatchWindowFocusChanged(ViewGroup.java:1528)
07-19 23:01:03.049 11999 11999 W PackageManager: at android.view.ViewGroup.dispatchWindowFocusChanged(ViewGroup.java:1528)
07-19 23:01:03.049 11999 11999 W PackageManager: at android.view.ViewGroup.dispatchWindowFocusChanged(ViewGroup.java:1528)
07-19 23:01:03.049 11999 11999 W PackageManager: at android.view.ViewGroup.dispatchWindowFocusChanged(ViewGroup.java:1528)
07-19 23:01:03.049 11999 11999 W PackageManager: at android.view.ViewGroup.dispatchWindowFocusChanged(ViewGroup.java:1528)
07-19 23:01:03.049 11999 11999 W PackageManager: at android.view.ViewGroup.dispatchWindowFocusChanged(ViewGroup.java:1528)
07-19 23:01:03.049 11999 11999 W PackageManager: at android.view.ViewRootImpl.dispatchFocusEvent(ViewRootImpl.java:4578)
07-19 23:01:03.049 11999 11999 W PackageManager: at android.view.ViewRootImpl.handleWindowFocusChanged(ViewRootImpl.java:4482)
07-19 23:01:03.049 11999 11999 W PackageManager: at android.view.ViewRootImpl.-$$Nest$mhandleWindowFocusChanged(Unknown Source:0)
07-19 23:01:03.049 11999 11999 W PackageManager: at android.view.ViewRootImpl$ViewRootHandler.handleMessageImpl(ViewRootImpl.java:6659)
07-19 23:01:03.049 11999 11999 W PackageManager: at android.view.ViewRootImpl$ViewRootHandler.handleMessage(ViewRootImpl.java:6550)
07-19 23:01:03.049 11999 11999 W PackageManager: at android.os.Handler.dispatchMessage(Handler.java:106)
07-19 23:01:03.049 11999 11999 W PackageManager: at android.os.Looper.loopOnce(Looper.java:224)
07-19 23:01:03.049 11999 11999 W PackageManager: at android.os.Looper.loop(Looper.java:318)
07-19 23:01:03.049 11999 11999 W PackageManager: at android.app.ActivityThread.main(ActivityThread.java:8653)
07-19 23:01:03.049 11999 11999 W PackageManager: at java.lang.reflect.Method.invoke(Native Method)
07-19 23:01:03.049 11999 11999 W PackageManager: at com.android.internal.os.RuntimeInit$MethodAndArgsCaller.run(RuntimeInit.java:561)
07-19 23:01:03.049 11999 11999 W PackageManager: at com.android.internal.os.ZygoteInit.main(ZygoteInit.java:1013)
07-19 23:01:03.056 11999 11999 I HandWritingStubImpl: refreshLastKeyboardType: 1
07-19 23:01:03.056 11999 11999 I HandWritingStubImpl: getCurrentKeyboardType: 1
07-19 23:01:03.070 11999 12056 D ContentCatcher_injector: Interceptor : notifyActivityStop: com.upgadata.up7723@com.upgadata.up7723.game.detail.DetailGameActivity@248952138
07-19 23:01:03.070 11999 12056 D ContentCatcher_catcher: CatcherHolder : mCatcherList size: 0
07-19 23:01:03.072 11999 12056 D ContentCatcher_injector: Interceptor : notifyActivityDestroy: com.upgadata.up7723@com.upgadata.up7723.game.detail.DetailGameActivity@248952138
07-19 23:01:03.072 11999 12056 D ContentCatcher_catcher: CatcherHolder : mCatcherList size: 0
07-19 23:01:03.072 11999 12056 E ContentCatcherManager: failed to get ContentCatcherService.
07-19 23:01:03.074 11999 11999 W WindowOnBackDispatcher: sendCancelIfRunning: isInProgress=falsecallback=android.view.ViewRootImpl$ $ExternalSyntheticLambda22@47b60fc
07-19 23:01:04.258 11999 12360 D TrafficStats: tagSocket(103) with statsTag=0xffffffff, statsUid=-1
07-19 23:01:06.883 11999 12338 D TrafficStats: tagSocket(159) with statsTag=0xffffffff, statsUid=-1
07-19 23:01:06.894 11999 11999 D ScrollerOptimizationManager: registerConfigChangedListener
07-19 23:01:06.894 11999 11999 D SplineOverScroller: mFlingDuration: 1689,mFlingDistance: 855.3488159179688,mVelocity: 1889
07-19 23:01:09.177 11999 11999 D SplineOverScroller: mFlingDuration: 1755,mFlingDistance: 990.2325439453125,mVelocity: 2179
07-19 23:01:11.969 11999 11999 W ziparchive: Unable to open '/data/user/0/com.upgadata.up7723/bzBox/data/app/com.dldldszl.jw/base.apk': No such file or directory
07-19 23:01:11.969 11999 11999 E upgadata.up7723: Failed to open APK '/data/user/0/com.upgadata.up7723/bzBox/data/app/com.dldldszl.jw/base.apk': I/O error
07-19 23:01:11.970 11999 11999 W PackageManager: Failure to parse package archive
07-19 23:01:11.970 11999 11999 W PackageManager: android.content.pm.PackageParser$PackageParserException: Failed to parse /data/user/0/com.upgadata.up7723/bzBox/data/app/com.dldldszl.jw/base.apk
07-19 23:01:11.970 11999 11999 W PackageManager: at android.content.pm.PackageParser.parseApkLiteInner(PackageParser.java:1506)
07-19 23:01:11.970 11999 11999 W PackageManager: at android.content.pm.PackageParser.parseApkLite(PackageParser.java:1477)
07-19 23:01:11.970 11999 11999 W PackageManager: at android.content.pm.PackageParser.parseMonolithicPackageLite(PackageParser.java:980)
07-19 23:01:11.970 11999 11999 W PackageManager: at android.content.pm.PackageParser.parseMonolithicPackage(PackageParser.java:1189)
07-19 23:01:11.970 11999 11999 W PackageManager: at android.content.pm.PackageParser.parsePackage(PackageParser.java:1103)
07-19 23:01:11.970 11999 11999 W PackageManager: at android.content.pm.PackageManager.getPackageArchiveInfo(PackageManager.java:8376)
07-19 23:01:11.970 11999 11999 W PackageManager: at android.content.pm.PackageManager.getPackageArchiveInfo(PackageManager.java:8353)
07-19 23:01:11.970 11999 11999 W PackageManager: at com.upgadata.up7723.install.ApkInstallUtils.z(ApkInstallUtils.kt:13)
07-19 23:01:11.970 11999 11999 W PackageManager: at com.upgadata.up7723.install.ApkInstallUtils$isBlackBoxGameInstalled$3.invoke(ApkIns tallUtils.kt:3)
07-19 23:01:11.970 11999 11999 W PackageManager: at com.upgadata.up7723.install.ApkInstallUtils$isBlackBoxGameInstalled$3.invoke(ApkIns tallUtils.kt:1)
07-19 23:01:11.970 11999 11999 W PackageManager: at com.upgadata.up7723.install.o.c(CommonUtils.kt:14)
07-19 23:01:11.970 11999 11999 W PackageManager: at com.upgadata.up7723.install.ApkInstallUtils.v(ApkInstallUtils.kt:5)
07-19 23:01:11.970 11999 11999 W PackageManager: at com.upgadata.up7723.widget.view.DownLoadView.setDownloadState(DownLoadView.java:104 )
07-19 23:01:11.970 11999 11999 W PackageManager: at com.upgadata.up7723.widget.view.DownLoadView.R(DownLoadView.java:10)
07-19 23:01:11.970 11999 11999 W PackageManager: at com.upgadata.up7723.widget.view.DownLoadView.p0(DownLoadView.java:18)
07-19 23:01:11.970 11999 11999 W PackageManager: at com.upgadata.up7723.widget.view.DownLoadView.setData(DownLoadView.java:129)
07-19 23:01:11.970 11999 11999 W PackageManager: at com.upgadata.up7723.widget.x0.f(GameItemRankView.java:54)
07-19 23:01:11.970 11999 11999 W PackageManager: at com.upgadata.up7723.widget.x0.b(GameItemRankView.java:3)
07-19 23:01:11.970 11999 11999 W PackageManager: at com.upgadata.up7723.base.c.getView(BaseHolderAdapter.java:6)
07-19 23:01:11.970 11999 11999 W PackageManager: at android.widget.HeaderViewListAdapter.getView(HeaderViewListAdapter.java:224)
07-19 23:01:11.970 11999 11999 W PackageManager: at android.widget.AbsListView.obtainView(AbsListView.java:2516)
07-19 23:01:11.970 11999 11999 W PackageManager: at android.widget.ListView.makeAndAddView(ListView.java:2065)
07-19 23:01:11.970 11999 11999 W PackageManager: at android.widget.ListView.fillDown(ListView.java:791)
07-19 23:01:11.970 11999 11999 W PackageManager: at android.widget.ListView.fillFromTop(ListView.java:853)
07-19 23:01:11.970 11999 11999 W PackageManager: at android.widget.ListView.layoutChildren(ListView.java:1808)
07-19 23:01:11.970 11999 11999 W PackageManager: at android.widget.AbsListView.onLayout(AbsListView.java:2299)
07-19 23:01:11.970 11999 11999 W PackageManager: at android.view.View.layout(View.java:25227)
07-19 23:01:11.970 11999 11999 W PackageManager: at android.view.ViewGroup.layout(ViewGroup.java:6515)
07-19 23:01:11.970 11999 11999 W PackageManager: at android.widget.RelativeLayout.onLayout(RelativeLayout.java:1103)
07-19 23:01:11.970 11999 11999 W PackageManager: at android.view.View.layout(View.java:25227)
07-19 23:01:11.970 11999 11999 W PackageManager: at android.view.ViewGroup.layout(ViewGroup.java:6515)
07-19 23:01:11.970 11999 11999 W PackageManager: at androidx.viewpager.widget.ViewPager.onLayout(ViewPager.java:35)
07-19 23:01:11.970 11999 11999 W PackageManager: at android.view.View.layout(View.java:25227)
07-19 23:01:11.970 11999 11999 W PackageManager: at android.view.ViewGroup.layout(ViewGroup.java:6515)
07-19 23:01:11.970 11999 11999 W PackageManager: at android.widget.RelativeLayout.onLayout(RelativeLayout.java:1103)
07-19 23:01:11.970 11999 11999 W PackageManager: at android.view.View.layout(View.java:25227)
07-19 23:01:11.970 11999 11999 W PackageManager: at android.view.ViewGroup.layout(ViewGroup.java:6515)
07-19 23:01:11.970 11999 11999 W PackageManager: at android.widget.FrameLayout.layoutChildren(FrameLayout.java:332)
07-19 23:01:11.970 11999 11999 W PackageManager: at android.widget.FrameLayout.onLayout(FrameLayout.java:270)
07-19 23:01:11.970 11999 11999 W PackageManager: at android.view.View.layout(View.java:25227)
07-19 23:01:11.970 11999 11999 W PackageManager: at android.view.ViewGroup.layout(ViewGroup.java:6515)
07-19 23:01:11.970 11999 11999 W PackageManager: at android.widget.RelativeLayout.onLayout(RelativeLayout.java:1103)
07-19 23:01:11.970 11999 11999 W PackageManager: at android.view.View.layout(View.java:25227)
07-19 23:01:11.970 11999 11999 W PackageManager: at android.view.ViewGroup.layout(ViewGroup.java:6515)
07-19 23:01:11.970 11999 11999 W PackageManager: at android.widget.FrameLayout.layoutChildren(FrameLayout.java:332)
07-19 23:01:11.970 11999 11999 W PackageManager: at android.widget.FrameLayout.onLayout(FrameLayout.java:270)
07-19 23:01:11.970 11999 11999 W PackageManager: at android.view.View.layout(View.java:25227)
07-19 23:01:11.970 11999 11999 W PackageManager: at android.view.ViewGroup.layout(ViewGroup.java:6515)
07-19 23:01:11.970 11999 11999 W PackageManager: at android.widget.LinearLayout.setChildFrame(LinearLayout.java:1891)
07-19 23:01:11.970 11999 11999 W PackageManager: at android.widget.LinearLayout.layoutVertical(LinearLayout.java:1729)
07-19 23:01:11.970 11999 11999 W PackageManager: at android.widget.LinearLayout.onLayout(LinearLayout.java:1638)
07-19 23:01:11.970 11999 11999 W PackageManager: at android.view.View.layout(View.java:25227)
07-19 23:01:11.970 11999 11999 W PackageManager: at android.view.ViewGroup.layout(ViewGroup.java:6515)
07-19 23:01:11.970 11999 11999 W PackageManager: at android.widget.FrameLayout.layoutChildren(FrameLayout.java:332)
07-19 23:01:11.970 11999 11999 W PackageManager: at android.widget.FrameLayout.onLayout(FrameLayout.java:270)
07-19 23:01:11.970 11999 11999 W PackageManager: at android.view.View.layout(View.java:25227)
07-19 23:01:11.970 11999 11999 W PackageManager: at android.view.ViewGroup.layout(ViewGroup.java:6515)
07-19 23:01:11.970 11999 11999 W PackageManager: at android.widget.LinearLayout.setChildFrame(LinearLayout.java:1891)
07-19 23:01:11.970 11999 11999 W PackageManager: at android.widget.LinearLayout.layoutVertical(LinearLayout.java:1729)
07-19 23:01:11.970 11999 11999 W PackageManager: at android.widget.LinearLayout.onLayout(LinearLayout.java:1638)
07-19 23:01:11.970 11999 11999 W PackageManager: at android.view.View.layout(View.java:25227)
07-19 23:01:11.970 11999 11999 W PackageManager: at android.view.ViewGroup.layout(ViewGroup.java:6515)
07-19 23:01:11.970 11999 11999 W PackageManager: at me.imid.swipebacklayout.lib.SwipeBackLayout.onLayout(SwipeBackLayout.java:6)
07-19 23:01:11.970 11999 11999 W PackageManager: at android.view.View.layout(View.java:25227)
07-19 23:01:11.970 11999 11999 W PackageManager: at android.view.ViewGroup.layout(ViewGroup.java:6515)
07-19 23:01:11.970 11999 11999 W PackageManager: at android.widget.FrameLayout.layoutChildren(FrameLayout.java:332)
07-19 23:01:11.970 11999 11999 W PackageManager: at android.widget.FrameLayout.onLayout(FrameLayout.java:270)
07-19 23:01:11.970 11999 11999 W PackageManager: at com.android.internal.policy.DecorView.onLayout(DecorView.java:852)
07-19 23:01:11.970 11999 11999 W PackageManager: at android.view.View.layout(View.java:25227)
07-19 23:01:11.970 11999 11999 W PackageManager: at android.view.ViewGroup.layout(ViewGroup.java:6515)
07-19 23:01:11.970 11999 11999 W PackageManager: at android.view.ViewRootImpl.performLayout(ViewRootImpl.java:4780)
07-19 23:01:11.970 11999 11999 W PackageManager: at android.view.ViewRootImpl.performTraversals(ViewRootImpl.java:4089)
07-19 23:01:11.970 11999 11999 W PackageManager: at android.view.ViewRootImpl.doTraversal(ViewRootImpl.java:2919)
07-19 23:01:11.970 11999 11999 W PackageManager: at android.view.ViewRootImpl$TraversalRunnable.run(ViewRootImpl.java:10188)
07-19 23:01:11.970 11999 11999 W PackageManager: at android.view.Choreographer$CallbackRecord.run(Choreographer.java:1623)
07-19 23:01:11.970 11999 11999 W PackageManager: at android.view.Choreographer$CallbackRecord.run(Choreographer.java:1632)
07-19 23:01:11.970 11999 11999 W PackageManager: at android.view.Choreographer.doCallbacks(Choreographer.java:1172)
07-19 23:01:11.970 11999 11999 W PackageManager: at android.view.Choreographer.doFrame(Choreographer.java:1076)
07-19 23:01:11.970 11999 11999 W PackageManager: at android.view.Choreographer$FrameDisplayEventReceiver.run(Choreographer.java:1602)
07-19 23:01:11.970 11999 11999 W PackageManager: at android.os.Handler.handleCallback(Handler.java:958)
07-19 23:01:11.970 11999 11999 W PackageManager: at android.os.Handler.dispatchMessage(Handler.java:99)
07-19 23:01:11.970 11999 11999 W PackageManager: at android.os.Looper.loopOnce(Looper.java:224)
07-19 23:01:11.970 11999 11999 W PackageManager: at android.os.Looper.loop(Looper.java:318)
07-19 23:01:11.970 11999 11999 W PackageManager: at android.app.ActivityThread.main(ActivityThread.java:8653)
07-19 23:01:11.970 11999 11999 W PackageManager: at java.lang.reflect.Method.invoke(Native Method)
07-19 23:01:11.970 11999 11999 W PackageManager: at com.android.internal.os.RuntimeInit$MethodAndArgsCaller.run(RuntimeInit.java:561)
07-19 23:01:11.970 11999 11999 W PackageManager: at com.android.internal.os.ZygoteInit.main(ZygoteInit.java:1013)
07-19 23:01:11.992 11999 12345 D TrafficStats: tagSocket(91) with statsTag=0xffffffff, statsUid=-1
07-19 23:01:11.996 11999 12338 D TrafficStats: tagSocket(239) with statsTag=0xffffffff, statsUid=-1
07-19 23:01:12.010 11999 12360 D TrafficStats: tagSocket(244) with statsTag=0xffffffff, statsUid=-1
07-19 23:01:12.016 11999 12344 D TrafficStats: tagSocket(245) with statsTag=0xffffffff, statsUid=-1
07-19 23:01:18.973 11999 12008 I upgadata.up7723: This is sticky GC, maxfree is 33554432 minfree is 8388608
07-19 23:01:26.200 11999 12056 D ContentCatcher_injector: Interceptor : notifyActivityPause: com.upgadata.up7723@com.upgadata.up7723.main.activity.HomeActivity@67335419
07-19 23:01:26.200 11999 12056 D ContentCatcher_catcher: CatcherHolder : mCatcherList size: 0
07-19 23:01:26.204 11999 12074 W SQLiteLog: (28) double-quoted string literal: "
07-19 23:01:26.204 11999 12074 W SQLiteLog: (28) double-quoted string literal: "C2EDB5F739FFF341B23B9F072D0F8979"
07-19 23:01:26.213 11999 11999 D DecorView[]: getWindowModeFromSystem windowmode is 1
07-19 23:01:26.216 11999 12056 D ContentCatcher_injector: Interceptor : Init Interceptor for Activity com.upgadata.up7723.game.detail.DetailGameActivity@cec6c35
07-19 23:01:26.216 11999 12056 D ViewContentFactory: initViewContentFetcherClass
07-19 23:01:26.216 11999 12056 I ContentCatcher: ViewContentFetcher : ViewContentFetcher
07-19 23:01:26.216 11999 12056 D ViewContentFactory: createInterceptor took 0ms
07-19 23:01:26.216 11999 12056 D ContentCatcher_injector: Interceptor : notifyActivityCreate: com.upgadata.up7723@com.upgadata.up7723.game.detail.DetailGameActivity@216820789
07-19 23:01:26.216 11999 11999 D ScrollerOptimizationManager: registerConfigChangedListener
07-19 23:01:26.216 11999 12056 E ContentCatcherManager: failed to get ContentCatcherService.
07-19 23:01:26.216 11999 12056 E ContentCatcherManager: failed to get ContentCatcherService.
07-19 23:01:26.216 11999 12056 D ContentCatcher_injector: Interceptor : NOT interest in this page: com.upgadata.up7723@com.upgadata.up7723.game.detail.DetailGameActivity@216820789
07-19 23:01:26.216 11999 11999 D ScrollerOptimizationManager: registerConfigChangedListener
07-19 23:01:26.216 11999 12056 D ContentCatcher_catcher: CatcherHolder : mCatcherList size: 0
07-19 23:01:26.218 11999 11999 D ScrollerOptimizationManager: registerConfigChangedListener
07-19 23:01:26.218 11999 11999 D ScrollerOptimizationManager: registerConfigChangedListener
07-19 23:01:26.219 11999 11999 D ScrollerOptimizationManager: registerConfigChangedListener
07-19 23:01:26.243 11999 11999 D ScrollerOptimizationManager: registerConfigChangedListener
07-19 23:01:26.257 11999 12056 D ContentCatcher_injector: Interceptor : notifyActivityStart: com.upgadata.up7723@com.upgadata.up7723.game.detail.DetailGameActivity@216820789
07-19 23:01:26.257 11999 12056 D ContentCatcher_catcher: CatcherHolder : mCatcherList size: 0
07-19 23:01:26.258 11999 12056 D ContentCatcher_injector: Interceptor : notifyActivityResume: com.upgadata.up7723@com.upgadata.up7723.game.detail.DetailGameActivity@216820789
07-19 23:01:26.258 11999 12056 D ContentCatcher_catcher: CatcherHolder : mCatcherList size: 0
07-19 23:01:26.259 11999 11999 D EventBus: No subscribers registered for event class bzdevicesinfo.i90
07-19 23:01:26.259 11999 11999 D EventBus: No subscribers registered for event class org.greenrobot.eventbus.h
07-19 23:01:26.260 11999 12074 W SQLiteLog: (28) double-quoted string literal: "C2EDB5F739FFF341B23B9F072D0F8979"
07-19 23:01:26.260 11999 12074 W SQLiteLog: (28) double-quoted string literal: ""
07-19 23:01:26.261 11999 12074 W SQLiteLog: (28) double-quoted string literal: "C2EDB5F739FFF341B23B9F072D0F8979"
07-19 23:01:26.261 11999 12074 W SQLiteLog: (28) double-quoted string literal: "-1"
07-19 23:01:26.274 11999 12041 E OpenGLRenderer: Unable to match the desired swap behavior.
07-19 23:01:26.275 11999 11999 D VRI[DetailGameActivity]: vri.reportNextDraw android.view.ViewRootImpl.performTraversals:4279 android.view.ViewRootImpl.doTraversal:2919 android.view.ViewRootImpl$TraversalRunnable.run:10188 android.view.Choreographer$CallbackRecord.run:1623 android.view.Choreographer$CallbackRecord.run:1632
07-19 23:01:26.275 11999 11999 D VRI[DetailGameActivity]: vri.Setup new sync=wmsSync-VRI[DetailGameActivity]#16
07-19 23:01:26.276 11999 12041 D OpenGLRenderer: makeCurrent grContext:0x74fce8e560 reset mTextureAvailable
07-19 23:01:26.287 11999 11999 D VRI[DetailGameActivity]: vri.reportDrawFinished
07-19 23:01:26.310 11999 11999 D ScrollerOptimizationManager: registerConfigChangedListener
07-19 23:01:26.316 11999 12199 E upgadata.up7723: Invalid resource ID 0x00000000.
07-19 23:01:26.316 11999 12199 E upgadata.up7723: Invalid resource ID 0x00000000.
07-19 23:01:26.316 11999 12199 E upgadata.up7723: Invalid resource ID 0x00000000.
07-19 23:01:26.316 11999 12199 E upgadata.up7723: Invalid resource ID 0x00000000.
07-19 23:01:26.317 11999 12199 E upgadata.up7723: Invalid resource ID 0x00000000.
07-19 23:01:26.318 11999 12199 E upgadata.up7723: Invalid resource ID 0x00000000.
07-19 23:01:26.318 11999 12199 E upgadata.up7723: Invalid resource ID 0x00000000.
07-19 23:01:26.318 11999 12199 E upgadata.up7723: Invalid resource ID 0x00000000.
07-19 23:01:26.318 11999 12199 E upgadata.up7723: Invalid resource ID 0x00000000.
07-19 23:01:26.318 11999 12199 E upgadata.up7723: Invalid resource ID 0x00000000.
07-19 23:01:26.318 11999 12199 E upgadata.up7723: Invalid resource ID 0x00000000.
07-19 23:01:26.318 11999 12199 E upgadata.up7723: Invalid resource ID 0x00000000.
07-19 23:01:26.318 11999 12199 E upgadata.up7723: Invalid resource ID 0x00000000.
07-19 23:01:26.319 11999 12199 E upgadata.up7723: Invalid resource ID 0x00000000.
07-19 23:01:26.319 11999 12199 E upgadata.up7723: Invalid resource ID 0x00000000.
07-19 23:01:26.319 11999 12199 E upgadata.up7723: Invalid resource ID 0x00000000.
07-19 23:01:26.319 11999 12199 E upgadata.up7723: Invalid resource ID 0x00000000.
07-19 23:01:26.319 11999 12199 E upgadata.up7723: Invalid resource ID 0x00000000.
07-19 23:01:26.319 11999 12199 E upgadata.up7723: Invalid resource ID 0x00000000.
07-19 23:01:26.319 11999 12199 E upgadata.up7723: Invalid resource ID 0x00000000.
07-19 23:01:26.320 11999 12199 E upgadata.up7723: Invalid resource ID 0x00000000.
07-19 23:01:26.320 11999 12199 E upgadata.up7723: Invalid resource ID 0x00000000.
07-19 23:01:26.320 11999 12199 E upgadata.up7723: Invalid resource ID 0x00000000.
07-19 23:01:26.320 11999 12199 E upgadata.up7723: Invalid resource ID 0x00000000.
07-19 23:01:26.321 11999 12199 E upgadata.up7723: Invalid resource ID 0x00000000.
07-19 23:01:26.321 11999 12199 E upgadata.up7723: Invalid resource ID 0x00000000.
07-19 23:01:26.321 11999 12199 E upgadata.up7723: Invalid resource ID 0x00000000.
07-19 23:01:26.321 11999 12199 E upgadata.up7723: Invalid resource ID 0x00000000.
07-19 23:01:26.325 11999 11999 D ScrollerOptimizationManager: registerConfigChangedListener
07-19 23:01:26.325 11999 11999 D ScrollerOptimizationManager: registerConfigChangedListener
07-19 23:01:26.326 11999 11999 D ScrollerOptimizationManager: registerConfigChangedListener
07-19 23:01:26.328 11999 11999 D ScrollerOptimizationManager: registerConfigChangedListener
07-19 23:01:26.329 11999 11999 D ScrollerOptimizationManager: registerConfigChangedListener
07-19 23:01:26.329 11999 12344 D TrafficStats: tagSocket(102) with statsTag=0xffffffff, statsUid=-1
07-19 23:01:26.329 11999 12345 D TrafficStats: tagSocket(237) with statsTag=0xffffffff, statsUid=-1
07-19 23:01:26.330 11999 12338 D TrafficStats: tagSocket(269) with statsTag=0xffffffff, statsUid=-1
07-19 23:01:26.330 11999 12360 D TrafficStats: tagSocket(270) with statsTag=0xffffffff, statsUid=-1
07-19 23:01:26.331 11999 12202 D TrafficStats: tagSocket(271) with statsTag=0xffffffff, statsUid=-1
07-19 23:01:26.346 11999 11999 D ScrollerOptimizationManager: registerConfigChangedListener
07-19 23:01:26.348 11999 12358 D TrafficStats: tagSocket(236) with statsTag=0xffffffff, statsUid=-1
07-19 23:01:26.348 11999 12345 D TrafficStats: tagSocket(268) with statsTag=0xffffffff, statsUid=-1
07-19 23:01:26.354 11999 11999 W ziparchive: Unable to open '/data/app/~~6_rN6tWAt06cSTC4NW76yA==/com.google.android.trichromelibrary_647807133 -q4ncLvSzbENFdgajggvQ5w==/base.dm': No such file or directory
07-19 23:01:26.354 11999 11999 W ziparchive: Unable to open '/data/app/~~6_rN6tWAt06cSTC4NW76yA==/com.google.android.trichromelibrary_647807133 -q4ncLvSzbENFdgajggvQ5w==/base.dm': No such file or directory
07-19 23:01:26.354 11999 11999 W upgadata.up7723: Entry not found
07-19 23:01:26.355 11999 11999 D nativeloader: Configuring clns-9 for other apk /data/app/~~6_rN6tWAt06cSTC4NW76yA==/com.google.android.trichromelibrary_647807133- q4ncLvSzbENFdgajggvQ5w==/base.apk. target_sdk_version=34, uses_libraries=ALL, library_path=/data/app/~~inJSUFRRp3Qm1-yWh4kDFw==/com.google.android.webview- Ke4AqXA7G9HvB1Q4Ap9mow==/lib/arm64:/data/app/~~inJSUFRRp3Qm1-yWh4kDFw==/ com.google.android.webview-Ke4AqXA7G9HvB1Q4Ap9mow==/base.apk!/lib/arm64-v8a:/data/ app/~~6_rN6tWAt06cSTC4NW76yA==/com.google.android.trichromelibrary_647807133- q4ncLvSzbENFdgajggvQ5w==/base.apk!/lib/arm64-v8a, permitted_path=/data:/mnt/expand
07-19 23:01:26.355 11999 11999 D nativeloader: Extending system_exposed_libraries: libbinauralrenderer_wrapper.qti.so:libhoaeffects.qti.so:libQOC.qti.so:libmisys_jni. xiaomi.so:libupdateprof.qti.so:libthermalclient.qti.so:libQOC.qti.so:libdiag_system .qti.so:libqape.qti.so:libqesdk_ndk_platform.qti.so:liblistenjni.qti.so
07-19 23:01:26.357 11999 11999 D nativeloader: Configuring clns-10 for other apk /data/app/~~inJSUFRRp3Qm1-yWh4kDFw==/com.google.android.webview- Ke4AqXA7G9HvB1Q4Ap9mow==/base.apk. target_sdk_version=34, uses_libraries=, library_path=/data/app/~~inJSUFRRp3Qm1-yWh4kDFw==/com.google.android.webview- Ke4AqXA7G9HvB1Q4Ap9mow==/lib/arm64:/data/app/~~inJSUFRRp3Qm1-yWh4kDFw==/ com.google.android.webview-Ke4AqXA7G9HvB1Q4Ap9mow==/base.apk!/lib/arm64-v8a:/data/ app/~~6_rN6tWAt06cSTC4NW76yA==/com.google.android.trichromelibrary_647807133- q4ncLvSzbENFdgajggvQ5w==/base.apk!/lib/arm64-v8a, permitted_path=/data:/mnt/expand
07-19 23:01:26.359 11999 11999 I WebViewFactory: Loading com.google.android.webview version 126.0.6478.71 (code 647807133)
07-19 23:01:26.376 11999 11999 I cr_WVCFactoryProvider: version=126.0.6478.71 (647807133) minSdkVersion=29 isBundle=true multiprocess=true packageId=2
07-19 23:01:26.390 11999 11999 I cr_LibraryLoader: Successfully loaded native library
07-19 23:01:26.391 11999 11999 I cr_CachingUmaRecorder: Flushed 6 samples from 6 histograms, 0 samples were dropped.
07-19 23:01:26.393 11999 11999 I cr_CombinedPProvider: #registerProvider() provider:WV.a8@301d92d isPolicyCacheEnabled:false policyProvidersSize:0
07-19 23:01:26.394 11999 11999 I cr_PolicyProvider: #setManagerAndSource() 0
07-19 23:01:26.408 11999 12932 W cr_SpareChildConn: Failed to warm up the spare sandbox service
07-19 23:01:26.419 11999 11999 I cr_CombinedPProvider: #linkNativeInternal() 1
07-19 23:01:26.419 11999 11999 D CompatibilityChangeReporter: Compat change id reported: 183155436; UID 10307; state: DISABLED
07-19 23:01:26.420 11999 11999 I cr_AppResProvider: #getApplicationRestrictionsFromUserManager() Bundle[EMPTY_PARCEL]
07-19 23:01:26.420 11999 11999 I cr_PolicyProvider: #notifySettingsAvailable() 0
07-19 23:01:26.420 11999 11999 I cr_CombinedPProvider: #onSettingsAvailable() 0
07-19 23:01:26.420 11999 11999 I cr_CombinedPProvider: #flushPolicies()
07-19 23:01:26.477 11999 11999 D CompatibilityChangeReporter: Compat change id reported: 214741472; UID 10307; state: DISABLED
07-19 23:01:26.521 11999 11999 D CompatibilityChangeReporter: Compat change id reported: 193247900; UID 10307; state: DISABLED
07-19 23:01:26.619 11999 11999 I HandWritingStubImpl: refreshLastKeyboardType: 1
07-19 23:01:26.620 11999 11999 I HandWritingStubImpl: getCurrentKeyboardType: 1
07-19 23:01:26.633 11999 11999 I cr_A11yState: Enabled accessibility services list updated.
07-19 23:01:26.634 11999 11999 I cr_A11yState: Informing listeners of changes.
07-19 23:01:26.634 11999 11999 I cr_A11yState: New AccessibilityState: State{isScreenReaderEnabled=true, isTouchExplorationEnabled=false, isPerformGesturesEnabled=true, isAnyAccessibilityServiceEnabled=true, isAccessibilityToolPresent=true, isSpokenFeedbackServicePresent=true, isTextShowPasswordEnabled=true, isOnlyPasswordManagersEnabled=false}
07-19 23:01:26.648 11999 12063 D TrafficStats: tagSocket(351) with statsTag=0xffffffff, statsUid=-1
07-19 23:01:26.649 11999 12062 D TrafficStats: tagSocket(353) with statsTag=0xffffffff, statsUid=-1
07-19 23:01:26.650 11999 12063 I Pinger : Ping response: `ping ok`, pinged? true
07-19 23:01:26.652 11999 11999 W AudioManager: Use of stream types is deprecated for operations other than volume control
07-19 23:01:26.652 11999 11999 W AudioManager: See the documentation of requestAudioFocus() for what to use instead with android.media.AudioAttributes to qualify your playback use case
07-19 23:01:26.692 11999 12358 D TrafficStats: tagSocket(351) with statsTag=0xffffffff, statsUid=-1
07-19 23:01:26.717 11999 11999 W libc : Access denied finding property "vendor.display.enable_display_extensions"
