07-19 23:01:32.942 11999 11999 W PackageManager: at android.view.Choreographer.doCallbacks(Choreographer.java:1172)
07-19 23:01:32.942 11999 11999 W PackageManager: at android.view.Choreographer.doFrame(Choreographer.java:1076)
07-19 23:01:32.942 11999 11999 W PackageManager: at android.view.Choreographer$FrameDisplayEventReceiver.run(Choreographer.java:1602)
07-19 23:01:32.942 11999 11999 W PackageManager: at android.os.Handler.handleCallback(Handler.java:958)
07-19 23:01:32.942 11999 11999 W PackageManager: at android.os.Handler.dispatchMessage(Handler.java:99)
07-19 23:01:32.942 11999 11999 W PackageManager: at android.os.Looper.loopOnce(Looper.java:224)
07-19 23:01:32.942 11999 11999 W PackageManager: at android.os.Looper.loop(Looper.java:318)
07-19 23:01:32.942 11999 11999 W PackageManager: at android.app.ActivityThread.main(ActivityThread.java:8653)
07-19 23:01:32.942 11999 11999 W PackageManager: at java.lang.reflect.Method.invoke(Native Method)
07-19 23:01:32.942 11999 11999 W PackageManager: at com.android.internal.os.RuntimeInit$MethodAndArgsCaller.run(RuntimeInit.java:561)
07-19 23:01:32.942 11999 11999 W PackageManager: at com.android.internal.os.ZygoteInit.main(ZygoteInit.java:1013)
07-19 23:01:32.961 11999 11999 W ziparchive: Unable to open '/data/user/0/com.upgadata.up7723/bzBox/data/app/com.dvloper.granny.clone/ base.apk': No such file or directory
07-19 23:01:32.961 11999 11999 E upgadata.up7723: Failed to open APK '/data/user/0/com.upgadata.up7723/bzBox/data/app/com.dvloper.granny.clone/ base.apk': I/O error
07-19 23:01:32.961 11999 11999 W PackageManager: Failure to parse package archive
07-19 23:01:32.961 11999 11999 W PackageManager: android.content.pm.PackageParser$PackageParserException: Failed to parse /data/user/0/com.upgadata.up7723/bzBox/data/app/com.dvloper.granny.clone/base.apk
07-19 23:01:32.961 11999 11999 W PackageManager: at android.content.pm.PackageParser.parseApkLiteInner(PackageParser.java:1506)
07-19 23:01:32.961 11999 11999 W PackageManager: at android.content.pm.PackageParser.parseApkLite(PackageParser.java:1477)
07-19 23:01:32.961 11999 11999 W PackageManager: at android.content.pm.PackageParser.parseMonolithicPackageLite(PackageParser.java:980)
07-19 23:01:32.961 11999 11999 W PackageManager: at android.content.pm.PackageParser.parseMonolithicPackage(PackageParser.java:1189)
07-19 23:01:32.961 11999 11999 W PackageManager: at android.content.pm.PackageParser.parsePackage(PackageParser.java:1103)
07-19 23:01:32.961 11999 11999 W PackageManager: at android.content.pm.PackageManager.getPackageArchiveInfo(PackageManager.java:8376)
07-19 23:01:32.961 11999 11999 W PackageManager: at android.content.pm.PackageManager.getPackageArchiveInfo(PackageManager.java:8353)
07-19 23:01:32.961 11999 11999 W PackageManager: at com.upgadata.up7723.install.ApkInstallUtils.z(ApkInstallUtils.kt:13)
07-19 23:01:32.961 11999 11999 W PackageManager: at com.upgadata.up7723.install.ApkInstallUtils$isBlackBoxGameInstalled$3.invoke(ApkIns tallUtils.kt:3)
07-19 23:01:32.961 11999 11999 W PackageManager: at com.upgadata.up7723.install.ApkInstallUtils$isBlackBoxGameInstalled$3.invoke(ApkIns tallUtils.kt:1)
07-19 23:01:32.961 11999 11999 W PackageManager: at com.upgadata.up7723.install.o.c(CommonUtils.kt:14)
07-19 23:01:32.961 11999 11999 W PackageManager: at com.upgadata.up7723.install.ApkInstallUtils.v(ApkInstallUtils.kt:5)
07-19 23:01:32.961 11999 11999 W PackageManager: at com.upgadata.up7723.widget.view.DownLoadView.setDownloadState(DownLoadView.java:104 )
07-19 23:01:32.961 11999 11999 W PackageManager: at com.upgadata.up7723.widget.view.DownLoadView.R(DownLoadView.java:10)
07-19 23:01:32.961 11999 11999 W PackageManager: at com.upgadata.up7723.widget.view.DownLoadView.p0(DownLoadView.java:18)
07-19 23:01:32.961 11999 11999 W PackageManager: at com.upgadata.up7723.widget.view.DownLoadView.setData(DownLoadView.java:129)
07-19 23:01:32.961 11999 11999 W PackageManager: at com.upgadata.up7723.widget.x0.f(GameItemRankView.java:54)
07-19 23:01:32.961 11999 11999 W PackageManager: at com.upgadata.up7723.widget.x0.b(GameItemRankView.java:3)
07-19 23:01:32.961 11999 11999 W PackageManager: at com.upgadata.up7723.base.c.getView(BaseHolderAdapter.java:6)
07-19 23:01:32.961 11999 11999 W PackageManager: at android.widget.HeaderViewListAdapter.getView(HeaderViewListAdapter.java:224)
07-19 23:01:32.961 11999 11999 W PackageManager: at android.widget.AbsListView.obtainView(AbsListView.java:2516)
07-19 23:01:32.961 11999 11999 W PackageManager: at android.widget.ListView.makeAndAddView(ListView.java:2065)
07-19 23:01:32.961 11999 11999 W PackageManager: at android.widget.ListView.fillDown(ListView.java:791)
07-19 23:01:32.961 11999 11999 W PackageManager: at android.widget.ListView.fillFromTop(ListView.java:853)
07-19 23:01:32.961 11999 11999 W PackageManager: at android.widget.ListView.layoutChildren(ListView.java:1808)
07-19 23:01:32.961 11999 11999 W PackageManager: at android.widget.AbsListView.onLayout(AbsListView.java:2299)
07-19 23:01:32.961 11999 11999 W PackageManager: at android.view.View.layout(View.java:25227)
07-19 23:01:32.961 11999 11999 W PackageManager: at android.view.ViewGroup.layout(ViewGroup.java:6515)
07-19 23:01:32.961 11999 11999 W PackageManager: at android.widget.RelativeLayout.onLayout(RelativeLayout.java:1103)
07-19 23:01:32.961 11999 11999 W PackageManager: at android.view.View.layout(View.java:25227)
07-19 23:01:32.961 11999 11999 W PackageManager: at android.view.ViewGroup.layout(ViewGroup.java:6515)
07-19 23:01:32.961 11999 11999 W PackageManager: at androidx.viewpager.widget.ViewPager.onLayout(ViewPager.java:35)
07-19 23:01:32.961 11999 11999 W PackageManager: at android.view.View.layout(View.java:25227)
07-19 23:01:32.961 11999 11999 W PackageManager: at android.view.ViewGroup.layout(ViewGroup.java:6515)
07-19 23:01:32.961 11999 11999 W PackageManager: at android.widget.RelativeLayout.onLayout(RelativeLayout.java:1103)
07-19 23:01:32.961 11999 11999 W PackageManager: at android.view.View.layout(View.java:25227)
07-19 23:01:32.961 11999 11999 W PackageManager: at android.view.ViewGroup.layout(ViewGroup.java:6515)
07-19 23:01:32.961 11999 11999 W PackageManager: at android.widget.FrameLayout.layoutChildren(FrameLayout.java:332)
07-19 23:01:32.961 11999 11999 W PackageManager: at android.widget.FrameLayout.onLayout(FrameLayout.java:270)
07-19 23:01:32.961 11999 11999 W PackageManager: at android.view.View.layout(View.java:25227)
07-19 23:01:32.961 11999 11999 W PackageManager: at android.view.ViewGroup.layout(ViewGroup.java:6515)
07-19 23:01:32.961 11999 11999 W PackageManager: at android.widget.RelativeLayout.onLayout(RelativeLayout.java:1103)
07-19 23:01:32.961 11999 11999 W PackageManager: at android.view.View.layout(View.java:25227)
07-19 23:01:32.961 11999 11999 W PackageManager: at android.view.ViewGroup.layout(ViewGroup.java:6515)
07-19 23:01:32.961 11999 11999 W PackageManager: at android.widget.FrameLayout.layoutChildren(FrameLayout.java:332)
07-19 23:01:32.961 11999 11999 W PackageManager: at android.widget.FrameLayout.onLayout(FrameLayout.java:270)
07-19 23:01:32.961 11999 11999 W PackageManager: at android.view.View.layout(View.java:25227)
07-19 23:01:32.961 11999 11999 W PackageManager: at android.view.ViewGroup.layout(ViewGroup.java:6515)
07-19 23:01:32.961 11999 11999 W PackageManager: at android.widget.LinearLayout.setChildFrame(LinearLayout.java:1891)
07-19 23:01:32.961 11999 11999 W PackageManager: at android.widget.LinearLayout.layoutVertical(LinearLayout.java:1729)
07-19 23:01:32.961 11999 11999 W PackageManager: at android.widget.LinearLayout.onLayout(LinearLayout.java:1638)
07-19 23:01:32.961 11999 11999 W PackageManager: at android.view.View.layout(View.java:25227)
07-19 23:01:32.961 11999 11999 W PackageManager: at android.view.ViewGroup.layout(ViewGroup.java:6515)
07-19 23:01:32.961 11999 11999 W PackageManager: at android.widget.FrameLayout.layoutChildren(FrameLayout.java:332)
07-19 23:01:32.961 11999 11999 W PackageManager: at android.widget.FrameLayout.onLayout(FrameLayout.java:270)
07-19 23:01:32.961 11999 11999 W PackageManager: at android.view.View.layout(View.java:25227)
07-19 23:01:32.961 11999 11999 W PackageManager: at android.view.ViewGroup.layout(ViewGroup.java:6515)
07-19 23:01:32.961 11999 11999 W PackageManager: at android.widget.LinearLayout.setChildFrame(LinearLayout.java:1891)
07-19 23:01:32.962 11999 11999 W PackageManager: at android.widget.LinearLayout.layoutVertical(LinearLayout.java:1729)
07-19 23:01:32.962 11999 11999 W PackageManager: at android.widget.LinearLayout.onLayout(LinearLayout.java:1638)
07-19 23:01:32.962 11999 11999 W PackageManager: at android.view.View.layout(View.java:25227)
07-19 23:01:32.962 11999 11999 W PackageManager: at android.view.ViewGroup.layout(ViewGroup.java:6515)
07-19 23:01:32.962 11999 11999 W PackageManager: at me.imid.swipebacklayout.lib.SwipeBackLayout.onLayout(SwipeBackLayout.java:6)
07-19 23:01:32.962 11999 11999 W PackageManager: at android.view.View.layout(View.java:25227)
07-19 23:01:32.962 11999 11999 W PackageManager: at android.view.ViewGroup.layout(ViewGroup.java:6515)
07-19 23:01:32.962 11999 11999 W PackageManager: at android.widget.FrameLayout.layoutChildren(FrameLayout.java:332)
07-19 23:01:32.962 11999 11999 W PackageManager: at android.widget.FrameLayout.onLayout(FrameLayout.java:270)
07-19 23:01:32.962 11999 11999 W PackageManager: at com.android.internal.policy.DecorView.onLayout(DecorView.java:852)
07-19 23:01:32.962 11999 11999 W PackageManager: at android.view.View.layout(View.java:25227)
07-19 23:01:32.962 11999 11999 W PackageManager: at android.view.ViewGroup.layout(ViewGroup.java:6515)
07-19 23:01:32.962 11999 11999 W PackageManager: at android.view.ViewRootImpl.performLayout(ViewRootImpl.java:4780)
07-19 23:01:32.962 11999 11999 W PackageManager: at android.view.ViewRootImpl.performTraversals(ViewRootImpl.java:4089)
07-19 23:01:32.962 11999 11999 W PackageManager: at android.view.ViewRootImpl.doTraversal(ViewRootImpl.java:2919)
07-19 23:01:32.962 11999 11999 W PackageManager: at android.view.ViewRootImpl$TraversalRunnable.run(ViewRootImpl.java:10188)
07-19 23:01:32.962 11999 11999 W PackageManager: at android.view.Choreographer$CallbackRecord.run(Choreographer.java:1623)
07-19 23:01:32.962 11999 11999 W PackageManager: at android.view.Choreographer$CallbackRecord.run(Choreographer.java:1632)
07-19 23:01:32.962 11999 11999 W PackageManager: at android.view.Choreographer.doCallbacks(Choreographer.java:1172)
07-19 23:01:32.962 11999 11999 W PackageManager: at android.view.Choreographer.doFrame(Choreographer.java:1076)
07-19 23:01:32.962 11999 11999 W PackageManager: at android.view.Choreographer$FrameDisplayEventReceiver.run(Choreographer.java:1602)
07-19 23:01:32.962 11999 11999 W PackageManager: at android.os.Handler.handleCallback(Handler.java:958)
07-19 23:01:32.962 11999 11999 W PackageManager: at android.os.Handler.dispatchMessage(Handler.java:99)
07-19 23:01:32.962 11999 11999 W PackageManager: at android.os.Looper.loopOnce(Looper.java:224)
07-19 23:01:32.962 11999 11999 W PackageManager: at android.os.Looper.loop(Looper.java:318)
07-19 23:01:32.962 11999 11999 W PackageManager: at android.app.ActivityThread.main(ActivityThread.java:8653)
07-19 23:01:32.962 11999 11999 W PackageManager: at java.lang.reflect.Method.invoke(Native Method)
07-19 23:01:32.962 11999 11999 W PackageManager: at com.android.internal.os.RuntimeInit$MethodAndArgsCaller.run(RuntimeInit.java:561)
07-19 23:01:32.962 11999 11999 W PackageManager: at com.android.internal.os.ZygoteInit.main(ZygoteInit.java:1013)
07-19 23:01:32.967 11999 11999 W ziparchive: Unable to open '/data/user/0/com.upgadata.up7723/bzBox/data/app/com.maxgames.stickwar3/base.apk': No such file or directory
07-19 23:01:32.967 11999 11999 E upgadata.up7723: Failed to open APK '/data/user/0/com.upgadata.up7723/bzBox/data/app/com.maxgames.stickwar3/base.apk': I/O error
07-19 23:01:32.967 11999 11999 W PackageManager: Failure to parse package archive
07-19 23:01:32.967 11999 11999 W PackageManager: android.content.pm.PackageParser$PackageParserException: Failed to parse /data/user/0/com.upgadata.up7723/bzBox/data/app/com.maxgames.stickwar3/base.apk
07-19 23:01:32.967 11999 11999 W PackageManager: at android.content.pm.PackageParser.parseApkLiteInner(PackageParser.java:1506)
07-19 23:01:32.967 11999 11999 W PackageManager: at android.content.pm.PackageParser.parseApkLite(PackageParser.java:1477)
07-19 23:01:32.967 11999 11999 W PackageManager: at android.content.pm.PackageParser.parseMonolithicPackageLite(PackageParser.java:980)
07-19 23:01:32.967 11999 11999 W PackageManager: at android.content.pm.PackageParser.parseMonolithicPackage(PackageParser.java:1189)
07-19 23:01:32.967 11999 11999 W PackageManager: at android.content.pm.PackageParser.parsePackage(PackageParser.java:1103)
07-19 23:01:32.967 11999 11999 W PackageManager: at android.content.pm.PackageManager.getPackageArchiveInfo(PackageManager.java:8376)
07-19 23:01:32.967 11999 11999 W PackageManager: at android.content.pm.PackageManager.getPackageArchiveInfo(PackageManager.java:8353)
07-19 23:01:32.967 11999 11999 W PackageManager: at com.upgadata.up7723.install.ApkInstallUtils.z(ApkInstallUtils.kt:13)
07-19 23:01:32.967 11999 11999 W PackageManager: at com.upgadata.up7723.install.ApkInstallUtils$isBlackBoxGameInstalled$3.invoke(ApkIns tallUtils.kt:3)
07-19 23:01:32.967 11999 11999 W PackageManager: at com.upgadata.up7723.install.ApkInstallUtils$isBlackBoxGameInstalled$3.invoke(ApkIns tallUtils.kt:1)
07-19 23:01:32.967 11999 11999 W PackageManager: at com.upgadata.up7723.install.o.c(CommonUtils.kt:14)
07-19 23:01:32.967 11999 11999 W PackageManager: at com.upgadata.up7723.install.ApkInstallUtils.v(ApkInstallUtils.kt:5)
07-19 23:01:32.967 11999 11999 W PackageManager: at com.upgadata.up7723.widget.view.DownLoadView.setDownloadState(DownLoadView.java:104 )
07-19 23:01:32.967 11999 11999 W PackageManager: at com.upgadata.up7723.widget.view.DownLoadView.R(DownLoadView.java:10)
07-19 23:01:32.967 11999 11999 W PackageManager: at com.upgadata.up7723.widget.view.DownLoadView.p0(DownLoadView.java:18)
07-19 23:01:32.967 11999 11999 W PackageManager: at com.upgadata.up7723.widget.view.DownLoadView.setData(DownLoadView.java:129)
07-19 23:01:32.967 11999 11999 W PackageManager: at com.upgadata.up7723.widget.x0.f(GameItemRankView.java:54)
07-19 23:01:32.967 11999 11999 W PackageManager: at com.upgadata.up7723.widget.x0.b(GameItemRankView.java:3)
07-19 23:01:32.967 11999 11999 W PackageManager: at com.upgadata.up7723.base.c.getView(BaseHolderAdapter.java:6)
07-19 23:01:32.967 11999 11999 W PackageManager: at android.widget.HeaderViewListAdapter.getView(HeaderViewListAdapter.java:224)
07-19 23:01:32.967 11999 11999 W PackageManager: at android.widget.AbsListView.obtainView(AbsListView.java:2516)
07-19 23:01:32.967 11999 11999 W PackageManager: at android.widget.ListView.makeAndAddView(ListView.java:2065)
07-19 23:01:32.967 11999 11999 W PackageManager: at android.widget.ListView.fillDown(ListView.java:791)
07-19 23:01:32.967 11999 11999 W PackageManager: at android.widget.ListView.fillFromTop(ListView.java:853)
07-19 23:01:32.967 11999 11999 W PackageManager: at android.widget.ListView.layoutChildren(ListView.java:1808)
07-19 23:01:32.967 11999 11999 W PackageManager: at android.widget.AbsListView.onLayout(AbsListView.java:2299)
07-19 23:01:32.967 11999 11999 W PackageManager: at android.view.View.layout(View.java:25227)
07-19 23:01:32.967 11999 11999 W PackageManager: at android.view.ViewGroup.layout(ViewGroup.java:6515)
07-19 23:01:32.967 11999 11999 W PackageManager: at android.widget.RelativeLayout.onLayout(RelativeLayout.java:1103)
07-19 23:01:32.967 11999 11999 W PackageManager: at android.view.View.layout(View.java:25227)
07-19 23:01:32.967 11999 11999 W PackageManager: at android.view.ViewGroup.layout(ViewGroup.java:6515)
07-19 23:01:32.967 11999 11999 W PackageManager: at androidx.viewpager.widget.ViewPager.onLayout(ViewPager.java:35)
07-19 23:01:32.967 11999 11999 W PackageManager: at android.view.View.layout(View.java:25227)
07-19 23:01:32.967 11999 11999 W PackageManager: at android.view.ViewGroup.layout(ViewGroup.java:6515)
07-19 23:01:32.967 11999 11999 W PackageManager: at android.widget.RelativeLayout.onLayout(RelativeLayout.java:1103)
07-19 23:01:32.967 11999 11999 W PackageManager: at android.view.View.layout(View.java:25227)
07-19 23:01:32.967 11999 11999 W PackageManager: at android.view.ViewGroup.layout(ViewGroup.java:6515)
07-19 23:01:32.967 11999 11999 W PackageManager: at android.widget.FrameLayout.layoutChildren(FrameLayout.java:332)
07-19 23:01:32.967 11999 11999 W PackageManager: at android.widget.FrameLayout.onLayout(FrameLayout.java:270)
07-19 23:01:32.967 11999 11999 W PackageManager: at android.view.View.layout(View.java:25227)
07-19 23:01:32.967 11999 11999 W PackageManager: at android.view.ViewGroup.layout(ViewGroup.java:6515)
07-19 23:01:32.967 11999 11999 W PackageManager: at android.widget.RelativeLayout.onLayout(RelativeLayout.java:1103)
07-19 23:01:32.967 11999 11999 W PackageManager: at android.view.View.layout(View.java:25227)
07-19 23:01:32.967 11999 11999 W PackageManager: at android.view.ViewGroup.layout(ViewGroup.java:6515)
07-19 23:01:32.967 11999 11999 W PackageManager: at android.widget.FrameLayout.layoutChildren(FrameLayout.java:332)
07-19 23:01:32.967 11999 11999 W PackageManager: at android.widget.FrameLayout.onLayout(FrameLayout.java:270)
07-19 23:01:32.967 11999 11999 W PackageManager: at android.view.View.layout(View.java:25227)
07-19 23:01:32.967 11999 11999 W PackageManager: at android.view.ViewGroup.layout(ViewGroup.java:6515)
07-19 23:01:32.967 11999 11999 W PackageManager: at android.widget.LinearLayout.setChildFrame(LinearLayout.java:1891)
07-19 23:01:32.967 11999 11999 W PackageManager: at android.widget.LinearLayout.layoutVertical(LinearLayout.java:1729)
07-19 23:01:32.967 11999 11999 W PackageManager: at android.widget.LinearLayout.onLayout(LinearLayout.java:1638)
07-19 23:01:32.967 11999 11999 W PackageManager: at android.view.View.layout(View.java:25227)
07-19 23:01:32.967 11999 11999 W PackageManager: at android.view.ViewGroup.layout(ViewGroup.java:6515)
07-19 23:01:32.967 11999 11999 W PackageManager: at android.widget.FrameLayout.layoutChildren(FrameLayout.java:332)
07-19 23:01:32.967 11999 11999 W PackageManager: at android.widget.FrameLayout.onLayout(FrameLayout.java:270)
07-19 23:01:32.967 11999 11999 W PackageManager: at android.view.View.layout(View.java:25227)
07-19 23:01:32.967 11999 11999 W PackageManager: at android.view.ViewGroup.layout(ViewGroup.java:6515)
07-19 23:01:32.967 11999 11999 W PackageManager: at android.widget.LinearLayout.setChildFrame(LinearLayout.java:1891)
07-19 23:01:32.968 11999 11999 W PackageManager: at android.widget.LinearLayout.layoutVertical(LinearLayout.java:1729)
07-19 23:01:32.968 11999 11999 W PackageManager: at android.widget.LinearLayout.onLayout(LinearLayout.java:1638)
07-19 23:01:32.968 11999 11999 W PackageManager: at android.view.View.layout(View.java:25227)
07-19 23:01:32.968 11999 11999 W PackageManager: at android.view.ViewGroup.layout(ViewGroup.java:6515)
07-19 23:01:32.968 11999 11999 W PackageManager: at me.imid.swipebacklayout.lib.SwipeBackLayout.onLayout(SwipeBackLayout.java:6)
07-19 23:01:32.968 11999 11999 W PackageManager: at android.view.View.layout(View.java:25227)
07-19 23:01:32.968 11999 11999 W PackageManager: at android.view.ViewGroup.layout(ViewGroup.java:6515)
07-19 23:01:32.968 11999 11999 W PackageManager: at android.widget.FrameLayout.layoutChildren(FrameLayout.java:332)
07-19 23:01:32.968 11999 11999 W PackageManager: at android.widget.FrameLayout.onLayout(FrameLayout.java:270)
07-19 23:01:32.968 11999 11999 W PackageManager: at com.android.internal.policy.DecorView.onLayout(DecorView.java:852)
07-19 23:01:32.968 11999 11999 W PackageManager: at android.view.View.layout(View.java:25227)
07-19 23:01:32.968 11999 11999 W PackageManager: at android.view.ViewGroup.layout(ViewGroup.java:6515)
07-19 23:01:32.968 11999 11999 W PackageManager: at android.view.ViewRootImpl.performLayout(ViewRootImpl.java:4780)
07-19 23:01:32.968 11999 11999 W PackageManager: at android.view.ViewRootImpl.performTraversals(ViewRootImpl.java:4089)
07-19 23:01:32.968 11999 11999 W PackageManager: at android.view.ViewRootImpl.doTraversal(ViewRootImpl.java:2919)
07-19 23:01:32.968 11999 11999 W PackageManager: at android.view.ViewRootImpl$TraversalRunnable.run(ViewRootImpl.java:10188)
07-19 23:01:32.968 11999 11999 W PackageManager: at android.view.Choreographer$CallbackRecord.run(Choreographer.java:1623)
07-19 23:01:32.968 11999 11999 W PackageManager: at android.view.Choreographer$CallbackRecord.run(Choreographer.java:1632)
07-19 23:01:32.968 11999 11999 W PackageManager: at android.view.Choreographer.doCallbacks(Choreographer.java:1172)
07-19 23:01:32.968 11999 11999 W PackageManager: at android.view.Choreographer.doFrame(Choreographer.java:1076)
07-19 23:01:32.968 11999 11999 W PackageManager: at android.view.Choreographer$FrameDisplayEventReceiver.run(Choreographer.java:1602)
07-19 23:01:32.968 11999 11999 W PackageManager: at android.os.Handler.handleCallback(Handler.java:958)
07-19 23:01:32.968 11999 11999 W PackageManager: at android.os.Handler.dispatchMessage(Handler.java:99)
07-19 23:01:32.968 11999 11999 W PackageManager: at android.os.Looper.loopOnce(Looper.java:224)
07-19 23:01:32.968 11999 11999 W PackageManager: at android.os.Looper.loop(Looper.java:318)
07-19 23:01:32.968 11999 11999 W PackageManager: at android.app.ActivityThread.main(ActivityThread.java:8653)
07-19 23:01:32.968 11999 11999 W PackageManager: at java.lang.reflect.Method.invoke(Native Method)
07-19 23:01:32.968 11999 11999 W PackageManager: at com.android.internal.os.RuntimeInit$MethodAndArgsCaller.run(RuntimeInit.java:561)
07-19 23:01:32.968 11999 11999 W PackageManager: at com.android.internal.os.ZygoteInit.main(ZygoteInit.java:1013)
07-19 23:01:37.450 11999 11999 D ScrollerOptimizationManager: registerConfigChangedListener
07-19 23:01:37.450 11999 11999 D SplineOverScroller: mFlingDuration: 1789,mFlingDistance: 1067.9068603515625,mVelocity: 2346
07-19 23:01:37.627 11999 11999 W ziparchive: Unable to open '/data/user/0/com.upgadata.up7723/bzBox/data/app/com.studiowildcard.wardrumstudios. ark/base.apk': No such file or directory
07-19 23:01:37.627 11999 11999 E upgadata.up7723: Failed to open APK '/data/user/0/com.upgadata.up7723/bzBox/data/app/com.studiowildcard.wardrumstudios. ark/base.apk': I/O error
07-19 23:01:37.628 11999 11999 W PackageManager: Failure to parse package archive
07-19 23:01:37.628 11999 11999 W PackageManager: android.content.pm.PackageParser$PackageParserException: Failed to parse /data/user/0/com.upgadata.up7723/bzBox/data/app/com.studiowildcard.wardrumstudios.a rk/base.apk
07-19 23:01:37.628 11999 11999 W PackageManager: at android.content.pm.PackageParser.parseApkLiteInner(PackageParser.java:1506)
07-19 23:01:37.628 11999 11999 W PackageManager: at android.content.pm.PackageParser.parseApkLite(PackageParser.java:1477)
07-19 23:01:37.628 11999 11999 W PackageManager: at android.content.pm.PackageParser.parseMonolithicPackageLite(PackageParser.java:980)
07-19 23:01:37.628 11999 11999 W PackageManager: at android.content.pm.PackageParser.parseMonolithicPackage(PackageParser.java:1189)
07-19 23:01:37.628 11999 11999 W PackageManager: at android.content.pm.PackageParser.parsePackage(PackageParser.java:1103)
07-19 23:01:37.628 11999 11999 W PackageManager: at android.content.pm.PackageManager.getPackageArchiveInfo(PackageManager.java:8376)
07-19 23:01:37.628 11999 11999 W PackageManager: at android.content.pm.PackageManager.getPackageArchiveInfo(PackageManager.java:8353)
07-19 23:01:37.628 11999 11999 W PackageManager: at com.upgadata.up7723.install.ApkInstallUtils.z(ApkInstallUtils.kt:13)
07-19 23:01:37.628 11999 11999 W PackageManager: at com.upgadata.up7723.install.ApkInstallUtils$isBlackBoxGameInstalled$3.invoke(ApkIns tallUtils.kt:3)
07-19 23:01:37.628 11999 11999 W PackageManager: at com.upgadata.up7723.install.ApkInstallUtils$isBlackBoxGameInstalled$3.invoke(ApkIns tallUtils.kt:1)
07-19 23:01:37.628 11999 11999 W PackageManager: at com.upgadata.up7723.install.o.c(CommonUtils.kt:14)
07-19 23:01:37.628 11999 11999 W PackageManager: at com.upgadata.up7723.install.ApkInstallUtils.v(ApkInstallUtils.kt:5)
07-19 23:01:37.628 11999 11999 W PackageManager: at com.upgadata.up7723.widget.view.DownLoadView.setDownloadState(DownLoadView.java:104 )
07-19 23:01:37.628 11999 11999 W PackageManager: at com.upgadata.up7723.widget.view.DownLoadView.R(DownLoadView.java:10)
07-19 23:01:37.628 11999 11999 W PackageManager: at com.upgadata.up7723.widget.view.DownLoadView.p0(DownLoadView.java:18)
07-19 23:01:37.628 11999 11999 W PackageManager: at com.upgadata.up7723.widget.view.DownLoadView.setData(DownLoadView.java:129)
07-19 23:01:37.628 11999 11999 W PackageManager: at com.upgadata.up7723.widget.x0.f(GameItemRankView.java:54)
07-19 23:01:37.628 11999 11999 W PackageManager: at com.upgadata.up7723.widget.x0.b(GameItemRankView.java:3)
07-19 23:01:37.628 11999 11999 W PackageManager: at com.upgadata.up7723.base.c.getView(BaseHolderAdapter.java:6)
07-19 23:01:37.628 11999 11999 W PackageManager: at android.widget.HeaderViewListAdapter.getView(HeaderViewListAdapter.java:224)
07-19 23:01:37.628 11999 11999 W PackageManager: at android.widget.AbsListView.obtainView(AbsListView.java:2516)
07-19 23:01:37.628 11999 11999 W PackageManager: at android.widget.ListView.makeAndAddView(ListView.java:2065)
07-19 23:01:37.628 11999 11999 W PackageManager: at android.widget.ListView.fillDown(ListView.java:791)
07-19 23:01:37.628 11999 11999 W PackageManager: at android.widget.ListView.fillGap(ListView.java:754)
07-19 23:01:37.628 11999 11999 W PackageManager: at android.widget.AbsListView.trackMotionScroll(AbsListView.java:5693)
07-19 23:01:37.628 11999 11999 W PackageManager: at android.widget.ListView.trackMotionScroll(ListView.java:1982)
07-19 23:01:37.628 11999 11999 W PackageManager: at android.widget.AbsListView$FlingRunnable.run(AbsListView.java:5218)
07-19 23:01:37.628 11999 11999 W PackageManager: at android.view.Choreographer$CallbackRecord.run(Choreographer.java:1623)
07-19 23:01:37.628 11999 11999 W PackageManager: at android.view.Choreographer$CallbackRecord.run(Choreographer.java:1632)
07-19 23:01:37.628 11999 11999 W PackageManager: at android.view.Choreographer.doCallbacks(Choreographer.java:1172)
07-19 23:01:37.628 11999 11999 W PackageManager: at android.view.Choreographer.doFrame(Choreographer.java:1072)
07-19 23:01:37.628 11999 11999 W PackageManager: at android.view.Choreographer$FrameDisplayEventReceiver.run(Choreographer.java:1602)
07-19 23:01:37.628 11999 11999 W PackageManager: at android.os.Handler.handleCallback(Handler.java:958)
07-19 23:01:37.628 11999 11999 W PackageManager: at android.os.Handler.dispatchMessage(Handler.java:99)
07-19 23:01:37.628 11999 11999 W PackageManager: at android.os.Looper.loopOnce(Looper.java:224)
07-19 23:01:37.628 11999 11999 W PackageManager: at android.os.Looper.loop(Looper.java:318)
07-19 23:01:37.628 11999 11999 W PackageManager: at android.app.ActivityThread.main(ActivityThread.java:8653)
07-19 23:01:37.628 11999 11999 W PackageManager: at java.lang.reflect.Method.invoke(Native Method)
07-19 23:01:37.628 11999 11999 W PackageManager: at com.android.internal.os.RuntimeInit$MethodAndArgsCaller.run(RuntimeInit.java:561)
07-19 23:01:37.628 11999 11999 W PackageManager: at com.android.internal.os.ZygoteInit.main(ZygoteInit.java:1013)
07-19 23:01:38.499 11999 12056 D ContentCatcher_injector: Interceptor : notifyActivityPause: com.upgadata.up7723@com.upgadata.up7723.main.activity.HomeActivity@67335419
07-19 23:01:38.499 11999 12056 D ContentCatcher_catcher: CatcherHolder : mCatcherList size: 0
07-19 23:01:38.502 11999 12074 W SQLiteLog: (28) double-quoted string literal: "
07-19 23:01:38.502 11999 12074 W SQLiteLog: (28) double-quoted string literal: "C2EDB5F739FFF341B23B9F072D0F8979"
07-19 23:01:38.508 11999 11999 D DecorView[]: getWindowModeFromSystem windowmode is 1
07-19 23:01:38.509 11999 12056 D ContentCatcher_injector: Interceptor : Init Interceptor for Activity com.upgadata.up7723.game.detail.DetailGameActivity@545fba4
07-19 23:01:38.509 11999 12056 D ViewContentFactory: initViewContentFetcherClass
07-19 23:01:38.509 11999 12056 I ContentCatcher: ViewContentFetcher : ViewContentFetcher
07-19 23:01:38.509 11999 12056 D ViewContentFactory: createInterceptor took 0ms
07-19 23:01:38.509 11999 12056 D ContentCatcher_injector: Interceptor : notifyActivityCreate: com.upgadata.up7723@com.upgadata.up7723.game.detail.DetailGameActivity@88472484
07-19 23:01:38.510 11999 11999 D ScrollerOptimizationManager: registerConfigChangedListener
07-19 23:01:38.510 11999 12056 E ContentCatcherManager: failed to get ContentCatcherService.
07-19 23:01:38.510 11999 12056 E ContentCatcherManager: failed to get ContentCatcherService.
07-19 23:01:38.510 11999 12056 D ContentCatcher_injector: Interceptor : NOT interest in this page: com.upgadata.up7723@com.upgadata.up7723.game.detail.DetailGameActivity@88472484
07-19 23:01:38.510 11999 12056 D ContentCatcher_catcher: CatcherHolder : mCatcherList size: 0
07-19 23:01:38.510 11999 11999 D ScrollerOptimizationManager: registerConfigChangedListener
07-19 23:01:38.512 11999 11999 D ScrollerOptimizationManager: registerConfigChangedListener
07-19 23:01:38.517 11999 11999 D ScrollerOptimizationManager: registerConfigChangedListener
07-19 23:01:38.518 11999 11999 D ScrollerOptimizationManager: registerConfigChangedListener
07-19 23:01:38.548 11999 11999 D ScrollerOptimizationManager: registerConfigChangedListener
07-19 23:01:38.565 11999 12056 D ContentCatcher_injector: Interceptor : notifyActivityStart: com.upgadata.up7723@com.upgadata.up7723.game.detail.DetailGameActivity@88472484
07-19 23:01:38.565 11999 12056 D ContentCatcher_catcher: CatcherHolder : mCatcherList size: 0
07-19 23:01:38.565 11999 12056 D ContentCatcher_injector: Interceptor : notifyActivityResume: com.upgadata.up7723@com.upgadata.up7723.game.detail.DetailGameActivity@88472484
07-19 23:01:38.565 11999 12056 D ContentCatcher_catcher: CatcherHolder : mCatcherList size: 0
07-19 23:01:38.566 11999 11999 D EventBus: No subscribers registered for event class bzdevicesinfo.i90
07-19 23:01:38.566 11999 11999 D EventBus: No subscribers registered for event class org.greenrobot.eventbus.h
07-19 23:01:38.569 11999 12074 W SQLiteLog: (28) double-quoted string literal: "C2EDB5F739FFF341B23B9F072D0F8979"
07-19 23:01:38.569 11999 12074 W SQLiteLog: (28) double-quoted string literal: ""
07-19 23:01:38.569 11999 12074 W SQLiteLog: (28) double-quoted string literal: "C2EDB5F739FFF341B23B9F072D0F8979"
07-19 23:01:38.569 11999 12074 W SQLiteLog: (28) double-quoted string literal: "-1"
07-19 23:01:38.580 11999 12041 E OpenGLRenderer: Unable to match the desired swap behavior.
07-19 23:01:38.581 11999 11999 D VRI[DetailGameActivity]: vri.reportNextDraw android.view.ViewRootImpl.performTraversals:4279 android.view.ViewRootImpl.doTraversal:2919 android.view.ViewRootImpl$TraversalRunnable.run:10188 android.view.Choreographer$CallbackRecord.run:1623 android.view.Choreographer$CallbackRecord.run:1632
07-19 23:01:38.581 11999 11999 D VRI[DetailGameActivity]: vri.Setup new sync=wmsSync-VRI[DetailGameActivity]#18
07-19 23:01:38.582 11999 12041 D OpenGLRenderer: makeCurrent grContext:0x74fce8e560 reset mTextureAvailable
07-19 23:01:38.589 11999 11999 D VRI[DetailGameActivity]: vri.reportDrawFinished
07-19 23:01:38.603 11999 11999 I HandWritingStubImpl: refreshLastKeyboardType: 1
07-19 23:01:38.603 11999 11999 I HandWritingStubImpl: getCurrentKeyboardType: 1
07-19 23:01:38.650 11999 11999 D ScrollerOptimizationManager: registerConfigChangedListener
07-19 23:01:38.654 11999 12199 E upgadata.up7723: Invalid resource ID 0x00000000.
07-19 23:01:38.654 11999 12199 E upgadata.up7723: Invalid resource ID 0x00000000.
07-19 23:01:38.654 11999 12199 E upgadata.up7723: Invalid resource ID 0x00000000.
07-19 23:01:38.654 11999 12199 E upgadata.up7723: Invalid resource ID 0x00000000.
07-19 23:01:38.654 11999 12199 E upgadata.up7723: Invalid resource ID 0x00000000.
07-19 23:01:38.654 11999 12199 E upgadata.up7723: Invalid resource ID 0x00000000.
07-19 23:01:38.654 11999 12199 E upgadata.up7723: Invalid resource ID 0x00000000.
07-19 23:01:38.654 11999 12199 E upgadata.up7723: Invalid resource ID 0x00000000.
07-19 23:01:38.655 11999 12199 E upgadata.up7723: Invalid resource ID 0x00000000.
07-19 23:01:38.655 11999 12199 E upgadata.up7723: Invalid resource ID 0x00000000.
07-19 23:01:38.655 11999 12199 E upgadata.up7723: Invalid resource ID 0x00000000.
07-19 23:01:38.655 11999 12199 E upgadata.up7723: Invalid resource ID 0x00000000.
07-19 23:01:38.655 11999 12199 E upgadata.up7723: Invalid resource ID 0x00000000.
07-19 23:01:38.655 11999 12199 E upgadata.up7723: Invalid resource ID 0x00000000.
07-19 23:01:38.655 11999 12199 E upgadata.up7723: Invalid resource ID 0x00000000.
07-19 23:01:38.655 11999 12199 E upgadata.up7723: Invalid resource ID 0x00000000.
07-19 23:01:38.656 11999 12199 E upgadata.up7723: Invalid resource ID 0x00000000.
07-19 23:01:38.656 11999 12199 E upgadata.up7723: Invalid resource ID 0x00000000.
07-19 23:01:38.656 11999 12199 E upgadata.up7723: Invalid resource ID 0x00000000.
07-19 23:01:38.656 11999 12199 E upgadata.up7723: Invalid resource ID 0x00000000.
07-19 23:01:38.657 11999 12199 E upgadata.up7723: Invalid resource ID 0x00000000.
07-19 23:01:38.657 11999 12199 E upgadata.up7723: Invalid resource ID 0x00000000.
07-19 23:01:38.657 11999 12199 E upgadata.up7723: Invalid resource ID 0x00000000.
07-19 23:01:38.657 11999 12199 E upgadata.up7723: Invalid resource ID 0x00000000.
07-19 23:01:38.659 11999 11999 D ScrollerOptimizationManager: registerConfigChangedListener
07-19 23:01:38.659 11999 11999 D ScrollerOptimizationManager: registerConfigChangedListener
07-19 23:01:38.660 11999 11999 D ScrollerOptimizationManager: registerConfigChangedListener
07-19 23:01:38.662 11999 11999 D ScrollerOptimizationManager: registerConfigChangedListener
07-19 23:01:38.663 11999 11999 D ScrollerOptimizationManager: registerConfigChangedListener
07-19 23:01:38.665 11999 12345 D TrafficStats: tagSocket(264) with statsTag=0xffffffff, statsUid=-1
07-19 23:01:38.665 11999 12360 D TrafficStats: tagSocket(360) with statsTag=0xffffffff, statsUid=-1
07-19 23:01:38.665 11999 12202 D TrafficStats: tagSocket(357) with statsTag=0xffffffff, statsUid=-1
07-19 23:01:38.666 11999 12344 D TrafficStats: tagSocket(362) with statsTag=0xffffffff, statsUid=-1
07-19 23:01:38.670 11999 12338 D TrafficStats: tagSocket(182) with statsTag=0xffffffff, statsUid=-1
07-19 23:01:38.680 11999 12358 D TrafficStats: tagSocket(359) with statsTag=0xffffffff, statsUid=-1
07-19 23:01:38.680 11999 12360 D TrafficStats: tagSocket(361) with statsTag=0xffffffff, statsUid=-1
07-19 23:01:38.685 11999 11999 D ScrollerOptimizationManager: registerConfigChangedListener
07-19 23:01:38.773 11999 12358 D TrafficStats: tagSocket(125) with statsTag=0xffffffff, statsUid=-1
07-19 23:01:38.798 11999 11999 I HandWritingStubImpl: refreshLastKeyboardType: 1
07-19 23:01:38.798 11999 11999 I HandWritingStubImpl: getCurrentKeyboardType: 1
07-19 23:01:38.807 11999 11999 V MediaPlayer: resetDrmState: mDrmInfo=null mDrmProvisioningThread=null mPrepareDrmInProgress=false mActiveDrmScheme=false
07-19 23:01:38.807 11999 11999 V MediaPlayer: cleanDrmObj: mDrmObj=null mDrmSessionId=null
07-19 23:01:38.819 11999 12063 D TrafficStats: tagSocket(215) with statsTag=0xffffffff, statsUid=-1
07-19 23:01:38.821 11999 12062 D TrafficStats: tagSocket(270) with statsTag=0xffffffff, statsUid=-1
07-19 23:01:38.822 11999 12063 I Pinger : Ping response: `ping ok`, pinged? true
07-19 23:01:38.823 11999 11999 V MediaPlayer: resetDrmState: mDrmInfo=null mDrmProvisioningThread=null mPrepareDrmInProgress=false mActiveDrmScheme=false
07-19 23:01:38.823 11999 11999 V MediaPlayer: cleanDrmObj: mDrmObj=null mDrmSessionId=null
07-19 23:01:38.824 11999 11999 W AudioManager: Use of stream types is deprecated for operations other than volume control
07-19 23:01:38.824 11999 11999 W AudioManager: See the documentation of requestAudioFocus() for what to use instead with android.media.AudioAttributes to qualify your playback use case
07-19 23:01:38.838 11999 11999 W upgadata.up7723: type=1400 audit(0.0:465829): avc: denied { read } for name="u:object_r:vendor_display_prop:s0" dev="tmpfs" ino=439 scontext=u:r:untrusted_app_27:s0:c51,c257,c512,c768 tcontext=u:object_r:vendor_display_prop:s0 tclass=file permissive=0 app=com.upgadata.up7723
07-19 23:01:38.841 11999 11999 W libc : Access denied finding property "vendor.display.enable_display_extensions"
07-19 23:01:38.843 11999 11999 W MediaPlayer: Use of stream types is deprecated for operations other than volume control
07-19 23:01:38.843 11999 11999 W MediaPlayer: See the documentation of setAudioStreamType() for what to use instead with android.media.AudioAttributes to qualify your playback use case
07-19 23:01:38.843 11999 11999 W MediaPlayer: setScreenOnWhilePlaying(true) is ineffective without a SurfaceHolder
07-19 23:01:38.843 11999 11999 V MediaHTTPService: MediaHTTPService(android.media.MediaHTTPService@fe50a5a): Cookies: null
07-19 23:01:38.846 11999 12360 D TrafficStats: tagSocket(215) with statsTag=0xffffffff, statsUid=-1
07-19 23:01:38.851 11999 12989 V MediaHTTPService: makeHTTPConnection: CookieHandler (java.net.CookieManager@5305a76) exists.
07-19 23:01:38.851 11999 12989 V MediaHTTPService: makeHTTPConnection(android.media.MediaHTTPService@fe50a5a): cookieHandler: java.net.CookieManager@5305a76 Cookies: null
07-19 23:01:38.852 11999 11999 W MediaPlayer: setScreenOnWhilePlaying(true) is ineffective for Surface
07-19 23:01:38.853 11999 12989 D TrafficStats: tagSocket(351) with statsTag=0xffffffff, statsUid=-1
07-19 23:01:38.853 11999 12062 D TrafficStats: tagSocket(358) with statsTag=0xffffffff, statsUid=-1
07-19 23:01:38.855 11999 12964 D TrafficStats: tagSocket(366) with statsTag=0xffffffff, statsUid=-1
07-19 23:01:38.859 11999 11999 I HandWritingStubImpl: refreshLastKeyboardType: 1
07-19 23:01:38.859 11999 11999 I HandWritingStubImpl: getCurrentKeyboardType: 1
07-19 23:01:38.980 11999 13124 D TrafficStats: tagSocket(178) with statsTag=0xffffffff, statsUid=-1
07-19 23:01:39.308 11999 12964 E HttpProxyCacheServer: HttpProxyCacheServer error
07-19 23:01:39.308 11999 12964 E HttpProxyCacheServer: com.danikula.videocache.ProxyCacheException: Error closing socket input stream. Version: 1.0
07-19 23:01:39.308 11999 12964 E HttpProxyCacheServer: at com.danikula.videocache.HttpProxyCacheServer.closeSocketInput(HttpProxyCacheServer. java:3)
07-19 23:01:39.308 11999 12964 E HttpProxyCacheServer: at com.danikula.videocache.HttpProxyCacheServer.releaseSocket(HttpProxyCacheServer.jav a:1)
07-19 23:01:39.308 11999 12964 E HttpProxyCacheServer: at com.danikula.videocache.HttpProxyCacheServer.processSocket(HttpProxyCacheServer.jav a:14)
07-19 23:01:39.308 11999 12964 E HttpProxyCacheServer: at com.danikula.videocache.HttpProxyCacheServer.access$200(HttpProxyCacheServer.java:1 )
07-19 23:01:39.308 11999 12964 E HttpProxyCacheServer: at com.danikula.videocache.HttpProxyCacheServer$SocketProcessorRunnable.run(HttpProxyC acheServer.java:1)
07-19 23:01:39.308 11999 12964 E HttpProxyCacheServer: at java.util.concurrent.Executors$RunnableAdapter.call(Executors.java:487)
07-19 23:01:39.308 11999 12964 E HttpProxyCacheServer: at java.util.concurrent.FutureTask.run(FutureTask.java:264)
07-19 23:01:39.308 11999 12964 E HttpProxyCacheServer: at java.util.concurrent.ThreadPoolExecutor.runWorker(ThreadPoolExecutor.java:1145)
07-19 23:01:39.308 11999 12964 E HttpProxyCacheServer: at java.util.concurrent.ThreadPoolExecutor$Worker.run(ThreadPoolExecutor.java:644)
07-19 23:01:39.308 11999 12964 E HttpProxyCacheServer: at java.lang.Thread.run(Thread.java:1012)
07-19 23:01:39.308 11999 12964 E HttpProxyCacheServer: Caused by: java.io.IOException: shutdown failed: ENOTCONN (Transport endpoint is not connected)
07-19 23:01:39.308 11999 12964 E HttpProxyCacheServer: at java.net.PlainSocketImpl.socketShutdown(PlainSocketImpl.java:283)
07-19 23:01:39.308 11999 12964 E HttpProxyCacheServer: at java.net.AbstractPlainSocketImpl.shutdownInput(AbstractPlainSocketImpl.java:621)
07-19 23:01:39.308 11999 12964 E HttpProxyCacheServer: at java.net.Socket.shutdownInput(Socket.java:1593)
07-19 23:01:39.308 11999 12964 E HttpProxyCacheServer: at com.danikula.videocache.HttpProxyCacheServer.closeSocketInput(HttpProxyCacheServer. java:2)
07-19 23:01:39.308 11999 12964 E HttpProxyCacheServer: ... 9 more
07-19 23:01:39.308 11999 12964 E HttpProxyCacheServer: Caused by: android.system.ErrnoException: shutdown failed: ENOTCONN (Transport endpoint is not connected)
07-19 23:01:39.308 11999 12964 E HttpProxyCacheServer: at libcore.io.Linux.shutdown(Native Method)
07-19 23:01:39.308 11999 12964 E HttpProxyCacheServer: at libcore.io.ForwardingOs.shutdown(ForwardingOs.java:816)
07-19 23:01:39.308 11999 12964 E HttpProxyCacheServer: at libcore.io.ForwardingOs.shutdown(ForwardingOs.java:816)
07-19 23:01:39.308 11999 12964 E HttpProxyCacheServer: at java.net.PlainSocketImpl.socketShutdown(PlainSocketImpl.java:281)
07-19 23:01:39.308 11999 12964 E HttpProxyCacheServer: ... 12 more
07-19 23:01:39.308 11999 12964 W HttpProxyCacheServer: Failed to close socket on proxy side: shutdown failed: ENOTCONN (Transport endpoint is not connected). It seems client have already closed connection.
07-19 23:01:39.309 11999 12992 D TrafficStats: tagSocket(178) with statsTag=0xffffffff, statsUid=-1
07-19 23:01:39.313 11999 12062 D TrafficStats: tagSocket(251) with statsTag=0xffffffff, statsUid=-1
07-19 23:01:39.321 11999 12972 D TrafficStats: tagSocket(253) with statsTag=0xffffffff, statsUid=-1
07-19 23:01:39.334 11999 12338 D TrafficStats: tagSocket(356) with statsTag=0xffffffff, statsUid=-1
07-19 23:01:39.336 11999 12360 D TrafficStats: tagSocket(183) with statsTag=0xffffffff, statsUid=-1
07-19 23:01:39.336 11999 12202 D TrafficStats: tagSocket(392) with statsTag=0xffffffff, statsUid=-1
07-19 23:01:39.337 11999 12344 D TrafficStats: tagSocket(362) with statsTag=0xffffffff, statsUid=-1
07-19 23:01:39.337 11999 12358 D TrafficStats: tagSocket(396) with statsTag=0xffffffff, statsUid=-1
07-19 23:01:39.341 11999 12345 D TrafficStats: tagSocket(377) with statsTag=0xffffffff, statsUid=-1
07-19 23:01:39.427 11999 12353 D TrafficStats: tagSocket(240) with statsTag=0xffffffff, statsUid=-1
07-19 23:01:39.427 11999 12344 D TrafficStats: tagSocket(366) with statsTag=0xffffffff, statsUid=-1
07-19 23:01:39.428 11999 12358 D TrafficStats: tagSocket(394) with statsTag=0xffffffff, statsUid=-1
07-19 23:01:39.881 11999 12335 D OpenGLRenderer: --- Failed to create image decoder with message 'unimplemented'
07-19 23:01:39.881 11999 12335 D OpenGLRenderer: --- Failed to create image decoder with message 'unimplemented'
07-19 23:01:39.884 11999 12335 D MediaMetadataRetriever: dynamicEnableMediaLog getprop frameworks.media.debug.MediaMetadataRetriever: -1,
07-19 23:01:40.518 11999 12992 D TrafficStats: tagSocket(178) with statsTag=0xffffffff, statsUid=-1
07-19 23:01:40.520 11999 12062 D TrafficStats: tagSocket(185) with statsTag=0xffffffff, statsUid=-1
07-19 23:01:40.866 11999 12041 W qdgralloc: getInterlacedFlag: getMetaData returned 3, defaulting to interlaced_flag = 0
07-19 23:01:40.881 11999 12988 W MediaPlayerNative: info/warning (3, 0)
07-19 23:01:40.898 11999 12041 W qdgralloc: getInterlacedFlag: getMetaData returned 3, defaulting to interlaced_flag = 0
07-19 23:01:41.025 11999 12041 W qdgralloc: getInterlacedFlag: getMetaData returned 3, defaulting to interlaced_flag = 0
07-19 23:01:41.070 11999 12041 W qdgralloc: getInterlacedFlag: getMetaData returned 3, defaulting to interlaced_flag = 0
07-19 23:01:41.098 11999 12041 W qdgralloc: getInterlacedFlag: getMetaData returned 3, defaulting to interlaced_flag = 0
07-19 23:01:41.125 11999 12990 D BufferQueueProducer: [SurfaceTexture-0-11999-1] (id:2edf0000000b,api:3,p:2984,c:11999) bbq.waitForFreeSlotThenRelock timeout 0 return. deqCount=23, acqCount=1, mMaxAcq=1, mMaxDeq=24
07-19 23:01:41.131 11999 12041 W qdgralloc: getInterlacedFlag: getMetaData returned 3, defaulting to interlaced_flag = 0
07-19 23:01:41.147 11999 12990 D BufferQueueProducer: [SurfaceTexture-0-11999-1] (id:2edf0000000b,api:3,p:2984,c:11999) bbq.waitForFreeSlotThenRelock timeout 0 return. deqCount=23, acqCount=1, mMaxAcq=1, mMaxDeq=24
07-19 23:01:41.166 11999 12041 W qdgralloc: getInterlacedFlag: getMetaData returned 3, defaulting to interlaced_flag = 0
07-19 23:01:41.201 11999 12041 W qdgralloc: getInterlacedFlag: getMetaData returned 3, defaulting to interlaced_flag = 0
07-19 23:01:41.226 11999 12990 D BufferQueueProducer: [SurfaceTexture-0-11999-1] (id:2edf0000000b,api:3,p:2984,c:11999) bbq.waitForFreeSlotThenRelock timeout 0 return. deqCount=23, acqCount=1, mMaxAcq=1, mMaxDeq=24
07-19 23:01:41.232 11999 12041 W qdgralloc: getInterlacedFlag: getMetaData returned 3, defaulting to interlaced_flag = 0
07-19 23:01:41.247 11999 12989 D BufferQueueProducer: [SurfaceTexture-0-11999-1] (id:2edf0000000b,api:3,p:2984,c:11999) bbq.waitForFreeSlotThenRelock timeout 0 return. deqCount=23, acqCount=1, mMaxAcq=1, mMaxDeq=24
07-19 23:01:41.264 11999 12041 W qdgralloc: getInterlacedFlag: getMetaData returned 3, defaulting to interlaced_flag = 0
07-19 23:01:41.299 11999 12041 W qdgralloc: getInterlacedFlag: getMetaData returned 3, defaulting to interlaced_flag = 0
07-19 23:01:41.717 11999 12041 W qdgralloc: getInterlacedFlag: getMetaData returned 3, defaulting to interlaced_flag = 0
07-19 23:01:41.742 11999 12013 D BufferQueueProducer: [SurfaceTexture-0-11999-1] (id:2edf0000000b,api:3,p:2984,c:11999) bbq.waitForFreeSlotThenRelock timeout 0 return. deqCount=23, acqCount=1, mMaxAcq=1, mMaxDeq=24
07-19 23:01:41.748 11999 12041 W qdgralloc: getInterlacedFlag: getMetaData returned 3, defaulting to interlaced_flag = 0
07-19 23:01:41.765 11999 12990 D BufferQueueProducer: [SurfaceTexture-0-11999-1] (id:2edf0000000b,api:3,p:2984,c:11999) bbq.waitForFreeSlotThenRelock timeout 0 return. deqCount=23, acqCount=1, mMaxAcq=1, mMaxDeq=24
07-19 23:01:41.776 11999 12990 D BufferQueueProducer: [SurfaceTexture-0-11999-1] (id:2edf0000000b,api:3,p:2984,c:11999) bbq.waitForFreeSlotThenRelock timeout 0 return. deqCount=23, acqCount=1, mMaxAcq=1, mMaxDeq=24
07-19 23:01:41.781 11999 12041 W qdgralloc: getInterlacedFlag: getMetaData returned 3, defaulting to interlaced_flag = 0
07-19 23:01:41.847 11999 12041 W qdgralloc: getInterlacedFlag: getMetaData returned 3, defaulting to interlaced_flag = 0
07-19 23:01:41.866 11999 12985 D BufferQueueProducer: [SurfaceTexture-0-11999-1] (id:2edf0000000b,api:3,p:2984,c:11999) bbq.waitForFreeSlotThenRelock timeout 0 return. deqCount=23, acqCount=1, mMaxAcq=1, mMaxDeq=24
07-19 23:01:41.877 11999 12985 D BufferQueueProducer: [SurfaceTexture-0-11999-1] (id:2edf0000000b,api:3,p:2984,c:11999) bbq.waitForFreeSlotThenRelock timeout 0 return. deqCount=23, acqCount=1, mMaxAcq=1, mMaxDeq=24
07-19 23:01:41.882 11999 12041 W qdgralloc: getInterlacedFlag: getMetaData returned 3, defaulting to interlaced_flag = 0
07-19 23:01:41.885 11999 12056 D ContentCatcher_injector: Interceptor : notifyActivityPause: com.upgadata.up7723@com.upgadata.up7723.game.detail.DetailGameActivity@88472484
07-19 23:01:41.886 11999 12056 D ContentCatcher_catcher: CatcherHolder : mCatcherList size: 0
07-19 23:01:41.887 11999 11999 I ImeTracker: com.upgadata.up7723:df2f23a: onRequestHide at ORIGIN_CLIENT_HIDE_SOFT_INPUT reason HIDE_SOFT_INPUT
07-19 23:01:41.901 11999 12074 W SQLiteLog: (28) double-quoted string literal: "
07-19 23:01:41.901 11999 12074 W SQLiteLog: (28) double-quoted string literal: "C2EDB5F739FFF341B23B9F072D0F8979"
07-19 23:01:41.913 11999 12056 D ContentCatcher_injector: Interceptor : notifyActivityResume: com.upgadata.up7723@com.upgadata.up7723.main.activity.HomeActivity@67335419
07-19 23:01:41.913 11999 12056 D ContentCatcher_catcher: CatcherHolder : mCatcherList size: 0
07-19 23:01:41.918 11999 12074 W SQLiteLog: (28) double-quoted string literal: "C2EDB5F739FFF341B23B9F072D0F8979"
07-19 23:01:41.918 11999 12074 W SQLiteLog: (28) double-quoted string literal: ""
07-19 23:01:41.918 11999 12074 W SQLiteLog: (28) double-quoted string literal: "C2EDB5F739FFF341B23B9F072D0F8979"
07-19 23:01:41.918 11999 12074 W SQLiteLog: (28) double-quoted string literal: "-1"
07-19 23:01:41.997 11999 11999 W ziparchive: Unable to open '/data/user/0/com.upgadata.up7723/bzBox/data/app/com.Neurononfire.SupremeDuelist/ base.apk': No such file or directory
07-19 23:01:41.997 11999 11999 E upgadata.up7723: Failed to open APK '/data/user/0/com.upgadata.up7723/bzBox/data/app/com.Neurononfire.SupremeDuelist/ base.apk': I/O error
07-19 23:01:41.997 11999 11999 W PackageManager: Failure to parse package archive
07-19 23:01:41.997 11999 11999 W PackageManager: android.content.pm.PackageParser$PackageParserException: Failed to parse /data/user/0/com.upgadata.up7723/bzBox/data/app/com.Neurononfire.SupremeDuelist/ base.apk
07-19 23:01:41.997 11999 11999 W PackageManager: at android.content.pm.PackageParser.parseApkLiteInner(PackageParser.java:1506)
07-19 23:01:41.997 11999 11999 W PackageManager: at android.content.pm.PackageParser.parseApkLite(PackageParser.java:1477)
07-19 23:01:41.997 11999 11999 W PackageManager: at android.content.pm.PackageParser.parseMonolithicPackageLite(PackageParser.java:980)
07-19 23:01:41.997 11999 11999 W PackageManager: at android.content.pm.PackageParser.parseMonolithicPackage(PackageParser.java:1189)
