01-16 21:00:26.510 29774 29774 D Surface : lockCanvas
01-16 21:00:26.531 29774 29774 D Surface : lockCanvas
01-16 21:00:26.550 29774 29774 D Surface : lockCanvas
01-16 21:00:26.567 29774 29774 D Surface : lockCanvas
01-16 21:00:26.582 29774 29774 D Surface : lockCanvas
01-16 21:00:26.602 29774 29774 D Surface : lockCanvas
01-16 21:00:26.617 29774 29774 D Surface : lockCanvas
01-16 21:00:26.633 29774 29774 D Surface : lockCanvas
01-16 21:00:26.652 29774 29774 D Surface : lockCanvas
01-16 21:00:26.667 29774 29774 D AppTurboService: dont support slide jank stats.
01-16 21:00:26.671 29774 29774 D OverScroller: SplineOverScroller fling
releaseFlingBoost mPowerHandle = [791345]
01-16 21:00:26.673 29774 29774 D Surface : lockCanvas
01-16 21:00:26.689 29774 29774 D Surface : lockCanvas
01-16 21:00:26.771 29774 29774 D Surface : lockCanvas
01-16 21:00:26.794 29774 29774 D Surface : lockCanvas
01-16 21:00:26.809 29774 29774 E AndroidService: Use 1 com.sameer.arora.virtual
instead of com.jiicnynvhkwh.dz
01-16 21:00:26.811 29774 29774 E AndroidService: Use 2 com.sameer.arora.virtual
instead of com.jiicnynvhkwh.dz
01-16 21:00:26.816 29774 29774 D Surface : lockCanvas
01-16 21:00:26.824 29774 29774 E AndroidService: Use 1 com.sameer.arora.virtual
instead of com.jiicnynvhkwh.dz
01-16 21:00:26.824 29820 29820 I android-daemon: SP T: 46
01-16 21:00:26.829 29820 29820 I android-daemon: SP D 4881 5
01-16 21:00:26.840 29774 29774 I BufferQueueConsumer: [](id:744e00000061,api:0,p:-
1,c:29774) connect: controlledByApp=false
01-16 21:00:26.840 29774 29774 I BLASTBufferQueue: [ViewRootImpl[Toast]#97]
constructor()
01-16 21:00:26.844 29774 29774 D Surface : lockCanvas
01-16 21:00:26.844 29774 29774 I BufferQueueProducer: [ViewRootImpl[Toast]#97(BLAST
Consumer)97](id:744e00000061,api:2,p:29774,c:29774) connect: api=2
producerControlledByApp=true
01-16 21:00:26.846 29774 29774 E AndroidService: getRunningAppProcesses: start
01-16 21:00:26.852 29774 29774 E AndroidService: getRunningAppProcesses: end 1
01-16 21:00:26.861 29774 29774 E AndroidService: Use 10 com.sameer.arora.virtual
instead of null
01-16 21:00:26.957 29774 29774 I BufferQueueConsumer: [](id:744e00000062,api:0,p:-
1,c:29774) connect: controlledByApp=false
01-16 21:00:26.957 29774 29774 I BLASTBufferQueue: [ViewRootImpl[]#98]
constructor()
01-16 21:00:26.967 29774 29803 E AndroidService: getResized: 1539x1536 -> 144x144
in 0
01-16 21:00:26.967 29774 29803 E AndroidService: getResized: 1539x1536 -> 144x144
in 0
01-16 21:00:26.985 29774 29803 E AndroidService: Failed load icon for logcat
01-16 21:00:26.985 29774 29803 E AndroidService: Failed load icon for sh
01-16 21:00:27.002 29774 29774 D Surface : lockCanvas
01-16 21:00:27.002 29774 29774 I BufferQueueProducer: [ViewRootImpl[]#98(BLAST
Consumer)98](id:744e00000062,api:2,p:29774,c:29774) connect: api=2
producerControlledByApp=true
01-16 21:00:27.123 29774 29774 D Surface : lockCanvas
01-16 21:00:27.135 29774 29774 D View : [Warning] assignParent to null: this =
android.ext.Tools$ViewWrapper{86e7380 V.E...... ......I. 0,0-180,60}
01-16 21:00:27.138 29774 29774 E AndroidService: dbg2:
android.ext.Tools$ViewWrapper{c9e0dac V.E...... ......I. 0,0-0,0} {(10000,10000)
(180x60) gr=TOP LEFT CENTER ty=APPLICATION_OVERLAY fmt=TRANSPARENT
01-16 21:00:27.138 29774 29774 E AndroidService: fl=NOT_FOCUSABLE
LAYOUT_IN_SCREEN
01-16 21:00:27.138 29774 29774 E AndroidService: bhv=DEFAULT
01-16 21:00:27.138 29774 29774 E AndroidService: fitTypes=STATUS_BARS
NAVIGATION_BARS CAPTION_BAR}
01-16 21:00:27.139 29774 29774 E AndroidService: Use 10 com.sameer.arora.virtual
instead of com.sameer.arora.virtual
01-16 21:00:27.159 29774 29774 D OverScroller: SplineOverScroller fling
releaseFlingBoost mPowerHandle = [791345]
01-16 21:00:27.219 29774 29774 D Surface : lockCanvas
01-16 21:00:27.238 29774 29774 I BufferQueueConsumer: [](id:744e00000063,api:0,p:-
1,c:29774) connect: controlledByApp=false
01-16 21:00:27.238 29774 29774 I BLASTBufferQueue: [ViewRootImpl[]#99]
constructor()
01-16 21:00:27.244 29774 29774 D Surface : lockCanvas
01-16 21:00:27.244 29774 29774 I BufferQueueProducer: [ViewRootImpl[]#99(BLAST
Consumer)99](id:744e00000063,api:2,p:29774,c:29774) connect: api=2
producerControlledByApp=true
01-16 21:00:27.247 29774 29774 D Surface : lockCanvas
01-16 21:00:27.267 29774 29774 I BufferQueueProducer: [ViewRootImpl[]#96(BLAST
Consumer)96](id:744e00000060,api:2,p:29774,c:29774) disconnect: api 2
01-16 21:00:27.267 29774 29774 I BLASTBufferQueue: [ViewRootImpl[]#96] destructor()
01-16 21:00:27.267 29774 29774 I BufferQueueConsumer: [ViewRootImpl[]#96(BLAST
Consumer)96](id:744e00000060,api:0,p:-1,c:29774) disconnect
01-16 21:00:27.273 29774 29774 D Surface : lockCanvas
01-16 21:00:27.279 29774 29818 I BLASTBufferQueue: releaseBufferCallbackThunk
bufferId:127878356271334 framenumber:2 blastBufferQueue is dead
01-16 21:00:27.288 29774 29774 D Surface : lockCanvas
01-16 21:00:27.300 29774 29774 D Surface : lockCanvas
01-16 21:00:27.310 29774 29774 D Surface : lockCanvas
01-16 21:00:27.322 29774 29774 D Surface : lockCanvas
01-16 21:00:27.339 29774 29774 D Surface : lockCanvas
01-16 21:00:27.355 29774 29774 D Surface : lockCanvas
01-16 21:00:27.372 29774 29774 D Surface : lockCanvas
01-16 21:00:27.388 29774 29774 D Surface : lockCanvas
01-16 21:00:27.407 29774 29774 D Surface : lockCanvas
01-16 21:00:27.422 29774 29774 D Surface : lockCanvas
01-16 21:00:27.439 29774 29774 D Surface : lockCanvas
01-16 21:00:27.456 29774 29774 D Surface : lockCanvas
01-16 21:00:27.471 29774 29774 D Surface : lockCanvas
01-16 21:00:27.489 29774 29774 D Surface : lockCanvas
01-16 21:00:27.505 29774 29774 D Surface : lockCanvas
01-16 21:00:27.523 29774 29774 D Surface : lockCanvas
01-16 21:00:27.539 29774 29774 D Surface : lockCanvas
01-16 21:00:28.159 29774 29774 D Surface : lockCanvas
01-16 21:00:28.217 29774 29774 E AndroidService: vs app: 10007 != 10284
01-16 21:00:28.217 29774 29774 E AndroidService: vs: /data/app/~~hjHBUqmU7SbXURKF-
2i2uA==/com.dxx.firenow-2B0x49PVlZVmox8vOJYrXw==/lib/arm64 =>
/data/app/~~bYvV6HEWNyPoZxqIIuLpbw==/com.sameer.arora.virtual-
sKGCkwTk63JQaL5pFhtrQg==/lib/arm64
01-16 21:00:28.217 29774 29774 E AndroidService: used: ProcessInfo
[cmdline=com.dxx.firenow, name=Survivor.io, packageName=com.dxx.firenow,
icon=android.graphics.drawable.AdaptiveIconDrawable@19047c4, pid=30087, uid=10284,
isSystem=false, isGame=false, weight=0, main=true, order=0, x64=true, rss=1201284,
getTracer()=0, getTrace()=-1]
01-16 21:00:28.262 29820 29820 I android-daemon: package name: com.dxx.firenow
01-16 21:00:28.262 29820 29820 I android-daemon: Libs path:
/data/app/~~bYvV6HEWNyPoZxqIIuLpbw==/com.sameer.arora.virtual-
sKGCkwTk63JQaL5pFhtrQg==/lib/arm64
01-16 21:00:28.263 29774 29774 E AndroidService: TE get: 1:1111 2:1111 3:1111
4:1111 5:1111 6:1111 7:1111 8:1111 9:1111 10:1111 11:1111 12:1111 13:1111 14:1111
15:1111 16:1111 17:1111 18:1111 19:1111 20:1111 21:1111 22:1111 23:1111 24:1111
25:1111 26:1111 27:1111 28:1111 29:1111 30:1111 31:1111 32:1111 33:1111 34:1111
35:1111 36:1111 37:1111 38:1111 39:1111 40:0011 41:1111 42:1111 43:0011 44:0011
01-16 21:00:28.263 29774 29774 E AndroidService: RE get: 1:1111 2:1110 3:1100
4:1100 5:1100 6:1101 7:1100 8:1100 9:1100 10:1100 11:1111 12:1100 13:1100 14:1100
15:1100 16:1100 17:1100 18:1110 19:1100
01-16 21:00:28.263 29774 29805 E AndroidService: Sended config: 2147483647
110000010000000011 1111111111111111111111110000000111111111111111111111111111111111
33000 -1 /data/user/0/com.sameer.arora.virtual/data/user/0/com.jiicnynvhkwh.dz/
files/GG-{iqX; 83
01-16 21:00:28.265 29774 29774 D View : [Warning] assignParent to null: this =
DecorView@b409fc3[]
01-16 21:00:28.265 29774 29774 I BufferQueueProducer: [ViewRootImpl[]#98(BLAST
Consumer)98](id:744e00000062,api:2,p:29774,c:29774) disconnect: api 2
01-16 21:00:28.266 29774 29774 I BLASTBufferQueue: [ViewRootImpl[]#98] destructor()
01-16 21:00:28.266 29774 29774 I BufferQueueConsumer: [ViewRootImpl[]#98(BLAST
Consumer)98](id:744e00000062,api:0,p:-1,c:29774) disconnect
01-16 21:00:28.293 29820 29820 I android-daemon: Region list 0: 3182 from 4444;
3282739200 from 41402155008; 30981; 234851
01-16 21:00:28.294 29820 29820 I android-daemon: Region list 1: 3182 from 4444;
3282739200 from 41402155008; 31995; 234851
01-16 21:00:28.296 29774 29774 D Surface : lockCanvas
01-16 21:00:28.461 29774 29818 I BLASTBufferQueue: releaseBufferCallbackThunk
bufferId:127878356271338 framenumber:5 blastBufferQueue is dead
01-16 21:00:28.829 29774 29774 D View : [Warning] assignParent to null: this =
android.widget.LinearLayout{f6ecb5c V.E...... ......ID 0,0-306,108}
01-16 21:00:28.829 29774 29774 I BufferQueueProducer: [ViewRootImpl[Toast]#97(BLAST
Consumer)97](id:744e00000061,api:2,p:29774,c:29774) disconnect: api 2
01-16 21:00:28.829 29774 29774 I BLASTBufferQueue: [ViewRootImpl[Toast]#97]
destructor()
01-16 21:00:28.829 29774 29774 I BufferQueueConsumer: [ViewRootImpl[Toast]#97(BLAST
Consumer)97](id:744e00000061,api:0,p:-1,c:29774) disconnect
01-16 21:00:29.011 29774 29818 I BLASTBufferQueue: releaseBufferCallbackThunk
bufferId:127878356271337 framenumber:1 blastBufferQueue is dead
01-16 21:00:35.254 29774 29774 D AppTurboService: dont support slide jank stats.
01-16 21:00:35.281 29774 29774 D Surface : lockCanvas
01-16 21:00:35.362 29774 29774 D Surface : lockCanvas
01-16 21:00:35.394 29774 29774 D Surface : lockCanvas
01-16 21:00:35.424 29774 29774 D Surface : lockCanvas
01-16 21:00:35.445 29774 29774 D AppTurboService: dont support slide jank stats.
01-16 21:00:35.446 29774 29774 D OverScroller: SplineOverScroller fling
startFlingBoost mPowerHandle = [791345]
01-16 21:00:35.453 29774 29774 D AppTurboService: dont support slide jank stats.
01-16 21:00:35.458 29774 29774 D Surface : lockCanvas
01-16 21:00:35.480 29774 29774 D Surface : lockCanvas
01-16 21:00:35.500 29774 29774 D Surface : lockCanvas
01-16 21:00:35.523 29774 29774 D Surface : lockCanvas
01-16 21:00:35.545 29774 29774 D Surface : lockCanvas
01-16 21:00:35.566 29774 29774 D Surface : lockCanvas
01-16 21:00:35.586 29774 29774 D Surface : lockCanvas
01-16 21:00:35.608 29774 29774 D Surface : lockCanvas
01-16 21:00:35.630 29774 29774 D Surface : lockCanvas
01-16 21:00:35.653 29774 29774 D Surface : lockCanvas
01-16 21:00:35.674 29774 29774 D Surface : lockCanvas
01-16 21:00:35.694 29774 29774 D Surface : lockCanvas
01-16 21:00:35.716 29774 29774 D Surface : lockCanvas
01-16 21:00:35.739 29774 29774 D Surface : lockCanvas
01-16 21:00:35.768 29774 29774 D Surface : lockCanvas
01-16 21:00:35.790 29774 29774 D Surface : lockCanvas
01-16 21:00:35.816 29774 29774 D Surface : lockCanvas
01-16 21:00:35.842 29774 29774 D Surface : lockCanvas
01-16 21:00:35.867 29774 29774 D Surface : lockCanvas
01-16 21:00:35.894 29774 29774 D Surface : lockCanvas
01-16 21:00:35.922 29774 29774 D Surface : lockCanvas
01-16 21:00:35.950 29774 29774 D Surface : lockCanvas
01-16 21:00:35.978 29774 29774 D Surface : lockCanvas
01-16 21:00:36.004 29774 29774 D Surface : lockCanvas
01-16 21:00:36.030 29774 29774 D Surface : lockCanvas
01-16 21:00:36.050 29774 29774 D OverScroller: SplineOverScroller fling
releaseFlingBoost mPowerHandle = [791416]
01-16 21:00:36.050 29774 29774 D OverScroller: SplineOverScroller fling
releaseFlingBoost mPowerHandle = [791416]
01-16 21:00:36.050 29774 29774 D AppTurboService: dont support slide jank stats.
01-16 21:00:36.062 29774 29774 D Surface : lockCanvas
01-16 21:00:36.083 29774 29774 D AppTurboService: dont support slide jank stats.
01-16 21:00:36.090 29774 29774 D Surface : lockCanvas
01-16 21:00:36.115 29774 29774 D Surface : lockCanvas
01-16 21:00:36.142 29774 29774 D Surface : lockCanvas
01-16 21:00:36.168 29774 29774 D Surface : lockCanvas
01-16 21:00:36.195 29774 29774 D Surface : lockCanvas
01-16 21:00:36.223 29774 29774 D Surface : lockCanvas
01-16 21:00:36.247 29774 29774 D Surface : lockCanvas
01-16 21:00:36.273 29774 29774 D Surface : lockCanvas
01-16 21:00:36.350 29774 29774 D Surface : lockCanvas
01-16 21:00:36.399 29774 29774 D Surface : lockCanvas
01-16 21:00:36.549 29774 29774 D Surface : lockCanvas
01-16 21:00:36.587 29774 29774 D Surface : lockCanvas
01-16 21:00:36.697 29774 29774 D Surface : lockCanvas
01-16 21:00:36.764 29774 29774 D Surface : lockCanvas
01-16 21:00:36.790 29774 29774 D Surface : lockCanvas
01-16 21:00:36.816 29774 29774 D Surface : lockCanvas
01-16 21:00:36.847 29774 29774 D Surface : lockCanvas
01-16 21:00:36.884 29774 29774 D Surface : lockCanvas
01-16 21:00:36.913 29774 29774 D Surface : lockCanvas
01-16 21:00:36.943 29774 29774 D Surface : lockCanvas
01-16 21:00:36.975 29774 29774 D Surface : lockCanvas
01-16 21:00:37.003 29774 29774 D Surface : lockCanvas
01-16 21:00:37.024 29774 29774 D AppTurboService: dont support slide jank stats.
01-16 21:00:37.024 29774 29774 D OverScroller: SplineOverScroller fling
startFlingBoost mPowerHandle = [791416]
01-16 21:00:37.036 29774 29774 D Surface : lockCanvas
01-16 21:00:37.056 29774 29774 D Surface : lockCanvas
01-16 21:00:37.078 29774 29774 D Surface : lockCanvas
01-16 21:00:37.099 29774 29774 D Surface : lockCanvas
01-16 21:00:37.119 29774 29774 D Surface : lockCanvas
01-16 21:00:37.139 29774 29774 D Surface : lockCanvas
01-16 21:00:37.160 29774 29774 D Surface : lockCanvas
01-16 21:00:37.182 29774 29774 D Surface : lockCanvas
01-16 21:00:37.201 29774 29774 D Surface : lockCanvas
01-16 21:00:37.222 29774 29774 D Surface : lockCanvas
01-16 21:00:37.244 29774 29774 D Surface : lockCanvas
01-16 21:00:37.264 29774 29774 D Surface : lockCanvas
01-16 21:00:37.284 29774 29774 D Surface : lockCanvas
01-16 21:00:37.303 29774 29774 D Surface : lockCanvas
01-16 21:00:37.329 29774 29774 D Surface : lockCanvas
01-16 21:00:37.368 29774 29774 D Surface : lockCanvas
01-16 21:00:37.389 29774 29774 D OverScroller: SplineOverScroller fling
releaseFlingBoost mPowerHandle = [791559]
01-16 21:00:37.389 29774 29774 D OverScroller: SplineOverScroller fling
releaseFlingBoost mPowerHandle = [791559]
01-16 21:00:37.389 29774 29774 D AppTurboService: dont support slide jank stats.
01-16 21:00:37.400 29774 29774 D Surface : lockCanvas
01-16 21:00:37.427 29774 29774 D Surface : lockCanvas
01-16 21:00:37.454 29774 29774 D Surface : lockCanvas
01-16 21:00:37.480 29774 29774 D Surface : lockCanvas
01-16 21:00:37.507 29774 29774 D Surface : lockCanvas
01-16 21:00:37.532 29774 29774 D Surface : lockCanvas
01-16 21:00:37.557 29774 29774 D Surface : lockCanvas
01-16 21:00:37.814 29774 29774 D OverScroller: SplineOverScroller fling
releaseFlingBoost mPowerHandle = [791559]
01-16 21:00:37.827 29774 29774 D Surface : lockCanvas
01-16 21:00:38.204 29774 29774 D Surface : lockCanvas
01-16 21:00:38.221 29774 29774 D Surface : lockCanvas
01-16 21:00:38.238 29774 29774 D Surface : lockCanvas
01-16 21:00:38.255 29774 29774 D Surface : lockCanvas
01-16 21:00:38.271 29774 29774 D Surface : lockCanvas
01-16 21:00:38.289 29774 29774 D Surface : lockCanvas
01-16 21:00:38.305 29774 29774 D Surface : lockCanvas
01-16 21:00:38.321 29774 29774 D Surface : lockCanvas
01-16 21:00:38.338 29774 29774 D Surface : lockCanvas
01-16 21:00:38.354 29774 29774 D Surface : lockCanvas
01-16 21:00:38.371 29774 29774 D Surface : lockCanvas
01-16 21:00:38.388 29774 29774 D Surface : lockCanvas
01-16 21:00:38.405 29774 29774 D Surface : lockCanvas
01-16 21:00:38.422 29774 29774 D Surface : lockCanvas
01-16 21:00:38.438 29774 29774 D Surface : lockCanvas
01-16 21:00:38.455 29774 29774 D Surface : lockCanvas
01-16 21:00:38.471 29774 29774 D Surface : lockCanvas
01-16 21:00:40.228 29774 29774 D Surface : lockCanvas
01-16 21:00:40.352 29774 29774 E AndroidService: Use 10 com.sameer.arora.virtual
instead of null
01-16 21:00:40.402 29774 29774 D Surface : lockCanvas
01-16 21:00:40.472 29774 29797 W rora.virtual:p: Couldn't lock the profile file
/data/misc/profiles/cur/0/com.jiicnynvhkwh.dz/primary.prof: Failed to open file
'/data/misc/profiles/cur/0/com.jiicnynvhkwh.dz/primary.prof': Permission denied
01-16 21:00:40.472 29774 29797 W rora.virtual:p: Could not forcefully load
profile /data/misc/profiles/cur/0/com.jiicnynvhkwh.dz/primary.prof
01-16 21:00:40.489 29774 29774 I BufferQueueConsumer: [](id:744e00000064,api:0,p:-
1,c:29774) connect: controlledByApp=false
01-16 21:00:40.490 29774 29774 I BLASTBufferQueue: [ViewRootImpl[]#100]
constructor()
01-16 21:00:40.506 29774 29774 D Surface : lockCanvas
01-16 21:00:40.506 29774 29774 I BufferQueueProducer: [ViewRootImpl[]#100(BLAST
Consumer)100](id:744e00000064,api:2,p:29774,c:29774) connect: api=2
producerControlledByApp=true
01-16 21:00:40.517 29774 29774 D Surface : lockCanvas
01-16 21:00:40.580 29774 29774 D Surface : lockCanvas
01-16 21:00:40.585 29774 29774 D View : [Warning] assignParent to null: this =
android.ext.Tools$ViewWrapper{c9e0dac V.E...... ......I. 0,0-180,60}
01-16 21:00:40.589 29774 29774 E AndroidService: dbg2:
android.ext.Tools$ViewWrapper{d96de8e V.E...... ......I. 0,0-0,0} {(10000,10000)
(180x60) gr=TOP LEFT CENTER ty=APPLICATION_OVERLAY fmt=TRANSPARENT
01-16 21:00:40.589 29774 29774 E AndroidService: fl=NOT_FOCUSABLE
LAYOUT_IN_SCREEN
01-16 21:00:40.589 29774 29774 E AndroidService: bhv=DEFAULT
01-16 21:00:40.589 29774 29774 E AndroidService: fitTypes=STATUS_BARS
NAVIGATION_BARS CAPTION_BAR}
01-16 21:00:40.589 29774 29774 E AndroidService: Use 10 com.sameer.arora.virtual
instead of com.sameer.arora.virtual
01-16 21:00:40.605 29774 29774 D OverScroller: SplineOverScroller fling
releaseFlingBoost mPowerHandle = [791559]
01-16 21:00:40.615 29774 29774 D Surface : lockCanvas
01-16 21:00:40.623 29774 29774 I BufferQueueConsumer: [](id:744e00000065,api:0,p:-
1,c:29774) connect: controlledByApp=false
01-16 21:00:40.623 29774 29774 I BLASTBufferQueue: [ViewRootImpl[]#101]
constructor()
01-16 21:00:40.627 29774 29774 D Surface : lockCanvas
01-16 21:00:40.627 29774 29774 I BufferQueueProducer: [ViewRootImpl[]#101(BLAST
Consumer)101](id:744e00000065,api:2,p:29774,c:29774) connect: api=2
producerControlledByApp=true
01-16 21:00:40.629 29774 29774 D Surface : lockCanvas
01-16 21:00:40.689 29774 29774 I BufferQueueProducer: [ViewRootImpl[]#99(BLAST
Consumer)99](id:744e00000063,api:2,p:29774,c:29774) disconnect: api 2
01-16 21:00:40.689 29774 29774 I BLASTBufferQueue: [ViewRootImpl[]#99] destructor()
01-16 21:00:40.689 29774 29774 I BufferQueueConsumer: [ViewRootImpl[]#99(BLAST
Consumer)99](id:744e00000063,api:0,p:-1,c:29774) disconnect
01-16 21:00:40.694 29774 29774 D Surface : lockCanvas
01-16 21:00:40.699 29774 29774 D Surface : lockCanvas
01-16 21:00:40.711 29774 30638 I BLASTBufferQueue: releaseBufferCallbackThunk
bufferId:127878356271340 framenumber:1 blastBufferQueue is dead
01-16 21:00:40.749 29774 29774 D Surface : lockCanvas
01-16 21:00:40.799 29774 29774 D Surface : lockCanvas
01-16 21:00:40.848 29774 29774 D Surface : lockCanvas
01-16 21:00:40.898 29774 29774 D Surface : lockCanvas
01-16 21:00:40.947 29774 29774 D Surface : lockCanvas
01-16 21:00:40.995 29774 29774 D Surface : lockCanvas
01-16 21:00:41.044 29774 29774 D Surface : lockCanvas
01-16 21:00:41.093 29774 29774 D Surface : lockCanvas
01-16 21:00:41.144 29774 29774 D Surface : lockCanvas
01-16 21:00:41.195 29774 29774 D Surface : lockCanvas
01-16 21:00:41.865 29774 29805 E AndroidService: Sended config: 2147483647
110000010000000001 1111111111111111111111110000000111111111111111111111111111111111
33000 -1 /data/user/0/com.sameer.arora.virtual/data/user/0/com.jiicnynvhkwh.dz/
files/GG-{iqX; 83
01-16 21:00:41.869 29774 29774 D View : [Warning] assignParent to null: this =
DecorView@4e71bf6[]
01-16 21:00:41.870 29774 29774 I BufferQueueProducer: [ViewRootImpl[]#100(BLAST
Consumer)100](id:744e00000064,api:2,p:29774,c:29774) disconnect: api 2
01-16 21:00:41.870 29774 29774 I BLASTBufferQueue: [ViewRootImpl[]#100]
destructor()
01-16 21:00:41.870 29774 29774 I BufferQueueConsumer: [ViewRootImpl[]#100(BLAST
Consumer)100](id:744e00000064,api:0,p:-1,c:29774) disconnect
01-16 21:00:41.888 29774 29774 W InputEventReceiver: Attempted to finish an input
event but the input event receiver has already been disposed.
01-16 21:00:41.898 29774 29774 D Surface : lockCanvas
01-16 21:00:41.915 29774 29774 D Surface : lockCanvas
01-16 21:00:41.933 29774 29774 D Surface : lockCanvas
01-16 21:00:42.077 29774 30638 I BLASTBufferQueue: releaseBufferCallbackThunk
bufferId:127878356271343 framenumber:4 blastBufferQueue is dead
01-16 21:00:42.953 29774 29774 D AppTurboService: dont support slide jank stats.
01-16 21:00:42.967 29774 29774 D Surface : lockCanvas
01-16 21:00:43.023 29774 29774 D Surface : lockCanvas
01-16 21:00:43.056 29774 29774 D Surface : lockCanvas
01-16 21:00:43.085 29774 29774 D Surface : lockCanvas
01-16 21:00:43.117 29774 29774 D Surface : lockCanvas
01-16 21:00:43.147 29774 29774 D Surface : lockCanvas
01-16 21:00:43.175 29774 29774 D Surface : lockCanvas
01-16 21:00:43.202 29774 29774 D Surface : lockCanvas
01-16 21:00:43.229 29774 29774 D Surface : lockCanvas
01-16 21:00:43.256 29774 29774 D Surface : lockCanvas
01-16 21:00:43.282 29774 29774 D Surface : lockCanvas
01-16 21:00:43.310 29774 29774 D Surface : lockCanvas
01-16 21:00:43.335 29774 29774 D Surface : lockCanvas
01-16 21:00:43.376 30087 30087 W GooglePlayServicesUtil: com.dxx.firenow requires
the Google Play Store, but it is missing.
01-16 21:00:43.377 30087 30087 E DynamiteModule: Failed to load IDynamiteLoader
from GmsCore: Application package com.google.android.gms not found
01-16 21:00:43.382 29774 29774 D Surface : lockCanvas
01-16 21:00:43.382 30087 30087 I Ads : Use
RequestConfiguration.Builder().setTestDeviceIds(Arrays.asList("CAE91634B0F69EBD7D35
A091C93B1AF2")) to get test ads on this device.
01-16 21:00:43.398 30087 30131 W GooglePlayServicesUtil: com.dxx.firenow requires
the Google Play Store, but it is missing.
01-16 21:00:43.399 30087 30131 W GoogleApiManager: The service for
com.google.android.gms.internal.appset.zzd is not available:
ConnectionResult{statusCode=SERVICE_INVALID, resolution=null, message=null}
01-16 21:00:43.411 30087 30087 W GooglePlayServicesUtil: com.dxx.firenow requires
the Google Play Store, but it is missing.
01-16 21:00:43.411 30087 30131 W GooglePlayServicesUtil: com.dxx.firenow requires
the Google Play Store, but it is missing.
01-16 21:00:43.411 30087 30131 W GoogleApiManager: The service for
com.google.android.gms.internal.appset.zzd is not available:
ConnectionResult{statusCode=SERVICE_INVALID, resolution=null, message=null}
01-16 21:00:43.412 30087 32005 E DynamiteModule: Failed to load IDynamiteLoader
from GmsCore: Application package com.google.android.gms not found
01-16 21:00:43.415 30087 30087 E DynamiteModule: Failed to load IDynamiteLoader
from GmsCore: Application package com.google.android.gms not found
01-16 21:00:43.417 29774 29774 D Surface : lockCanvas
01-16 21:00:43.423 30087 30087 I Ads : Use
RequestConfiguration.Builder().setTestDeviceIds(Arrays.asList("CAE91634B0F69EBD7D35
A091C93B1AF2")) to get test ads on this device.
01-16 21:00:43.436 30087 32010 W GooglePlayServicesUtil: com.dxx.firenow requires
the Google Play Store, but it is missing.
01-16 21:00:43.438 30087 30131 W GooglePlayServicesUtil: com.dxx.firenow requires
the Google Play Store, but it is missing.
01-16 21:00:43.438 30087 30131 W GoogleApiManager: The service for
com.google.android.gms.internal.appset.zzd is not available:
ConnectionResult{statusCode=SERVICE_INVALID, resolution=null, message=null}
01-16 21:00:43.444 30087 32001 E DynamiteModule: Failed to load IDynamiteLoader
from GmsCore: Application package com.google.android.gms not found
01-16 21:00:43.445 30087 30131 W GooglePlayServicesUtil: com.dxx.firenow requires
the Google Play Store, but it is missing.
01-16 21:00:43.445 30087 30131 W GoogleApiManager: The service for
com.google.android.gms.internal.appset.zzd is not available:
ConnectionResult{statusCode=SERVICE_INVALID, resolution=null, message=null}
01-16 21:00:43.449 30087 30087 W GooglePlayServicesUtil: com.dxx.firenow requires
the Google Play Store, but it is missing.
01-16 21:00:43.450 30087 30087 E DynamiteModule: Failed to load IDynamiteLoader
from GmsCore: Application package com.google.android.gms not found
01-16 21:00:43.456 29774 29774 D Surface : lockCanvas
01-16 21:00:43.457 30087 30087 I Ads : Use
RequestConfiguration.Builder().setTestDeviceIds(Arrays.asList("CAE91634B0F69EBD7D35
A091C93B1AF2")) to get test ads on this device.
01-16 21:00:43.466 30087 32003 W Ads : Not retrying to fetch app settings
01-16 21:00:43.469 30087 32012 W GooglePlayServicesUtil: com.dxx.firenow requires
the Google Play Store, but it is missing.
01-16 21:00:43.470 30087 30131 W GooglePlayServicesUtil: com.dxx.firenow requires
the Google Play Store, but it is missing.
01-16 21:00:43.470 30087 30131 W GoogleApiManager: The service for
com.google.android.gms.internal.appset.zzd is not available:
ConnectionResult{statusCode=SERVICE_INVALID, resolution=null, message=null}
01-16 21:00:43.478 30087 30131 W GooglePlayServicesUtil: com.dxx.firenow requires
the Google Play Store, but it is missing.
01-16 21:00:43.479 30087 30131 W GoogleApiManager: The service for
com.google.android.gms.internal.appset.zzd is not available:
ConnectionResult{statusCode=SERVICE_INVALID, resolution=null, message=null}
01-16 21:00:43.479 30087 31813 E DynamiteModule: Failed to load IDynamiteLoader
from GmsCore: Application package com.google.android.gms not found
01-16 21:00:43.488 29774 29774 D Surface : lockCanvas
01-16 21:00:43.496 30087 32007 W Ads : Not retrying to fetch app settings
01-16 21:00:43.500 30087 32013 W GooglePlayServicesUtil: com.dxx.firenow requires
the Google Play Store, but it is missing.
01-16 21:00:43.532 29774 29774 D Surface : lockCanvas
01-16 21:00:43.700 29774 29774 D Surface : lockCanvas
01-16 21:00:43.964 29774 29774 D Surface : lockCanvas
01-16 21:00:43.991 29774 29774 D Surface : lockCanvas
01-16 21:00:44.021 29774 29774 D OverScroller: SplineOverScroller fling
releaseFlingBoost mPowerHandle = [791559]
01-16 21:00:44.037 29774 29774 D Surface : lockCanvas
01-16 21:00:44.054 29774 29774 D Surface : lockCanvas
01-16 21:00:44.421 29774 29774 D Surface : lockCanvas
01-16 21:00:44.437 29774 29774 D Surface : lockCanvas
01-16 21:00:44.455 29774 29774 D Surface : lockCanvas
01-16 21:00:44.472 29774 29774 D Surface : lockCanvas
01-16 21:00:44.488 29774 29774 D Surface : lockCanvas
01-16 21:00:44.505 29774 29774 D Surface : lockCanvas
01-16 21:00:44.522 29774 29774 D Surface : lockCanvas
01-16 21:00:44.537 29774 29774 D Surface : lockCanvas
01-16 21:00:44.555 29774 29774 D Surface : lockCanvas
01-16 21:00:44.571 29774 29774 D Surface : lockCanvas
01-16 21:00:44.588 29774 29774 D Surface : lockCanvas
01-16 21:00:44.605 29774 29774 D Surface : lockCanvas
01-16 21:00:44.622 29774 29774 D Surface : lockCanvas
01-16 21:00:44.638 29774 29774 D Surface : lockCanvas
01-16 21:00:44.655 29774 29774 D Surface : lockCanvas
01-16 21:00:44.671 29774 29774 D Surface : lockCanvas
01-16 21:00:46.354 29774 29774 D AppTurboService: dont support slide jank stats.
01-16 21:00:46.369 29774 29774 D Surface : lockCanvas
01-16 21:00:46.424 29774 29774 D Surface : lockCanvas
01-16 21:00:46.455 29774 29774 D Surface : lockCanvas
01-16 21:00:46.483 29774 29774 D Surface : lockCanvas
01-16 21:00:46.511 29774 29774 D Surface : lockCanvas
01-16 21:00:46.536 29774 29774 D Surface : lockCanvas
01-16 21:00:46.562 29774 29774 D Surface : lockCanvas
01-16 21:00:46.587 29774 29774 D Surface : lockCanvas
01-16 21:00:46.613 29774 29774 D Surface : lockCanvas
01-16 21:00:46.639 29774 29774 D Surface : lockCanvas
01-16 21:00:46.665 29774 29774 D Surface : lockCanvas
01-16 21:00:46.692 29774 29774 D Surface : lockCanvas
01-16 21:00:46.716 29774 29774 D Surface : lockCanvas
01-16 21:00:46.743 29774 29774 D Surface : lockCanvas
01-16 21:00:46.768 29774 29774 D Surface : lockCanvas
01-16 21:00:46.793 29774 29774 D Surface : lockCanvas
01-16 21:00:46.819 29774 29774 D Surface : lockCanvas
01-16 21:00:46.845 29774 29774 D Surface : lockCanvas
01-16 21:00:46.871 29774 29774 D Surface : lockCanvas
01-16 21:00:46.896 29774 29774 D Surface : lockCanvas
01-16 21:00:46.923 29774 29774 D Surface : lockCanvas
01-16 21:00:46.948 29774 29774 D Surface : lockCanvas
01-16 21:00:46.981 29774 29774 D Surface : lockCanvas
01-16 21:00:47.048 29774 29774 D Surface : lockCanvas
01-16 21:00:47.454 29774 29774 D Surface : lockCanvas
01-16 21:00:47.471 29774 29774 D Surface : lockCanvas
01-16 21:00:47.488 29774 29774 D Surface : lockCanvas
01-16 21:00:47.504 29774 29774 D Surface : lockCanvas
01-16 21:00:47.521 29774 29774 D Surface : lockCanvas
01-16 21:00:47.550 29774 29774 D Surface : lockCanvas
01-16 21:00:47.954 29774 29774 D Surface : lockCanvas
01-16 21:00:47.988 29774 29774 D Surface : lockCanvas
01-16 21:00:48.010 29774 29774 D Surface : lockCanvas
01-16 21:00:48.020 29774 29774 D Surface : lockCanvas
01-16 21:00:48.037 29774 29774 D Surface : lockCanvas
01-16 21:00:48.053 29774 29774 D Surface : lockCanvas
01-16 21:00:48.070 29774 29774 D Surface : lockCanvas
01-16 21:00:48.094 29774 29774 D Surface : lockCanvas
01-16 21:00:48.103 29774 29774 D Surface : lockCanvas
01-16 21:00:48.120 29774 29774 D Surface : lockCanvas
01-16 21:00:48.137 29774 29774 D Surface : lockCanvas
01-16 21:00:48.154 29774 29774 D Surface : lockCanvas
01-16 21:00:48.171 29774 29774 D Surface : lockCanvas
01-16 21:00:48.187 29774 29774 D Surface : lockCanvas
01-16 21:00:48.204 29774 29774 D Surface : lockCanvas
01-16 21:00:48.319 29774 29774 D Surface : lockCanvas
01-16 21:00:48.366 29774 29774 D Surface : lockCanvas
01-16 21:00:48.395 29774 29774 D Surface : lockCanvas
01-16 21:00:48.422 29774 29774 D Surface : lockCanvas
01-16 21:00:48.449 29774 29774 D Surface : lockCanvas
01-16 21:00:48.476 29774 29774 D Surface : lockCanvas
01-16 21:00:48.504 29774 29774 D Surface : lockCanvas
01-16 21:00:48.531 29774 29774 D Surface : lockCanvas
01-16 21:00:48.560 29774 29774 D Surface : lockCanvas
01-16 21:00:48.587 29774 29774 D Surface : lockCanvas
01-16 21:00:48.617 29774 29774 D Surface : lockCanvas
01-16 21:00:48.646 29774 29774 D Surface : lockCanvas
01-16 21:00:48.672 29774 29774 D Surface : lockCanvas
01-16 21:00:48.697 29774 29774 D Surface : lockCanvas
01-16 21:00:48.725 29774 29774 D Surface : lockCanvas
01-16 21:00:48.750 29774 29774 D Surface : lockCanvas
01-16 21:00:48.775 29774 29774 D Surface : lockCanvas
01-16 21:00:48.802 29774 29774 D Surface : lockCanvas
01-16 21:00:48.829 29774 29774 D AppTurboService: dont support slide jank stats.
01-16 21:00:48.829 29774 29774 D OverScroller: SplineOverScroller fling
startFlingBoost mPowerHandle = [791559]
01-16 21:00:48.841 29774 29774 D Surface : lockCanvas
01-16 21:00:48.862 29774 29774 D Surface : lockCanvas
01-16 21:00:48.882 29774 29774 D Surface : lockCanvas
01-16 21:00:48.902 29774 29774 D Surface : lockCanvas
01-16 21:00:48.922 29774 29774 D Surface : lockCanvas
01-16 21:00:48.941 29774 29774 D Surface : lockCanvas
01-16 21:00:48.962 29774 29774 D Surface : lockCanvas
01-16 21:00:48.983 29774 29774 D Surface : lockCanvas
01-16 21:00:49.003 29774 29774 D Surface : lockCanvas
01-16 21:00:49.023 29774 29774 D Surface : lockCanvas
01-16 21:00:49.044 29774 29774 D Surface : lockCanvas
01-16 21:00:49.064 29774 29774 D Surface : lockCanvas
01-16 21:00:49.084 29774 29774 D Surface : lockCanvas
01-16 21:00:49.106 29774 29774 D Surface : lockCanvas
01-16 21:00:49.125 29774 29774 D Surface : lockCanvas
01-16 21:00:49.145 29774 29774 D Surface : lockCanvas
01-16 21:00:49.165 29774 29774 D Surface : lockCanvas
01-16 21:00:49.184 29774 29774 D Surface : lockCanvas
01-16 21:00:49.202 29774 29774 D Surface : lockCanvas
01-16 21:00:49.222 29774 29774 D Surface : lockCanvas
01-16 21:00:49.241 29774 29774 D Surface : lockCanvas
01-16 21:00:49.261 29774 29774 D Surface : lockCanvas
01-16 21:00:49.280 29774 29774 D Surface : lockCanvas
01-16 21:00:49.299 29774 29774 D Surface : lockCanvas
01-16 21:00:49.319 29774 29774 D Surface : lockCanvas
01-16 21:00:49.339 29774 29774 D Surface : lockCanvas
01-16 21:00:49.358 29774 29774 D Surface : lockCanvas
01-16 21:00:49.378 29774 29774 D Surface : lockCanvas
01-16 21:00:49.398 29774 29774 D Surface : lockCanvas
01-16 21:00:49.422 29774 29774 D Surface : lockCanvas
01-16 21:00:49.442 29774 29774 D Surface : lockCanvas
01-16 21:00:49.463 29774 29774 D Surface : lockCanvas
01-16 21:00:49.482 29774 29774 D OverScroller: SplineOverScroller fling
releaseFlingBoost mPowerHandle = [791952]
01-16 21:00:49.482 29774 29774 D OverScroller: SplineOverScroller fling
releaseFlingBoost mPowerHandle = [791952]
01-16 21:00:49.482 29774 29774 D AppTurboService: dont support slide jank stats.
01-16 21:00:49.495 29774 29774 D Surface : lockCanvas
01-16 21:00:49.520 29774 29774 D Surface : lockCanvas
01-16 21:00:49.546 29774 29774 D Surface : lockCanvas
01-16 21:00:49.571 29774 29774 D Surface : lockCanvas
01-16 21:00:49.597 29774 29774 D Surface : lockCanvas
01-16 21:00:49.623 29774 29774 D Surface : lockCanvas
01-16 21:00:49.651 29774 29774 D Surface : lockCanvas
01-16 21:00:49.678 29774 29774 D Surface : lockCanvas
01-16 21:00:49.704 29774 29774 D Surface : lockCanvas
01-16 21:00:49.731 29774 29774 D Surface : lockCanvas
01-16 21:00:49.756 29774 29774 D Surface : lockCanvas
01-16 21:00:49.782 29774 29774 D Surface : lockCanvas
01-16 21:00:49.808 29774 29774 D Surface : lockCanvas
01-16 21:00:49.835 29774 29774 D Surface : lockCanvas
01-16 21:00:49.863 29774 29774 D Surface : lockCanvas
01-16 21:00:49.889 29774 29774 D Surface : lockCanvas
01-16 21:00:49.915 29774 29774 D Surface : lockCanvas
01-16 21:00:49.940 29774 29774 D Surface : lockCanvas
01-16 21:00:49.964 29774 29774 D OverScroller: SplineOverScroller fling
releaseFlingBoost mPowerHandle = [791952]
01-16 21:00:49.974 29774 29774 D Surface : lockCanvas
01-16 21:00:50.370 29774 29774 D Surface : lockCanvas
01-16 21:00:50.388 29774 29774 D Surface : lockCanvas
01-16 21:00:50.404 29774 29774 D Surface : lockCanvas
01-16 21:00:50.420 29774 29774 D Surface : lockCanvas
01-16 21:00:50.438 29774 29774 D Surface : lockCanvas
01-16 21:00:50.454 29774 29774 D Surface : lockCanvas
01-16 21:00:50.471 29774 29774 D Surface : lockCanvas
01-16 21:00:50.487 29774 29774 D Surface : lockCanvas
01-16 21:00:50.504 29774 29774 D Surface : lockCanvas
01-16 21:00:50.521 29774 29774 D Surface : lockCanvas
01-16 21:00:50.542 29774 29774 D Surface : lockCanvas
01-16 21:00:50.571 29774 29774 D Surface : lockCanvas
01-16 21:00:50.587 29774 29774 D Surface : lockCanvas
01-16 21:00:50.604 29774 29774 D Surface : lockCanvas
01-16 21:00:50.621 29774 29774 D Surface : lockCanvas
01-16 21:00:51.553 29774 29774 D AppTurboService: dont support slide jank stats.
01-16 21:00:51.568 29774 29774 D Surface : lockCanvas
01-16 21:00:51.606 29774 29774 D Surface : lockCanvas
01-16 21:00:51.636 29774 29774 D Surface : lockCanvas
01-16 21:00:51.661 29774 29774 D Surface : lockCanvas
01-16 21:00:51.693 29774 29774 D Surface : lockCanvas
01-16 21:00:51.719 29774 29774 D Surface : lockCanvas
01-16 21:00:51.745 29774 29774 D Surface : lockCanvas
01-16 21:00:51.772 29774 29774 D Surface : lockCanvas
01-16 21:00:51.797 29774 29774 D Surface : lockCanvas
01-16 21:00:51.823 29774 29774 D Surface : lockCanvas
01-16 21:00:51.847 29774 29774 D Surface : lockCanvas
01-16 21:00:51.872 29774 29774 D Surface : lockCanvas
01-16 21:00:51.896 29774 29774 D Surface : lockCanvas
01-16 21:00:51.923 29774 29774 D Surface : lockCanvas
01-16 21:00:51.948 29774 29774 D Surface : lockCanvas
01-16 21:00:51.975 29774 29774 D Surface : lockCanvas
01-16 21:00:52.000 29774 29774 D Surface : lockCanvas
01-16 21:00:52.027 29774 29774 D Surface : lockCanvas
01-16 21:00:52.052 29774 29774 D Surface : lockCanvas
01-16 21:00:52.078 29774 29774 D Surface : lockCanvas
01-16 21:00:52.103 29774 29774 D Surface : lockCanvas
01-16 21:00:52.128 29774 29774 D Surface : lockCanvas
01-16 21:00:52.152 29774 29774 D Surface : lockCanvas
01-16 21:00:52.179 29774 29774 D Surface : lockCanvas
01-16 21:00:52.202 29774 29774 D Surface : lockCanvas
01-16 21:00:52.229 29774 29774 D Surface : lockCanvas
01-16 21:00:52.255 29774 29774 D Surface : lockCanvas
01-16 21:00:52.279 29774 29774 D Surface : lockCanvas
01-16 21:00:52.363 29774 29774 D Surface : lockCanvas
01-16 21:00:52.547 29774 29774 D Surface : lockCanvas
01-16 21:00:52.572 29774 29774 D Surface : lockCanvas
01-16 21:00:52.598 29774 29774 D Surface : lockCanvas
01-16 21:00:52.648 29774 29774 D Surface : lockCanvas
01-16 21:00:52.680 29774 29774 D Surface : lockCanvas
01-16 21:00:52.713 29774 29774 D Surface : lockCanvas
01-16 21:00:52.739 29774 29774 D Surface : lockCanvas
01-16 21:00:52.763 29774 29774 D Surface : lockCanvas
01-16 21:00:52.814 29774 29774 D Surface : lockCanvas
01-16 21:00:52.863 29774 29774 D Surface : lockCanvas
01-16 21:00:52.913 29774 29774 D Surface : lockCanvas
01-16 21:00:52.947 29774 29774 D Surface : lockCanvas
01-16 21:00:53.064 29774 29774 D Surface : lockCanvas
01-16 21:00:53.230 29774 29774 D Surface : lockCanvas
01-16 21:00:53.255 29774 29774 D OverScroller: SplineOverScroller fling
releaseFlingBoost mPowerHandle = [791952]
01-16 21:00:53.266 29774 29774 D Surface : lockCanvas
01-16 21:00:53.287 29774 29774 D Surface : lockCanvas
01-16 21:00:53.589 30087 30087 I Ads : Ad failed to load : 0
01-16 21:00:53.596 30087 30087 I Ads : Ad failed to load : 0
01-16 21:00:53.597 30087 30087 I Ads : Ad failed to load : 0
01-16 21:00:53.625 30087 30087 E chromium: [ERROR:aw_browser_terminator.cc(154)]
Renderer process (32016) crash detected (code -1).
01-16 21:00:53.653 29774 29774 D Surface : lockCanvas
01-16 21:00:53.670 29774 29774 D Surface : lockCanvas
01-16 21:00:53.687 29774 29774 D Surface : lockCanvas
01-16 21:00:53.704 29774 29774 D Surface : lockCanvas
01-16 21:00:53.724 29774 29774 D Surface : lockCanvas
01-16 21:00:53.737 29774 29774 D Surface : lockCanvas
01-16 21:00:53.754 29774 29774 D Surface : lockCanvas
01-16 21:00:53.771 29774 29774 D Surface : lockCanvas
01-16 21:00:53.788 29774 29774 D Surface : lockCanvas
01-16 21:00:53.805 29774 29774 D Surface : lockCanvas
01-16 21:00:53.821 29774 29774 D Surface : lockCanvas
01-16 21:00:53.837 29774 29774 D Surface : lockCanvas
01-16 21:00:53.854 29774 29774 D Surface : lockCanvas
01-16 21:00:53.871 29774 29774 D Surface : lockCanvas
01-16 21:00:53.887 29774 29774 D Surface : lockCanvas
01-16 21:00:53.904 29774 29774 D Surface : lockCanvas
01-16 21:00:59.303 29774 29774 D AppTurboService: dont support slide jank stats.
01-16 21:00:59.319 29774 29774 D Surface : lockCanvas
01-16 21:00:59.368 29774 29774 D Surface : lockCanvas
01-16 21:00:59.399 29774 29774 D Surface : lockCanvas
01-16 21:00:59.427 29774 29774 D Surface : lockCanvas
01-16 21:00:59.455 29774 29774 D Surface : lockCanvas
01-16 21:00:59.479 29774 29774 D Surface : lockCanvas
01-16 21:00:59.503 29774 29774 D Surface : lockCanvas
01-16 21:00:59.530 29774 29774 D Surface : lockCanvas
01-16 21:00:59.557 29774 29774 D Surface : lockCanvas
01-16 21:00:59.585 29774 29774 D Surface : lockCanvas
01-16 21:00:59.611 29774 29774 D Surface : lockCanvas
01-16 21:00:59.636 29774 29774 D Surface : lockCanvas
01-16 21:00:59.662 29774 29774 D Surface : lockCanvas
01-16 21:00:59.686 29774 29774 D Surface : lockCanvas
01-16 21:00:59.712 29774 29774 D Surface : lockCanvas
01-16 21:00:59.739 29774 29774 D Surface : lockCanvas
01-16 21:00:59.764 29774 29774 D Surface : lockCanvas
01-16 21:00:59.789 29774 29774 D Surface : lockCanvas
01-16 21:00:59.813 29774 29774 D Surface : lockCanvas
01-16 21:01:00.001 29774 29774 D OverScroller: SplineOverScroller fling
releaseFlingBoost mPowerHandle = [791952]
01-16 21:01:00.010 29774 29774 D Surface : lockCanvas
01-16 21:01:00.220 29774 29774 D Surface : lockCanvas
01-16 21:01:00.238 29774 29774 D Surface : lockCanvas
01-16 21:01:00.254 29774 29774 D Surface : lockCanvas
01-16 21:01:00.271 29774 29774 D Surface : lockCanvas
01-16 21:01:00.288 29774 29774 D Surface : lockCanvas
01-16 21:01:00.304 29774 29774 D Surface : lockCanvas
01-16 21:01:00.321 29774 29774 D Surface : lockCanvas
01-16 21:01:00.338 29774 29774 D Surface : lockCanvas
01-16 21:01:00.354 29774 29774 D Surface : lockCanvas
01-16 21:01:00.371 29774 29774 D Surface : lockCanvas
01-16 21:01:00.388 29774 29774 D Surface : lockCanvas
01-16 21:01:00.405 29774 29774 D Surface : lockCanvas
01-16 21:01:00.421 29774 29774 D Surface : lockCanvas
01-16 21:01:00.437 29774 29774 D Surface : lockCanvas
01-16 21:01:00.454 29774 29774 D Surface : lockCanvas
01-16 21:01:00.471 29774 29774 D Surface : lockCanvas
01-16 21:01:01.136 29774 29774 D AppTurboService: dont support slide jank stats.
01-16 21:01:01.155 29774 29774 D Surface : lockCanvas
01-16 21:01:01.197 29774 29774 D Surface : lockCanvas
01-16 21:01:01.230 29774 29774 D Surface : lockCanvas
01-16 21:01:01.258 29774 29774 D Surface : lockCanvas
01-16 21:01:01.284 29774 29774 D Surface : lockCanvas
01-16 21:01:01.312 29774 29774 D Surface : lockCanvas
01-16 21:01:01.340 29774 29774 D Surface : lockCanvas
01-16 21:01:01.367 29774 29774 D Surface : lockCanvas
01-16 21:01:01.396 29774 29774 D Surface : lockCanvas
01-16 21:01:01.424 29774 29774 D Surface : lockCanvas
01-16 21:01:01.450 29774 29774 D Surface : lockCanvas
01-16 21:01:01.477 29774 29774 D Surface : lockCanvas
01-16 21:01:01.502 29774 29774 D Surface : lockCanvas
01-16 21:01:01.527 29774 29774 D Surface : lockCanvas
01-16 21:01:01.551 29774 29774 D Surface : lockCanvas
01-16 21:01:01.578 29774 29774 D Surface : lockCanvas
01-16 21:01:01.604 29774 29774 D Surface : lockCanvas
01-16 21:01:01.628 29774 29774 D Surface : lockCanvas
01-16 21:01:01.731 29774 29774 D OverScroller: SplineOverScroller fling
releaseFlingBoost mPowerHandle = [791952]
01-16 21:01:01.736 29774 29774 D Surface : lockCanvas
01-16 21:01:01.752 29774 29774 D Surface : lockCanvas
01-16 21:01:02.004 29774 29774 D Surface : lockCanvas
01-16 21:01:02.020 29774 29774 D Surface : lockCanvas
01-16 21:01:02.037 29774 29774 D Surface : lockCanvas
01-16 21:01:02.054 29774 29774 D Surface : lockCanvas
01-16 21:01:02.070 29774 29774 D Surface : lockCanvas
01-16 21:01:02.087 29774 29774 D Surface : lockCanvas
01-16 21:01:02.104 29774 29774 D Surface : lockCanvas
01-16 21:01:02.121 29774 29774 D Surface : lockCanvas
01-16 21:01:02.137 29774 29774 D Surface : lockCanvas
01-16 21:01:02.154 29774 29774 D Surface : lockCanvas
01-16 21:01:02.171 29774 29774 D Surface : lockCanvas
01-16 21:01:02.187 29774 29774 D Surface : lockCanvas
01-16 21:01:02.204 29774 29774 D Surface : lockCanvas
01-16 21:01:02.221 29774 29774 D Surface : lockCanvas
01-16 21:01:02.237 29774 29774 D Surface : lockCanvas
01-16 21:01:02.254 29774 29774 D Surface : lockCanvas
01-16 21:01:02.271 29774 29774 D Surface : lockCanvas
01-16 21:01:03.606 30087 30109 W rora.virtual:p: Couldn't lock the profile file
/data/misc/profiles/cur/0/com.dxx.firenow/primary.prof: Failed to open file
'/data/misc/profiles/cur/0/com.dxx.firenow/primary.prof': Permission denied
01-16 21:01:03.606 30087 30109 W rora.virtual:p: Could not forcefully load
profile /data/misc/profiles/cur/0/com.dxx.firenow/primary.prof
01-16 21:01:03.719 29774 29774 D AppTurboService: dont support slide jank stats.
01-16 21:01:03.740 29774 29774 D Surface : lockCanvas
01-16 21:01:03.779 29774 29774 D Surface : lockCanvas
01-16 21:01:03.815 29774 29774 D Surface : lockCanvas
01-16 21:01:03.845 29774 29774 D Surface : lockCanvas
01-16 21:01:03.872 29774 29774 D Surface : lockCanvas
01-16 21:01:03.898 29774 29774 D Surface : lockCanvas
01-16 21:01:03.924 29774 29774 D Surface : lockCanvas
01-16 21:01:03.951 29774 29774 D Surface : lockCanvas
01-16 21:01:03.978 29774 29774 D Surface : lockCanvas
01-16 21:01:04.005 29774 29774 D Surface : lockCanvas
01-16 21:01:04.029 29774 29774 D Surface : lockCanvas
01-16 21:01:04.056 29774 29774 D Surface : lockCanvas
01-16 21:01:04.085 29774 29774 D Surface : lockCanvas
01-16 21:01:04.111 29774 29774 D Surface : lockCanvas
01-16 21:01:04.139 29774 29774 D Surface : lockCanvas
01-16 21:01:04.164 29774 29774 D Surface : lockCanvas
01-16 21:01:04.191 29774 29774 D Surface : lockCanvas
01-16 21:01:04.215 29774 29774 D OverScroller: SplineOverScroller fling
releaseFlingBoost mPowerHandle = [791952]
01-16 21:01:04.225 29774 29774 D Surface : lockCanvas
01-16 21:01:04.253 29774 29774 D Surface : lockCanvas
01-16 21:01:04.620 29774 29774 D Surface : lockCanvas
01-16 21:01:04.637 29774 29774 D Surface : lockCanvas
01-16 21:01:04.654 29774 29774 D Surface : lockCanvas
01-16 21:01:04.671 29774 29774 D Surface : lockCanvas
01-16 21:01:04.687 29774 29774 D Surface : lockCanvas
01-16 21:01:04.704 29774 29774 D Surface : lockCanvas
01-16 21:01:04.721 29774 29774 D Surface : lockCanvas
01-16 21:01:04.739 29774 29774 D Surface : lockCanvas
01-16 21:01:04.754 29774 29774 D Surface : lockCanvas
01-16 21:01:04.770 29774 29774 D Surface : lockCanvas
01-16 21:01:04.787 29774 29774 D Surface : lockCanvas
01-16 21:01:04.804 29774 29774 D Surface : lockCanvas
01-16 21:01:04.821 29774 29774 D Surface : lockCanvas
01-16 21:01:04.837 29774 29774 D Surface : lockCanvas
01-16 21:01:04.854 29774 29774 D Surface : lockCanvas
01-16 21:01:04.871 29774 29774 D Surface : lockCanvas
01-16 21:01:09.127 29774 29774 D Surface : lockCanvas
01-16 21:01:09.258 29774 29774 E AndroidService: Use 10 com.sameer.arora.virtual
instead of null
01-16 21:01:09.327 29774 29774 D Surface : lockCanvas
01-16 21:01:09.423 29774 29774 I BufferQueueConsumer: [](id:744e00000066,api:0,p:-
1,c:29774) connect: controlledByApp=false
01-16 21:01:09.423 29774 29774 I BLASTBufferQueue: [ViewRootImpl[]#102]
constructor()
01-16 21:01:09.428 29774 29774 D Surface : lockCanvas
01-16 21:01:09.428 29774 29774 I BufferQueueProducer: [ViewRootImpl[]#102(BLAST
Consumer)102](id:744e00000066,api:2,p:29774,c:29774) connect: api=2
producerControlledByApp=true
01-16 21:01:09.439 29774 29774 D Surface : lockCanvas
01-16 21:01:09.478 29774 29774 D Surface : lockCanvas
01-16 21:01:09.482 29774 29774 D View : [Warning] assignParent to null: this =
android.ext.Tools$ViewWrapper{d96de8e V.E...... ......I. 0,0-180,60}
01-16 21:01:09.486 29774 29774 E AndroidService: dbg2:
android.ext.Tools$ViewWrapper{7c4403b V.E...... ......I. 0,0-0,0} {(10000,10000)
(180x60) gr=TOP LEFT CENTER ty=APPLICATION_OVERLAY fmt=TRANSPARENT
01-16 21:01:09.486 29774 29774 E AndroidService: fl=NOT_FOCUSABLE
LAYOUT_IN_SCREEN
01-16 21:01:09.486 29774 29774 E AndroidService: bhv=DEFAULT
01-16 21:01:09.486 29774 29774 E AndroidService: fitTypes=STATUS_BARS
NAVIGATION_BARS CAPTION_BAR}
01-16 21:01:09.486 29774 29774 E AndroidService: Use 10 com.sameer.arora.virtual
instead of com.sameer.arora.virtual
01-16 21:01:09.502 29774 29774 I BufferQueueConsumer: [](id:744e00000067,api:0,p:-
1,c:29774) connect: controlledByApp=false
01-16 21:01:09.502 29774 29774 I BLASTBufferQueue: [ViewRootImpl[]#103]
constructor()
01-16 21:01:09.507 29774 29774 D Surface : lockCanvas
01-16 21:01:09.507 29774 29774 I BufferQueueProducer: [ViewRootImpl[]#103(BLAST
Consumer)103](id:744e00000067,api:2,p:29774,c:29774) connect: api=2
producerControlledByApp=true
01-16 21:01:09.509 29774 29774 D Surface : lockCanvas
01-16 21:01:09.547 29774 29774 D Surface : lockCanvas
01-16 21:01:09.556 29774 29774 D OverScroller: SplineOverScroller fling
releaseFlingBoost mPowerHandle = [791952]
01-16 21:01:09.557 29774 29774 I BufferQueueProducer: [ViewRootImpl[]#101(BLAST
Consumer)101](id:744e00000065,api:2,p:29774,c:29774) disconnect: api 2
01-16 21:01:09.558 29774 29774 I BLASTBufferQueue: [ViewRootImpl[]#101]
destructor()
01-16 21:01:09.558 29774 29774 I BufferQueueConsumer: [ViewRootImpl[]#101(BLAST
Consumer)101](id:744e00000065,api:0,p:-1,c:29774) disconnect
01-16 21:01:09.562 29774 29774 D Surface : lockCanvas
01-16 21:01:09.575 29774 30638 I BLASTBufferQueue: releaseBufferCallbackThunk
bufferId:127878356271344 framenumber:1 blastBufferQueue is dead
01-16 21:01:09.607 29774 29774 D Surface : lockCanvas
01-16 21:01:09.612 29774 29774 D Surface : lockCanvas
01-16 21:01:09.615 29774 29774 D Surface : lockCanvas
01-16 21:01:09.652 29774 29774 D Surface : lockCanvas
01-16 21:01:09.689 29774 29774 D Surface : lockCanvas
01-16 21:01:09.693 29774 29774 D Surface : lockCanvas
01-16 21:01:09.730 29774 29774 D Surface : lockCanvas
01-16 21:01:09.734 29774 29774 D Surface : lockCanvas
01-16 21:01:09.773 29774 29774 D Surface : lockCanvas
01-16 21:01:09.809 29774 29774 D Surface : lockCanvas
01-16 21:01:09.845 29774 29774 D Surface : lockCanvas
01-16 21:01:09.882 29774 29774 D Surface : lockCanvas
01-16 21:01:09.919 29774 29774 D Surface : lockCanvas
01-16 21:01:09.956 29774 29774 D Surface : lockCanvas
01-16 21:01:09.991 29774 29774 D Surface : lockCanvas
01-16 21:01:10.027 29774 29774 D Surface : lockCanvas
01-16 21:01:10.062 29774 29774 D Surface : lockCanvas
01-16 21:01:10.097 29774 29774 D Surface : lockCanvas
01-16 21:01:10.721 29774 29774 D Surface : lockCanvas
01-16 21:01:10.737 29774 29774 D Surface : lockCanvas
01-16 21:01:10.754 29774 29774 D Surface : lockCanvas
01-16 21:01:10.771 29774 29774 D Surface : lockCanvas
01-16 21:01:10.787 29774 29774 D Surface : lockCanvas
01-16 21:01:10.804 29774 29774 D Surface : lockCanvas
01-16 21:01:10.824 29774 29774 D Surface : lockCanvas
01-16 21:01:10.855 29774 29774 D Surface : lockCanvas
01-16 21:01:10.872 29774 29774 D Surface : lockCanvas
01-16 21:01:10.887 29774 29774 D Surface : lockCanvas
01-16 21:01:10.904 29774 29774 D Surface : lockCanvas
01-16 21:01:10.920 29774 29774 D Surface : lockCanvas
01-16 21:01:10.937 29774 29774 D Surface : lockCanvas
01-16 21:01:10.953 29774 29774 D Surface : lockCanvas
01-16 21:01:10.963 29774 29774 D Surface : lockCanvas
01-16 21:01:10.979 29774 29774 D Surface : lockCanvas
01-16 21:01:10.987 29774 29774 D Surface : lockCanvas
01-16 21:01:10.995 29774 29774 D Surface : lockCanvas
01-16 21:01:11.004 29774 29774 D Surface : lockCanvas
01-16 21:01:11.020 29774 29774 D Surface : lockCanvas
