1.0]} FLAG_ALPHA:0.4122592 FLAG_VISIBILITY:true
01-16 20:58:37.375 29774 30353 I DEBUG_NAV_InsetsAnimationCtrlImpl:
setInsetsAndAlpha-insets:Insets{left=0, top=0, right=0, bottom=144}
/alpha:0.4502616 /fraction:0.568 /allowWhenFinished:false
01-16 20:58:37.376 29774 30353 D DEBUG_NAV_InsetsAnimThreadRunner:
applySurfaceParams:1
01-16 20:58:37.376 29774 29774 D Surface : lockCanvas
01-16 20:58:37.376 29774 30353 I DEBUG_NAV_InsetsAnimThreadRunner:
printSurfaceParams: FLAG_MATRIX:Matrix{[1.0, 0.0, 0.0][0.0, 1.0, 2256.0][0.0, 0.0,
1.0]} FLAG_ALPHA:0.4502616 FLAG_VISIBILITY:true
01-16 20:58:37.392 29774 30353 I DEBUG_NAV_InsetsAnimationCtrlImpl:
setInsetsAndAlpha-insets:Insets{left=0, top=0, right=0, bottom=144}
/alpha:0.48602855 /fraction:0.6 /allowWhenFinished:false
01-16 20:58:37.393 29774 30353 D DEBUG_NAV_InsetsAnimThreadRunner:
applySurfaceParams:1
01-16 20:58:37.395 29774 30353 I DEBUG_NAV_InsetsAnimThreadRunner:
printSurfaceParams: FLAG_MATRIX:Matrix{[1.0, 0.0, 0.0][0.0, 1.0, 2256.0][0.0, 0.0,
1.0]} FLAG_ALPHA:0.48602855 FLAG_VISIBILITY:true
01-16 20:58:37.409 29774 30353 I DEBUG_NAV_InsetsAnimationCtrlImpl:
setInsetsAndAlpha-insets:Insets{left=0, top=0, right=0, bottom=144}
/alpha:0.52581894 /fraction:0.634 /allowWhenFinished:false
01-16 20:58:37.409 29774 30353 D DEBUG_NAV_InsetsAnimThreadRunner:
applySurfaceParams:1
01-16 20:58:37.410 29774 30353 I DEBUG_NAV_InsetsAnimThreadRunner:
printSurfaceParams: FLAG_MATRIX:Matrix{[1.0, 0.0, 0.0][0.0, 1.0, 2256.0][0.0, 0.0,
1.0]} FLAG_ALPHA:0.52581894 FLAG_VISIBILITY:true
01-16 20:58:37.425 29774 30353 I DEBUG_NAV_InsetsAnimationCtrlImpl:
setInsetsAndAlpha-insets:Insets{left=0, top=0, right=0, bottom=144}
/alpha:0.56664884 /fraction:0.668 /allowWhenFinished:false
01-16 20:58:37.426 29774 30353 D DEBUG_NAV_InsetsAnimThreadRunner:
applySurfaceParams:1
01-16 20:58:37.427 29774 30353 I DEBUG_NAV_InsetsAnimThreadRunner:
printSurfaceParams: FLAG_MATRIX:Matrix{[1.0, 0.0, 0.0][0.0, 1.0, 2256.0][0.0, 0.0,
1.0]} FLAG_ALPHA:0.56664884 FLAG_VISIBILITY:true
01-16 20:58:37.442 29774 30353 I DEBUG_NAV_InsetsAnimationCtrlImpl:
setInsetsAndAlpha-insets:Insets{left=0, top=0, right=0, bottom=144}
/alpha:0.60551476 /fraction:0.7 /allowWhenFinished:false
01-16 20:58:37.443 29774 30353 D DEBUG_NAV_InsetsAnimThreadRunner:
applySurfaceParams:1
01-16 20:58:37.444 29774 30353 I DEBUG_NAV_InsetsAnimThreadRunner:
printSurfaceParams: FLAG_MATRIX:Matrix{[1.0, 0.0, 0.0][0.0, 1.0, 2256.0][0.0, 0.0,
1.0]} FLAG_ALPHA:0.60551476 FLAG_VISIBILITY:true
01-16 20:58:37.459 29774 30353 I DEBUG_NAV_InsetsAnimationCtrlImpl:
setInsetsAndAlpha-insets:Insets{left=0, top=0, right=0, bottom=144}
/alpha:0.6478575 /fraction:0.734 /allowWhenFinished:false
01-16 20:58:37.460 29774 30353 D DEBUG_NAV_InsetsAnimThreadRunner:
applySurfaceParams:1
01-16 20:58:37.461 29774 30353 I DEBUG_NAV_InsetsAnimThreadRunner:
printSurfaceParams: FLAG_MATRIX:Matrix{[1.0, 0.0, 0.0][0.0, 1.0, 2256.0][0.0, 0.0,
1.0]} FLAG_ALPHA:0.6478575 FLAG_VISIBILITY:true
01-16 20:58:37.475 29774 30353 I DEBUG_NAV_InsetsAnimationCtrlImpl:
setInsetsAndAlpha-insets:Insets{left=0, top=0, right=0, bottom=144}
/alpha:0.69040424 /fraction:0.768 /allowWhenFinished:false
01-16 20:58:37.476 29774 30353 D DEBUG_NAV_InsetsAnimThreadRunner:
applySurfaceParams:1
01-16 20:58:37.478 29774 30353 I DEBUG_NAV_InsetsAnimThreadRunner:
printSurfaceParams: FLAG_MATRIX:Matrix{[1.0, 0.0, 0.0][0.0, 1.0, 2256.0][0.0, 0.0,
1.0]} FLAG_ALPHA:0.69040424 FLAG_VISIBILITY:true
01-16 20:58:37.492 29774 30353 I DEBUG_NAV_InsetsAnimationCtrlImpl:
setInsetsAndAlpha-insets:Insets{left=0, top=0, right=0, bottom=144}
/alpha:0.73148775 /fraction:0.8 /allowWhenFinished:false
01-16 20:58:37.493 29774 30353 D DEBUG_NAV_InsetsAnimThreadRunner:
applySurfaceParams:1
01-16 20:58:37.494 29774 30353 I DEBUG_NAV_InsetsAnimThreadRunner:
printSurfaceParams: FLAG_MATRIX:Matrix{[1.0, 0.0, 0.0][0.0, 1.0, 2256.0][0.0, 0.0,
1.0]} FLAG_ALPHA:0.73148775 FLAG_VISIBILITY:true
01-16 20:58:37.509 29774 30353 I DEBUG_NAV_InsetsAnimationCtrlImpl:
setInsetsAndAlpha-insets:Insets{left=0, top=0, right=0, bottom=144}
/alpha:0.77532405 /fraction:0.834 /allowWhenFinished:false
01-16 20:58:37.510 29774 30353 D DEBUG_NAV_InsetsAnimThreadRunner:
applySurfaceParams:1
01-16 20:58:37.511 29774 30353 I DEBUG_NAV_InsetsAnimThreadRunner:
printSurfaceParams: FLAG_MATRIX:Matrix{[1.0, 0.0, 0.0][0.0, 1.0, 2256.0][0.0, 0.0,
1.0]} FLAG_ALPHA:0.77532405 FLAG_VISIBILITY:true
01-16 20:58:37.525 29774 30353 I DEBUG_NAV_InsetsAnimationCtrlImpl:
setInsetsAndAlpha-insets:Insets{left=0, top=0, right=0, bottom=144}
/alpha:0.8201179 /fraction:0.868 /allowWhenFinished:false
01-16 20:58:37.526 29774 30353 D DEBUG_NAV_InsetsAnimThreadRunner:
applySurfaceParams:1
01-16 20:58:37.527 29774 30353 I DEBUG_NAV_InsetsAnimThreadRunner:
printSurfaceParams: FLAG_MATRIX:Matrix{[1.0, 0.0, 0.0][0.0, 1.0, 2256.0][0.0, 0.0,
1.0]} FLAG_ALPHA:0.8201179 FLAG_VISIBILITY:true
01-16 20:58:37.542 29774 30353 I DEBUG_NAV_InsetsAnimationCtrlImpl:
setInsetsAndAlpha-insets:Insets{left=0, top=0, right=0, bottom=144}
/alpha:0.8626003 /fraction:0.9 /allowWhenFinished:false
01-16 20:58:37.543 29774 30353 D DEBUG_NAV_InsetsAnimThreadRunner:
applySurfaceParams:1
01-16 20:58:37.544 29774 30353 I DEBUG_NAV_InsetsAnimThreadRunner:
printSurfaceParams: FLAG_MATRIX:Matrix{[1.0, 0.0, 0.0][0.0, 1.0, 2256.0][0.0, 0.0,
1.0]} FLAG_ALPHA:0.8626003 FLAG_VISIBILITY:true
01-16 20:58:37.559 29774 30353 I DEBUG_NAV_InsetsAnimationCtrlImpl:
setInsetsAndAlpha-insets:Insets{left=0, top=0, right=0, bottom=144}
/alpha:0.9085041 /fraction:0.934 /allowWhenFinished:false
01-16 20:58:37.560 29774 30353 D DEBUG_NAV_InsetsAnimThreadRunner:
applySurfaceParams:1
01-16 20:58:37.561 29774 30353 I DEBUG_NAV_InsetsAnimThreadRunner:
printSurfaceParams: FLAG_MATRIX:Matrix{[1.0, 0.0, 0.0][0.0, 1.0, 2256.0][0.0, 0.0,
1.0]} FLAG_ALPHA:0.9085041 FLAG_VISIBILITY:true
01-16 20:58:37.575 29774 30353 I DEBUG_NAV_InsetsAnimationCtrlImpl:
setInsetsAndAlpha-insets:Insets{left=0, top=0, right=0, bottom=144}
/alpha:0.95518774 /fraction:0.968 /allowWhenFinished:false
01-16 20:58:37.576 29774 30353 D DEBUG_NAV_InsetsAnimThreadRunner:
applySurfaceParams:1
01-16 20:58:37.577 29774 30353 I DEBUG_NAV_InsetsAnimThreadRunner:
printSurfaceParams: FLAG_MATRIX:Matrix{[1.0, 0.0, 0.0][0.0, 1.0, 2256.0][0.0, 0.0,
1.0]} FLAG_ALPHA:0.95518774 FLAG_VISIBILITY:true
01-16 20:58:37.592 29774 30353 I DEBUG_NAV_InsetsAnimationCtrlImpl:
setInsetsAndAlpha-insets:Insets{left=0, top=0, right=0, bottom=144}
/alpha:1.0 /fraction:1.0 /allowWhenFinished:false
01-16 20:58:37.593 29774 30353 D DEBUG_NAV_InsetsAnimThreadRunner:
applySurfaceParams:1
01-16 20:58:37.594 29774 30353 I DEBUG_NAV_InsetsAnimThreadRunner:
printSurfaceParams: FLAG_MATRIX:Matrix{[1.0, 0.0, 0.0][0.0, 1.0, 2256.0][0.0, 0.0,
1.0]} FLAG_ALPHA:1.0 FLAG_VISIBILITY:true
01-16 20:58:37.596 29774 30353 I DEBUG_NAV_InsetsAnimationCtrlImpl:
setInsetsAndAlpha-insets:Insets{left=0, top=0, right=0, bottom=144}
/alpha:1.0 /fraction:1.0 /allowWhenFinished:true
01-16 20:58:37.597 29774 30353 D DEBUG_NAV_InsetsAnimThreadRunner:
applySurfaceParams:1
01-16 20:58:37.598 29774 30353 I DEBUG_NAV_InsetsAnimThreadRunner:
printSurfaceParams: FLAG_MATRIX:Matrix{[1.0, 0.0, 0.0][0.0, 1.0, 2256.0][0.0, 0.0,
1.0]} FLAG_ALPHA:1.0 FLAG_VISIBILITY:true
01-16 20:58:38.572 29774 29774 D Surface : lockCanvas
01-16 20:58:38.588 29774 29774 D Surface : lockCanvas
01-16 20:58:38.606 29774 29774 D Surface : lockCanvas
01-16 20:58:38.622 29774 29774 D Surface : lockCanvas
01-16 20:58:38.638 29774 29774 D Surface : lockCanvas
01-16 20:58:38.658 29774 29774 D Surface : lockCanvas
01-16 20:58:38.672 29774 29774 D Surface : lockCanvas
01-16 20:58:38.694 29774 29774 D Surface : lockCanvas
01-16 20:58:38.704 29774 29774 D AppTurboService: dont support slide jank stats.
01-16 20:58:38.718 29774 29774 D Surface : lockCanvas
01-16 20:58:38.767 29774 29774 D Surface : lockCanvas
01-16 20:58:38.806 29774 29774 D Surface : lockCanvas
01-16 20:58:38.839 29774 29774 D Surface : lockCanvas
01-16 20:58:38.871 29774 29774 D Surface : lockCanvas
01-16 20:58:38.909 29774 29774 D Surface : lockCanvas
01-16 20:58:38.936 29774 29774 D Surface : lockCanvas
01-16 20:58:38.966 29774 29774 D Surface : lockCanvas
01-16 20:58:38.998 29774 29774 D Surface : lockCanvas
01-16 20:58:39.029 29774 29774 D Surface : lockCanvas
01-16 20:58:39.061 29774 29774 D Surface : lockCanvas
01-16 20:58:39.090 29774 29774 D Surface : lockCanvas
01-16 20:58:39.121 29774 29774 D Surface : lockCanvas
01-16 20:58:39.152 29774 29774 D Surface : lockCanvas
01-16 20:58:39.179 29774 29774 D Surface : lockCanvas
01-16 20:58:39.210 29774 29774 D Surface : lockCanvas
01-16 20:58:39.239 29774 29774 D Surface : lockCanvas
01-16 20:58:39.267 29774 29774 D Surface : lockCanvas
01-16 20:58:39.297 29774 29774 D Surface : lockCanvas
01-16 20:58:39.329 29774 29774 D Surface : lockCanvas
01-16 20:58:39.360 29774 29774 D Surface : lockCanvas
01-16 20:58:39.389 29774 29774 D Surface : lockCanvas
01-16 20:58:39.418 29774 29774 D AppTurboService: dont support slide jank stats.
01-16 20:58:39.419 29774 29774 D OverScroller: SplineOverScroller fling
startFlingBoost mPowerHandle = [786926]
01-16 20:58:39.432 29774 29774 D Surface : lockCanvas
01-16 20:58:39.453 29774 29774 D Surface : lockCanvas
01-16 20:58:39.476 29774 29774 D Surface : lockCanvas
01-16 20:58:39.499 29774 29774 D Surface : lockCanvas
01-16 20:58:39.522 29774 29774 D Surface : lockCanvas
01-16 20:58:39.546 29774 29774 D Surface : lockCanvas
01-16 20:58:39.568 29774 29774 D Surface : lockCanvas
01-16 20:58:39.593 29774 29774 D Surface : lockCanvas
01-16 20:58:39.614 29774 29774 D Surface : lockCanvas
01-16 20:58:39.635 29774 29774 D Surface : lockCanvas
01-16 20:58:39.656 29774 29774 D Surface : lockCanvas
01-16 20:58:39.677 29774 29774 D Surface : lockCanvas
01-16 20:58:39.699 29774 29774 D Surface : lockCanvas
01-16 20:58:39.720 29774 29774 D Surface : lockCanvas
01-16 20:58:39.743 29774 29774 D Surface : lockCanvas
01-16 20:58:39.773 29774 29774 D Surface : lockCanvas
01-16 20:58:39.796 29774 29774 D Surface : lockCanvas
01-16 20:58:39.817 29774 29774 D OverScroller: SplineOverScroller fling
releaseFlingBoost mPowerHandle = [787822]
01-16 20:58:39.817 29774 29774 D OverScroller: SplineOverScroller fling
releaseFlingBoost mPowerHandle = [787822]
01-16 20:58:39.817 29774 29774 D AppTurboService: dont support slide jank stats.
01-16 20:58:39.819 29774 29774 D Surface : lockCanvas
01-16 20:58:39.847 29774 29774 D Surface : lockCanvas
01-16 20:58:39.877 29774 29774 D Surface : lockCanvas
01-16 20:58:39.906 29774 29774 D Surface : lockCanvas
01-16 20:58:39.934 29774 29774 D Surface : lockCanvas
01-16 20:58:39.963 29774 29774 D Surface : lockCanvas
01-16 20:58:39.993 29774 29774 D Surface : lockCanvas
01-16 20:58:40.020 29774 29774 D Surface : lockCanvas
01-16 20:58:40.047 29774 29774 D Surface : lockCanvas
01-16 20:58:40.077 29774 29774 D Surface : lockCanvas
01-16 20:58:40.106 29774 29774 D Surface : lockCanvas
01-16 20:58:40.132 29774 29774 D Surface : lockCanvas
01-16 20:58:40.161 29774 29774 D Surface : lockCanvas
01-16 20:58:40.188 29774 29774 D Surface : lockCanvas
01-16 20:58:40.216 29774 29774 D Surface : lockCanvas
01-16 20:58:40.246 29774 29774 D Surface : lockCanvas
01-16 20:58:40.382 29774 29774 D Surface : lockCanvas
01-16 20:58:40.448 29774 29774 D Surface : lockCanvas
01-16 20:58:40.682 29774 29774 D Surface : lockCanvas
01-16 20:58:40.714 29774 29774 D Surface : lockCanvas
01-16 20:58:40.815 29774 29774 D Surface : lockCanvas
01-16 20:58:40.844 29774 29774 D Surface : lockCanvas
01-16 20:58:40.875 29774 29774 D Surface : lockCanvas
01-16 20:58:40.909 29774 29774 D Surface : lockCanvas
01-16 20:58:40.941 29774 29774 D Surface : lockCanvas
01-16 20:58:40.970 29774 29774 D Surface : lockCanvas
01-16 20:58:41.009 29774 29774 D Surface : lockCanvas
01-16 20:58:41.045 29774 29774 D Surface : lockCanvas
01-16 20:58:41.067 29774 29774 D AppTurboService: dont support slide jank stats.
01-16 20:58:41.067 29774 29774 D OverScroller: SplineOverScroller fling
startFlingBoost mPowerHandle = [787822]
01-16 20:58:41.082 29774 29774 D Surface : lockCanvas
01-16 20:58:41.103 29774 29774 D Surface : lockCanvas
01-16 20:58:41.126 29774 29774 D Surface : lockCanvas
01-16 20:58:41.149 29774 29774 D Surface : lockCanvas
01-16 20:58:41.170 29774 29774 D Surface : lockCanvas
01-16 20:58:41.193 29774 29774 D Surface : lockCanvas
01-16 20:58:41.215 29774 29774 D Surface : lockCanvas
01-16 20:58:41.242 29774 29774 D Surface : lockCanvas
01-16 20:58:41.264 29774 29774 D Surface : lockCanvas
01-16 20:58:41.286 29774 29774 D Surface : lockCanvas
01-16 20:58:41.308 29774 29774 D Surface : lockCanvas
01-16 20:58:41.330 29774 29774 D Surface : lockCanvas
01-16 20:58:41.352 29774 29774 D Surface : lockCanvas
01-16 20:58:41.375 29774 29774 D Surface : lockCanvas
01-16 20:58:41.397 29774 29774 D Surface : lockCanvas
01-16 20:58:41.419 29774 29774 D Surface : lockCanvas
01-16 20:58:41.439 29774 29774 D Surface : lockCanvas
01-16 20:58:41.461 29774 29774 D Surface : lockCanvas
01-16 20:58:41.483 29774 29774 D Surface : lockCanvas
01-16 20:58:41.505 29774 29774 D Surface : lockCanvas
01-16 20:58:41.529 29774 29774 D Surface : lockCanvas
01-16 20:58:41.552 29774 29774 D Surface : lockCanvas
01-16 20:58:41.575 29774 29774 D Surface : lockCanvas
01-16 20:58:41.596 29774 29774 D Surface : lockCanvas
01-16 20:58:41.619 29774 29774 D Surface : lockCanvas
01-16 20:58:41.643 29774 29774 D Surface : lockCanvas
01-16 20:58:41.665 29774 29774 D Surface : lockCanvas
01-16 20:58:41.687 29774 29774 D Surface : lockCanvas
01-16 20:58:41.706 29774 29774 D Surface : lockCanvas
01-16 20:58:41.726 29774 29774 D Surface : lockCanvas
01-16 20:58:41.749 29774 29774 D Surface : lockCanvas
01-16 20:58:41.770 29774 29774 D Surface : lockCanvas
01-16 20:58:41.792 29774 29774 D Surface : lockCanvas
01-16 20:58:41.814 29774 29774 D Surface : lockCanvas
01-16 20:58:41.835 29774 29774 D Surface : lockCanvas
01-16 20:58:41.858 29774 29774 D Surface : lockCanvas
01-16 20:58:41.881 29774 29774 D Surface : lockCanvas
01-16 20:58:41.902 29774 29774 D Surface : lockCanvas
01-16 20:58:41.924 29774 29774 D Surface : lockCanvas
01-16 20:58:41.947 29774 29774 D Surface : lockCanvas
01-16 20:58:41.968 29774 29774 D Surface : lockCanvas
01-16 20:58:41.989 29774 29774 D Surface : lockCanvas
01-16 20:58:42.012 29774 29774 D Surface : lockCanvas
01-16 20:58:42.035 29774 29774 D Surface : lockCanvas
01-16 20:58:42.056 29774 29774 D Surface : lockCanvas
01-16 20:58:42.076 29774 29774 D Surface : lockCanvas
01-16 20:58:42.098 29774 29774 D Surface : lockCanvas
01-16 20:58:42.120 29774 29774 D Surface : lockCanvas
01-16 20:58:42.145 29774 29774 D Surface : lockCanvas
01-16 20:58:42.167 29774 29774 D Surface : lockCanvas
01-16 20:58:42.191 29774 29774 D Surface : lockCanvas
01-16 20:58:42.214 29774 29774 D Surface : lockCanvas
01-16 20:58:42.236 29774 29774 D Surface : lockCanvas
01-16 20:58:42.259 29774 29774 D Surface : lockCanvas
01-16 20:58:42.280 29774 29774 D Surface : lockCanvas
01-16 20:58:42.303 29774 29774 D Surface : lockCanvas
01-16 20:58:42.329 29774 29774 D Surface : lockCanvas
01-16 20:58:42.349 29774 29774 D Surface : lockCanvas
01-16 20:58:42.371 29774 29774 D Surface : lockCanvas
01-16 20:58:42.394 29774 29774 D Surface : lockCanvas
01-16 20:58:42.417 29774 29774 D Surface : lockCanvas
01-16 20:58:42.441 29774 29774 D Surface : lockCanvas
01-16 20:58:42.463 29774 29774 D Surface : lockCanvas
01-16 20:58:42.484 29774 29774 D Surface : lockCanvas
01-16 20:58:42.500 29774 29774 D OverScroller: SplineOverScroller fling
releaseFlingBoost mPowerHandle = [787955]
01-16 20:58:42.508 29774 29774 D Surface : lockCanvas
01-16 20:58:42.531 29774 29774 D OverScroller: SplineOverScroller fling
releaseFlingBoost mPowerHandle = [787955]
01-16 20:58:42.538 29774 29774 D Surface : lockCanvas
01-16 20:58:42.558 29774 29774 D Surface : lockCanvas
01-16 20:58:42.937 29774 29774 D Surface : lockCanvas
01-16 20:58:42.953 29774 29774 D Surface : lockCanvas
01-16 20:58:42.970 29774 29774 D Surface : lockCanvas
01-16 20:58:42.987 29774 29774 D Surface : lockCanvas
01-16 20:58:43.004 29774 29774 D Surface : lockCanvas
01-16 20:58:43.020 29774 29774 D Surface : lockCanvas
01-16 20:58:43.037 29774 29774 D Surface : lockCanvas
01-16 20:58:43.054 29774 29774 D Surface : lockCanvas
01-16 20:58:43.071 29774 29774 D Surface : lockCanvas
01-16 20:58:43.087 29774 29774 D Surface : lockCanvas
01-16 20:58:43.104 29774 29774 D Surface : lockCanvas
01-16 20:58:43.121 29774 29774 D Surface : lockCanvas
01-16 20:58:43.137 29774 29774 D Surface : lockCanvas
01-16 20:58:43.154 29774 29774 D Surface : lockCanvas
01-16 20:58:43.170 29774 29774 D Surface : lockCanvas
01-16 20:58:43.187 29774 29774 D Surface : lockCanvas
01-16 20:58:43.652 29774 29774 D AppTurboService: dont support slide jank stats.
01-16 20:58:43.671 29774 29774 D Surface : lockCanvas
01-16 20:58:43.711 29774 29774 D Surface : lockCanvas
01-16 20:58:43.747 29774 29774 D Surface : lockCanvas
01-16 20:58:43.776 29774 29774 D Surface : lockCanvas
01-16 20:58:43.807 29774 29774 D Surface : lockCanvas
01-16 20:58:43.853 29774 29774 D Surface : lockCanvas
01-16 20:58:43.881 29774 29774 D Surface : lockCanvas
01-16 20:58:43.912 29774 29774 D Surface : lockCanvas
01-16 20:58:43.928 29774 29797 W rora.virtual:p: Couldn't lock the profile file
/data/misc/profiles/cur/0/com.jiicnynvhkwh.dz/primary.prof: Failed to open file
'/data/misc/profiles/cur/0/com.jiicnynvhkwh.dz/primary.prof': Permission denied
01-16 20:58:43.928 29774 29797 W rora.virtual:p: Could not forcefully load
profile /data/misc/profiles/cur/0/com.jiicnynvhkwh.dz/primary.prof
01-16 20:58:43.945 29774 29774 D Surface : lockCanvas
01-16 20:58:43.973 29774 29774 D Surface : lockCanvas
01-16 20:58:44.003 29774 29774 D Surface : lockCanvas
01-16 20:58:44.029 29774 29774 D Surface : lockCanvas
01-16 20:58:44.058 29774 29774 D Surface : lockCanvas
01-16 20:58:44.086 29774 29774 D Surface : lockCanvas
01-16 20:58:44.114 29774 29774 D Surface : lockCanvas
01-16 20:58:44.146 29774 29774 D Surface : lockCanvas
01-16 20:58:44.174 29774 29774 D Surface : lockCanvas
01-16 20:58:44.202 29774 29774 D Surface : lockCanvas
01-16 20:58:44.263 29774 29774 D Surface : lockCanvas
01-16 20:58:44.291 29774 29774 D Surface : lockCanvas
01-16 20:58:44.315 29774 29774 D Surface : lockCanvas
01-16 20:58:44.347 29774 29774 D Surface : lockCanvas
01-16 20:58:44.381 29774 29774 D Surface : lockCanvas
01-16 20:58:44.411 29774 29774 D OverScroller: SplineOverScroller fling
releaseFlingBoost mPowerHandle = [787955]
01-16 20:58:44.421 29774 29774 D Surface : lockCanvas
01-16 20:58:44.453 29774 29774 D Surface : lockCanvas
01-16 20:58:44.803 29774 29774 D Surface : lockCanvas
01-16 20:58:44.819 29774 29774 D Surface : lockCanvas
01-16 20:58:44.838 29774 29774 D Surface : lockCanvas
01-16 20:58:44.853 29774 29774 D Surface : lockCanvas
01-16 20:58:44.870 29774 29774 D Surface : lockCanvas
01-16 20:58:44.887 29774 29774 D Surface : lockCanvas
01-16 20:58:44.903 29774 29774 D Surface : lockCanvas
01-16 20:58:44.927 29774 29774 D Surface : lockCanvas
01-16 20:58:44.936 29774 29774 D Surface : lockCanvas
01-16 20:58:44.959 29774 29774 D Surface : lockCanvas
01-16 20:58:44.968 29774 29774 D AppTurboService: dont support slide jank stats.
01-16 20:58:44.981 29774 29774 D Surface : lockCanvas
01-16 20:58:45.013 29774 29774 D Surface : lockCanvas
01-16 20:58:45.046 29774 29774 D Surface : lockCanvas
01-16 20:58:45.080 29774 29774 D Surface : lockCanvas
01-16 20:58:45.108 29774 29774 D Surface : lockCanvas
01-16 20:58:45.135 29774 29774 D Surface : lockCanvas
01-16 20:58:45.165 29774 29774 D Surface : lockCanvas
01-16 20:58:45.196 29774 29774 D Surface : lockCanvas
01-16 20:58:45.228 29774 29774 D Surface : lockCanvas
01-16 20:58:45.261 29774 29774 D Surface : lockCanvas
01-16 20:58:45.290 29774 29774 D Surface : lockCanvas
01-16 20:58:45.316 29774 29774 D Surface : lockCanvas
01-16 20:58:45.343 29774 29774 D Surface : lockCanvas
01-16 20:58:45.373 29774 29774 D Surface : lockCanvas
01-16 20:58:45.403 29774 29774 D Surface : lockCanvas
01-16 20:58:45.433 29774 29774 D Surface : lockCanvas
01-16 20:58:45.462 29774 29774 D Surface : lockCanvas
01-16 20:58:45.493 29774 29774 D Surface : lockCanvas
01-16 20:58:45.523 29774 29774 D Surface : lockCanvas
01-16 20:58:45.553 29774 29774 D Surface : lockCanvas
01-16 20:58:45.577 29774 29774 D AppTurboService: dont support slide jank stats.
01-16 20:58:45.578 29774 29774 D OverScroller: SplineOverScroller fling
startFlingBoost mPowerHandle = [787955]
01-16 20:58:45.591 29774 29774 D Surface : lockCanvas
01-16 20:58:45.612 29774 29774 D Surface : lockCanvas
01-16 20:58:45.632 29774 29774 D Surface : lockCanvas
01-16 20:58:45.657 29774 29774 D Surface : lockCanvas
01-16 20:58:45.678 29774 29774 D Surface : lockCanvas
01-16 20:58:45.699 29774 29774 D Surface : lockCanvas
01-16 20:58:45.724 29774 29774 D Surface : lockCanvas
01-16 20:58:45.746 29774 29774 D Surface : lockCanvas
01-16 20:58:45.776 29774 29774 D Surface : lockCanvas
01-16 20:58:45.798 29774 29774 D Surface : lockCanvas
01-16 20:58:45.819 29774 29774 D Surface : lockCanvas
01-16 20:58:45.842 29774 29774 D Surface : lockCanvas
01-16 20:58:45.862 29774 29774 D Surface : lockCanvas
01-16 20:58:45.884 29774 29774 D Surface : lockCanvas
01-16 20:58:45.905 29774 29774 D Surface : lockCanvas
01-16 20:58:45.925 29774 29774 D Surface : lockCanvas
01-16 20:58:45.947 29774 29774 D Surface : lockCanvas
01-16 20:58:45.969 29774 29774 D Surface : lockCanvas
01-16 20:58:45.993 29774 29774 D Surface : lockCanvas
01-16 20:58:46.014 29774 29774 D Surface : lockCanvas
01-16 20:58:46.039 29774 29774 D Surface : lockCanvas
01-16 20:58:46.061 29774 29774 D Surface : lockCanvas
01-16 20:58:46.085 29774 29774 D Surface : lockCanvas
01-16 20:58:46.106 29774 29774 D Surface : lockCanvas
01-16 20:58:46.126 29774 29774 D Surface : lockCanvas
01-16 20:58:46.148 29774 29774 D Surface : lockCanvas
01-16 20:58:46.172 29774 29774 D Surface : lockCanvas
01-16 20:58:46.194 29774 29774 D Surface : lockCanvas
01-16 20:58:46.215 29774 29774 D Surface : lockCanvas
01-16 20:58:46.235 29774 29774 D Surface : lockCanvas
01-16 20:58:46.257 29774 29774 D Surface : lockCanvas
01-16 20:58:46.280 29774 29774 D Surface : lockCanvas
01-16 20:58:46.301 29774 29774 D Surface : lockCanvas
01-16 20:58:46.323 29774 29774 D Surface : lockCanvas
01-16 20:58:46.345 29774 29774 D Surface : lockCanvas
01-16 20:58:46.367 29774 29774 D Surface : lockCanvas
01-16 20:58:46.390 29774 29774 D Surface : lockCanvas
01-16 20:58:46.416 29774 29774 D Surface : lockCanvas
01-16 20:58:46.440 29774 29774 D Surface : lockCanvas
01-16 20:58:46.461 29774 29774 D Surface : lockCanvas
01-16 20:58:46.483 29774 29774 D Surface : lockCanvas
01-16 20:58:46.506 29774 29774 D Surface : lockCanvas
01-16 20:58:46.527 29774 29774 D Surface : lockCanvas
01-16 20:58:46.548 29774 29774 D Surface : lockCanvas
01-16 20:58:46.569 29774 29774 D Surface : lockCanvas
01-16 20:58:46.590 29774 29774 D Surface : lockCanvas
01-16 20:58:46.611 29774 29774 D Surface : lockCanvas
01-16 20:58:46.631 29774 29774 D Surface : lockCanvas
01-16 20:58:46.652 29774 29774 D Surface : lockCanvas
01-16 20:58:46.674 29774 29774 D Surface : lockCanvas
01-16 20:58:46.694 29774 29774 D Surface : lockCanvas
01-16 20:58:46.715 29774 29774 D Surface : lockCanvas
01-16 20:58:46.737 29774 29774 D Surface : lockCanvas
01-16 20:58:46.758 29774 29774 D Surface : lockCanvas
01-16 20:58:46.779 29774 29774 D Surface : lockCanvas
01-16 20:58:46.799 29774 29774 D Surface : lockCanvas
01-16 20:58:46.819 29774 29774 D Surface : lockCanvas
01-16 20:58:46.840 29774 29774 D Surface : lockCanvas
01-16 20:58:46.861 29774 29774 D Surface : lockCanvas
01-16 20:58:46.883 29774 29774 D Surface : lockCanvas
01-16 20:58:46.906 29774 29774 D Surface : lockCanvas
01-16 20:58:46.927 29774 29774 D Surface : lockCanvas
01-16 20:58:46.949 29774 29774 D Surface : lockCanvas
01-16 20:58:46.971 29774 29774 D Surface : lockCanvas
01-16 20:58:46.985 29774 29774 D OverScroller: SplineOverScroller fling
releaseFlingBoost mPowerHandle = [788192]
01-16 20:58:46.993 29774 29774 D Surface : lockCanvas
01-16 20:58:47.013 29774 29774 D OverScroller: SplineOverScroller fling
releaseFlingBoost mPowerHandle = [788192]
01-16 20:58:47.019 29774 29774 D Surface : lockCanvas
01-16 20:58:47.037 29774 29774 D Surface : lockCanvas
01-16 20:58:47.418 29774 29774 D Surface : lockCanvas
01-16 20:58:47.435 29774 29774 D Surface : lockCanvas
01-16 20:58:47.452 29774 29774 D Surface : lockCanvas
01-16 20:58:47.468 29774 29774 D Surface : lockCanvas
01-16 20:58:47.485 29774 29774 D Surface : lockCanvas
01-16 20:58:47.501 29774 29774 D Surface : lockCanvas
01-16 20:58:47.518 29774 29774 D Surface : lockCanvas
01-16 20:58:47.535 29774 29774 D Surface : lockCanvas
01-16 20:58:47.551 29774 29774 D Surface : lockCanvas
01-16 20:58:47.568 29774 29774 D Surface : lockCanvas
01-16 20:58:47.585 29774 29774 D Surface : lockCanvas
01-16 20:58:47.601 29774 29774 D Surface : lockCanvas
01-16 20:58:47.618 29774 29774 D Surface : lockCanvas
01-16 20:58:47.635 29774 29774 D Surface : lockCanvas
01-16 20:58:47.652 29774 29774 D Surface : lockCanvas
01-16 20:58:47.669 29774 29774 D Surface : lockCanvas
01-16 20:58:58.749 29774 29774 D AppTurboService: dont support slide jank stats.
01-16 20:58:58.771 29774 29774 D Surface : lockCanvas
01-16 20:58:58.822 29774 29774 D Surface : lockCanvas
01-16 20:58:58.856 29774 29774 D Surface : lockCanvas
01-16 20:58:58.885 29774 29774 D Surface : lockCanvas
01-16 20:58:58.915 29774 29774 D Surface : lockCanvas
01-16 20:58:58.943 29774 29774 D Surface : lockCanvas
01-16 20:58:58.976 29774 29774 D Surface : lockCanvas
01-16 20:58:59.006 29774 29774 D Surface : lockCanvas
01-16 20:58:59.037 29774 29774 D Surface : lockCanvas
01-16 20:58:59.065 29774 29774 D Surface : lockCanvas
01-16 20:58:59.094 29774 29774 D Surface : lockCanvas
01-16 20:58:59.125 29774 29774 D Surface : lockCanvas
01-16 20:58:59.155 29774 29774 D Surface : lockCanvas
01-16 20:58:59.182 29774 29774 D Surface : lockCanvas
01-16 20:58:59.211 29774 29774 D Surface : lockCanvas
01-16 20:58:59.242 29774 29774 D Surface : lockCanvas
01-16 20:58:59.270 29774 29774 D Surface : lockCanvas
01-16 20:58:59.298 29774 29774 D Surface : lockCanvas
01-16 20:58:59.326 29774 29774 D Surface : lockCanvas
01-16 20:58:59.359 29774 29774 D Surface : lockCanvas
01-16 20:58:59.387 29774 29774 D Surface : lockCanvas
01-16 20:58:59.410 29774 29774 D AppTurboService: dont support slide jank stats.
01-16 20:58:59.410 29774 29774 D OverScroller: SplineOverScroller fling
startFlingBoost mPowerHandle = [788192]
01-16 20:58:59.424 29774 29774 D Surface : lockCanvas
01-16 20:58:59.447 29774 29774 D Surface : lockCanvas
01-16 20:58:59.471 29774 29774 D Surface : lockCanvas
01-16 20:58:59.491 29774 29774 D Surface : lockCanvas
01-16 20:58:59.513 29774 29774 D Surface : lockCanvas
01-16 20:58:59.536 29774 29774 D Surface : lockCanvas
01-16 20:58:59.558 29774 29774 D Surface : lockCanvas
01-16 20:58:59.581 29774 29774 D Surface : lockCanvas
01-16 20:58:59.601 30087 30087 W GooglePlayServicesUtil: com.dxx.firenow requires
the Google Play Store, but it is missing.
01-16 20:58:59.602 29774 29774 D Surface : lockCanvas
01-16 20:58:59.603 30087 30087 E DynamiteModule: Failed to load IDynamiteLoader
from GmsCore: Application package com.google.android.gms not found
01-16 20:58:59.612 30087 30087 I Ads : Use
RequestConfiguration.Builder().setTestDeviceIds(Arrays.asList("CAE91634B0F69EBD7D35
A091C93B1AF2")) to get test ads on this device.
01-16 20:58:59.627 29774 29774 D Surface : lockCanvas
01-16 20:58:59.636 30087 31626 E DynamiteModule: Failed to load IDynamiteLoader
from GmsCore: Application package com.google.android.gms not found
01-16 20:58:59.638 30087 30131 W GooglePlayServicesUtil: com.dxx.firenow requires
the Google Play Store, but it is missing.
01-16 20:58:59.638 30087 30131 W GoogleApiManager: The service for
com.google.android.gms.internal.appset.zzd is not available:
ConnectionResult{statusCode=SERVICE_INVALID, resolution=null, message=null}
01-16 20:58:59.643 30087 30131 W GooglePlayServicesUtil: com.dxx.firenow requires
the Google Play Store, but it is missing.
01-16 20:58:59.644 30087 30131 W GoogleApiManager: The service for
com.google.android.gms.internal.appset.zzd is not available:
ConnectionResult{statusCode=SERVICE_INVALID, resolution=null, message=null}
01-16 20:58:59.645 30087 30087 W GooglePlayServicesUtil: com.dxx.firenow requires
the Google Play Store, but it is missing.
01-16 20:58:59.646 30087 30087 E DynamiteModule: Failed to load IDynamiteLoader
from GmsCore: Application package com.google.android.gms not found
01-16 20:58:59.647 30087 30109 W rora.virtual:p: Couldn't lock the profile file
/data/misc/profiles/cur/0/com.dxx.firenow/primary.prof: Failed to open file
'/data/misc/profiles/cur/0/com.dxx.firenow/primary.prof': Permission denied
01-16 20:58:59.647 30087 30109 W rora.virtual:p: Could not forcefully load
profile /data/misc/profiles/cur/0/com.dxx.firenow/primary.prof
01-16 20:58:59.652 30087 30087 I Ads : Use
RequestConfiguration.Builder().setTestDeviceIds(Arrays.asList("CAE91634B0F69EBD7D35
A091C93B1AF2")) to get test ads on this device.
01-16 20:58:59.654 29774 29774 D Surface : lockCanvas
01-16 20:58:59.664 30087 30131 W GooglePlayServicesUtil: com.dxx.firenow requires
the Google Play Store, but it is missing.
01-16 20:58:59.664 30087 30131 W GoogleApiManager: The service for
com.google.android.gms.internal.appset.zzd is not available:
ConnectionResult{statusCode=SERVICE_INVALID, resolution=null, message=null}
01-16 20:58:59.673 30087 30131 W GooglePlayServicesUtil: com.dxx.firenow requires
the Google Play Store, but it is missing.
01-16 20:58:59.675 30087 31628 E DynamiteModule: Failed to load IDynamiteLoader
from GmsCore: Application package com.google.android.gms not found
01-16 20:58:59.676 30087 30131 W GoogleApiManager: The service for
com.google.android.gms.internal.appset.zzd is not available:
ConnectionResult{statusCode=SERVICE_INVALID, resolution=null, message=null}
01-16 20:58:59.686 29774 29774 D Surface : lockCanvas
01-16 20:58:59.693 30087 31634 W GooglePlayServicesUtil: com.dxx.firenow requires
the Google Play Store, but it is missing.
01-16 20:58:59.693 30087 30087 W GooglePlayServicesUtil: com.dxx.firenow requires
the Google Play Store, but it is missing.
01-16 20:58:59.696 30087 30087 E DynamiteModule: Failed to load IDynamiteLoader
from GmsCore: Application package com.google.android.gms not found
01-16 20:58:59.702 30087 30087 I Ads : Use
RequestConfiguration.Builder().setTestDeviceIds(Arrays.asList("CAE91634B0F69EBD7D35
A091C93B1AF2")) to get test ads on this device.
01-16 20:58:59.713 30087 31627 W Ads : Not retrying to fetch app settings
01-16 20:58:59.713 30087 30131 W GooglePlayServicesUtil: com.dxx.firenow requires
the Google Play Store, but it is missing.
01-16 20:58:59.714 30087 30131 W GoogleApiManager: The service for
com.google.android.gms.internal.appset.zzd is not available:
ConnectionResult{statusCode=SERVICE_INVALID, resolution=null, message=null}
01-16 20:58:59.715 29774 29774 D Surface : lockCanvas
01-16 20:58:59.722 30087 31636 W GooglePlayServicesUtil: com.dxx.firenow requires
the Google Play Store, but it is missing.
01-16 20:58:59.722 30087 30131 W GooglePlayServicesUtil: com.dxx.firenow requires
the Google Play Store, but it is missing.
01-16 20:58:59.724 30087 30131 W GoogleApiManager: The service for
com.google.android.gms.internal.appset.zzd is not available:
ConnectionResult{statusCode=SERVICE_INVALID, resolution=null, message=null}
01-16 20:58:59.728 30087 31384 E DynamiteModule: Failed to load IDynamiteLoader
from GmsCore: Application package com.google.android.gms not found
01-16 20:58:59.742 29774 29774 D Surface : lockCanvas
01-16 20:58:59.753 30087 31630 W Ads : Not retrying to fetch app settings
01-16 20:58:59.757 30087 31637 W GooglePlayServicesUtil: com.dxx.firenow requires
the Google Play Store, but it is missing.
01-16 20:58:59.771 29774 29774 D Surface : lockCanvas
01-16 20:58:59.797 29774 29774 D Surface : lockCanvas
01-16 20:58:59.822 29774 29774 D Surface : lockCanvas
01-16 20:58:59.848 29774 29774 D Surface : lockCanvas
01-16 20:58:59.871 29774 29774 D Surface : lockCanvas
01-16 20:58:59.892 29774 29774 D Surface : lockCanvas
01-16 20:58:59.922 29774 29774 D Surface : lockCanvas
01-16 20:58:59.944 29774 29774 D Surface : lockCanvas
01-16 20:58:59.968 29774 29774 D Surface : lockCanvas
01-16 20:58:59.994 29774 29774 D Surface : lockCanvas
01-16 20:59:00.023 29774 29774 D Surface : lockCanvas
01-16 20:59:00.049 29774 29774 D Surface : lockCanvas
01-16 20:59:00.073 29774 29774 D Surface : lockCanvas
01-16 20:59:00.094 29774 29774 D Surface : lockCanvas
01-16 20:59:00.114 29774 29774 D Surface : lockCanvas
01-16 20:59:00.136 29774 29774 D Surface : lockCanvas
01-16 20:59:00.157 29774 29774 D Surface : lockCanvas
01-16 20:59:00.178 29774 29774 D Surface : lockCanvas
01-16 20:59:00.202 29774 29774 D Surface : lockCanvas
01-16 20:59:00.226 29774 29774 D Surface : lockCanvas
01-16 20:59:00.247 29774 29774 D Surface : lockCanvas
01-16 20:59:00.269 29774 29774 D Surface : lockCanvas
01-16 20:59:00.291 29774 29774 D Surface : lockCanvas
01-16 20:59:00.314 29774 29774 D Surface : lockCanvas
01-16 20:59:00.335 29774 29774 D Surface : lockCanvas
01-16 20:59:00.350 29774 29774 D OverScroller: SplineOverScroller fling
releaseFlingBoost mPowerHandle = [788345]
01-16 20:59:00.358 29774 29774 D Surface : lockCanvas
01-16 20:59:00.381 29774 29774 D OverScroller: SplineOverScroller fling
releaseFlingBoost mPowerHandle = [788345]
01-16 20:59:00.390 29774 29774 D Surface : lockCanvas
01-16 20:59:00.406 29774 29774 D Surface : lockCanvas
01-16 20:59:00.770 29774 29774 D Surface : lockCanvas
01-16 20:59:00.786 29774 29774 D AppTurboService: dont support slide jank stats.
01-16 20:59:00.799 29774 29774 D Surface : lockCanvas
01-16 20:59:00.833 29774 29774 D Surface : lockCanvas
01-16 20:59:00.867 29774 29774 D Surface : lockCanvas
01-16 20:59:00.899 29774 29774 D Surface : lockCanvas
01-16 20:59:00.931 29774 29774 D Surface : lockCanvas
01-16 20:59:00.959 29774 29774 D Surface : lockCanvas
01-16 20:59:00.993 29774 29774 D Surface : lockCanvas
01-16 20:59:01.042 29774 29774 D Surface : lockCanvas
01-16 20:59:01.070 29774 29774 D Surface : lockCanvas
01-16 20:59:01.194 29774 29774 D Surface : lockCanvas
01-16 20:59:01.224 29774 29774 D OverScroller: SplineOverScroller fling
releaseFlingBoost mPowerHandle = [788345]
01-16 20:59:01.237 29774 29774 D Surface : lockCanvas
01-16 20:59:01.264 29774 29774 D Surface : lockCanvas
01-16 20:59:01.614 29774 29774 D Surface : lockCanvas
01-16 20:59:01.632 29774 29774 D Surface : lockCanvas
01-16 20:59:01.649 29774 29774 D Surface : lockCanvas
01-16 20:59:01.665 29774 29774 D Surface : lockCanvas
01-16 20:59:01.682 29774 29774 D Surface : lockCanvas
01-16 20:59:01.704 29774 29774 D Surface : lockCanvas
01-16 20:59:01.714 29774 29774 D Surface : lockCanvas
01-16 20:59:01.731 29774 29774 D Surface : lockCanvas
01-16 20:59:01.748 29774 29774 D Surface : lockCanvas
01-16 20:59:01.764 29774 29774 D Surface : lockCanvas
01-16 20:59:01.782 29774 29774 D Surface : lockCanvas
01-16 20:59:01.806 29774 29774 D Surface : lockCanvas
01-16 20:59:01.893 29774 29774 E AndroidService: Screen: 360dp x 716dp
01-16 20:59:01.896 29774 29774 E AndroidService: Kbd: 7 x 5; 984x720; 980x720
01-16 20:59:01.899 29774 29774 E AndroidService: Use 10 com.sameer.arora.virtual
instead of null
01-16 20:59:01.934 29774 29774 E AndroidService: Kbd: 7 x 5; 984x720; 980x720
01-16 20:59:01.938 29774 29774 D Surface : lockCanvas
01-16 20:59:02.032 29774 29774 I BufferQueueConsumer: [](id:744e00000046,api:0,p:-
1,c:29774) connect: controlledByApp=false
01-16 20:59:02.033 29774 29774 I BLASTBufferQueue: [ViewRootImpl[]#70]
constructor()
01-16 20:59:02.049 29774 29774 D Surface : lockCanvas
01-16 20:59:02.049 29774 29774 I BufferQueueProducer: [ViewRootImpl[]#70(BLAST
Consumer)70](id:744e00000046,api:2,p:29774,c:29774) connect: api=2
producerControlledByApp=true
01-16 20:59:02.102 29774 29774 D Surface : lockCanvas
01-16 20:59:02.224 29774 29774 D Surface : lockCanvas
01-16 20:59:02.243 29774 29774 D View : [Warning] assignParent to null: this =
android.ext.Tools$ViewWrapper{9b23027 V.E...... ......I. 0,0-180,60}
01-16 20:59:02.247 29774 29774 E AndroidService: dbg2:
android.ext.Tools$ViewWrapper{d088f11 V.E...... ......I. 0,0-0,0} {(10000,10000)
(180x60) gr=TOP LEFT CENTER ty=APPLICATION_OVERLAY fmt=TRANSPARENT
01-16 20:59:02.247 29774 29774 E AndroidService: fl=NOT_FOCUSABLE
LAYOUT_IN_SCREEN
01-16 20:59:02.247 29774 29774 E AndroidService: bhv=DEFAULT
01-16 20:59:02.247 29774 29774 E AndroidService: fitTypes=STATUS_BARS
NAVIGATION_BARS CAPTION_BAR}
01-16 20:59:02.247 29774 29774 E AndroidService: Use 10 com.sameer.arora.virtual
instead of com.sameer.arora.virtual
01-16 20:59:02.273 29774 29774 D OverScroller: SplineOverScroller fling
releaseFlingBoost mPowerHandle = [788345]
01-16 20:59:02.279 29774 29774 I BufferQueueConsumer: [](id:744e00000047,api:0,p:-
1,c:29774) connect: controlledByApp=false
01-16 20:59:02.280 29774 29774 I BLASTBufferQueue: [ViewRootImpl[]#71]
constructor()
01-16 20:59:02.286 29774 29774 D Surface : lockCanvas
01-16 20:59:02.286 29774 29774 I BufferQueueProducer: [ViewRootImpl[]#71(BLAST
Consumer)71](id:744e00000047,api:2,p:29774,c:29774) connect: api=2
producerControlledByApp=true
01-16 20:59:02.289 29774 29774 D Surface : lockCanvas
01-16 20:59:02.341 29774 29774 D Surface : lockCanvas
01-16 20:59:02.354 29774 29774 I BufferQueueProducer: [ViewRootImpl[]#69(BLAST
Consumer)69](id:744e00000045,api:2,p:29774,c:29774) disconnect: api 2
01-16 20:59:02.355 29774 29774 I BLASTBufferQueue: [ViewRootImpl[]#69] destructor()
01-16 20:59:02.355 29774 29774 I BufferQueueConsumer: [ViewRootImpl[]#69(BLAST
Consumer)69](id:744e00000045,api:0,p:-1,c:29774) disconnect
01-16 20:59:02.370 29774 29774 D Surface : lockCanvas
01-16 20:59:02.372 29774 29796 I BLASTBufferQueue: releaseBufferCallbackThunk
bufferId:127878356271273 framenumber:2 blastBufferQueue is dead
01-16 20:59:02.391 29774 29774 D Surface : lockCanvas
01-16 20:59:02.429 29774 29774 D Surface : lockCanvas
01-16 20:59:02.436 29774 29774 D Surface : lockCanvas
01-16 20:59:02.473 29774 29774 D Surface : lockCanvas
01-16 20:59:02.507 29774 29774 D Surface : lockCanvas
01-16 20:59:02.514 29774 29774 D Surface : lockCanvas
01-16 20:59:02.548 29774 29774 D Surface : lockCanvas
01-16 20:59:02.555 29774 29774 D Surface : lockCanvas
01-16 20:59:02.593 29774 29774 D Surface : lockCanvas
01-16 20:59:02.631 29774 29774 D Surface : lockCanvas
01-16 20:59:02.669 29774 29774 D Surface : lockCanvas
01-16 20:59:02.705 29774 29774 D Surface : lockCanvas
01-16 20:59:02.742 29774 29774 D Surface : lockCanvas
01-16 20:59:02.778 29774 29774 D Surface : lockCanvas
01-16 20:59:02.815 29774 29774 D Surface : lockCanvas
01-16 20:59:03.398 29774 29774 D Surface : lockCanvas
01-16 20:59:03.432 29774 29774 D Surface : lockCanvas
01-16 20:59:03.448 29774 29774 D Surface : lockCanvas
01-16 20:59:03.466 29774 29774 D Surface : lockCanvas
01-16 20:59:03.481 29774 29774 D Surface : lockCanvas
01-16 20:59:03.498 29774 29774 D Surface : lockCanvas
01-16 20:59:03.514 29774 29774 D Surface : lockCanvas
01-16 20:59:03.531 29774 29774 D Surface : lockCanvas
01-16 20:59:03.548 29774 29774 D Surface : lockCanvas
01-16 20:59:03.558 29774 29774 D Surface : lockCanvas
01-16 20:59:03.579 29774 29774 D Surface : lockCanvas
01-16 20:59:03.592 29774 29774 D Surface : lockCanvas
01-16 20:59:03.612 29774 29774 D Surface : lockCanvas
01-16 20:59:03.622 29774 29774 D Surface : lockCanvas
01-16 20:59:03.640 29774 29774 D Surface : lockCanvas
01-16 20:59:03.649 29774 29774 D Surface : lockCanvas
01-16 20:59:03.671 29774 29774 D Surface : lockCanvas
01-16 20:59:03.679 29774 29774 D Surface : lockCanvas
01-16 20:59:03.707 29774 29774 D Surface : lockCanvas
01-16 20:59:03.732 29774 29774 D Surface : lockCanvas
01-16 20:59:03.754 29774 29774 D Surface : lockCanvas
01-16 20:59:03.775 29774 29774 D Surface : lockCanvas
01-16 20:59:03.798 29774 29774 D Surface : lockCanvas
01-16 20:59:03.821 29774 29774 D Surface : lockCanvas
01-16 20:59:05.915 29774 29774 D Surface : lockCanvas
01-16 20:59:05.962 29774 29774 D Surface : lockCanvas
01-16 20:59:05.991 29774 29774 E AndroidService: Failed parse speed: '١٫٠٠٠٠٠٠٠٠٠'
01-16 20:59:05.991 29774 29774 E AndroidService: android.ext.pt: ' :رقم غير صالح
١٫٠٠٠٠٠٠٠٠٠'.
01-16 20:59:05.991 29774 29774 E AndroidService:
01-16 20:59:05.991 29774 29774 E AndroidService: ( في لغتكar_EG):
01-16 20:59:05.991 29774 29774 E AndroidService: فاصل عشري-' ٫
01-16 20:59:05.991 29774 29774 E AndroidService: اآلالف فاصل- ٬
01-16 20:59:05.991 29774 29774 E AndroidService: ';' - فاصل األرقام في البحث الجماعي
01-16 20:59:05.991 29774 29774 E AndroidService: at android.ext.ps.a(src:228)
01-16 20:59:05.991 29774 29774 E AndroidService: at android.ext.ps.d(src:651)
01-16 20:59:05.991 29774 29774 E AndroidService: at android.ext.ps.a(src:615)
01-16 20:59:05.991 29774 29774 E AndroidService: at
android.ext.Tools.f(src:1843)
01-16 20:59:05.991 29774 29774 E AndroidService: at android.ext.ky.a(src:118)
01-16 20:59:05.991 29774 29774 E AndroidService: at android.ext.ky.a(src:102)
01-16 20:59:05.991 29774 29774 E AndroidService: at
android.ext.ej.onClick(src:627)
01-16 20:59:05.991 29774 29774 E AndroidService: at
com.android.internal.app.AlertController$ButtonHandler.handleMessage(AlertControlle
r.java:175)
01-16 20:59:05.991 29774 29774 E AndroidService: at
android.os.Handler.dispatchMessage(Handler.java:106)
01-16 20:59:05.991 29774 29774 E AndroidService: at
android.os.Looper.loopOnce(Looper.java:241)
01-16 20:59:05.991 29774 29774 E AndroidService: at
android.os.Looper.loop(Looper.java:342)
01-16 20:59:05.991 29774 29774 E AndroidService: at
android.app.ActivityThread.main(ActivityThread.java:8118)
01-16 20:59:05.991 29774 29774 E AndroidService: at
java.lang.reflect.Method.invoke(Native Method)
01-16 20:59:05.991 29774 29774 E AndroidService: at
com.android.internal.os.RuntimeInit$MethodAndArgsCaller.run(RuntimeInit.java:583)
01-16 20:59:05.991 29774 29774 E AndroidService: at
com.android.internal.os.ZygoteInit.main(ZygoteInit.java:1045)
01-16 20:59:05.991 29774 29774 E AndroidService: Caused by:
java.lang.NumberFormatException: For input string: "١.٠٠٠٠٠٠٠٠٠"
01-16 20:59:05.991 29774 29774 E AndroidService: at
jdk.internal.math.FloatingDecimal.readJavaFormatString(FloatingDecimal.java:2054)
01-16 20:59:05.991 29774 29774 E AndroidService: at
jdk.internal.math.FloatingDecimal.parseDouble(FloatingDecimal.java:110)
01-16 20:59:05.991 29774 29774 E AndroidService: at
java.lang.Double.parseDouble(Double.java:660)
01-16 20:59:05.991 29774 29774 E AndroidService: at android.ext.ps.d(src:633)
01-16 20:59:05.991 29774 29774 E AndroidService: ... 13 more
01-16 20:59:05.997 29774 29774 D View : [Warning] assignParent to null: this =
DecorView@8880bf4[]
01-16 20:59:05.997 29774 29774 I BufferQueueProducer: [ViewRootImpl[]#70(BLAST
Consumer)70](id:744e00000046,api:2,p:29774,c:29774) disconnect: api 2
01-16 20:59:05.998 29774 29774 I BLASTBufferQueue: [ViewRootImpl[]#70] destructor()
01-16 20:59:05.998 29774 29774 I BufferQueueConsumer: [ViewRootImpl[]#70(BLAST
Consumer)70](id:744e00000046,api:0,p:-1,c:29774) disconnect
01-16 20:59:06.187 29774 29796 I BLASTBufferQueue: releaseBufferCallbackThunk
bufferId:127878356271279 framenumber:20 blastBufferQueue is dead
01-16 20:59:07.975 29774 29774 E AndroidService: MainDialog back
01-16 20:59:07.975 29774 29774 E AndroidService: ServiceProxy dismissDialog:
android.ext.me@f3edf03
01-16 20:59:08.010 29774 29774 D View : [Warning] assignParent to null: this =
DecorView@d4f686c[]
01-16 20:59:08.010 29774 29774 I BufferQueueProducer: [ViewRootImpl[]#68(BLAST
Consumer)68](id:744e00000044,api:2,p:29774,c:29774) disconnect: api 2
01-16 20:59:08.011 29774 29774 I BLASTBufferQueue: [ViewRootImpl[]#68] destructor()
01-16 20:59:08.011 29774 29774 I BufferQueueConsumer: [ViewRootImpl[]#68(BLAST
Consumer)68](id:744e00000044,api:0,p:-1,c:29774) disconnect
01-16 20:59:08.027 29774 29774 D View : [Warning] assignParent to null: this =
android.ext.Tools$ViewWrapper{d088f11 V.E...... ......I. 0,0-180,60}
01-16 20:59:08.027 29774 29774 E AndroidService: FloatPanel pos show: false false -
1 0
01-16 20:59:08.029 30087 30199 I DEBUG_NAV_InsetsAnimationCtrlImpl:
setInsetsAndAlpha-insets:Insets{left=0, top=0, right=0, bottom=144}
/alpha:1.0 /fraction:0.0 /allowWhenFinished:false
01-16 20:59:08.029 30087 30199 D DEBUG_NAV_InsetsAnimThreadRunner:
applySurfaceParams:1
01-16 20:59:08.030 30087 30199 I DEBUG_NAV_InsetsAnimThreadRunner:
printSurfaceParams: FLAG_MATRIX:Matrix{[1.0, 0.0, 0.0][0.0, 1.0, 2256.0][0.0, 0.0,
1.0]} FLAG_ALPHA:1.0 FLAG_VISIBILITY:true
01-16 20:59:08.031 29774 29774 E AndroidService: dbg2:
android.ext.Tools$ViewWrapper{50a0e80 V.E...... ......I. 0,0-0,0} {(223,650)
(wrapxwrap) gr=TOP LEFT CENTER ty=APPLICATION_OVERLAY fmt=TRANSPARENT
01-16 20:59:08.031 29774 29774 E AndroidService: fl=NOT_FOCUSABLE
01-16 20:59:08.031 29774 29774 E AndroidService: bhv=DEFAULT
01-16 20:59:08.031 29774 29774 E AndroidService: fitTypes=STATUS_BARS
NAVIGATION_BARS CAPTION_BAR}
01-16 20:59:08.032 29774 29774 E AndroidService: Use 10 com.sameer.arora.virtual
instead of com.sameer.arora.virtual
01-16 20:59:08.033 30087 30199 I DEBUG_NAV_InsetsAnimationCtrlImpl:
setInsetsAndAlpha-insets:Insets{left=0, top=0, right=0, bottom=144}
/alpha:1.0 /fraction:0.0 /allowWhenFinished:false
01-16 20:59:08.033 30087 30199 D DEBUG_NAV_InsetsAnimThreadRunner:
applySurfaceParams:1
01-16 20:59:08.033 30087 30199 I DEBUG_NAV_InsetsAnimThreadRunner:
printSurfaceParams: FLAG_MATRIX:Matrix{[1.0, 0.0, 0.0][0.0, 1.0, 2256.0][0.0, 0.0,
1.0]} FLAG_ALPHA:1.0 FLAG_VISIBILITY:true
01-16 20:59:08.037 29774 29796 I BLASTBufferQueue: releaseBufferCallbackThunk
bufferId:127878356271270 framenumber:416 blastBufferQueue is dead
01-16 20:59:08.049 30087 30199 I DEBUG_NAV_InsetsAnimationCtrlImpl:
setInsetsAndAlpha-insets:Insets{left=0, top=0, right=0, bottom=143}
/alpha:1.0 /fraction:0.05 /allowWhenFinished:false
01-16 20:59:08.050 30087 30199 D DEBUG_NAV_InsetsAnimThreadRunner:
applySurfaceParams:1
01-16 20:59:08.050 30087 30199 I DEBUG_NAV_InsetsAnimThreadRunner:
printSurfaceParams: FLAG_MATRIX:Matrix{[1.0, 0.0, 0.0][0.0, 1.0, 2257.0][0.0, 0.0,
1.0]} FLAG_ALPHA:1.0 FLAG_VISIBILITY:true
01-16 20:59:08.063 29774 29774 E AndroidService: FloatPanel time-jump show: false
false
01-16 20:59:08.066 30087 30199 I DEBUG_NAV_InsetsAnimationCtrlImpl:
setInsetsAndAlpha-insets:Insets{left=0, top=0, right=0, bottom=140}
/alpha:1.0 /fraction:0.1 /allowWhenFinished:false
01-16 20:59:08.066 29774 29774 E AndroidService: dbg2:
android.ext.Tools$ViewWrapper{e46685f V.E...... ......I. 0,0-0,0} {(0,0)(wrapxwrap)
gr=TOP LEFT CENTER ty=APPLICATION_OVERLAY fmt=TRANSPARENT
01-16 20:59:08.066 29774 29774 E AndroidService: fl=NOT_FOCUSABLE
01-16 20:59:08.066 29774 29774 E AndroidService: bhv=DEFAULT
01-16 20:59:08.066 29774 29774 E AndroidService: fitTypes=STATUS_BARS
NAVIGATION_BARS CAPTION_BAR}
01-16 20:59:08.066 30087 30199 D DEBUG_NAV_InsetsAnimThreadRunner:
applySurfaceParams:1
01-16 20:59:08.066 29774 29774 E AndroidService: Use 10 com.sameer.arora.virtual
instead of com.sameer.arora.virtual
01-16 20:59:08.066 30087 30199 I DEBUG_NAV_InsetsAnimThreadRunner:
printSurfaceParams: FLAG_MATRIX:Matrix{[1.0, 0.0, 0.0][0.0, 1.0, 2260.0][0.0, 0.0,
1.0]} FLAG_ALPHA:1.0 FLAG_VISIBILITY:true
01-16 20:59:08.082 29774 29774 E AndroidService: add notification
01-16 20:59:08.083 30087 30199 I DEBUG_NAV_InsetsAnimationCtrlImpl:
setInsetsAndAlpha-insets:Insets{left=0, top=0, right=0, bottom=134}
/alpha:1.0 /fraction:0.14705883 /allowWhenFinished:false
01-16 20:59:08.083 30087 30199 D DEBUG_NAV_InsetsAnimThreadRunner:
applySurfaceParams:1
01-16 20:59:08.083 30087 30199 I DEBUG_NAV_InsetsAnimThreadRunner:
printSurfaceParams: FLAG_MATRIX:Matrix{[1.0, 0.0, 0.0][0.0, 1.0, 2266.0][0.0, 0.0,
1.0]} FLAG_ALPHA:1.0 FLAG_VISIBILITY:true
01-16 20:59:08.092 29774 29774 D NotificationLice: setThunderbackButtonVisiable
01-16 20:59:08.092 29774 29774 D NotificationLice: setThunderbackButtonVisiable
01-16 20:59:08.093 29774 29774 D NotificationLice: updateThunderbackButtonVisiable
01-16 20:59:08.094 29774 29774 D NotificationLice: setThunderbackButtonVisiable
01-16 20:59:08.094 29774 29774 D NotificationLice: updateThunderbackButtonVisiable
01-16 20:59:08.099 30087 30199 I DEBUG_NAV_InsetsAnimationCtrlImpl:
setInsetsAndAlpha-insets:Insets{left=0, top=0, right=0, bottom=125}
/alpha:1.0 /fraction:0.19705883 /allowWhenFinished:false
01-16 20:59:08.100 30087 30199 D DEBUG_NAV_InsetsAnimThreadRunner:
applySurfaceParams:1
01-16 20:59:08.100 30087 30199 I DEBUG_NAV_InsetsAnimThreadRunner:
printSurfaceParams: FLAG_MATRIX:Matrix{[1.0, 0.0, 0.0][0.0, 1.0, 2275.0][0.0, 0.0,
1.0]} FLAG_ALPHA:1.0 FLAG_VISIBILITY:true
01-16 20:59:08.104 29774 29774 E AndroidService: startForeground 2.0
01-16 20:59:08.104 29774 29774 W InputEventReceiver: Attempted to finish an input
event but the input event receiver has already been disposed.
01-16 20:59:08.111 29774 29774 I BufferQueueConsumer: [](id:744e00000048,api:0,p:-
1,c:29774) connect: controlledByApp=false
01-16 20:59:08.111 29774 29774 I BLASTBufferQueue: [ViewRootImpl[]#72]
constructor()
01-16 20:59:08.116 30087 30199 I DEBUG_NAV_InsetsAnimationCtrlImpl:
setInsetsAndAlpha-insets:Insets{left=0, top=0, right=0, bottom=110}
/alpha:1.0 /fraction:0.24705882 /allowWhenFinished:false
01-16 20:59:08.116 30087 30199 D DEBUG_NAV_InsetsAnimThreadRunner:
applySurfaceParams:1
01-16 20:59:08.117 30087 30199 I DEBUG_NAV_InsetsAnimThreadRunner:
