android.fix.d@61f4a17, base: com.jiicnynvhkwh.dz.MainActivity@42e740b, base:
android.fix.d@8afbe04, base: android.app.ContextImpl@6413700; app - Context:
android.fix.d@9d14fed, base: com.jiicnynvhkwh.dz.Application@2c76e22, base:
android.app.ContextImpl@c6fe8d2; dae - Context: android.ext.ri@d917332, base:
com.jiicnynvhkwh.dz.AnalyticsService@90c5e8, base: android.app.ContextImpl@b23c485;
bad - 0
01-16 21:01:37.519 32318 32360 E AndroidService: Sended config: 2147483647
110000010000000001 1111111111111111111111110000000111111111111111111111111111111111
33000 0 /data/user/0/com.sameer.arora.virtual/data/user/0/com.jiicnynvhkwh.dz/
files/GG-{iqX; 83
01-16 21:01:37.519 32318 32318 E AndroidService: add notification
01-16 21:01:37.520 32318 32318 D CompatibilityChangeReporter: Compat change id
reported: 160794467; UID 10003; state: DISABLED
01-16 21:01:37.528 32318 32318 D NotificationLice: init ThunderbackLice
01-16 21:01:37.536 32318 32318 D NotificationLice: registerThunderbackObserver
01-16 21:01:37.537 32318 32318 D os.SingleLice: instance successfully.
com.transsion.thunderback.v1.NotificationLice@b2ab954 from
com.transsion.thunderback.NotificationLiceFactory
01-16 21:01:37.537 32318 32318 D os.SingleLiceFactory: instance successfully.
com.transsion.thunderback.v1.NotificationLice@b2ab954 from
android.app.IActivityThreadLice
01-16 21:01:37.537 32318 32318 D NotificationLice: setThunderbackButtonVisiable
01-16 21:01:37.538 32318 32318 D NotificationLice: setThunderbackButtonVisiable
01-16 21:01:37.540 32318 32318 D NotificationLice: updateThunderbackButtonVisiable
01-16 21:01:37.541 32318 32318 D NotificationLice: setThunderbackButtonVisiable
01-16 21:01:37.541 32318 32318 D NotificationLice: updateThunderbackButtonVisiable
01-16 21:01:37.551 32318 32318 E AndroidService: startForeground 2.0
01-16 21:01:37.589 32318 32318 E AndroidService: lLC - 1
01-16 21:01:37.590 32318 32318 E AndroidService: lLC - 0
01-16 21:01:37.621 32318 32318 E AndroidService: Failed parse speed: '١٫٠٠٠٠٠٠٠٠٠'
01-16 21:01:37.621 32318 32318 E AndroidService: android.ext.pt: ' :رقم غير صالح
١٫٠٠٠٠٠٠٠٠٠'.
01-16 21:01:37.621 32318 32318 E AndroidService:
01-16 21:01:37.621 32318 32318 E AndroidService: ( في لغتكar_EG):
01-16 21:01:37.621 32318 32318 E AndroidService: فاصل عشري-' ٫
01-16 21:01:37.621 32318 32318 E AndroidService: اآلالف فاصل- ٬
01-16 21:01:37.621 32318 32318 E AndroidService: ';' - فاصل األرقام في البحث الجماعي
01-16 21:01:37.621 32318 32318 E AndroidService: at android.ext.ps.a(src:228)
01-16 21:01:37.621 32318 32318 E AndroidService: at android.ext.ps.d(src:651)
01-16 21:01:37.621 32318 32318 E AndroidService: at android.ext.ps.a(src:615)
01-16 21:01:37.621 32318 32318 E AndroidService: at
android.ext.Tools.f(src:1843)
01-16 21:01:37.621 32318 32318 E AndroidService: at android.ext.ky.a(src:118)
01-16 21:01:37.621 32318 32318 E AndroidService: at
android.ext.ky.<init>(src:26)
01-16 21:01:37.621 32318 32318 E AndroidService: at
android.ext.MainService.t(src:2146)
01-16 21:01:37.621 32318 32318 E AndroidService: at android.ext.bg.run(src:38)
01-16 21:01:37.621 32318 32318 E AndroidService: at android.ext.rx.a(src:67)
01-16 21:01:37.621 32318 32318 E AndroidService: at android.ext.rx.a(src:74)
01-16 21:01:37.621 32318 32318 E AndroidService: at android.ext.bf.a(src:33)
01-16 21:01:37.621 32318 32318 E AndroidService: at android.ext.bf.a(src:22)
01-16 21:01:37.621 32318 32318 E AndroidService: at android.ext.lh.i(src:724)
01-16 21:01:37.621 32318 32318 E AndroidService: at
android.ext.bj.onStartCommand(src:127)
01-16 21:01:37.621 32318 32318 E AndroidService: at
top.niunaijun.blackbox.app.dispatcher.AppServiceDispatcher.onStartCommand(AppServic
eDispatcher.java:92)
01-16 21:01:37.621 32318 32318 E AndroidService: at
top.niunaijun.blackbox.proxy.ProxyService.onStartCommand(ProxyService.java:34)
01-16 21:01:37.621 32318 32318 E AndroidService: at
android.app.ActivityThread.handleServiceArgs(ActivityThread.java:4836)
01-16 21:01:37.621 32318 32318 E AndroidService: at
android.app.ActivityThread.access$2200(ActivityThread.java:272)
01-16 21:01:37.621 32318 32318 E AndroidService: at
android.app.ActivityThread$H.handleMessage(ActivityThread.java:2216)
01-16 21:01:37.621 32318 32318 E AndroidService: at
android.os.Handler.dispatchMessage(Handler.java:106)
01-16 21:01:37.621 32318 32318 E AndroidService: at
android.os.Looper.loopOnce(Looper.java:241)
01-16 21:01:37.621 32318 32318 E AndroidService: at
android.os.Looper.loop(Looper.java:342)
01-16 21:01:37.621 32318 32318 E AndroidService: at
android.app.ActivityThread.main(ActivityThread.java:8118)
01-16 21:01:37.621 32318 32318 E AndroidService: at
java.lang.reflect.Method.invoke(Native Method)
01-16 21:01:37.621 32318 32318 E AndroidService: at
com.android.internal.os.RuntimeInit$MethodAndArgsCaller.run(RuntimeInit.java:583)
01-16 21:01:37.621 32318 32318 E AndroidService: at
com.android.internal.os.ZygoteInit.main(ZygoteInit.java:1045)
01-16 21:01:37.621 32318 32318 E AndroidService: Caused by:
java.lang.NumberFormatException: For input string: "١.٠٠٠٠٠٠٠٠٠"
01-16 21:01:37.621 32318 32318 E AndroidService: at
jdk.internal.math.FloatingDecimal.readJavaFormatString(FloatingDecimal.java:2054)
01-16 21:01:37.621 32318 32318 E AndroidService: at
jdk.internal.math.FloatingDecimal.parseDouble(FloatingDecimal.java:110)
01-16 21:01:37.621 32318 32318 E AndroidService: at
java.lang.Double.parseDouble(Double.java:660)
01-16 21:01:37.621 32318 32318 E AndroidService: at android.ext.ps.d(src:633)
01-16 21:01:37.621 32318 32318 E AndroidService: ... 24 more
01-16 21:01:37.621 32405 32405 I android-daemon: init 105 ...
01-16 21:01:37.621 32405 32405 I android-daemon: FIXP: L 19 99
01-16 21:01:37.633 32405 32405 I android-daemon: FIXP: F 7fcadd811d 7fcadd8000
01-16 21:01:37.633 32405 32405 I android-daemon: FIXP: W 99 99
01-16 21:01:37.634 32318 32402 E AndroidService: Daemon:
/data/user/0/com.sameer.arora.virtual/data/user/0/com.jiicnynvhkwh.dz/files/GG-
{iqX/lib5.so
01-16 21:01:37.639 32318 32402 E AndroidService: try: exec
/data/user/0/com.sameer.arora.virtual/data/user/0/com.jiicnynvhkwh.dz/files/GG-
{iqX/lib5.so com.jiicnynvhkwh.dz
/data/user/0/com.sameer.arora.virtual/data/user/0/com.jiicnynvhkwh.dz/files/GG-{iqX
F702AA4E391818D5 0
01-16 21:01:37.639 32318 32402 E AndroidService: suCmd: 'null'; su: 'su'; runBin:
'su'
01-16 21:01:37.639 32318 32402 E AndroidService: exec 0 start
01-16 21:01:37.640 32318 32402 E AndroidService: exec 1 start
01-16 21:01:37.643 32318 32402 E AndroidService: tryRoot end
01-16 21:01:37.643 32318 32402 E AndroidService: Daemon process: null; pid=n/a
01-16 21:01:37.643 32318 32402 E AndroidService: Test 1 start
01-16 21:01:37.644 32318 32434 E AndroidService: cmd (exec id) start
01-16 21:01:37.644 32318 32434 E AndroidService: su (su) used
01-16 21:01:37.644 32318 32434 E AndroidService: try: exec id
01-16 21:01:37.644 32318 32434 E AndroidService: suCmd: 'su'; su: 'su'; runBin:
'su'
01-16 21:01:37.644 32318 32434 E AndroidService: exec 0 start
01-16 21:01:37.645 32318 32434 E AndroidService: exec 1 start
01-16 21:01:37.648 32318 32434 E AndroidService: tryRoot end
01-16 21:01:37.648 32318 32434 E AndroidService: cmd fail: try: exec id
01-16 21:01:37.648 32318 32434 E AndroidService: su: su
01-16 21:01:37.648 32318 32434 E AndroidService: java.io.IOException: Cannot run
program "su": error=2, No such file or directory
01-16 21:01:37.648 32318 32434 E AndroidService: java.io.IOException: error=2, No
such file or directory
01-16 21:01:37.648 32318 32434 E AndroidService:
01-16 21:01:37.648 32318 32434 E AndroidService: process is null
01-16 21:01:37.648 32318 32434 E AndroidService: java.io.IOException: Cannot run
program "su": error=2, No such file or directory
01-16 21:01:37.648 32318 32434 E AndroidService: java.io.IOException: error=2, No
such file or directory
01-16 21:01:37.648 32318 32434 E AndroidService:
01-16 21:01:37.648 32318 32434 E AndroidService: process is null
01-16 21:01:37.648 32318 32402 E AndroidService: Test 1 end
01-16 21:01:37.656 32318 32402 E AndroidService: try: exec chmod 0755
/data/user/0/com.sameer.arora.virtual/data/user/0/com.jiicnynvhkwh.dz/files/GG-
{iqX/lib5.so
01-16 21:01:37.656 32318 32402 E AndroidService: suCmd: 'null'; su: 'su'; runBin:
'su'
01-16 21:01:37.656 32318 32402 E AndroidService: exec 0 start
01-16 21:01:37.657 32318 32402 E AndroidService: exec 1 start
01-16 21:01:37.663 32318 32402 E AndroidService: tryRoot end
01-16 21:01:37.664 32318 32402 E AndroidService: root
01-16 21:01:37.664 32318 32402 E AndroidService: java.lang.NullPointerException:
Attempt to invoke virtual method 'int java.lang.Process.exitValue()' on a null
object reference
01-16 21:01:37.664 32318 32402 E AndroidService: at
android.ext.Tools.b(src:1072)
01-16 21:01:37.664 32318 32402 E AndroidService: at
android.ext.Tools.a(src:1092)
01-16 21:01:37.664 32318 32402 E AndroidService: at
android.ext.Tools.a(src:1116)
01-16 21:01:37.664 32318 32402 E AndroidService: at android.ext.ex.b(src:383)
01-16 21:01:37.664 32318 32402 E AndroidService: at
android.ext.gc.run(src:2190)
01-16 21:01:37.664 32318 32402 E AndroidService: try: exec
/data/user/0/com.sameer.arora.virtual/data/user/0/com.jiicnynvhkwh.dz/files/GG-
{iqX/lib5.so com.jiicnynvhkwh.dz
/data/user/0/com.sameer.arora.virtual/data/user/0/com.jiicnynvhkwh.dz/files/GG-{iqX
F702AA4E391818D5 0
01-16 21:01:37.665 32318 32402 E AndroidService: suCmd: 'null'; su: 'su'; runBin:
'su'
01-16 21:01:37.665 32318 32402 E AndroidService: exec 0 start
01-16 21:01:37.666 32318 32402 E AndroidService: exec 1 start
01-16 21:01:37.669 32318 32402 E AndroidService: tryRoot end
01-16 21:01:37.669 32318 32402 E AndroidService: Daemon process: null; pid=n/a
01-16 21:01:37.671 32318 32447 E AndroidService: cmd (exec mount) start
01-16 21:01:37.671 32318 32447 E AndroidService: su (su) used
01-16 21:01:37.671 32318 32447 E AndroidService: try: exec mount
01-16 21:01:37.672 32318 32447 E AndroidService: suCmd: 'su'; su: 'su'; runBin:
'su'
01-16 21:01:37.672 32318 32447 E AndroidService: exec 0 start
01-16 21:01:37.673 32318 32447 E AndroidService: exec 1 start
01-16 21:01:37.676 32318 32447 E AndroidService: tryRoot end
01-16 21:01:37.676 32318 32447 E AndroidService: cmd fail: try: exec mount
01-16 21:01:37.676 32318 32447 E AndroidService: su: su
01-16 21:01:37.676 32318 32447 E AndroidService: java.io.IOException: Cannot run
program "su": error=2, No such file or directory
01-16 21:01:37.676 32318 32447 E AndroidService: java.io.IOException: error=2, No
such file or directory
01-16 21:01:37.676 32318 32447 E AndroidService:
01-16 21:01:37.676 32318 32447 E AndroidService: process is null
01-16 21:01:37.676 32318 32447 E AndroidService: java.io.IOException: Cannot run
program "su": error=2, No such file or directory
01-16 21:01:37.676 32318 32447 E AndroidService: java.io.IOException: error=2, No
such file or directory
01-16 21:01:37.676 32318 32447 E AndroidService:
01-16 21:01:37.676 32318 32447 E AndroidService: process is null
01-16 21:01:37.700 32318 32402 E AndroidService: ls for
'/data/user/0/com.sameer.arora.virtual/data/user/0/com.jiicnynvhkwh.dz/files/GG-
{iqX/lib5.so' got: -rwxr-xr-x 1 u0_a284 u0_a284 4663792 2023-12-10 00:41
/data/user/0/com.sameer.arora.virtual/data/user/0/com.jiicnynvhkwh.dz/files/GG-
{iqX/lib5.so
01-16 21:01:37.732 32318 32318 E AndroidService: add notification
01-16 21:01:37.736 32318 32318 D NotificationLice: setThunderbackButtonVisiable
01-16 21:01:37.737 32318 32318 D NotificationLice: setThunderbackButtonVisiable
01-16 21:01:37.737 32318 32318 D NotificationLice: updateThunderbackButtonVisiable
01-16 21:01:37.738 32318 32318 D NotificationLice: setThunderbackButtonVisiable
01-16 21:01:37.738 32318 32318 D NotificationLice: updateThunderbackButtonVisiable
01-16 21:01:37.745 32318 32318 E AndroidService: startForeground 2.0
01-16 21:01:37.761 32318 32318 E AndroidService: main 5:10003: false false null
com.jiicnynvhkwh.dz.AnalyticsService@90c5e8 null
01-16 21:01:37.767 32318 32318 E AndroidService: Use 10 com.sameer.arora.virtual
instead of null
01-16 21:01:37.783 32318 32452 E AndroidService: Bad implementation
01-16 21:01:37.783 32318 32452 E AndroidService: checkNewVersion
01-16 21:01:37.814 32318 32318 E AndroidService: hide A: 0;
ComponentInfo{com.jiicnynvhkwh.dz/com.jiicnynvhkwh.dz.MainActivity}: 0;
ComponentInfo{com.jiicnynvhkwh.dz/com.jiicnynvhkwh.dz.ActivityMain}: 0;
01-16 21:01:37.818 32318 32318 D NotificationLice: setThunderbackButtonVisiable
01-16 21:01:37.819 32318 32318 D NotificationLice: setThunderbackButtonVisiable
01-16 21:01:37.820 32318 32318 D NotificationLice: updateThunderbackButtonVisiable
01-16 21:01:37.820 32318 32318 D NotificationLice: setThunderbackButtonVisiable
01-16 21:01:37.821 32318 32318 D NotificationLice: updateThunderbackButtonVisiable
01-16 21:01:37.821 32318 32318 E AndroidService: startForeground 1.0
01-16 21:01:37.821 32318 32318 E AndroidService: BootstrapService onStart: 2;
Intent { cmp=com.jiicnynvhkwh.dz/.AnalyticsService }
01-16 21:01:37.823 32318 32318 E AndroidService: Use 1 com.sameer.arora.virtual
instead of com.jiicnynvhkwh.dz
01-16 21:01:37.832 32318 32318 I Choreographer: Skipped 96 frames! The application
may be doing too much work on its main thread.
01-16 21:01:37.875 32318 32318 I BufferQueueConsumer: [](id:7e3e00000000,api:0,p:-
1,c:32318) connect: controlledByApp=false
01-16 21:01:37.876 32318 32318 I BLASTBufferQueue: [ViewRootImpl[MainActivity]#0]
constructor()
01-16 21:01:37.910 32318 32318 D Surface : lockCanvas
01-16 21:01:37.910 32318 32318 D hw-ProcessState: Binder ioctl to enable oneway
spam detection failed: Invalid argument
01-16 21:01:37.910 32318 32318 I BufferQueueProducer:
[ViewRootImpl[MainActivity]#0(BLAST Consumer)0]
(id:7e3e00000000,api:2,p:32318,c:32318) connect: api=2 producerControlledByApp=true
01-16 21:01:37.913 32318 32318 E ion : ioctl c0044901 failed with code -1:
Invalid argument
01-16 21:01:38.163 32318 32318 I BufferQueueConsumer: [](id:7e3e00000001,api:0,p:-
1,c:32318) connect: controlledByApp=false
01-16 21:01:38.163 32318 32318 I BLASTBufferQueue: [ViewRootImpl[MainActivity]#1]
constructor()
01-16 21:01:38.171 32318 32318 D Surface : lockCanvas
01-16 21:01:38.171 32318 32318 I BufferQueueProducer:
[ViewRootImpl[MainActivity]#1(BLAST Consumer)1]
(id:7e3e00000001,api:2,p:32318,c:32318) connect: api=2 producerControlledByApp=true
01-16 21:01:38.234 32318 32318 I BufferQueueConsumer: [](id:7e3e00000002,api:0,p:-
1,c:32318) connect: controlledByApp=false
01-16 21:01:38.234 32318 32318 I BLASTBufferQueue: [ViewRootImpl[MainActivity]#2]
constructor()
01-16 21:01:38.246 32318 32318 D Surface : lockCanvas
01-16 21:01:38.246 32318 32318 I BufferQueueProducer:
[ViewRootImpl[MainActivity]#2(BLAST Consumer)2]
(id:7e3e00000002,api:2,p:32318,c:32318) connect: api=2 producerControlledByApp=true
01-16 21:01:38.270 32318 32318 I BufferQueueConsumer: [](id:7e3e00000003,api:0,p:-
1,c:32318) connect: controlledByApp=false
01-16 21:01:38.271 32318 32318 I BLASTBufferQueue: [ViewRootImpl[Toast]#3]
constructor()
01-16 21:01:38.276 32318 32318 D Surface : lockCanvas
01-16 21:01:38.276 32318 32318 I BufferQueueProducer: [ViewRootImpl[Toast]#3(BLAST
Consumer)3](id:7e3e00000003,api:2,p:32318,c:32318) connect: api=2
producerControlledByApp=true
01-16 21:01:38.287 32318 32318 E AndroidService: onPause()
01-16 21:01:38.287 32318 32318 E AndroidService: add notification
01-16 21:01:38.297 32318 32318 D NotificationLice: setThunderbackButtonVisiable
01-16 21:01:38.297 32318 32318 D NotificationLice: setThunderbackButtonVisiable
01-16 21:01:38.298 32318 32318 D NotificationLice: updateThunderbackButtonVisiable
01-16 21:01:38.299 32318 32318 D NotificationLice: setThunderbackButtonVisiable
01-16 21:01:38.299 32318 32318 D NotificationLice: updateThunderbackButtonVisiable
01-16 21:01:38.310 32318 32318 E AndroidService: startForeground 2.0
01-16 21:01:38.310 32318 32318 E AndroidService: startHotkeyDetection:
android.ext.HotPoint{50d1464 V.E...... ......I. 0,0-0,0}
01-16 21:01:38.311 32318 32318 E AndroidService: FloatPanel pos show: false false -
1 0
01-16 21:01:38.317 32318 32318 E AndroidService: dbg2:
android.ext.Tools$ViewWrapper{c2056cd V.E...... ......I. 0,0-0,0} {(223,650)
(wrapxwrap) gr=TOP LEFT CENTER ty=APPLICATION_OVERLAY fmt=TRANSPARENT
01-16 21:01:38.317 32318 32318 E AndroidService: fl=NOT_FOCUSABLE
01-16 21:01:38.317 32318 32318 E AndroidService: bhv=DEFAULT
01-16 21:01:38.317 32318 32318 E AndroidService: fitTypes=STATUS_BARS
NAVIGATION_BARS CAPTION_BAR}
01-16 21:01:38.317 32318 32318 E AndroidService: Use 10 com.sameer.arora.virtual
instead of null
01-16 21:01:38.337 32318 32318 E AndroidService: onActivityPaused:
com.jiicnynvhkwh.dz.MainActivity@42e740b
01-16 21:01:38.344 32318 32318 I Choreographer: Skipped 61 frames! The application
may be doing too much work on its main thread.
01-16 21:01:38.373 32318 32318 D Surface : lockCanvas
01-16 21:01:38.382 32318 32318 D Surface : lockCanvas
01-16 21:01:38.425 32318 32318 D Surface : lockCanvas
01-16 21:01:38.440 32318 32318 I BufferQueueConsumer: [](id:7e3e00000004,api:0,p:-
1,c:32318) connect: controlledByApp=false
01-16 21:01:38.441 32318 32318 I BLASTBufferQueue: [ViewRootImpl[]#4] constructor()
01-16 21:01:38.446 32318 32318 D Surface : lockCanvas
01-16 21:01:38.446 32318 32318 I BufferQueueProducer: [ViewRootImpl[]#4(BLAST
Consumer)4](id:7e3e00000004,api:2,p:32318,c:32318) connect: api=2
producerControlledByApp=true
01-16 21:01:38.453 32318 32318 E AndroidService: dbg2:
android.ext.Tools$ViewWrapper{1069f18 V.E...... ......I. 0,0-0,0} {(0,-1000)
(wrapxwrap) gr=TOP CENTER ty=APPLICATION_OVERLAY fmt=TRANSPARENT
01-16 21:01:38.453 32318 32318 E AndroidService: fl=NOT_FOCUSABLE NOT_TOUCHABLE
01-16 21:01:38.453 32318 32318 E AndroidService: bhv=DEFAULT
01-16 21:01:38.453 32318 32318 E AndroidService: fitTypes=STATUS_BARS
NAVIGATION_BARS CAPTION_BAR}
01-16 21:01:38.454 32318 32318 E AndroidService: Use 10 com.sameer.arora.virtual
instead of null
01-16 21:01:38.468 32318 32318 E AndroidService:
android.permission.ACCESS_SUPERUSER: -1
01-16 21:01:38.468 32318 32318 E AndroidService:
android.permission.SYSTEM_ALERT_WINDOW: -1
01-16 21:01:38.468 32318 32318 E AndroidService: android.permission.READ_CLIPBOARD:
-1
01-16 21:01:38.468 32318 32318 E AndroidService:
android.permission.WRITE_CLIPBOARD: -1
01-16 21:01:38.468 32318 32318 E AndroidService:
android.permission.WRITE_MEDIA_STORAGE: -1
01-16 21:01:38.468 32318 32318 E AndroidService: android.permission.REAL_GET_TASKS:
-1
01-16 21:01:38.468 32318 32318 E AndroidService:
android.permission.GET_DETAILED_TASKS: -1
01-16 21:01:38.468 32318 32318 E AndroidService:
android.permission.INTERACT_ACROSS_USERS: -1
01-16 21:01:38.468 32318 32318 E AndroidService:
android.permission.INTERACT_ACROSS_USERS_FULL: -1
01-16 21:01:38.468 32318 32318 E AndroidService: android.permission.READ_LOGS: -1
01-16 21:01:38.468 32318 32318 E AndroidService:
android.permission.UPDATE_APP_OPS_STATS: -1
01-16 21:01:38.468 32318 32318 E AndroidService:
android.permission.CHANGE_COMPONENT_ENABLED_STATE: -1
01-16 21:01:38.468 32318 32318 E AndroidService:
android.permission.REQUEST_INSTALL_PACKAGES: -1
01-16 21:01:38.468 32318 32318 E AndroidService:
android.permission.REQUEST_DELETE_PACKAGES: -1
01-16 21:01:38.468 32318 32318 E AndroidService: onResume()
01-16 21:01:38.468 32318 32318 E AndroidService: add notification
01-16 21:01:38.474 32318 32318 D NotificationLice: setThunderbackButtonVisiable
01-16 21:01:38.474 32318 32318 D NotificationLice: setThunderbackButtonVisiable
01-16 21:01:38.475 32318 32318 D NotificationLice: updateThunderbackButtonVisiable
01-16 21:01:38.476 32318 32318 D NotificationLice: setThunderbackButtonVisiable
01-16 21:01:38.476 32318 32318 D NotificationLice: updateThunderbackButtonVisiable
01-16 21:01:38.483 32318 32318 E AndroidService: startForeground 2.0
01-16 21:01:38.487 32318 32318 E AndroidService: onActivityResumed:
com.jiicnynvhkwh.dz.MainActivity@42e740b
01-16 21:01:38.488 32318 32318 E AndroidService: stopHotkeyDetection:
android.ext.HotPoint{50d1464 V.E...... ......I. 0,0-144,144}
01-16 21:01:38.488 32318 32318 E AndroidService: FloatPanel pos hide: false true -1
0
01-16 21:01:38.488 32318 32318 D View : [Warning] assignParent to null: this =
android.ext.Tools$ViewWrapper{c2056cd V.E...... ......I. 0,0-144,144}
01-16 21:01:38.490 32318 32318 E AndroidService: onPostResume()
01-16 21:01:38.499 29721 30445 D ActivityStack: onActivityResumed :
ComponentInfo{com.jiicnynvhkwh.dz/com.jiicnynvhkwh.dz.MainActivity}
01-16 21:01:38.529 32318 32318 D Surface : lockCanvas
01-16 21:01:38.544 32318 32318 I BufferQueueConsumer: [](id:7e3e00000005,api:0,p:-
1,c:32318) connect: controlledByApp=false
01-16 21:01:38.544 32318 32318 I BLASTBufferQueue: [ViewRootImpl[]#5] constructor()
01-16 21:01:38.549 32318 32318 D Surface : lockCanvas
01-16 21:01:38.549 32318 32318 I BufferQueueProducer: [ViewRootImpl[]#5(BLAST
Consumer)5](id:7e3e00000005,api:2,p:32318,c:32318) connect: api=2
producerControlledByApp=true
01-16 21:01:38.557 32318 32318 D Surface : lockCanvas
01-16 21:01:38.569 32318 32318 D Surface : lockCanvas
01-16 21:01:38.579 32318 32318 D Surface : lockCanvas
01-16 21:01:38.591 32318 32318 I BufferQueueProducer: [ViewRootImpl[]#4(BLAST
Consumer)4](id:7e3e00000004,api:2,p:32318,c:32318) disconnect: api 2
01-16 21:01:38.591 32318 32318 I BLASTBufferQueue: [ViewRootImpl[]#4] destructor()
01-16 21:01:38.591 32318 32318 I BufferQueueConsumer: [ViewRootImpl[]#4(BLAST
Consumer)4](id:7e3e00000004,api:0,p:-1,c:32318) disconnect
01-16 21:01:38.596 32318 32318 D Surface : lockCanvas
01-16 21:01:38.603 32318 32342 I BLASTBufferQueue: releaseBufferCallbackThunk
bufferId:138804753072135 framenumber:1 blastBufferQueue is dead
01-16 21:01:38.648 29974 30009 I BufferQueueProducer:
[ViewRootImpl[MainActivity]#5(BLAST Consumer)5]
(id:751600000005,api:1,p:29974,c:29974) disconnect: api 1
01-16 21:01:38.653 29974 30017 I libPerfCtl: fbcNotifySbeRescue ret=-1
01-16 21:01:38.660 29974 29974 I BLASTBufferQueue: [ViewRootImpl[MainActivity]#5]
destructor()
01-16 21:01:38.660 29974 29974 I BufferQueueConsumer:
[ViewRootImpl[MainActivity]#5(BLAST Consumer)5](id:751600000005,api:0,p:-1,c:29974)
disconnect
01-16 21:01:38.666 32318 32318 D Surface : lockCanvas
01-16 21:01:38.681 32318 32318 D Surface : lockCanvas
01-16 21:01:38.701 32318 32402 E AndroidService: process is null
01-16 21:01:38.701 32318 32402 E AndroidService: Show error alert
01-16 21:01:38.704 32318 32318 D Surface : lockCanvas
01-16 21:01:38.705 32318 32402 E AndroidService: start daemon failed
01-16 21:01:38.705 32318 32402 E AndroidService: java.lang.NullPointerException:
Attempt to read from field 'java.io.InputStream android.ext.gq.c' on a null object
reference in method 'void android.ext.gc.run()'
01-16 21:01:38.705 32318 32402 E AndroidService: at
android.ext.gc.run(src:2193)
01-16 21:01:38.706 29974 30003 I BLASTBufferQueue: releaseBufferCallbackThunk
bufferId:128737349730341 framenumber:20 blastBufferQueue is dead
01-16 21:01:38.716 32318 32318 E AndroidService: Use 10 com.sameer.arora.virtual
instead of null
01-16 21:01:38.757 32318 32318 E AndroidService: Use 10 com.sameer.arora.virtual
instead of null
01-16 21:01:38.790 32318 32318 D Surface : lockCanvas
01-16 21:01:38.813 32318 32318 I BufferQueueConsumer: [](id:7e3e00000006,api:0,p:-
1,c:32318) connect: controlledByApp=false
01-16 21:01:38.814 32318 32318 I BLASTBufferQueue: [ViewRootImpl[]#6] constructor()
01-16 21:01:38.827 32318 32318 D Surface : lockCanvas
01-16 21:01:38.827 32318 32318 I BufferQueueProducer: [ViewRootImpl[]#6(BLAST
Consumer)6](id:7e3e00000006,api:2,p:32318,c:32318) connect: api=2
producerControlledByApp=true
01-16 21:01:38.859 32318 32318 I BufferQueueConsumer: [](id:7e3e00000007,api:0,p:-
1,c:32318) connect: controlledByApp=false
01-16 21:01:38.859 32318 32318 I BLASTBufferQueue: [ViewRootImpl[]#7] constructor()
01-16 21:01:38.878 32318 32318 D Surface : lockCanvas
01-16 21:01:38.878 32318 32318 I BufferQueueProducer: [ViewRootImpl[]#7(BLAST
Consumer)7](id:7e3e00000007,api:2,p:32318,c:32318) connect: api=2
producerControlledByApp=true
01-16 21:01:38.921 32318 32318 D Surface : lockCanvas
01-16 21:01:38.958 32318 32318 D Surface : lockCanvas
01-16 21:01:38.968 32318 32318 D Surface : lockCanvas
01-16 21:01:38.973 32318 32318 D View : [Warning] assignParent to null: this =
android.ext.Tools$ViewWrapper{1069f18 V.E...... ......I. 0,0-656,57}
01-16 21:01:38.978 32318 32318 E AndroidService: dbg2:
android.ext.Tools$ViewWrapper{a5582fa V.E...... ......I. 0,0-0,0} {(0,-1000)
(wrapxwrap) gr=TOP CENTER ty=APPLICATION_OVERLAY fmt=TRANSPARENT
01-16 21:01:38.978 32318 32318 E AndroidService: fl=NOT_FOCUSABLE NOT_TOUCHABLE
01-16 21:01:38.978 32318 32318 E AndroidService: bhv=DEFAULT
01-16 21:01:38.978 32318 32318 E AndroidService: fitTypes=STATUS_BARS
NAVIGATION_BARS CAPTION_BAR}
01-16 21:01:38.978 32318 32318 E AndroidService: Use 10 com.sameer.arora.virtual
instead of com.sameer.arora.virtual
01-16 21:01:38.993 32318 32318 D Surface : lockCanvas
01-16 21:01:39.008 32318 32318 I BufferQueueConsumer: [](id:7e3e00000008,api:0,p:-
1,c:32318) connect: controlledByApp=false
01-16 21:01:39.008 32318 32318 I BLASTBufferQueue: [ViewRootImpl[]#8] constructor()
01-16 21:01:39.013 32318 32318 D Surface : lockCanvas
01-16 21:01:39.013 32318 32318 I BufferQueueProducer: [ViewRootImpl[]#8(BLAST
Consumer)8](id:7e3e00000008,api:2,p:32318,c:32318) connect: api=2
producerControlledByApp=true
01-16 21:01:39.016 32318 32318 D Surface : lockCanvas
01-16 21:01:39.024 32318 32318 D Surface : lockCanvas
01-16 21:01:39.032 32318 32318 I BufferQueueProducer: [ViewRootImpl[]#5(BLAST
Consumer)5](id:7e3e00000005,api:2,p:32318,c:32318) disconnect: api 2
01-16 21:01:39.033 32318 32318 I BLASTBufferQueue: [ViewRootImpl[]#5] destructor()
01-16 21:01:39.033 32318 32318 I BufferQueueConsumer: [ViewRootImpl[]#5(BLAST
Consumer)5](id:7e3e00000005,api:0,p:-1,c:32318) disconnect
01-16 21:01:39.042 32318 32318 D Surface : lockCanvas
01-16 21:01:39.042 32318 32341 I BLASTBufferQueue: releaseBufferCallbackThunk
bufferId:138804753072138 framenumber:2 blastBufferQueue is dead
01-16 21:01:39.047 32318 32318 D Surface : lockCanvas
01-16 21:01:39.057 32318 32332 I rora.virtual:p: Compiler allocated 4516KB to
compile void android.view.ViewRootImpl.performTraversals()
01-16 21:01:39.061 32318 32318 D Surface : lockCanvas
01-16 21:01:39.067 32318 32318 D Surface : lockCanvas
01-16 21:01:39.072 32318 32318 D Surface : lockCanvas
01-16 21:01:39.078 32318 32318 D Surface : lockCanvas
01-16 21:01:39.087 32318 32318 D Surface : lockCanvas
01-16 21:01:39.091 32318 32318 D Surface : lockCanvas
01-16 21:01:39.104 32318 32318 D Surface : lockCanvas
01-16 21:01:39.108 32318 32318 D Surface : lockCanvas
01-16 21:01:39.120 32318 32318 D Surface : lockCanvas
01-16 21:01:39.125 32318 32318 D Surface : lockCanvas
01-16 21:01:39.138 32318 32318 D Surface : lockCanvas
01-16 21:01:39.439 32318 32318 D Surface : lockCanvas
01-16 21:01:39.463 32318 32318 D Surface : lockCanvas
01-16 21:01:39.478 32318 32318 D Surface : lockCanvas
01-16 21:01:39.495 32318 32318 D Surface : lockCanvas
01-16 21:01:39.503 32318 32318 D Surface : lockCanvas
01-16 21:01:39.520 32318 32318 D Surface : lockCanvas
01-16 21:01:39.529 32318 32318 D Surface : lockCanvas
01-16 21:01:39.546 32318 32318 D Surface : lockCanvas
01-16 21:01:39.554 32318 32318 D Surface : lockCanvas
01-16 21:01:39.566 32318 32318 D Surface : lockCanvas
01-16 21:01:39.572 32318 32318 D Surface : lockCanvas
01-16 21:01:39.587 32318 32318 D Surface : lockCanvas
01-16 21:01:39.593 32318 32318 D Surface : lockCanvas
01-16 21:01:39.607 32318 32318 D Surface : lockCanvas
01-16 21:01:39.621 32318 32318 D Surface : lockCanvas
01-16 21:01:39.635 32318 32318 D Surface : lockCanvas
01-16 21:01:39.642 32318 32318 D Surface : lockCanvas
01-16 21:01:39.655 32318 32318 D Surface : lockCanvas
01-16 21:01:39.671 32318 32318 D Surface : lockCanvas
01-16 21:01:39.685 32318 32318 D Surface : lockCanvas
01-16 21:01:39.693 32318 32318 D Surface : lockCanvas
01-16 21:01:39.706 32318 32318 D Surface : lockCanvas
01-16 21:01:39.978 32318 32318 D View : [Warning] assignParent to null: this =
android.widget.LinearLayout{791ffdd V.E...... ......ID 0,0-464,108}
01-16 21:01:39.978 32318 32318 I BufferQueueProducer: [ViewRootImpl[Toast]#3(BLAST
Consumer)3](id:7e3e00000003,api:2,p:32318,c:32318) disconnect: api 2
01-16 21:01:39.979 32318 32318 I BLASTBufferQueue: [ViewRootImpl[Toast]#3]
destructor()
01-16 21:01:39.979 32318 32318 I BufferQueueConsumer: [ViewRootImpl[Toast]#3(BLAST
Consumer)3](id:7e3e00000003,api:0,p:-1,c:32318) disconnect
01-16 21:01:40.104 32318 32318 D Surface : lockCanvas
01-16 21:01:40.121 32318 32318 D Surface : lockCanvas
01-16 21:01:40.137 32318 32318 D Surface : lockCanvas
01-16 21:01:40.153 32318 32318 D Surface : lockCanvas
01-16 21:01:40.171 32318 32318 D Surface : lockCanvas
01-16 21:01:40.174 32318 32341 I BLASTBufferQueue: releaseBufferCallbackThunk
bufferId:138804753072137 framenumber:2 blastBufferQueue is dead
01-16 21:01:40.187 32318 32318 D Surface : lockCanvas
01-16 21:01:40.204 32318 32318 D Surface : lockCanvas
01-16 21:01:40.221 32318 32318 D Surface : lockCanvas
01-16 21:01:40.238 32318 32318 D Surface : lockCanvas
01-16 21:01:40.255 32318 32318 D Surface : lockCanvas
01-16 21:01:40.272 32318 32318 D Surface : lockCanvas
01-16 21:01:40.288 32318 32318 D Surface : lockCanvas
01-16 21:01:40.305 32318 32318 D Surface : lockCanvas
01-16 21:01:40.322 32318 32318 D Surface : lockCanvas
01-16 21:01:40.338 32318 32318 D Surface : lockCanvas
01-16 21:01:40.355 32318 32318 D Surface : lockCanvas
01-16 21:01:40.371 32318 32318 D Surface : lockCanvas
01-16 21:01:40.404 32318 32318 D Surface : lockCanvas
01-16 21:01:40.416 32318 32318 D Surface : lockCanvas
01-16 21:01:40.426 32318 32318 D Surface : lockCanvas
01-16 21:01:40.437 32318 32318 D Surface : lockCanvas
01-16 21:01:40.445 32318 32318 D Surface : lockCanvas
01-16 21:01:40.452 32318 32318 D Surface : lockCanvas
01-16 21:01:40.464 32318 32318 D Surface : lockCanvas
01-16 21:01:40.471 32318 32318 D Surface : lockCanvas
01-16 21:01:40.480 32318 32318 D Surface : lockCanvas
01-16 21:01:40.487 32318 32318 D Surface : lockCanvas
01-16 21:01:40.496 32318 32318 D Surface : lockCanvas
01-16 21:01:40.503 32318 32318 D Surface : lockCanvas
01-16 21:01:40.510 32318 32318 D Surface : lockCanvas
01-16 21:01:40.515 32318 32318 D Surface : lockCanvas
01-16 21:01:40.523 32318 32318 D Surface : lockCanvas
01-16 21:01:40.530 32318 32318 D Surface : lockCanvas
01-16 21:01:40.538 32318 32318 D Surface : lockCanvas
01-16 21:01:40.544 32318 32318 D Surface : lockCanvas
01-16 21:01:40.554 32318 32318 D Surface : lockCanvas
01-16 21:01:40.560 32318 32318 D Surface : lockCanvas
01-16 21:01:40.571 32318 32318 D Surface : lockCanvas
01-16 21:01:40.577 32318 32318 D Surface : lockCanvas
01-16 21:01:40.587 32318 32318 D Surface : lockCanvas
01-16 21:01:40.594 32318 32318 D Surface : lockCanvas
01-16 21:01:40.603 32318 32318 D Surface : lockCanvas
01-16 21:01:40.610 32318 32318 D Surface : lockCanvas
01-16 21:01:40.621 32318 32318 D Surface : lockCanvas
01-16 21:01:40.627 32318 32318 D Surface : lockCanvas
01-16 21:01:40.637 32318 32318 D Surface : lockCanvas
01-16 21:01:40.643 32318 32318 D Surface : lockCanvas
01-16 21:01:40.654 32318 32318 D Surface : lockCanvas
01-16 21:01:40.659 32318 32318 D Surface : lockCanvas
01-16 21:01:41.187 32318 32318 D Surface : lockCanvas
01-16 21:01:41.206 32318 32318 D Surface : lockCanvas
01-16 21:01:41.225 32318 32318 E AndroidService: Use 10 com.sameer.arora.virtual
instead of null
01-16 21:01:41.259 32318 32318 D View : [Warning] assignParent to null: this =
DecorView@d647cc0[]
01-16 21:01:41.259 32318 32318 I BufferQueueProducer: [ViewRootImpl[]#7(BLAST
Consumer)7](id:7e3e00000007,api:2,p:32318,c:32318) disconnect: api 2
01-16 21:01:41.260 32318 32318 I BLASTBufferQueue: [ViewRootImpl[]#7] destructor()
01-16 21:01:41.260 32318 32318 I BufferQueueConsumer: [ViewRootImpl[]#7(BLAST
Consumer)7](id:7e3e00000007,api:0,p:-1,c:32318) disconnect
01-16 21:01:41.306 32318 32318 I BufferQueueConsumer: [](id:7e3e00000009,api:0,p:-
1,c:32318) connect: controlledByApp=false
01-16 21:01:41.306 32318 32318 I BLASTBufferQueue: [ViewRootImpl[]#9] constructor()
01-16 21:01:41.330 32318 32318 D Surface : lockCanvas
01-16 21:01:41.330 32318 32318 I BufferQueueProducer: [ViewRootImpl[]#9(BLAST
Consumer)9](id:7e3e00000009,api:2,p:32318,c:32318) connect: api=2
producerControlledByApp=true
01-16 21:01:41.367 32318 32318 D Surface : lockCanvas
01-16 21:01:41.388 32318 32318 D Surface : lockCanvas
01-16 21:01:41.395 32318 32318 D View : [Warning] assignParent to null: this =
android.ext.Tools$ViewWrapper{a5582fa V.E...... ......I. 0,0-656,57}
01-16 21:01:41.400 32318 32318 E AndroidService: dbg2:
android.ext.Tools$ViewWrapper{b002d05 V.E...... ......I. 0,0-0,0} {(0,-1000)
(wrapxwrap) gr=TOP CENTER ty=APPLICATION_OVERLAY fmt=TRANSPARENT
01-16 21:01:41.400 32318 32318 E AndroidService: fl=NOT_FOCUSABLE NOT_TOUCHABLE
01-16 21:01:41.400 32318 32318 E AndroidService: bhv=DEFAULT
01-16 21:01:41.400 32318 32318 E AndroidService: fitTypes=STATUS_BARS
NAVIGATION_BARS CAPTION_BAR}
01-16 21:01:41.400 32318 32318 E AndroidService: Use 10 com.sameer.arora.virtual
instead of com.sameer.arora.virtual
01-16 21:01:41.423 32318 32318 I BufferQueueConsumer: [](id:7e3e0000000a,api:0,p:-
1,c:32318) connect: controlledByApp=false
01-16 21:01:41.423 32318 32318 I BLASTBufferQueue: [ViewRootImpl[]#10]
constructor()
01-16 21:01:41.428 32318 32318 D Surface : lockCanvas
01-16 21:01:41.428 32318 32318 I BufferQueueProducer: [ViewRootImpl[]#10(BLAST
Consumer)10](id:7e3e0000000a,api:2,p:32318,c:32318) connect: api=2
producerControlledByApp=true
01-16 21:01:41.431 32318 32318 D Surface : lockCanvas
01-16 21:01:41.438 32318 32318 I BufferQueueProducer: [ViewRootImpl[]#8(BLAST
Consumer)8](id:7e3e00000008,api:2,p:32318,c:32318) disconnect: api 2
01-16 21:01:41.438 32318 32318 I BLASTBufferQueue: [ViewRootImpl[]#8] destructor()
01-16 21:01:41.438 32318 32318 I BufferQueueConsumer: [ViewRootImpl[]#8(BLAST
Consumer)8](id:7e3e00000008,api:0,p:-1,c:32318) disconnect
01-16 21:01:41.442 32318 32342 I BLASTBufferQueue: releaseBufferCallbackThunk
bufferId:138804753072142 framenumber:28 blastBufferQueue is dead
01-16 21:01:41.457 32318 32342 I BLASTBufferQueue: releaseBufferCallbackThunk
bufferId:138804753072143 framenumber:1 blastBufferQueue is dead
01-16 21:01:42.979 32318 32318 D Surface : lockCanvas
01-16 21:01:43.003 32318 32318 D Surface : lockCanvas
01-16 21:01:43.021 32318 32318 D Surface : lockCanvas
01-16 21:01:43.038 32318 32318 D Surface : lockCanvas
01-16 21:01:43.054 32318 32318 D Surface : lockCanvas
01-16 21:01:43.070 32318 32318 D Surface : lockCanvas
01-16 21:01:43.087 32318 32318 D Surface : lockCanvas
01-16 21:01:43.105 32318 32318 D Surface : lockCanvas
01-16 21:01:43.122 32318 32318 D Surface : lockCanvas
01-16 21:01:43.138 32318 32318 D Surface : lockCanvas
01-16 21:01:43.155 32318 32318 D Surface : lockCanvas
01-16 21:01:43.171 32318 32318 D Surface : lockCanvas
01-16 21:01:43.189 32318 32318 D Surface : lockCanvas
01-16 21:01:43.205 32318 32318 D Surface : lockCanvas
01-16 21:01:43.222 32318 32318 D Surface : lockCanvas
01-16 21:01:43.239 32318 32318 D Surface : lockCanvas
01-16 21:01:44.114 32318 32318 D Surface : lockCanvas
01-16 21:01:44.151 32318 32360 E AndroidService: Sended config: 2147483647
110000010000000001 1111111111111111111111110000000111111111111111111111111111111111
33000 0 /data/user/0/com.sameer.arora.virtual/data/user/0/com.jiicnynvhkwh.dz/
files/GG-{iqX; 83
01-16 21:01:44.154 32318 32318 D View : [Warning] assignParent to null: this =
DecorView@f00a789[]
01-16 21:01:44.154 32318 32318 I BufferQueueProducer: [ViewRootImpl[]#9(BLAST
Consumer)9](id:7e3e00000009,api:2,p:32318,c:32318) disconnect: api 2
01-16 21:01:44.167 32318 32466 I BLASTBufferQueue: [ViewRootImpl[]#9] destructor()
01-16 21:01:44.167 32318 32466 I BufferQueueConsumer: [ViewRootImpl[]#9(BLAST
Consumer)9](id:7e3e00000009,api:0,p:-1,c:32318) disconnect
01-16 21:01:44.171 32318 32318 E AndroidService: Use 10 com.sameer.arora.virtual
instead of null
01-16 21:01:44.239 32318 32318 I BufferQueueConsumer: [](id:7e3e0000000b,api:0,p:-
1,c:32318) connect: controlledByApp=false
01-16 21:01:44.239 32318 32318 I BLASTBufferQueue: [ViewRootImpl[]#11]
constructor()
01-16 21:01:44.253 32318 32318 D Surface : lockCanvas
01-16 21:01:44.253 32318 32318 I BufferQueueProducer: [ViewRootImpl[]#11(BLAST
Consumer)11](id:7e3e0000000b,api:2,p:32318,c:32318) connect: api=2
producerControlledByApp=true
01-16 21:01:44.323 32318 32318 D Surface : lockCanvas
01-16 21:01:44.340 32318 32318 D Surface : lockCanvas
01-16 21:01:44.356 32318 32337 I BLASTBufferQueue: releaseBufferCallbackThunk
bufferId:138804753072158 framenumber:21 blastBufferQueue is dead
01-16 21:01:44.356 32318 32318 D View : [Warning] assignParent to null: this =
android.ext.Tools$ViewWrapper{b002d05 V.E...... ......I. 0,0-656,57}
01-16 21:01:44.361 32318 32318 E AndroidService: dbg2:
android.ext.Tools$ViewWrapper{94c8112 V.E...... ......I. 0,0-0,0} {(0,-1000)
(wrapxwrap) gr=TOP CENTER ty=APPLICATION_OVERLAY fmt=TRANSPARENT
01-16 21:01:44.361 32318 32318 E AndroidService: fl=NOT_FOCUSABLE NOT_TOUCHABLE
01-16 21:01:44.361 32318 32318 E AndroidService: bhv=DEFAULT
01-16 21:01:44.361 32318 32318 E AndroidService: fitTypes=STATUS_BARS
NAVIGATION_BARS CAPTION_BAR}
01-16 21:01:44.361 32318 32318 E AndroidService: Use 10 com.sameer.arora.virtual
instead of com.sameer.arora.virtual
01-16 21:01:44.376 32318 32318 D Surface : lockCanvas
01-16 21:01:44.386 32318 32318 I BufferQueueConsumer: [](id:7e3e0000000c,api:0,p:-
1,c:32318) connect: controlledByApp=false
01-16 21:01:44.387 32318 32318 I BLASTBufferQueue: [ViewRootImpl[]#12]
constructor()
01-16 21:01:44.391 32318 32318 D Surface : lockCanvas
01-16 21:01:44.391 32318 32318 I BufferQueueProducer: [ViewRootImpl[]#12(BLAST
Consumer)12](id:7e3e0000000c,api:2,p:32318,c:32318) connect: api=2
producerControlledByApp=true
01-16 21:01:44.395 32318 32318 I BufferQueueProducer: [ViewRootImpl[]#10(BLAST
Consumer)10](id:7e3e0000000a,api:2,p:32318,c:32318) disconnect: api 2
01-16 21:01:44.395 32318 32318 I BLASTBufferQueue: [ViewRootImpl[]#10] destructor()
01-16 21:01:44.395 32318 32318 I BufferQueueConsumer: [ViewRootImpl[]#10(BLAST
Consumer)10](id:7e3e0000000a,api:0,p:-1,c:32318) disconnect
01-16 21:01:44.401 32318 32318 D Surface : lockCanvas
01-16 21:01:44.407 32318 32337 I BLASTBufferQueue: releaseBufferCallbackThunk
bufferId:138804753072157 framenumber:1 blastBufferQueue is dead
01-16 21:01:44.408 32318 32318 D Surface : lockCanvas
01-16 21:01:44.420 32318 32318 D Surface : lockCanvas
01-16 21:01:44.437 32318 32318 D Surface : lockCanvas
01-16 21:01:44.455 32318 32318 D Surface : lockCanvas
01-16 21:01:45.783 32318 32318 D Surface : lockCanvas
01-16 21:01:45.809 32318 32318 D Surface : lockCanvas
01-16 21:01:45.833 32318 32318 D View : [Warning] assignParent to null: this =
DecorView@16faa57[]
01-16 21:01:45.833 32318 32318 I BufferQueueProducer: [ViewRootImpl[]#11(BLAST
Consumer)11](id:7e3e0000000b,api:2,p:32318,c:32318) disconnect: api 2
01-16 21:01:45.849 32318 32337 I BLASTBufferQueue: [ViewRootImpl[]#11] destructor()
01-16 21:01:45.849 32318 32337 I BufferQueueConsumer: [ViewRootImpl[]#11(BLAST
Consumer)11](id:7e3e0000000b,api:0,p:-1,c:32318) disconnect
01-16 21:01:45.887 32318 32318 D Surface : lockCanvas
01-16 21:01:45.903 32318 32318 D Surface : lockCanvas
01-16 21:01:45.920 32318 32318 D Surface : lockCanvas
01-16 21:01:45.937 32318 32318 D Surface : lockCanvas
01-16 21:01:45.953 32318 32318 D Surface : lockCanvas
01-16 21:01:45.970 32318 32318 D Surface : lockCanvas
01-16 21:01:45.987 32318 32318 D Surface : lockCanvas
01-16 21:01:46.024 32318 32466 I BLASTBufferQueue: releaseBufferCallbackThunk
bufferId:138804753072163 framenumber:11 blastBufferQueue is dead
01-16 21:01:46.507 32318 32333 I rora.virtual:p: Background concurrent copying GC
freed 541347(25MB) AllocSpace objects, 47(1240KB) LOS objects, 49% free,
5659KB/11MB, paused 190us,38us total 153.894ms
01-16 21:01:46.619 32318 32335 W System : A resource failed to call close.
01-16 21:01:54.470 32318 32318 D Surface : lockCanvas
01-16 21:01:54.505 32318 32318 D Surface : lockCanvas
01-16 21:01:54.557 32318 32318 E AndroidService: checkContrast(fg, bg): ffffffff 0
01-16 21:01:54.557 32318 32318 E AndroidService: checkContrast(fg, bg): 21.0,
255.0, 765.0
01-16 21:01:54.557 32318 32318 E AndroidService: checkContrast(fg, bg): ffffffff
ff33514e
01-16 21:01:54.558 32318 32318 E AndroidService: checkContrast(fg, bg): 8.6500025,
183.312, 555.0
01-16 21:01:54.558 32318 32318 E AndroidService: checkContrast(fg, bg): ff33514e 0
01-16 21:01:54.558 32318 32318 E AndroidService: checkContrast(fg, bg): 2.427745,
71.688, 210.0
01-16 21:01:54.594 32318 32318 E AndroidService: Screen: 360dp x 716dp
01-16 21:01:54.596 32318 32318 E AndroidService: Kbd: 7 x 1; 984x144; 980x144
01-16 21:01:54.598 32318 32318 E AndroidService: Use 10 com.sameer.arora.virtual
instead of null
01-16 21:01:54.635 32318 32318 E AndroidService: Kbd: 7 x 1; 984x144; 980x144
01-16 21:01:54.639 32318 32318 D View : [Warning] assignParent to null: this =
DecorView@5c39a42[]
01-16 21:01:54.640 32318 32318 I BufferQueueProducer: [ViewRootImpl[]#6(BLAST
Consumer)6](id:7e3e00000006,api:2,p:32318,c:32318) disconnect: api 2
01-16 21:01:54.640 32318 32318 I BLASTBufferQueue: [ViewRootImpl[]#6] destructor()
01-16 21:01:54.640 32318 32318 I BufferQueueConsumer: [ViewRootImpl[]#6(BLAST
Consumer)6](id:7e3e00000006,api:0,p:-1,c:32318) disconnect
01-16 21:01:54.709 32318 32318 I BufferQueueConsumer: [](id:7e3e0000000d,api:0,p:-
1,c:32318) connect: controlledByApp=false
01-16 21:01:54.709 32318 32318 I BLASTBufferQueue: [ViewRootImpl[]#13]
constructor()
01-16 21:01:54.727 32318 32318 D Surface : lockCanvas
01-16 21:01:54.728 32318 32318 I BufferQueueProducer: [ViewRootImpl[]#13(BLAST
Consumer)13](id:7e3e0000000d,api:2,p:32318,c:32318) connect: api=2
producerControlledByApp=true
01-16 21:01:54.763 32318 32318 D Surface : lockCanvas
01-16 21:01:54.773 32318 32318 D View : [Warning] assignParent to null: this =
android.ext.Tools$ViewWrapper{94c8112 V.E...... ......I. 0,0-656,57}
01-16 21:01:54.777 32318 32318 E AndroidService: dbg2:
android.ext.Tools$ViewWrapper{87c3d8a V.E...... ......I. 0,0-0,0} {(0,-1000)
(wrapxwrap) gr=TOP CENTER ty=APPLICATION_OVERLAY fmt=TRANSPARENT
01-16 21:01:54.777 32318 32318 E AndroidService: fl=NOT_FOCUSABLE NOT_TOUCHABLE
01-16 21:01:54.777 32318 32318 E AndroidService: bhv=DEFAULT
01-16 21:01:54.777 32318 32318 E AndroidService: fitTypes=STATUS_BARS
NAVIGATION_BARS CAPTION_BAR}
01-16 21:01:54.777 32318 32318 E AndroidService: Use 10 com.sameer.arora.virtual
instead of com.sameer.arora.virtual
01-16 21:01:54.796 32318 32318 D Surface : lockCanvas
01-16 21:01:54.816 32318 32318 I BufferQueueConsumer: [](id:7e3e0000000e,api:0,p:-
1,c:32318) connect: controlledByApp=false
01-16 21:01:54.817 32318 32318 I BLASTBufferQueue: [ViewRootImpl[]#14]
constructor()
01-16 21:01:54.824 32318 32337 I BLASTBufferQueue: releaseBufferCallbackThunk
bufferId:138804753072152 framenumber:28 blastBufferQueue is dead
01-16 21:01:54.824 32318 32318 D Surface : lockCanvas
01-16 21:01:54.824 32318 32318 I BufferQueueProducer: [ViewRootImpl[]#14(BLAST
Consumer)14](id:7e3e0000000e,api:2,p:32318,c:32318) connect: api=2
producerControlledByApp=true
01-16 21:01:54.837 32318 32318 I BufferQueueProducer: [ViewRootImpl[]#12(BLAST
Consumer)12](id:7e3e0000000c,api:2,p:32318,c:32318) disconnect: api 2
01-16 21:01:54.837 32318 32318 I BLASTBufferQueue: [ViewRootImpl[]#12] destructor()
01-16 21:01:54.837 32318 32318 I BufferQueueConsumer: [ViewRootImpl[]#12(BLAST
Consumer)12](id:7e3e0000000c,api:0,p:-1,c:32318) disconnect
01-16 21:01:54.853 32318 32318 D Surface : lockCanvas
01-16 21:01:54.856 32318 32337 I BLASTBufferQueue: releaseBufferCallbackThunk
bufferId:138804753072162 framenumber:1 blastBufferQueue is dead
01-16 21:01:54.872 32318 32318 D Surface : lockCanvas
01-16 21:01:54.887 32318 32318 D Surface : lockCanvas
01-16 21:01:54.903 32318 32318 D Surface : lockCanvas
01-16 21:01:54.920 32318 32318 D Surface : lockCanvas
01-16 21:01:54.937 32318 32318 D Surface : lockCanvas
01-16 21:01:54.957 32318 32318 D Surface : lockCanvas
01-16 21:01:55.337 32318 32318 D Surface : lockCanvas
01-16 21:01:55.855 32318 32318 D Surface : lockCanvas
01-16 21:01:56.255 32318 32318 D Surface : lockCanvas
01-16 21:01:56.277 32318 32318 D Surface : lockCanvas
01-16 21:01:56.292 32318 32318 D Surface : lockCanvas
01-16 21:01:56.321 32318 32318 D Surface : lockCanvas
01-16 21:01:56.338 32318 32318 D Surface : lockCanvas
01-16 21:01:56.358 32318 32318 D Surface : lockCanvas
01-16 21:01:56.388 32318 32318 D Surface : lockCanvas
01-16 21:01:56.405 32318 32318 D Surface : lockCanvas
01-16 21:01:56.422 32318 32318 D Surface : lockCanvas
01-16 21:01:56.439 32318 32318 D Surface : lockCanvas
01-16 21:01:56.456 32318 32318 D Surface : lockCanvas
01-16 21:01:56.474 32318 32318 D Surface : lockCanvas
01-16 21:01:56.493 32318 32318 D Surface : lockCanvas
01-16 21:01:56.521 32318 32318 D Surface : lockCanvas
01-16 21:01:56.876 32318 32318 D Surface : lockCanvas
01-16 21:01:57.372 32318 32318 D Surface : lockCanvas
01-16 21:01:57.871 32318 32318 D Surface : lockCanvas
01-16 21:01:58.392 32318 32318 D Surface : lockCanvas
01-16 21:01:58.892 32318 32318 D Surface : lockCanvas
01-16 21:01:59.393 32318 32318 D Surface : lockCanvas
01-16 21:01:59.890 32318 32318 D Surface : lockCanvas
01-16 21:02:00.408 32318 32318 D Surface : lockCanvas
01-16 21:02:00.487 32318 32318 D Surface : lockCanvas
01-16 21:02:00.529 32318 32318 D Surface : lockCanvas
01-16 21:02:00.567 32318 32318 D Surface : lockCanvas
01-16 21:02:00.599 32318 32318 D Surface : lockCanvas
01-16 21:02:00.629 32318 32318 D Surface : lockCanvas
01-16 21:02:00.657 32318 32318 D Surface : lockCanvas
01-16 21:02:00.684 32318 32318 D Surface : lockCanvas
01-16 21:02:00.709 32318 32318 D Surface : lockCanvas
01-16 21:02:00.727 32318 32318 D Surface : lockCanvas
01-16 21:02:00.748 32318 32318 D Surface : lockCanvas
01-16 21:02:00.770 32318 32318 D Surface : lockCanvas
01-16 21:02:00.787 32318 32318 D Surface : lockCanvas
01-16 21:02:00.805 32318 32318 D Surface : lockCanvas
01-16 21:02:00.822 32318 32318 D Surface : lockCanvas
01-16 21:02:00.837 32318 32318 D Surface : lockCanvas
01-16 21:02:00.853 32318 32318 D Surface : lockCanvas
01-16 21:02:00.870 32318 32318 D Surface : lockCanvas
01-16 21:02:00.887 32318 32318 D Surface : lockCanvas
01-16 21:02:00.903 32318 32318 D Surface : lockCanvas
01-16 21:02:00.920 32318 32318 D Surface : lockCanvas
01-16 21:02:00.936 32318 32318 D Surface : lockCanvas
01-16 21:02:00.956 32318 32318 D Surface : lockCanvas
01-16 21:02:00.971 32318 32318 D Surface : lockCanvas
01-16 21:02:00.987 32318 32318 D Surface : lockCanvas
01-16 21:02:01.003 32318 32318 D Surface : lockCanvas
01-16 21:02:01.020 32318 32318 D Surface : lockCanvas
01-16 21:02:01.036 32318 32318 D Surface : lockCanvas
01-16 21:02:01.053 32318 32318 D Surface : lockCanvas
01-16 21:02:01.070 32318 32318 D Surface : lockCanvas
01-16 21:02:01.087 32318 32318 D Surface : lockCanvas
01-16 21:02:01.103 32318 32318 D Surface : lockCanvas
01-16 21:02:01.120 32318 32318 D Surface : lockCanvas
01-16 21:02:01.136 32318 32318 D Surface : lockCanvas
01-16 21:02:01.153 32318 32318 D Surface : lockCanvas
01-16 21:02:01.170 32318 32318 D Surface : lockCanvas
01-16 21:02:01.187 32318 32318 D Surface : lockCanvas
01-16 21:02:01.203 32318 32318 D Surface : lockCanvas
01-16 21:02:01.220 32318 32318 D Surface : lockCanvas
01-16 21:02:01.236 32318 32318 D Surface : lockCanvas
01-16 21:02:01.253 32318 32318 D Surface : lockCanvas
01-16 21:02:01.270 32318 32318 D Surface : lockCanvas
01-16 21:02:01.287 32318 32318 D Surface : lockCanvas
01-16 21:02:01.303 32318 32318 D Surface : lockCanvas
01-16 21:02:01.319 32318 32318 D Surface : lockCanvas
01-16 21:02:01.336 32318 32318 D Surface : lockCanvas
01-16 21:02:01.353 32318 32318 D Surface : lockCanvas
01-16 21:02:01.420 32318 32318 D Surface : lockCanvas
01-16 21:02:01.636 32318 32318 D Surface : lockCanvas
01-16 21:02:01.657 32318 32318 D Surface : lockCanvas
01-16 21:02:01.675 32318 32318 D Surface : lockCanvas
01-16 21:02:01.690 32318 32318 D Surface : lockCanvas
01-16 21:02:01.705 32318 32318 D Surface : lockCanvas
01-16 21:02:01.721 32318 32318 D Surface : lockCanvas
01-16 21:02:01.737 32318 32318 D Surface : lockCanvas
01-16 21:02:01.754 32318 32318 D Surface : lockCanvas
01-16 21:02:01.770 32318 32318 D Surface : lockCanvas
01-16 21:02:01.786 32318 32318 D Surface : lockCanvas
01-16 21:02:01.803 32318 32318 D Surface : lockCanvas
01-16 21:02:01.820 32318 32318 D Surface : lockCanvas
01-16 21:02:01.837 32318 32318 D Surface : lockCanvas
01-16 21:02:01.853 32318 32318 D Surface : lockCanvas
01-16 21:02:01.869 32318 32318 D Surface : lockCanvas
01-16 21:02:01.886 32318 32318 D Surface : lockCanvas
01-16 21:02:01.904 32318 32318 D Surface : lockCanvas
01-16 21:02:01.921 32318 32318 D Surface : lockCanvas
01-16 21:02:01.936 32318 32318 D Surface : lockCanvas
01-16 21:02:01.953 32318 32318 D Surface : lockCanvas
01-16 21:02:01.969 32318 32318 D Surface : lockCanvas
01-16 21:02:01.987 32318 32318 D Surface : lockCanvas
01-16 21:02:02.003 32318 32318 D Surface : lockCanvas
01-16 21:02:02.019 32318 32318 D Surface : lockCanvas
01-16 21:02:02.037 32318 32318 D Surface : lockCanvas
01-16 21:02:02.052 32318 32318 D Surface : lockCanvas
01-16 21:02:02.069 32318 32318 D Surface : lockCanvas
01-16 21:02:02.086 32318 32318 D Surface : lockCanvas
01-16 21:02:02.103 32318 32318 D Surface : lockCanvas
01-16 21:02:02.120 32318 32318 D Surface : lockCanvas
