01-01 07:01:08.420 D/NVRAM ( 781): FileOp_MakeFile: Handle the file
(/mnt/vendor/nvdata/md/NVRAM/CALIBRAT/HL1H_000)
01-01 07:01:08.420 D/NVRAM ( 781): File size is (144)
01-01 07:01:08.420 D/NVRAM ( 781): FileInfo: Filenum 152 (addr - 1132761 / size
144)
01-01 07:01:08.420 D/NVRAM ( 781): FileOp_BackupData:
(/mnt/vendor/nvdata/md/NVRAM/CALIBRAT/HL18_001)
01-01 07:01:08.420 D/NVRAM ( 781): FileOp_MakeFile: Handle the file
(/mnt/vendor/nvdata/md/NVRAM/CALIBRAT/HL18_001)
01-01 07:01:08.420 D/NVRAM ( 781): File size is (530)
01-01 07:01:08.420 D/NVRAM ( 781): FileInfo: Filenum 153 (addr - 1132905 / size
530)
01-01 07:01:08.420 D/NVRAM ( 781): FileOp_BackupData:
(/mnt/vendor/nvdata/md/NVRAM/CALIBRAT/ULBX_000)
01-01 07:01:08.420 D/NVRAM ( 781): FileOp_MakeFile: Handle the file
(/mnt/vendor/nvdata/md/NVRAM/CALIBRAT/ULBX_000)
01-01 07:01:08.420 D/NVRAM ( 781): File size is (3760)
01-01 07:01:08.420 D/NVRAM ( 781): FileInfo: Filenum 154 (addr - 1133435 / size
3760)
01-01 07:01:08.420 D/NVRAM ( 781): FileOp_BackupData:
(/mnt/vendor/nvdata/md/NVRAM/CALIBRAT/TD2B_000)
01-01 07:01:08.420 D/NVRAM ( 781): FileOp_MakeFile: Handle the file
(/mnt/vendor/nvdata/md/NVRAM/CALIBRAT/TD2B_000)
01-01 07:01:08.420 D/NVRAM ( 781): File size is (76)
01-01 07:01:08.420 D/NVRAM ( 781): FileInfo: Filenum 155 (addr - 1137195 / size
76)
01-01 07:01:08.420 D/NVRAM ( 781): FileOp_BackupData:
(/mnt/vendor/nvdata/md/NVRAM/CALIBRAT/EL70_000)
01-01 07:01:08.420 D/NVRAM ( 781): FileOp_MakeFile: Handle the file
(/mnt/vendor/nvdata/md/NVRAM/CALIBRAT/EL70_000)
01-01 07:01:08.420 D/NVRAM ( 781): File size is (192)
01-01 07:01:08.420 D/NVRAM ( 781): FileInfo: Filenum 156 (addr - 1137271 / size
192)
01-01 07:01:08.420 D/NVRAM ( 781): FileOp_BackupData:
(/mnt/vendor/nvdata/md/NVRAM/CALIBRAT/ULBZ_000)
01-01 07:01:08.420 D/NVRAM ( 781): FileOp_MakeFile: Handle the file
(/mnt/vendor/nvdata/md/NVRAM/CALIBRAT/ULBZ_000)
01-01 07:01:08.420 D/NVRAM ( 781): File size is (3760)
01-01 07:01:08.420 D/NVRAM ( 781): FileInfo: Filenum 157 (addr - 1137463 / size
3760)
01-01 07:01:08.420 D/NVRAM ( 781): FileOp_BackupData:
(/mnt/vendor/nvdata/md/NVRAM/CALIBRAT/ULB0_001)
01-01 07:01:08.420 D/NVRAM ( 781): FileOp_MakeFile: Handle the file
(/mnt/vendor/nvdata/md/NVRAM/CALIBRAT/ULB0_001)
01-01 07:01:08.420 D/NVRAM ( 781): File size is (530)
01-01 07:01:08.420 D/NVRAM ( 781): FileInfo: Filenum 158 (addr - 1141223 / size
530)
01-01 07:01:08.420 D/NVRAM ( 781): FileOp_BackupData:
(/mnt/vendor/nvdata/md/NVRAM/CALIBRAT/UL1X_000)
01-01 07:01:08.420 D/NVRAM ( 781): FileOp_MakeFile: Handle the file
(/mnt/vendor/nvdata/md/NVRAM/CALIBRAT/UL1X_000)
01-01 07:01:08.420 D/NVRAM ( 781): File size is (168)
01-01 07:01:08.421 D/NVRAM ( 781): FileInfo: Filenum 159 (addr - 1141753 / size
168)
01-01 07:01:08.421 D/NVRAM ( 781): FileOp_BackupData:
(/mnt/vendor/nvdata/md/NVRAM/CALIBRAT/ULB2_000)
01-01 07:01:08.421 D/NVRAM ( 781): FileOp_MakeFile: Handle the file
(/mnt/vendor/nvdata/md/NVRAM/CALIBRAT/ULB2_000)
01-01 07:01:08.421 D/NVRAM ( 781): File size is (780)
01-01 07:01:08.421 D/NVRAM ( 781): FileInfo: Filenum 160 (addr - 1141921 / size
780)
01-01 07:01:08.421 D/NVRAM ( 781): FileOp_BackupData:
(/mnt/vendor/nvdata/md/NVRAM/CALIBRAT/UL1B_000)
01-01 07:01:08.421 D/NVRAM ( 781): FileOp_MakeFile: Handle the file
(/mnt/vendor/nvdata/md/NVRAM/CALIBRAT/UL1B_000)
01-01 07:01:08.421 D/NVRAM ( 781): File size is (780)
01-01 07:01:08.421 D/NVRAM ( 781): FileInfo: Filenum 161 (addr - 1142701 / size
780)
01-01 07:01:08.421 D/NVRAM ( 781): FileOp_BackupData:
(/mnt/vendor/nvdata/md/NVRAM/CALIBRAT/ULBA_000)
01-01 07:01:08.421 D/NVRAM ( 781): FileOp_MakeFile: Handle the file
(/mnt/vendor/nvdata/md/NVRAM/CALIBRAT/ULBA_000)
01-01 07:01:08.421 D/NVRAM ( 781): File size is (168)
01-01 07:01:08.421 D/NVRAM ( 781): FileInfo: Filenum 162 (addr - 1143481 / size
168)
01-01 07:01:08.421 D/NVRAM ( 781): FileOp_BackupData:
(/mnt/vendor/nvdata/md/NVRAM/CALIBRAT/EA03_001)
01-01 07:01:08.421 D/NVRAM ( 781): FileOp_MakeFile: Handle the file
(/mnt/vendor/nvdata/md/NVRAM/CALIBRAT/EA03_001)
01-01 07:01:08.421 D/NVRAM ( 781): File size is (80)
01-01 07:01:08.421 D/NVRAM ( 781): FileInfo: Filenum 163 (addr - 1143649 / size
80)
01-01 07:01:08.421 D/NVRAM ( 781): FileOp_BackupData:
(/mnt/vendor/nvdata/md/NVRAM/CALIBRAT/UL14_001)
01-01 07:01:08.421 D/NVRAM ( 781): FileOp_MakeFile: Handle the file
(/mnt/vendor/nvdata/md/NVRAM/CALIBRAT/UL14_001)
01-01 07:01:08.421 D/NVRAM ( 781): File size is (530)
01-01 07:01:08.421 D/NVRAM ( 781): FileInfo: Filenum 164 (addr - 1143729 / size
530)
01-01 07:01:08.421 D/NVRAM ( 781): FileOp_BackupData:
(/mnt/vendor/nvdata/md/NVRAM/CALIBRAT/LA0K_006)
01-01 07:01:08.421 D/NVRAM ( 781): FileOp_MakeFile: Handle the file
(/mnt/vendor/nvdata/md/NVRAM/CALIBRAT/LA0K_006)
01-01 07:01:08.421 D/NVRAM ( 781): File size is (536)
01-01 07:01:08.421 D/NVRAM ( 781): FileInfo: Filenum 165 (addr - 1144259 / size
536)
01-01 07:01:08.421 D/NVRAM ( 781): FileOp_BackupData:
(/mnt/vendor/nvdata/md/NVRAM/CALIBRAT/ML0D_000)
01-01 07:01:08.421 D/NVRAM ( 781): FileOp_MakeFile: Handle the file
(/mnt/vendor/nvdata/md/NVRAM/CALIBRAT/ML0D_000)
01-01 07:01:08.421 D/NVRAM ( 781): File size is (16458)
01-01 07:01:08.421 D/NVRAM ( 781): FileInfo: Filenum 166 (addr - 1144795 / size
16458)
01-01 07:01:08.421 D/NVRAM ( 781): FileOp_BackupData:
(/mnt/vendor/nvdata/md/NVRAM/CALIBRAT/UL1V_000)
01-01 07:01:08.421 D/NVRAM ( 781): FileOp_MakeFile: Handle the file
(/mnt/vendor/nvdata/md/NVRAM/CALIBRAT/UL1V_000)
01-01 07:01:08.421 D/NVRAM ( 781): File size is (172)
01-01 07:01:08.421 D/NVRAM ( 781): FileInfo: Filenum 167 (addr - 1161253 / size
172)
01-01 07:01:08.421 D/NVRAM ( 781): FileOp_BackupData:
(/mnt/vendor/nvdata/md/NVRAM/CALIBRAT/EL91_001)
01-01 07:01:08.421 D/NVRAM ( 781): FileOp_MakeFile: Handle the file
(/mnt/vendor/nvdata/md/NVRAM/CALIBRAT/EL91_001)
01-01 07:01:08.421 D/NVRAM ( 781): File size is (1600)
01-01 07:01:08.421 D/NVRAM ( 781): FileInfo: Filenum 168 (addr - 1161425 / size
1600)
01-01 07:01:08.421 D/NVRAM ( 781): FileSize is (1600) !
01-01 07:01:08.422 D/NVRAM ( 781): FileNum is (168) !
01-01 07:01:08.422 D/NVRAM ( 781): is_support_ecci_c2k 1
01-01 07:01:08.422 D/NVRAM ( 781): iFileBufLen is (2196) !
01-01 07:01:08.422 D/NVRAM ( 781): ro.vendor.mtk_md3_support property get fail :
01-01 07:01:08.422 D/NVRAM ( 781): ro.vendor.mtk_md3_support property get fail :
01-01 07:01:08.422 D/NVRAM ( 781): MDCLN num (168) !
01-01 07:01:08.422 D/NVRAM ( 781): FileOp_BackupData_All MDIMP start !
01-01 07:01:08.422 D/NVRAM ( 781): open dir /mnt/vendor/nvdata/md/NVRAM/IMPORTNT
!
01-01 07:01:08.422 D/NVRAM ( 781): FileOp_BackupData open dir:
/mnt/vendor/nvdata/md/NVRAM/IMPORTNT ,this dir not exist!
01-01 07:01:08.422 D/NVRAM ( 781): FileOp_BackupData_All MD2BOOT start !
01-01 07:01:08.422 D/NVRAM ( 781): open dir
/mnt/vendor/nvdata/md2/NVRAM/NVD_IMEI !
01-01 07:01:08.422 D/NVRAM ( 781): FileOp_BackupData open dir:
/mnt/vendor/nvdata/md2/NVRAM/NVD_IMEI ,this dir not exist!
01-01 07:01:08.422 D/NVRAM ( 781): FileOp_BackupData_All MD2CLN start !
01-01 07:01:08.422 D/NVRAM ( 781): open dir
/mnt/vendor/nvdata/md2/NVRAM/CALIBRAT !
01-01 07:01:08.422 D/NVRAM ( 781): FileOp_BackupData open dir:
/mnt/vendor/nvdata/md2/NVRAM/CALIBRAT ,this dir not exist!
01-01 07:01:08.422 D/NVRAM ( 781): FileOp_BackupData_All MD2IMP start !
01-01 07:01:08.422 D/NVRAM ( 781): open dir
/mnt/vendor/nvdata/md2/NVRAM/IMPORTNT !
01-01 07:01:08.422 D/NVRAM ( 781): FileOp_BackupData open dir:
/mnt/vendor/nvdata/md2/NVRAM/IMPORTNT ,this dir not exist!
01-01 07:01:08.422 D/NVRAM ( 781): FileOp_BackupData_All MD3BOOT start !
01-01 07:01:08.422 D/NVRAM ( 781): open dir
/mnt/vendor/nvdata/md3/NVRAM/NVD_IMEI !
01-01 07:01:08.422 D/NVRAM ( 781): FileOp_BackupData open dir:
/mnt/vendor/nvdata/md3/NVRAM/NVD_IMEI ,this dir not exist!
01-01 07:01:08.423 D/NVRAM ( 781): FileOp_BackupData_All MD3CLN start !
01-01 07:01:08.423 D/NVRAM ( 781): open dir
/mnt/vendor/nvdata/md3/NVRAM/CALIBRAT !
01-01 07:01:08.423 D/NVRAM ( 781): FileOp_BackupData open dir:
/mnt/vendor/nvdata/md3/NVRAM/CALIBRAT ,this dir not exist!
01-01 07:01:08.423 D/NVRAM ( 781): FileOp_BackupData_All MD3IMP start !
01-01 07:01:08.423 D/NVRAM ( 781): open dir
/mnt/vendor/nvdata/md3/NVRAM/IMPORTNT !
01-01 07:01:08.423 D/NVRAM ( 781): FileOp_BackupData open dir:
/mnt/vendor/nvdata/md3/NVRAM/IMPORTNT ,this dir not exist!
01-01 07:01:08.423 D/NVRAM ( 781): Starting FileOp_ComputeCheckSum (pid 781) on
Fri Jan 1 00:01:08 2010
01-01 07:01:08.423 D/NVRAM ( 781): looptime is 290756, tmplooptime is 71
01-01 07:01:08.424 D/NVRAM ( 781): tempNum = 0
01-01 07:01:08.424 D/NVRAM ( 781): Ending FileOp_ComputeCheckSum (pid 781) on
Fri Jan 1 00:01:08 2010
01-01 07:01:08.424 D/NVRAM ( 781): FileOp_ComputeCheckSum:1f3496b3
01-01 07:01:08.424 D/NVRAM ( 781): common file num:51,custom file num:27
01-01 07:01:08.424 D/NVRAM ( 781): FileOp_BackupData_All end !
01-01 07:01:08.424 D/NVRAM ( 781):
[NVRAM]:info:iMapFileSize:25952,iDatFileSize:1163025
01-01 07:01:08.424 D/NVRAM ( 781): [NVRAM]:FileOp_CreateBinRegionBadBlockBitMap:
01-01 07:01:08.424 D/NVRAM ( 781):
[NVRAM]:FileOp_CreateBinRegionBadBlockBitMap:/dev/block/platform/bootdevice/by-
name/nvram
01-01 07:01:08.424 D/NVRAM ( 781): [NVRAM]:mtd get
info:iBlockSize:131072,iPartitionSize:67108864,iBlockNum:507
01-01 07:01:08.424 D/NVRAM ( 781): [NVRAM]:mtd get
info:iBlockSize:131072,iPartitionSize:67108864
01-01 07:01:08.424 D/NVRAM ( 781): [NVRAM]:pos for mapfile:0,i:0
01-01 07:01:08.424 D/NVRAM ( 781): [NVRAM Backup]:map file write :26112
01-01 07:01:08.424 D/NVRAM ( 781): [NVRAM]:pos for bitmap:506
01-01 07:01:08.425 D/NVRAM ( 781): [NVRAM]:pos:506,bitmap[i]:0
01-01 07:01:08.425 D/NVRAM ( 781): [NVRAM]:pos:506,bitmap[i]:0
01-01 07:01:08.425 D/NVRAM ( 781): [NVRAM]:pos:506,bitmap[i]:0
01-01 07:01:08.425 D/NVRAM ( 781): [NVRAM]:pos:506,bitmap[i]:0
01-01 07:01:08.425 D/NVRAM ( 781): [NVRAM]:pos:506,bitmap[i]:0
01-01 07:01:08.425 D/NVRAM ( 781): [NVRAM]:pos:506,bitmap[i]:0
01-01 07:01:08.425 D/NVRAM ( 781): [NVRAM]:pos:506,bitmap[i]:0
01-01 07:01:08.425 D/NVRAM ( 781): [NVRAM]:pos:506,bitmap[i]:0
01-01 07:01:08.425 D/NVRAM ( 781): [NVRAM]:pos:506,bitmap[i]:0
01-01 07:01:08.425 D/NVRAM ( 781): [NVRAM]:pos:506,bitmap[i]:0
01-01 07:01:08.425 D/NVRAM ( 781): [NVRAM]:pos:506,bitmap[i]:0
01-01 07:01:08.425 D/NVRAM ( 781): [NVRAM]:pos:506,bitmap[i]:0
01-01 07:01:08.425 D/NVRAM ( 781): [NVRAM]:pos:506,bitmap[i]:0
01-01 07:01:08.425 D/NVRAM ( 781): [NVRAM]:pos:506,bitmap[i]:0
01-01 07:01:08.425 D/NVRAM ( 781): [NVRAM]:pos:506,bitmap[i]:0
01-01 07:01:08.425 D/NVRAM ( 781): [NVRAM]:pos:506,bitmap[i]:0
01-01 07:01:08.425 D/NVRAM ( 781): [NVRAM]:pos:506,bitmap[i]:0
01-01 07:01:08.425 D/NVRAM ( 781): [NVRAM]:pos:506,bitmap[i]:0
01-01 07:01:08.425 D/NVRAM ( 781): [NVRAM]:pos:506,bitmap[i]:0
01-01 07:01:08.425 D/NVRAM ( 781): [NVRAM]:pos:506,bitmap[i]:0
01-01 07:01:08.425 D/NVRAM ( 781): [NVRAM]:pos:506,bitmap[i]:0
01-01 07:01:08.425 D/NVRAM ( 781): [NVRAM]:pos:506,bitmap[i]:0
01-01 07:01:08.425 D/NVRAM ( 781): [NVRAM]:pos:506,bitmap[i]:0
01-01 07:01:08.425 D/NVRAM ( 781): [NVRAM]:pos:506,bitmap[i]:0
01-01 07:01:08.425 D/NVRAM ( 781): [NVRAM]:pos:506,bitmap[i]:0
01-01 07:01:08.425 D/NVRAM ( 781): [NVRAM]:pos:506,bitmap[i]:0
01-01 07:01:08.425 D/NVRAM ( 781): [NVRAM]:pos:506,bitmap[i]:0
01-01 07:01:08.425 D/NVRAM ( 781): [NVRAM]:pos:506,bitmap[i]:0
01-01 07:01:08.425 D/NVRAM ( 781): [NVRAM]:pos:506,bitmap[i]:0
01-01 07:01:08.425 D/NVRAM ( 781): [NVRAM]:pos:506,bitmap[i]:0
01-01 07:01:08.425 D/NVRAM ( 781): [NVRAM]:pos:506,bitmap[i]:0
01-01 07:01:08.425 D/NVRAM ( 781): [NVRAM]:pos:506,bitmap[i]:0
01-01 07:01:08.425 D/NVRAM ( 781): [NVRAM]:pos:506,bitmap[i]:0
01-01 07:01:08.425 D/NVRAM ( 781): [NVRAM]:pos:506,bitmap[i]:0
01-01 07:01:08.425 D/NVRAM ( 781): [NVRAM]:pos:506,bitmap[i]:0
01-01 07:01:08.425 D/NVRAM ( 781): [NVRAM]:pos:506,bitmap[i]:0
01-01 07:01:08.425 D/NVRAM ( 781): [NVRAM]:pos:506,bitmap[i]:0
01-01 07:01:08.425 D/NVRAM ( 781): [NVRAM]:pos:506,bitmap[i]:0
01-01 07:01:08.425 D/NVRAM ( 781): [NVRAM]:pos:506,bitmap[i]:0
01-01 07:01:08.425 D/NVRAM ( 781): [NVRAM]:pos:506,bitmap[i]:0
01-01 07:01:08.425 D/NVRAM ( 781): [NVRAM]:pos:506,bitmap[i]:0
01-01 07:01:08.425 D/NVRAM ( 781): [NVRAM]:pos:506,bitmap[i]:0
01-01 07:01:08.425 D/NVRAM ( 781): [NVRAM]:pos:506,bitmap[i]:0
01-01 07:01:08.425 D/NVRAM ( 781): [NVRAM]:pos:506,bitmap[i]:0
01-01 07:01:08.425 D/NVRAM ( 781): [NVRAM]:pos:506,bitmap[i]:0
01-01 07:01:08.425 D/NVRAM ( 781): [NVRAM]:pos:506,bitmap[i]:0
01-01 07:01:08.425 D/NVRAM ( 781): [NVRAM]:pos:506,bitmap[i]:0
01-01 07:01:08.425 D/NVRAM ( 781): [NVRAM]:pos:506,bitmap[i]:0
01-01 07:01:08.425 D/NVRAM ( 781): [NVRAM]:pos:506,bitmap[i]:0
01-01 07:01:08.425 D/NVRAM ( 781): [NVRAM]:pos:506,bitmap[i]:0
01-01 07:01:08.425 D/NVRAM ( 781): [NVRAM]:pos:506,bitmap[i]:0
01-01 07:01:08.425 D/NVRAM ( 781): [NVRAM]:pos:506,bitmap[i]:0
01-01 07:01:08.425 D/NVRAM ( 781): [NVRAM]:pos:506,bitmap[i]:0
01-01 07:01:08.425 D/NVRAM ( 781): [NVRAM]:pos:506,bitmap[i]:0
01-01 07:01:08.425 D/NVRAM ( 781): [NVRAM]:pos:506,bitmap[i]:0
01-01 07:01:08.425 D/NVRAM ( 781): [NVRAM]:pos:506,bitmap[i]:0
01-01 07:01:08.425 D/NVRAM ( 781): [NVRAM]:pos:506,bitmap[i]:0
01-01 07:01:08.425 D/NVRAM ( 781): [NVRAM]:pos:506,bitmap[i]:0
01-01 07:01:08.425 D/NVRAM ( 781): [NVRAM]:pos:506,bitmap[i]:0
01-01 07:01:08.425 D/NVRAM ( 781): [NVRAM]:pos:506,bitmap[i]:0
01-01 07:01:08.425 D/NVRAM ( 781): [NVRAM]:pos:506,bitmap[i]:0
01-01 07:01:08.425 D/NVRAM ( 781): [NVRAM]:pos:506,bitmap[i]:0
01-01 07:01:08.425 D/NVRAM ( 781): [NVRAM]:pos:506,bitmap[i]:0
01-01 07:01:08.425 D/NVRAM ( 781): [NVRAM]:pos:506,bitmap[i]:0
01-01 07:01:08.425 D/NVRAM ( 781): [NVRAM]:pos:506,bitmap[i]:0
01-01 07:01:08.425 D/NVRAM ( 781): [NVRAM]:pos:506,bitmap[i]:0
01-01 07:01:08.425 D/NVRAM ( 781): [NVRAM]:pos:506,bitmap[i]:0
01-01 07:01:08.425 D/NVRAM ( 781): [NVRAM]:pos:506,bitmap[i]:0
01-01 07:01:08.425 D/NVRAM ( 781): [NVRAM]:pos:506,bitmap[i]:0
01-01 07:01:08.425 D/NVRAM ( 781): [NVRAM]:pos:506,bitmap[i]:0
01-01 07:01:08.425 D/NVRAM ( 781): [NVRAM]:pos:506,bitmap[i]:0
01-01 07:01:08.425 D/NVRAM ( 781): [NVRAM]:pos:506,bitmap[i]:0
01-01 07:01:08.425 D/NVRAM ( 781): [NVRAM]:pos:506,bitmap[i]:0
01-01 07:01:08.425 D/NVRAM ( 781): [NVRAM]:pos:506,bitmap[i]:0
01-01 07:01:08.425 D/NVRAM ( 781): [NVRAM]:pos:506,bitmap[i]:0
01-01 07:01:08.425 D/NVRAM ( 781): [NVRAM]:pos:506,bitmap[i]:0
01-01 07:01:08.425 D/NVRAM ( 781): [NVRAM]:pos:506,bitmap[i]:0
01-01 07:01:08.425 D/NVRAM ( 781): [NVRAM]:pos:506,bitmap[i]:0
01-01 07:01:08.425 D/NVRAM ( 781): [NVRAM]:pos:506,bitmap[i]:0
01-01 07:01:08.425 D/NVRAM ( 781): [NVRAM]:pos:506,bitmap[i]:0
01-01 07:01:08.425 D/NVRAM ( 781): [NVRAM]:pos:506,bitmap[i]:0
01-01 07:01:08.425 D/NVRAM ( 781): [NVRAM]:pos:506,bitmap[i]:0
01-01 07:01:08.425 D/NVRAM ( 781): [NVRAM]:pos:506,bitmap[i]:0
01-01 07:01:08.425 D/NVRAM ( 781): [NVRAM]:pos:506,bitmap[i]:0
01-01 07:01:08.425 D/NVRAM ( 781): [NVRAM]:pos:506,bitmap[i]:0
01-01 07:01:08.425 D/NVRAM ( 781): [NVRAM]:pos:506,bitmap[i]:0
01-01 07:01:08.425 D/NVRAM ( 781): [NVRAM]:pos:506,bitmap[i]:0
01-01 07:01:08.425 D/NVRAM ( 781): [NVRAM]:pos:506,bitmap[i]:0
01-01 07:01:08.425 D/NVRAM ( 781): [NVRAM]:pos:506,bitmap[i]:0
01-01 07:01:08.425 D/NVRAM ( 781): [NVRAM]:pos:506,bitmap[i]:0
01-01 07:01:08.425 D/NVRAM ( 781): [NVRAM]:pos:506,bitmap[i]:0
01-01 07:01:08.425 D/NVRAM ( 781): [NVRAM]:pos:506,bitmap[i]:0
01-01 07:01:08.425 D/NVRAM ( 781): [NVRAM]:pos:506,bitmap[i]:0
01-01 07:01:08.425 D/NVRAM ( 781): [NVRAM]:pos:506,bitmap[i]:0
01-01 07:01:08.425 D/NVRAM ( 781): [NVRAM]:pos:506,bitmap[i]:0
01-01 07:01:08.425 D/NVRAM ( 781): [NVRAM]:pos:506,bitmap[i]:0
01-01 07:01:08.425 D/NVRAM ( 781): [NVRAM]:pos:506,bitmap[i]:0
01-01 07:01:08.425 D/NVRAM ( 781): [NVRAM]:pos:506,bitmap[i]:0
01-01 07:01:08.425 D/NVRAM ( 781): [NVRAM]:pos:506,bitmap[i]:0
01-01 07:01:08.425 D/NVRAM ( 781): [NVRAM]:pos:506,bitmap[i]:0
01-01 07:01:08.425 D/NVRAM ( 781): [NVRAM]:pos:506,bitmap[i]:0
01-01 07:01:08.425 D/NVRAM ( 781): [NVRAM]:pos:506,bitmap[i]:0
01-01 07:01:08.425 D/NVRAM ( 781): [NVRAM]:pos:506,bitmap[i]:0
01-01 07:01:08.425 D/NVRAM ( 781): [NVRAM]:pos:506,bitmap[i]:0
01-01 07:01:08.425 D/NVRAM ( 781): [NVRAM]:pos:506,bitmap[i]:0
01-01 07:01:08.425 D/NVRAM ( 781): [NVRAM]:pos:506,bitmap[i]:0
01-01 07:01:08.425 D/NVRAM ( 781): [NVRAM]:pos:506,bitmap[i]:0
01-01 07:01:08.425 D/NVRAM ( 781): [NVRAM]:pos:506,bitmap[i]:0
01-01 07:01:08.425 D/NVRAM ( 781): [NVRAM]:pos:506,bitmap[i]:0
01-01 07:01:08.425 D/NVRAM ( 781): [NVRAM]:pos:506,bitmap[i]:0
01-01 07:01:08.425 D/NVRAM ( 781): [NVRAM]:pos:506,bitmap[i]:0
01-01 07:01:08.425 D/NVRAM ( 781): [NVRAM]:pos:506,bitmap[i]:0
01-01 07:01:08.425 D/NVRAM ( 781): [NVRAM]:pos:506,bitmap[i]:0
01-01 07:01:08.425 D/NVRAM ( 781): [NVRAM]:pos:506,bitmap[i]:0
01-01 07:01:08.425 D/NVRAM ( 781): [NVRAM]:pos:506,bitmap[i]:0
01-01 07:01:08.425 D/NVRAM ( 781): [NVRAM]:pos:506,bitmap[i]:0
01-01 07:01:08.425 D/NVRAM ( 781): [NVRAM]:pos:506,bitmap[i]:0
01-01 07:01:08.425 D/NVRAM ( 781): [NVRAM]:pos:506,bitmap[i]:0
01-01 07:01:08.425 D/NVRAM ( 781): [NVRAM]:pos:506,bitmap[i]:0
01-01 07:01:08.425 D/NVRAM ( 781): [NVRAM]:pos:506,bitmap[i]:0
01-01 07:01:08.425 D/NVRAM ( 781): [NVRAM]:pos:506,bitmap[i]:0
01-01 07:01:08.425 D/NVRAM ( 781): [NVRAM]:pos:506,bitmap[i]:0
01-01 07:01:08.425 D/NVRAM ( 781): [NVRAM]:pos:506,bitmap[i]:0
01-01 07:01:08.425 D/NVRAM ( 781): [NVRAM]:pos:506,bitmap[i]:0
01-01 07:01:08.425 D/NVRAM ( 781): [NVRAM]:pos:506,bitmap[i]:0
01-01 07:01:08.425 D/NVRAM ( 781): [NVRAM]:pos:506,bitmap[i]:0
01-01 07:01:08.425 D/NVRAM ( 781): [NVRAM]:pos:506,bitmap[i]:0
01-01 07:01:08.425 D/NVRAM ( 781): [NVRAM]:pos:506,bitmap[i]:0
01-01 07:01:08.425 D/NVRAM ( 781): [NVRAM]:pos:506,bitmap[i]:0
01-01 07:01:08.425 D/NVRAM ( 781): [NVRAM]:pos:506,bitmap[i]:0
01-01 07:01:08.425 D/NVRAM ( 781): [NVRAM]:pos:506,bitmap[i]:0
01-01 07:01:08.425 D/NVRAM ( 781): [NVRAM]:pos:506,bitmap[i]:0
01-01 07:01:08.425 D/NVRAM ( 781): [NVRAM]:pos:506,bitmap[i]:0
01-01 07:01:08.425 D/NVRAM ( 781): [NVRAM]:pos:506,bitmap[i]:0
01-01 07:01:08.425 D/NVRAM ( 781): [NVRAM]:pos:506,bitmap[i]:0
01-01 07:01:08.425 D/NVRAM ( 781): [NVRAM]:pos:506,bitmap[i]:0
01-01 07:01:08.425 D/NVRAM ( 781): [NVRAM]:pos:506,bitmap[i]:0
01-01 07:01:08.425 D/NVRAM ( 781): [NVRAM]:pos:506,bitmap[i]:0
01-01 07:01:08.425 D/NVRAM ( 781): [NVRAM]:pos:506,bitmap[i]:0
01-01 07:01:08.426 D/NVRAM ( 781): [NVRAM]:pos:506,bitmap[i]:0
01-01 07:01:08.426 D/NVRAM ( 781): [NVRAM]:pos:506,bitmap[i]:0
01-01 07:01:08.426 D/NVRAM ( 781): [NVRAM]:pos:506,bitmap[i]:0
01-01 07:01:08.426 D/NVRAM ( 781): [NVRAM]:pos:506,bitmap[i]:0
01-01 07:01:08.426 D/NVRAM ( 781): [NVRAM]:pos:506,bitmap[i]:0
01-01 07:01:08.426 D/NVRAM ( 781): [NVRAM]:pos:506,bitmap[i]:0
01-01 07:01:08.426 D/NVRAM ( 781): [NVRAM]:pos:506,bitmap[i]:0
01-01 07:01:08.426 D/NVRAM ( 781): [NVRAM]:pos:506,bitmap[i]:0
01-01 07:01:08.426 D/NVRAM ( 781): [NVRAM]:pos:506,bitmap[i]:0
01-01 07:01:08.426 D/NVRAM ( 781): [NVRAM]:pos:506,bitmap[i]:0
01-01 07:01:08.426 D/NVRAM ( 781): [NVRAM]:pos:506,bitmap[i]:0
01-01 07:01:08.426 D/NVRAM ( 781): [NVRAM]:pos:506,bitmap[i]:0
01-01 07:01:08.426 D/NVRAM ( 781): [NVRAM]:pos:506,bitmap[i]:0
01-01 07:01:08.426 D/NVRAM ( 781): [NVRAM]:pos:506,bitmap[i]:0
01-01 07:01:08.426 D/NVRAM ( 781): [NVRAM]:pos:506,bitmap[i]:0
01-01 07:01:08.426 D/NVRAM ( 781): [NVRAM]:pos:506,bitmap[i]:0
01-01 07:01:08.426 D/NVRAM ( 781): [NVRAM]:pos:506,bitmap[i]:0
01-01 07:01:08.426 D/NVRAM ( 781): [NVRAM]:pos:506,bitmap[i]:0
01-01 07:01:08.426 D/NVRAM ( 781): [NVRAM]:pos:506,bitmap[i]:0
01-01 07:01:08.426 D/NVRAM ( 781): [NVRAM]:pos:506,bitmap[i]:0
01-01 07:01:08.426 D/NVRAM ( 781): [NVRAM]:pos:506,bitmap[i]:0
01-01 07:01:08.426 D/NVRAM ( 781): [NVRAM]:pos:506,bitmap[i]:0
01-01 07:01:08.426 D/NVRAM ( 781): [NVRAM]:pos:506,bitmap[i]:0
01-01 07:01:08.426 D/NVRAM ( 781): [NVRAM]:pos:506,bitmap[i]:0
01-01 07:01:08.426 D/NVRAM ( 781): [NVRAM]:pos:506,bitmap[i]:0
01-01 07:01:08.426 D/NVRAM ( 781): [NVRAM]:pos:506,bitmap[i]:0
01-01 07:01:08.426 D/NVRAM ( 781): [NVRAM]:pos:506,bitmap[i]:0
01-01 07:01:08.426 D/NVRAM ( 781): [NVRAM]:pos:506,bitmap[i]:0
01-01 07:01:08.426 D/NVRAM ( 781): [NVRAM]:pos:506,bitmap[i]:0
01-01 07:01:08.426 D/NVRAM ( 781): [NVRAM]:pos:506,bitmap[i]:0
01-01 07:01:08.426 D/NVRAM ( 781): [NVRAM]:pos:506,bitmap[i]:0
01-01 07:01:08.426 D/NVRAM ( 781): [NVRAM]:pos:506,bitmap[i]:0
01-01 07:01:08.426 D/NVRAM ( 781): [NVRAM]:pos:506,bitmap[i]:0
01-01 07:01:08.426 D/NVRAM ( 781): [NVRAM]:pos:506,bitmap[i]:0
01-01 07:01:08.426 D/NVRAM ( 781): [NVRAM]:pos:506,bitmap[i]:0
01-01 07:01:08.426 D/NVRAM ( 781): [NVRAM]:pos:506,bitmap[i]:0
01-01 07:01:08.426 D/NVRAM ( 781): [NVRAM]:pos:506,bitmap[i]:0
01-01 07:01:08.426 D/NVRAM ( 781): [NVRAM]:pos:506,bitmap[i]:0
01-01 07:01:08.426 D/NVRAM ( 781): [NVRAM]:pos:506,bitmap[i]:0
01-01 07:01:08.426 D/NVRAM ( 781): [NVRAM]:pos:506,bitmap[i]:0
01-01 07:01:08.426 D/NVRAM ( 781): [NVRAM]:pos:506,bitmap[i]:0
01-01 07:01:08.426 D/NVRAM ( 781): [NVRAM]:pos:506,bitmap[i]:0
01-01 07:01:08.426 D/NVRAM ( 781): [NVRAM]:pos:506,bitmap[i]:0
01-01 07:01:08.426 D/NVRAM ( 781): [NVRAM]:pos:506,bitmap[i]:0
01-01 07:01:08.426 D/NVRAM ( 781): [NVRAM]:pos:506,bitmap[i]:0
01-01 07:01:08.426 D/NVRAM ( 781): [NVRAM]:pos:506,bitmap[i]:0
01-01 07:01:08.426 D/NVRAM ( 781): [NVRAM]:pos:506,bitmap[i]:0
01-01 07:01:08.426 D/NVRAM ( 781): [NVRAM]:pos:506,bitmap[i]:0
01-01 07:01:08.426 D/NVRAM ( 781): [NVRAM]:pos:506,bitmap[i]:0
01-01 07:01:08.426 D/NVRAM ( 781): [NVRAM]:pos:506,bitmap[i]:0
01-01 07:01:08.426 D/NVRAM ( 781): [NVRAM]:pos:506,bitmap[i]:0
01-01 07:01:08.426 D/NVRAM ( 781): [NVRAM]:pos:506,bitmap[i]:0
01-01 07:01:08.426 D/NVRAM ( 781): [NVRAM]:pos:506,bitmap[i]:0
01-01 07:01:08.426 D/NVRAM ( 781): [NVRAM]:pos:506,bitmap[i]:0
01-01 07:01:08.426 D/NVRAM ( 781): [NVRAM]:pos:506,bitmap[i]:0
01-01 07:01:08.426 D/NVRAM ( 781): [NVRAM]:pos:506,bitmap[i]:0
01-01 07:01:08.426 D/NVRAM ( 781): [NVRAM]:pos:506,bitmap[i]:0
01-01 07:01:08.426 D/NVRAM ( 781): [NVRAM]:pos:506,bitmap[i]:0
01-01 07:01:08.426 D/NVRAM ( 781): [NVRAM]:pos:506,bitmap[i]:0
01-01 07:01:08.426 D/NVRAM ( 781): [NVRAM]:pos:506,bitmap[i]:0
01-01 07:01:08.426 D/NVRAM ( 781): [NVRAM]:pos:506,bitmap[i]:0
01-01 07:01:08.426 D/NVRAM ( 781): [NVRAM]:pos:506,bitmap[i]:0
01-01 07:01:08.426 D/NVRAM ( 781): [NVRAM]:pos:506,bitmap[i]:0
01-01 07:01:08.426 D/NVRAM ( 781): [NVRAM]:pos:506,bitmap[i]:0
01-01 07:01:08.426 D/NVRAM ( 781): [NVRAM]:pos:506,bitmap[i]:0
01-01 07:01:08.426 D/NVRAM ( 781): [NVRAM]:pos:506,bitmap[i]:0
01-01 07:01:08.426 D/NVRAM ( 781): [NVRAM]:pos:506,bitmap[i]:0
01-01 07:01:08.426 D/NVRAM ( 781): [NVRAM]:pos:506,bitmap[i]:0
01-01 07:01:08.426 D/NVRAM ( 781): [NVRAM]:pos:506,bitmap[i]:0
01-01 07:01:08.426 D/NVRAM ( 781): [NVRAM]:pos:506,bitmap[i]:0
01-01 07:01:08.426 D/NVRAM ( 781): [NVRAM]:pos:506,bitmap[i]:0
01-01 07:01:08.426 D/NVRAM ( 781): [NVRAM]:pos:506,bitmap[i]:0
01-01 07:01:08.426 D/NVRAM ( 781): [NVRAM]:pos:506,bitmap[i]:0
01-01 07:01:08.426 D/NVRAM ( 781): [NVRAM]:pos:506,bitmap[i]:0
01-01 07:01:08.426 D/NVRAM ( 781): [NVRAM]:pos:506,bitmap[i]:0
01-01 07:01:08.426 D/NVRAM ( 781): [NVRAM]:pos:506,bitmap[i]:0
01-01 07:01:08.426 D/NVRAM ( 781): [NVRAM]:pos:506,bitmap[i]:0
01-01 07:01:08.426 D/NVRAM ( 781): [NVRAM]:pos:506,bitmap[i]:0
01-01 07:01:08.426 D/NVRAM ( 781): [NVRAM]:pos:506,bitmap[i]:0
01-01 07:01:08.426 D/NVRAM ( 781): [NVRAM]:pos:506,bitmap[i]:0
01-01 07:01:08.426 D/NVRAM ( 781): [NVRAM]:pos:506,bitmap[i]:0
01-01 07:01:08.426 D/NVRAM ( 781): [NVRAM]:pos:506,bitmap[i]:0
01-01 07:01:08.426 D/NVRAM ( 781): [NVRAM]:pos:506,bitmap[i]:0
01-01 07:01:08.426 D/NVRAM ( 781): [NVRAM]:pos:506,bitmap[i]:0
01-01 07:01:08.426 D/NVRAM ( 781): [NVRAM]:pos:506,bitmap[i]:0
01-01 07:01:08.426 D/NVRAM ( 781): [NVRAM]:pos:506,bitmap[i]:0
01-01 07:01:08.426 D/NVRAM ( 781): [NVRAM]:pos:506,bitmap[i]:0
01-01 07:01:08.426 D/NVRAM ( 781): [NVRAM]:pos:506,bitmap[i]:0
01-01 07:01:08.426 D/NVRAM ( 781): [NVRAM]:pos:506,bitmap[i]:0
01-01 07:01:08.426 D/NVRAM ( 781): [NVRAM]:pos:506,bitmap[i]:0
01-01 07:01:08.426 D/NVRAM ( 781): [NVRAM]:pos:506,bitmap[i]:0
01-01 07:01:08.426 D/NVRAM ( 781): [NVRAM]:pos:506,bitmap[i]:0
01-01 07:01:08.426 D/NVRAM ( 781): [NVRAM]:pos:506,bitmap[i]:0
01-01 07:01:08.426 D/NVRAM ( 781): [NVRAM]:pos:506,bitmap[i]:0
01-01 07:01:08.426 D/NVRAM ( 781): [NVRAM]:pos:506,bitmap[i]:0
01-01 07:01:08.426 D/NVRAM ( 781): [NVRAM]:pos:506,bitmap[i]:0
01-01 07:01:08.426 D/NVRAM ( 781): [NVRAM]:pos:506,bitmap[i]:0
01-01 07:01:08.426 D/NVRAM ( 781): [NVRAM]:pos:506,bitmap[i]:0
01-01 07:01:08.426 D/NVRAM ( 781): [NVRAM]:pos:506,bitmap[i]:0
01-01 07:01:08.426 D/NVRAM ( 781): [NVRAM]:pos:506,bitmap[i]:0
01-01 07:01:08.426 D/NVRAM ( 781): [NVRAM]:pos:506,bitmap[i]:0
01-01 07:01:08.426 D/NVRAM ( 781): [NVRAM]:pos:506,bitmap[i]:0
01-01 07:01:08.426 D/NVRAM ( 781): [NVRAM]:pos:506,bitmap[i]:0
01-01 07:01:08.426 D/NVRAM ( 781): [NVRAM]:pos:506,bitmap[i]:0
01-01 07:01:08.426 D/NVRAM ( 781): [NVRAM]:pos:506,bitmap[i]:0
01-01 07:01:08.426 D/NVRAM ( 781): [NVRAM]:pos:506,bitmap[i]:0
01-01 07:01:08.426 D/NVRAM ( 781): [NVRAM]:pos:506,bitmap[i]:0
01-01 07:01:08.426 D/NVRAM ( 781): [NVRAM]:pos:506,bitmap[i]:0
01-01 07:01:08.426 D/NVRAM ( 781): [NVRAM]:pos:506,bitmap[i]:0
01-01 07:01:08.426 D/NVRAM ( 781): [NVRAM]:pos:506,bitmap[i]:0
01-01 07:01:08.426 D/NVRAM ( 781): [NVRAM]:pos:506,bitmap[i]:0
01-01 07:01:08.426 D/NVRAM ( 781): [NVRAM]:pos:506,bitmap[i]:0
01-01 07:01:08.426 D/NVRAM ( 781): [NVRAM]:pos:506,bitmap[i]:0
01-01 07:01:08.426 D/NVRAM ( 781): [NVRAM]:pos:506,bitmap[i]:0
01-01 07:01:08.426 D/NVRAM ( 781): [NVRAM]:pos:506,bitmap[i]:0
01-01 07:01:08.426 D/NVRAM ( 781): [NVRAM]:pos:506,bitmap[i]:0
01-01 07:01:08.426 D/NVRAM ( 781): [NVRAM]:pos:506,bitmap[i]:0
01-01 07:01:08.426 D/NVRAM ( 781): [NVRAM]:pos:506,bitmap[i]:0
01-01 07:01:08.426 D/NVRAM ( 781): [NVRAM]:pos:506,bitmap[i]:0
01-01 07:01:08.426 D/NVRAM ( 781): [NVRAM]:pos:506,bitmap[i]:0
01-01 07:01:08.426 D/NVRAM ( 781): [NVRAM]:pos:506,bitmap[i]:0
01-01 07:01:08.426 D/NVRAM ( 781): [NVRAM]:pos:506,bitmap[i]:0
01-01 07:01:08.426 D/NVRAM ( 781): [NVRAM]:pos:506,bitmap[i]:0
01-01 07:01:08.426 D/NVRAM ( 781): [NVRAM]:pos:506,bitmap[i]:0
01-01 07:01:08.426 D/NVRAM ( 781): [NVRAM]:pos:506,bitmap[i]:0
01-01 07:01:08.426 D/NVRAM ( 781): [NVRAM]:pos:506,bitmap[i]:0
01-01 07:01:08.426 D/NVRAM ( 781): [NVRAM]:pos:506,bitmap[i]:0
01-01 07:01:08.426 D/NVRAM ( 781): [NVRAM]:pos:506,bitmap[i]:0
01-01 07:01:08.426 D/NVRAM ( 781): [NVRAM]:pos:506,bitmap[i]:0
01-01 07:01:08.426 D/NVRAM ( 781): [NVRAM]:pos:506,bitmap[i]:0
01-01 07:01:08.426 D/NVRAM ( 781): [NVRAM]:pos:506,bitmap[i]:0
01-01 07:01:08.426 D/NVRAM ( 781): [NVRAM]:pos:506,bitmap[i]:0
01-01 07:01:08.426 D/NVRAM ( 781): [NVRAM]:pos:506,bitmap[i]:0
01-01 07:01:08.426 D/NVRAM ( 781): [NVRAM]:pos:506,bitmap[i]:0
01-01 07:01:08.426 D/NVRAM ( 781): [NVRAM]:pos:506,bitmap[i]:0
01-01 07:01:08.426 D/NVRAM ( 781): [NVRAM]:pos:506,bitmap[i]:0
01-01 07:01:08.426 D/NVRAM ( 781): [NVRAM]:pos:506,bitmap[i]:0
01-01 07:01:08.426 D/NVRAM ( 781): [NVRAM]:pos:506,bitmap[i]:0
01-01 07:01:08.426 D/NVRAM ( 781): [NVRAM]:pos:506,bitmap[i]:0
01-01 07:01:08.426 D/NVRAM ( 781): [NVRAM]:pos:506,bitmap[i]:0
01-01 07:01:08.426 D/NVRAM ( 781): [NVRAM]:pos:506,bitmap[i]:0
01-01 07:01:08.426 D/NVRAM ( 781): [NVRAM]:pos:506,bitmap[i]:0
01-01 07:01:08.426 D/NVRAM ( 781): [NVRAM]:pos:506,bitmap[i]:0
01-01 07:01:08.426 D/NVRAM ( 781): [NVRAM]:pos:506,bitmap[i]:0
01-01 07:01:08.426 D/NVRAM ( 781): [NVRAM]:pos:506,bitmap[i]:0
01-01 07:01:08.426 D/NVRAM ( 781): [NVRAM]:pos:506,bitmap[i]:0
01-01 07:01:08.426 D/NVRAM ( 781): [NVRAM]:pos:506,bitmap[i]:0
01-01 07:01:08.426 D/NVRAM ( 781): [NVRAM]:pos:506,bitmap[i]:0
01-01 07:01:08.426 D/NVRAM ( 781): [NVRAM]:pos:506,bitmap[i]:0
01-01 07:01:08.426 D/NVRAM ( 781): [NVRAM]:pos:506,bitmap[i]:0
01-01 07:01:08.426 D/NVRAM ( 781): [NVRAM]:pos:506,bitmap[i]:0
01-01 07:01:08.426 D/NVRAM ( 781): [NVRAM]:pos:506,bitmap[i]:0
01-01 07:01:08.426 D/NVRAM ( 781): [NVRAM]:pos:506,bitmap[i]:0
01-01 07:01:08.426 D/NVRAM ( 781): [NVRAM]:pos:506,bitmap[i]:0
01-01 07:01:08.426 D/NVRAM ( 781): [NVRAM]:pos:506,bitmap[i]:0
01-01 07:01:08.426 D/NVRAM ( 781): [NVRAM]:pos:506,bitmap[i]:0
01-01 07:01:08.426 D/NVRAM ( 781): [NVRAM]:pos:506,bitmap[i]:0
01-01 07:01:08.426 D/NVRAM ( 781): [NVRAM]:pos:506,bitmap[i]:0
01-01 07:01:08.426 D/NVRAM ( 781): [NVRAM]:pos:506,bitmap[i]:0
01-01 07:01:08.426 D/NVRAM ( 781): [NVRAM]:pos:506,bitmap[i]:0
01-01 07:01:08.426 D/NVRAM ( 781): [NVRAM]:pos:506,bitmap[i]:0
01-01 07:01:08.426 D/NVRAM ( 781): [NVRAM]:pos:506,bitmap[i]:0
01-01 07:01:08.426 D/NVRAM ( 781): [NVRAM]:pos:506,bitmap[i]:0
01-01 07:01:08.426 D/NVRAM ( 781): [NVRAM]:pos:506,bitmap[i]:0
01-01 07:01:08.426 D/NVRAM ( 781): [NVRAM]:pos:506,bitmap[i]:0
01-01 07:01:08.426 D/NVRAM ( 781): [NVRAM]:pos:506,bitmap[i]:0
01-01 07:01:08.426 D/NVRAM ( 781): [NVRAM]:pos:506,bitmap[i]:0
01-01 07:01:08.426 D/NVRAM ( 781): [NVRAM]:pos:506,bitmap[i]:0
01-01 07:01:08.427 D/NVRAM ( 781): [NVRAM]:pos:506,bitmap[i]:0
01-01 07:01:08.427 D/NVRAM ( 781): [NVRAM]:pos:506,bitmap[i]:0
01-01 07:01:08.427 D/NVRAM ( 781): [NVRAM]:pos:506,bitmap[i]:0
01-01 07:01:08.427 D/NVRAM ( 781): [NVRAM]:pos:506,bitmap[i]:0
01-01 07:01:08.427 D/NVRAM ( 781): [NVRAM]:pos:506,bitmap[i]:0
01-01 07:01:08.427 D/NVRAM ( 781): [NVRAM]:pos:506,bitmap[i]:0
01-01 07:01:08.427 D/NVRAM ( 781): [NVRAM]:pos:506,bitmap[i]:0
01-01 07:01:08.427 D/NVRAM ( 781): [NVRAM]:pos:506,bitmap[i]:0
01-01 07:01:08.427 D/NVRAM ( 781): [NVRAM]:pos:506,bitmap[i]:0
01-01 07:01:08.427 D/NVRAM ( 781): [NVRAM]:pos:506,bitmap[i]:0
01-01 07:01:08.427 D/NVRAM ( 781): [NVRAM]:pos:506,bitmap[i]:0
01-01 07:01:08.427 D/NVRAM ( 781): [NVRAM]:pos:506,bitmap[i]:0
01-01 07:01:08.427 D/NVRAM ( 781): [NVRAM]:pos:506,bitmap[i]:0
01-01 07:01:08.427 D/NVRAM ( 781): [NVRAM]:pos:506,bitmap[i]:0
01-01 07:01:08.427 D/NVRAM ( 781): [NVRAM]:pos:506,bitmap[i]:0
01-01 07:01:08.427 D/NVRAM ( 781): [NVRAM]:pos:506,bitmap[i]:0
01-01 07:01:08.427 D/NVRAM ( 781): [NVRAM]:pos:506,bitmap[i]:0
01-01 07:01:08.427 D/NVRAM ( 781): [NVRAM]:pos:506,bitmap[i]:0
01-01 07:01:08.427 D/NVRAM ( 781): [NVRAM]:pos:506,bitmap[i]:0
01-01 07:01:08.427 D/NVRAM ( 781): [NVRAM]:pos:506,bitmap[i]:0
01-01 07:01:08.427 D/NVRAM ( 781): [NVRAM]:pos:506,bitmap[i]:0
01-01 07:01:08.427 D/NVRAM ( 781): [NVRAM]:pos:506,bitmap[i]:0
01-01 07:01:08.427 D/NVRAM ( 781): [NVRAM]:pos:506,bitmap[i]:0
01-01 07:01:08.427 D/NVRAM ( 781): [NVRAM]:pos:506,bitmap[i]:0
01-01 07:01:08.427 D/NVRAM ( 781): [NVRAM]:pos:506,bitmap[i]:0
01-01 07:01:08.427 D/NVRAM ( 781): [NVRAM]:pos:506,bitmap[i]:0
01-01 07:01:08.427 D/NVRAM ( 781): [NVRAM]:pos:506,bitmap[i]:0
01-01 07:01:08.427 D/NVRAM ( 781): [NVRAM]:pos:506,bitmap[i]:0
01-01 07:01:08.427 D/NVRAM ( 781): [NVRAM]:pos:506,bitmap[i]:0
01-01 07:01:08.427 D/NVRAM ( 781): [NVRAM]:pos:506,bitmap[i]:0
01-01 07:01:08.427 D/NVRAM ( 781): [NVRAM]:pos:506,bitmap[i]:0
01-01 07:01:08.427 D/NVRAM ( 781): [NVRAM]:pos:506,bitmap[i]:0
01-01 07:01:08.427 D/NVRAM ( 781): [NVRAM]:pos:506,bitmap[i]:0
01-01 07:01:08.427 D/NVRAM ( 781): [NVRAM]:pos:506,bitmap[i]:0
01-01 07:01:08.427 D/NVRAM ( 781): [NVRAM]:pos:506,bitmap[i]:0
01-01 07:01:08.427 D/NVRAM ( 781): [NVRAM]:pos:506,bitmap[i]:0
01-01 07:01:08.427 D/NVRAM ( 781): [NVRAM]:pos:506,bitmap[i]:0
01-01 07:01:08.427 D/NVRAM ( 781): [NVRAM]:pos:506,bitmap[i]:0
01-01 07:01:08.427 D/NVRAM ( 781): [NVRAM]:pos:506,bitmap[i]:0
01-01 07:01:08.427 D/NVRAM ( 781): [NVRAM]:pos:506,bitmap[i]:0
01-01 07:01:08.427 D/NVRAM ( 781): [NVRAM]:pos:506,bitmap[i]:0
01-01 07:01:08.427 D/NVRAM ( 781): [NVRAM]:pos:506,bitmap[i]:0
01-01 07:01:08.427 D/NVRAM ( 781): [NVRAM]:pos:506,bitmap[i]:0
01-01 07:01:08.427 D/NVRAM ( 781): [NVRAM]:pos:506,bitmap[i]:0
01-01 07:01:08.427 D/NVRAM ( 781): [NVRAM]:pos:506,bitmap[i]:0
01-01 07:01:08.427 D/NVRAM ( 781): [NVRAM]:pos:506,bitmap[i]:0
01-01 07:01:08.427 D/NVRAM ( 781): [NVRAM]:pos:506,bitmap[i]:0
01-01 07:01:08.427 D/NVRAM ( 781): [NVRAM]:pos:506,bitmap[i]:0
01-01 07:01:08.427 D/NVRAM ( 781): [NVRAM]:pos:506,bitmap[i]:0
01-01 07:01:08.427 D/NVRAM ( 781): [NVRAM]:pos:506,bitmap[i]:0
01-01 07:01:08.427 D/NVRAM ( 781): [NVRAM]:pos:506,bitmap[i]:0
01-01 07:01:08.427 D/NVRAM ( 781): [NVRAM]:pos:506,bitmap[i]:0
01-01 07:01:08.427 D/NVRAM ( 781): [NVRAM]:pos:506,bitmap[i]:0
01-01 07:01:08.427 D/NVRAM ( 781): [NVRAM]:pos:506,bitmap[i]:0
01-01 07:01:08.427 D/NVRAM ( 781): [NVRAM]:pos:506,bitmap[i]:0
01-01 07:01:08.427 D/NVRAM ( 781): [NVRAM]:pos:506,bitmap[i]:0
01-01 07:01:08.427 D/NVRAM ( 781): [NVRAM]:pos:506,bitmap[i]:0
01-01 07:01:08.427 D/NVRAM ( 781): [NVRAM]:pos:506,bitmap[i]:0
01-01 07:01:08.427 D/NVRAM ( 781): [NVRAM]:pos:506,bitmap[i]:0
01-01 07:01:08.427 D/NVRAM ( 781): [NVRAM]:pos:506,bitmap[i]:0
01-01 07:01:08.427 D/NVRAM ( 781): [NVRAM]:pos:506,bitmap[i]:0
01-01 07:01:08.427 D/NVRAM ( 781): [NVRAM]:pos:506,bitmap[i]:0
01-01 07:01:08.427 D/NVRAM ( 781): [NVRAM]:pos:506,bitmap[i]:0
01-01 07:01:08.427 D/NVRAM ( 781): [NVRAM]:pos:506,bitmap[i]:0
01-01 07:01:08.427 D/NVRAM ( 781): [NVRAM]:pos:506,bitmap[i]:0
01-01 07:01:08.427 D/NVRAM ( 781): [NVRAM]:pos:506,bitmap[i]:0
01-01 07:01:08.427 D/NVRAM ( 781): [NVRAM]:pos:506,bitmap[i]:0
01-01 07:01:08.427 D/NVRAM ( 781): [NVRAM]:pos:506,bitmap[i]:0
01-01 07:01:08.427 D/NVRAM ( 781): [NVRAM]:pos:506,bitmap[i]:0
01-01 07:01:08.427 D/NVRAM ( 781): [NVRAM]:pos:506,bitmap[i]:0
01-01 07:01:08.427 D/NVRAM ( 781): [NVRAM]:pos:506,bitmap[i]:0
01-01 07:01:08.427 D/NVRAM ( 781): [NVRAM]:pos:506,bitmap[i]:0
01-01 07:01:08.427 D/NVRAM ( 781): [NVRAM]:pos:506,bitmap[i]:0
01-01 07:01:08.427 D/NVRAM ( 781): [NVRAM]:pos:506,bitmap[i]:0
01-01 07:01:08.427 D/NVRAM ( 781): [NVRAM]:pos:506,bitmap[i]:0
01-01 07:01:08.427 D/NVRAM ( 781): [NVRAM]:pos:506,bitmap[i]:0
01-01 07:01:08.427 D/NVRAM ( 781): [NVRAM]:pos:506,bitmap[i]:0
01-01 07:01:08.427 D/NVRAM ( 781): [NVRAM]:pos:506,bitmap[i]:0
01-01 07:01:08.427 D/NVRAM ( 781): [NVRAM]:pos:506,bitmap[i]:0
01-01 07:01:08.427 D/NVRAM ( 781): [NVRAM]:pos:506,bitmap[i]:0
01-01 07:01:08.427 D/NVRAM ( 781): [NVRAM]:pos:506,bitmap[i]:0
01-01 07:01:08.427 D/NVRAM ( 781): [NVRAM]:pos:506,bitmap[i]:0
01-01 07:01:08.427 D/NVRAM ( 781): [NVRAM]:pos:506,bitmap[i]:0
01-01 07:01:08.427 D/NVRAM ( 781): [NVRAM]:pos:506,bitmap[i]:0
01-01 07:01:08.427 D/NVRAM ( 781): [NVRAM]:pos:506,bitmap[i]:0
01-01 07:01:08.427 D/NVRAM ( 781): [NVRAM]:pos:506,bitmap[i]:0
01-01 07:01:08.427 D/NVRAM ( 781): [NVRAM]:pos:506,bitmap[i]:0
01-01 07:01:08.427 D/NVRAM ( 781): [NVRAM]:pos:506,bitmap[i]:0
01-01 07:01:08.427 D/NVRAM ( 781): [NVRAM]:pos:506,bitmap[i]:0
01-01 07:01:08.427 D/NVRAM ( 781): [NVRAM]:pos:506,bitmap[i]:0
01-01 07:01:08.427 D/NVRAM ( 781): [NVRAM]:pos:506,bitmap[i]:0
01-01 07:01:08.427 D/NVRAM ( 781): [NVRAM]:pos:506,bitmap[i]:0
01-01 07:01:08.427 D/NVRAM ( 781): [NVRAM]:pos:506,bitmap[i]:0
01-01 07:01:08.427 D/NVRAM ( 781): [NVRAM]:pos:506,bitmap[i]:0
01-01 07:01:08.427 D/NVRAM ( 781): [NVRAM]:pos:506,bitmap[i]:0
01-01 07:01:08.427 D/NVRAM ( 781): [NVRAM]:pos:506,bitmap[i]:0
01-01 07:01:08.427 D/NVRAM ( 781): [NVRAM]:pos:506,bitmap[i]:0
01-01 07:01:08.427 D/NVRAM ( 781): [NVRAM]:pos:506,bitmap[i]:0
01-01 07:01:08.427 D/NVRAM ( 781): [NVRAM]:pos:506,bitmap[i]:0
01-01 07:01:08.427 D/NVRAM ( 781): [NVRAM]:pos:506,bitmap[i]:0
01-01 07:01:08.427 D/NVRAM ( 781): [NVRAM]:pos:506,bitmap[i]:0
01-01 07:01:08.427 D/NVRAM ( 781): [NVRAM]:pos:506,bitmap[i]:0
01-01 07:01:08.427 D/NVRAM ( 781): [NVRAM]:pos:506,bitmap[i]:0
01-01 07:01:08.427 D/NVRAM ( 781): [NVRAM]:pos:506,bitmap[i]:0
01-01 07:01:08.427 D/NVRAM ( 781): [NVRAM]:pos:506,bitmap[i]:0
01-01 07:01:08.427 D/NVRAM ( 781): [NVRAM]:pos:506,bitmap[i]:0
01-01 07:01:08.427 D/NVRAM ( 781): [NVRAM]:pos:506,bitmap[i]:0
01-01 07:01:08.427 D/NVRAM ( 781): [NVRAM]:pos:506,bitmap[i]:0
01-01 07:01:08.427 D/NVRAM ( 781): [NVRAM]:pos:506,bitmap[i]:0
01-01 07:01:08.427 D/NVRAM ( 781): [NVRAM]:pos:506,bitmap[i]:0
01-01 07:01:08.427 D/NVRAM ( 781): [NVRAM]:pos:506,bitmap[i]:0
01-01 07:01:08.427 D/NVRAM ( 781): [NVRAM]:pos:506,bitmap[i]:0
01-01 07:01:08.427 D/NVRAM ( 781): [NVRAM]:pos:506,bitmap[i]:0
01-01 07:01:08.427 D/NVRAM ( 781): [NVRAM]:pos:506,bitmap[i]:0
01-01 07:01:08.427 D/NVRAM ( 781): [NVRAM]:pos:506,bitmap[i]:0
01-01 07:01:08.427 D/NVRAM ( 781): [NVRAM]:pos:506,bitmap[i]:0
01-01 07:01:08.427 D/NVRAM ( 781): [NVRAM]:pos:506,bitmap[i]:0
01-01 07:01:08.427 D/NVRAM ( 781): [NVRAM]:pos:506,bitmap[i]:0
01-01 07:01:08.427 D/NVRAM ( 781): [NVRAM]:pos:506,bitmap[i]:0
01-01 07:01:08.427 D/NVRAM ( 781): [NVRAM]:pos:506,bitmap[i]:0
01-01 07:01:08.427 D/NVRAM ( 781): [NVRAM]:pos:506,bitmap[i]:0
01-01 07:01:08.427 D/NVRAM ( 781): [NVRAM]:pos:506,bitmap[i]:0
01-01 07:01:08.427 D/NVRAM ( 781): [NVRAM]:pos:506,bitmap[i]:0
01-01 07:01:08.427 D/NVRAM ( 781): [NVRAM]:pos:506,bitmap[i]:0
01-01 07:01:08.427 D/NVRAM ( 781): [NVRAM]:pos:506,bitmap[i]:0
01-01 07:01:08.427 D/NVRAM ( 781): [NVRAM]:pos:506,bitmap[i]:0
01-01 07:01:08.427 D/NVRAM ( 781): [NVRAM]:pos:506,bitmap[i]:0
01-01 07:01:08.427 D/NVRAM ( 781): [NVRAM]:pos:506,bitmap[i]:0
01-01 07:01:08.427 D/NVRAM ( 781): [NVRAM]:pos:506,bitmap[i]:0
01-01 07:01:08.427 D/NVRAM ( 781): [NVRAM]:pos:506,bitmap[i]:0
01-01 07:01:08.427 D/NVRAM ( 781): [NVRAM]:pos:506,bitmap[i]:0
01-01 07:01:08.427 D/NVRAM ( 781): [NVRAM]:pos:506,bitmap[i]:0
01-01 07:01:08.427 D/NVRAM ( 781): [NVRAM]:pos:506,bitmap[i]:0
01-01 07:01:08.427 D/NVRAM ( 781): [NVRAM]:pos:506,bitmap[i]:0
01-01 07:01:08.427 D/NVRAM ( 781): [NVRAM]:pos:506,bitmap[i]:0
01-01 07:01:08.427 D/NVRAM ( 781): [NVRAM]:pos:506,bitmap[i]:0
01-01 07:01:08.427 D/NVRAM ( 781): [NVRAM]:pos:506,bitmap[i]:0
01-01 07:01:08.427 D/NVRAM ( 781): [NVRAM]:pos:506,bitmap[i]:0
01-01 07:01:08.427 D/NVRAM ( 781): [NVRAM]:pos:506,bitmap[i]:0
01-01 07:01:08.427 D/NVRAM ( 781): [NVRAM]:pos:506,bitmap[i]:0
01-01 07:01:08.427 D/NVRAM ( 781): [NVRAM]:pos:506,bitmap[i]:0
01-01 07:01:08.427 D/NVRAM ( 781): [NVRAM]:pos:506,bitmap[i]:0
01-01 07:01:08.427 D/NVRAM ( 781): [NVRAM]:pos:506,bitmap[i]:0
01-01 07:01:08.427 D/NVRAM ( 781): [NVRAM]:pos:506,bitmap[i]:0
01-01 07:01:08.427 D/NVRAM ( 781): [NVRAM]:pos:506,bitmap[i]:0
01-01 07:01:08.427 D/NVRAM ( 781): [NVRAM]:pos:506,bitmap[i]:0
01-01 07:01:08.427 D/NVRAM ( 781): [NVRAM]:pos:506,bitmap[i]:0
01-01 07:01:08.427 D/NVRAM ( 781): [NVRAM]:pos:506,bitmap[i]:0
01-01 07:01:08.427 D/NVRAM ( 781): [NVRAM]:pos:506,bitmap[i]:0
01-01 07:01:08.427 D/NVRAM ( 781): [NVRAM]:pos:506,bitmap[i]:0
01-01 07:01:08.427 D/NVRAM ( 781): [NVRAM]:pos:506,bitmap[i]:0
01-01 07:01:08.427 D/NVRAM ( 781): [NVRAM]:pos:506,bitmap[i]:0
01-01 07:01:08.427 D/NVRAM ( 781): [NVRAM]:pos:506,bitmap[i]:0
01-01 07:01:08.427 D/NVRAM ( 781): [NVRAM]:pos:506,bitmap[i]:0
01-01 07:01:08.427 D/NVRAM ( 781): [NVRAM]:pos:506,bitmap[i]:0
01-01 07:01:08.427 D/NVRAM ( 781): [NVRAM]:pos:506,bitmap[i]:0
01-01 07:01:08.427 D/NVRAM ( 781): [NVRAM]:pos:506,bitmap[i]:0
01-01 07:01:08.428 D/NVRAM ( 781): [NVRAM]:pos:506,bitmap[i]:0
01-01 07:01:08.428 D/NVRAM ( 781): [NVRAM]:pos:506,bitmap[i]:0
01-01 07:01:08.428 D/NVRAM ( 781): [NVRAM]:pos:506,bitmap[i]:0
01-01 07:01:08.428 D/NVRAM ( 781): [NVRAM]:pos:506,bitmap[i]:0
01-01 07:01:08.428 D/NVRAM ( 781): [NVRAM]:pos:506,bitmap[i]:0
01-01 07:01:08.428 D/NVRAM ( 781): [NVRAM]:pos:506,bitmap[i]:0
01-01 07:01:08.428 D/NVRAM ( 781): [NVRAM]:pos:506,bitmap[i]:0
01-01 07:01:08.428 D/NVRAM ( 781): [NVRAM]:pos:506,bitmap[i]:0
01-01 07:01:08.428 D/NVRAM ( 781): [NVRAM]:pos:506,bitmap[i]:0
01-01 07:01:08.428 D/NVRAM ( 781): [NVRAM]:pos:506,bitmap[i]:0
01-01 07:01:08.428 D/NVRAM ( 781): [NVRAM]:pos:506,bitmap[i]:0
01-01 07:01:08.428 D/NVRAM ( 781): [NVRAM]:pos:506,bitmap[i]:0
01-01 07:01:08.428 D/NVRAM ( 781): [NVRAM]:pos:506,bitmap[i]:0
01-01 07:01:08.428 D/NVRAM ( 781): [NVRAM]:pos:506,bitmap[i]:0
01-01 07:01:08.428 D/NVRAM ( 781): [NVRAM]:pos:506,bitmap[i]:0
01-01 07:01:08.428 D/NVRAM ( 781): [NVRAM]:pos:506,bitmap[i]:0
01-01 07:01:08.428 D/NVRAM ( 781): [NVRAM]:pos:506,bitmap[i]:0
01-01 07:01:08.428 D/NVRAM ( 781): [NVRAM]:pos:506,bitmap[i]:0
01-01 07:01:08.428 D/NVRAM ( 781): [NVRAM]:pos:506,bitmap[i]:0
01-01 07:01:08.428 D/NVRAM ( 781): [NVRAM]:pos:506,bitmap[i]:0
01-01 07:01:08.428 D/NVRAM ( 781): [NVRAM]:pos:506,bitmap[i]:0
01-01 07:01:08.428 D/NVRAM ( 781): [NVRAM]:pos:506,bitmap[i]:0
01-01 07:01:08.428 D/NVRAM ( 781): [NVRAM]:pos:506,bitmap[i]:0
01-01 07:01:08.428 D/NVRAM ( 781): [NVRAM]:pos:506,bitmap[i]:0
01-01 07:01:08.428 D/NVRAM ( 781): [NVRAM]:pos:506,bitmap[i]:0
01-01 07:01:08.428 D/NVRAM ( 781): [NVRAM]:pos:506,bitmap[i]:0
01-01 07:01:08.428 D/NVRAM ( 781): [NVRAM]:pos:506,bitmap[i]:0
01-01 07:01:08.428 D/NVRAM ( 781): [NVRAM]:pos:506,bitmap[i]:0
01-01 07:01:08.428 D/NVRAM ( 781): [NVRAM]:pos:506,bitmap[i]:0
01-01 07:01:08.428 D/NVRAM ( 781): [NVRAM]:pos:506,bitmap[i]:0
01-01 07:01:08.428 D/NVRAM ( 781): [NVRAM]:pos:506,bitmap[i]:0
01-01 07:01:08.428 D/NVRAM ( 781): [NVRAM]:pos:506,bitmap[i]:0
01-01 07:01:08.428 D/NVRAM ( 781): [NVRAM]:pos:506,bitmap[i]:0
01-01 07:01:08.428 D/NVRAM ( 781): [NVRAM]:pos:506,bitmap[i]:0
01-01 07:01:08.428 D/NVRAM ( 781): [NVRAM]:pos:506,bitmap[i]:0
01-01 07:01:08.428 D/NVRAM ( 781): [NVRAM]:pos:506,bitmap[i]:0
01-01 07:01:08.428 D/NVRAM ( 781): [NVRAM]:pos:506,bitmap[i]:0
01-01 07:01:08.428 D/NVRAM ( 781): [NVRAM]:pos:506,bitmap[i]:0
01-01 07:01:08.428 D/NVRAM ( 781): [NVRAM]:pos:506,bitmap[i]:0
01-01 07:01:08.428 D/NVRAM ( 781): [NVRAM]:pos:506,bitmap[i]:0
01-01 07:01:08.428 D/NVRAM ( 781): [NVRAM]:pos:506,bitmap[i]:0
01-01 07:01:08.428 D/NVRAM ( 781): [NVRAM]:pos:506,bitmap[i]:0
01-01 07:01:08.428 D/NVRAM ( 781): [NVRAM]:pos:506,bitmap[i]:0
01-01 07:01:08.429 D/NVRAM ( 781): [NVRAM]:pos for data file:1
01-01 07:01:08.429 D/NVRAM ( 781): [NVRAM]:iWriteTime:9
01-01 07:01:08.430 D/NVRAM ( 781): [NVRAM]:end:9
01-01 07:01:08.450 D/NVRAM ( 781): setBackupFileNum
01-01 07:01:08.450 D/NVRAM ( 781): SetBackupFileNum Success
01-01 07:01:08.450 D/NVRAM ( 781): Leave BackupToBinRegion_all
01-01 07:01:08.515 I/BufferQueueProducer( 775): [samsungani565#0]
(this:0xb400007cb26e8e58,id:1,api:2,p:1013,c:775) queueBuffer: fps=11.93
dur=1005.84 max=87.08 min=81.81
01-01 07:01:08.668 E/CASS_DEBUG( 682): Failed to connect(4)
01-01 07:01:08.668 I/CASS_DEBUG( 682): Disconnect ril daemon
01-01 07:01:08.668 I/CASS_DEBUG( 682): Failed to connect ril daemon(2). Retry
cnt(20)
01-01 07:01:08.687 W/HidlServiceManagement( 735): Waited one second for
[email protected]::ISensorManager/default
01-01 07:01:08.687 I/hwservicemanager( 476): Since
[email protected]::ISensorManager/default is not registered,
trying to start it as a lazy HAL.
01-01 07:01:08.687 I/HidlServiceManagement( 735): getService: Trying again for
[email protected]::ISensorManager/default...
01-01 07:01:08.688 W/libc ( 476): Unable to set property "ctl.interface_start"
to "[email protected]::ISensorManager/default": error code:
0x20, try count : 1
01-01 07:01:08.688 W/libc ( 476): Unable to set property "ctl.interface_start"
to "[email protected]::ISensorManager/default": error code:
0x20, try count : 2
01-01 07:01:08.688 W/libc ( 476): Unable to set property "ctl.interface_start"
to "[email protected]::ISensorManager/default": error code:
0x20, try count : 3
01-01 07:01:08.692 I/hwcomposer( 721): [HWCDisplay] [Display_0 (type:1)]
fps:11.885001,dur:1009.68,max:99.87,min:77.47
01-01 07:01:08.808 E/ccci_fsd(1)( 781): FS_BinRegion_Access type=1 access bin
region success!
01-01 07:01:08.808 D/NVRAM ( 781): [NVRAM]:Enter
FileOp_RestoreFromBinRegion_ToFile
01-01 07:01:08.808 D/NVRAM ( 781):
[NVRAM]:cMtdDevName:/dev/block/platform/bootdevice/by-name/nvram
01-01 07:01:08.810 D/NVRAM ( 781): [NVRAM Restore]:map file size:26112
01-01 07:01:08.810 D/NVRAM ( 781): [NVRAM]:iBlockSize:131072
01-01 07:01:08.810 D/NVRAM ( 781): [NVRAM]:iPartitionSize:67108864
01-01 07:01:08.810 D/NVRAM ( 781): [NVRAM]:BinRegionBlockTotalNum:508
01-01 07:01:08.810 D/NVRAM ( 781): [NVRAM]:NvRamBlockNum:507
01-01 07:01:08.810 D/NVRAM ( 781): [NVRAM]:iBlockNum:507
01-01 07:01:08.810 D/NVRAM ( 781): [NVRAM]:iBlockNum:506
01-01 07:01:08.812 D/NVRAM ( 781): [NVRAM]:read:131072
01-01 07:01:08.812 D/NVRAM ( 781): [NVRAM]:map file read size:131072
01-01 07:01:08.812 D/NVRAM ( 781): [NVRAM]: map file:25952,dat file:1163025
01-01 07:01:08.812 D/NVRAM ( 781): [NVRAM]:dat file read begin:1
01-01 07:01:08.818 D/NVRAM ( 781): [NVRAM]:dat file read end:9
01-01 07:01:08.820 D/NVRAM ( 781): [NVRAM]:Leave
FileOp_RestoreFromBinRegion_ToFile
01-01 07:01:08.820 D/NVRAM ( 781): [NVRAM]: Enter FileOp_CheckBackUpResult
01-01 07:01:09.104 I/BootAnimationLoader( 1013): !@BootAnimation : Number of frames
drawn 81
01-01 07:01:09.116 D/NVRAM ( 781): [NVRAM]ulSavedCheckSum:522529186
01-01 07:01:09.116 D/NVRAM ( 781): [NVRAM]ulCheckSun:523540147
01-01 07:01:09.117 D/NVRAM ( 781): [NVRAM]iFileSize:1163025
01-01 07:01:09.117 D/NVRAM ( 781): [NVRAM]FileOp_CheckSum:1f2529a2,1f2529a2
01-01 07:01:09.117 D/NVRAM ( 781): [NVRAM]: Leave FileOp_CheckBackUpResult
01-01 07:01:09.117 E/ccci_fsd(1)( 781): FS_BinRegion_Access type=4 access bin
region success!
01-01 07:01:09.117 W/ccci_fsd(1)( 781): O: X://CS35_000, flag 0x700, ret 1
01-01 07:01:09.119 W/ccci_fsd(1)( 781): O: X://CS35_000, flag 0x10400, ret 1
01-01 07:01:09.126 W/ccci_fsd(1)( 781): O: Y://CS35_000, flag 0x10400, ret 1
01-01 07:01:09.132 W/ccci_fsd(1)( 781): O: X://CS35_000, flag 0x21010400, ret 1
01-01 07:01:09.138 W/ccci_fsd(1)( 781): O: Y://CS35_000, flag 0x21010400, ret 1
01-01 07:01:09.149 W/ccci_fsd(1)( 781): O: X://ST33A008, flag 0x700, ret 1
01-01 07:01:09.155 W/ccci_fsd(1)( 781): O: Y://ST33B008, flag 0x700, ret 1
01-01 07:01:09.187 W/ccci_fsd(1)( 781): O: X://ST33A008, flag 0x700, ret 1
01-01 07:01:09.219 W/ccci_fsd(1)( 781): O: Y://ST33B008, flag 0x700, ret 1
01-01 07:01:09.330 W/ccci_fsd(1)( 781): O: X://LD40_001, flag 0x700, ret 1
01-01 07:01:09.331 W/ccci_fsd(1)( 781): O: Y://LD40_001, flag 0x700, ret 1
01-01 07:01:09.332 W/ccci_fsd(1)( 781): O: X://LD40_001, flag 0x700, ret 1
01-01 07:01:09.333 W/ccci_fsd(1)( 781): O: Y://LD40_001, flag 0x700, ret 1
01-01 07:01:09.334 W/ccci_fsd(1)( 781): O: X://LD40_001, flag 0x700, ret 1
01-01 07:01:09.335 W/ccci_fsd(1)( 781): O: Y://LD40_001, flag 0x700, ret 1
01-01 07:01:09.336 W/ccci_fsd(1)( 781): O: X://LD40_001, flag 0x700, ret 1
01-01 07:01:09.338 W/ccci_fsd(1)( 781): O: Y://LD40_001, flag 0x700, ret 1
01-01 07:01:09.339 W/ccci_fsd(1)( 781): O: X://LD40_001, flag 0x700, ret 1
01-01 07:01:09.340 W/ccci_fsd(1)( 781): O: Y://LD40_001, flag 0x700, ret 1
01-01 07:01:09.341 W/ccci_fsd(1)( 781): O: X://LD40_001, flag 0x700, ret 1
01-01 07:01:09.342 W/ccci_fsd(1)( 781): O: Y://LD40_001, flag 0x700, ret 1
01-01 07:01:09.343 W/ccci_fsd(1)( 781): O: X://LD40_001, flag 0x700, ret 1
01-01 07:01:09.345 W/ccci_fsd(1)( 781): O: Y://LD40_001, flag 0x700, ret 1
01-01 07:01:09.346 W/ccci_fsd(1)( 781): O: X://LD40_001, flag 0x700, ret 1
01-01 07:01:09.347 W/ccci_fsd(1)( 781): O: Y://LD40_001, flag 0x700, ret 1
01-01 07:01:09.348 W/ccci_fsd(1)( 781): O: X://LD40_001, flag 0x700, ret 1
01-01 07:01:09.349 W/ccci_fsd(1)( 781): O: Y://LD40_001, flag 0x700, ret 1
01-01 07:01:09.350 W/ccci_fsd(1)( 781): O: X://LD40_001, flag 0x700, ret 1
01-01 07:01:09.351 W/ccci_fsd(1)( 781): O: Y://LD40_001, flag 0x700, ret 1
01-01 07:01:09.529 I/BufferQueueProducer( 775): [samsungani565#0]
(this:0xb400007cb26e8e58,id:1,api:2,p:1013,c:775) queueBuffer: fps=11.83
dur=1014.11 max=90.26 min=81.30
01-01 07:01:09.577 I/io_stats( 610): !@ 179,0 r 25641 2431567 w 5390 2440716 d 71
50788 f 348 1616 iot 32252 52167 th 51200 51200 39396 pt 904 inp 0 0 58.984
01-01 07:01:09.668 E/CASS_DEBUG( 682): Failed to connect(4)
01-01 07:01:09.668 I/CASS_DEBUG( 682): Disconnect ril daemon
01-01 07:01:09.669 I/CASS_DEBUG( 682): Failed to connect ril daemon(2). Retry
cnt(21)
01-01 07:01:09.687 W/HidlServiceManagement( 735): Waited one second for
[email protected]::ISensorManager/default
01-01 07:01:09.688 I/hwservicemanager( 476): Since
[email protected]::ISensorManager/default is not registered,
trying to start it as a lazy HAL.
01-01 07:01:09.688 I/HidlServiceManagement( 735): getService: Trying again for
[email protected]::ISensorManager/default...
01-01 07:01:09.689 W/libc ( 476): Unable to set property "ctl.interface_start"
to "[email protected]::ISensorManager/default": error code:
0x20, try count : 1
01-01 07:01:09.689 W/libc ( 476): Unable to set property "ctl.interface_start"
to "[email protected]::ISensorManager/default": error code:
0x20, try count : 2
01-01 07:01:09.689 W/libc ( 476): Unable to set property "ctl.interface_start"
to "[email protected]::ISensorManager/default": error code:
0x20, try count : 3
01-01 07:01:09.714 I/hwcomposer( 721): [HWCDisplay] [Display_0 (type:1)]
fps:11.749826,dur:1021.29,max:99.91,min:83.08
01-01 07:01:09.944 I/BootAnimationLoader( 1013): !@BootAnimation : Number of frames
drawn 91
01-01 07:01:10.536 I/BufferQueueProducer( 775): [samsungani565#0]
(this:0xb400007cb26e8e58,id:1,api:2,p:1013,c:775) queueBuffer: fps=11.91
dur=1007.31 max=90.41 min=77.45
01-01 07:01:10.669 E/CASS_DEBUG( 682): Failed to connect(4)
01-01 07:01:10.669 I/CASS_DEBUG( 682): Disconnect ril daemon
01-01 07:01:10.669 I/CASS_DEBUG( 682): Failed to connect ril daemon(2). Retry
cnt(22)
01-01 07:01:10.688 W/HidlServiceManagement( 735): Waited one second for
[email protected]::ISensorManager/default
01-01 07:01:10.688 I/hwservicemanager( 476): Since
[email protected]::ISensorManager/default is not registered,
trying to start it as a lazy HAL.
01-01 07:01:10.689 I/HidlServiceManagement( 735): getService: Trying again for
[email protected]::ISensorManager/default...
01-01 07:01:10.689 W/libc ( 476): Unable to set property "ctl.interface_start"
to "[email protected]::ISensorManager/default": error code:
0x20, try count : 1
01-01 07:01:10.690 W/libc ( 476): Unable to set property "ctl.interface_start"
to "[email protected]::ISensorManager/default": error code:
0x20, try count : 2
01-01 07:01:10.690 W/libc ( 476): Unable to set property "ctl.interface_start"
to "[email protected]::ISensorManager/default": error code:
