03-26 18:20:17.495 30551 30551 E ArmVmp : Match on catch block at 0xc3 in for 0x7c40cb3025
03-26 18:20:17.498 30551 30551 E ArmVmp : Match on catch block at 0xc3 in for 0x7c40cb3025
03-26 18:20:17.512 30551 30551 E ArmVmp : Match on catch block at 0xc3 in for 0x7c40cb3025
03-26 18:20:17.515 30551 30551 E ArmVmp : Match on catch block at 0xc3 in for 0x7c40cb3025
03-26 18:20:17.529 30551 30551 E ArmVmp : Match on catch block at 0xc3 in for 0x7c40cb3025
03-26 18:20:17.531 30551 30551 E ArmVmp : Match on catch block at 0xc3 in for 0x7c40cb3025
03-26 18:20:17.545 30551 30551 E ArmVmp : Match on catch block at 0xc3 in for 0x7c40cb3025
03-26 18:20:17.549 30551 30551 E ArmVmp : Match on catch block at 0xc3 in for 0x7c40cb3025
03-26 18:20:17.562 30551 30551 E ArmVmp : Match on catch block at 0xc3 in for 0x7c40cb3025
03-26 18:20:17.565 30551 30551 E ArmVmp : Match on catch block at 0xc3 in for 0x7c40cb3025
03-26 18:20:17.579 30551 30551 E ArmVmp : Match on catch block at 0xc3 in for 0x7c40cb3025
03-26 18:20:17.581 30551 30551 E ArmVmp : Match on catch block at 0xc3 in for 0x7c40cb3025
03-26 18:20:17.596 30551 30551 E ArmVmp : Match on catch block at 0xc3 in for 0x7c40cb3025
03-26 18:20:17.599 30551 30551 E ArmVmp : Match on catch block at 0xc3 in for 0x7c40cb3025
03-26 18:20:17.612 30551 30551 E ArmVmp : Match on catch block at 0xc3 in for 0x7c40cb3025
03-26 18:20:17.614 30551 30551 E ArmVmp : Match on catch block at 0xc3 in for 0x7c40cb3025
03-26 18:20:17.628 30551 30551 E ArmVmp : Match on catch block at 0xc3 in for 0x7c40cb3025
03-26 18:20:17.631 30551 30551 E ArmVmp : Match on catch block at 0xc3 in for 0x7c40cb3025
03-26 18:20:17.662 30551 30551 E ArmVmp : Match on catch block at 0xc3 in for 0x7c40cb3025
03-26 18:20:17.664 30551 30551 E ArmVmp : Match on catch block at 0xc3 in for 0x7c40cb3025
03-26 18:20:17.796 30551 30551 E ArmVmp : Match on catch block at 0xc3 in for 0x7c40cb3025
03-26 18:20:17.798 30551 30551 E ArmVmp : Match on catch block at 0xc3 in for 0x7c40cb3025
03-26 18:20:17.814 30551 30551 E ArmVmp : Match on catch block at 0xc3 in for 0x7c40cb3025
03-26 18:20:17.817 30551 30551 E ArmVmp : Match on catch block at 0xc3 in for 0x7c40cb3025
03-26 18:20:17.829 30551 30551 E ArmVmp : Match on catch block at 0xc3 in for 0x7c40cb3025
03-26 18:20:17.832 30551 30551 E ArmVmp : Match on catch block at 0xc3 in for 0x7c40cb3025
03-26 18:20:17.862 30551 30551 E ArmVmp : Match on catch block at 0xc3 in for 0x7c40cb3025
03-26 18:20:17.864 30551 30551 E ArmVmp : Match on catch block at 0xc3 in for 0x7c40cb3025
03-26 18:20:17.878 30551 30551 E ArmVmp : Match on catch block at 0xc3 in for 0x7c40cb3025
03-26 18:20:17.881 30551 30551 E ArmVmp : Match on catch block at 0xc3 in for 0x7c40cb3025
03-26 18:20:17.895 30551 30551 E ArmVmp : Match on catch block at 0xc3 in for 0x7c40cb3025
03-26 18:20:17.898 30551 30551 E ArmVmp : Match on catch block at 0xc3 in for 0x7c40cb3025
03-26 18:20:17.912 30551 30551 E ArmVmp : Match on catch block at 0xc3 in for 0x7c40cb3025
03-26 18:20:17.914 30551 30551 E ArmVmp : Match on catch block at 0xc3 in for 0x7c40cb3025
03-26 18:20:17.928 30551 30551 E ArmVmp : Match on catch block at 0xc3 in for 0x7c40cb3025
03-26 18:20:17.931 30551 30551 E ArmVmp : Match on catch block at 0xc3 in for 0x7c40cb3025
03-26 18:20:17.945 30551 30551 E ArmVmp : Match on catch block at 0xc3 in for 0x7c40cb3025
03-26 18:20:17.948 30551 30551 E ArmVmp : Match on catch block at 0xc3 in for 0x7c40cb3025
03-26 18:20:17.962 30551 30551 E ArmVmp : Match on catch block at 0xc3 in for 0x7c40cb3025
03-26 18:20:17.965 30551 30551 E ArmVmp : Match on catch block at 0xc3 in for 0x7c40cb3025
03-26 18:20:17.978 30551 30551 E ArmVmp : Match on catch block at 0xc3 in for 0x7c40cb3025
03-26 18:20:17.980 30551 30551 E ArmVmp : Match on catch block at 0xc3 in for 0x7c40cb3025
03-26 18:20:17.995 30551 30551 E ArmVmp : Match on catch block at 0xc3 in for 0x7c40cb3025
03-26 18:20:17.997 30551 30551 E ArmVmp : Match on catch block at 0xc3 in for 0x7c40cb3025
03-26 18:20:18.011 30551 30551 E ArmVmp : Match on catch block at 0xc3 in for 0x7c40cb3025
03-26 18:20:18.014 30551 30551 E ArmVmp : Match on catch block at 0xc3 in for 0x7c40cb3025
03-26 18:20:18.028 30551 30551 E ArmVmp : Match on catch block at 0xc3 in for 0x7c40cb3025
03-26 18:20:18.034 30551 30551 E ArmVmp : Match on catch block at 0xc3 in for 0x7c40cb3025
03-26 18:20:18.046 30551 30551 E ArmVmp : Match on catch block at 0xc3 in for 0x7c40cb3025
03-26 18:20:18.051 30551 30551 E ArmVmp : Match on catch block at 0xc3 in for 0x7c40cb3025
03-26 18:20:18.062 30551 30551 E ArmVmp : Match on catch block at 0xc3 in for 0x7c40cb3025
03-26 18:20:18.067 30551 30551 E ArmVmp : Match on catch block at 0xc3 in for 0x7c40cb3025
03-26 18:20:18.079 30551 30551 E ArmVmp : Match on catch block at 0xc3 in for 0x7c40cb3025
03-26 18:20:18.083 30551 30551 E ArmVmp : Match on catch block at 0xc3 in for 0x7c40cb3025
03-26 18:20:18.096 30551 30551 E ArmVmp : Match on catch block at 0xc3 in for 0x7c40cb3025
03-26 18:20:18.101 30551 30551 E ArmVmp : Match on catch block at 0xc3 in for 0x7c40cb3025
03-26 18:20:18.113 30551 30551 E ArmVmp : Match on catch block at 0xc3 in for 0x7c40cb3025
03-26 18:20:18.117 30551 30551 E ArmVmp : Match on catch block at 0xc3 in for 0x7c40cb3025
03-26 18:20:18.129 30551 30551 E ArmVmp : Match on catch block at 0xc3 in for 0x7c40cb3025
03-26 18:20:18.133 30551 30551 E ArmVmp : Match on catch block at 0xc3 in for 0x7c40cb3025
03-26 18:20:18.146 30551 30551 E ArmVmp : Match on catch block at 0xc3 in for 0x7c40cb3025
03-26 18:20:18.150 30551 30551 E ArmVmp : Match on catch block at 0xc3 in for 0x7c40cb3025
03-26 18:20:18.163 30551 30551 E ArmVmp : Match on catch block at 0xc3 in for 0x7c40cb3025
03-26 18:20:18.167 30551 30551 E ArmVmp : Match on catch block at 0xc3 in for 0x7c40cb3025
03-26 18:20:18.179 30551 30551 E ArmVmp : Match on catch block at 0xc3 in for 0x7c40cb3025
03-26 18:20:18.184 30551 30551 E ArmVmp : Match on catch block at 0xc3 in for 0x7c40cb3025
03-26 18:20:18.194 30551 30551 E ArmVmp : Match on catch block at 0xc3 in for 0x7c40cb3025
03-26 18:20:18.196 30551 30551 E ArmVmp : Match on catch block at 0xc3 in for 0x7c40cb3025
03-26 18:20:18.212 30551 30551 E ArmVmp : Match on catch block at 0xc3 in for 0x7c40cb3025
03-26 18:20:18.214 30551 30551 E ArmVmp : Match on catch block at 0xc3 in for 0x7c40cb3025
03-26 18:20:18.229 30551 30551 E ArmVmp : Match on catch block at 0xc3 in for 0x7c40cb3025
03-26 18:20:18.233 30551 30551 E ArmVmp : Match on catch block at 0xc3 in for 0x7c40cb3025
03-26 18:20:18.246 30551 30551 E ArmVmp : Match on catch block at 0xc3 in for 0x7c40cb3025
03-26 18:20:18.250 30551 30551 E ArmVmp : Match on catch block at 0xc3 in for 0x7c40cb3025
03-26 18:20:18.262 30551 30551 E ArmVmp : Match on catch block at 0xc3 in for 0x7c40cb3025
03-26 18:20:18.267 30551 30551 E ArmVmp : Match on catch block at 0xc3 in for 0x7c40cb3025
03-26 18:20:18.279 30551 30551 E ArmVmp : Match on catch block at 0xc3 in for 0x7c40cb3025
03-26 18:20:18.284 30551 30551 E ArmVmp : Match on catch block at 0xc3 in for 0x7c40cb3025
03-26 18:20:18.399 30551 30551 E ArmVmp : Match on catch block at 0xc3 in for 0x7c40cb3025
03-26 18:20:18.403 30551 30551 E ArmVmp : Match on catch block at 0xc3 in for 0x7c40cb3025
03-26 18:20:18.411 30551 30551 E ArmVmp : Match on catch block at 0xc3 in for 0x7c40cb3025
03-26 18:20:18.414 30551 30551 E ArmVmp : Match on catch block at 0xc3 in for 0x7c40cb3025
03-26 18:20:18.428 30551 30551 E ArmVmp : Match on catch block at 0xc3 in for 0x7c40cb3025
03-26 18:20:18.430 30551 30551 E ArmVmp : Match on catch block at 0xc3 in for 0x7c40cb3025
03-26 18:20:18.444 30551 30551 E ArmVmp : Match on catch block at 0xc3 in for 0x7c40cb3025
03-26 18:20:18.446 30551 30551 E ArmVmp : Match on catch block at 0xc3 in for 0x7c40cb3025
03-26 18:20:18.461 30551 30551 E ArmVmp : Match on catch block at 0xc3 in for 0x7c40cb3025
03-26 18:20:18.463 30551 30551 E ArmVmp : Match on catch block at 0xc3 in for 0x7c40cb3025
03-26 18:20:18.478 30551 30551 E ArmVmp : Match on catch block at 0xc3 in for 0x7c40cb3025
03-26 18:20:18.484 30551 30551 E ArmVmp : Match on catch block at 0xc3 in for 0x7c40cb3025
03-26 18:20:18.496 30551 30551 E ArmVmp : Match on catch block at 0xc3 in for 0x7c40cb3025
03-26 18:20:18.498 30551 30551 E ArmVmp : Match on catch block at 0xc3 in for 0x7c40cb3025
03-26 18:20:18.512 30551 30551 E ArmVmp : Match on catch block at 0xc3 in for 0x7c40cb3025
03-26 18:20:18.514 30551 30551 E ArmVmp : Match on catch block at 0xc3 in for 0x7c40cb3025
03-26 18:20:18.528 30551 30551 E ArmVmp : Match on catch block at 0xc3 in for 0x7c40cb3025
03-26 18:20:18.530 30551 30551 E ArmVmp : Match on catch block at 0xc3 in for 0x7c40cb3025
03-26 18:20:18.544 30551 30551 E ArmVmp : Match on catch block at 0xc3 in for 0x7c40cb3025
03-26 18:20:18.546 30551 30551 E ArmVmp : Match on catch block at 0xc3 in for 0x7c40cb3025
03-26 18:20:18.563 30551 30551 E ArmVmp : Match on catch block at 0xc3 in for 0x7c40cb3025
03-26 18:20:18.565 30551 30551 E ArmVmp : Match on catch block at 0xc3 in for 0x7c40cb3025
03-26 18:20:18.580 30551 30551 E ArmVmp : Match on catch block at 0xc3 in for 0x7c40cb3025
03-26 18:20:18.583 30551 30551 E ArmVmp : Match on catch block at 0xc3 in for 0x7c40cb3025
03-26 18:20:18.595 30551 30551 E ArmVmp : Match on catch block at 0xc3 in for 0x7c40cb3025
03-26 18:20:18.597 30551 30551 E ArmVmp : Match on catch block at 0xc3 in for 0x7c40cb3025
03-26 18:20:18.711 30551 30551 E ArmVmp : Match on catch block at 0xc3 in for 0x7c40cb3025
03-26 18:20:18.714 30551 30551 E ArmVmp : Match on catch block at 0xc3 in for 0x7c40cb3025
03-26 18:20:18.863 30551 30551 E ArmVmp : Match on catch block at 0xc3 in for 0x7c40cb3025
03-26 18:20:18.865 30551 30551 E ArmVmp : Match on catch block at 0xc3 in for 0x7c40cb3025
03-26 18:20:18.929 30551 30551 E ArmVmp : Match on catch block at 0xc3 in for 0x7c40cb3025
03-26 18:20:18.932 30551 30551 E ArmVmp : Match on catch block at 0xc3 in for 0x7c40cb3025
03-26 18:20:19.079 30551 30551 E ArmVmp : Match on catch block at 0xc3 in for 0x7c40cb3025
03-26 18:20:19.082 30551 30551 E ArmVmp : Match on catch block at 0xc3 in for 0x7c40cb3025
03-26 18:20:19.161 30551 30551 E ArmVmp : Match on catch block at 0xc3 in for 0x7c40cb3025
03-26 18:20:19.165 30551 30551 E ArmVmp : Match on catch block at 0xc3 in for 0x7c40cb3025
03-26 18:20:19.313 30551 30551 E ArmVmp : Match on catch block at 0xc3 in for 0x7c40cb3025
03-26 18:20:19.316 30551 30551 E ArmVmp : Match on catch block at 0xc3 in for 0x7c40cb3025
03-26 18:20:19.444 30551 30551 E ArmVmp : Match on catch block at 0xc3 in for 0x7c40cb3025
03-26 18:20:19.448 30551 30551 E ArmVmp : Match on catch block at 0xc3 in for 0x7c40cb3025
03-26 18:20:19.629 30551 30551 E ArmVmp : Match on catch block at 0xc3 in for 0x7c40cb3025
03-26 18:20:19.632 30551 30551 E ArmVmp : Match on catch block at 0xc3 in for 0x7c40cb3025
03-26 18:20:19.763 30551 30551 E ArmVmp : Match on catch block at 0xc3 in for 0x7c40cb3025
03-26 18:20:19.766 30551 30551 E ArmVmp : Match on catch block at 0xc3 in for 0x7c40cb3025
03-26 18:20:19.963 30551 30551 E ArmVmp : Match on catch block at 0xc3 in for 0x7c40cb3025
03-26 18:20:19.967 30551 30551 E ArmVmp : Match on catch block at 0xc3 in for 0x7c40cb3025
03-26 18:20:20.078 30551 30551 E ArmVmp : Match on catch block at 0xc3 in for 0x7c40cb3025
03-26 18:20:20.084 30551 30551 E ArmVmp : Match on catch block at 0xc3 in for 0x7c40cb3025
03-26 18:20:20.195 30551 30551 E ArmVmp : Match on catch block at 0xc3 in for 0x7c40cb3025
03-26 18:20:20.199 30551 30551 E ArmVmp : Match on catch block at 0xc3 in for 0x7c40cb3025
03-26 18:20:20.362 30551 30551 E ArmVmp : Match on catch block at 0xc3 in for 0x7c40cb3025
03-26 18:20:20.367 30551 30551 E ArmVmp : Match on catch block at 0xc3 in for 0x7c40cb3025
03-26 18:20:20.678 30551 30551 E ArmVmp : Match on catch block at 0xc3 in for 0x7c40cb3025
03-26 18:20:20.683 30551 30551 E ArmVmp : Match on catch block at 0xc3 in for 0x7c40cb3025
03-26 18:20:20.779 30551 30551 E ArmVmp : Match on catch block at 0xc3 in for 0x7c40cb3025
03-26 18:20:20.782 30551 30551 E ArmVmp : Match on catch block at 0xc3 in for 0x7c40cb3025
03-26 18:20:21.281 30551 30551 E ArmVmp : Match on catch block at 0xc3 in for 0x7c40cb3025
03-26 18:20:21.287 30551 30551 E ArmVmp : Match on catch block at 0xc3 in for 0x7c40cb3025
03-26 18:20:21.482 30551 30551 E ArmVmp : Match on catch block at 0xc3 in for 0x7c40cb3025
03-26 18:20:21.485 30551 30551 E ArmVmp : Match on catch block at 0xc3 in for 0x7c40cb3025
03-26 18:20:21.495 30551 30551 E ArmVmp : Match on catch block at 0xc3 in for 0x7c40cb3025
03-26 18:20:21.497 30551 30551 E ArmVmp : Match on catch block at 0xc3 in for 0x7c40cb3025
03-26 18:20:21.695 30551 30551 E ArmVmp : Match on catch block at 0xc3 in for 0x7c40cb3025
03-26 18:20:21.699 30551 30551 E ArmVmp : Match on catch block at 0xc3 in for 0x7c40cb3025
03-26 18:20:21.928 30551 30551 E ArmVmp : Match on catch block at 0xc3 in for 0x7c40cb3025
03-26 18:20:21.930 30551 30551 E ArmVmp : Match on catch block at 0xc3 in for 0x7c40cb3025
03-26 18:20:22.161 30551 30551 E ArmVmp : Match on catch block at 0xc3 in for 0x7c40cb3025
03-26 18:20:22.164 30551 30551 E ArmVmp : Match on catch block at 0xc3 in for 0x7c40cb3025
03-26 18:20:22.328 30551 30551 E ArmVmp : Match on catch block at 0xc3 in for 0x7c40cb3025
03-26 18:20:22.331 30551 30551 E ArmVmp : Match on catch block at 0xc3 in for 0x7c40cb3025
03-26 18:20:22.495 30551 30551 E ArmVmp : Match on catch block at 0xc3 in for 0x7c40cb3025
03-26 18:20:22.497 30551 30551 E ArmVmp : Match on catch block at 0xc3 in for 0x7c40cb3025
03-26 18:20:22.578 30551 30675 E SQLiteDatabase: Error inserting transferred=0 media_job_uuid=cd1a9bb7-008e-452d-83f3-e4f4ebc89f54 transcoded=1 gif_attribution=0 first_scan_length=0 direct_path=null thumbnail_height_width_ratio=1.8181819 is_animated_sticker=0 file_hash=w8J/p1VWp7BAqrvGdfwwMz4azpNdO4WaaEl5HtcpIik= file_path=Media/MBWhatsApp Images/Sent/IMG-20240326-WA0008.jpg file_size=1472251 partial_media_hash=null face_x=0 face_y=0 height=3840 trim_to=0 media_key_timestamp=1711488017615 message_url=null media_caption=null trim_from=0 mime_type=null partial_media_enc_hash=null width=2160 original_file_hash=ps2bdN+W+gCjLi6Hx7jC1LihplZkMJ+BpTb9i9F6+RU= has_streaming_sidecar=0 autotransfer_retry_enabled=1 media_upload_handle=null message_row_id=1222 multicast_id=null enc_file_hash=dt+YrR1h5fDLZJO6YLuJxDxR+ltyLFvpxiq+tMoVqqY= mute_video=0 page_count=0 first_scan_sidecar=null suspicious_content=0 file_length=1472251 media_name=2469556f-0876-4b33-bbb9-6e31cfd2c7bb.jpg media_duration=0 chat_row_id=15 media_key=[B@8619eaa
03-26 18:20:22.578 30551 30675 E SQLiteDatabase: android.database.sqlite.SQLiteConstraintException: UNIQUE constraint failed: message_media.message_row_id (code 1555 SQLITE_CONSTRAINT_PRIMARYKEY[1555])
03-26 18:20:22.578 30551 30675 E SQLiteDatabase: at android.database.sqlite.SQLiteConnection.nativeExecuteForLastInsertedRowId(Native Method)
03-26 18:20:22.578 30551 30675 E SQLiteDatabase: at android.database.sqlite.SQLiteConnection.executeForLastInsertedRowId(SQLiteConnecti on.java:1293)
03-26 18:20:22.578 30551 30675 E SQLiteDatabase: at android.database.sqlite.SQLiteSession.executeForLastInsertedRowId(SQLiteSession.jav a:790)
03-26 18:20:22.578 30551 30675 E SQLiteDatabase: at android.database.sqlite.SQLiteStatement.executeInsert(SQLiteStatement.java:89)
03-26 18:20:22.578 30551 30675 E SQLiteDatabase: at android.database.sqlite.SQLiteDatabase.insertWithOnConflict(SQLiteDatabase.java:243 4)
03-26 18:20:22.578 30551 30675 E SQLiteDatabase: at android.database.sqlite.SQLiteDatabase.insert(SQLiteDatabase.java:2303)
03-26 18:20:22.578 30551 30675 E SQLiteDatabase: at X.2tm.A08(Unknown Source:6)
03-26 18:20:22.578 30551 30675 E SQLiteDatabase: at X.35Y.A07(Unknown Source:212)
03-26 18:20:22.578 30551 30675 E SQLiteDatabase: at X.3QF.A14(Unknown Source:470)
03-26 18:20:22.578 30551 30675 E SQLiteDatabase: at X.3gU.run(Unknown Source:982)
03-26 18:20:22.578 30551 30675 E SQLiteDatabase: at android.os.Handler.handleCallback(Handler.java:958)
03-26 18:20:22.578 30551 30675 E SQLiteDatabase: at android.os.Handler.dispatchMessage(Handler.java:99)
03-26 18:20:22.578 30551 30675 E SQLiteDatabase: at X.0zq.dispatchMessage(Unknown Source:4)
03-26 18:20:22.578 30551 30675 E SQLiteDatabase: at android.os.Looper.loopOnce(Looper.java:230)
03-26 18:20:22.578 30551 30675 E SQLiteDatabase: at android.os.Looper.loop(Looper.java:319)
03-26 18:20:22.578 30551 30675 E SQLiteDatabase: at android.os.HandlerThread.run(HandlerThread.java:67)
03-26 18:20:22.595 30551 30551 E ArmVmp : Match on catch block at 0xc3 in for 0x7c40cb3025
03-26 18:20:22.599 30551 30551 E ArmVmp : Match on catch block at 0xc3 in for 0x7c40cb3025
03-26 18:20:22.611 30551 30551 E ArmVmp : Match on catch block at 0xc3 in for 0x7c40cb3025
03-26 18:20:22.613 30551 30551 E ArmVmp : Match on catch block at 0xc3 in for 0x7c40cb3025
03-26 18:20:22.627 30551 30551 E ArmVmp : Match on catch block at 0xc3 in for 0x7c40cb3025
03-26 18:20:22.630 30551 30551 E ArmVmp : Match on catch block at 0xc3 in for 0x7c40cb3025
03-26 18:20:22.646 30551 30551 E ArmVmp : Match on catch block at 0xc3 in for 0x7c40cb3025
03-26 18:20:22.648 30551 30551 E ArmVmp : Match on catch block at 0xc3 in for 0x7c40cb3025
03-26 18:20:22.662 30551 30551 E ArmVmp : Match on catch block at 0xc3 in for 0x7c40cb3025
03-26 18:20:22.667 30551 30551 E ArmVmp : Match on catch block at 0xc3 in for 0x7c40cb3025
03-26 18:20:22.678 30551 30551 E ArmVmp : Match on catch block at 0xc3 in for 0x7c40cb3025
03-26 18:20:22.681 30551 30551 E ArmVmp : Match on catch block at 0xc3 in for 0x7c40cb3025
03-26 18:20:22.694 30551 30551 E ArmVmp : Match on catch block at 0xc3 in for 0x7c40cb3025
03-26 18:20:22.697 30551 30551 E ArmVmp : Match on catch block at 0xc3 in for 0x7c40cb3025
03-26 18:20:22.711 30551 30551 E ArmVmp : Match on catch block at 0xc3 in for 0x7c40cb3025
03-26 18:20:22.714 30551 30551 E ArmVmp : Match on catch block at 0xc3 in for 0x7c40cb3025
03-26 18:20:22.728 30551 30551 E ArmVmp : Match on catch block at 0xc3 in for 0x7c40cb3025
03-26 18:20:22.730 30551 30551 E ArmVmp : Match on catch block at 0xc3 in for 0x7c40cb3025
03-26 18:20:22.745 30551 30551 E ArmVmp : Match on catch block at 0xc3 in for 0x7c40cb3025
03-26 18:20:22.747 30551 30551 E ArmVmp : Match on catch block at 0xc3 in for 0x7c40cb3025
03-26 18:20:22.761 30551 30551 E ArmVmp : Match on catch block at 0xc3 in for 0x7c40cb3025
03-26 18:20:22.764 30551 30551 E ArmVmp : Match on catch block at 0xc3 in for 0x7c40cb3025
03-26 18:20:22.778 30551 30551 E ArmVmp : Match on catch block at 0xc3 in for 0x7c40cb3025
03-26 18:20:22.781 30551 30551 E ArmVmp : Match on catch block at 0xc3 in for 0x7c40cb3025
03-26 18:20:22.795 30551 30551 E ArmVmp : Match on catch block at 0xc3 in for 0x7c40cb3025
03-26 18:20:22.798 30551 30551 E ArmVmp : Match on catch block at 0xc3 in for 0x7c40cb3025
03-26 18:20:22.812 30551 30551 E ArmVmp : Match on catch block at 0xc3 in for 0x7c40cb3025
03-26 18:20:22.815 30551 30551 E ArmVmp : Match on catch block at 0xc3 in for 0x7c40cb3025
03-26 18:20:22.829 30551 30551 E ArmVmp : Match on catch block at 0xc3 in for 0x7c40cb3025
03-26 18:20:22.834 30551 30551 E ArmVmp : Match on catch block at 0xc3 in for 0x7c40cb3025
03-26 18:20:22.930 30551 30551 E ArmVmp : Match on catch block at 0xc3 in for 0x7c40cb3025
03-26 18:20:22.933 30551 30551 E ArmVmp : Match on catch block at 0xc3 in for 0x7c40cb3025
03-26 18:20:23.111 30551 30551 E ArmVmp : Match on catch block at 0xc3 in for 0x7c40cb3025
03-26 18:20:23.114 30551 30551 E ArmVmp : Match on catch block at 0xc3 in for 0x7c40cb3025
03-26 18:20:23.261 30551 30551 E ArmVmp : Match on catch block at 0xc3 in for 0x7c40cb3025
03-26 18:20:23.264 30551 30551 E ArmVmp : Match on catch block at 0xc3 in for 0x7c40cb3025
03-26 18:20:23.479 30551 30551 E ArmVmp : Match on catch block at 0xc3 in for 0x7c40cb3025
03-26 18:20:23.482 30551 30551 E ArmVmp : Match on catch block at 0xc3 in for 0x7c40cb3025
03-26 18:20:23.494 30551 30551 E ArmVmp : Match on catch block at 0xc3 in for 0x7c40cb3025
03-26 18:20:23.499 30551 30551 E ArmVmp : Match on catch block at 0xc3 in for 0x7c40cb3025
03-26 18:20:23.511 30551 30551 E ArmVmp : Match on catch block at 0xc3 in for 0x7c40cb3025
03-26 18:20:23.514 30551 30551 E ArmVmp : Match on catch block at 0xc3 in for 0x7c40cb3025
03-26 18:20:23.528 30551 30551 E ArmVmp : Match on catch block at 0xc3 in for 0x7c40cb3025
03-26 18:20:23.531 30551 30551 E ArmVmp : Match on catch block at 0xc3 in for 0x7c40cb3025
03-26 18:20:23.545 30551 30551 E ArmVmp : Match on catch block at 0xc3 in for 0x7c40cb3025
03-26 18:20:23.547 30551 30551 E ArmVmp : Match on catch block at 0xc3 in for 0x7c40cb3025
03-26 18:20:23.561 30551 30551 E ArmVmp : Match on catch block at 0xc3 in for 0x7c40cb3025
03-26 18:20:23.564 30551 30551 E ArmVmp : Match on catch block at 0xc3 in for 0x7c40cb3025
03-26 18:20:23.578 30551 30551 E ArmVmp : Match on catch block at 0xc3 in for 0x7c40cb3025
03-26 18:20:23.581 30551 30551 E ArmVmp : Match on catch block at 0xc3 in for 0x7c40cb3025
03-26 18:20:23.595 30551 30551 E ArmVmp : Match on catch block at 0xc3 in for 0x7c40cb3025
03-26 18:20:23.597 30551 30551 E ArmVmp : Match on catch block at 0xc3 in for 0x7c40cb3025
03-26 18:20:23.611 30551 30551 E ArmVmp : Match on catch block at 0xc3 in for 0x7c40cb3025
03-26 18:20:23.614 30551 30551 E ArmVmp : Match on catch block at 0xc3 in for 0x7c40cb3025
03-26 18:20:23.628 30551 30551 E ArmVmp : Match on catch block at 0xc3 in for 0x7c40cb3025
03-26 18:20:23.631 30551 30551 E ArmVmp : Match on catch block at 0xc3 in for 0x7c40cb3025
03-26 18:20:23.645 30551 30551 E ArmVmp : Match on catch block at 0xc3 in for 0x7c40cb3025
03-26 18:20:23.647 30551 30551 E ArmVmp : Match on catch block at 0xc3 in for 0x7c40cb3025
03-26 18:20:23.661 30551 30551 E ArmVmp : Match on catch block at 0xc3 in for 0x7c40cb3025
03-26 18:20:23.663 30551 30551 E ArmVmp : Match on catch block at 0xc3 in for 0x7c40cb3025
03-26 18:20:23.678 30551 30551 E ArmVmp : Match on catch block at 0xc3 in for 0x7c40cb3025
03-26 18:20:23.680 30551 30551 E ArmVmp : Match on catch block at 0xc3 in for 0x7c40cb3025
03-26 18:20:23.695 30551 30551 E ArmVmp : Match on catch block at 0xc3 in for 0x7c40cb3025
03-26 18:20:23.697 30551 30551 E ArmVmp : Match on catch block at 0xc3 in for 0x7c40cb3025
03-26 18:20:23.711 30551 30551 E ArmVmp : Match on catch block at 0xc3 in for 0x7c40cb3025
03-26 18:20:23.714 30551 30551 E ArmVmp : Match on catch block at 0xc3 in for 0x7c40cb3025
03-26 18:20:23.728 30551 30551 E ArmVmp : Match on catch block at 0xc3 in for 0x7c40cb3025
03-26 18:20:23.730 30551 30551 E ArmVmp : Match on catch block at 0xc3 in for 0x7c40cb3025
03-26 18:20:23.745 30551 30551 E ArmVmp : Match on catch block at 0xc3 in for 0x7c40cb3025
03-26 18:20:23.749 30551 30551 E ArmVmp : Match on catch block at 0xc3 in for 0x7c40cb3025
03-26 18:20:23.763 30551 30551 E ArmVmp : Match on catch block at 0xc3 in for 0x7c40cb3025
03-26 18:20:23.769 30551 30551 E ArmVmp : Match on catch block at 0xc3 in for 0x7c40cb3025
03-26 18:20:23.779 30551 30551 E ArmVmp : Match on catch block at 0xc3 in for 0x7c40cb3025
03-26 18:20:23.784 30551 30551 E ArmVmp : Match on catch block at 0xc3 in for 0x7c40cb3025
03-26 18:20:23.797 30551 30551 E ArmVmp : Match on catch block at 0xc3 in for 0x7c40cb3025
03-26 18:20:23.802 30551 30551 E ArmVmp : Match on catch block at 0xc3 in for 0x7c40cb3025
03-26 18:20:23.813 30551 30551 E ArmVmp : Match on catch block at 0xc3 in for 0x7c40cb3025
03-26 18:20:23.817 30551 30551 E ArmVmp : Match on catch block at 0xc3 in for 0x7c40cb3025
03-26 18:20:23.829 30551 30551 E ArmVmp : Match on catch block at 0xc3 in for 0x7c40cb3025
03-26 18:20:23.834 30551 30551 E ArmVmp : Match on catch block at 0xc3 in for 0x7c40cb3025
03-26 18:20:23.847 30551 30551 E ArmVmp : Match on catch block at 0xc3 in for 0x7c40cb3025
03-26 18:20:23.851 30551 30551 E ArmVmp : Match on catch block at 0xc3 in for 0x7c40cb3025
03-26 18:20:23.863 30551 30551 E ArmVmp : Match on catch block at 0xc3 in for 0x7c40cb3025
03-26 18:20:23.867 30551 30551 E ArmVmp : Match on catch block at 0xc3 in for 0x7c40cb3025
03-26 18:20:23.879 30551 30551 E ArmVmp : Match on catch block at 0xc3 in for 0x7c40cb3025
03-26 18:20:23.884 30551 30551 E ArmVmp : Match on catch block at 0xc3 in for 0x7c40cb3025
03-26 18:20:23.896 30551 30551 E ArmVmp : Match on catch block at 0xc3 in for 0x7c40cb3025
03-26 18:20:23.901 30551 30551 E ArmVmp : Match on catch block at 0xc3 in for 0x7c40cb3025
03-26 18:20:23.978 30551 30551 E ArmVmp : Match on catch block at 0xc3 in for 0x7c40cb3025
03-26 18:20:23.981 30551 30551 E ArmVmp : Match on catch block at 0xc3 in for 0x7c40cb3025
03-26 18:20:24.061 30551 30551 E ArmVmp : Match on catch block at 0xc3 in for 0x7c40cb3025
03-26 18:20:24.064 30551 30551 E ArmVmp : Match on catch block at 0xc3 in for 0x7c40cb3025
03-26 18:20:24.211 30551 30551 E ArmVmp : Match on catch block at 0xc3 in for 0x7c40cb3025
03-26 18:20:24.214 30551 30551 E ArmVmp : Match on catch block at 0xc3 in for 0x7c40cb3025
03-26 18:20:24.428 30551 30551 E ArmVmp : Match on catch block at 0xc3 in for 0x7c40cb3025
03-26 18:20:24.431 30551 30551 E ArmVmp : Match on catch block at 0xc3 in for 0x7c40cb3025
03-26 18:20:24.611 30551 30551 E ArmVmp : Match on catch block at 0xc3 in for 0x7c40cb3025
03-26 18:20:24.614 30551 30551 E ArmVmp : Match on catch block at 0xc3 in for 0x7c40cb3025
03-26 18:20:24.895 30551 30551 E ArmVmp : Match on catch block at 0xc3 in for 0x7c40cb3025
03-26 18:20:24.898 30551 30551 E ArmVmp : Match on catch block at 0xc3 in for 0x7c40cb3025
03-26 18:20:25.146 30551 30551 E ArmVmp : Match on catch block at 0xc3 in for 0x7c40cb3025
03-26 18:20:25.151 30551 30551 E ArmVmp : Match on catch block at 0xc3 in for 0x7c40cb3025
03-26 18:20:25.647 30551 30551 E ArmVmp : Match on catch block at 0xc3 in for 0x7c40cb3025
03-26 18:20:25.649 30551 30551 E ArmVmp : Match on catch block at 0xc3 in for 0x7c40cb3025
03-26 18:20:25.683 30551 30551 E ArmVmp : Match on catch block at 0xc3 in for 0x7c40cb3025
03-26 18:20:25.685 30551 30551 E ArmVmp : Match on catch block at 0xc3 in for 0x7c40cb3025
03-26 18:20:25.695 30551 30551 E ArmVmp : Match on catch block at 0xc3 in for 0x7c40cb3025
03-26 18:20:25.698 30551 30551 E ArmVmp : Match on catch block at 0xc3 in for 0x7c40cb3025
03-26 18:20:25.846 30551 30551 E ArmVmp : Match on catch block at 0xc3 in for 0x7c40cb3025
03-26 18:20:25.848 30551 30551 E ArmVmp : Match on catch block at 0xc3 in for 0x7c40cb3025
03-26 18:20:26.145 30551 30551 E ArmVmp : Match on catch block at 0xc3 in for 0x7c40cb3025
03-26 18:20:26.148 30551 30551 E ArmVmp : Match on catch block at 0xc3 in for 0x7c40cb3025
03-26 18:20:26.578 30551 30551 E ArmVmp : Match on catch block at 0xc3 in for 0x7c40cb3025
03-26 18:20:26.581 30551 30551 E ArmVmp : Match on catch block at 0xc3 in for 0x7c40cb3025
03-26 18:20:26.828 30551 30551 E ArmVmp : Match on catch block at 0xc3 in for 0x7c40cb3025
03-26 18:20:26.831 30551 30551 E ArmVmp : Match on catch block at 0xc3 in for 0x7c40cb3025
03-26 18:20:27.045 30551 30551 E ArmVmp : Match on catch block at 0xc3 in for 0x7c40cb3025
03-26 18:20:27.048 30551 30551 E ArmVmp : Match on catch block at 0xc3 in for 0x7c40cb3025
03-26 18:20:27.213 30551 30551 E ArmVmp : Match on catch block at 0xc3 in for 0x7c40cb3025
03-26 18:20:27.218 30551 30551 E ArmVmp : Match on catch block at 0xc3 in for 0x7c40cb3025
03-26 18:20:27.311 30551 30551 E ArmVmp : Match on catch block at 0xc3 in for 0x7c40cb3025
03-26 18:20:27.314 30551 30551 E ArmVmp : Match on catch block at 0xc3 in for 0x7c40cb3025
03-26 18:20:27.446 30551 30551 E ArmVmp : Match on catch block at 0xc3 in for 0x7c40cb3025
03-26 18:20:27.449 30551 30551 E ArmVmp : Match on catch block at 0xc3 in for 0x7c40cb3025
03-26 18:20:27.631 30551 30551 E ArmVmp : Match on catch block at 0xc3 in for 0x7c40cb3025
03-26 18:20:27.633 30551 30551 E ArmVmp : Match on catch block at 0xc3 in for 0x7c40cb3025
03-26 18:20:27.645 30551 30551 E ArmVmp : Match on catch block at 0xc3 in for 0x7c40cb3025
03-26 18:20:27.648 30551 30551 E ArmVmp : Match on catch block at 0xc3 in for 0x7c40cb3025
03-26 18:20:27.662 30551 30551 E ArmVmp : Match on catch block at 0xc3 in for 0x7c40cb3025
03-26 18:20:27.664 30551 30551 E ArmVmp : Match on catch block at 0xc3 in for 0x7c40cb3025
03-26 18:20:27.678 30551 30551 E ArmVmp : Match on catch block at 0xc3 in for 0x7c40cb3025
03-26 18:20:27.681 30551 30551 E ArmVmp : Match on catch block at 0xc3 in for 0x7c40cb3025
03-26 18:20:27.695 30551 30551 E ArmVmp : Match on catch block at 0xc3 in for 0x7c40cb3025
03-26 18:20:27.698 30551 30551 E ArmVmp : Match on catch block at 0xc3 in for 0x7c40cb3025
03-26 18:20:27.711 30551 30551 E ArmVmp : Match on catch block at 0xc3 in for 0x7c40cb3025
03-26 18:20:27.714 30551 30551 E ArmVmp : Match on catch block at 0xc3 in for 0x7c40cb3025
03-26 18:20:27.728 30551 30551 E ArmVmp : Match on catch block at 0xc3 in for 0x7c40cb3025
03-26 18:20:27.731 30551 30551 E ArmVmp : Match on catch block at 0xc3 in for 0x7c40cb3025
03-26 18:20:27.746 30551 30551 E ArmVmp : Match on catch block at 0xc3 in for 0x7c40cb3025
03-26 18:20:27.754 30551 30551 E ArmVmp : Match on catch block at 0xc3 in for 0x7c40cb3025
03-26 18:20:27.764 30551 30551 E ArmVmp : Match on catch block at 0xc3 in for 0x7c40cb3025
03-26 18:20:27.769 30551 30551 E ArmVmp : Match on catch block at 0xc3 in for 0x7c40cb3025
03-26 18:20:27.780 30551 30551 E ArmVmp : Match on catch block at 0xc3 in for 0x7c40cb3025
03-26 18:20:27.784 30551 30551 E ArmVmp : Match on catch block at 0xc3 in for 0x7c40cb3025
03-26 18:20:27.796 30551 30551 E ArmVmp : Match on catch block at 0xc3 in for 0x7c40cb3025
03-26 18:20:27.800 30551 30551 E ArmVmp : Match on catch block at 0xc3 in for 0x7c40cb3025
03-26 18:20:27.813 30551 30551 E ArmVmp : Match on catch block at 0xc3 in for 0x7c40cb3025
03-26 18:20:27.817 30551 30551 E ArmVmp : Match on catch block at 0xc3 in for 0x7c40cb3025
03-26 18:20:27.830 30551 30551 E ArmVmp : Match on catch block at 0xc3 in for 0x7c40cb3025
03-26 18:20:27.835 30551 30551 E ArmVmp : Match on catch block at 0xc3 in for 0x7c40cb3025
03-26 18:20:27.847 30551 30551 E ArmVmp : Match on catch block at 0xc3 in for 0x7c40cb3025
03-26 18:20:27.852 30551 30551 E ArmVmp : Match on catch block at 0xc3 in for 0x7c40cb3025
03-26 18:20:27.862 30551 30551 E ArmVmp : Match on catch block at 0xc3 in for 0x7c40cb3025
03-26 18:20:27.866 30551 30551 E ArmVmp : Match on catch block at 0xc3 in for 0x7c40cb3025
03-26 18:20:27.879 30551 30551 E ArmVmp : Match on catch block at 0xc3 in for 0x7c40cb3025
03-26 18:20:27.884 30551 30551 E ArmVmp : Match on catch block at 0xc3 in for 0x7c40cb3025
03-26 18:20:27.896 30551 30551 E ArmVmp : Match on catch block at 0xc3 in for 0x7c40cb3025
03-26 18:20:27.899 30551 30551 E ArmVmp : Match on catch block at 0xc3 in for 0x7c40cb3025
03-26 18:20:27.912 30551 30551 E ArmVmp : Match on catch block at 0xc3 in for 0x7c40cb3025
03-26 18:20:27.916 30551 30551 E ArmVmp : Match on catch block at 0xc3 in for 0x7c40cb3025
03-26 18:20:27.929 30551 30551 E ArmVmp : Match on catch block at 0xc3 in for 0x7c40cb3025
03-26 18:20:27.933 30551 30551 E ArmVmp : Match on catch block at 0xc3 in for 0x7c40cb3025
03-26 18:20:27.946 30551 30551 E ArmVmp : Match on catch block at 0xc3 in for 0x7c40cb3025
03-26 18:20:27.951 30551 30551 E ArmVmp : Match on catch block at 0xc3 in for 0x7c40cb3025
03-26 18:20:27.963 30551 30551 E ArmVmp : Match on catch block at 0xc3 in for 0x7c40cb3025
03-26 18:20:27.969 30551 30551 E ArmVmp : Match on catch block at 0xc3 in for 0x7c40cb3025
03-26 18:20:27.979 30551 30551 E ArmVmp : Match on catch block at 0xc3 in for 0x7c40cb3025
03-26 18:20:27.982 30551 30551 E ArmVmp : Match on catch block at 0xc3 in for 0x7c40cb3025
03-26 18:20:27.995 30551 30551 E ArmVmp : Match on catch block at 0xc3 in for 0x7c40cb3025
03-26 18:20:27.997 30551 30551 E ArmVmp : Match on catch block at 0xc3 in for 0x7c40cb3025
03-26 18:20:28.011 30551 30551 E ArmVmp : Match on catch block at 0xc3 in for 0x7c40cb3025
03-26 18:20:28.014 30551 30551 E ArmVmp : Match on catch block at 0xc3 in for 0x7c40cb3025
03-26 18:20:28.028 30551 30551 E ArmVmp : Match on catch block at 0xc3 in for 0x7c40cb3025
03-26 18:20:28.031 30551 30551 E ArmVmp : Match on catch block at 0xc3 in for 0x7c40cb3025
03-26 18:20:28.045 30551 30551 E ArmVmp : Match on catch block at 0xc3 in for 0x7c40cb3025
03-26 18:20:28.049 30551 30551 E ArmVmp : Match on catch block at 0xc3 in for 0x7c40cb3025
03-26 18:20:28.078 30551 30551 E ArmVmp : Match on catch block at 0xc3 in for 0x7c40cb3025
03-26 18:20:28.081 30551 30551 E ArmVmp : Match on catch block at 0xc3 in for 0x7c40cb3025
03-26 18:20:28.295 30551 30551 E ArmVmp : Match on catch block at 0xc3 in for 0x7c40cb3025
03-26 18:20:28.299 30551 30551 E ArmVmp : Match on catch block at 0xc3 in for 0x7c40cb3025
03-26 18:20:28.428 30551 30551 E ArmVmp : Match on catch block at 0xc3 in for 0x7c40cb3025
03-26 18:20:28.433 30551 30551 E ArmVmp : Match on catch block at 0xc3 in for 0x7c40cb3025
03-26 18:20:28.561 30551 30551 E ArmVmp : Match on catch block at 0xc3 in for 0x7c40cb3025
03-26 18:20:28.565 30551 30551 E ArmVmp : Match on catch block at 0xc3 in for 0x7c40cb3025
03-26 18:20:29.063 30551 30551 E ArmVmp : Match on catch block at 0xc3 in for 0x7c40cb3025
03-26 18:20:29.068 30551 30551 E ArmVmp : Match on catch block at 0xc3 in for 0x7c40cb3025
03-26 18:20:29.328 30551 30551 E ArmVmp : Match on catch block at 0xc3 in for 0x7c40cb3025
03-26 18:20:29.332 30551 30551 E ArmVmp : Match on catch block at 0xc3 in for 0x7c40cb3025
03-26 18:20:29.512 30551 30551 E ArmVmp : Match on catch block at 0xc3 in for 0x7c40cb3025
03-26 18:20:29.514 30551 30551 E ArmVmp : Match on catch block at 0xc3 in for 0x7c40cb3025
03-26 18:20:29.540 30551 30551 E ArmVmp : Match on catch block at 0xc3 in for 0x7c40cb3025
03-26 18:20:29.550 30551 30551 E ArmVmp : Match on catch block at 0xc3 in for 0x7c40cb3025
03-26 18:20:29.561 30551 30551 E ArmVmp : Match on catch block at 0xc3 in for 0x7c40cb3025
03-26 18:20:29.566 30551 30551 E ArmVmp : Match on catch block at 0xc3 in for 0x7c40cb3025
03-26 18:20:29.580 30551 30551 E ArmVmp : Match on catch block at 0xc3 in for 0x7c40cb3025
03-26 18:20:29.582 30551 30551 E ArmVmp : Match on catch block at 0xc3 in for 0x7c40cb3025
03-26 18:20:29.595 30551 30551 E ArmVmp : Match on catch block at 0xc3 in for 0x7c40cb3025
03-26 18:20:29.598 30551 30551 E ArmVmp : Match on catch block at 0xc3 in for 0x7c40cb3025
03-26 18:20:29.611 30551 30551 E ArmVmp : Match on catch block at 0xc3 in for 0x7c40cb3025
03-26 18:20:29.613 30551 30551 E ArmVmp : Match on catch block at 0xc3 in for 0x7c40cb3025
03-26 18:20:29.627 30551 30551 E ArmVmp : Match on catch block at 0xc3 in for 0x7c40cb3025
03-26 18:20:29.642 30551 30551 E ArmVmp : Match on catch block at 0xc3 in for 0x7c40cb3025
03-26 18:20:29.649 30551 30551 E ArmVmp : Match on catch block at 0xc3 in for 0x7c40cb3025
03-26 18:20:29.657 30551 30551 E ArmVmp : Match on catch block at 0xc3 in for 0x7c40cb3025
03-26 18:20:29.666 30551 30551 E ArmVmp : Match on catch block at 0xc3 in for 0x7c40cb3025
03-26 18:20:29.668 30551 30551 E ArmVmp : Match on catch block at 0xc3 in for 0x7c40cb3025
03-26 18:20:29.680 30551 30551 E ArmVmp : Match on catch block at 0xc3 in for 0x7c40cb3025
03-26 18:20:29.686 30551 30551 E ArmVmp : Match on catch block at 0xc3 in for 0x7c40cb3025
03-26 18:20:29.694 30551 30551 E ArmVmp : Match on catch block at 0xc3 in for 0x7c40cb3025
03-26 18:20:29.704 30551 30551 E ArmVmp : Match on catch block at 0xc3 in for 0x7c40cb3025
03-26 18:20:29.711 30551 30551 E ArmVmp : Match on catch block at 0xc3 in for 0x7c40cb3025
03-26 18:20:29.713 30551 30551 E ArmVmp : Match on catch block at 0xc3 in for 0x7c40cb3025
03-26 18:20:29.727 30551 30551 E ArmVmp : Match on catch block at 0xc3 in for 0x7c40cb3025
03-26 18:20:29.731 30551 30551 E ArmVmp : Match on catch block at 0xc3 in for 0x7c40cb3025
03-26 18:20:29.746 30551 30551 E ArmVmp : Match on catch block at 0xc3 in for 0x7c40cb3025
03-26 18:20:29.749 30551 30551 E ArmVmp : Match on catch block at 0xc3 in for 0x7c40cb3025
03-26 18:20:29.761 30551 30551 E ArmVmp : Match on catch block at 0xc3 in for 0x7c40cb3025
03-26 18:20:29.763 30551 30551 E ArmVmp : Match on catch block at 0xc3 in for 0x7c40cb3025
03-26 18:20:29.777 30551 30551 E ArmVmp : Match on catch block at 0xc3 in for 0x7c40cb3025
03-26 18:20:29.782 30551 30551 E ArmVmp : Match on catch block at 0xc3 in for 0x7c40cb3025
03-26 18:20:29.796 30551 30551 E ArmVmp : Match on catch block at 0xc3 in for 0x7c40cb3025
03-26 18:20:29.799 30551 30551 E ArmVmp : Match on catch block at 0xc3 in for 0x7c40cb3025
03-26 18:20:29.819 30551 30551 E ArmVmp : Match on catch block at 0xc3 in for 0x7c40cb3025
03-26 18:20:29.824 30551 30551 E ArmVmp : Match on catch block at 0xc3 in for 0x7c40cb3025
03-26 18:20:29.848 30551 30551 E ArmVmp : Match on catch block at 0xc3 in for 0x7c40cb3025
03-26 18:20:29.855 30551 30551 E ArmVmp : Match on catch block at 0xc3 in for 0x7c40cb3025
03-26 18:20:29.863 30551 30551 E ArmVmp : Match on catch block at 0xc3 in for 0x7c40cb3025
03-26 18:20:29.869 30551 30551 E ArmVmp : Match on catch block at 0xc3 in for 0x7c40cb3025
03-26 18:20:29.882 30551 30551 E ArmVmp : Match on catch block at 0xc3 in for 0x7c40cb3025
03-26 18:20:29.890 30551 30551 E ArmVmp : Match on catch block at 0xc3 in for 0x7c40cb3025
03-26 18:20:29.908 30551 30551 E ArmVmp : Match on catch block at 0xc3 in for 0x7c40cb3025
03-26 18:20:29.915 30551 30551 E ArmVmp : Match on catch block at 0xc3 in for 0x7c40cb3025
03-26 18:20:29.928 30551 30551 E ArmVmp : Match on catch block at 0xc3 in for 0x7c40cb3025
03-26 18:20:29.933 30551 30551 E ArmVmp : Match on catch block at 0xc3 in for 0x7c40cb3025
03-26 18:20:29.944 30551 30551 E ArmVmp : Match on catch block at 0xc3 in for 0x7c40cb3025
03-26 18:20:29.946 30551 32751 W MediaPlayer: Use of stream types is deprecated for operations other than volume control
03-26 18:20:29.946 30551 32751 W MediaPlayer: See the documentation of setAudioStreamType() for what to use instead with android.media.AudioAttributes to qualify your playback use case
03-26 18:20:29.947 30551 30551 E ArmVmp : Match on catch block at 0xc3 in for 0x7c40cb3025
03-26 18:20:30.013 30551 30551 E ArmVmp : Match on catch block at 0xc3 in for 0x7c40cb3025
03-26 18:20:30.015 30551 30551 E ArmVmp : Match on catch block at 0xc3 in for 0x7c40cb3025
03-26 18:20:30.046 30551 30551 E ArmVmp : Match on catch block at 0xc3 in for 0x7c40cb3025
03-26 18:20:30.049 30551 30551 E ArmVmp : Match on catch block at 0xc3 in for 0x7c40cb3025
03-26 18:20:30.062 30551 30551 E ArmVmp : Match on catch block at 0xc3 in for 0x7c40cb3025
03-26 18:20:30.064 30551 30551 E ArmVmp : Match on catch block at 0xc3 in for 0x7c40cb3025
03-26 18:20:30.072 30551 30572 W MediaPlayerNative: info/warning (10973, 0)
03-26 18:20:30.077 30551 30551 E ArmVmp : Match on catch block at 0xc3 in for 0x7c40cb3025
03-26 18:20:30.079 30551 30551 E ArmVmp : Match on catch block at 0xc3 in for 0x7c40cb3025
03-26 18:20:30.101 30551 30551 E ArmVmp : Match on catch block at 0xc3 in for 0x7c40cb3025
03-26 18:20:30.105 30551 30551 E ArmVmp : Match on catch block at 0xc3 in for 0x7c40cb3025
03-26 18:20:30.133 30551 30551 E ArmVmp : Match on catch block at 0xc3 in for 0x7c40cb3025
03-26 18:20:30.140 30551 30551 E ArmVmp : Match on catch block at 0xc3 in for 0x7c40cb3025
03-26 18:20:30.169 30551 32751 W MediaPlayer: Use of stream types is deprecated for operations other than volume control
03-26 18:20:30.169 30551 32751 W MediaPlayer: See the documentation of setAudioStreamType() for what to use instead with android.media.AudioAttributes to qualify your playback use case
03-26 18:20:30.171 30551 30551 E ArmVmp : Match on catch block at 0xc3 in for 0x7c40cb3025
03-26 18:20:30.180 30551 30551 E ArmVmp : Match on catch block at 0xc3 in for 0x7c40cb3025
03-26 18:20:30.193 30551 30551 E ArmVmp : Match on catch block at 0xc3 in for 0x7c40cb3021
03-26 18:20:30.221 30551 30551 E ArmVmp : Match on catch block at 0xc3 in for 0x7c40cb3025
03-26 18:20:30.232 30551 30551 E ArmVmp : Match on catch block at 0xc3 in for 0x7c40cb3025
03-26 18:20:30.234 30551 30551 E ArmVmp : Match on catch block at 0xc3 in for 0x7c40cb3025
03-26 18:20:30.245 30551 30572 W MediaPlayerNative: info/warning (10973, 0)
03-26 18:20:30.318 30551 30551 E ArmVmp : Match on catch block at 0xc3 in for 0x7c40cb3025
03-26 18:20:30.324 30551 30551 E ArmVmp : Match on catch block at 0xc3 in for 0x7c40cb3025
03-26 18:20:30.326 30551 30551 E ArmVmp : Match on catch block at 0xc3 in for 0x7c40cb3025
03-26 18:20:30.367 30551 30551 E ArmVmp : Match on catch block at 0xc3 in for 0x7c40cb3025
03-26 18:20:30.371 30551 30551 E ArmVmp : Match on catch block at 0xc3 in for 0x7c40cb3025
03-26 18:20:30.375 30551 30551 E ArmVmp : Match on catch block at 0xc3 in for 0x7c40cb3025
03-26 18:20:30.393 30551 30551 E ArmVmp : Match on catch block at 0xc3 in for 0x7c40cb3025
03-26 18:20:30.394 30551 30551 E ArmVmp : Match on catch block at 0xc3 in for 0x7c40cb3025
03-26 18:20:30.397 30551 30551 E ArmVmp : Match on catch block at 0xc3 in for 0x7c40cb3025
03-26 18:20:30.402 30551 30551 E ArmVmp : Match on catch block at 0xc3 in for 0x7c40cb3025
03-26 18:20:30.403 30551 30551 E ArmVmp : Match on catch block at 0xc3 in for 0x7c40cb3025
03-26 18:20:30.407 30551 30551 E ArmVmp : Match on catch block at 0xc3 in for 0x7c40cb3025
03-26 18:20:30.412 30551 30551 E ArmVmp : Match on catch block at 0xc3 in for 0x7c40cb3025
03-26 18:20:30.417 30551 30551 E ArmVmp : Match on catch block at 0xc3 in for 0x7c40cb3025
03-26 18:20:30.418 30551 30551 E ArmVmp : Match on catch block at 0xc3 in for 0x7c40cb3025
03-26 18:20:30.428 30551 30551 E ArmVmp : Match on catch block at 0xc3 in for 0x7c40cb3025
03-26 18:20:30.434 30551 30551 E ArmVmp : Match on catch block at 0xc3 in for 0x7c40cb3025
03-26 18:20:30.437 30551 30551 E ArmVmp : Match on catch block at 0xc3 in for 0x7c40cb3025
03-26 18:20:30.446 30551 30551 E ArmVmp : Match on catch block at 0xc3 in for 0x7c40cb3025
03-26 18:20:30.451 30551 30551 E ArmVmp : Match on catch block at 0xc3 in for 0x7c40cb3025
03-26 18:20:30.455 30551 30551 E ArmVmp : Match on catch block at 0xc3 in for 0x7c40cb3025
03-26 18:20:30.459 30551 32751 W MediaPlayer: Use of stream types is deprecated for operations other than volume control
03-26 18:20:30.459 30551 32751 W MediaPlayer: See the documentation of setAudioStreamType() for what to use instead with android.media.AudioAttributes to qualify your playback use case
03-26 18:20:30.461 30551 30551 E ArmVmp : Match on catch block at 0xc3 in for 0x7c40cb3025
03-26 18:20:30.463 30551 30551 E ArmVmp : Match on catch block at 0xc3 in for 0x7c40cb3025
03-26 18:20:30.464 30551 30551 E ArmVmp : Match on catch block at 0xc3 in for 0x7c40cb3025
03-26 18:20:30.477 30551 30551 E ArmVmp : Match on catch block at 0xc3 in for 0x7c40cb3025
03-26 18:20:30.480 30551 6908 W MediaPlayerNative: info/warning (10973, 0)
03-26 18:20:30.484 30551 30551 E ArmVmp : Match on catch block at 0xc3 in for 0x7c40cb3025
03-26 18:20:30.489 30551 30551 E ArmVmp : Match on catch block at 0xc3 in for 0x7c40cb3025
03-26 18:20:30.501 30551 30551 E ArmVmp : Match on catch block at 0xc3 in for 0x7c40cb3025
03-26 18:20:30.503 30551 30551 E ArmVmp : Match on catch block at 0xc3 in for 0x7c40cb3025
03-26 18:20:30.504 30551 30551 E ArmVmp : Match on catch block at 0xc3 in for 0x7c40cb3025
03-26 18:20:30.513 30551 30551 E ArmVmp : Match on catch block at 0xc3 in for 0x7c40cb3025
03-26 18:20:30.515 30551 30551 E ArmVmp : Match on catch block at 0xc3 in for 0x7c40cb3025
03-26 18:20:30.518 30551 30551 E ArmVmp : Match on catch block at 0xc3 in for 0x7c40cb3025
03-26 18:20:30.527 30551 30551 E ArmVmp : Match on catch block at 0xc3 in for 0x7c40cb3025
03-26 18:20:30.530 30551 30551 E ArmVmp : Match on catch block at 0xc3 in for 0x7c40cb3025
03-26 18:20:30.532 30551 30551 E ArmVmp : Match on catch block at 0xc3 in for 0x7c40cb3025
03-26 18:20:30.544 30551 30551 E ArmVmp : Match on catch block at 0xc3 in for 0x7c40cb3025
03-26 18:20:30.551 30551 30551 E ArmVmp : Match on catch block at 0xc3 in for 0x7c40cb3025
03-26 18:20:30.553 30551 30551 E ArmVmp : Match on catch block at 0xc3 in for 0x7c40cb3025
03-26 18:20:30.572 30551 30551 E ArmVmp : Match on catch block at 0xc3 in for 0x7c40cb3025
03-26 18:20:30.578 30551 30551 E ArmVmp : Match on catch block at 0xc3 in for 0x7c40cb3025
03-26 18:20:30.580 30551 30551 E ArmVmp : Match on catch block at 0xc3 in for 0x7c40cb3025
03-26 18:20:30.594 30551 30551 E ArmVmp : Match on catch block at 0xc3 in for 0x7c40cb3025
03-26 18:20:30.599 30551 30551 E ArmVmp : Match on catch block at 0xc3 in for 0x7c40cb3025
03-26 18:20:30.603 30551 30551 E ArmVmp : Match on catch block at 0xc3 in for 0x7c40cb3025
03-26 18:20:30.614 30551 30551 E ArmVmp : Match on catch block at 0xc3 in for 0x7c40cb3025
03-26 18:20:30.619 30551 30551 E ArmVmp : Match on catch block at 0xc3 in for 0x7c40cb3025
03-26 18:20:30.624 30551 30551 E ArmVmp : Match on catch block at 0xc3 in for 0x7c40cb3025
03-26 18:20:30.631 30551 30551 E ArmVmp : Match on catch block at 0xc3 in for 0x7c40cb3025
03-26 18:20:30.637 30551 30551 E ArmVmp : Match on catch block at 0xc3 in for 0x7c40cb3025
03-26 18:20:30.640 30551 30551 E ArmVmp : Match on catch block at 0xc3 in for 0x7c40cb3025
03-26 18:20:30.648 30551 30551 E ArmVmp : Match on catch block at 0xc3 in for 0x7c40cb3025
03-26 18:20:30.652 30551 30551 E ArmVmp : Match on catch block at 0xc3 in for 0x7c40cb3025
03-26 18:20:30.654 30551 30551 E ArmVmp : Match on catch block at 0xc3 in for 0x7c40cb3025
03-26 18:20:30.663 30551 30551 E ArmVmp : Match on catch block at 0xc3 in for 0x7c40cb3025
03-26 18:20:30.670 30551 30551 E ArmVmp : Match on catch block at 0xc3 in for 0x7c40cb3025
03-26 18:20:30.674 30551 30551 E ArmVmp : Match on catch block at 0xc3 in for 0x7c40cb3025
03-26 18:20:30.680 30551 30551 E ArmVmp : Match on catch block at 0xc3 in for 0x7c40cb3025
03-26 18:20:30.686 30551 30551 E ArmVmp : Match on catch block at 0xc3 in for 0x7c40cb3025
03-26 18:20:30.691 30551 30551 E ArmVmp : Match on catch block at 0xc3 in for 0x7c40cb3025
03-26 18:20:30.699 30551 30551 E ArmVmp : Match on catch block at 0xc3 in for 0x7c40cb3025
03-26 18:20:30.706 30551 30551 E ArmVmp : Match on catch block at 0xc3 in for 0x7c40cb3025
03-26 18:20:30.708 30551 30551 E ArmVmp : Match on catch block at 0xc3 in for 0x7c40cb3025
03-26 18:20:30.713 30551 30551 E ArmVmp : Match on catch block at 0xc3 in for 0x7c40cb3025
03-26 18:20:30.717 30551 30551 E ArmVmp : Match on catch block at 0xc3 in for 0x7c40cb3025
03-26 18:20:30.719 30551 30551 E ArmVmp : Match on catch block at 0xc3 in for 0x7c40cb3025
03-26 18:20:30.728 30551 30551 E ArmVmp : Match on catch block at 0xc3 in for 0x7c40cb3025
03-26 18:20:30.730 30551 30551 E ArmVmp : Match on catch block at 0xc3 in for 0x7c40cb3025
03-26 18:20:30.733 30551 30551 E ArmVmp : Match on catch block at 0xc3 in for 0x7c40cb3025
03-26 18:20:30.745 30551 30551 E ArmVmp : Match on catch block at 0xc3 in for 0x7c40cb3025
03-26 18:20:30.747 30551 30551 E ArmVmp : Match on catch block at 0xc3 in for 0x7c40cb3025
03-26 18:20:30.750 30551 30551 E ArmVmp : Match on catch block at 0xc3 in for 0x7c40cb3025
03-26 18:20:30.761 30551 30551 E ArmVmp : Match on catch block at 0xc3 in for 0x7c40cb3025
03-26 18:20:30.763 30551 30551 E ArmVmp : Match on catch block at 0xc3 in for 0x7c40cb3025
03-26 18:20:30.765 30551 30551 E ArmVmp : Match on catch block at 0xc3 in for 0x7c40cb3025
03-26 18:20:30.778 30551 30551 E ArmVmp : Match on catch block at 0xc3 in for 0x7c40cb3025
03-26 18:20:30.780 30551 30551 E ArmVmp : Match on catch block at 0xc3 in for 0x7c40cb3025
03-26 18:20:30.782 30551 30551 E ArmVmp : Match on catch block at 0xc3 in for 0x7c40cb3025
03-26 18:20:30.794 30551 30551 E ArmVmp : Match on catch block at 0xc3 in for 0x7c40cb3025
03-26 18:20:30.797 30551 30551 E ArmVmp : Match on catch block at 0xc3 in for 0x7c40cb3025
03-26 18:20:30.798 30551 30551 E ArmVmp : Match on catch block at 0xc3 in for 0x7c40cb3025
03-26 18:20:30.811 30551 30551 E ArmVmp : Match on catch block at 0xc3 in for 0x7c40cb3025
03-26 18:20:30.813 30551 30551 E ArmVmp : Match on catch block at 0xc3 in for 0x7c40cb3025
03-26 18:20:30.815 30551 30551 E ArmVmp : Match on catch block at 0xc3 in for 0x7c40cb3025
03-26 18:20:30.827 30551 30551 E ArmVmp : Match on catch block at 0xc3 in for 0x7c40cb3025
03-26 18:20:30.830 30551 30551 E ArmVmp : Match on catch block at 0xc3 in for 0x7c40cb3025
03-26 18:20:30.832 30551 30551 E ArmVmp : Match on catch block at 0xc3 in for 0x7c40cb3025
03-26 18:20:30.844 30551 30551 E ArmVmp : Match on catch block at 0xc3 in for 0x7c40cb3025
03-26 18:20:30.846 30551 30551 E ArmVmp : Match on catch block at 0xc3 in for 0x7c40cb3025
03-26 18:20:30.847 30551 30551 E ArmVmp : Match on catch block at 0xc3 in for 0x7c40cb3025
03-26 18:20:30.861 30551 30551 E ArmVmp : Match on catch block at 0xc3 in for 0x7c40cb3025
03-26 18:20:30.864 30551 30551 E ArmVmp : Match on catch block at 0xc3 in for 0x7c40cb3025
03-26 18:20:30.865 30551 30551 E ArmVmp : Match on catch block at 0xc3 in for 0x7c40cb3025
03-26 18:20:30.878 30551 30551 E ArmVmp : Match on catch block at 0xc3 in for 0x7c40cb3025
03-26 18:20:30.880 30551 30551 E ArmVmp : Match on catch block at 0xc3 in for 0x7c40cb3025
03-26 18:20:30.882 30551 30551 E ArmVmp : Match on catch block at 0xc3 in for 0x7c40cb3025
03-26 18:20:30.894 30551 30551 E ArmVmp : Match on catch block at 0xc3 in for 0x7c40cb3025
03-26 18:20:30.897 30551 30551 E ArmVmp : Match on catch block at 0xc3 in for 0x7c40cb3025
03-26 18:20:30.899 30551 30551 E ArmVmp : Match on catch block at 0xc3 in for 0x7c40cb3025
03-26 18:20:30.911 30551 30551 E ArmVmp : Match on catch block at 0xc3 in for 0x7c40cb3025
