03-26 09:52:02.326 10581 10810 W MediaPlayerNative: info/warning (10973, 0)
03-26 09:52:02.562 10581 10581 E ArmVmp : Match on catch block at 0xc3 in for 0x7c40cb3025
03-26 09:52:02.566 10581 10581 E ArmVmp : Match on catch block at 0xc3 in for 0x7c40cb3025
03-26 09:52:03.010 10581 10581 E ArmVmp : Match on catch block at 0xc3 in for 0x7c40cb3025
03-26 09:52:03.012 10581 10581 E ArmVmp : Match on catch block at 0xc3 in for 0x7c40cb3025
03-26 09:52:03.026 10581 10581 E ArmVmp : Match on catch block at 0xc3 in for 0x7c40cb3025
03-26 09:52:03.027 10581 10581 E ArmVmp : Match on catch block at 0xc3 in for 0x7c40cb3025
03-26 09:52:03.042 10581 10581 E ArmVmp : Match on catch block at 0xc3 in for 0x7c40cb3025
03-26 09:52:03.045 10581 10581 E ArmVmp : Match on catch block at 0xc3 in for 0x7c40cb3025
03-26 09:52:03.059 10581 10581 E ArmVmp : Match on catch block at 0xc3 in for 0x7c40cb3025
03-26 09:52:03.062 10581 10581 E ArmVmp : Match on catch block at 0xc3 in for 0x7c40cb3025
03-26 09:52:03.076 10581 10581 E ArmVmp : Match on catch block at 0xc3 in for 0x7c40cb3025
03-26 09:52:03.078 10581 10581 E ArmVmp : Match on catch block at 0xc3 in for 0x7c40cb3025
03-26 09:52:03.093 10581 10581 E ArmVmp : Match on catch block at 0xc3 in for 0x7c40cb3025
03-26 09:52:03.095 10581 10581 E ArmVmp : Match on catch block at 0xc3 in for 0x7c40cb3025
03-26 09:52:03.109 10581 10581 E ArmVmp : Match on catch block at 0xc3 in for 0x7c40cb3025
03-26 09:52:03.112 10581 10581 E ArmVmp : Match on catch block at 0xc3 in for 0x7c40cb3025
03-26 09:52:03.127 10581 10581 E ArmVmp : Match on catch block at 0xc3 in for 0x7c40cb3025
03-26 09:52:03.130 10581 10581 E ArmVmp : Match on catch block at 0xc3 in for 0x7c40cb3025
03-26 09:52:03.144 10581 10581 E ArmVmp : Match on catch block at 0xc3 in for 0x7c40cb3025
03-26 09:52:03.147 10581 10581 E ArmVmp : Match on catch block at 0xc3 in for 0x7c40cb3025
03-26 09:52:03.160 10581 10581 E ArmVmp : Match on catch block at 0xc3 in for 0x7c40cb3025
03-26 09:52:03.166 10581 10581 E ArmVmp : Match on catch block at 0xc3 in for 0x7c40cb3025
03-26 09:52:03.177 10581 10581 E ArmVmp : Match on catch block at 0xc3 in for 0x7c40cb3025
03-26 09:52:03.182 10581 10581 E ArmVmp : Match on catch block at 0xc3 in for 0x7c40cb3025
03-26 09:52:03.192 10581 10581 E ArmVmp : Match on catch block at 0xc3 in for 0x7c40cb3025
03-26 09:52:03.195 10581 10581 E ArmVmp : Match on catch block at 0xc3 in for 0x7c40cb3025
03-26 09:52:03.209 10581 10581 E ArmVmp : Match on catch block at 0xc3 in for 0x7c40cb3025
03-26 09:52:03.211 10581 10581 E ArmVmp : Match on catch block at 0xc3 in for 0x7c40cb3025
03-26 09:52:03.260 10581 10581 E ArmVmp : Match on catch block at 0xc3 in for 0x7c40cb3025
03-26 09:52:03.263 10581 10581 E ArmVmp : Match on catch block at 0xc3 in for 0x7c40cb3025
03-26 09:52:03.279 10581 10581 W WindowOnBackDispatcher: sendCancelIfRunning: isInProgress=falsecallback=android.view.ViewRootImpl$ $ExternalSyntheticLambda21@bf9a450
03-26 09:52:03.644 10581 10581 E ArmVmp : Match on catch block at 0xc3 in for 0x7c40cb3025
03-26 09:52:03.647 10581 10581 E ArmVmp : Match on catch block at 0xc3 in for 0x7c40cb3025
03-26 09:52:03.845 10581 10581 E ArmVmp : Match on catch block at 0xc3 in for 0x7c40cb3025
03-26 09:52:03.849 10581 10581 E ArmVmp : Match on catch block at 0xc3 in for 0x7c40cb3025
03-26 09:52:03.859 10581 10581 E ArmVmp : Match on catch block at 0xc3 in for 0x7c40cb3025
03-26 09:52:03.862 10581 10581 E ArmVmp : Match on catch block at 0xc3 in for 0x7c40cb3025
03-26 09:52:03.876 10581 10581 E ArmVmp : Match on catch block at 0xc3 in for 0x7c40cb3025
03-26 09:52:03.878 10581 10581 E ArmVmp : Match on catch block at 0xc3 in for 0x7c40cb3025
03-26 09:52:03.893 10581 10581 E ArmVmp : Match on catch block at 0xc3 in for 0x7c40cb3025
03-26 09:52:03.895 10581 10581 E ArmVmp : Match on catch block at 0xc3 in for 0x7c40cb3025
03-26 09:52:03.910 10581 10581 E ArmVmp : Match on catch block at 0xc3 in for 0x7c40cb3025
03-26 09:52:03.912 10581 10581 E ArmVmp : Match on catch block at 0xc3 in for 0x7c40cb3025
03-26 09:52:03.926 10581 10581 E ArmVmp : Match on catch block at 0xc3 in for 0x7c40cb3025
03-26 09:52:03.930 10581 10581 E ArmVmp : Match on catch block at 0xc3 in for 0x7c40cb3025
03-26 09:52:03.943 10581 10581 E ArmVmp : Match on catch block at 0xc3 in for 0x7c40cb3025
03-26 09:52:03.945 10581 10581 E ArmVmp : Match on catch block at 0xc3 in for 0x7c40cb3025
03-26 09:52:03.960 10581 10581 E ArmVmp : Match on catch block at 0xc3 in for 0x7c40cb3025
03-26 09:52:03.962 10581 10581 E ArmVmp : Match on catch block at 0xc3 in for 0x7c40cb3025
03-26 09:52:03.977 10581 10581 E ArmVmp : Match on catch block at 0xc3 in for 0x7c40cb3025
03-26 09:52:03.979 10581 10581 E ArmVmp : Match on catch block at 0xc3 in for 0x7c40cb3025
03-26 09:52:03.993 10581 10581 E ArmVmp : Match on catch block at 0xc3 in for 0x7c40cb3025
03-26 09:52:03.996 10581 10581 E ArmVmp : Match on catch block at 0xc3 in for 0x7c40cb3025
03-26 09:52:04.009 10581 10581 E ArmVmp : Match on catch block at 0xc3 in for 0x7c40cb3025
03-26 09:52:04.013 10581 10581 E ArmVmp : Match on catch block at 0xc3 in for 0x7c40cb3025
03-26 09:52:04.045 10581 10581 E ArmVmp : Match on catch block at 0xc3 in for 0x7c40cb3025
03-26 09:52:04.047 10581 10581 E ArmVmp : Match on catch block at 0xc3 in for 0x7c40cb3025
03-26 09:52:04.089 10581 10581 E ArmVmp : Match on catch block at 0xc3 in for 0x7c40cb3025
03-26 09:52:04.091 10581 10581 E ArmVmp : Match on catch block at 0xc3 in for 0x7c40cb3025
03-26 09:52:04.115 10581 27468 W MediaPlayer: Use of stream types is deprecated for operations other than volume control
03-26 09:52:04.115 10581 27468 W MediaPlayer: See the documentation of setAudioStreamType() for what to use instead with android.media.AudioAttributes to qualify your playback use case
03-26 09:52:04.116 10581 10581 E ArmVmp : Match on catch block at 0xc3 in for 0x7c40cb3025
03-26 09:52:04.121 10581 10581 E ArmVmp : Match on catch block at 0xc3 in for 0x7c40cb3025
03-26 09:52:04.133 10581 27549 W MediaPlayerNative: info/warning (10973, 0)
03-26 09:52:04.135 10581 10581 E ArmVmp : Match on catch block at 0xc3 in for 0x7c40cb3025
03-26 09:52:04.136 10581 10581 E ArmVmp : Match on catch block at 0xc3 in for 0x7c40cb3025
03-26 09:52:04.148 10581 10581 E ArmVmp : Match on catch block at 0xc3 in for 0x7c40cb3025
03-26 09:52:04.150 10581 10581 E ArmVmp : Match on catch block at 0xc3 in for 0x7c40cb3025
03-26 09:52:04.162 10581 10581 E ArmVmp : Match on catch block at 0xc3 in for 0x7c40cb3025
03-26 09:52:04.165 10581 10581 E ArmVmp : Match on catch block at 0xc3 in for 0x7c40cb3025
03-26 09:52:04.178 10581 10581 E ArmVmp : Match on catch block at 0xc3 in for 0x7c40cb3025
03-26 09:52:04.180 10581 10581 E ArmVmp : Match on catch block at 0xc3 in for 0x7c40cb3025
03-26 09:52:04.193 10581 10581 E ArmVmp : Match on catch block at 0xc3 in for 0x7c40cb3025
03-26 09:52:04.195 10581 10581 E ArmVmp : Match on catch block at 0xc3 in for 0x7c40cb3025
03-26 09:52:04.210 10581 10581 E ArmVmp : Match on catch block at 0xc3 in for 0x7c40cb3025
03-26 09:52:04.212 10581 10581 E ArmVmp : Match on catch block at 0xc3 in for 0x7c40cb3025
03-26 09:52:04.226 10581 10581 E ArmVmp : Match on catch block at 0xc3 in for 0x7c40cb3025
03-26 09:52:04.228 10581 10581 E ArmVmp : Match on catch block at 0xc3 in for 0x7c40cb3025
03-26 09:52:04.243 10581 10581 E ArmVmp : Match on catch block at 0xc3 in for 0x7c40cb3025
03-26 09:52:04.245 10581 10581 E ArmVmp : Match on catch block at 0xc3 in for 0x7c40cb3025
03-26 09:52:04.260 10581 10581 E ArmVmp : Match on catch block at 0xc3 in for 0x7c40cb3025
03-26 09:52:04.262 10581 10581 E ArmVmp : Match on catch block at 0xc3 in for 0x7c40cb3025
03-26 09:52:04.277 10581 10581 E ArmVmp : Match on catch block at 0xc3 in for 0x7c40cb3025
03-26 09:52:04.279 10581 10581 E ArmVmp : Match on catch block at 0xc3 in for 0x7c40cb3025
03-26 09:52:04.293 10581 10581 E ArmVmp : Match on catch block at 0xc3 in for 0x7c40cb3025
03-26 09:52:04.296 10581 10581 E ArmVmp : Match on catch block at 0xc3 in for 0x7c40cb3025
03-26 09:52:04.310 10581 10581 E ArmVmp : Match on catch block at 0xc3 in for 0x7c40cb3025
03-26 09:52:04.312 10581 10581 E ArmVmp : Match on catch block at 0xc3 in for 0x7c40cb3025
03-26 09:52:04.326 10581 10581 E ArmVmp : Match on catch block at 0xc3 in for 0x7c40cb3025
03-26 09:52:04.329 10581 10581 E ArmVmp : Match on catch block at 0xc3 in for 0x7c40cb3025
03-26 09:52:04.344 10581 10581 E ArmVmp : Match on catch block at 0xc3 in for 0x7c40cb3025
03-26 09:52:04.349 10581 10581 E ArmVmp : Match on catch block at 0xc3 in for 0x7c40cb3025
03-26 09:52:04.361 10581 10581 E ArmVmp : Match on catch block at 0xc3 in for 0x7c40cb3025
03-26 09:52:04.366 10581 10581 E ArmVmp : Match on catch block at 0xc3 in for 0x7c40cb3025
03-26 09:52:04.377 10581 10581 E ArmVmp : Match on catch block at 0xc3 in for 0x7c40cb3025
03-26 09:52:04.382 10581 10581 E ArmVmp : Match on catch block at 0xc3 in for 0x7c40cb3025
03-26 09:52:04.394 10581 10581 E ArmVmp : Match on catch block at 0xc3 in for 0x7c40cb3025
03-26 09:52:04.397 10581 10581 E ArmVmp : Match on catch block at 0xc3 in for 0x7c40cb3025
03-26 09:52:04.410 10581 10581 E ArmVmp : Match on catch block at 0xc3 in for 0x7c40cb3025
03-26 09:52:04.414 10581 10581 E ArmVmp : Match on catch block at 0xc3 in for 0x7c40cb3025
03-26 09:52:04.427 10581 10581 E ArmVmp : Match on catch block at 0xc3 in for 0x7c40cb3025
03-26 09:52:04.431 10581 10581 E ArmVmp : Match on catch block at 0xc3 in for 0x7c40cb3025
03-26 09:52:04.446 10581 10581 E ArmVmp : Match on catch block at 0xc3 in for 0x7c40cb3025
03-26 09:52:04.449 10581 10581 E ArmVmp : Match on catch block at 0xc3 in for 0x7c40cb3025
03-26 09:52:04.460 10581 10581 E ArmVmp : Match on catch block at 0xc3 in for 0x7c40cb3025
03-26 09:52:04.464 10581 10581 E ArmVmp : Match on catch block at 0xc3 in for 0x7c40cb3025
03-26 09:52:04.478 10581 10581 E ArmVmp : Match on catch block at 0xc3 in for 0x7c40cb3025
03-26 09:52:04.481 10581 10581 E ArmVmp : Match on catch block at 0xc3 in for 0x7c40cb3025
03-26 09:52:04.526 10581 10581 W JobService: onNetworkChanged() not implemented in androidx.work.impl.background.systemjob.SystemJobService. Must override in a subclass.
03-26 09:52:04.890 10581 10581 E ArmVmp : Match on catch block at 0xc3 in for 0x7c40cb3025
03-26 09:52:04.895 10581 10581 E ArmVmp : Match on catch block at 0xc3 in for 0x7c40cb3025
03-26 09:52:05.263 10581 10581 E ArmVmp : Match on catch block at 0xc3 in for 0x7c40cb3025
03-26 09:52:05.265 10581 10581 E ArmVmp : Match on catch block at 0xc3 in for 0x7c40cb3025
03-26 09:52:05.280 10581 10581 E ArmVmp : Match on catch block at 0xc3 in for 0x7c40cb3025
03-26 09:52:05.282 10581 10581 E ArmVmp : Match on catch block at 0xc3 in for 0x7c40cb3025
03-26 09:52:05.295 10581 10581 E ArmVmp : Match on catch block at 0xc3 in for 0x7c40cb3025
03-26 09:52:05.297 10581 10581 E ArmVmp : Match on catch block at 0xc3 in for 0x7c40cb3025
03-26 09:52:05.312 10581 10581 E ArmVmp : Match on catch block at 0xc3 in for 0x7c40cb3025
03-26 09:52:05.315 10581 10581 E ArmVmp : Match on catch block at 0xc3 in for 0x7c40cb3025
03-26 09:52:05.329 10581 10581 E ArmVmp : Match on catch block at 0xc3 in for 0x7c40cb3025
03-26 09:52:05.331 10581 10581 E ArmVmp : Match on catch block at 0xc3 in for 0x7c40cb3025
03-26 09:52:05.344 10581 10581 E ArmVmp : Match on catch block at 0xc3 in for 0x7c40cb3025
03-26 09:52:05.347 10581 10581 E ArmVmp : Match on catch block at 0xc3 in for 0x7c40cb3025
03-26 09:52:05.360 10581 10581 E ArmVmp : Match on catch block at 0xc3 in for 0x7c40cb3025
03-26 09:52:05.363 10581 10581 E ArmVmp : Match on catch block at 0xc3 in for 0x7c40cb3025
03-26 09:52:05.377 10581 10581 E ArmVmp : Match on catch block at 0xc3 in for 0x7c40cb3025
03-26 09:52:05.380 10581 10581 E ArmVmp : Match on catch block at 0xc3 in for 0x7c40cb3025
03-26 09:52:05.401 10581 10581 E ArmVmp : Match on catch block at 0xc3 in for 0x7c40cb3025
03-26 09:52:05.402 10581 10581 E ArmVmp : Match on catch block at 0xc3 in for 0x7c40cb3025
03-26 09:52:05.412 10581 10581 E ArmVmp : Match on catch block at 0xc3 in for 0x7c40cb3025
03-26 09:52:05.414 10581 10581 E ArmVmp : Match on catch block at 0xc3 in for 0x7c40cb3025
03-26 09:52:05.427 10581 10581 E ArmVmp : Match on catch block at 0xc3 in for 0x7c40cb3025
03-26 09:52:05.429 10581 10581 E ArmVmp : Match on catch block at 0xc3 in for 0x7c40cb3025
03-26 09:52:05.443 10581 10581 E ArmVmp : Match on catch block at 0xc3 in for 0x7c40cb3025
03-26 09:52:05.447 10581 10581 E ArmVmp : Match on catch block at 0xc3 in for 0x7c40cb3025
03-26 09:52:05.461 10581 10581 E ArmVmp : Match on catch block at 0xc3 in for 0x7c40cb3025
03-26 09:52:05.463 10581 10581 E ArmVmp : Match on catch block at 0xc3 in for 0x7c40cb3025
03-26 09:52:05.482 10581 10581 E ArmVmp : Match on catch block at 0xc3 in for 0x7c40cb3025
03-26 09:52:05.484 10581 10581 E ArmVmp : Match on catch block at 0xc3 in for 0x7c40cb3025
03-26 09:52:05.493 10581 10581 E ArmVmp : Match on catch block at 0xc3 in for 0x7c40cb3025
03-26 09:52:05.495 10581 10581 E ArmVmp : Match on catch block at 0xc3 in for 0x7c40cb3025
03-26 09:52:05.509 10581 10581 E ArmVmp : Match on catch block at 0xc3 in for 0x7c40cb3025
03-26 09:52:05.511 10581 10581 E ArmVmp : Match on catch block at 0xc3 in for 0x7c40cb3025
03-26 09:52:05.526 10581 10581 E ArmVmp : Match on catch block at 0xc3 in for 0x7c40cb3025
03-26 09:52:05.528 10581 10581 E ArmVmp : Match on catch block at 0xc3 in for 0x7c40cb3025
03-26 09:52:05.543 10581 10581 E ArmVmp : Match on catch block at 0xc3 in for 0x7c40cb3025
03-26 09:52:05.545 10581 10581 E ArmVmp : Match on catch block at 0xc3 in for 0x7c40cb3025
03-26 09:52:05.560 10581 10581 E ArmVmp : Match on catch block at 0xc3 in for 0x7c40cb3025
03-26 09:52:05.562 10581 10581 E ArmVmp : Match on catch block at 0xc3 in for 0x7c40cb3025
03-26 09:52:05.577 10581 10581 E ArmVmp : Match on catch block at 0xc3 in for 0x7c40cb3025
03-26 09:52:05.579 10581 10581 E ArmVmp : Match on catch block at 0xc3 in for 0x7c40cb3025
03-26 09:52:05.593 10581 10581 E ArmVmp : Match on catch block at 0xc3 in for 0x7c40cb3025
03-26 09:52:05.596 10581 10581 E ArmVmp : Match on catch block at 0xc3 in for 0x7c40cb3025
03-26 09:52:05.610 10581 10581 E ArmVmp : Match on catch block at 0xc3 in for 0x7c40cb3025
03-26 09:52:05.613 10581 10581 E ArmVmp : Match on catch block at 0xc3 in for 0x7c40cb3025
03-26 09:52:05.626 10581 10581 E ArmVmp : Match on catch block at 0xc3 in for 0x7c40cb3025
03-26 09:52:05.629 10581 10581 E ArmVmp : Match on catch block at 0xc3 in for 0x7c40cb3025
03-26 09:52:05.643 10581 10581 E ArmVmp : Match on catch block at 0xc3 in for 0x7c40cb3025
03-26 09:52:05.648 10581 10581 E ArmVmp : Match on catch block at 0xc3 in for 0x7c40cb3025
03-26 09:52:05.662 10581 10581 E ArmVmp : Match on catch block at 0xc3 in for 0x7c40cb3025
03-26 09:52:05.665 10581 10581 E ArmVmp : Match on catch block at 0xc3 in for 0x7c40cb3025
03-26 09:52:05.678 10581 10581 E ArmVmp : Match on catch block at 0xc3 in for 0x7c40cb3025
03-26 09:52:05.680 10581 10581 E ArmVmp : Match on catch block at 0xc3 in for 0x7c40cb3025
03-26 09:52:05.693 10581 10581 E ArmVmp : Match on catch block at 0xc3 in for 0x7c40cb3025
03-26 09:52:05.695 10581 10581 E ArmVmp : Match on catch block at 0xc3 in for 0x7c40cb3025
03-26 09:52:05.702 10581 10685 E SQLiteDatabase: Error inserting transferred=1 media_job_uuid=0a3f2376-113f-4e1a-ae20-cbbad5fd5c3a transcoded=0 gif_attribution=0 first_scan_length=0 direct_path=/v/t62.15575- 24/19394579_965303002266031_4862142152213518548_n.enc?ccb=11- 4&oh=01_AdTBpKIQSHsbLKXWWuXBeIpfWalALEDrb-LqmLsWYCR8jQ&oe=662A4B8F&_nc_sid=5e03e0 thumbnail_height_width_ratio=1.0 is_animated_sticker=0 file_hash=a6eZnWGE+W+ZasKM7l1iJKuqpS2+wL7HhV9oKNmtYAQ= file_path=Media/MBWhatsApp Stickers/STK-20240326-WA0002.webp file_size=39222 partial_media_hash=null face_x=0 face_y=0 height=64 trim_to=0 media_key_timestamp=1711457522000 message_url=https://mmg.whatsapp.net/v/t62.15575- 24/19394579_965303002266031_4862142152213518548_n.enc?ccb=11- 4&oh=01_AdTBpKIQSHsbLKXWWuXBeIpfWalALEDrb- LqmLsWYCR8jQ&oe=662A4B8F&_nc_sid=5e03e0&mms3=true media_caption=null trim_from=0 mime_type=image/webp partial_media_enc_hash=null width=64 original_file_hash=null has_streaming_sidecar=0 autotransfer_retry_enabled=1 media_upload_handle=null message_row_id=1176 multicast_id=null enc_file_hash=4QFSrYz/RozYw/t9YfeokK7pTX37pBP2MXZT3KVYEE8= mute_video=0 page_count=0 first_scan_sidecar=null suspicious_content=0 file_length=39222 media_name=null media_duration=0 chat_row_id=14 media_key=[B@50544c7
03-26 09:52:05.702 10581 10685 E SQLiteDatabase: android.database.sqlite.SQLiteConstraintException: UNIQUE constraint failed: message_media.message_row_id (code 1555 SQLITE_CONSTRAINT_PRIMARYKEY[1555])
03-26 09:52:05.702 10581 10685 E SQLiteDatabase: at android.database.sqlite.SQLiteConnection.nativeExecuteForLastInsertedRowId(Native Method)
03-26 09:52:05.702 10581 10685 E SQLiteDatabase: at android.database.sqlite.SQLiteConnection.executeForLastInsertedRowId(SQLiteConnecti on.java:1293)
03-26 09:52:05.702 10581 10685 E SQLiteDatabase: at android.database.sqlite.SQLiteSession.executeForLastInsertedRowId(SQLiteSession.jav a:790)
03-26 09:52:05.702 10581 10685 E SQLiteDatabase: at android.database.sqlite.SQLiteStatement.executeInsert(SQLiteStatement.java:89)
03-26 09:52:05.702 10581 10685 E SQLiteDatabase: at android.database.sqlite.SQLiteDatabase.insertWithOnConflict(SQLiteDatabase.java:243 4)
03-26 09:52:05.702 10581 10685 E SQLiteDatabase: at android.database.sqlite.SQLiteDatabase.insert(SQLiteDatabase.java:2303)
03-26 09:52:05.702 10581 10685 E SQLiteDatabase: at X.2tm.A08(Unknown Source:6)
03-26 09:52:05.702 10581 10685 E SQLiteDatabase: at X.35Y.A07(Unknown Source:212)
03-26 09:52:05.702 10581 10685 E SQLiteDatabase: at X.3QF.A14(Unknown Source:470)
03-26 09:52:05.702 10581 10685 E SQLiteDatabase: at X.3gU.run(Unknown Source:982)
03-26 09:52:05.702 10581 10685 E SQLiteDatabase: at android.os.Handler.handleCallback(Handler.java:958)
03-26 09:52:05.702 10581 10685 E SQLiteDatabase: at android.os.Handler.dispatchMessage(Handler.java:99)
03-26 09:52:05.702 10581 10685 E SQLiteDatabase: at X.0zq.dispatchMessage(Unknown Source:4)
03-26 09:52:05.702 10581 10685 E SQLiteDatabase: at android.os.Looper.loopOnce(Looper.java:230)
03-26 09:52:05.702 10581 10685 E SQLiteDatabase: at android.os.Looper.loop(Looper.java:319)
03-26 09:52:05.702 10581 10685 E SQLiteDatabase: at android.os.HandlerThread.run(HandlerThread.java:67)
03-26 09:52:05.710 10581 10581 E ArmVmp : Match on catch block at 0xc3 in for 0x7c40cb3025
03-26 09:52:05.712 10581 10581 E ArmVmp : Match on catch block at 0xc3 in for 0x7c40cb3025
03-26 09:52:05.727 10581 10581 E ArmVmp : Match on catch block at 0xc3 in for 0x7c40cb3025
03-26 09:52:05.729 10581 10581 E ArmVmp : Match on catch block at 0xc3 in for 0x7c40cb3025
03-26 09:52:05.794 10581 10581 E ArmVmp : Match on catch block at 0xc3 in for 0x7c40cb3025
03-26 09:52:05.796 10581 10581 E ArmVmp : Match on catch block at 0xc3 in for 0x7c40cb3025
03-26 09:52:05.895 10581 10581 E ArmVmp : Match on catch block at 0xc3 in for 0x7c40cb3025
03-26 09:52:05.897 10581 10581 E ArmVmp : Match on catch block at 0xc3 in for 0x7c40cb3025
03-26 09:52:05.961 10581 10581 E ArmVmp : Match on catch block at 0xc3 in for 0x7c40cb3025
03-26 09:52:05.967 10581 10581 E ArmVmp : Match on catch block at 0xc3 in for 0x7c40cb3025
03-26 09:52:05.976 10581 10581 E ArmVmp : Match on catch block at 0xc3 in for 0x7c40cb3025
03-26 09:52:05.979 10581 10581 E ArmVmp : Match on catch block at 0xc3 in for 0x7c40cb3025
03-26 09:52:05.993 10581 10581 E ArmVmp : Match on catch block at 0xc3 in for 0x7c40cb3025
03-26 09:52:05.995 10581 10581 E ArmVmp : Match on catch block at 0xc3 in for 0x7c40cb3025
03-26 09:52:06.011 10581 10581 E ArmVmp : Match on catch block at 0xc3 in for 0x7c40cb3025
03-26 09:52:06.015 10581 10581 E ArmVmp : Match on catch block at 0xc3 in for 0x7c40cb3025
03-26 09:52:06.028 10581 10581 E ArmVmp : Match on catch block at 0xc3 in for 0x7c40cb3025
03-26 09:52:06.030 10581 10581 E ArmVmp : Match on catch block at 0xc3 in for 0x7c40cb3025
03-26 09:52:06.044 10581 10581 E ArmVmp : Match on catch block at 0xc3 in for 0x7c40cb3025
03-26 09:52:06.047 10581 10581 E ArmVmp : Match on catch block at 0xc3 in for 0x7c40cb3025
03-26 09:52:06.049 10581 10581 W WindowOnBackDispatcher: sendCancelIfRunning: isInProgress=falsecallback=android.view.ViewRootImpl$ $ExternalSyntheticLambda21@86abb92
03-26 09:52:06.066 10581 10581 E ArmVmp : Match on catch block at 0xc3 in for 0x7c40cb3025
03-26 09:52:06.072 10581 10581 E ArmVmp : Match on catch block at 0xc3 in for 0x7c40cb3025
03-26 09:52:06.092 10581 10581 E ArmVmp : Match on catch block at 0xc3 in for 0x7c40cb3025
03-26 09:52:06.094 10581 10581 E ArmVmp : Match on catch block at 0xc3 in for 0x7c40cb3025
03-26 09:52:06.104 10581 10581 E ArmVmp : Match on catch block at 0xc3 in for 0x7c40cb3025
03-26 09:52:06.106 10581 10581 E ArmVmp : Match on catch block at 0xc3 in for 0x7c40cb3025
03-26 09:52:06.112 10581 10581 E ArmVmp : Match on catch block at 0xc3 in for 0x7c40cb3025
03-26 09:52:06.114 10581 10581 E ArmVmp : Match on catch block at 0xc3 in for 0x7c40cb3025
03-26 09:52:06.127 10581 10581 E ArmVmp : Match on catch block at 0xc3 in for 0x7c40cb3025
03-26 09:52:06.129 10581 10581 E ArmVmp : Match on catch block at 0xc3 in for 0x7c40cb3025
03-26 09:52:06.143 10581 10581 E ArmVmp : Match on catch block at 0xc3 in for 0x7c40cb3025
03-26 09:52:06.145 10581 10581 E ArmVmp : Match on catch block at 0xc3 in for 0x7c40cb3025
03-26 09:52:06.160 10581 10581 E ArmVmp : Match on catch block at 0xc3 in for 0x7c40cb3025
03-26 09:52:06.162 10581 10581 E ArmVmp : Match on catch block at 0xc3 in for 0x7c40cb3025
03-26 09:52:06.346 10581 10581 E ArmVmp : Match on catch block at 0xc3 in for 0x7c40cb3025
03-26 09:52:06.348 10581 10581 E ArmVmp : Match on catch block at 0xc3 in for 0x7c40cb3025
03-26 09:52:06.360 10581 10581 E ArmVmp : Match on catch block at 0xc3 in for 0x7c40cb3025
03-26 09:52:06.362 10581 10581 E ArmVmp : Match on catch block at 0xc3 in for 0x7c40cb3025
03-26 09:52:06.377 10581 10581 E ArmVmp : Match on catch block at 0xc3 in for 0x7c40cb3025
03-26 09:52:06.380 10581 10581 E ArmVmp : Match on catch block at 0xc3 in for 0x7c40cb3025
03-26 09:52:06.394 10581 10581 E ArmVmp : Match on catch block at 0xc3 in for 0x7c40cb3025
03-26 09:52:06.396 10581 10581 E ArmVmp : Match on catch block at 0xc3 in for 0x7c40cb3025
03-26 09:52:06.410 10581 10581 E ArmVmp : Match on catch block at 0xc3 in for 0x7c40cb3025
03-26 09:52:06.413 10581 10581 E ArmVmp : Match on catch block at 0xc3 in for 0x7c40cb3025
03-26 09:52:06.427 10581 10581 E ArmVmp : Match on catch block at 0xc3 in for 0x7c40cb3025
03-26 09:52:06.430 10581 10581 E ArmVmp : Match on catch block at 0xc3 in for 0x7c40cb3025
03-26 09:52:06.444 10581 10581 E ArmVmp : Match on catch block at 0xc3 in for 0x7c40cb3025
03-26 09:52:06.446 10581 10581 E ArmVmp : Match on catch block at 0xc3 in for 0x7c40cb3025
03-26 09:52:06.461 10581 10581 E ArmVmp : Match on catch block at 0xc3 in for 0x7c40cb3025
03-26 09:52:06.463 10581 10581 E ArmVmp : Match on catch block at 0xc3 in for 0x7c40cb3025
03-26 09:52:06.477 10581 10581 E ArmVmp : Match on catch block at 0xc3 in for 0x7c40cb3025
03-26 09:52:06.479 10581 10581 E ArmVmp : Match on catch block at 0xc3 in for 0x7c40cb3025
03-26 09:52:06.494 10581 10581 E ArmVmp : Match on catch block at 0xc3 in for 0x7c40cb3025
03-26 09:52:06.496 10581 10581 E ArmVmp : Match on catch block at 0xc3 in for 0x7c40cb3025
03-26 09:52:06.510 10581 10581 E ArmVmp : Match on catch block at 0xc3 in for 0x7c40cb3025
03-26 09:52:06.513 10581 10581 E ArmVmp : Match on catch block at 0xc3 in for 0x7c40cb3025
03-26 09:52:06.527 10581 10581 E ArmVmp : Match on catch block at 0xc3 in for 0x7c40cb3025
03-26 09:52:06.530 10581 10581 E ArmVmp : Match on catch block at 0xc3 in for 0x7c40cb3025
03-26 09:52:06.544 10581 10581 E ArmVmp : Match on catch block at 0xc3 in for 0x7c40cb3025
03-26 09:52:06.546 10581 10581 E ArmVmp : Match on catch block at 0xc3 in for 0x7c40cb3025
03-26 09:52:06.561 10581 10581 E ArmVmp : Match on catch block at 0xc3 in for 0x7c40cb3025
03-26 09:52:06.563 10581 10581 E ArmVmp : Match on catch block at 0xc3 in for 0x7c40cb3025
03-26 09:52:06.577 10581 10581 E ArmVmp : Match on catch block at 0xc3 in for 0x7c40cb3025
03-26 09:52:06.582 10581 10581 E ArmVmp : Match on catch block at 0xc3 in for 0x7c40cb3025
03-26 09:52:06.594 10581 10581 E ArmVmp : Match on catch block at 0xc3 in for 0x7c40cb3025
03-26 09:52:06.596 10581 10581 E ArmVmp : Match on catch block at 0xc3 in for 0x7c40cb3025
03-26 09:52:06.610 10581 10581 E ArmVmp : Match on catch block at 0xc3 in for 0x7c40cb3025
03-26 09:52:06.612 10581 10581 E ArmVmp : Match on catch block at 0xc3 in for 0x7c40cb3025
03-26 09:52:06.626 10581 10581 E ArmVmp : Match on catch block at 0xc3 in for 0x7c40cb3025
03-26 09:52:06.628 10581 10581 E ArmVmp : Match on catch block at 0xc3 in for 0x7c40cb3025
03-26 09:52:06.643 10581 10581 E ArmVmp : Match on catch block at 0xc3 in for 0x7c40cb3025
03-26 09:52:06.646 10581 10581 E ArmVmp : Match on catch block at 0xc3 in for 0x7c40cb3025
03-26 09:52:06.660 10581 10581 E ArmVmp : Match on catch block at 0xc3 in for 0x7c40cb3025
03-26 09:52:06.663 10581 10581 E ArmVmp : Match on catch block at 0xc3 in for 0x7c40cb3025
03-26 09:52:06.677 10581 10581 E ArmVmp : Match on catch block at 0xc3 in for 0x7c40cb3025
03-26 09:52:06.680 10581 10581 E ArmVmp : Match on catch block at 0xc3 in for 0x7c40cb3025
03-26 09:52:06.695 10581 10581 E ArmVmp : Match on catch block at 0xc3 in for 0x7c40cb3025
03-26 09:52:06.698 10581 10581 E ArmVmp : Match on catch block at 0xc3 in for 0x7c40cb3025
03-26 09:52:06.710 10581 10581 E ArmVmp : Match on catch block at 0xc3 in for 0x7c40cb3025
03-26 09:52:06.713 10581 10581 E ArmVmp : Match on catch block at 0xc3 in for 0x7c40cb3025
03-26 09:52:06.727 10581 10581 E ArmVmp : Match on catch block at 0xc3 in for 0x7c40cb3025
03-26 09:52:06.730 10581 10581 E ArmVmp : Match on catch block at 0xc3 in for 0x7c40cb3025
03-26 09:52:06.743 10581 10581 E ArmVmp : Match on catch block at 0xc3 in for 0x7c40cb3025
03-26 09:52:06.746 10581 10581 E ArmVmp : Match on catch block at 0xc3 in for 0x7c40cb3025
03-26 09:52:06.761 10581 10581 E ArmVmp : Match on catch block at 0xc3 in for 0x7c40cb3025
03-26 09:52:06.763 10581 10581 E ArmVmp : Match on catch block at 0xc3 in for 0x7c40cb3025
03-26 09:52:06.827 10581 10581 E ArmVmp : Match on catch block at 0xc3 in for 0x7c40cb3025
03-26 09:52:06.830 10581 10581 E ArmVmp : Match on catch block at 0xc3 in for 0x7c40cb3025
03-26 09:52:07.160 10581 10581 E ArmVmp : Match on catch block at 0xc3 in for 0x7c40cb3025
03-26 09:52:07.163 10581 10581 E ArmVmp : Match on catch block at 0xc3 in for 0x7c40cb3025
03-26 09:52:07.244 10581 10581 E ArmVmp : Match on catch block at 0xc3 in for 0x7c40cb3025
03-26 09:52:07.246 10581 10581 E ArmVmp : Match on catch block at 0xc3 in for 0x7c40cb3025
03-26 09:52:07.447 10581 10581 E ArmVmp : Match on catch block at 0xc3 in for 0x7c40cb3025
03-26 09:52:07.449 10581 10581 E ArmVmp : Match on catch block at 0xc3 in for 0x7c40cb3025
03-26 09:52:07.644 10581 10581 E ArmVmp : Match on catch block at 0xc3 in for 0x7c40cb3025
03-26 09:52:07.647 10581 10581 E ArmVmp : Match on catch block at 0xc3 in for 0x7c40cb3025
03-26 09:52:08.033 10581 10581 W WindowOnBackDispatcher: sendCancelIfRunning: isInProgress=falsecallback=android.view.ViewRootImpl$ $ExternalSyntheticLambda21@c5fd2fd
03-26 09:52:08.061 10581 10581 E ArmVmp : Match on catch block at 0xc3 in for 0x7c40cb3025
03-26 09:52:08.064 10581 10581 E ArmVmp : Match on catch block at 0xc3 in for 0x7c40cb3025
03-26 09:52:08.395 10581 10581 E ArmVmp : Match on catch block at 0xc3 in for 0x7c40cb3025
03-26 09:52:08.398 10581 10581 E ArmVmp : Match on catch block at 0xc3 in for 0x7c40cb3025
03-26 09:52:08.417 10581 10581 E ArmVmp : Match on catch block at 0xc3 in for 0x7c40cb3025
03-26 09:52:08.419 10581 10581 E ArmVmp : Match on catch block at 0xc3 in for 0x7c40cb3025
03-26 09:52:08.430 10581 10581 E ArmVmp : Match on catch block at 0xc3 in for 0x7c40cb3025
03-26 09:52:08.432 10581 10581 E ArmVmp : Match on catch block at 0xc3 in for 0x7c40cb3025
03-26 09:52:08.450 10581 10581 E ArmVmp : Match on catch block at 0xc3 in for 0x7c40cb3025
03-26 09:52:08.454 10581 10581 E ArmVmp : Match on catch block at 0xc3 in for 0x7c40cb3025
03-26 09:52:08.462 10581 10581 E ArmVmp : Match on catch block at 0xc3 in for 0x7c40cb3025
03-26 09:52:08.473 10581 10581 E ArmVmp : Match on catch block at 0xc3 in for 0x7c40cb3025
03-26 09:52:08.479 10581 10581 E ArmVmp : Match on catch block at 0xc3 in for 0x7c40cb3025
03-26 09:52:08.481 10581 10581 E ArmVmp : Match on catch block at 0xc3 in for 0x7c40cb3025
03-26 09:52:08.493 10581 10581 E ArmVmp : Match on catch block at 0xc3 in for 0x7c40cb3025
03-26 09:52:08.495 10581 10581 E ArmVmp : Match on catch block at 0xc3 in for 0x7c40cb3025
03-26 09:52:08.511 10581 10581 E ArmVmp : Match on catch block at 0xc3 in for 0x7c40cb3025
03-26 09:52:08.513 10581 10581 E ArmVmp : Match on catch block at 0xc3 in for 0x7c40cb3025
03-26 09:52:08.528 10581 10581 E ArmVmp : Match on catch block at 0xc3 in for 0x7c40cb3025
03-26 09:52:08.534 10581 10581 E ArmVmp : Match on catch block at 0xc3 in for 0x7c40cb3025
03-26 09:52:08.572 10581 10581 E ArmVmp : Match on catch block at 0xc3 in for 0x7c40cb3025
03-26 09:52:08.575 10581 10581 E ArmVmp : Match on catch block at 0xc3 in for 0x7c40cb3025
03-26 09:52:08.603 10581 10581 E ArmVmp : Match on catch block at 0xc3 in for 0x7c40cb3025
03-26 09:52:08.608 10581 10581 E ArmVmp : Match on catch block at 0xc3 in for 0x7c40cb3025
03-26 09:52:08.637 10581 27468 W MediaPlayer: Use of stream types is deprecated for operations other than volume control
03-26 09:52:08.637 10581 27468 W MediaPlayer: See the documentation of setAudioStreamType() for what to use instead with android.media.AudioAttributes to qualify your playback use case
03-26 09:52:08.638 10581 10581 E ArmVmp : Match on catch block at 0xc3 in for 0x7c40cb3025
03-26 09:52:08.641 10581 10581 E ArmVmp : Match on catch block at 0xc3 in for 0x7c40cb3025
03-26 09:52:08.656 10581 10581 E ArmVmp : Match on catch block at 0xc3 in for 0x7c40cb3025
03-26 09:52:08.660 10581 10581 E ArmVmp : Match on catch block at 0xc3 in for 0x7c40cb3025
03-26 09:52:08.662 10581 27549 W MediaPlayerNative: info/warning (10973, 0)
03-26 09:52:08.675 10581 10581 E ArmVmp : Match on catch block at 0xc3 in for 0x7c40cb3025
03-26 09:52:08.681 10581 10581 E ArmVmp : Match on catch block at 0xc3 in for 0x7c40cb3025
03-26 09:52:08.690 10581 27468 W MediaPlayer: Use of stream types is deprecated for operations other than volume control
03-26 09:52:08.690 10581 27468 W MediaPlayer: See the documentation of setAudioStreamType() for what to use instead with android.media.AudioAttributes to qualify your playback use case
03-26 09:52:08.717 10581 27549 W MediaPlayerNative: info/warning (10973, 0)
03-26 09:52:08.929 10581 10581 E ArmVmp : Match on catch block at 0xc3 in for 0x7c40cb3025
03-26 09:52:08.932 10581 10581 E ArmVmp : Match on catch block at 0xc3 in for 0x7c40cb3025
03-26 09:52:09.048 10581 10581 E ArmVmp : Match on catch block at 0xc3 in for 0x7c40cb3025
03-26 09:52:09.051 10581 10581 E ArmVmp : Match on catch block at 0xc3 in for 0x7c40cb3025
03-26 09:52:09.062 10581 10581 E ArmVmp : Match on catch block at 0xc3 in for 0x7c40cb3025
03-26 09:52:09.064 10581 10581 E ArmVmp : Match on catch block at 0xc3 in for 0x7c40cb3025
03-26 09:52:09.078 10581 10581 E ArmVmp : Match on catch block at 0xc3 in for 0x7c40cb3025
03-26 09:52:09.081 10581 10581 E ArmVmp : Match on catch block at 0xc3 in for 0x7c40cb3025
03-26 09:52:09.095 10581 10581 E ArmVmp : Match on catch block at 0xc3 in for 0x7c40cb3025
03-26 09:52:09.097 10581 10581 E ArmVmp : Match on catch block at 0xc3 in for 0x7c40cb3025
03-26 09:52:09.111 10581 10581 E ArmVmp : Match on catch block at 0xc3 in for 0x7c40cb3025
03-26 09:52:09.114 10581 10581 E ArmVmp : Match on catch block at 0xc3 in for 0x7c40cb3025
03-26 09:52:09.129 10581 10581 E ArmVmp : Match on catch block at 0xc3 in for 0x7c40cb3025
03-26 09:52:09.132 10581 10581 E ArmVmp : Match on catch block at 0xc3 in for 0x7c40cb3025
03-26 09:52:09.145 10581 10581 E ArmVmp : Match on catch block at 0xc3 in for 0x7c40cb3025
03-26 09:52:09.150 10581 10581 E ArmVmp : Match on catch block at 0xc3 in for 0x7c40cb3025
03-26 09:52:09.162 10581 10581 E ArmVmp : Match on catch block at 0xc3 in for 0x7c40cb3025
03-26 09:52:09.165 10581 10581 E ArmVmp : Match on catch block at 0xc3 in for 0x7c40cb3025
03-26 09:52:09.180 10581 10581 E ArmVmp : Match on catch block at 0xc3 in for 0x7c40cb3025
03-26 09:52:09.184 10581 10581 E ArmVmp : Match on catch block at 0xc3 in for 0x7c40cb3025
03-26 09:52:09.195 10581 10581 E ArmVmp : Match on catch block at 0xc3 in for 0x7c40cb3025
03-26 09:52:09.199 10581 10581 E ArmVmp : Match on catch block at 0xc3 in for 0x7c40cb3025
03-26 09:52:09.212 10581 10581 E ArmVmp : Match on catch block at 0xc3 in for 0x7c40cb3025
03-26 09:52:09.215 10581 10581 E ArmVmp : Match on catch block at 0xc3 in for 0x7c40cb3025
03-26 09:52:09.229 10581 10581 E ArmVmp : Match on catch block at 0xc3 in for 0x7c40cb3025
03-26 09:52:09.233 10581 10581 E ArmVmp : Match on catch block at 0xc3 in for 0x7c40cb3025
03-26 09:52:09.245 10581 10581 E ArmVmp : Match on catch block at 0xc3 in for 0x7c40cb3025
03-26 09:52:09.249 10581 10581 E ArmVmp : Match on catch block at 0xc3 in for 0x7c40cb3025
03-26 09:52:09.368 10581 10581 E ArmVmp : Match on catch block at 0xc3 in for 0x7c40cb3025
03-26 09:52:09.370 10581 10581 E ArmVmp : Match on catch block at 0xc3 in for 0x7c40cb3025
03-26 09:52:09.595 10581 10581 E ArmVmp : Match on catch block at 0xc3 in for 0x7c40cb3025
03-26 09:52:09.597 10581 10581 E ArmVmp : Match on catch block at 0xc3 in for 0x7c40cb3025
03-26 09:52:09.796 10581 10581 E ArmVmp : Match on catch block at 0xc3 in for 0x7c40cb3025
03-26 09:52:09.799 10581 10581 E ArmVmp : Match on catch block at 0xc3 in for 0x7c40cb3025
03-26 09:52:09.878 10581 10581 E ArmVmp : Match on catch block at 0xc3 in for 0x7c40cb3025
03-26 09:52:09.881 10581 10581 E ArmVmp : Match on catch block at 0xc3 in for 0x7c40cb3025
03-26 09:52:10.044 10581 10581 E ArmVmp : Match on catch block at 0xc3 in for 0x7c40cb3025
03-26 09:52:10.047 10581 10581 E ArmVmp : Match on catch block at 0xc3 in for 0x7c40cb3025
03-26 09:52:10.278 10581 10581 E ArmVmp : Match on catch block at 0xc3 in for 0x7c40cb3025
03-26 09:52:10.280 10581 10581 E ArmVmp : Match on catch block at 0xc3 in for 0x7c40cb3025
03-26 09:52:10.294 10581 10581 E ArmVmp : Match on catch block at 0xc3 in for 0x7c40cb3025
03-26 09:52:10.296 10581 10581 E ArmVmp : Match on catch block at 0xc3 in for 0x7c40cb3025
03-26 09:52:10.311 10581 10581 E ArmVmp : Match on catch block at 0xc3 in for 0x7c40cb3025
03-26 09:52:10.313 10581 10581 E ArmVmp : Match on catch block at 0xc3 in for 0x7c40cb3025
03-26 09:52:10.328 10581 10581 E ArmVmp : Match on catch block at 0xc3 in for 0x7c40cb3025
03-26 09:52:10.330 10581 10581 E ArmVmp : Match on catch block at 0xc3 in for 0x7c40cb3025
03-26 09:52:10.344 10581 10581 E ArmVmp : Match on catch block at 0xc3 in for 0x7c40cb3025
03-26 09:52:10.347 10581 10581 E ArmVmp : Match on catch block at 0xc3 in for 0x7c40cb3025
03-26 09:52:10.361 10581 10581 E ArmVmp : Match on catch block at 0xc3 in for 0x7c40cb3025
03-26 09:52:10.363 10581 10581 E ArmVmp : Match on catch block at 0xc3 in for 0x7c40cb3025
03-26 09:52:10.378 10581 10581 E ArmVmp : Match on catch block at 0xc3 in for 0x7c40cb3025
03-26 09:52:10.380 10581 10581 E ArmVmp : Match on catch block at 0xc3 in for 0x7c40cb3025
03-26 09:52:10.395 10581 10581 E ArmVmp : Match on catch block at 0xc3 in for 0x7c40cb3025
03-26 09:52:10.397 10581 10581 E ArmVmp : Match on catch block at 0xc3 in for 0x7c40cb3025
03-26 09:52:10.411 10581 10581 E ArmVmp : Match on catch block at 0xc3 in for 0x7c40cb3025
03-26 09:52:10.413 10581 10581 E ArmVmp : Match on catch block at 0xc3 in for 0x7c40cb3025
03-26 09:52:10.428 10581 10581 E ArmVmp : Match on catch block at 0xc3 in for 0x7c40cb3025
03-26 09:52:10.430 10581 10581 E ArmVmp : Match on catch block at 0xc3 in for 0x7c40cb3025
03-26 09:52:10.445 10581 10581 E ArmVmp : Match on catch block at 0xc3 in for 0x7c40cb3025
03-26 09:52:10.447 10581 10581 E ArmVmp : Match on catch block at 0xc3 in for 0x7c40cb3025
03-26 09:52:10.461 10581 10581 E ArmVmp : Match on catch block at 0xc3 in for 0x7c40cb3025
03-26 09:52:10.464 10581 10581 E ArmVmp : Match on catch block at 0xc3 in for 0x7c40cb3025
03-26 09:52:10.478 10581 10581 E ArmVmp : Match on catch block at 0xc3 in for 0x7c40cb3025
03-26 09:52:10.480 10581 10581 E ArmVmp : Match on catch block at 0xc3 in for 0x7c40cb3025
03-26 09:52:10.495 10581 10581 E ArmVmp : Match on catch block at 0xc3 in for 0x7c40cb3025
03-26 09:52:10.497 10581 10581 E ArmVmp : Match on catch block at 0xc3 in for 0x7c40cb3025
03-26 09:52:10.511 10581 10581 E ArmVmp : Match on catch block at 0xc3 in for 0x7c40cb3025
03-26 09:52:10.513 10581 10581 E ArmVmp : Match on catch block at 0xc3 in for 0x7c40cb3025
03-26 09:52:10.528 10581 10581 E ArmVmp : Match on catch block at 0xc3 in for 0x7c40cb3025
03-26 09:52:10.530 10581 10581 E ArmVmp : Match on catch block at 0xc3 in for 0x7c40cb3025
03-26 09:52:10.545 10581 10581 E ArmVmp : Match on catch block at 0xc3 in for 0x7c40cb3025
03-26 09:52:10.547 10581 10581 E ArmVmp : Match on catch block at 0xc3 in for 0x7c40cb3025
03-26 09:52:10.554 10581 10581 W WindowOnBackDispatcher: sendCancelIfRunning: isInProgress=falsecallback=android.view.ViewRootImpl$ $ExternalSyntheticLambda21@f3204ca
03-26 09:52:10.577 10581 10581 E ArmVmp : Match on catch block at 0xc3 in for 0x7c40cb3025
03-26 09:52:10.580 10581 10581 E ArmVmp : Match on catch block at 0xc3 in for 0x7c40cb3025
03-26 09:52:10.585 10581 10581 E ArmVmp : Match on catch block at 0xc3 in for 0x7c40cb3025
03-26 09:52:10.587 10581 10581 E ArmVmp : Match on catch block at 0xc3 in for 0x7c40cb3025
03-26 09:52:10.598 10581 10581 E ArmVmp : Match on catch block at 0xc3 in for 0x7c40cb3025
03-26 09:52:10.600 10581 10581 E ArmVmp : Match on catch block at 0xc3 in for 0x7c40cb3025
03-26 09:52:10.613 10581 10581 E ArmVmp : Match on catch block at 0xc3 in for 0x7c40cb3025
03-26 09:52:10.616 10581 10581 E ArmVmp : Match on catch block at 0xc3 in for 0x7c40cb3025
03-26 09:52:10.633 10581 10581 E ArmVmp : Match on catch block at 0xc3 in for 0x7c40cb3025
03-26 09:52:10.635 10581 10581 E ArmVmp : Match on catch block at 0xc3 in for 0x7c40cb3025
03-26 09:52:10.646 10581 10581 E ArmVmp : Match on catch block at 0xc3 in for 0x7c40cb3025
03-26 09:52:10.648 10581 10581 E ArmVmp : Match on catch block at 0xc3 in for 0x7c40cb3025
03-26 09:52:10.661 10581 10581 E ArmVmp : Match on catch block at 0xc3 in for 0x7c40cb3025
03-26 09:52:10.663 10581 10581 E ArmVmp : Match on catch block at 0xc3 in for 0x7c40cb3025
03-26 09:52:10.678 10581 10581 E ArmVmp : Match on catch block at 0xc3 in for 0x7c40cb3025
03-26 09:52:10.680 10581 10581 E ArmVmp : Match on catch block at 0xc3 in for 0x7c40cb3025
03-26 09:52:10.695 10581 10581 E ArmVmp : Match on catch block at 0xc3 in for 0x7c40cb3025
03-26 09:52:10.696 10581 10581 E ArmVmp : Match on catch block at 0xc3 in for 0x7c40cb3025
03-26 09:52:10.712 10581 10581 E ArmVmp : Match on catch block at 0xc3 in for 0x7c40cb3025
03-26 09:52:10.714 10581 10581 E ArmVmp : Match on catch block at 0xc3 in for 0x7c40cb3025
03-26 09:52:10.728 10581 10581 E ArmVmp : Match on catch block at 0xc3 in for 0x7c40cb3025
03-26 09:52:10.731 10581 10581 E ArmVmp : Match on catch block at 0xc3 in for 0x7c40cb3025
03-26 09:52:10.745 10581 10581 E ArmVmp : Match on catch block at 0xc3 in for 0x7c40cb3025
03-26 09:52:10.747 10581 10581 E ArmVmp : Match on catch block at 0xc3 in for 0x7c40cb3025
03-26 09:52:10.762 10581 10581 E ArmVmp : Match on catch block at 0xc3 in for 0x7c40cb3025
03-26 09:52:10.764 10581 10581 E ArmVmp : Match on catch block at 0xc3 in for 0x7c40cb3025
03-26 09:52:10.779 10581 10581 E ArmVmp : Match on catch block at 0xc3 in for 0x7c40cb3025
03-26 09:52:10.781 10581 10581 E ArmVmp : Match on catch block at 0xc3 in for 0x7c40cb3025
03-26 09:52:10.795 10581 10581 E ArmVmp : Match on catch block at 0xc3 in for 0x7c40cb3025
03-26 09:52:10.798 10581 10581 E ArmVmp : Match on catch block at 0xc3 in for 0x7c40cb3025
03-26 09:52:10.830 10581 10581 E ArmVmp : Match on catch block at 0xc3 in for 0x7c40cb3025
03-26 09:52:10.832 10581 10581 E ArmVmp : Match on catch block at 0xc3 in for 0x7c40cb3025
03-26 09:52:10.837 10581 27468 W MediaPlayer: Use of stream types is deprecated for operations other than volume control
03-26 09:52:10.837 10581 27468 W MediaPlayer: See the documentation of setAudioStreamType() for what to use instead with android.media.AudioAttributes to qualify your playback use case
03-26 09:52:10.852 10581 10602 W MediaPlayerNative: info/warning (10973, 0)
03-26 09:52:11.111 10581 10581 E ArmVmp : Match on catch block at 0xc3 in for 0x7c40cb3025
03-26 09:52:11.114 10581 10581 E ArmVmp : Match on catch block at 0xc3 in for 0x7c40cb3025
03-26 09:52:11.614 10581 10581 E ArmVmp : Match on catch block at 0xc3 in for 0x7c40cb3025
03-26 09:52:11.619 10581 10581 E ArmVmp : Match on catch block at 0xc3 in for 0x7c40cb3025
03-26 09:52:12.114 10581 10581 E ArmVmp : Match on catch block at 0xc3 in for 0x7c40cb3025
03-26 09:52:12.118 10581 10581 E ArmVmp : Match on catch block at 0xc3 in for 0x7c40cb3025
03-26 09:52:12.556 10581 10581 W WindowOnBackDispatcher: sendCancelIfRunning: isInProgress=falsecallback=android.view.ViewRootImpl$ $ExternalSyntheticLambda21@ebca700
03-26 09:52:12.614 10581 10581 E ArmVmp : Match on catch block at 0xc3 in for 0x7c40cb3025
03-26 09:52:12.618 10581 10581 E ArmVmp : Match on catch block at 0xc3 in for 0x7c40cb3025
03-26 09:52:13.048 10581 16268 E BLASTBufferQueue: [ViewRootImpl@d1be36b[Conversation]#21](f:1,a:4) acquireNextBufferLocked: Can't acquire next buffer. Already acquired max frames 4 max:2 + 2
03-26 09:52:13.063 10581 10581 E ArmVmp : Match on catch block at 0xc3 in for 0x7c40cb3025
03-26 09:52:13.066 10581 10581 E ArmVmp : Match on catch block at 0xc3 in for 0x7c40cb3025
03-26 09:52:13.815 10581 10581 W WindowOnBackDispatcher: sendCancelIfRunning: isInProgress=falsecallback=android.view.ViewRootImpl$ $ExternalSyntheticLambda21@d7cac9d
03-26 09:52:13.847 10581 10581 W WindowOnBackDispatcher: sendCancelIfRunning: isInProgress=falsecallback=ImeCallback=ImeOnBackInvokedCallback@210210401 Callback=android.window.IOnBackInvokedCallback$Stub$Proxy@abf2128
03-26 09:52:13.863 10581 10581 E ArmVmp : Match on catch block at 0xc3 in for 0x7c40cb3025
03-26 09:52:13.865 10581 10581 E ArmVmp : Match on catch block at 0xc3 in for 0x7c40cb3025
03-26 09:52:13.880 10581 10581 E ArmVmp : Match on catch block at 0xc3 in for 0x7c40cb3025
03-26 09:52:13.883 10581 10581 E ArmVmp : Match on catch block at 0xc3 in for 0x7c40cb3025
03-26 09:52:14.365 10581 10581 E ArmVmp : Match on catch block at 0xc3 in for 0x7c40cb3025
03-26 09:52:14.370 10581 10581 E ArmVmp : Match on catch block at 0xc3 in for 0x7c40cb3025
03-26 09:52:14.677 10581 27468 W MediaPlayer: Use of stream types is deprecated for operations other than volume control
03-26 09:52:14.677 10581 27468 W MediaPlayer: See the documentation of setAudioStreamType() for what to use instead with android.media.AudioAttributes to qualify your playback use case
03-26 09:52:14.697 10581 27549 W MediaPlayerNative: info/warning (10973, 0)
03-26 09:52:14.700 10581 10581 E ArmVmp : Match on catch block at 0xc3 in for 0x7c40cb3025
03-26 09:52:14.704 10581 10581 E ArmVmp : Match on catch block at 0xc3 in for 0x7c40cb3025
03-26 09:52:14.718 10581 10581 E ArmVmp : Match on catch block at 0xc3 in for 0x7c40cb3025
03-26 09:52:14.720 10581 10581 E ArmVmp : Match on catch block at 0xc3 in for 0x7c40cb3025
03-26 09:52:14.731 10581 10581 E ArmVmp : Match on catch block at 0xc3 in for 0x7c40cb3025
03-26 09:52:14.734 10581 10581 E ArmVmp : Match on catch block at 0xc3 in for 0x7c40cb3025
03-26 09:52:14.774 10581 10581 E ArmVmp : Match on catch block at 0xc3 in for 0x7c40cb3025
03-26 09:52:14.776 10581 10581 E ArmVmp : Match on catch block at 0xc3 in for 0x7c40cb3025
03-26 09:52:14.800 10581 10581 E ArmVmp : Match on catch block at 0xc3 in for 0x7c40cb3025
03-26 09:52:14.803 10581 10581 E ArmVmp : Match on catch block at 0xc3 in for 0x7c40cb3025
03-26 09:52:14.836 10581 10581 E ArmVmp : Match on catch block at 0xc3 in for 0x7c40cb3025
03-26 09:52:14.842 10581 10581 E ArmVmp : Match on catch block at 0xc3 in for 0x7c40cb3025
03-26 09:52:14.854 10581 10581 E ArmVmp : Match on catch block at 0xc3 in for 0x7c40cb3025
03-26 09:52:14.857 10581 10581 E ArmVmp : Match on catch block at 0xc3 in for 0x7c40cb3025
03-26 09:52:14.864 10581 10581 E ArmVmp : Match on catch block at 0xc3 in for 0x7c40cb3025
03-26 09:52:14.866 10581 10581 E ArmVmp : Match on catch block at 0xc3 in for 0x7c40cb3025
03-26 09:52:14.880 10581 10581 E ArmVmp : Match on catch block at 0xc3 in for 0x7c40cb3025
03-26 09:52:14.882 10581 10581 E ArmVmp : Match on catch block at 0xc3 in for 0x7c40cb3025
03-26 09:52:14.896 10581 10581 E ArmVmp : Match on catch block at 0xc3 in for 0x7c40cb3025
03-26 09:52:14.898 10581 10581 E ArmVmp : Match on catch block at 0xc3 in for 0x7c40cb3025
03-26 09:52:14.913 10581 10581 E ArmVmp : Match on catch block at 0xc3 in for 0x7c40cb3025
03-26 09:52:14.916 10581 10581 E ArmVmp : Match on catch block at 0xc3 in for 0x7c40cb3025
03-26 09:52:14.930 10581 10581 E ArmVmp : Match on catch block at 0xc3 in for 0x7c40cb3025
03-26 09:52:14.933 10581 10581 E ArmVmp : Match on catch block at 0xc3 in for 0x7c40cb3025
03-26 09:52:14.946 10581 10581 E ArmVmp : Match on catch block at 0xc3 in for 0x7c40cb3025
03-26 09:52:14.948 10581 10581 E ArmVmp : Match on catch block at 0xc3 in for 0x7c40cb3025
03-26 09:52:14.971 10581 10581 E ArmVmp : Match on catch block at 0xc3 in for 0x7c40cb3025
03-26 09:52:14.973 10581 10581 E ArmVmp : Match on catch block at 0xc3 in for 0x7c40cb3025
03-26 09:52:14.993 10581 10581 E ArmVmp : Match on catch block at 0xc3 in for 0x7c40cb3025
03-26 09:52:14.996 10581 10581 E ArmVmp : Match on catch block at 0xc3 in for 0x7c40cb3025
03-26 09:52:15.006 10581 10581 E ArmVmp : Match on catch block at 0xc3 in for 0x7c40cb3025
03-26 09:52:15.008 10581 10581 E ArmVmp : Match on catch block at 0xc3 in for 0x7c40cb3025
03-26 09:52:15.025 10581 10581 E ArmVmp : Match on catch block at 0xc3 in for 0x7c40cb3025
03-26 09:52:15.029 10581 10581 E ArmVmp : Match on catch block at 0xc3 in for 0x7c40cb3025
03-26 09:52:15.037 10581 10581 E ArmVmp : Match on catch block at 0xc3 in for 0x7c40cb3025
03-26 09:52:15.041 10581 10581 E ArmVmp : Match on catch block at 0xc3 in for 0x7c40cb3025
03-26 09:52:15.046 10581 10581 E ArmVmp : Match on catch block at 0xc3 in for 0x7c40cb3025
03-26 09:52:15.048 10581 10581 E ArmVmp : Match on catch block at 0xc3 in for 0x7c40cb3025
03-26 09:52:15.063 10581 10581 E ArmVmp : Match on catch block at 0xc3 in for 0x7c40cb3025
03-26 09:52:15.067 10581 10581 E ArmVmp : Match on catch block at 0xc3 in for 0x7c40cb3025
03-26 09:52:15.080 10581 10581 E ArmVmp : Match on catch block at 0xc3 in for 0x7c40cb3025
03-26 09:52:15.085 10581 10581 E ArmVmp : Match on catch block at 0xc3 in for 0x7c40cb3025
03-26 09:52:15.097 10581 10581 E ArmVmp : Match on catch block at 0xc3 in for 0x7c40cb3025
03-26 09:52:15.101 10581 10581 E ArmVmp : Match on catch block at 0xc3 in for 0x7c40cb3025
03-26 09:52:15.115 10581 10581 E ArmVmp : Match on catch block at 0xc3 in for 0x7c40cb3025
03-26 09:52:15.121 10581 10581 E ArmVmp : Match on catch block at 0xc3 in for 0x7c40cb3025
03-26 09:52:15.131 10581 10581 E ArmVmp : Match on catch block at 0xc3 in for 0x7c40cb3025
03-26 09:52:15.134 10581 10581 E ArmVmp : Match on catch block at 0xc3 in for 0x7c40cb3025
03-26 09:52:15.148 10581 10581 E ArmVmp : Match on catch block at 0xc3 in for 0x7c40cb3025
03-26 09:52:15.153 10581 10581 E ArmVmp : Match on catch block at 0xc3 in for 0x7c40cb3025
03-26 09:52:15.880 10581 10581 W WindowOnBackDispatcher: sendCancelIfRunning: isInProgress=falsecallback=android.view.ViewRootImpl$ $ExternalSyntheticLambda21@4d820f4
03-26 09:52:15.897 10581 10581 E ArmVmp : Match on catch block at 0xc3 in for 0x7c40cb3025
03-26 09:52:15.900 10581 10581 E ArmVmp : Match on catch block at 0xc3 in for 0x7c40cb3025
03-26 09:52:15.909 10581 10581 E RecyclerView: No adapter attached; skipping layout
03-26 09:52:15.927 10581 10581 E RecyclerView: No adapter attached; skipping layout
03-26 09:52:15.936 10581 10581 E ArmVmp : Match on catch block at 0xc3 in for 0x7c40cb3025
03-26 09:52:15.938 10581 10581 E ArmVmp : Match on catch block at 0xc3 in for 0x7c40cb3025
03-26 09:52:15.943 10581 10581 W WindowOnBackDispatcher: sendCancelIfRunning: isInProgress=falsecallback=ImeCallback=ImeOnBackInvokedCallback@210210401 Callback=android.window.IOnBackInvokedCallback$Stub$Proxy@abf2128
03-26 09:52:15.962 10581 10581 W WindowOnBackDispatcher: sendCancelIfRunning: isInProgress=falsecallback=ImeCallback=ImeOnBackInvokedCallback@210210401 Callback=android.window.IOnBackInvokedCallback$Stub$Proxy@abf2128
03-26 09:52:15.968 10581 10581 E ArmVmp : Match on catch block at 0xc3 in for 0x7c40cb3025
03-26 09:52:15.972 10581 10581 E ArmVmp : Match on catch block at 0xc3 in for 0x7c40cb3025
03-26 09:52:15.990 10581 10581 E ArmVmp : Match on catch block at 0xc3 in for 0x7c40cb3025
03-26 09:52:15.994 10581 10581 E ArmVmp : Match on catch block at 0xc3 in for 0x7c40cb3025
03-26 09:52:15.997 10581 10581 E RecyclerView: No adapter attached; skipping layout
03-26 09:52:16.263 10581 10581 E ArmVmp : Match on catch block at 0xc3 in for 0x7c40cb3025
