03-26 18:20:30.914 30551 30551 E ArmVmp : Match on catch block at 0xc3 in for 0x7c40cb3025
03-26 18:20:30.916 30551 30551 E ArmVmp : Match on catch block at 0xc3 in for 0x7c40cb3025
03-26 18:20:30.928 30551 30551 E ArmVmp : Match on catch block at 0xc3 in for 0x7c40cb3025
03-26 18:20:30.931 30551 30551 E ArmVmp : Match on catch block at 0xc3 in for 0x7c40cb3025
03-26 18:20:30.933 30551 30551 E ArmVmp : Match on catch block at 0xc3 in for 0x7c40cb3025
03-26 18:20:30.944 30551 30551 E ArmVmp : Match on catch block at 0xc3 in for 0x7c40cb3025
03-26 18:20:30.952 30551 30551 E ArmVmp : Match on catch block at 0xc3 in for 0x7c40cb3025
03-26 18:20:30.956 30551 30551 E ArmVmp : Match on catch block at 0xc3 in for 0x7c40cb3025
03-26 18:20:30.964 30551 30551 E ArmVmp : Match on catch block at 0xc3 in for 0x7c40cb3025
03-26 18:20:30.970 30551 30551 E ArmVmp : Match on catch block at 0xc3 in for 0x7c40cb3025
03-26 18:20:30.972 30551 30551 E ArmVmp : Match on catch block at 0xc3 in for 0x7c40cb3025
03-26 18:20:30.977 30551 30551 E ArmVmp : Match on catch block at 0xc3 in for 0x7c40cb3025
03-26 18:20:30.981 30551 30551 E ArmVmp : Match on catch block at 0xc3 in for 0x7c40cb3025
03-26 18:20:30.982 30551 30551 E ArmVmp : Match on catch block at 0xc3 in for 0x7c40cb3025
03-26 18:20:30.995 30551 30551 E ArmVmp : Match on catch block at 0xc3 in for 0x7c40cb3025
03-26 18:20:30.999 30551 30551 E ArmVmp : Match on catch block at 0xc3 in for 0x7c40cb3025
03-26 18:20:31.001 30551 30551 E ArmVmp : Match on catch block at 0xc3 in for 0x7c40cb3025
03-26 18:20:31.012 30551 30551 E ArmVmp : Match on catch block at 0xc3 in for 0x7c40cb3025
03-26 18:20:31.015 30551 30551 E ArmVmp : Match on catch block at 0xc3 in for 0x7c40cb3025
03-26 18:20:31.019 30551 30551 E ArmVmp : Match on catch block at 0xc3 in for 0x7c40cb3025
03-26 18:20:31.029 30551 30551 E ArmVmp : Match on catch block at 0xc3 in for 0x7c40cb3025
03-26 18:20:31.031 30551 30551 E ArmVmp : Match on catch block at 0xc3 in for 0x7c40cb3025
03-26 18:20:31.035 30551 30551 E ArmVmp : Match on catch block at 0xc3 in for 0x7c40cb3025
03-26 18:20:31.045 30551 30551 E ArmVmp : Match on catch block at 0xc3 in for 0x7c40cb3025
03-26 18:20:31.049 30551 30551 E ArmVmp : Match on catch block at 0xc3 in for 0x7c40cb3025
03-26 18:20:31.051 30551 30551 E ArmVmp : Match on catch block at 0xc3 in for 0x7c40cb3025
03-26 18:20:31.062 30551 30551 E ArmVmp : Match on catch block at 0xc3 in for 0x7c40cb3025
03-26 18:20:31.065 30551 30551 E ArmVmp : Match on catch block at 0xc3 in for 0x7c40cb3025
03-26 18:20:31.068 30551 30551 E ArmVmp : Match on catch block at 0xc3 in for 0x7c40cb3025
03-26 18:20:31.079 30551 30551 E ArmVmp : Match on catch block at 0xc3 in for 0x7c40cb3025
03-26 18:20:31.082 30551 30551 E ArmVmp : Match on catch block at 0xc3 in for 0x7c40cb3025
03-26 18:20:31.084 30551 30551 E ArmVmp : Match on catch block at 0xc3 in for 0x7c40cb3025
03-26 18:20:31.095 30551 30551 E ArmVmp : Match on catch block at 0xc3 in for 0x7c40cb3025
03-26 18:20:31.098 30551 30551 E ArmVmp : Match on catch block at 0xc3 in for 0x7c40cb3025
03-26 18:20:31.102 30551 30551 E ArmVmp : Match on catch block at 0xc3 in for 0x7c40cb3025
03-26 18:20:31.112 30551 30551 E ArmVmp : Match on catch block at 0xc3 in for 0x7c40cb3025
03-26 18:20:31.117 30551 30551 E ArmVmp : Match on catch block at 0xc3 in for 0x7c40cb3025
03-26 18:20:31.119 30551 30551 E ArmVmp : Match on catch block at 0xc3 in for 0x7c40cb3025
03-26 18:20:31.129 30551 30551 E ArmVmp : Match on catch block at 0xc3 in for 0x7c40cb3025
03-26 18:20:31.133 30551 30551 E ArmVmp : Match on catch block at 0xc3 in for 0x7c40cb3025
03-26 18:20:31.137 30551 30551 E ArmVmp : Match on catch block at 0xc3 in for 0x7c40cb3025
03-26 18:20:31.146 30551 30551 E ArmVmp : Match on catch block at 0xc3 in for 0x7c40cb3025
03-26 18:20:31.151 30551 30551 E ArmVmp : Match on catch block at 0xc3 in for 0x7c40cb3025
03-26 18:20:31.154 30551 30551 E ArmVmp : Match on catch block at 0xc3 in for 0x7c40cb3025
03-26 18:20:31.162 30551 30551 E ArmVmp : Match on catch block at 0xc3 in for 0x7c40cb3025
03-26 18:20:31.168 30551 30551 E ArmVmp : Match on catch block at 0xc3 in for 0x7c40cb3025
03-26 18:20:31.171 30551 30551 E ArmVmp : Match on catch block at 0xc3 in for 0x7c40cb3025
03-26 18:20:31.179 30551 30551 E ArmVmp : Match on catch block at 0xc3 in for 0x7c40cb3025
03-26 18:20:31.183 30551 30551 E ArmVmp : Match on catch block at 0xc3 in for 0x7c40cb3025
03-26 18:20:31.187 30551 30551 E ArmVmp : Match on catch block at 0xc3 in for 0x7c40cb3025
03-26 18:20:31.196 30551 30551 E ArmVmp : Match on catch block at 0xc3 in for 0x7c40cb3025
03-26 18:20:31.199 30551 30551 E ArmVmp : Match on catch block at 0xc3 in for 0x7c40cb3025
03-26 18:20:31.201 30551 30551 E ArmVmp : Match on catch block at 0xc3 in for 0x7c40cb3025
03-26 18:20:31.212 30551 30551 E ArmVmp : Match on catch block at 0xc3 in for 0x7c40cb3025
03-26 18:20:31.216 30551 30551 E ArmVmp : Match on catch block at 0xc3 in for 0x7c40cb3025
03-26 18:20:31.220 30551 30551 E ArmVmp : Match on catch block at 0xc3 in for 0x7c40cb3025
03-26 18:20:31.229 30551 30551 E ArmVmp : Match on catch block at 0xc3 in for 0x7c40cb3025
03-26 18:20:31.233 30551 30551 E ArmVmp : Match on catch block at 0xc3 in for 0x7c40cb3025
03-26 18:20:31.235 30551 30551 E ArmVmp : Match on catch block at 0xc3 in for 0x7c40cb3025
03-26 18:20:31.245 30551 30551 E ArmVmp : Match on catch block at 0xc3 in for 0x7c40cb3025
03-26 18:20:31.249 30551 30551 E ArmVmp : Match on catch block at 0xc3 in for 0x7c40cb3025
03-26 18:20:31.251 30551 30551 E ArmVmp : Match on catch block at 0xc3 in for 0x7c40cb3025
03-26 18:20:31.262 30551 30551 E ArmVmp : Match on catch block at 0xc3 in for 0x7c40cb3025
03-26 18:20:31.266 30551 30551 E ArmVmp : Match on catch block at 0xc3 in for 0x7c40cb3025
03-26 18:20:31.269 30551 30551 E ArmVmp : Match on catch block at 0xc3 in for 0x7c40cb3025
03-26 18:20:31.279 30551 30551 E ArmVmp : Match on catch block at 0xc3 in for 0x7c40cb3025
03-26 18:20:31.284 30551 30551 E ArmVmp : Match on catch block at 0xc3 in for 0x7c40cb3025
03-26 18:20:31.287 30551 30551 E ArmVmp : Match on catch block at 0xc3 in for 0x7c40cb3025
03-26 18:20:31.295 30551 30551 E ArmVmp : Match on catch block at 0xc3 in for 0x7c40cb3025
03-26 18:20:31.299 30551 30551 E ArmVmp : Match on catch block at 0xc3 in for 0x7c40cb3025
03-26 18:20:31.302 30551 30551 E ArmVmp : Match on catch block at 0xc3 in for 0x7c40cb3025
03-26 18:20:31.312 30551 30551 E ArmVmp : Match on catch block at 0xc3 in for 0x7c40cb3025
03-26 18:20:31.316 30551 30551 E ArmVmp : Match on catch block at 0xc3 in for 0x7c40cb3025
03-26 18:20:31.321 30551 30551 E ArmVmp : Match on catch block at 0xc3 in for 0x7c40cb3025
03-26 18:20:31.328 30551 30551 E ArmVmp : Match on catch block at 0xc3 in for 0x7c40cb3025
03-26 18:20:31.333 30551 30551 E ArmVmp : Match on catch block at 0xc3 in for 0x7c40cb3025
03-26 18:20:31.336 30551 30551 E ArmVmp : Match on catch block at 0xc3 in for 0x7c40cb3025
03-26 18:20:31.343 30551 32751 W MediaPlayer: Use of stream types is deprecated for operations other than volume control
03-26 18:20:31.343 30551 32751 W MediaPlayer: See the documentation of setAudioStreamType() for what to use instead with android.media.AudioAttributes to qualify your playback use case
03-26 18:20:31.345 30551 30551 E ArmVmp : Match on catch block at 0xc3 in for 0x7c40cb3025
03-26 18:20:31.349 30551 30551 E ArmVmp : Match on catch block at 0xc3 in for 0x7c40cb3025
03-26 18:20:31.353 30551 30551 E ArmVmp : Match on catch block at 0xc3 in for 0x7c40cb3025
03-26 18:20:31.362 30551 30572 W MediaPlayerNative: info/warning (10973, 0)
03-26 18:20:31.362 30551 30551 E ArmVmp : Match on catch block at 0xc3 in for 0x7c40cb3025
03-26 18:20:31.365 30551 30551 E ArmVmp : Match on catch block at 0xc3 in for 0x7c40cb3025
03-26 18:20:31.369 30551 30551 E ArmVmp : Match on catch block at 0xc3 in for 0x7c40cb3025
03-26 18:20:31.379 30551 30551 E ArmVmp : Match on catch block at 0xc3 in for 0x7c40cb3025
03-26 18:20:31.381 30551 30551 E ArmVmp : Match on catch block at 0xc3 in for 0x7c40cb3025
03-26 18:20:31.383 30551 30551 E ArmVmp : Match on catch block at 0xc3 in for 0x7c40cb3025
03-26 18:20:31.395 30551 30551 E ArmVmp : Match on catch block at 0xc3 in for 0x7c40cb3025
03-26 18:20:31.398 30551 30551 E ArmVmp : Match on catch block at 0xc3 in for 0x7c40cb3025
03-26 18:20:31.399 30551 30551 E ArmVmp : Match on catch block at 0xc3 in for 0x7c40cb3025
03-26 18:20:31.413 30551 30551 E ArmVmp : Match on catch block at 0xc3 in for 0x7c40cb3025
03-26 18:20:31.417 30551 30551 E ArmVmp : Match on catch block at 0xc3 in for 0x7c40cb3025
03-26 18:20:31.419 30551 30551 E ArmVmp : Match on catch block at 0xc3 in for 0x7c40cb3025
03-26 18:20:31.429 30551 30551 E ArmVmp : Match on catch block at 0xc3 in for 0x7c40cb3025
03-26 18:20:31.433 30551 30551 E ArmVmp : Match on catch block at 0xc3 in for 0x7c40cb3025
03-26 18:20:31.436 30551 30551 E ArmVmp : Match on catch block at 0xc3 in for 0x7c40cb3025
03-26 18:20:31.449 30551 30551 E ArmVmp : Match on catch block at 0xc3 in for 0x7c40cb3025
03-26 18:20:31.452 30551 30551 E ArmVmp : Match on catch block at 0xc3 in for 0x7c40cb3025
03-26 18:20:31.454 30551 30551 E ArmVmp : Match on catch block at 0xc3 in for 0x7c40cb3025
03-26 18:20:31.461 30551 30551 E ArmVmp : Match on catch block at 0xc3 in for 0x7c40cb3025
03-26 18:20:31.465 30551 30551 E ArmVmp : Match on catch block at 0xc3 in for 0x7c40cb3025
03-26 18:20:31.468 30551 30551 E ArmVmp : Match on catch block at 0xc3 in for 0x7c40cb3025
03-26 18:20:31.479 30551 30551 E ArmVmp : Match on catch block at 0xc3 in for 0x7c40cb3025
03-26 18:20:31.483 30551 30551 E ArmVmp : Match on catch block at 0xc3 in for 0x7c40cb3025
03-26 18:20:31.485 30551 30551 E ArmVmp : Match on catch block at 0xc3 in for 0x7c40cb3025
03-26 18:20:31.495 30551 30551 E ArmVmp : Match on catch block at 0xc3 in for 0x7c40cb3025
03-26 18:20:31.498 30551 30551 E ArmVmp : Match on catch block at 0xc3 in for 0x7c40cb3025
03-26 18:20:31.501 30551 30551 E ArmVmp : Match on catch block at 0xc3 in for 0x7c40cb3025
03-26 18:20:31.512 30551 30551 E ArmVmp : Match on catch block at 0xc3 in for 0x7c40cb3025
03-26 18:20:31.516 30551 30551 E ArmVmp : Match on catch block at 0xc3 in for 0x7c40cb3025
03-26 18:20:31.520 30551 30551 E ArmVmp : Match on catch block at 0xc3 in for 0x7c40cb3025
03-26 18:20:31.529 30551 30551 E ArmVmp : Match on catch block at 0xc3 in for 0x7c40cb3025
03-26 18:20:31.532 30551 30551 E ArmVmp : Match on catch block at 0xc3 in for 0x7c40cb3025
03-26 18:20:31.535 30551 30551 E ArmVmp : Match on catch block at 0xc3 in for 0x7c40cb3025
03-26 18:20:31.541 30551 30675 E SQLiteDatabase: Error inserting transferred=1 media_job_uuid=cd1a9bb7-008e-452d-83f3-e4f4ebc89f54 transcoded=1 gif_attribution=0 first_scan_length=0 direct_path=/v/t62.7118- 24/19934597_3733530450255932_6890003581105003537_n.enc?ccb=11- 4&oh=01_ASDJQN4N97Ful9AZY-DFt7qV05qJDFo4_KuVcmDl5507Tw&oe=662AC795&_nc_sid=5e03e0 thumbnail_height_width_ratio=1.8181819 is_animated_sticker=0 file_hash=w8J/p1VWp7BAqrvGdfwwMz4azpNdO4WaaEl5HtcpIik= file_path=Media/MBWhatsApp Images/Sent/IMG-20240326-WA0008.jpg file_size=1472251 partial_media_hash=KmiP1jgPZIFUdC50ORQDchCAVIu/+ouVAnNDe6T3nrI= face_x=0 face_y=0 height=3840 trim_to=0 media_key_timestamp=1711488017615 message_url=https://mmg.whatsapp.net/v/t62.7118- 24/19934597_3733530450255932_6890003581105003537_n.enc?ccb=11- 4&oh=01_ASDJQN4N97Ful9AZY- DFt7qV05qJDFo4_KuVcmDl5507Tw&oe=662AC795&_nc_sid=5e03e0&mms3=true media_caption=null trim_from=0 mime_type=null partial_media_enc_hash=null width=2160 original_file_hash=ps2bdN+W+gCjLi6Hx7jC1LihplZkMJ+BpTb9i9F6+RU= has_streaming_sidecar=1 autotransfer_retry_enabled=0 media_upload_handle=null message_row_id=1222 multicast_id=null enc_file_hash=dt+YrR1h5fDLZJO6YLuJxDxR+ltyLFvpxiq+tMoVqqY= mute_video=0 page_count=0 first_scan_sidecar=null suspicious_content=0 file_length=1472251 media_name=2469556f-0876-4b33-bbb9-6e31cfd2c7bb.jpg media_duration=0 chat_row_id=15 media_key=[B@8619eaa
03-26 18:20:31.541 30551 30675 E SQLiteDatabase: android.database.sqlite.SQLiteConstraintException: UNIQUE constraint failed: message_media.message_row_id (code 1555 SQLITE_CONSTRAINT_PRIMARYKEY[1555])
03-26 18:20:31.541 30551 30675 E SQLiteDatabase: at android.database.sqlite.SQLiteConnection.nativeExecuteForLastInsertedRowId(Native Method)
03-26 18:20:31.541 30551 30675 E SQLiteDatabase: at android.database.sqlite.SQLiteConnection.executeForLastInsertedRowId(SQLiteConnecti on.java:1293)
03-26 18:20:31.541 30551 30675 E SQLiteDatabase: at android.database.sqlite.SQLiteSession.executeForLastInsertedRowId(SQLiteSession.jav a:790)
03-26 18:20:31.541 30551 30675 E SQLiteDatabase: at android.database.sqlite.SQLiteStatement.executeInsert(SQLiteStatement.java:89)
03-26 18:20:31.541 30551 30675 E SQLiteDatabase: at android.database.sqlite.SQLiteDatabase.insertWithOnConflict(SQLiteDatabase.java:243 4)
03-26 18:20:31.541 30551 30675 E SQLiteDatabase: at android.database.sqlite.SQLiteDatabase.insert(SQLiteDatabase.java:2303)
03-26 18:20:31.541 30551 30675 E SQLiteDatabase: at X.2tm.A08(Unknown Source:6)
03-26 18:20:31.541 30551 30675 E SQLiteDatabase: at X.35Y.A07(Unknown Source:212)
03-26 18:20:31.541 30551 30675 E SQLiteDatabase: at X.3QF.A14(Unknown Source:470)
03-26 18:20:31.541 30551 30675 E SQLiteDatabase: at X.3gU.run(Unknown Source:982)
03-26 18:20:31.541 30551 30675 E SQLiteDatabase: at android.os.Handler.handleCallback(Handler.java:958)
03-26 18:20:31.541 30551 30675 E SQLiteDatabase: at android.os.Handler.dispatchMessage(Handler.java:99)
03-26 18:20:31.541 30551 30675 E SQLiteDatabase: at X.0zq.dispatchMessage(Unknown Source:4)
03-26 18:20:31.541 30551 30675 E SQLiteDatabase: at android.os.Looper.loopOnce(Looper.java:230)
03-26 18:20:31.541 30551 30675 E SQLiteDatabase: at android.os.Looper.loop(Looper.java:319)
03-26 18:20:31.541 30551 30675 E SQLiteDatabase: at android.os.HandlerThread.run(HandlerThread.java:67)
03-26 18:20:31.545 30551 30551 E ArmVmp : Match on catch block at 0xc3 in for 0x7c40cb3025
03-26 18:20:31.549 30551 30551 E ArmVmp : Match on catch block at 0xc3 in for 0x7c40cb3025
03-26 18:20:31.551 30551 30551 E ArmVmp : Match on catch block at 0xc3 in for 0x7c40cb3025
03-26 18:20:31.563 30551 30551 E ArmVmp : Match on catch block at 0xc3 in for 0x7c40cb3025
03-26 18:20:31.567 30551 30551 E ArmVmp : Match on catch block at 0xc3 in for 0x7c40cb3025
03-26 18:20:31.570 30551 30551 E ArmVmp : Match on catch block at 0xc3 in for 0x7c40cb3025
03-26 18:20:31.695 30551 30551 E ArmVmp : Match on catch block at 0xc3 in for 0x7c40cb3025
03-26 18:20:31.698 30551 30551 E ArmVmp : Match on catch block at 0xc3 in for 0x7c40cb3025
03-26 18:20:31.701 30551 30551 E ArmVmp : Match on catch block at 0xc3 in for 0x7c40cb3025
03-26 18:20:31.712 30551 30551 E ArmVmp : Match on catch block at 0xc3 in for 0x7c40cb3025
03-26 18:20:31.714 30551 30551 E ArmVmp : Match on catch block at 0xc3 in for 0x7c40cb3025
03-26 18:20:31.717 30551 30551 E ArmVmp : Match on catch block at 0xc3 in for 0x7c40cb3025
03-26 18:20:31.811 30551 30551 E ArmVmp : Match on catch block at 0xc3 in for 0x7c40cb3025
03-26 18:20:31.814 30551 30551 E ArmVmp : Match on catch block at 0xc3 in for 0x7c40cb3025
03-26 18:20:31.817 30551 30551 E ArmVmp : Match on catch block at 0xc3 in for 0x7c40cb3025
03-26 18:20:32.012 30551 30551 E ArmVmp : Match on catch block at 0xc3 in for 0x7c40cb3025
03-26 18:20:32.015 30551 30551 E ArmVmp : Match on catch block at 0xc3 in for 0x7c40cb3025
03-26 18:20:32.018 30551 30551 E ArmVmp : Match on catch block at 0xc3 in for 0x7c40cb3025
03-26 18:20:32.032 30551 30551 E ArmVmp : Match on catch block at 0xc3 in for 0x7c40cb3025
03-26 18:20:32.038 30551 30551 E ArmVmp : Match on catch block at 0xc3 in for 0x7c40cb3025
03-26 18:20:32.040 30551 30551 E ArmVmp : Match on catch block at 0xc3 in for 0x7c40cb3025
03-26 18:20:32.044 30551 30675 E SQLiteDatabase: Error inserting transferred=1 media_job_uuid=f1968350-cdb2-4b00-be49-adf58e4cbf3d transcoded=1 gif_attribution=0 first_scan_length=0 direct_path=/v/t62.7118- 24/35012250_725659203015250_3746574755550204727_n.enc?ccb=11- 4&oh=01_ASDZwPlcrHdAE_EVSq6xkwemnQRVztlR8RiDyqYNU7MiAA&oe=662AAF18&_nc_sid=5e03e0 thumbnail_height_width_ratio=1.8181819 is_animated_sticker=0 file_hash=I3f3MfoDUsMBuyI+2QmvbdmGlLCumTjVXtObwHUO1Tk= file_path=Media/MBWhatsApp Images/Sent/IMG-20240326-WA0006.jpg file_size=1825318 partial_media_hash=AitmLu6kdVulW+5hJNs7qvyfg6fRKszT9haAK4VynNo= face_x=0 face_y=0 height=3840 trim_to=0 media_key_timestamp=1711487957422 message_url=https://mmg.whatsapp.net/v/t62.7118- 24/35012250_725659203015250_3746574755550204727_n.enc?ccb=11- 4&oh=01_ASDZwPlcrHdAE_EVSq6xkwemnQRVztlR8RiDyqYNU7MiAA&oe=662AAF18&_nc_sid=5e03e0&m ms3=true media_caption=null trim_from=0 mime_type=null partial_media_enc_hash=null width=2160 original_file_hash=Cixx3qlNuHvPDe1Q+/KhESCUNCUPYPpV//eT7JWEpdI= has_streaming_sidecar=1 autotransfer_retry_enabled=0 media_upload_handle=null message_row_id=1218 multicast_id=null enc_file_hash=whoot4chU1kwdQ/q/ksD82m9fTOHOtidb41oSXzE9LY= mute_video=0 page_count=0 first_scan_sidecar=null suspicious_content=0 file_length=1825318 media_name=ca15c8fb-027d-4ec7-9df0-532ebcc7772d.jpg media_duration=0 chat_row_id=15 media_key=[B@f56a31
03-26 18:20:32.044 30551 30675 E SQLiteDatabase: android.database.sqlite.SQLiteConstraintException: UNIQUE constraint failed: message_media.message_row_id (code 1555 SQLITE_CONSTRAINT_PRIMARYKEY[1555])
03-26 18:20:32.044 30551 30675 E SQLiteDatabase: at android.database.sqlite.SQLiteConnection.nativeExecuteForLastInsertedRowId(Native Method)
03-26 18:20:32.044 30551 30675 E SQLiteDatabase: at android.database.sqlite.SQLiteConnection.executeForLastInsertedRowId(SQLiteConnecti on.java:1293)
03-26 18:20:32.044 30551 30675 E SQLiteDatabase: at android.database.sqlite.SQLiteSession.executeForLastInsertedRowId(SQLiteSession.jav a:790)
03-26 18:20:32.044 30551 30675 E SQLiteDatabase: at android.database.sqlite.SQLiteStatement.executeInsert(SQLiteStatement.java:89)
03-26 18:20:32.044 30551 30675 E SQLiteDatabase: at android.database.sqlite.SQLiteDatabase.insertWithOnConflict(SQLiteDatabase.java:243 4)
03-26 18:20:32.044 30551 30675 E SQLiteDatabase: at android.database.sqlite.SQLiteDatabase.insert(SQLiteDatabase.java:2303)
03-26 18:20:32.044 30551 30675 E SQLiteDatabase: at X.2tm.A08(Unknown Source:6)
03-26 18:20:32.044 30551 30675 E SQLiteDatabase: at X.35Y.A07(Unknown Source:212)
03-26 18:20:32.044 30551 30675 E SQLiteDatabase: at X.3QF.A14(Unknown Source:470)
03-26 18:20:32.044 30551 30675 E SQLiteDatabase: at X.3gU.run(Unknown Source:982)
03-26 18:20:32.044 30551 30675 E SQLiteDatabase: at android.os.Handler.handleCallback(Handler.java:958)
03-26 18:20:32.044 30551 30675 E SQLiteDatabase: at android.os.Handler.dispatchMessage(Handler.java:99)
03-26 18:20:32.044 30551 30675 E SQLiteDatabase: at X.0zq.dispatchMessage(Unknown Source:4)
03-26 18:20:32.044 30551 30675 E SQLiteDatabase: at android.os.Looper.loopOnce(Looper.java:230)
03-26 18:20:32.044 30551 30675 E SQLiteDatabase: at android.os.Looper.loop(Looper.java:319)
03-26 18:20:32.044 30551 30675 E SQLiteDatabase: at android.os.HandlerThread.run(HandlerThread.java:67)
03-26 18:20:32.046 30551 30551 E ArmVmp : Match on catch block at 0xc3 in for 0x7c40cb3025
03-26 18:20:32.054 30551 30551 E ArmVmp : Match on catch block at 0xc3 in for 0x7c40cb3025
03-26 18:20:32.056 30551 30551 E ArmVmp : Match on catch block at 0xc3 in for 0x7c40cb3025
03-26 18:20:32.064 30551 30551 E ArmVmp : Match on catch block at 0xc3 in for 0x7c40cb3025
03-26 18:20:32.066 30551 30551 E ArmVmp : Match on catch block at 0xc3 in for 0x7c40cb3025
03-26 18:20:32.070 30551 30551 E ArmVmp : Match on catch block at 0xc3 in for 0x7c40cb3025
03-26 18:20:32.076 30551 32751 W MediaPlayer: Use of stream types is deprecated for operations other than volume control
03-26 18:20:32.076 30551 32751 W MediaPlayer: See the documentation of setAudioStreamType() for what to use instead with android.media.AudioAttributes to qualify your playback use case
03-26 18:20:32.077 30551 30551 E ArmVmp : Match on catch block at 0xc3 in for 0x7c40cb3025
03-26 18:20:32.080 30551 30551 E ArmVmp : Match on catch block at 0xc3 in for 0x7c40cb3025
03-26 18:20:32.082 30551 30551 E ArmVmp : Match on catch block at 0xc3 in for 0x7c40cb3025
03-26 18:20:32.094 30551 30551 E ArmVmp : Match on catch block at 0xc3 in for 0x7c40cb3025
03-26 18:20:32.096 30551 30551 E ArmVmp : Match on catch block at 0xc3 in for 0x7c40cb3025
03-26 18:20:32.098 30551 30551 E ArmVmp : Match on catch block at 0xc3 in for 0x7c40cb3025
03-26 18:20:32.098 30551 5061 W MediaPlayerNative: info/warning (10973, 0)
03-26 18:20:32.112 30551 30551 E ArmVmp : Match on catch block at 0xc3 in for 0x7c40cb3025
03-26 18:20:32.116 30551 30551 E ArmVmp : Match on catch block at 0xc3 in for 0x7c40cb3025
03-26 18:20:32.122 30551 30551 E ArmVmp : Match on catch block at 0xc3 in for 0x7c40cb3025
03-26 18:20:32.129 30551 30551 E ArmVmp : Match on catch block at 0xc3 in for 0x7c40cb3025
03-26 18:20:32.130 30551 30551 E ArmVmp : Match on catch block at 0xc3 in for 0x7c40cb3025
03-26 18:20:32.133 30551 30551 E ArmVmp : Match on catch block at 0xc3 in for 0x7c40cb3025
03-26 18:20:32.144 30551 30551 E ArmVmp : Match on catch block at 0xc3 in for 0x7c40cb3025
03-26 18:20:32.148 30551 30551 E ArmVmp : Match on catch block at 0xc3 in for 0x7c40cb3025
03-26 18:20:32.152 30551 30551 E ArmVmp : Match on catch block at 0xc3 in for 0x7c40cb3025
03-26 18:20:32.161 30551 30551 E ArmVmp : Match on catch block at 0xc3 in for 0x7c40cb3025
03-26 18:20:32.165 30551 30551 E ArmVmp : Match on catch block at 0xc3 in for 0x7c40cb3025
03-26 18:20:32.167 30551 30551 E ArmVmp : Match on catch block at 0xc3 in for 0x7c40cb3025
03-26 18:20:32.178 30551 30551 E ArmVmp : Match on catch block at 0xc3 in for 0x7c40cb3025
03-26 18:20:32.181 30551 30551 E ArmVmp : Match on catch block at 0xc3 in for 0x7c40cb3025
03-26 18:20:32.183 30551 30551 E ArmVmp : Match on catch block at 0xc3 in for 0x7c40cb3025
03-26 18:20:32.194 30551 30551 E ArmVmp : Match on catch block at 0xc3 in for 0x7c40cb3025
03-26 18:20:32.196 30551 30551 E ArmVmp : Match on catch block at 0xc3 in for 0x7c40cb3025
03-26 18:20:32.199 30551 30551 E ArmVmp : Match on catch block at 0xc3 in for 0x7c40cb3025
03-26 18:20:32.211 30551 30551 E ArmVmp : Match on catch block at 0xc3 in for 0x7c40cb3025
03-26 18:20:32.213 30551 30551 E ArmVmp : Match on catch block at 0xc3 in for 0x7c40cb3025
03-26 18:20:32.214 30551 30551 E ArmVmp : Match on catch block at 0xc3 in for 0x7c40cb3025
03-26 18:20:32.228 30551 30551 E ArmVmp : Match on catch block at 0xc3 in for 0x7c40cb3025
03-26 18:20:32.233 30551 30551 E ArmVmp : Match on catch block at 0xc3 in for 0x7c40cb3025
03-26 18:20:32.237 30551 30551 E ArmVmp : Match on catch block at 0xc3 in for 0x7c40cb3025
03-26 18:20:32.245 30551 30551 E ArmVmp : Match on catch block at 0xc3 in for 0x7c40cb3025
03-26 18:20:32.247 30551 30551 E ArmVmp : Match on catch block at 0xc3 in for 0x7c40cb3025
03-26 18:20:32.250 30551 30551 E ArmVmp : Match on catch block at 0xc3 in for 0x7c40cb3025
03-26 18:20:32.261 30551 30551 E ArmVmp : Match on catch block at 0xc3 in for 0x7c40cb3025
03-26 18:20:32.263 30551 30551 E ArmVmp : Match on catch block at 0xc3 in for 0x7c40cb3025
03-26 18:20:32.265 30551 30551 E ArmVmp : Match on catch block at 0xc3 in for 0x7c40cb3025
03-26 18:20:32.277 30551 30551 E ArmVmp : Match on catch block at 0xc3 in for 0x7c40cb3025
03-26 18:20:32.280 30551 30551 E ArmVmp : Match on catch block at 0xc3 in for 0x7c40cb3025
03-26 18:20:32.282 30551 30551 E ArmVmp : Match on catch block at 0xc3 in for 0x7c40cb3025
03-26 18:20:32.294 30551 30551 E ArmVmp : Match on catch block at 0xc3 in for 0x7c40cb3025
03-26 18:20:32.300 30551 30551 E ArmVmp : Match on catch block at 0xc3 in for 0x7c40cb3025
03-26 18:20:32.304 30551 30551 E ArmVmp : Match on catch block at 0xc3 in for 0x7c40cb3025
03-26 18:20:32.311 30551 30551 E ArmVmp : Match on catch block at 0xc3 in for 0x7c40cb3025
03-26 18:20:32.315 30551 30551 E ArmVmp : Match on catch block at 0xc3 in for 0x7c40cb3025
03-26 18:20:32.317 30551 30551 E ArmVmp : Match on catch block at 0xc3 in for 0x7c40cb3025
03-26 18:20:32.329 30551 30551 E ArmVmp : Match on catch block at 0xc3 in for 0x7c40cb3025
03-26 18:20:32.332 30551 30551 E ArmVmp : Match on catch block at 0xc3 in for 0x7c40cb3025
03-26 18:20:32.334 30551 30551 E ArmVmp : Match on catch block at 0xc3 in for 0x7c40cb3025
03-26 18:20:32.344 30551 30551 E ArmVmp : Match on catch block at 0xc3 in for 0x7c40cb3025
03-26 18:20:32.350 30551 30551 E ArmVmp : Match on catch block at 0xc3 in for 0x7c40cb3025
03-26 18:20:32.354 30551 30551 E ArmVmp : Match on catch block at 0xc3 in for 0x7c40cb3025
03-26 18:20:32.363 30551 30551 E ArmVmp : Match on catch block at 0xc3 in for 0x7c40cb3025
03-26 18:20:32.368 30551 30551 E ArmVmp : Match on catch block at 0xc3 in for 0x7c40cb3025
03-26 18:20:32.372 30551 30551 E ArmVmp : Match on catch block at 0xc3 in for 0x7c40cb3025
03-26 18:20:32.380 30551 30551 E ArmVmp : Match on catch block at 0xc3 in for 0x7c40cb3025
03-26 18:20:32.385 30551 30551 E ArmVmp : Match on catch block at 0xc3 in for 0x7c40cb3025
03-26 18:20:32.386 30551 30551 E ArmVmp : Match on catch block at 0xc3 in for 0x7c40cb3025
03-26 18:20:32.396 30551 30551 E ArmVmp : Match on catch block at 0xc3 in for 0x7c40cb3025
03-26 18:20:32.400 30551 30551 E ArmVmp : Match on catch block at 0xc3 in for 0x7c40cb3025
03-26 18:20:32.402 30551 30551 E ArmVmp : Match on catch block at 0xc3 in for 0x7c40cb3025
03-26 18:20:32.412 30551 30551 E ArmVmp : Match on catch block at 0xc3 in for 0x7c40cb3025
03-26 18:20:32.414 30551 30551 E ArmVmp : Match on catch block at 0xc3 in for 0x7c40cb3025
03-26 18:20:32.417 30551 30551 E ArmVmp : Match on catch block at 0xc3 in for 0x7c40cb3025
03-26 18:20:32.474 30551 32751 W MediaPlayer: Use of stream types is deprecated for operations other than volume control
03-26 18:20:32.474 30551 32751 W MediaPlayer: See the documentation of setAudioStreamType() for what to use instead with android.media.AudioAttributes to qualify your playback use case
03-26 18:20:32.500 30551 5061 W MediaPlayerNative: info/warning (10973, 0)
03-26 18:20:32.512 30551 30551 E ArmVmp : Match on catch block at 0xc3 in for 0x7c40cb3025
03-26 18:20:32.517 30551 30551 E ArmVmp : Match on catch block at 0xc3 in for 0x7c40cb3025
03-26 18:20:32.521 30551 30551 E ArmVmp : Match on catch block at 0xc3 in for 0x7c40cb3025
03-26 18:20:32.889 30551 30551 E ArmVmp : Match on catch block at 0xc3 in for 0x7c40cb3025
03-26 18:20:32.895 30551 30551 E ArmVmp : Match on catch block at 0xc3 in for 0x7c40cb3025
03-26 18:20:32.899 30551 30551 E ArmVmp : Match on catch block at 0xc3 in for 0x7c40cb3025
03-26 18:20:32.905 30551 32751 W MediaPlayer: Use of stream types is deprecated for operations other than volume control
03-26 18:20:32.905 30551 32751 W MediaPlayer: See the documentation of setAudioStreamType() for what to use instead with android.media.AudioAttributes to qualify your playback use case
03-26 18:20:32.927 30551 3108 W MediaPlayerNative: info/warning (10973, 0)
03-26 18:20:33.011 30551 30551 E ArmVmp : Match on catch block at 0xc3 in for 0x7c40cb3025
03-26 18:20:33.017 30551 30551 E ArmVmp : Match on catch block at 0xc3 in for 0x7c40cb3025
03-26 18:20:33.021 30551 30551 E ArmVmp : Match on catch block at 0xc3 in for 0x7c40cb3025
03-26 18:20:33.061 30551 30551 E ArmVmp : Match on catch block at 0xc3 in for 0x7c40cb3025
03-26 18:20:33.063 30551 30551 E ArmVmp : Match on catch block at 0xc3 in for 0x7c40cb3025
03-26 18:20:33.068 30551 30551 E ArmVmp : Match on catch block at 0xc3 in for 0x7c40cb3025
03-26 18:20:33.145 30551 30551 E ArmVmp : Match on catch block at 0xc3 in for 0x7c40cb3025
03-26 18:20:33.148 30551 30551 E ArmVmp : Match on catch block at 0xc3 in for 0x7c40cb3025
03-26 18:20:33.150 30551 30551 E ArmVmp : Match on catch block at 0xc3 in for 0x7c40cb3025
03-26 18:20:33.164 30551 30551 E ArmVmp : Match on catch block at 0xc3 in for 0x7c40cb3025
03-26 18:20:33.167 30551 30551 E ArmVmp : Match on catch block at 0xc3 in for 0x7c40cb3025
03-26 18:20:33.170 30551 30551 E ArmVmp : Match on catch block at 0xc3 in for 0x7c40cb3025
03-26 18:20:33.179 30551 30551 E ArmVmp : Match on catch block at 0xc3 in for 0x7c40cb3025
03-26 18:20:33.181 30551 30551 E ArmVmp : Match on catch block at 0xc3 in for 0x7c40cb3025
03-26 18:20:33.196 30551 30551 E ArmVmp : Match on catch block at 0xc3 in for 0x7c40cb3025
03-26 18:20:33.203 30551 30551 E ArmVmp : Match on catch block at 0xc3 in for 0x7c40cb3025
03-26 18:20:33.214 30551 30551 E ArmVmp : Match on catch block at 0xc3 in for 0x7c40cb3025
03-26 18:20:33.221 30551 30551 E ArmVmp : Match on catch block at 0xc3 in for 0x7c40cb3025
03-26 18:20:33.229 30551 30551 E ArmVmp : Match on catch block at 0xc3 in for 0x7c40cb3025
03-26 18:20:33.235 30551 30551 E ArmVmp : Match on catch block at 0xc3 in for 0x7c40cb3025
03-26 18:20:33.246 30551 30551 E ArmVmp : Match on catch block at 0xc3 in for 0x7c40cb3025
03-26 18:20:33.252 30551 30551 E ArmVmp : Match on catch block at 0xc3 in for 0x7c40cb3025
03-26 18:20:33.262 30551 30551 E ArmVmp : Match on catch block at 0xc3 in for 0x7c40cb3025
03-26 18:20:33.265 30551 30551 E ArmVmp : Match on catch block at 0xc3 in for 0x7c40cb3025
03-26 18:20:33.277 30551 30551 E ArmVmp : Match on catch block at 0xc3 in for 0x7c40cb3025
03-26 18:20:33.284 30551 30551 E ArmVmp : Match on catch block at 0xc3 in for 0x7c40cb3025
03-26 18:20:33.290 30551 32751 W MediaPlayer: Use of stream types is deprecated for operations other than volume control
03-26 18:20:33.290 30551 32751 W MediaPlayer: See the documentation of setAudioStreamType() for what to use instead with android.media.AudioAttributes to qualify your playback use case
03-26 18:20:33.294 30551 30551 E ArmVmp : Match on catch block at 0xc3 in for 0x7c40cb3025
03-26 18:20:33.296 30551 30551 E ArmVmp : Match on catch block at 0xc3 in for 0x7c40cb3025
03-26 18:20:33.314 30551 30551 E ArmVmp : Match on catch block at 0xc3 in for 0x7c40cb3025
03-26 18:20:33.314 30551 5061 W MediaPlayerNative: info/warning (10973, 0)
03-26 18:20:33.318 30551 30551 E ArmVmp : Match on catch block at 0xc3 in for 0x7c40cb3025
03-26 18:20:33.327 30551 30551 E ArmVmp : Match on catch block at 0xc3 in for 0x7c40cb3025
03-26 18:20:33.332 30551 30551 E ArmVmp : Match on catch block at 0xc3 in for 0x7c40cb3025
03-26 18:20:33.344 30551 30551 E ArmVmp : Match on catch block at 0xc3 in for 0x7c40cb3025
03-26 18:20:33.346 30551 30551 E ArmVmp : Match on catch block at 0xc3 in for 0x7c40cb3025
03-26 18:20:33.361 30551 30551 E ArmVmp : Match on catch block at 0xc3 in for 0x7c40cb3025
03-26 18:20:33.363 30551 30551 E ArmVmp : Match on catch block at 0xc3 in for 0x7c40cb3025
03-26 18:20:33.415 30551 30551 E ArmVmp : Match on catch block at 0xc3 in for 0x7c40cb3025
03-26 18:20:33.417 30551 30551 E ArmVmp : Match on catch block at 0xc3 in for 0x7c40cb3025
03-26 18:20:33.436 30551 30551 E ArmVmp : Match on catch block at 0xc3 in for 0x7c40cb3025
03-26 18:20:33.441 30551 30551 E ArmVmp : Match on catch block at 0xc3 in for 0x7c40cb3025
03-26 18:20:33.513 30551 30551 E ArmVmp : Match on catch block at 0xc3 in for 0x7c40cb3025
03-26 18:20:33.518 30551 30551 E ArmVmp : Match on catch block at 0xc3 in for 0x7c40cb3025
03-26 18:20:33.628 30551 30551 E ArmVmp : Match on catch block at 0xc3 in for 0x7c40cb3025
03-26 18:20:33.630 30551 30551 E ArmVmp : Match on catch block at 0xc3 in for 0x7c40cb3025
03-26 18:20:33.665 30551 30551 E ArmVmp : Match on catch block at 0xc3 in for 0x7c40cb3025
03-26 18:20:33.671 30551 30551 E ArmVmp : Match on catch block at 0xc3 in for 0x7c40cb3025
03-26 18:20:33.679 30551 32751 W MediaPlayer: Use of stream types is deprecated for operations other than volume control
03-26 18:20:33.680 30551 32751 W MediaPlayer: See the documentation of setAudioStreamType() for what to use instead with android.media.AudioAttributes to qualify your playback use case
03-26 18:20:33.695 30551 30551 E ArmVmp : Match on catch block at 0xc3 in for 0x7c40cb3025
03-26 18:20:33.697 30551 3108 W MediaPlayerNative: info/warning (10973, 0)
03-26 18:20:33.700 30551 30551 E ArmVmp : Match on catch block at 0xc3 in for 0x7c40cb3025
03-26 18:20:33.733 30551 30551 E ArmVmp : Match on catch block at 0xc3 in for 0x7c40cb3025
03-26 18:20:33.735 30551 30551 E ArmVmp : Match on catch block at 0xc3 in for 0x7c40cb3025
03-26 18:20:33.744 30551 30551 E ArmVmp : Match on catch block at 0xc3 in for 0x7c40cb3025
03-26 18:20:33.746 30551 30551 E ArmVmp : Match on catch block at 0xc3 in for 0x7c40cb3025
03-26 18:20:33.763 30551 30551 E ArmVmp : Match on catch block at 0xc3 in for 0x7c40cb3025
03-26 18:20:33.765 30551 30551 E ArmVmp : Match on catch block at 0xc3 in for 0x7c40cb3025
03-26 18:20:33.786 30551 30551 E ArmVmp : Match on catch block at 0xc3 in for 0x7c40cb3025
03-26 18:20:33.788 30551 30551 E ArmVmp : Match on catch block at 0xc3 in for 0x7c40cb3025
03-26 18:20:33.797 30551 30551 E ArmVmp : Match on catch block at 0xc3 in for 0x7c40cb3025
03-26 18:20:33.802 30551 30551 E ArmVmp : Match on catch block at 0xc3 in for 0x7c40cb3025
03-26 18:20:33.811 30551 30551 E ArmVmp : Match on catch block at 0xc3 in for 0x7c40cb3025
03-26 18:20:33.813 30551 30551 E ArmVmp : Match on catch block at 0xc3 in for 0x7c40cb3025
03-26 18:20:33.827 30551 30551 E ArmVmp : Match on catch block at 0xc3 in for 0x7c40cb3025
03-26 18:20:33.832 30551 30551 E ArmVmp : Match on catch block at 0xc3 in for 0x7c40cb3025
03-26 18:20:33.844 30551 30551 E ArmVmp : Match on catch block at 0xc3 in for 0x7c40cb3025
03-26 18:20:33.846 30551 30551 E ArmVmp : Match on catch block at 0xc3 in for 0x7c40cb3025
03-26 18:20:33.861 30551 30551 E ArmVmp : Match on catch block at 0xc3 in for 0x7c40cb3025
03-26 18:20:33.862 30551 30551 E ArmVmp : Match on catch block at 0xc3 in for 0x7c40cb3025
03-26 18:20:33.877 30551 30551 E ArmVmp : Match on catch block at 0xc3 in for 0x7c40cb3025
03-26 18:20:33.879 30551 30551 E ArmVmp : Match on catch block at 0xc3 in for 0x7c40cb3025
03-26 18:20:33.894 30551 30551 E ArmVmp : Match on catch block at 0xc3 in for 0x7c40cb3025
03-26 18:20:33.896 30551 30551 E ArmVmp : Match on catch block at 0xc3 in for 0x7c40cb3025
03-26 18:20:33.911 30551 30551 E ArmVmp : Match on catch block at 0xc3 in for 0x7c40cb3025
03-26 18:20:33.913 30551 30551 E ArmVmp : Match on catch block at 0xc3 in for 0x7c40cb3025
03-26 18:20:33.927 30551 30551 E ArmVmp : Match on catch block at 0xc3 in for 0x7c40cb3025
03-26 18:20:33.929 30551 30551 E ArmVmp : Match on catch block at 0xc3 in for 0x7c40cb3025
03-26 18:20:33.944 30551 30551 E ArmVmp : Match on catch block at 0xc3 in for 0x7c40cb3025
03-26 18:20:33.948 30551 30551 E ArmVmp : Match on catch block at 0xc3 in for 0x7c40cb3025
03-26 18:20:33.961 30551 30551 E ArmVmp : Match on catch block at 0xc3 in for 0x7c40cb3025
03-26 18:20:33.963 30551 30551 E ArmVmp : Match on catch block at 0xc3 in for 0x7c40cb3025
03-26 18:20:33.978 30551 30551 E ArmVmp : Match on catch block at 0xc3 in for 0x7c40cb3025
03-26 18:20:33.979 30551 30551 E ArmVmp : Match on catch block at 0xc3 in for 0x7c40cb3025
03-26 18:20:33.994 30551 30551 E ArmVmp : Match on catch block at 0xc3 in for 0x7c40cb3025
03-26 18:20:33.996 30551 30551 E ArmVmp : Match on catch block at 0xc3 in for 0x7c40cb3025
03-26 18:20:34.011 30551 30551 E ArmVmp : Match on catch block at 0xc3 in for 0x7c40cb3025
03-26 18:20:34.013 30551 30551 E ArmVmp : Match on catch block at 0xc3 in for 0x7c40cb3025
03-26 18:20:34.028 30551 30551 E ArmVmp : Match on catch block at 0xc3 in for 0x7c40cb3025
03-26 18:20:34.030 30551 30551 E ArmVmp : Match on catch block at 0xc3 in for 0x7c40cb3025
03-26 18:20:34.047 30551 30551 E ArmVmp : Match on catch block at 0xc3 in for 0x7c40cb3025
03-26 18:20:34.050 30551 30551 E ArmVmp : Match on catch block at 0xc3 in for 0x7c40cb3025
03-26 18:20:34.061 30551 30551 E ArmVmp : Match on catch block at 0xc3 in for 0x7c40cb3025
03-26 18:20:34.063 30551 30551 E ArmVmp : Match on catch block at 0xc3 in for 0x7c40cb3025
03-26 18:20:34.096 30551 30551 E ArmVmp : Match on catch block at 0xc3 in for 0x7c40cb3025
03-26 18:20:34.098 30551 30551 E ArmVmp : Match on catch block at 0xc3 in for 0x7c40cb3025
03-26 18:20:34.112 30551 30551 E ArmVmp : Match on catch block at 0xc3 in for 0x7c40cb3025
03-26 18:20:34.113 30551 30551 E ArmVmp : Match on catch block at 0xc3 in for 0x7c40cb3025
03-26 18:20:34.194 30551 30551 E ArmVmp : Match on catch block at 0xc3 in for 0x7c40cb3025
03-26 18:20:34.197 30551 30551 E ArmVmp : Match on catch block at 0xc3 in for 0x7c40cb3025
03-26 18:20:34.378 30551 30551 E ArmVmp : Match on catch block at 0xc3 in for 0x7c40cb3025
03-26 18:20:34.382 30551 30551 E ArmVmp : Match on catch block at 0xc3 in for 0x7c40cb3025
03-26 18:20:34.394 30551 30551 E ArmVmp : Match on catch block at 0xc3 in for 0x7c40cb3025
03-26 18:20:34.396 30551 30551 E ArmVmp : Match on catch block at 0xc3 in for 0x7c40cb3025
03-26 18:20:34.411 30551 30551 E ArmVmp : Match on catch block at 0xc3 in for 0x7c40cb3025
03-26 18:20:34.413 30551 30551 E ArmVmp : Match on catch block at 0xc3 in for 0x7c40cb3025
03-26 18:20:34.428 30551 30551 E ArmVmp : Match on catch block at 0xc3 in for 0x7c40cb3025
03-26 18:20:34.433 30551 30551 E ArmVmp : Match on catch block at 0xc3 in for 0x7c40cb3025
03-26 18:20:34.444 30551 30551 E ArmVmp : Match on catch block at 0xc3 in for 0x7c40cb3025
03-26 18:20:34.448 30551 30551 E ArmVmp : Match on catch block at 0xc3 in for 0x7c40cb3025
03-26 18:20:34.462 30551 30551 E ArmVmp : Match on catch block at 0xc3 in for 0x7c40cb3025
03-26 18:20:34.466 30551 30551 E ArmVmp : Match on catch block at 0xc3 in for 0x7c40cb3025
03-26 18:20:34.479 30551 30551 E ArmVmp : Match on catch block at 0xc3 in for 0x7c40cb3025
03-26 18:20:34.481 30551 30551 E ArmVmp : Match on catch block at 0xc3 in for 0x7c40cb3025
03-26 18:20:34.495 30551 30551 E ArmVmp : Match on catch block at 0xc3 in for 0x7c40cb3025
03-26 18:20:34.498 30551 30551 E ArmVmp : Match on catch block at 0xc3 in for 0x7c40cb3025
03-26 18:20:34.511 30551 30551 E ArmVmp : Match on catch block at 0xc3 in for 0x7c40cb3025
03-26 18:20:34.515 30551 30551 E ArmVmp : Match on catch block at 0xc3 in for 0x7c40cb3025
03-26 18:20:34.527 30551 30551 E ArmVmp : Match on catch block at 0xc3 in for 0x7c40cb3025
03-26 18:20:34.529 30551 30551 E ArmVmp : Match on catch block at 0xc3 in for 0x7c40cb3025
03-26 18:20:34.544 30551 30551 E ArmVmp : Match on catch block at 0xc3 in for 0x7c40cb3025
03-26 18:20:34.549 30551 30551 E ArmVmp : Match on catch block at 0xc3 in for 0x7c40cb3025
03-26 18:20:34.563 30551 30551 E ArmVmp : Match on catch block at 0xc3 in for 0x7c40cb3025
03-26 18:20:34.565 30551 30551 E ArmVmp : Match on catch block at 0xc3 in for 0x7c40cb3025
03-26 18:20:34.578 30551 30551 E ArmVmp : Match on catch block at 0xc3 in for 0x7c40cb3025
03-26 18:20:34.580 30551 30551 E ArmVmp : Match on catch block at 0xc3 in for 0x7c40cb3025
03-26 18:20:34.611 30551 30551 E ArmVmp : Match on catch block at 0xc3 in for 0x7c40cb3025
03-26 18:20:34.618 30551 30551 E ArmVmp : Match on catch block at 0xc3 in for 0x7c40cb3025
03-26 18:20:35.062 30551 30551 E ArmVmp : Match on catch block at 0xc3 in for 0x7c40cb3025
03-26 18:20:35.069 30551 30551 E ArmVmp : Match on catch block at 0xc3 in for 0x7c40cb3025
03-26 18:20:35.344 30551 30551 E ArmVmp : Match on catch block at 0xc3 in for 0x7c40cb3025
03-26 18:20:35.347 30551 30551 E ArmVmp : Match on catch block at 0xc3 in for 0x7c40cb3025
03-26 18:20:35.366 30551 30551 E ArmVmp : Match on catch block at 0xc3 in for 0x7c40cb3025
03-26 18:20:35.369 30551 30551 E ArmVmp : Match on catch block at 0xc3 in for 0x7c40cb3025
03-26 18:20:35.379 30551 30551 E ArmVmp : Match on catch block at 0xc3 in for 0x7c40cb3025
03-26 18:20:35.382 30551 30551 E ArmVmp : Match on catch block at 0xc3 in for 0x7c40cb3025
03-26 18:20:35.400 30551 30551 E ArmVmp : Match on catch block at 0xc3 in for 0x7c40cb3025
03-26 18:20:35.403 30551 30551 E ArmVmp : Match on catch block at 0xc3 in for 0x7c40cb3025
03-26 18:20:35.418 30551 30551 E ArmVmp : Match on catch block at 0xc3 in for 0x7c40cb3025
03-26 18:20:35.423 30551 30551 E ArmVmp : Match on catch block at 0xc3 in for 0x7c40cb3025
03-26 18:20:35.430 30551 30551 E ArmVmp : Match on catch block at 0xc3 in for 0x7c40cb3025
03-26 18:20:35.435 30551 30551 E ArmVmp : Match on catch block at 0xc3 in for 0x7c40cb3025
03-26 18:20:35.446 30551 30551 E ArmVmp : Match on catch block at 0xc3 in for 0x7c40cb3025
03-26 18:20:35.448 30551 30551 E ArmVmp : Match on catch block at 0xc3 in for 0x7c40cb3025
03-26 18:20:35.461 30551 30551 E ArmVmp : Match on catch block at 0xc3 in for 0x7c40cb3025
03-26 18:20:35.462 30551 30551 E ArmVmp : Match on catch block at 0xc3 in for 0x7c40cb3025
03-26 18:20:35.477 30551 30551 E ArmVmp : Match on catch block at 0xc3 in for 0x7c40cb3025
03-26 18:20:35.478 30551 30551 E ArmVmp : Match on catch block at 0xc3 in for 0x7c40cb3025
03-26 18:20:35.494 30551 30551 E ArmVmp : Match on catch block at 0xc3 in for 0x7c40cb3025
03-26 18:20:35.496 30551 30551 E ArmVmp : Match on catch block at 0xc3 in for 0x7c40cb3025
03-26 18:20:35.511 30551 30551 E ArmVmp : Match on catch block at 0xc3 in for 0x7c40cb3025
03-26 18:20:35.513 30551 30551 E ArmVmp : Match on catch block at 0xc3 in for 0x7c40cb3025
03-26 18:20:35.527 30551 30551 E ArmVmp : Match on catch block at 0xc3 in for 0x7c40cb3025
03-26 18:20:35.529 30551 30551 E ArmVmp : Match on catch block at 0xc3 in for 0x7c40cb3025
03-26 18:20:35.544 30551 30551 E ArmVmp : Match on catch block at 0xc3 in for 0x7c40cb3025
03-26 18:20:35.547 30551 30551 E ArmVmp : Match on catch block at 0xc3 in for 0x7c40cb3025
03-26 18:20:35.561 30551 30551 E ArmVmp : Match on catch block at 0xc3 in for 0x7c40cb3025
03-26 18:20:35.563 30551 30551 E ArmVmp : Match on catch block at 0xc3 in for 0x7c40cb3025
03-26 18:20:35.780 30551 30551 E ArmVmp : Match on catch block at 0xc3 in for 0x7c40cb3025
03-26 18:20:35.782 30551 30551 E ArmVmp : Match on catch block at 0xc3 in for 0x7c40cb3025
03-26 18:20:35.788 30551 32751 W MediaPlayer: Use of stream types is deprecated for operations other than volume control
03-26 18:20:35.788 30551 32751 W MediaPlayer: See the documentation of setAudioStreamType() for what to use instead with android.media.AudioAttributes to qualify your playback use case
03-26 18:20:35.803 30551 5061 W MediaPlayerNative: info/warning (10973, 0)
03-26 18:20:35.861 30551 30551 E ArmVmp : Match on catch block at 0xc3 in for 0x7c40cb3025
03-26 18:20:35.864 30551 30551 E ArmVmp : Match on catch block at 0xc3 in for 0x7c40cb3025
03-26 18:20:36.045 30551 30551 E ArmVmp : Match on catch block at 0xc3 in for 0x7c40cb3025
03-26 18:20:36.047 30551 30551 E ArmVmp : Match on catch block at 0xc3 in for 0x7c40cb3025
03-26 18:20:36.060 30551 30551 E ArmVmp : Match on catch block at 0xc3 in for 0x7c40cb3025
03-26 18:20:36.063 30551 30551 E ArmVmp : Match on catch block at 0xc3 in for 0x7c40cb3025
03-26 18:20:36.077 30551 30551 E ArmVmp : Match on catch block at 0xc3 in for 0x7c40cb3025
03-26 18:20:36.080 30551 30551 E ArmVmp : Match on catch block at 0xc3 in for 0x7c40cb3025
03-26 18:20:36.094 30551 30551 E ArmVmp : Match on catch block at 0xc3 in for 0x7c40cb3025
03-26 18:20:36.096 30551 30551 E ArmVmp : Match on catch block at 0xc3 in for 0x7c40cb3025
03-26 18:20:36.111 30551 30551 E ArmVmp : Match on catch block at 0xc3 in for 0x7c40cb3025
03-26 18:20:36.116 30551 30551 E ArmVmp : Match on catch block at 0xc3 in for 0x7c40cb3025
03-26 18:20:36.129 30551 30551 E ArmVmp : Match on catch block at 0xc3 in for 0x7c40cb3025
03-26 18:20:36.132 30551 30551 E ArmVmp : Match on catch block at 0xc3 in for 0x7c40cb3025
03-26 18:20:36.144 30551 30551 E ArmVmp : Match on catch block at 0xc3 in for 0x7c40cb3025
03-26 18:20:36.145 30551 30551 E ArmVmp : Match on catch block at 0xc3 in for 0x7c40cb3025
03-26 18:20:36.162 30551 30551 E ArmVmp : Match on catch block at 0xc3 in for 0x7c40cb3025
03-26 18:20:36.165 30551 30551 E ArmVmp : Match on catch block at 0xc3 in for 0x7c40cb3025
03-26 18:20:36.178 30551 30551 E ArmVmp : Match on catch block at 0xc3 in for 0x7c40cb3025
03-26 18:20:36.180 30551 30551 E ArmVmp : Match on catch block at 0xc3 in for 0x7c40cb3025
03-26 18:20:36.194 30551 30551 E ArmVmp : Match on catch block at 0xc3 in for 0x7c40cb3025
03-26 18:20:36.197 30551 30551 E ArmVmp : Match on catch block at 0xc3 in for 0x7c40cb3025
03-26 18:20:36.211 30551 30551 E ArmVmp : Match on catch block at 0xc3 in for 0x7c40cb3025
03-26 18:20:36.214 30551 30551 E ArmVmp : Match on catch block at 0xc3 in for 0x7c40cb3025
03-26 18:20:36.227 30551 30551 E ArmVmp : Match on catch block at 0xc3 in for 0x7c40cb3025
03-26 18:20:36.229 30551 30551 E ArmVmp : Match on catch block at 0xc3 in for 0x7c40cb3025
03-26 18:20:36.244 30551 30551 E ArmVmp : Match on catch block at 0xc3 in for 0x7c40cb3025
03-26 18:20:36.246 30551 30551 E ArmVmp : Match on catch block at 0xc3 in for 0x7c40cb3025
03-26 18:20:36.423 30551 30551 E ArmVmp : Match on catch block at 0xc3 in for 0x7c40cb3025
03-26 18:20:36.425 30551 30551 E ArmVmp : Match on catch block at 0xc3 in for 0x7c40cb3025
03-26 18:20:36.445 30551 30551 E ArmVmp : Match on catch block at 0xc3 in for 0x7c40cb3025
03-26 18:20:36.447 30551 30551 E ArmVmp : Match on catch block at 0xc3 in for 0x7c40cb3025
03-26 18:20:36.460 30551 30551 E ArmVmp : Match on catch block at 0xc3 in for 0x7c40cb3025
03-26 18:20:36.463 30551 30551 E ArmVmp : Match on catch block at 0xc3 in for 0x7c40cb3025
03-26 18:20:36.477 30551 30551 E ArmVmp : Match on catch block at 0xc3 in for 0x7c40cb3025
03-26 18:20:36.479 30551 30551 E ArmVmp : Match on catch block at 0xc3 in for 0x7c40cb3025
03-26 18:20:36.494 30551 30551 E ArmVmp : Match on catch block at 0xc3 in for 0x7c40cb3025
03-26 18:20:36.496 30551 30551 E ArmVmp : Match on catch block at 0xc3 in for 0x7c40cb3025
03-26 18:20:36.511 30551 30551 E ArmVmp : Match on catch block at 0xc3 in for 0x7c40cb3025
03-26 18:20:36.513 30551 30551 E ArmVmp : Match on catch block at 0xc3 in for 0x7c40cb3025
03-26 18:20:36.529 30551 30551 E ArmVmp : Match on catch block at 0xc3 in for 0x7c40cb3025
03-26 18:20:36.531 30551 30551 E ArmVmp : Match on catch block at 0xc3 in for 0x7c40cb3025
03-26 18:20:36.544 30551 30551 E ArmVmp : Match on catch block at 0xc3 in for 0x7c40cb3025
03-26 18:20:36.546 30551 30551 E ArmVmp : Match on catch block at 0xc3 in for 0x7c40cb3025
03-26 18:20:36.563 30551 30551 E ArmVmp : Match on catch block at 0xc3 in for 0x7c40cb3025
03-26 18:20:36.565 30551 30551 E ArmVmp : Match on catch block at 0xc3 in for 0x7c40cb3025
03-26 18:20:36.577 30551 30551 E ArmVmp : Match on catch block at 0xc3 in for 0x7c40cb3025
03-26 18:20:36.580 30551 30551 E ArmVmp : Match on catch block at 0xc3 in for 0x7c40cb3025
03-26 18:20:36.594 30551 30551 E ArmVmp : Match on catch block at 0xc3 in for 0x7c40cb3025
03-26 18:20:36.596 30551 30551 E ArmVmp : Match on catch block at 0xc3 in for 0x7c40cb3025
03-26 18:20:36.611 30551 30551 E ArmVmp : Match on catch block at 0xc3 in for 0x7c40cb3025
03-26 18:20:36.613 30551 30551 E ArmVmp : Match on catch block at 0xc3 in for 0x7c40cb3025
03-26 18:20:36.629 30551 30551 E ArmVmp : Match on catch block at 0xc3 in for 0x7c40cb3025
03-26 18:20:36.631 30551 30551 E ArmVmp : Match on catch block at 0xc3 in for 0x7c40cb3025
03-26 18:20:36.644 30551 30551 E ArmVmp : Match on catch block at 0xc3 in for 0x7c40cb3025
03-26 18:20:36.647 30551 30551 E ArmVmp : Match on catch block at 0xc3 in for 0x7c40cb3025
03-26 18:20:36.661 30551 30551 E ArmVmp : Match on catch block at 0xc3 in for 0x7c40cb3025
03-26 18:20:36.664 30551 30551 E ArmVmp : Match on catch block at 0xc3 in for 0x7c40cb3025
03-26 18:20:36.677 30551 30551 E ArmVmp : Match on catch block at 0xc3 in for 0x7c40cb3025
03-26 18:20:36.680 30551 30551 E ArmVmp : Match on catch block at 0xc3 in for 0x7c40cb3025
03-26 18:20:36.694 30551 30551 E ArmVmp : Match on catch block at 0xc3 in for 0x7c40cb3025
03-26 18:20:36.696 30551 30551 E ArmVmp : Match on catch block at 0xc3 in for 0x7c40cb3025
03-26 18:20:36.711 30551 30551 E ArmVmp : Match on catch block at 0xc3 in for 0x7c40cb3025
03-26 18:20:36.713 30551 30551 E ArmVmp : Match on catch block at 0xc3 in for 0x7c40cb3025
03-26 18:20:36.728 30551 30551 E ArmVmp : Match on catch block at 0xc3 in for 0x7c40cb3025
03-26 18:20:36.730 30551 30551 E ArmVmp : Match on catch block at 0xc3 in for 0x7c40cb3025
03-26 18:20:36.745 30551 30551 E ArmVmp : Match on catch block at 0xc3 in for 0x7c40cb3025
03-26 18:20:36.748 30551 30551 E ArmVmp : Match on catch block at 0xc3 in for 0x7c40cb3025
03-26 18:20:36.760 30551 30551 E ArmVmp : Match on catch block at 0xc3 in for 0x7c40cb3025
03-26 18:20:36.763 30551 30551 E ArmVmp : Match on catch block at 0xc3 in for 0x7c40cb3025
03-26 18:20:36.777 30551 30551 E ArmVmp : Match on catch block at 0xc3 in for 0x7c40cb3025
03-26 18:20:36.780 30551 30551 E ArmVmp : Match on catch block at 0xc3 in for 0x7c40cb3025
03-26 18:20:36.796 30551 30551 E ArmVmp : Match on catch block at 0xc3 in for 0x7c40cb3025
03-26 18:20:36.799 30551 30551 E ArmVmp : Match on catch block at 0xc3 in for 0x7c40cb3025
03-26 18:20:36.811 30551 30551 E ArmVmp : Match on catch block at 0xc3 in for 0x7c40cb3025
03-26 18:20:36.813 30551 30551 E ArmVmp : Match on catch block at 0xc3 in for 0x7c40cb3025
03-26 18:20:36.827 30551 30551 E ArmVmp : Match on catch block at 0xc3 in for 0x7c40cb3025
03-26 18:20:36.830 30551 30551 E ArmVmp : Match on catch block at 0xc3 in for 0x7c40cb3025
03-26 18:20:36.979 30551 30551 E ArmVmp : Match on catch block at 0xc3 in for 0x7c40cb3025
03-26 18:20:36.981 30551 30551 E ArmVmp : Match on catch block at 0xc3 in for 0x7c40cb3025
