03-26 09:00:31.328 24037 24037 W JobService: onNetworkChanged() not implemented in androidx.work.impl.background.systemjob.SystemJobService. Must override in a subclass.
03-26 09:00:31.750 24037 24037 E ArmVmp : Match on catch block at 0xc3 in for 0x7c40cb3025
03-26 09:00:31.754 24037 24037 E ArmVmp : Match on catch block at 0xc3 in for 0x7c40cb3025
03-26 09:00:31.965 24037 24037 E ArmVmp : Match on catch block at 0xc3 in for 0x7c40cb3025
03-26 09:00:31.971 24037 24037 E ArmVmp : Match on catch block at 0xc3 in for 0x7c40cb3025
03-26 09:00:32.398 24037 24037 E ArmVmp : Match on catch block at 0xc3 in for 0x7c40cb3025
03-26 09:00:32.401 24037 24037 E ArmVmp : Match on catch block at 0xc3 in for 0x7c40cb3025
03-26 09:00:32.698 24037 24037 E ArmVmp : Match on catch block at 0xc3 in for 0x7c40cb3025
03-26 09:00:32.702 24037 24037 E ArmVmp : Match on catch block at 0xc3 in for 0x7c40cb3025
03-26 09:00:32.902 24037 24037 E ArmVmp : Match on catch block at 0xc3 in for 0x7c40cb3025
03-26 09:00:32.905 24037 24037 E ArmVmp : Match on catch block at 0xc3 in for 0x7c40cb3025
03-26 09:00:33.182 24037 24037 E ArmVmp : Match on catch block at 0xc3 in for 0x7c40cb3025
03-26 09:00:33.184 24037 24037 E ArmVmp : Match on catch block at 0xc3 in for 0x7c40cb3025
03-26 09:00:33.415 24037 24037 E ArmVmp : Match on catch block at 0xc3 in for 0x7c40cb3025
03-26 09:00:33.420 24037 24037 E ArmVmp : Match on catch block at 0xc3 in for 0x7c40cb3025
03-26 09:00:33.431 24037 24037 E ArmVmp : Match on catch block at 0xc3 in for 0x7c40cb3025
03-26 09:00:33.434 24037 24037 E ArmVmp : Match on catch block at 0xc3 in for 0x7c40cb3025
03-26 09:00:33.448 24037 24037 E ArmVmp : Match on catch block at 0xc3 in for 0x7c40cb3025
03-26 09:00:33.451 24037 24037 E ArmVmp : Match on catch block at 0xc3 in for 0x7c40cb3025
03-26 09:00:33.465 24037 24037 E ArmVmp : Match on catch block at 0xc3 in for 0x7c40cb3025
03-26 09:00:33.467 24037 24037 E ArmVmp : Match on catch block at 0xc3 in for 0x7c40cb3025
03-26 09:00:33.481 24037 24037 E ArmVmp : Match on catch block at 0xc3 in for 0x7c40cb3025
03-26 09:00:33.484 24037 24037 E ArmVmp : Match on catch block at 0xc3 in for 0x7c40cb3025
03-26 09:00:33.498 24037 24037 E ArmVmp : Match on catch block at 0xc3 in for 0x7c40cb3025
03-26 09:00:33.501 24037 24037 E ArmVmp : Match on catch block at 0xc3 in for 0x7c40cb3025
03-26 09:00:33.515 24037 24037 E ArmVmp : Match on catch block at 0xc3 in for 0x7c40cb3025
03-26 09:00:33.517 24037 24037 E ArmVmp : Match on catch block at 0xc3 in for 0x7c40cb3025
03-26 09:00:33.531 24037 24037 E ArmVmp : Match on catch block at 0xc3 in for 0x7c40cb3025
03-26 09:00:33.534 24037 24037 E ArmVmp : Match on catch block at 0xc3 in for 0x7c40cb3025
03-26 09:00:33.548 24037 24037 E ArmVmp : Match on catch block at 0xc3 in for 0x7c40cb3025
03-26 09:00:33.550 24037 24037 E ArmVmp : Match on catch block at 0xc3 in for 0x7c40cb3025
03-26 09:00:33.565 24037 24037 E ArmVmp : Match on catch block at 0xc3 in for 0x7c40cb3025
03-26 09:00:33.568 24037 24037 E ArmVmp : Match on catch block at 0xc3 in for 0x7c40cb3025
03-26 09:00:33.584 24037 24037 E ArmVmp : Match on catch block at 0xc3 in for 0x7c40cb3025
03-26 09:00:33.589 24037 24037 E ArmVmp : Match on catch block at 0xc3 in for 0x7c40cb3025
03-26 09:00:33.599 24037 24037 E ArmVmp : Match on catch block at 0xc3 in for 0x7c40cb3025
03-26 09:00:33.604 24037 24037 E ArmVmp : Match on catch block at 0xc3 in for 0x7c40cb3025
03-26 09:00:33.616 24037 24037 E ArmVmp : Match on catch block at 0xc3 in for 0x7c40cb3025
03-26 09:00:33.620 24037 24037 E ArmVmp : Match on catch block at 0xc3 in for 0x7c40cb3025
03-26 09:00:33.632 24037 24037 E ArmVmp : Match on catch block at 0xc3 in for 0x7c40cb3025
03-26 09:00:33.637 24037 24037 E ArmVmp : Match on catch block at 0xc3 in for 0x7c40cb3025
03-26 09:00:33.649 24037 24037 E ArmVmp : Match on catch block at 0xc3 in for 0x7c40cb3025
03-26 09:00:33.656 24037 24037 E ArmVmp : Match on catch block at 0xc3 in for 0x7c40cb3025
03-26 09:00:33.666 24037 24037 E ArmVmp : Match on catch block at 0xc3 in for 0x7c40cb3025
03-26 09:00:33.673 24037 24037 E ArmVmp : Match on catch block at 0xc3 in for 0x7c40cb3025
03-26 09:00:33.683 24037 24037 E ArmVmp : Match on catch block at 0xc3 in for 0x7c40cb3025
03-26 09:00:33.687 24037 24037 E ArmVmp : Match on catch block at 0xc3 in for 0x7c40cb3025
03-26 09:00:33.700 24037 24037 E ArmVmp : Match on catch block at 0xc3 in for 0x7c40cb3025
03-26 09:00:33.704 24037 24037 E ArmVmp : Match on catch block at 0xc3 in for 0x7c40cb3025
03-26 09:00:33.716 24037 24037 E ArmVmp : Match on catch block at 0xc3 in for 0x7c40cb3025
03-26 09:00:33.720 24037 24037 E ArmVmp : Match on catch block at 0xc3 in for 0x7c40cb3025
03-26 09:00:33.733 24037 24037 E ArmVmp : Match on catch block at 0xc3 in for 0x7c40cb3025
03-26 09:00:33.738 24037 24037 E ArmVmp : Match on catch block at 0xc3 in for 0x7c40cb3025
03-26 09:00:33.749 24037 24037 E ArmVmp : Match on catch block at 0xc3 in for 0x7c40cb3025
03-26 09:00:33.753 24037 24037 E ArmVmp : Match on catch block at 0xc3 in for 0x7c40cb3025
03-26 09:00:33.767 24037 24037 E ArmVmp : Match on catch block at 0xc3 in for 0x7c40cb3025
03-26 09:00:33.771 24037 24037 E ArmVmp : Match on catch block at 0xc3 in for 0x7c40cb3025
03-26 09:00:33.784 24037 24037 E ArmVmp : Match on catch block at 0xc3 in for 0x7c40cb3025
03-26 09:00:33.788 24037 24037 E ArmVmp : Match on catch block at 0xc3 in for 0x7c40cb3025
03-26 09:00:33.799 24037 24037 E ArmVmp : Match on catch block at 0xc3 in for 0x7c40cb3025
03-26 09:00:33.804 24037 24037 E ArmVmp : Match on catch block at 0xc3 in for 0x7c40cb3025
03-26 09:00:33.816 24037 24037 E ArmVmp : Match on catch block at 0xc3 in for 0x7c40cb3025
03-26 09:00:33.821 24037 24037 E ArmVmp : Match on catch block at 0xc3 in for 0x7c40cb3025
03-26 09:00:33.833 24037 24037 E ArmVmp : Match on catch block at 0xc3 in for 0x7c40cb3025
03-26 09:00:33.838 24037 24037 E ArmVmp : Match on catch block at 0xc3 in for 0x7c40cb3025
03-26 09:00:33.916 24037 24037 E ArmVmp : Match on catch block at 0xc3 in for 0x7c40cb3025
03-26 09:00:33.921 24037 24037 E ArmVmp : Match on catch block at 0xc3 in for 0x7c40cb3025
03-26 09:00:34.282 24037 24037 E ArmVmp : Match on catch block at 0xc3 in for 0x7c40cb3025
03-26 09:00:34.285 24037 24037 E ArmVmp : Match on catch block at 0xc3 in for 0x7c40cb3025
03-26 09:00:34.699 24037 24037 E ArmVmp : Match on catch block at 0xc3 in for 0x7c40cb3025
03-26 09:00:34.702 24037 24037 E ArmVmp : Match on catch block at 0xc3 in for 0x7c40cb3025
03-26 09:00:34.932 24037 24037 E ArmVmp : Match on catch block at 0xc3 in for 0x7c40cb3025
03-26 09:00:34.934 24037 24037 E ArmVmp : Match on catch block at 0xc3 in for 0x7c40cb3025
03-26 09:00:35.117 24037 24037 E ArmVmp : Match on catch block at 0xc3 in for 0x7c40cb3025
03-26 09:00:35.120 24037 24037 E ArmVmp : Match on catch block at 0xc3 in for 0x7c40cb3025
03-26 09:00:35.315 24037 24037 E ArmVmp : Match on catch block at 0xc3 in for 0x7c40cb3025
03-26 09:00:35.317 24037 24037 E ArmVmp : Match on catch block at 0xc3 in for 0x7c40cb3025
03-26 09:00:35.565 24037 24037 E ArmVmp : Match on catch block at 0xc3 in for 0x7c40cb3025
03-26 09:00:35.569 24037 24037 E ArmVmp : Match on catch block at 0xc3 in for 0x7c40cb3025
03-26 09:00:35.838 24037 24037 E ArmVmp : Match on catch block at 0xc3 in for 0x7c40cb3025
03-26 09:00:35.840 24037 24037 E ArmVmp : Match on catch block at 0xc3 in for 0x7c40cb3025
03-26 09:00:35.849 24037 24037 E ArmVmp : Match on catch block at 0xc3 in for 0x7c40cb3025
03-26 09:00:35.852 24037 24037 E ArmVmp : Match on catch block at 0xc3 in for 0x7c40cb3025
03-26 09:00:36.099 24037 24037 E ArmVmp : Match on catch block at 0xc3 in for 0x7c40cb3025
03-26 09:00:36.102 24037 24037 E ArmVmp : Match on catch block at 0xc3 in for 0x7c40cb3025
03-26 09:00:36.600 24037 24037 E ArmVmp : Match on catch block at 0xc3 in for 0x7c40cb3025
03-26 09:00:36.603 24037 24037 E ArmVmp : Match on catch block at 0xc3 in for 0x7c40cb3025
03-26 09:00:36.716 24037 24037 E ArmVmp : Match on catch block at 0xc3 in for 0x7c40cb3025
03-26 09:00:36.719 24037 24037 E ArmVmp : Match on catch block at 0xc3 in for 0x7c40cb3025
03-26 09:00:37.048 24037 24037 E ArmVmp : Match on catch block at 0xc3 in for 0x7c40cb3025
03-26 09:00:37.054 24037 24037 E ArmVmp : Match on catch block at 0xc3 in for 0x7c40cb3025
03-26 09:00:37.365 24037 24037 E ArmVmp : Match on catch block at 0xc3 in for 0x7c40cb3025
03-26 09:00:37.368 24037 24037 E ArmVmp : Match on catch block at 0xc3 in for 0x7c40cb3025
03-26 09:00:37.388 24037 24037 E ArmVmp : Match on catch block at 0xc3 in for 0x7c40cb3025
03-26 09:00:37.390 24037 24037 E ArmVmp : Match on catch block at 0xc3 in for 0x7c40cb3025
03-26 09:00:37.401 24037 24037 E ArmVmp : Match on catch block at 0xc3 in for 0x7c40cb3025
03-26 09:00:37.403 24037 24037 E ArmVmp : Match on catch block at 0xc3 in for 0x7c40cb3025
03-26 09:00:37.415 24037 24037 E ArmVmp : Match on catch block at 0xc3 in for 0x7c40cb3025
03-26 09:00:37.419 24037 24037 E ArmVmp : Match on catch block at 0xc3 in for 0x7c40cb3025
03-26 09:00:37.449 24037 24037 E ArmVmp : Match on catch block at 0xc3 in for 0x7c40cb3025
03-26 09:00:37.451 24037 24037 E ArmVmp : Match on catch block at 0xc3 in for 0x7c40cb3025
03-26 09:00:37.466 24037 24037 E ArmVmp : Match on catch block at 0xc3 in for 0x7c40cb3025
03-26 09:00:37.467 24037 24037 E ArmVmp : Match on catch block at 0xc3 in for 0x7c40cb3025
03-26 09:00:37.481 24037 24037 E ArmVmp : Match on catch block at 0xc3 in for 0x7c40cb3025
03-26 09:00:37.482 24037 24037 E ArmVmp : Match on catch block at 0xc3 in for 0x7c40cb3025
03-26 09:00:37.498 24037 24037 E ArmVmp : Match on catch block at 0xc3 in for 0x7c40cb3025
03-26 09:00:37.500 24037 24037 E ArmVmp : Match on catch block at 0xc3 in for 0x7c40cb3025
03-26 09:00:37.515 24037 24037 E ArmVmp : Match on catch block at 0xc3 in for 0x7c40cb3025
03-26 09:00:37.520 24037 24037 E ArmVmp : Match on catch block at 0xc3 in for 0x7c40cb3025
03-26 09:00:37.532 24037 24037 E ArmVmp : Match on catch block at 0xc3 in for 0x7c40cb3025
03-26 09:00:37.536 24037 24037 E ArmVmp : Match on catch block at 0xc3 in for 0x7c40cb3025
03-26 09:00:37.549 24037 24037 E ArmVmp : Match on catch block at 0xc3 in for 0x7c40cb3025
03-26 09:00:37.552 24037 24037 E ArmVmp : Match on catch block at 0xc3 in for 0x7c40cb3025
03-26 09:00:37.566 24037 24037 E ArmVmp : Match on catch block at 0xc3 in for 0x7c40cb3025
03-26 09:00:37.569 24037 24037 E ArmVmp : Match on catch block at 0xc3 in for 0x7c40cb3025
03-26 09:00:37.583 24037 24037 E ArmVmp : Match on catch block at 0xc3 in for 0x7c40cb3025
03-26 09:00:37.588 24037 24037 E ArmVmp : Match on catch block at 0xc3 in for 0x7c40cb3025
03-26 09:00:37.636 24037 24037 E ArmVmp : Match on catch block at 0xc3 in for 0x7c40cb3025
03-26 09:00:37.640 24037 24037 E ArmVmp : Match on catch block at 0xc3 in for 0x7c40cb3025
03-26 09:00:37.649 24037 31994 W MediaPlayer: Use of stream types is deprecated for operations other than volume control
03-26 09:00:37.649 24037 31994 W MediaPlayer: See the documentation of setAudioStreamType() for what to use instead with android.media.AudioAttributes to qualify your playback use case
03-26 09:00:37.671 24037 24050 W MediaPlayerNative: info/warning (10973, 0)
03-26 09:00:37.868 24037 24037 E ArmVmp : Match on catch block at 0xc3 in for 0x7c40cb3025
03-26 09:00:37.871 24037 24037 E ArmVmp : Match on catch block at 0xc3 in for 0x7c40cb3025
03-26 09:00:37.881 24037 24037 E ArmVmp : Match on catch block at 0xc3 in for 0x7c40cb3025
03-26 09:00:37.883 24037 24037 E ArmVmp : Match on catch block at 0xc3 in for 0x7c40cb3025
03-26 09:00:37.898 24037 24037 E ArmVmp : Match on catch block at 0xc3 in for 0x7c40cb3025
03-26 09:00:37.899 24037 24037 E ArmVmp : Match on catch block at 0xc3 in for 0x7c40cb3025
03-26 09:00:37.916 24037 24037 E ArmVmp : Match on catch block at 0xc3 in for 0x7c40cb3025
03-26 09:00:37.918 24037 24037 E ArmVmp : Match on catch block at 0xc3 in for 0x7c40cb3025
03-26 09:00:37.932 24037 24037 E ArmVmp : Match on catch block at 0xc3 in for 0x7c40cb3025
03-26 09:00:37.934 24037 24037 E ArmVmp : Match on catch block at 0xc3 in for 0x7c40cb3025
03-26 09:00:37.949 24037 24037 E ArmVmp : Match on catch block at 0xc3 in for 0x7c40cb3025
03-26 09:00:37.951 24037 24037 E ArmVmp : Match on catch block at 0xc3 in for 0x7c40cb3025
03-26 09:00:37.965 24037 24037 E ArmVmp : Match on catch block at 0xc3 in for 0x7c40cb3025
03-26 09:00:37.967 24037 24037 E ArmVmp : Match on catch block at 0xc3 in for 0x7c40cb3025
03-26 09:00:37.982 24037 24037 E ArmVmp : Match on catch block at 0xc3 in for 0x7c40cb3025
03-26 09:00:37.984 24037 24037 E ArmVmp : Match on catch block at 0xc3 in for 0x7c40cb3025
03-26 09:00:37.998 24037 24037 E ArmVmp : Match on catch block at 0xc3 in for 0x7c40cb3025
03-26 09:00:38.000 24037 24037 E ArmVmp : Match on catch block at 0xc3 in for 0x7c40cb3025
03-26 09:00:38.015 24037 24037 E ArmVmp : Match on catch block at 0xc3 in for 0x7c40cb3025
03-26 09:00:38.017 24037 24037 E ArmVmp : Match on catch block at 0xc3 in for 0x7c40cb3025
03-26 09:00:38.031 24037 24037 E ArmVmp : Match on catch block at 0xc3 in for 0x7c40cb3025
03-26 09:00:38.034 24037 24037 E ArmVmp : Match on catch block at 0xc3 in for 0x7c40cb3025
03-26 09:00:38.049 24037 24037 E ArmVmp : Match on catch block at 0xc3 in for 0x7c40cb3025
03-26 09:00:38.054 24037 24037 E ArmVmp : Match on catch block at 0xc3 in for 0x7c40cb3025
03-26 09:00:38.065 24037 24037 E ArmVmp : Match on catch block at 0xc3 in for 0x7c40cb3025
03-26 09:00:38.068 24037 24037 E ArmVmp : Match on catch block at 0xc3 in for 0x7c40cb3025
03-26 09:00:38.115 24037 24037 E ArmVmp : Match on catch block at 0xc3 in for 0x7c40cb3025
03-26 09:00:38.117 24037 24037 E ArmVmp : Match on catch block at 0xc3 in for 0x7c40cb3025
03-26 09:00:38.165 24037 24037 E ArmVmp : Match on catch block at 0xc3 in for 0x7c40cb3025
03-26 09:00:38.169 24037 24037 E ArmVmp : Match on catch block at 0xc3 in for 0x7c40cb3025
03-26 09:00:38.232 24037 24037 E ArmVmp : Match on catch block at 0xc3 in for 0x7c40cb3025
03-26 09:00:38.235 24037 24037 E ArmVmp : Match on catch block at 0xc3 in for 0x7c40cb3025
03-26 09:00:38.315 24037 24037 E ArmVmp : Match on catch block at 0xc3 in for 0x7c40cb3025
03-26 09:00:38.317 24037 24037 E ArmVmp : Match on catch block at 0xc3 in for 0x7c40cb3025
03-26 09:00:38.398 24037 24037 E ArmVmp : Match on catch block at 0xc3 in for 0x7c40cb3025
03-26 09:00:38.401 24037 24037 E ArmVmp : Match on catch block at 0xc3 in for 0x7c40cb3025
03-26 09:00:38.448 24037 24037 E ArmVmp : Match on catch block at 0xc3 in for 0x7c40cb3025
03-26 09:00:38.452 24037 24037 E ArmVmp : Match on catch block at 0xc3 in for 0x7c40cb3025
03-26 09:00:38.765 24037 24037 E ArmVmp : Match on catch block at 0xc3 in for 0x7c40cb3025
03-26 09:00:38.767 24037 24037 E ArmVmp : Match on catch block at 0xc3 in for 0x7c40cb3025
03-26 09:00:38.784 24037 24037 E ArmVmp : Match on catch block at 0xc3 in for 0x7c40cb3025
03-26 09:00:38.787 24037 24037 E ArmVmp : Match on catch block at 0xc3 in for 0x7c40cb3025
03-26 09:00:38.801 24037 24037 E ArmVmp : Match on catch block at 0xc3 in for 0x7c40cb3025
03-26 09:00:38.803 24037 24037 E ArmVmp : Match on catch block at 0xc3 in for 0x7c40cb3025
03-26 09:00:38.834 24037 24037 E ArmVmp : Match on catch block at 0xc3 in for 0x7c40cb3025
03-26 09:00:38.836 24037 24037 E ArmVmp : Match on catch block at 0xc3 in for 0x7c40cb3025
03-26 09:00:38.856 24037 24037 E ArmVmp : Match on catch block at 0xc3 in for 0x7c40cb3025
03-26 09:00:38.859 24037 24037 E ArmVmp : Match on catch block at 0xc3 in for 0x7c40cb3025
03-26 09:00:38.865 24037 24037 E ArmVmp : Match on catch block at 0xc3 in for 0x7c40cb3025
03-26 09:00:38.867 24037 24037 E ArmVmp : Match on catch block at 0xc3 in for 0x7c40cb3025
03-26 09:00:38.882 24037 24037 E ArmVmp : Match on catch block at 0xc3 in for 0x7c40cb3025
03-26 09:00:38.884 24037 24037 E ArmVmp : Match on catch block at 0xc3 in for 0x7c40cb3025
03-26 09:00:38.898 24037 24037 E ArmVmp : Match on catch block at 0xc3 in for 0x7c40cb3025
03-26 09:00:38.900 24037 24037 E ArmVmp : Match on catch block at 0xc3 in for 0x7c40cb3025
03-26 09:00:38.915 24037 24037 E ArmVmp : Match on catch block at 0xc3 in for 0x7c40cb3025
03-26 09:00:38.917 24037 24037 E ArmVmp : Match on catch block at 0xc3 in for 0x7c40cb3025
03-26 09:00:38.931 24037 24037 E ArmVmp : Match on catch block at 0xc3 in for 0x7c40cb3025
03-26 09:00:38.934 24037 24037 E ArmVmp : Match on catch block at 0xc3 in for 0x7c40cb3025
03-26 09:00:38.948 24037 24037 E ArmVmp : Match on catch block at 0xc3 in for 0x7c40cb3025
03-26 09:00:38.951 24037 24037 E ArmVmp : Match on catch block at 0xc3 in for 0x7c40cb3025
03-26 09:00:38.965 24037 24037 E ArmVmp : Match on catch block at 0xc3 in for 0x7c40cb3025
03-26 09:00:38.968 24037 24037 E ArmVmp : Match on catch block at 0xc3 in for 0x7c40cb3025
03-26 09:00:38.982 24037 24037 E ArmVmp : Match on catch block at 0xc3 in for 0x7c40cb3025
03-26 09:00:38.985 24037 24037 E ArmVmp : Match on catch block at 0xc3 in for 0x7c40cb3025
03-26 09:00:38.999 24037 24037 E ArmVmp : Match on catch block at 0xc3 in for 0x7c40cb3025
03-26 09:00:39.001 24037 24037 E ArmVmp : Match on catch block at 0xc3 in for 0x7c40cb3025
03-26 09:00:39.006 24037 31994 W MediaPlayer: Use of stream types is deprecated for operations other than volume control
03-26 09:00:39.006 24037 31994 W MediaPlayer: See the documentation of setAudioStreamType() for what to use instead with android.media.AudioAttributes to qualify your playback use case
03-26 09:00:39.018 24037 24050 W MediaPlayerNative: info/warning (10973, 0)
03-26 09:00:39.282 24037 24037 E ArmVmp : Match on catch block at 0xc3 in for 0x7c40cb3025
03-26 09:00:39.284 24037 24037 E ArmVmp : Match on catch block at 0xc3 in for 0x7c40cb3025
03-26 09:00:39.549 24037 24037 E ArmVmp : Match on catch block at 0xc3 in for 0x7c40cb3025
03-26 09:00:39.552 24037 24037 E ArmVmp : Match on catch block at 0xc3 in for 0x7c40cb3025
03-26 09:00:39.566 24037 24037 E ArmVmp : Match on catch block at 0xc3 in for 0x7c40cb3025
03-26 09:00:39.569 24037 24037 E ArmVmp : Match on catch block at 0xc3 in for 0x7c40cb3025
03-26 09:00:39.781 24037 24037 E ArmVmp : Match on catch block at 0xc3 in for 0x7c40cb3025
03-26 09:00:39.784 24037 24037 E ArmVmp : Match on catch block at 0xc3 in for 0x7c40cb3025
03-26 09:00:40.001 24037 24037 E ArmVmp : Match on catch block at 0xc3 in for 0x7c40cb3025
03-26 09:00:40.003 24037 24037 E ArmVmp : Match on catch block at 0xc3 in for 0x7c40cb3025
03-26 09:00:40.015 24037 24037 E ArmVmp : Match on catch block at 0xc3 in for 0x7c40cb3025
03-26 09:00:40.017 24037 24037 E ArmVmp : Match on catch block at 0xc3 in for 0x7c40cb3025
03-26 09:00:40.031 24037 24037 E ArmVmp : Match on catch block at 0xc3 in for 0x7c40cb3025
03-26 09:00:40.034 24037 24037 E ArmVmp : Match on catch block at 0xc3 in for 0x7c40cb3025
03-26 09:00:40.048 24037 24037 E ArmVmp : Match on catch block at 0xc3 in for 0x7c40cb3025
03-26 09:00:40.051 24037 24037 E ArmVmp : Match on catch block at 0xc3 in for 0x7c40cb3025
03-26 09:00:40.065 24037 24037 E ArmVmp : Match on catch block at 0xc3 in for 0x7c40cb3025
03-26 09:00:40.067 24037 24037 E ArmVmp : Match on catch block at 0xc3 in for 0x7c40cb3025
03-26 09:00:40.081 24037 24037 E ArmVmp : Match on catch block at 0xc3 in for 0x7c40cb3025
03-26 09:00:40.084 24037 24037 E ArmVmp : Match on catch block at 0xc3 in for 0x7c40cb3025
03-26 09:00:40.098 24037 24037 E ArmVmp : Match on catch block at 0xc3 in for 0x7c40cb3025
03-26 09:00:40.101 24037 24037 E ArmVmp : Match on catch block at 0xc3 in for 0x7c40cb3025
03-26 09:00:40.116 24037 24037 E ArmVmp : Match on catch block at 0xc3 in for 0x7c40cb3025
03-26 09:00:40.119 24037 24037 E ArmVmp : Match on catch block at 0xc3 in for 0x7c40cb3025
03-26 09:00:40.132 24037 24037 E ArmVmp : Match on catch block at 0xc3 in for 0x7c40cb3025
03-26 09:00:40.139 24037 24037 E ArmVmp : Match on catch block at 0xc3 in for 0x7c40cb3025
03-26 09:00:40.149 24037 24037 E ArmVmp : Match on catch block at 0xc3 in for 0x7c40cb3025
03-26 09:00:40.154 24037 24037 E ArmVmp : Match on catch block at 0xc3 in for 0x7c40cb3025
03-26 09:00:40.164 24037 24037 E ArmVmp : Match on catch block at 0xc3 in for 0x7c40cb3025
03-26 09:00:40.166 24037 24037 E ArmVmp : Match on catch block at 0xc3 in for 0x7c40cb3025
03-26 09:00:40.183 24037 24037 E ArmVmp : Match on catch block at 0xc3 in for 0x7c40cb3025
03-26 09:00:40.184 24037 24037 E ArmVmp : Match on catch block at 0xc3 in for 0x7c40cb3025
03-26 09:00:40.199 24037 24037 E ArmVmp : Match on catch block at 0xc3 in for 0x7c40cb3025
03-26 09:00:40.201 24037 24037 E ArmVmp : Match on catch block at 0xc3 in for 0x7c40cb3025
03-26 09:00:40.248 24037 24037 E ArmVmp : Match on catch block at 0xc3 in for 0x7c40cb3025
03-26 09:00:40.251 24037 24037 E ArmVmp : Match on catch block at 0xc3 in for 0x7c40cb3025
03-26 09:00:40.398 24037 24037 E ArmVmp : Match on catch block at 0xc3 in for 0x7c40cb3025
03-26 09:00:40.401 24037 24037 E ArmVmp : Match on catch block at 0xc3 in for 0x7c40cb3025
03-26 09:00:40.566 24037 24037 E ArmVmp : Match on catch block at 0xc3 in for 0x7c40cb3025
03-26 09:00:40.568 24037 24037 E ArmVmp : Match on catch block at 0xc3 in for 0x7c40cb3025
03-26 09:00:40.898 24037 24037 E ArmVmp : Match on catch block at 0xc3 in for 0x7c40cb3025
03-26 09:00:40.901 24037 24037 E ArmVmp : Match on catch block at 0xc3 in for 0x7c40cb3025
03-26 09:00:40.920 24037 24037 E ArmVmp : Match on catch block at 0xc3 in for 0x7c40cb3025
03-26 09:00:40.922 24037 24037 E ArmVmp : Match on catch block at 0xc3 in for 0x7c40cb3025
03-26 09:00:40.934 24037 24037 E ArmVmp : Match on catch block at 0xc3 in for 0x7c40cb3025
03-26 09:00:40.937 24037 24037 E ArmVmp : Match on catch block at 0xc3 in for 0x7c40cb3025
03-26 09:00:40.966 24037 24037 E ArmVmp : Match on catch block at 0xc3 in for 0x7c40cb3025
03-26 09:00:40.969 24037 24037 E ArmVmp : Match on catch block at 0xc3 in for 0x7c40cb3025
03-26 09:00:40.987 24037 24037 E ArmVmp : Match on catch block at 0xc3 in for 0x7c40cb3025
03-26 09:00:40.989 24037 24037 E ArmVmp : Match on catch block at 0xc3 in for 0x7c40cb3025
03-26 09:00:40.997 24037 24037 E ArmVmp : Match on catch block at 0xc3 in for 0x7c40cb3025
03-26 09:00:40.999 24037 24037 E ArmVmp : Match on catch block at 0xc3 in for 0x7c40cb3025
03-26 09:00:41.014 24037 24037 E ArmVmp : Match on catch block at 0xc3 in for 0x7c40cb3025
03-26 09:00:41.016 24037 24037 E ArmVmp : Match on catch block at 0xc3 in for 0x7c40cb3025
03-26 09:00:41.031 24037 24037 E ArmVmp : Match on catch block at 0xc3 in for 0x7c40cb3025
03-26 09:00:41.034 24037 24037 E ArmVmp : Match on catch block at 0xc3 in for 0x7c40cb3025
03-26 09:00:41.049 24037 24037 E ArmVmp : Match on catch block at 0xc3 in for 0x7c40cb3025
03-26 09:00:41.051 24037 24037 E ArmVmp : Match on catch block at 0xc3 in for 0x7c40cb3025
03-26 09:00:41.066 24037 24037 E ArmVmp : Match on catch block at 0xc3 in for 0x7c40cb3025
03-26 09:00:41.070 24037 24037 E ArmVmp : Match on catch block at 0xc3 in for 0x7c40cb3025
03-26 09:00:41.083 24037 24037 E ArmVmp : Match on catch block at 0xc3 in for 0x7c40cb3025
03-26 09:00:41.088 24037 24037 E ArmVmp : Match on catch block at 0xc3 in for 0x7c40cb3025
03-26 09:00:41.100 24037 24037 E ArmVmp : Match on catch block at 0xc3 in for 0x7c40cb3025
03-26 09:00:41.104 24037 24037 E ArmVmp : Match on catch block at 0xc3 in for 0x7c40cb3025
03-26 09:00:41.116 24037 24037 E ArmVmp : Match on catch block at 0xc3 in for 0x7c40cb3025
03-26 09:00:41.121 24037 24037 E ArmVmp : Match on catch block at 0xc3 in for 0x7c40cb3025
03-26 09:00:41.219 24037 24037 E ArmVmp : Match on catch block at 0xc3 in for 0x7c40cb3025
03-26 09:00:41.223 24037 24037 E ArmVmp : Match on catch block at 0xc3 in for 0x7c40cb3025
03-26 09:00:41.236 24037 31994 W MediaPlayer: Use of stream types is deprecated for operations other than volume control
03-26 09:00:41.236 24037 31994 W MediaPlayer: See the documentation of setAudioStreamType() for what to use instead with android.media.AudioAttributes to qualify your playback use case
03-26 09:00:41.257 24037 24052 W MediaPlayerNative: info/warning (10973, 0)
03-26 09:00:41.416 24037 24037 E ArmVmp : Match on catch block at 0xc3 in for 0x7c40cb3025
03-26 09:00:41.421 24037 24037 E ArmVmp : Match on catch block at 0xc3 in for 0x7c40cb3025
03-26 09:00:41.451 24037 24037 E ArmVmp : Match on catch block at 0xc3 in for 0x7c40cb3025
03-26 09:00:41.455 24037 24037 E ArmVmp : Match on catch block at 0xc3 in for 0x7c40cb3025
03-26 09:00:41.484 24037 24037 E ArmVmp : Match on catch block at 0xc3 in for 0x7c40cb3025
03-26 09:00:41.488 24037 24037 E ArmVmp : Match on catch block at 0xc3 in for 0x7c40cb3025
03-26 09:00:41.916 24037 24037 E ArmVmp : Match on catch block at 0xc3 in for 0x7c40cb3025
03-26 09:00:41.918 24037 24037 E ArmVmp : Match on catch block at 0xc3 in for 0x7c40cb3025
03-26 09:00:41.931 24037 24037 E ArmVmp : Match on catch block at 0xc3 in for 0x7c40cb3025
03-26 09:00:41.934 24037 24037 E ArmVmp : Match on catch block at 0xc3 in for 0x7c40cb3025
03-26 09:00:41.948 24037 24037 E ArmVmp : Match on catch block at 0xc3 in for 0x7c40cb3025
03-26 09:00:41.951 24037 24037 E ArmVmp : Match on catch block at 0xc3 in for 0x7c40cb3025
03-26 09:00:41.965 24037 24037 E ArmVmp : Match on catch block at 0xc3 in for 0x7c40cb3025
03-26 09:00:41.967 24037 24037 E ArmVmp : Match on catch block at 0xc3 in for 0x7c40cb3025
03-26 09:00:41.981 24037 24037 E ArmVmp : Match on catch block at 0xc3 in for 0x7c40cb3025
03-26 09:00:41.984 24037 24037 E ArmVmp : Match on catch block at 0xc3 in for 0x7c40cb3025
03-26 09:00:41.998 24037 24037 E ArmVmp : Match on catch block at 0xc3 in for 0x7c40cb3025
03-26 09:00:42.001 24037 24037 E ArmVmp : Match on catch block at 0xc3 in for 0x7c40cb3025
03-26 09:00:42.015 24037 24037 E ArmVmp : Match on catch block at 0xc3 in for 0x7c40cb3025
03-26 09:00:42.018 24037 24037 E ArmVmp : Match on catch block at 0xc3 in for 0x7c40cb3025
03-26 09:00:42.033 24037 24037 E ArmVmp : Match on catch block at 0xc3 in for 0x7c40cb3025
03-26 09:00:42.040 24037 24037 E ArmVmp : Match on catch block at 0xc3 in for 0x7c40cb3025
03-26 09:00:42.048 24037 24037 E ArmVmp : Match on catch block at 0xc3 in for 0x7c40cb3025
03-26 09:00:42.053 24037 24037 E ArmVmp : Match on catch block at 0xc3 in for 0x7c40cb3025
03-26 09:00:42.065 24037 24037 E ArmVmp : Match on catch block at 0xc3 in for 0x7c40cb3025
03-26 09:00:42.068 24037 24037 E ArmVmp : Match on catch block at 0xc3 in for 0x7c40cb3025
03-26 09:00:42.082 24037 24037 E ArmVmp : Match on catch block at 0xc3 in for 0x7c40cb3025
03-26 09:00:42.084 24037 24037 E ArmVmp : Match on catch block at 0xc3 in for 0x7c40cb3025
03-26 09:00:42.098 24037 24037 E ArmVmp : Match on catch block at 0xc3 in for 0x7c40cb3025
03-26 09:00:42.101 24037 24037 E ArmVmp : Match on catch block at 0xc3 in for 0x7c40cb3025
03-26 09:00:42.115 24037 24037 E ArmVmp : Match on catch block at 0xc3 in for 0x7c40cb3025
03-26 09:00:42.119 24037 24037 E ArmVmp : Match on catch block at 0xc3 in for 0x7c40cb3025
03-26 09:00:42.132 24037 24037 E ArmVmp : Match on catch block at 0xc3 in for 0x7c40cb3025
03-26 09:00:42.136 24037 24037 E ArmVmp : Match on catch block at 0xc3 in for 0x7c40cb3025
03-26 09:00:42.299 24037 24037 E ArmVmp : Match on catch block at 0xc3 in for 0x7c40cb3025
03-26 09:00:42.303 24037 24037 E ArmVmp : Match on catch block at 0xc3 in for 0x7c40cb3025
03-26 09:00:42.598 24037 24037 E ArmVmp : Match on catch block at 0xc3 in for 0x7c40cb3025
03-26 09:00:42.602 24037 24037 E ArmVmp : Match on catch block at 0xc3 in for 0x7c40cb3025
03-26 09:00:42.749 24037 24037 E ArmVmp : Match on catch block at 0xc3 in for 0x7c40cb3025
03-26 09:00:42.752 24037 24037 E ArmVmp : Match on catch block at 0xc3 in for 0x7c40cb3025
03-26 09:00:42.848 24037 24037 E ArmVmp : Match on catch block at 0xc3 in for 0x7c40cb3025
03-26 09:00:42.852 24037 24037 E ArmVmp : Match on catch block at 0xc3 in for 0x7c40cb3025
03-26 09:00:43.065 24037 24037 E ArmVmp : Match on catch block at 0xc3 in for 0x7c40cb3025
03-26 09:00:43.068 24037 24037 E ArmVmp : Match on catch block at 0xc3 in for 0x7c40cb3025
03-26 09:00:43.498 24037 24037 E ArmVmp : Match on catch block at 0xc3 in for 0x7c40cb3025
03-26 09:00:43.501 24037 24037 E ArmVmp : Match on catch block at 0xc3 in for 0x7c40cb3025
03-26 09:00:43.518 24037 24037 E ArmVmp : Match on catch block at 0xc3 in for 0x7c40cb3025
03-26 09:00:43.522 24037 24037 E ArmVmp : Match on catch block at 0xc3 in for 0x7c40cb3025
03-26 09:00:43.536 24037 24037 E ArmVmp : Match on catch block at 0xc3 in for 0x7c40cb3025
03-26 09:00:43.539 24037 24037 E ArmVmp : Match on catch block at 0xc3 in for 0x7c40cb3025
03-26 09:00:43.567 24037 24037 E ArmVmp : Match on catch block at 0xc3 in for 0x7c40cb3025
03-26 09:00:43.571 24037 24037 E ArmVmp : Match on catch block at 0xc3 in for 0x7c40cb3025
03-26 09:00:43.583 24037 24037 E ArmVmp : Match on catch block at 0xc3 in for 0x7c40cb3025
03-26 09:00:43.587 24037 24037 E ArmVmp : Match on catch block at 0xc3 in for 0x7c40cb3025
03-26 09:00:43.598 24037 24037 E ArmVmp : Match on catch block at 0xc3 in for 0x7c40cb3025
03-26 09:00:43.600 24037 24037 E ArmVmp : Match on catch block at 0xc3 in for 0x7c40cb3025
03-26 09:00:43.614 24037 24037 E ArmVmp : Match on catch block at 0xc3 in for 0x7c40cb3025
03-26 09:00:43.616 24037 24037 E ArmVmp : Match on catch block at 0xc3 in for 0x7c40cb3025
03-26 09:00:43.632 24037 24037 E ArmVmp : Match on catch block at 0xc3 in for 0x7c40cb3025
03-26 09:00:43.635 24037 24037 E ArmVmp : Match on catch block at 0xc3 in for 0x7c40cb3025
03-26 09:00:43.649 24037 24037 E ArmVmp : Match on catch block at 0xc3 in for 0x7c40cb3025
03-26 09:00:43.653 24037 24037 E ArmVmp : Match on catch block at 0xc3 in for 0x7c40cb3025
03-26 09:00:43.666 24037 24037 E ArmVmp : Match on catch block at 0xc3 in for 0x7c40cb3025
03-26 09:00:43.669 24037 24037 E ArmVmp : Match on catch block at 0xc3 in for 0x7c40cb3025
03-26 09:00:43.683 24037 24037 E ArmVmp : Match on catch block at 0xc3 in for 0x7c40cb3025
03-26 09:00:43.686 24037 24037 E ArmVmp : Match on catch block at 0xc3 in for 0x7c40cb3025
03-26 09:00:43.700 24037 24037 E ArmVmp : Match on catch block at 0xc3 in for 0x7c40cb3025
03-26 09:00:43.704 24037 24037 E ArmVmp : Match on catch block at 0xc3 in for 0x7c40cb3025
03-26 09:00:43.717 24037 24037 E ArmVmp : Match on catch block at 0xc3 in for 0x7c40cb3025
03-26 09:00:43.721 24037 24037 E ArmVmp : Match on catch block at 0xc3 in for 0x7c40cb3025
03-26 09:00:43.735 24037 24037 E ArmVmp : Match on catch block at 0xc3 in for 0x7c40cb3025
03-26 09:00:43.740 24037 24037 E ArmVmp : Match on catch block at 0xc3 in for 0x7c40cb3025
03-26 09:00:43.747 24037 31994 W MediaPlayer: Use of stream types is deprecated for operations other than volume control
03-26 09:00:43.747 24037 31994 W MediaPlayer: See the documentation of setAudioStreamType() for what to use instead with android.media.AudioAttributes to qualify your playback use case
03-26 09:00:43.768 24037 24238 W MediaPlayerNative: info/warning (10973, 0)
03-26 09:00:43.919 24037 24037 E ArmVmp : Match on catch block at 0xc3 in for 0x7c40cb3025
03-26 09:00:43.924 24037 24037 E ArmVmp : Match on catch block at 0xc3 in for 0x7c40cb3025
03-26 09:00:43.952 24037 24037 E ArmVmp : Match on catch block at 0xc3 in for 0x7c40cb3025
03-26 09:00:43.957 24037 24037 E ArmVmp : Match on catch block at 0xc3 in for 0x7c40cb3025
03-26 09:00:44.016 24037 24037 E ArmVmp : Match on catch block at 0xc3 in for 0x7c40cb3025
03-26 09:00:44.021 24037 24037 E ArmVmp : Match on catch block at 0xc3 in for 0x7c40cb3025
03-26 09:00:44.266 24037 24037 E ArmVmp : Match on catch block at 0xc3 in for 0x7c40cb3025
03-26 09:00:44.269 24037 24037 E ArmVmp : Match on catch block at 0xc3 in for 0x7c40cb3025
03-26 09:00:44.282 24037 24037 E ArmVmp : Match on catch block at 0xc3 in for 0x7c40cb3025
03-26 09:00:44.284 24037 24037 E ArmVmp : Match on catch block at 0xc3 in for 0x7c40cb3025
03-26 09:00:44.298 24037 24037 E ArmVmp : Match on catch block at 0xc3 in for 0x7c40cb3025
03-26 09:00:44.301 24037 24037 E ArmVmp : Match on catch block at 0xc3 in for 0x7c40cb3025
03-26 09:00:44.315 24037 24037 E ArmVmp : Match on catch block at 0xc3 in for 0x7c40cb3025
03-26 09:00:44.318 24037 24037 E ArmVmp : Match on catch block at 0xc3 in for 0x7c40cb3025
03-26 09:00:44.332 24037 24037 E ArmVmp : Match on catch block at 0xc3 in for 0x7c40cb3025
03-26 09:00:44.334 24037 24037 E ArmVmp : Match on catch block at 0xc3 in for 0x7c40cb3025
03-26 09:00:44.348 24037 24037 E ArmVmp : Match on catch block at 0xc3 in for 0x7c40cb3025
03-26 09:00:44.352 24037 24037 E ArmVmp : Match on catch block at 0xc3 in for 0x7c40cb3025
03-26 09:00:44.365 24037 24037 E ArmVmp : Match on catch block at 0xc3 in for 0x7c40cb3025
03-26 09:00:44.368 24037 24037 E ArmVmp : Match on catch block at 0xc3 in for 0x7c40cb3025
03-26 09:00:44.383 24037 24037 E ArmVmp : Match on catch block at 0xc3 in for 0x7c40cb3025
03-26 09:00:44.386 24037 24037 E ArmVmp : Match on catch block at 0xc3 in for 0x7c40cb3025
03-26 09:00:44.399 24037 24037 E ArmVmp : Match on catch block at 0xc3 in for 0x7c40cb3025
03-26 09:00:44.402 24037 24037 E ArmVmp : Match on catch block at 0xc3 in for 0x7c40cb3025
03-26 09:00:44.416 24037 24037 E ArmVmp : Match on catch block at 0xc3 in for 0x7c40cb3025
03-26 09:00:44.418 24037 24037 E ArmVmp : Match on catch block at 0xc3 in for 0x7c40cb3025
03-26 09:00:44.432 24037 24037 E ArmVmp : Match on catch block at 0xc3 in for 0x7c40cb3025
03-26 09:00:44.434 24037 24037 E ArmVmp : Match on catch block at 0xc3 in for 0x7c40cb3025
03-26 09:00:44.448 24037 24037 E ArmVmp : Match on catch block at 0xc3 in for 0x7c40cb3025
03-26 09:00:44.451 24037 24037 E ArmVmp : Match on catch block at 0xc3 in for 0x7c40cb3025
03-26 09:00:44.465 24037 24037 E ArmVmp : Match on catch block at 0xc3 in for 0x7c40cb3025
03-26 09:00:44.468 24037 24037 E ArmVmp : Match on catch block at 0xc3 in for 0x7c40cb3025
03-26 09:00:44.582 24037 24037 E ArmVmp : Match on catch block at 0xc3 in for 0x7c40cb3025
03-26 09:00:44.585 24037 24037 E ArmVmp : Match on catch block at 0xc3 in for 0x7c40cb3025
03-26 09:00:44.883 24037 24037 E ArmVmp : Match on catch block at 0xc3 in for 0x7c40cb3025
03-26 09:00:44.886 24037 24037 E ArmVmp : Match on catch block at 0xc3 in for 0x7c40cb3025
03-26 09:00:44.901 24037 24037 E ArmVmp : Match on catch block at 0xc3 in for 0x7c40cb3025
03-26 09:00:44.904 24037 24037 E ArmVmp : Match on catch block at 0xc3 in for 0x7c40cb3025
03-26 09:00:44.918 24037 24037 E ArmVmp : Match on catch block at 0xc3 in for 0x7c40cb3025
03-26 09:00:44.921 24037 24037 E ArmVmp : Match on catch block at 0xc3 in for 0x7c40cb3025
03-26 09:00:44.952 24037 24037 E ArmVmp : Match on catch block at 0xc3 in for 0x7c40cb3025
03-26 09:00:44.954 24037 24037 E ArmVmp : Match on catch block at 0xc3 in for 0x7c40cb3025
03-26 09:00:44.967 24037 24037 E ArmVmp : Match on catch block at 0xc3 in for 0x7c40cb3025
03-26 09:00:44.971 24037 24037 E ArmVmp : Match on catch block at 0xc3 in for 0x7c40cb3025
03-26 09:00:44.981 24037 24037 E ArmVmp : Match on catch block at 0xc3 in for 0x7c40cb3025
03-26 09:00:44.983 24037 24037 E ArmVmp : Match on catch block at 0xc3 in for 0x7c40cb3025
03-26 09:00:44.998 24037 24037 E ArmVmp : Match on catch block at 0xc3 in for 0x7c40cb3025
03-26 09:00:45.000 24037 24037 E ArmVmp : Match on catch block at 0xc3 in for 0x7c40cb3025
03-26 09:00:45.015 24037 24037 E ArmVmp : Match on catch block at 0xc3 in for 0x7c40cb3025
03-26 09:00:45.017 24037 24037 E ArmVmp : Match on catch block at 0xc3 in for 0x7c40cb3025
03-26 09:00:45.032 24037 24037 E ArmVmp : Match on catch block at 0xc3 in for 0x7c40cb3025
03-26 09:00:45.036 24037 24037 E ArmVmp : Match on catch block at 0xc3 in for 0x7c40cb3025
03-26 09:00:45.049 24037 24037 E ArmVmp : Match on catch block at 0xc3 in for 0x7c40cb3025
03-26 09:00:45.052 24037 24037 E ArmVmp : Match on catch block at 0xc3 in for 0x7c40cb3025
03-26 09:00:45.066 24037 24037 E ArmVmp : Match on catch block at 0xc3 in for 0x7c40cb3025
03-26 09:00:45.070 24037 24037 E ArmVmp : Match on catch block at 0xc3 in for 0x7c40cb3025
03-26 09:00:45.083 24037 24037 E ArmVmp : Match on catch block at 0xc3 in for 0x7c40cb3025
03-26 09:00:45.088 24037 24037 E ArmVmp : Match on catch block at 0xc3 in for 0x7c40cb3025
03-26 09:00:45.100 24037 24037 E ArmVmp : Match on catch block at 0xc3 in for 0x7c40cb3025
03-26 09:00:45.104 24037 24037 E ArmVmp : Match on catch block at 0xc3 in for 0x7c40cb3025
03-26 09:00:45.118 24037 24037 E ArmVmp : Match on catch block at 0xc3 in for 0x7c40cb3025
03-26 09:00:45.122 24037 24037 E ArmVmp : Match on catch block at 0xc3 in for 0x7c40cb3025
03-26 09:00:45.128 24037 31994 W MediaPlayer: Use of stream types is deprecated for operations other than volume control
03-26 09:00:45.128 24037 31994 W MediaPlayer: See the documentation of setAudioStreamType() for what to use instead with android.media.AudioAttributes to qualify your playback use case
03-26 09:00:45.149 24037 24238 W MediaPlayerNative: info/warning (10973, 0)
03-26 09:00:45.370 24037 24037 E ArmVmp : Match on catch block at 0xc3 in for 0x7c40cb3025
03-26 09:00:45.374 24037 24037 E ArmVmp : Match on catch block at 0xc3 in for 0x7c40cb3025
03-26 09:00:45.392 24037 24037 E ArmVmp : Match on catch block at 0xc3 in for 0x7c40cb3025
03-26 09:00:45.396 24037 24037 E ArmVmp : Match on catch block at 0xc3 in for 0x7c40cb3025
03-26 09:00:45.403 24037 24037 E ArmVmp : Match on catch block at 0xc3 in for 0x7c40cb3025
03-26 09:00:45.407 24037 24037 E ArmVmp : Match on catch block at 0xc3 in for 0x7c40cb3025
03-26 09:00:45.918 24037 24037 E ArmVmp : Match on catch block at 0xc3 in for 0x7c40cb3025
03-26 09:00:45.923 24037 24037 E ArmVmp : Match on catch block at 0xc3 in for 0x7c40cb3025
03-26 09:00:46.350 24037 24037 E ArmVmp : Match on catch block at 0xc3 in for 0x7c40cb3025
03-26 09:00:46.353 24037 24037 E ArmVmp : Match on catch block at 0xc3 in for 0x7c40cb3025
03-26 09:00:46.366 24037 24037 E ArmVmp : Match on catch block at 0xc3 in for 0x7c40cb3025
03-26 09:00:46.369 24037 24037 E ArmVmp : Match on catch block at 0xc3 in for 0x7c40cb3025
03-26 09:00:46.382 24037 24037 E ArmVmp : Match on catch block at 0xc3 in for 0x7c40cb3025
03-26 09:00:46.384 24037 24037 E ArmVmp : Match on catch block at 0xc3 in for 0x7c40cb3025
03-26 09:00:46.400 24037 24037 E ArmVmp : Match on catch block at 0xc3 in for 0x7c40cb3025
03-26 09:00:46.402 24037 24037 E ArmVmp : Match on catch block at 0xc3 in for 0x7c40cb3025
03-26 09:00:46.415 24037 24037 E ArmVmp : Match on catch block at 0xc3 in for 0x7c40cb3025
03-26 09:00:46.418 24037 24037 E ArmVmp : Match on catch block at 0xc3 in for 0x7c40cb3025
03-26 09:00:46.432 24037 24037 E ArmVmp : Match on catch block at 0xc3 in for 0x7c40cb3025
03-26 09:00:46.435 24037 24037 E ArmVmp : Match on catch block at 0xc3 in for 0x7c40cb3025
03-26 09:00:46.449 24037 24037 E ArmVmp : Match on catch block at 0xc3 in for 0x7c40cb3025
03-26 09:00:46.451 24037 24037 E ArmVmp : Match on catch block at 0xc3 in for 0x7c40cb3025
03-26 09:00:46.468 24037 24037 E ArmVmp : Match on catch block at 0xc3 in for 0x7c40cb3025
03-26 09:00:46.470 24037 24037 E ArmVmp : Match on catch block at 0xc3 in for 0x7c40cb3025
03-26 09:00:46.482 24037 24037 E ArmVmp : Match on catch block at 0xc3 in for 0x7c40cb3025
03-26 09:00:46.484 24037 24037 E ArmVmp : Match on catch block at 0xc3 in for 0x7c40cb3025
03-26 09:00:46.499 24037 24037 E ArmVmp : Match on catch block at 0xc3 in for 0x7c40cb3025
03-26 09:00:46.502 24037 24037 E ArmVmp : Match on catch block at 0xc3 in for 0x7c40cb3025
03-26 09:00:46.515 24037 24037 E ArmVmp : Match on catch block at 0xc3 in for 0x7c40cb3025
03-26 09:00:46.518 24037 24037 E ArmVmp : Match on catch block at 0xc3 in for 0x7c40cb3025
03-26 09:00:46.532 24037 24037 E ArmVmp : Match on catch block at 0xc3 in for 0x7c40cb3025
03-26 09:00:46.535 24037 24037 E ArmVmp : Match on catch block at 0xc3 in for 0x7c40cb3025
03-26 09:00:46.549 24037 24037 E ArmVmp : Match on catch block at 0xc3 in for 0x7c40cb3025
03-26 09:00:46.551 24037 24037 E ArmVmp : Match on catch block at 0xc3 in for 0x7c40cb3025
03-26 09:00:46.615 24037 24037 E ArmVmp : Match on catch block at 0xc3 in for 0x7c40cb3025
03-26 09:00:46.618 24037 24037 E ArmVmp : Match on catch block at 0xc3 in for 0x7c40cb3025
03-26 09:00:46.698 24037 24037 E ArmVmp : Match on catch block at 0xc3 in for 0x7c40cb3025
03-26 09:00:46.701 24037 24037 E ArmVmp : Match on catch block at 0xc3 in for 0x7c40cb3025
03-26 09:00:46.782 24037 24037 E ArmVmp : Match on catch block at 0xc3 in for 0x7c40cb3025
03-26 09:00:46.785 24037 24037 E ArmVmp : Match on catch block at 0xc3 in for 0x7c40cb3025
03-26 09:00:46.850 24037 24037 E ArmVmp : Match on catch block at 0xc3 in for 0x7c40cb3025
03-26 09:00:46.853 24037 24037 E ArmVmp : Match on catch block at 0xc3 in for 0x7c40cb3025
03-26 09:00:46.932 24037 24037 E ArmVmp : Match on catch block at 0xc3 in for 0x7c40cb3025
03-26 09:00:46.935 24037 24037 E ArmVmp : Match on catch block at 0xc3 in for 0x7c40cb3025
03-26 09:00:47.283 24037 24037 E ArmVmp : Match on catch block at 0xc3 in for 0x7c40cb3025
03-26 09:00:47.286 24037 24037 E ArmVmp : Match on catch block at 0xc3 in for 0x7c40cb3025
03-26 09:00:47.349 24037 24037 E ArmVmp : Match on catch block at 0xc3 in for 0x7c40cb3025
03-26 09:00:47.351 24037 24037 E ArmVmp : Match on catch block at 0xc3 in for 0x7c40cb3025
03-26 09:00:47.432 24037 24037 E ArmVmp : Match on catch block at 0xc3 in for 0x7c40cb3025
03-26 09:00:47.434 24037 24037 E ArmVmp : Match on catch block at 0xc3 in for 0x7c40cb3025
03-26 09:00:47.646 24037 24037 E ArmVmp : Match on catch block at 0xc3 in for 0x7c40cb3025
03-26 09:00:47.648 24037 24037 E ArmVmp : Match on catch block at 0xc3 in for 0x7c40cb3025
03-26 09:00:47.653 24037 24037 W WindowOnBackDispatcher: sendCancelIfRunning: isInProgress=falsecallback=ImeCallback=ImeOnBackInvokedCallback@210210401 Callback=android.window.IOnBackInvokedCallback$Stub$Proxy@d267b4a
03-26 09:00:47.659 24037 24037 W RemoteInputConnectionImpl: requestCursorAnchorInfo on inactive InputConnection
03-26 09:00:47.670 24037 24037 E ArmVmp : Match on catch block at 0xc3 in for 0x7c40cb3025
03-26 09:00:47.675 24037 24037 E ArmVmp : Match on catch block at 0xc3 in for 0x7c40cb3025
03-26 09:00:47.684 24037 24037 W WindowOnBackDispatcher: sendCancelIfRunning: isInProgress=falsecallback=ImeCallback=ImeOnBackInvokedCallback@210210401 Callback=android.window.IOnBackInvokedCallback$Stub$Proxy@d267b4a
03-26 09:00:47.690 24037 24037 E ArmVmp : Match on catch block at 0xc3 in for 0x7c40cb3025
03-26 09:00:47.693 24037 24037 E ArmVmp : Match on catch block at 0xc3 in for 0x7c40cb3025
03-26 09:00:47.784 24037 24048 W System : A resource failed to call HardwareBuffer.close.
03-26 09:00:47.787 24037 24048 W System : A resource failed to call HardwareBuffer.close.
03-26 09:00:48.661 24037 24037 W WindowOnBackDispatcher: sendCancelIfRunning: isInProgress=falsecallback=android.view.ViewRootImpl$ $ExternalSyntheticLambda21@272e6a7
03-26 09:00:48.672 24037 24037 W InputEventReceiver: Attempted to finish an input event but the input event receiver has already been disposed. --------- beginning of system
03-26 09:00:48.672 24037 24037 W ViewRootImpl@e50f79a[PopupWindow:ffdb445]: Dropping event due to root view being removed: MotionEvent { action=ACTION_MOVE, actionButton=0, id[0]=0, x[0]=464.0, y[0]=1076.0, toolType[0]=TOOL_TYPE_FINGER, buttonState=0, classification=NONE, metaState=0, flags=0x0, edgeFlags=0x0, pointerCount=1, historySize=0, eventTime=26338222, downTime=26338219, deviceId=4, source=0x1002, displayId=0, eventId=948109163 }
03-26 09:00:48.672 24037 24037 E ViewRootImpl@e50f79a[PopupWindow:ffdb445]: mStopped=false mHasWindowFocus=true mPausedForTransition=false
03-26 09:00:48.672 24037 24037 W InputEventReceiver: Attempted to finish an input event but the input event receiver has already been disposed.
03-26 09:00:48.726 24037 24037 E ArmVmp : Match on catch block at 0xc3 in for 0x7c40cb3025
03-26 09:00:48.729 24037 24037 E ArmVmp : Match on catch block at 0xc3 in for 0x7c40cb3025
03-26 09:00:48.749 24037 24037 E ArmVmp : Match on catch block at 0xc3 in for 0x7c40cb3025
03-26 09:00:48.751 24037 24037 E ArmVmp : Match on catch block at 0xc3 in for 0x7c40cb3025
03-26 09:00:49.215 24037 24037 E ArmVmp : Match on catch block at 0xc3 in for 0x7c40cb3025
03-26 09:00:49.218 24037 24037 E ArmVmp : Match on catch block at 0xc3 in for 0x7c40cb3025
03-26 09:00:49.715 24037 24037 E ArmVmp : Match on catch block at 0xc3 in for 0x7c40cb3025
03-26 09:00:49.718 24037 24037 E ArmVmp : Match on catch block at 0xc3 in for 0x7c40cb3025
03-26 09:00:50.215 24037 24037 E ArmVmp : Match on catch block at 0xc3 in for 0x7c40cb3025
03-26 09:00:50.218 24037 24037 E ArmVmp : Match on catch block at 0xc3 in for 0x7c40cb3025
03-26 09:00:50.715 24037 24037 E ArmVmp : Match on catch block at 0xc3 in for 0x7c40cb3025
03-26 09:00:50.718 24037 24037 E ArmVmp : Match on catch block at 0xc3 in for 0x7c40cb3025
03-26 09:00:50.817 24037 24037 E ArmVmp : Match on catch block at 0xc3 in for 0x7c40cb3025
03-26 09:00:50.819 24037 24037 E ArmVmp : Match on catch block at 0xc3 in for 0x7c40cb3025
03-26 09:00:50.835 24037 24037 E ArmVmp : Match on catch block at 0xc3 in for 0x7c40cb3025
03-26 09:00:50.837 24037 24037 E ArmVmp : Match on catch block at 0xc3 in for 0x7c40cb3025
03-26 09:00:50.853 24037 24037 E ArmVmp : Match on catch block at 0xc3 in for 0x7c40cb3025
03-26 09:00:50.856 24037 24037 E ArmVmp : Match on catch block at 0xc3 in for 0x7c40cb3025
03-26 09:00:50.891 24037 24037 E ArmVmp : Match on catch block at 0xc3 in for 0x7c40cb3025
03-26 09:00:50.893 24037 24037 E ArmVmp : Match on catch block at 0xc3 in for 0x7c40cb3025
03-26 09:00:50.902 24037 24037 E ArmVmp : Match on catch block at 0xc3 in for 0x7c40cb3025
03-26 09:00:50.903 24037 24037 E ArmVmp : Match on catch block at 0xc3 in for 0x7c40cb3025
03-26 09:00:50.915 24037 24037 E ArmVmp : Match on catch block at 0xc3 in for 0x7c40cb3025
03-26 09:00:50.917 24037 24037 E ArmVmp : Match on catch block at 0xc3 in for 0x7c40cb3025
03-26 09:00:50.932 24037 24037 E ArmVmp : Match on catch block at 0xc3 in for 0x7c40cb3025
03-26 09:00:50.934 24037 24037 E ArmVmp : Match on catch block at 0xc3 in for 0x7c40cb3025
03-26 09:00:50.949 24037 24037 E ArmVmp : Match on catch block at 0xc3 in for 0x7c40cb3025
03-26 09:00:50.951 24037 24037 E ArmVmp : Match on catch block at 0xc3 in for 0x7c40cb3025
03-26 09:00:50.965 24037 24037 E ArmVmp : Match on catch block at 0xc3 in for 0x7c40cb3025
03-26 09:00:50.967 24037 24037 E ArmVmp : Match on catch block at 0xc3 in for 0x7c40cb3025
03-26 09:00:50.982 24037 24037 E ArmVmp : Match on catch block at 0xc3 in for 0x7c40cb3025
03-26 09:00:50.984 24037 24037 E ArmVmp : Match on catch block at 0xc3 in for 0x7c40cb3025
03-26 09:00:50.998 24037 24037 E ArmVmp : Match on catch block at 0xc3 in for 0x7c40cb3025
03-26 09:00:51.001 24037 24037 E ArmVmp : Match on catch block at 0xc3 in for 0x7c40cb3025
03-26 09:00:51.015 24037 24037 E ArmVmp : Match on catch block at 0xc3 in for 0x7c40cb3025
03-26 09:00:51.018 24037 24037 E ArmVmp : Match on catch block at 0xc3 in for 0x7c40cb3025
03-26 09:00:51.032 24037 24037 E ArmVmp : Match on catch block at 0xc3 in for 0x7c40cb3025
03-26 09:00:51.035 24037 24037 E ArmVmp : Match on catch block at 0xc3 in for 0x7c40cb3025
03-26 09:00:51.050 24037 24037 E ArmVmp : Match on catch block at 0xc3 in for 0x7c40cb3025
03-26 09:00:51.052 24037 24037 E ArmVmp : Match on catch block at 0xc3 in for 0x7c40cb3025
03-26 09:00:51.057 24037 31994 W MediaPlayer: Use of stream types is deprecated for operations other than volume control
03-26 09:00:51.057 24037 31994 W MediaPlayer: See the documentation of setAudioStreamType() for what to use instead with android.media.AudioAttributes to qualify your playback use case
03-26 09:00:51.072 24037 24238 W MediaPlayerNative: info/warning (10973, 0)
03-26 09:00:51.332 24037 24037 E ArmVmp : Match on catch block at 0xc3 in for 0x7c40cb3025
03-26 09:00:51.335 24037 24037 E ArmVmp : Match on catch block at 0xc3 in for 0x7c40cb3025
03-26 09:00:51.469 24037 24037 E ArmVmp : Match on catch block at 0xc3 in for 0x7c40cb3025
03-26 09:00:51.471 24037 24037 E ArmVmp : Match on catch block at 0xc3 in for 0x7c40cb3025
03-26 09:00:51.484 24037 24037 E ArmVmp : Match on catch block at 0xc3 in for 0x7c40cb3025
03-26 09:00:51.487 24037 24037 E ArmVmp : Match on catch block at 0xc3 in for 0x7c40cb3025
03-26 09:00:51.568 24037 24037 E ArmVmp : Match on catch block at 0xc3 in for 0x7c40cb3025
03-26 09:00:51.570 24037 24037 E ArmVmp : Match on catch block at 0xc3 in for 0x7c40cb3025
03-26 09:00:53.819 24037 24037 E ArmVmp : Match on catch block at 0x0a in for 0x7c40cb3035
03-26 09:00:53.821 24037 24037 E ArmVmp : Match on catch block at 0x0a in for 0x7c40cb3035
03-26 09:00:53.928 24037 24037 E ArmVmp : Match on catch block at 0xc3 in for 0x7c40cb3021
03-26 09:00:53.929 24037 24037 E ArmVmp : Match on catch block at 0xc3 in for 0x7c40cb3021
03-26 09:00:53.931 24037 24037 E ArmVmp : Match on catch block at 0xc3 in for 0x7c40cb3021
03-26 09:00:53.961 24037 24037 E ArmVmp : Match on catch block at 0xc3 in for 0x7c40cb3025
03-26 09:00:53.963 24037 24037 E ArmVmp : Match on catch block at 0xc3 in for 0x7c40cb3025
03-26 09:00:53.966 24037 24037 E ArmVmp : Match on catch block at 0xc3 in for 0x7c40cb3025
03-26 09:00:53.983 24037 24037 E ArmVmp : Match on catch block at 0xc3 in for 0x7c40cb3025
03-26 09:00:53.985 24037 24037 E ArmVmp : Match on catch block at 0xc3 in for 0x7c40cb3025
03-26 09:00:53.987 24037 24037 E ArmVmp : Match on catch block at 0xc3 in for 0x7c40cb3025
03-26 09:00:53.998 24037 24037 E ArmVmp : Match on catch block at 0xc3 in for 0x7c40cb3025
