06-05 11:10:00.613 28570 28635 E GPUAUX : [AUX]GuiExtAuxCheckAuxPath:666: Null anb
06-05 11:10:00.614 28570 28635 E GPUAUX : [AUX]GuiExtAuxCheckAuxPath:666: Null anb
06-05 11:10:00.617 28570 28635 I gralloc4: @set_metadata: update dataspace from GM
(0x00000000 -> 0x08010000)
06-05 11:10:00.625 28570 28635 E GPUAUX : [AUX]GuiExtAuxCheckAuxPath:666: Null anb
06-05 11:10:00.625 28570 28635 E GPUAUX : [AUX]GuiExtAuxCheckAuxPath:666: Null anb
06-05 11:10:00.625 28570 28635 E GPUAUX : [AUX]GuiExtAuxCheckAuxPath:666: Null anb
06-05 11:10:00.625 28570 28635 E GPUAUX : [AUX]GuiExtAuxCheckAuxPath:666: Null anb
06-05 11:10:00.627 28570 28635 I gralloc4: @set_metadata: update dataspace from GM
(0x00000000 -> 0x08010000)
06-05 11:10:00.636 28570 28635 E GPUAUX : [AUX]GuiExtAuxCheckAuxPath:666: Null anb
06-05 11:10:00.636 28570 28635 E GPUAUX : [AUX]GuiExtAuxCheckAuxPath:666: Null anb
06-05 11:10:00.636 28570 28635 E GPUAUX : [AUX]GuiExtAuxCheckAuxPath:666: Null anb
06-05 11:10:00.637 28570 28635 E GPUAUX : [AUX]GuiExtAuxCheckAuxPath:666: Null anb
06-05 11:10:00.639 28570 28635 I gralloc4: @set_metadata: update dataspace from GM
(0x00000000 -> 0x08010000)
06-05 11:10:00.646 28570 28635 E GPUAUX : [AUX]GuiExtAuxCheckAuxPath:666: Null anb
06-05 11:10:00.647 28570 28635 E GPUAUX : [AUX]GuiExtAuxCheckAuxPath:666: Null anb
06-05 11:10:00.647 28570 28635 E GPUAUX : [AUX]GuiExtAuxCheckAuxPath:666: Null anb
06-05 11:10:00.647 28570 28635 E GPUAUX : [AUX]GuiExtAuxCheckAuxPath:666: Null anb
06-05 11:10:00.650 28570 28635 I gralloc4: @set_metadata: update dataspace from GM
(0x00000000 -> 0x08010000)
06-05 11:10:00.658 28570 28635 E GPUAUX : [AUX]GuiExtAuxCheckAuxPath:666: Null anb
06-05 11:10:00.658 28570 28635 E GPUAUX : [AUX]GuiExtAuxCheckAuxPath:666: Null anb
06-05 11:10:00.658 28570 28635 E GPUAUX : [AUX]GuiExtAuxCheckAuxPath:666: Null anb
06-05 11:10:00.658 28570 28635 E GPUAUX : [AUX]GuiExtAuxCheckAuxPath:666: Null anb
06-05 11:10:00.662 28570 28635 I gralloc4: @set_metadata: update dataspace from GM
(0x00000000 -> 0x08010000)
06-05 11:10:00.674 28570 28635 E GPUAUX : [AUX]GuiExtAuxCheckAuxPath:666: Null anb
06-05 11:10:00.674 28570 28635 E GPUAUX : [AUX]GuiExtAuxCheckAuxPath:666: Null anb
06-05 11:10:00.674 28570 28635 E GPUAUX : [AUX]GuiExtAuxCheckAuxPath:666: Null anb
06-05 11:10:00.674 28570 28635 E GPUAUX : [AUX]GuiExtAuxCheckAuxPath:666: Null anb
06-05 11:10:00.678 28570 28635 I gralloc4: @set_metadata: update dataspace from GM
(0x00000000 -> 0x08010000)
06-05 11:10:00.692 28570 28635 E GPUAUX : [AUX]GuiExtAuxCheckAuxPath:666: Null anb
06-05 11:10:00.692 28570 28635 E GPUAUX : [AUX]GuiExtAuxCheckAuxPath:666: Null anb
06-05 11:10:00.692 28570 28635 E GPUAUX : [AUX]GuiExtAuxCheckAuxPath:666: Null anb
06-05 11:10:00.692 28570 28635 E GPUAUX : [AUX]GuiExtAuxCheckAuxPath:666: Null anb
06-05 11:10:00.696 28570 28635 I gralloc4: @set_metadata: update dataspace from GM
(0x00000000 -> 0x08010000)
06-05 11:10:00.703 28570 28635 E GPUAUX : [AUX]GuiExtAuxCheckAuxPath:666: Null anb
06-05 11:10:00.704 28570 28635 E GPUAUX : [AUX]GuiExtAuxCheckAuxPath:666: Null anb
06-05 11:10:00.704 28570 28635 E GPUAUX : [AUX]GuiExtAuxCheckAuxPath:666: Null anb
06-05 11:10:00.704 28570 28635 E GPUAUX : [AUX]GuiExtAuxCheckAuxPath:666: Null anb
06-05 11:10:00.707 28570 28635 I gralloc4: @set_metadata: update dataspace from GM
(0x00000000 -> 0x08010000)
06-05 11:10:00.714 28570 28635 E GPUAUX : [AUX]GuiExtAuxCheckAuxPath:666: Null anb
06-05 11:10:00.714 28570 28635 E GPUAUX : [AUX]GuiExtAuxCheckAuxPath:666: Null anb
06-05 11:10:00.714 28570 28635 E GPUAUX : [AUX]GuiExtAuxCheckAuxPath:666: Null anb
06-05 11:10:00.715 28570 28635 E GPUAUX : [AUX]GuiExtAuxCheckAuxPath:666: Null anb
06-05 11:10:00.718 28570 28635 I gralloc4: @set_metadata: update dataspace from GM
(0x00000000 -> 0x08010000)
06-05 11:10:00.726 28570 28635 E GPUAUX : [AUX]GuiExtAuxCheckAuxPath:666: Null anb
06-05 11:10:00.726 28570 28635 E GPUAUX : [AUX]GuiExtAuxCheckAuxPath:666: Null anb
06-05 11:10:00.726 28570 28635 E GPUAUX : [AUX]GuiExtAuxCheckAuxPath:666: Null anb
06-05 11:10:00.726 28570 28635 E GPUAUX : [AUX]GuiExtAuxCheckAuxPath:666: Null anb
06-05 11:10:00.729 28570 28635 I gralloc4: @set_metadata: update dataspace from GM
(0x00000000 -> 0x08010000)
06-05 11:10:00.736 28570 28635 E GPUAUX : [AUX]GuiExtAuxCheckAuxPath:666: Null anb
06-05 11:10:00.736 28570 28635 E GPUAUX : [AUX]GuiExtAuxCheckAuxPath:666: Null anb
06-05 11:10:00.736 28570 28635 E GPUAUX : [AUX]GuiExtAuxCheckAuxPath:666: Null anb
06-05 11:10:00.736 28570 28635 E GPUAUX : [AUX]GuiExtAuxCheckAuxPath:666: Null anb
06-05 11:10:00.739 28570 28635 I gralloc4: @set_metadata: update dataspace from GM
(0x00000000 -> 0x08010000)
06-05 11:10:00.748 28570 28635 E GPUAUX : [AUX]GuiExtAuxCheckAuxPath:666: Null anb
06-05 11:10:00.748 28570 28635 E GPUAUX : [AUX]GuiExtAuxCheckAuxPath:666: Null anb
06-05 11:10:00.748 28570 28635 E GPUAUX : [AUX]GuiExtAuxCheckAuxPath:666: Null anb
06-05 11:10:00.748 28570 28635 E GPUAUX : [AUX]GuiExtAuxCheckAuxPath:666: Null anb
06-05 11:10:00.751 28570 28635 I gralloc4: @set_metadata: update dataspace from GM
(0x00000000 -> 0x08010000)
06-05 11:10:00.756 28570 28635 E GPUAUX : [AUX]GuiExtAuxCheckAuxPath:666: Null anb
06-05 11:10:00.756 28570 28635 E GPUAUX : [AUX]GuiExtAuxCheckAuxPath:666: Null anb
06-05 11:10:00.756 28570 28635 E GPUAUX : [AUX]GuiExtAuxCheckAuxPath:666: Null anb
06-05 11:10:00.756 28570 28635 E GPUAUX : [AUX]GuiExtAuxCheckAuxPath:666: Null anb
06-05 11:10:00.758 28570 28635 I gralloc4: @set_metadata: update dataspace from GM
(0x00000000 -> 0x08010000)
06-05 11:10:00.768 28570 28635 E GPUAUX : [AUX]GuiExtAuxCheckAuxPath:666: Null anb
06-05 11:10:00.769 28570 28635 E GPUAUX : [AUX]GuiExtAuxCheckAuxPath:666: Null anb
06-05 11:10:00.769 28570 28635 E GPUAUX : [AUX]GuiExtAuxCheckAuxPath:666: Null anb
06-05 11:10:00.769 28570 28635 E GPUAUX : [AUX]GuiExtAuxCheckAuxPath:666: Null anb
06-05 11:10:00.772 28570 28635 I gralloc4: @set_metadata: update dataspace from GM
(0x00000000 -> 0x08010000)
06-05 11:10:00.779 28570 28635 E GPUAUX : [AUX]GuiExtAuxCheckAuxPath:666: Null anb
06-05 11:10:00.780 28570 28635 E GPUAUX : [AUX]GuiExtAuxCheckAuxPath:666: Null anb
06-05 11:10:00.780 28570 28635 E GPUAUX : [AUX]GuiExtAuxCheckAuxPath:666: Null anb
06-05 11:10:00.780 28570 28635 E GPUAUX : [AUX]GuiExtAuxCheckAuxPath:666: Null anb
06-05 11:10:00.783 28570 28635 I gralloc4: @set_metadata: update dataspace from GM
(0x00000000 -> 0x08010000)
06-05 11:10:00.790 28570 28635 E GPUAUX : [AUX]GuiExtAuxCheckAuxPath:666: Null anb
06-05 11:10:00.790 28570 28635 E GPUAUX : [AUX]GuiExtAuxCheckAuxPath:666: Null anb
06-05 11:10:00.791 28570 28635 E GPUAUX : [AUX]GuiExtAuxCheckAuxPath:666: Null anb
06-05 11:10:00.791 28570 28635 E GPUAUX : [AUX]GuiExtAuxCheckAuxPath:666: Null anb
06-05 11:10:00.793 28570 28635 I gralloc4: @set_metadata: update dataspace from GM
(0x00000000 -> 0x08010000)
06-05 11:10:00.801 28570 28635 E GPUAUX : [AUX]GuiExtAuxCheckAuxPath:666: Null anb
06-05 11:10:00.802 28570 28635 E GPUAUX : [AUX]GuiExtAuxCheckAuxPath:666: Null anb
06-05 11:10:00.802 28570 28635 E GPUAUX : [AUX]GuiExtAuxCheckAuxPath:666: Null anb
06-05 11:10:00.802 28570 28635 E GPUAUX : [AUX]GuiExtAuxCheckAuxPath:666: Null anb
06-05 11:10:00.805 28570 28635 I gralloc4: @set_metadata: update dataspace from GM
(0x00000000 -> 0x08010000)
06-05 11:10:00.813 28570 28635 E GPUAUX : [AUX]GuiExtAuxCheckAuxPath:666: Null anb
06-05 11:10:00.813 28570 28635 E GPUAUX : [AUX]GuiExtAuxCheckAuxPath:666: Null anb
06-05 11:10:00.813 28570 28635 E GPUAUX : [AUX]GuiExtAuxCheckAuxPath:666: Null anb
06-05 11:10:00.813 28570 28635 E GPUAUX : [AUX]GuiExtAuxCheckAuxPath:666: Null anb
06-05 11:10:00.813 28570 28570 I ViewRootImpl@601cc05[LinkWebViewPlayer]:
ViewPostIme pointer 0
06-05 11:10:00.815 28570 28635 I gralloc4: @set_metadata: update dataspace from GM
(0x00000000 -> 0x08010000)
06-05 11:10:00.823 28570 28635 E GPUAUX : [AUX]GuiExtAuxCheckAuxPath:666: Null anb
06-05 11:10:00.823 28570 28635 E GPUAUX : [AUX]GuiExtAuxCheckAuxPath:666: Null anb
06-05 11:10:00.823 28570 28635 E GPUAUX : [AUX]GuiExtAuxCheckAuxPath:666: Null anb
06-05 11:10:00.823 28570 28635 E GPUAUX : [AUX]GuiExtAuxCheckAuxPath:666: Null anb
06-05 11:10:00.825 28570 28635 I gralloc4: @set_metadata: update dataspace from GM
(0x00000000 -> 0x08010000)
06-05 11:10:00.831 28570 28635 E GPUAUX : [AUX]GuiExtAuxCheckAuxPath:666: Null anb
06-05 11:10:00.832 28570 28635 E GPUAUX : [AUX]GuiExtAuxCheckAuxPath:666: Null anb
06-05 11:10:00.832 28570 28635 E GPUAUX : [AUX]GuiExtAuxCheckAuxPath:666: Null anb
06-05 11:10:00.832 28570 28635 E GPUAUX : [AUX]GuiExtAuxCheckAuxPath:666: Null anb
06-05 11:10:00.835 28570 28635 I gralloc4: @set_metadata: update dataspace from GM
(0x00000000 -> 0x08010000)
06-05 11:10:00.845 28570 28635 E GPUAUX : [AUX]GuiExtAuxCheckAuxPath:666: Null anb
06-05 11:10:00.845 28570 28635 E GPUAUX : [AUX]GuiExtAuxCheckAuxPath:666: Null anb
06-05 11:10:00.845 28570 28635 E GPUAUX : [AUX]GuiExtAuxCheckAuxPath:666: Null anb
06-05 11:10:00.845 28570 28635 E GPUAUX : [AUX]GuiExtAuxCheckAuxPath:666: Null anb
06-05 11:10:00.847 28570 28635 I gralloc4: @set_metadata: update dataspace from GM
(0x00000000 -> 0x08010000)
06-05 11:10:00.854 28570 28635 E GPUAUX : [AUX]GuiExtAuxCheckAuxPath:666: Null anb
06-05 11:10:00.854 28570 28635 E GPUAUX : [AUX]GuiExtAuxCheckAuxPath:666: Null anb
06-05 11:10:00.854 28570 28635 E GPUAUX : [AUX]GuiExtAuxCheckAuxPath:666: Null anb
06-05 11:10:00.854 28570 28635 E GPUAUX : [AUX]GuiExtAuxCheckAuxPath:666: Null anb
06-05 11:10:00.856 28570 28635 I gralloc4: @set_metadata: update dataspace from GM
(0x00000000 -> 0x08010000)
06-05 11:10:00.865 28570 28635 E GPUAUX : [AUX]GuiExtAuxCheckAuxPath:666: Null anb
06-05 11:10:00.865 28570 28635 E GPUAUX : [AUX]GuiExtAuxCheckAuxPath:666: Null anb
06-05 11:10:00.865 28570 28635 E GPUAUX : [AUX]GuiExtAuxCheckAuxPath:666: Null anb
06-05 11:10:00.865 28570 28635 E GPUAUX : [AUX]GuiExtAuxCheckAuxPath:666: Null anb
06-05 11:10:00.868 28570 28635 I gralloc4: @set_metadata: update dataspace from GM
(0x00000000 -> 0x08010000)
06-05 11:10:00.877 28570 28635 E GPUAUX : [AUX]GuiExtAuxCheckAuxPath:666: Null anb
06-05 11:10:00.877 28570 28635 E GPUAUX : [AUX]GuiExtAuxCheckAuxPath:666: Null anb
06-05 11:10:00.877 28570 28635 E GPUAUX : [AUX]GuiExtAuxCheckAuxPath:666: Null anb
06-05 11:10:00.877 28570 28635 E GPUAUX : [AUX]GuiExtAuxCheckAuxPath:666: Null anb
06-05 11:10:00.879 28570 28635 I gralloc4: @set_metadata: update dataspace from GM
(0x00000000 -> 0x08010000)
06-05 11:10:00.887 28570 28635 E GPUAUX : [AUX]GuiExtAuxCheckAuxPath:666: Null anb
06-05 11:10:00.887 28570 28635 E GPUAUX : [AUX]GuiExtAuxCheckAuxPath:666: Null anb
06-05 11:10:00.887 28570 28635 E GPUAUX : [AUX]GuiExtAuxCheckAuxPath:666: Null anb
06-05 11:10:00.888 28570 28635 E GPUAUX : [AUX]GuiExtAuxCheckAuxPath:666: Null anb
06-05 11:10:00.890 28570 28635 I gralloc4: @set_metadata: update dataspace from GM
(0x00000000 -> 0x08010000)
06-05 11:10:00.898 28570 28635 E GPUAUX : [AUX]GuiExtAuxCheckAuxPath:666: Null anb
06-05 11:10:00.899 28570 28635 E GPUAUX : [AUX]GuiExtAuxCheckAuxPath:666: Null anb
06-05 11:10:00.899 28570 28635 E GPUAUX : [AUX]GuiExtAuxCheckAuxPath:666: Null anb
06-05 11:10:00.899 28570 28635 E GPUAUX : [AUX]GuiExtAuxCheckAuxPath:666: Null anb
06-05 11:10:00.901 28570 28570 I ViewRootImpl@601cc05[LinkWebViewPlayer]:
ViewPostIme pointer 1
06-05 11:10:00.902 28570 28635 I gralloc4: @set_metadata: update dataspace from GM
(0x00000000 -> 0x08010000)
06-05 11:10:00.910 28570 28635 E GPUAUX : [AUX]GuiExtAuxCheckAuxPath:666: Null anb
06-05 11:10:00.910 28570 28635 E GPUAUX : [AUX]GuiExtAuxCheckAuxPath:666: Null anb
06-05 11:10:00.910 28570 28635 E GPUAUX : [AUX]GuiExtAuxCheckAuxPath:666: Null anb
06-05 11:10:00.910 28570 28635 E GPUAUX : [AUX]GuiExtAuxCheckAuxPath:666: Null anb
06-05 11:10:00.913 28570 28635 I gralloc4: @set_metadata: update dataspace from GM
(0x00000000 -> 0x08010000)
06-05 11:10:00.917 28570 28570 I ImeTracker: com.hurix.oup.cloudreader:f34d38e7:
onRequestShow at ORIGIN_CLIENT_SHOW_SOFT_INPUT reason SHOW_SOFT_INPUT
06-05 11:10:00.917 28570 28570 I InputMethodManager_LC: ssi(): flags=0
view=com.hurix.oup.cloudreader reason = SHOW_SOFT_INPUT
06-05 11:10:00.917 28570 28570 I InputMethodManager_LC: ssi() view is not EditText
06-05 11:10:00.918 28570 28570 D InputMethodManager: showSoftInput()
view=android.webkit.WebView{86657f4 VFEDHVC.. .F...... 0,0-720,799 #7f090464
app:id/linkwebviewID aid=1073741824} flags=0 reason=SHOW_SOFT_INPUT
06-05 11:10:00.921 28570 28635 I gralloc4: @set_metadata: update dataspace from GM
(0x00000000 -> 0x08010000)
06-05 11:10:00.925 28570 28570 D InsetsController: show(ime(), fromIme=true)
06-05 11:10:00.925 28570 28570 I ImeTracker: com.hurix.oup.cloudreader:f34d38e7:
onCancelled at PHASE_CLIENT_APPLY_ANIMATION
06-05 11:10:00.931 28570 28635 E GPUAUX : [AUX]GuiExtAuxCheckAuxPath:666: Null anb
06-05 11:10:00.931 28570 28635 E GPUAUX : [AUX]GuiExtAuxCheckAuxPath:666: Null anb
06-05 11:10:00.931 28570 28635 E GPUAUX : [AUX]GuiExtAuxCheckAuxPath:666: Null anb
06-05 11:10:00.932 28570 28635 E GPUAUX : [AUX]GuiExtAuxCheckAuxPath:666: Null anb
06-05 11:10:00.933 28570 28635 I gralloc4: @set_metadata: update dataspace from GM
(0x00000000 -> 0x08010000)
06-05 11:10:00.942 28570 28635 E GPUAUX : [AUX]GuiExtAuxCheckAuxPath:666: Null anb
06-05 11:10:00.942 28570 28635 E GPUAUX : [AUX]GuiExtAuxCheckAuxPath:666: Null anb
06-05 11:10:00.942 28570 28635 E GPUAUX : [AUX]GuiExtAuxCheckAuxPath:666: Null anb
06-05 11:10:00.942 28570 28635 E GPUAUX : [AUX]GuiExtAuxCheckAuxPath:666: Null anb
06-05 11:10:00.944 28570 28635 I gralloc4: @set_metadata: update dataspace from GM
(0x00000000 -> 0x08010000)
06-05 11:10:00.953 28570 28635 E GPUAUX : [AUX]GuiExtAuxCheckAuxPath:666: Null anb
06-05 11:10:00.953 28570 28635 E GPUAUX : [AUX]GuiExtAuxCheckAuxPath:666: Null anb
06-05 11:10:00.954 28570 28635 E GPUAUX : [AUX]GuiExtAuxCheckAuxPath:666: Null anb
06-05 11:10:00.954 28570 28635 E GPUAUX : [AUX]GuiExtAuxCheckAuxPath:666: Null anb
06-05 11:10:00.956 28570 28635 I gralloc4: @set_metadata: update dataspace from GM
(0x00000000 -> 0x08010000)
06-05 11:10:00.964 28570 28635 E GPUAUX : [AUX]GuiExtAuxCheckAuxPath:666: Null anb
06-05 11:10:00.964 28570 28635 E GPUAUX : [AUX]GuiExtAuxCheckAuxPath:666: Null anb
06-05 11:10:00.964 28570 28635 E GPUAUX : [AUX]GuiExtAuxCheckAuxPath:666: Null anb
06-05 11:10:00.964 28570 28635 E GPUAUX : [AUX]GuiExtAuxCheckAuxPath:666: Null anb
06-05 11:10:00.966 28570 28635 I gralloc4: @set_metadata: update dataspace from GM
(0x00000000 -> 0x08010000)
06-05 11:10:00.976 28570 28635 E GPUAUX : [AUX]GuiExtAuxCheckAuxPath:666: Null anb
06-05 11:10:00.976 28570 28635 E GPUAUX : [AUX]GuiExtAuxCheckAuxPath:666: Null anb
06-05 11:10:00.976 28570 28635 E GPUAUX : [AUX]GuiExtAuxCheckAuxPath:666: Null anb
06-05 11:10:00.976 28570 28635 E GPUAUX : [AUX]GuiExtAuxCheckAuxPath:666: Null anb
06-05 11:10:00.978 28570 28635 I gralloc4: @set_metadata: update dataspace from GM
(0x00000000 -> 0x08010000)
06-05 11:10:00.987 28570 28635 E GPUAUX : [AUX]GuiExtAuxCheckAuxPath:666: Null anb
06-05 11:10:00.988 28570 28635 E GPUAUX : [AUX]GuiExtAuxCheckAuxPath:666: Null anb
06-05 11:10:00.988 28570 28635 E GPUAUX : [AUX]GuiExtAuxCheckAuxPath:666: Null anb
06-05 11:10:00.988 28570 28635 E GPUAUX : [AUX]GuiExtAuxCheckAuxPath:666: Null anb
06-05 11:10:00.990 28570 28635 I gralloc4: @set_metadata: update dataspace from GM
(0x00000000 -> 0x08010000)
06-05 11:10:00.998 28570 28635 E GPUAUX : [AUX]GuiExtAuxCheckAuxPath:666: Null anb
06-05 11:10:00.998 28570 28635 E GPUAUX : [AUX]GuiExtAuxCheckAuxPath:666: Null anb
06-05 11:10:00.998 28570 28635 E GPUAUX : [AUX]GuiExtAuxCheckAuxPath:666: Null anb
06-05 11:10:00.998 28570 28635 E GPUAUX : [AUX]GuiExtAuxCheckAuxPath:666: Null anb
06-05 11:10:01.001 28570 28635 I gralloc4: @set_metadata: update dataspace from GM
(0x00000000 -> 0x08010000)
06-05 11:10:01.009 28570 28635 E GPUAUX : [AUX]GuiExtAuxCheckAuxPath:666: Null anb
06-05 11:10:01.009 28570 28635 E GPUAUX : [AUX]GuiExtAuxCheckAuxPath:666: Null anb
06-05 11:10:01.009 28570 28635 E GPUAUX : [AUX]GuiExtAuxCheckAuxPath:666: Null anb
06-05 11:10:01.009 28570 28635 E GPUAUX : [AUX]GuiExtAuxCheckAuxPath:666: Null anb
06-05 11:10:01.012 28570 28635 I gralloc4: @set_metadata: update dataspace from GM
(0x00000000 -> 0x08010000)
06-05 11:10:01.020 28570 28635 E GPUAUX : [AUX]GuiExtAuxCheckAuxPath:666: Null anb
06-05 11:10:01.021 28570 28635 E GPUAUX : [AUX]GuiExtAuxCheckAuxPath:666: Null anb
06-05 11:10:01.021 28570 28635 E GPUAUX : [AUX]GuiExtAuxCheckAuxPath:666: Null anb
06-05 11:10:01.021 28570 28635 E GPUAUX : [AUX]GuiExtAuxCheckAuxPath:666: Null anb
06-05 11:10:01.022 28570 28635 I gralloc4: @set_metadata: update dataspace from GM
(0x00000000 -> 0x08010000)
06-05 11:10:01.031 28570 28635 E GPUAUX : [AUX]GuiExtAuxCheckAuxPath:666: Null anb
06-05 11:10:01.032 28570 28635 E GPUAUX : [AUX]GuiExtAuxCheckAuxPath:666: Null anb
06-05 11:10:01.032 28570 28635 E GPUAUX : [AUX]GuiExtAuxCheckAuxPath:666: Null anb
06-05 11:10:01.032 28570 28635 E GPUAUX : [AUX]GuiExtAuxCheckAuxPath:666: Null anb
06-05 11:10:01.034 28570 28635 I gralloc4: @set_metadata: update dataspace from GM
(0x00000000 -> 0x08010000)
06-05 11:10:01.041 28570 28635 E GPUAUX : [AUX]GuiExtAuxCheckAuxPath:666: Null anb
06-05 11:10:01.042 28570 28635 E GPUAUX : [AUX]GuiExtAuxCheckAuxPath:666: Null anb
06-05 11:10:01.042 28570 28635 E GPUAUX : [AUX]GuiExtAuxCheckAuxPath:666: Null anb
06-05 11:10:01.042 28570 28635 E GPUAUX : [AUX]GuiExtAuxCheckAuxPath:666: Null anb
06-05 11:10:01.045 28570 28635 I gralloc4: @set_metadata: update dataspace from GM
(0x00000000 -> 0x08010000)
06-05 11:10:01.053 28570 28635 E GPUAUX : [AUX]GuiExtAuxCheckAuxPath:666: Null anb
06-05 11:10:01.053 28570 28635 E GPUAUX : [AUX]GuiExtAuxCheckAuxPath:666: Null anb
06-05 11:10:01.053 28570 28635 E GPUAUX : [AUX]GuiExtAuxCheckAuxPath:666: Null anb
06-05 11:10:01.053 28570 28635 E GPUAUX : [AUX]GuiExtAuxCheckAuxPath:666: Null anb
06-05 11:10:01.055 28570 28635 I gralloc4: @set_metadata: update dataspace from GM
(0x00000000 -> 0x08010000)
06-05 11:10:01.065 28570 28635 E GPUAUX : [AUX]GuiExtAuxCheckAuxPath:666: Null anb
06-05 11:10:01.065 28570 28635 E GPUAUX : [AUX]GuiExtAuxCheckAuxPath:666: Null anb
06-05 11:10:01.065 28570 28635 E GPUAUX : [AUX]GuiExtAuxCheckAuxPath:666: Null anb
06-05 11:10:01.065 28570 28635 E GPUAUX : [AUX]GuiExtAuxCheckAuxPath:666: Null anb
06-05 11:10:01.067 28570 28635 I gralloc4: @set_metadata: update dataspace from GM
(0x00000000 -> 0x08010000)
06-05 11:10:01.076 28570 28635 E GPUAUX : [AUX]GuiExtAuxCheckAuxPath:666: Null anb
06-05 11:10:01.076 28570 28635 E GPUAUX : [AUX]GuiExtAuxCheckAuxPath:666: Null anb
06-05 11:10:01.076 28570 28635 E GPUAUX : [AUX]GuiExtAuxCheckAuxPath:666: Null anb
06-05 11:10:01.076 28570 28635 E GPUAUX : [AUX]GuiExtAuxCheckAuxPath:666: Null anb
06-05 11:10:01.078 28570 28635 I gralloc4: @set_metadata: update dataspace from GM
(0x00000000 -> 0x08010000)
06-05 11:10:01.086 28570 28635 E GPUAUX : [AUX]GuiExtAuxCheckAuxPath:666: Null anb
06-05 11:10:01.086 28570 28635 E GPUAUX : [AUX]GuiExtAuxCheckAuxPath:666: Null anb
06-05 11:10:01.086 28570 28635 E GPUAUX : [AUX]GuiExtAuxCheckAuxPath:666: Null anb
06-05 11:10:01.087 28570 28635 E GPUAUX : [AUX]GuiExtAuxCheckAuxPath:666: Null anb
06-05 11:10:01.089 28570 28635 I gralloc4: @set_metadata: update dataspace from GM
(0x00000000 -> 0x08010000)
06-05 11:10:01.098 28570 28635 E GPUAUX : [AUX]GuiExtAuxCheckAuxPath:666: Null anb
06-05 11:10:01.098 28570 28635 E GPUAUX : [AUX]GuiExtAuxCheckAuxPath:666: Null anb
06-05 11:10:01.098 28570 28635 E GPUAUX : [AUX]GuiExtAuxCheckAuxPath:666: Null anb
06-05 11:10:01.098 28570 28635 E GPUAUX : [AUX]GuiExtAuxCheckAuxPath:666: Null anb
06-05 11:10:01.101 28570 28635 I gralloc4: @set_metadata: update dataspace from GM
(0x00000000 -> 0x08010000)
06-05 11:10:01.110 28570 28635 E GPUAUX : [AUX]GuiExtAuxCheckAuxPath:666: Null anb
06-05 11:10:01.110 28570 28635 E GPUAUX : [AUX]GuiExtAuxCheckAuxPath:666: Null anb
06-05 11:10:01.110 28570 28635 E GPUAUX : [AUX]GuiExtAuxCheckAuxPath:666: Null anb
06-05 11:10:01.110 28570 28635 E GPUAUX : [AUX]GuiExtAuxCheckAuxPath:666: Null anb
06-05 11:10:01.113 28570 28635 I gralloc4: @set_metadata: update dataspace from GM
(0x00000000 -> 0x08010000)
06-05 11:10:01.120 28570 28635 E GPUAUX : [AUX]GuiExtAuxCheckAuxPath:666: Null anb
06-05 11:10:01.120 28570 28635 E GPUAUX : [AUX]GuiExtAuxCheckAuxPath:666: Null anb
06-05 11:10:01.120 28570 28635 E GPUAUX : [AUX]GuiExtAuxCheckAuxPath:666: Null anb
06-05 11:10:01.120 28570 28635 E GPUAUX : [AUX]GuiExtAuxCheckAuxPath:666: Null anb
06-05 11:10:01.122 28570 28635 I gralloc4: @set_metadata: update dataspace from GM
(0x00000000 -> 0x08010000)
06-05 11:10:01.132 28570 28635 E GPUAUX : [AUX]GuiExtAuxCheckAuxPath:666: Null anb
06-05 11:10:01.132 28570 28635 E GPUAUX : [AUX]GuiExtAuxCheckAuxPath:666: Null anb
06-05 11:10:01.132 28570 28635 E GPUAUX : [AUX]GuiExtAuxCheckAuxPath:666: Null anb
06-05 11:10:01.132 28570 28635 E GPUAUX : [AUX]GuiExtAuxCheckAuxPath:666: Null anb
06-05 11:10:01.134 28570 28635 I gralloc4: @set_metadata: update dataspace from GM
(0x00000000 -> 0x08010000)
06-05 11:10:01.141 28570 28635 E GPUAUX : [AUX]GuiExtAuxCheckAuxPath:666: Null anb
06-05 11:10:01.141 28570 28635 E GPUAUX : [AUX]GuiExtAuxCheckAuxPath:666: Null anb
06-05 11:10:01.141 28570 28635 E GPUAUX : [AUX]GuiExtAuxCheckAuxPath:666: Null anb
06-05 11:10:01.141 28570 28635 E GPUAUX : [AUX]GuiExtAuxCheckAuxPath:666: Null anb
06-05 11:10:01.143 28570 28635 I gralloc4: @set_metadata: update dataspace from GM
(0x00000000 -> 0x08010000)
06-05 11:10:01.153 28570 28635 E GPUAUX : [AUX]GuiExtAuxCheckAuxPath:666: Null anb
06-05 11:10:01.153 28570 28635 E GPUAUX : [AUX]GuiExtAuxCheckAuxPath:666: Null anb
06-05 11:10:01.154 28570 28635 E GPUAUX : [AUX]GuiExtAuxCheckAuxPath:666: Null anb
06-05 11:10:01.154 28570 28635 E GPUAUX : [AUX]GuiExtAuxCheckAuxPath:666: Null anb
06-05 11:10:01.155 28570 28635 I gralloc4: @set_metadata: update dataspace from GM
(0x00000000 -> 0x08010000)
06-05 11:10:01.164 28570 28635 E GPUAUX : [AUX]GuiExtAuxCheckAuxPath:666: Null anb
06-05 11:10:01.164 28570 28635 E GPUAUX : [AUX]GuiExtAuxCheckAuxPath:666: Null anb
06-05 11:10:01.164 28570 28635 E GPUAUX : [AUX]GuiExtAuxCheckAuxPath:666: Null anb
06-05 11:10:01.164 28570 28635 E GPUAUX : [AUX]GuiExtAuxCheckAuxPath:666: Null anb
06-05 11:10:01.166 28570 28635 I gralloc4: @set_metadata: update dataspace from GM
(0x00000000 -> 0x08010000)
06-05 11:10:01.176 28570 28635 E GPUAUX : [AUX]GuiExtAuxCheckAuxPath:666: Null anb
06-05 11:10:01.176 28570 28635 E GPUAUX : [AUX]GuiExtAuxCheckAuxPath:666: Null anb
06-05 11:10:01.176 28570 28635 E GPUAUX : [AUX]GuiExtAuxCheckAuxPath:666: Null anb
06-05 11:10:01.176 28570 28635 E GPUAUX : [AUX]GuiExtAuxCheckAuxPath:666: Null anb
06-05 11:10:01.178 28570 28635 I gralloc4: @set_metadata: update dataspace from GM
(0x00000000 -> 0x08010000)
06-05 11:10:01.186 28570 28635 E GPUAUX : [AUX]GuiExtAuxCheckAuxPath:666: Null anb
06-05 11:10:01.186 28570 28635 E GPUAUX : [AUX]GuiExtAuxCheckAuxPath:666: Null anb
06-05 11:10:01.187 28570 28635 E GPUAUX : [AUX]GuiExtAuxCheckAuxPath:666: Null anb
06-05 11:10:01.187 28570 28635 E GPUAUX : [AUX]GuiExtAuxCheckAuxPath:666: Null anb
06-05 11:10:01.189 28570 28635 I gralloc4: @set_metadata: update dataspace from GM
(0x00000000 -> 0x08010000)
06-05 11:10:01.197 28570 28635 E GPUAUX : [AUX]GuiExtAuxCheckAuxPath:666: Null anb
06-05 11:10:01.197 28570 28635 E GPUAUX : [AUX]GuiExtAuxCheckAuxPath:666: Null anb
06-05 11:10:01.197 28570 28635 E GPUAUX : [AUX]GuiExtAuxCheckAuxPath:666: Null anb
06-05 11:10:01.197 28570 28635 E GPUAUX : [AUX]GuiExtAuxCheckAuxPath:666: Null anb
06-05 11:10:01.199 28570 28635 I gralloc4: @set_metadata: update dataspace from GM
(0x00000000 -> 0x08010000)
06-05 11:10:01.208 28570 28635 E GPUAUX : [AUX]GuiExtAuxCheckAuxPath:666: Null anb
06-05 11:10:01.208 28570 28635 E GPUAUX : [AUX]GuiExtAuxCheckAuxPath:666: Null anb
06-05 11:10:01.208 28570 28635 E GPUAUX : [AUX]GuiExtAuxCheckAuxPath:666: Null anb
06-05 11:10:01.208 28570 28635 E GPUAUX : [AUX]GuiExtAuxCheckAuxPath:666: Null anb
06-05 11:10:01.210 28570 28635 I gralloc4: @set_metadata: update dataspace from GM
(0x00000000 -> 0x08010000)
06-05 11:10:01.220 28570 28635 E GPUAUX : [AUX]GuiExtAuxCheckAuxPath:666: Null anb
06-05 11:10:01.220 28570 28635 E GPUAUX : [AUX]GuiExtAuxCheckAuxPath:666: Null anb
06-05 11:10:01.220 28570 28635 E GPUAUX : [AUX]GuiExtAuxCheckAuxPath:666: Null anb
06-05 11:10:01.220 28570 28635 E GPUAUX : [AUX]GuiExtAuxCheckAuxPath:666: Null anb
06-05 11:10:01.222 28570 28635 I gralloc4: @set_metadata: update dataspace from GM
(0x00000000 -> 0x08010000)
06-05 11:10:01.231 28570 28635 E GPUAUX : [AUX]GuiExtAuxCheckAuxPath:666: Null anb
06-05 11:10:01.232 28570 28635 E GPUAUX : [AUX]GuiExtAuxCheckAuxPath:666: Null anb
06-05 11:10:01.232 28570 28635 E GPUAUX : [AUX]GuiExtAuxCheckAuxPath:666: Null anb
06-05 11:10:01.232 28570 28635 E GPUAUX : [AUX]GuiExtAuxCheckAuxPath:666: Null anb
06-05 11:10:01.233 28570 28635 I gralloc4: @set_metadata: update dataspace from GM
(0x00000000 -> 0x08010000)
06-05 11:10:01.243 28570 28635 E GPUAUX : [AUX]GuiExtAuxCheckAuxPath:666: Null anb
06-05 11:10:01.243 28570 28635 E GPUAUX : [AUX]GuiExtAuxCheckAuxPath:666: Null anb
06-05 11:10:01.243 28570 28635 E GPUAUX : [AUX]GuiExtAuxCheckAuxPath:666: Null anb
06-05 11:10:01.243 28570 28635 E GPUAUX : [AUX]GuiExtAuxCheckAuxPath:666: Null anb
06-05 11:10:01.244 28570 28635 I gralloc4: @set_metadata: update dataspace from GM
(0x00000000 -> 0x08010000)
06-05 11:10:01.253 28570 28635 E GPUAUX : [AUX]GuiExtAuxCheckAuxPath:666: Null anb
06-05 11:10:01.253 28570 28635 E GPUAUX : [AUX]GuiExtAuxCheckAuxPath:666: Null anb
06-05 11:10:01.254 28570 28635 E GPUAUX : [AUX]GuiExtAuxCheckAuxPath:666: Null anb
06-05 11:10:01.254 28570 28635 E GPUAUX : [AUX]GuiExtAuxCheckAuxPath:666: Null anb
06-05 11:10:01.256 28570 28635 I gralloc4: @set_metadata: update dataspace from GM
(0x00000000 -> 0x08010000)
06-05 11:10:01.264 28570 28635 E GPUAUX : [AUX]GuiExtAuxCheckAuxPath:666: Null anb
06-05 11:10:01.264 28570 28635 E GPUAUX : [AUX]GuiExtAuxCheckAuxPath:666: Null anb
06-05 11:10:01.264 28570 28635 E GPUAUX : [AUX]GuiExtAuxCheckAuxPath:666: Null anb
06-05 11:10:01.264 28570 28635 E GPUAUX : [AUX]GuiExtAuxCheckAuxPath:666: Null anb
06-05 11:10:01.266 28570 28635 I gralloc4: @set_metadata: update dataspace from GM
(0x00000000 -> 0x08010000)
06-05 11:10:01.275 28570 28635 E GPUAUX : [AUX]GuiExtAuxCheckAuxPath:666: Null anb
06-05 11:10:01.275 28570 28635 E GPUAUX : [AUX]GuiExtAuxCheckAuxPath:666: Null anb
06-05 11:10:01.275 28570 28635 E GPUAUX : [AUX]GuiExtAuxCheckAuxPath:666: Null anb
06-05 11:10:01.275 28570 28635 E GPUAUX : [AUX]GuiExtAuxCheckAuxPath:666: Null anb
06-05 11:10:01.278 28570 28635 I gralloc4: @set_metadata: update dataspace from GM
(0x00000000 -> 0x08010000)
06-05 11:10:01.285 28570 28635 E GPUAUX : [AUX]GuiExtAuxCheckAuxPath:666: Null anb
06-05 11:10:01.286 28570 28635 E GPUAUX : [AUX]GuiExtAuxCheckAuxPath:666: Null anb
06-05 11:10:01.286 28570 28635 E GPUAUX : [AUX]GuiExtAuxCheckAuxPath:666: Null anb
06-05 11:10:01.286 28570 28635 E GPUAUX : [AUX]GuiExtAuxCheckAuxPath:666: Null anb
06-05 11:10:01.289 28570 28635 I gralloc4: @set_metadata: update dataspace from GM
(0x00000000 -> 0x08010000)
06-05 11:10:01.297 28570 28635 E GPUAUX : [AUX]GuiExtAuxCheckAuxPath:666: Null anb
06-05 11:10:01.297 28570 28635 E GPUAUX : [AUX]GuiExtAuxCheckAuxPath:666: Null anb
06-05 11:10:01.297 28570 28635 E GPUAUX : [AUX]GuiExtAuxCheckAuxPath:666: Null anb
06-05 11:10:01.298 28570 28635 E GPUAUX : [AUX]GuiExtAuxCheckAuxPath:666: Null anb
06-05 11:10:01.301 28570 28635 I gralloc4: @set_metadata: update dataspace from GM
(0x00000000 -> 0x08010000)
06-05 11:10:01.309 28570 28635 E GPUAUX : [AUX]GuiExtAuxCheckAuxPath:666: Null anb
06-05 11:10:01.309 28570 28635 E GPUAUX : [AUX]GuiExtAuxCheckAuxPath:666: Null anb
06-05 11:10:01.309 28570 28635 E GPUAUX : [AUX]GuiExtAuxCheckAuxPath:666: Null anb
06-05 11:10:01.309 28570 28635 E GPUAUX : [AUX]GuiExtAuxCheckAuxPath:666: Null anb
06-05 11:10:01.311 28570 28635 I gralloc4: @set_metadata: update dataspace from GM
(0x00000000 -> 0x08010000)
06-05 11:10:01.320 28570 28635 E GPUAUX : [AUX]GuiExtAuxCheckAuxPath:666: Null anb
06-05 11:10:01.320 28570 28635 E GPUAUX : [AUX]GuiExtAuxCheckAuxPath:666: Null anb
06-05 11:10:01.320 28570 28635 E GPUAUX : [AUX]GuiExtAuxCheckAuxPath:666: Null anb
06-05 11:10:01.320 28570 28635 E GPUAUX : [AUX]GuiExtAuxCheckAuxPath:666: Null anb
06-05 11:10:01.321 28570 28635 I gralloc4: @set_metadata: update dataspace from GM
(0x00000000 -> 0x08010000)
06-05 11:10:01.330 28570 28635 E GPUAUX : [AUX]GuiExtAuxCheckAuxPath:666: Null anb
06-05 11:10:01.331 28570 28635 E GPUAUX : [AUX]GuiExtAuxCheckAuxPath:666: Null anb
06-05 11:10:01.331 28570 28635 E GPUAUX : [AUX]GuiExtAuxCheckAuxPath:666: Null anb
06-05 11:10:01.331 28570 28635 E GPUAUX : [AUX]GuiExtAuxCheckAuxPath:666: Null anb
06-05 11:10:01.332 28570 28635 I gralloc4: @set_metadata: update dataspace from GM
(0x00000000 -> 0x08010000)
06-05 11:10:01.341 28570 28635 E GPUAUX : [AUX]GuiExtAuxCheckAuxPath:666: Null anb
06-05 11:10:01.341 28570 28635 E GPUAUX : [AUX]GuiExtAuxCheckAuxPath:666: Null anb
06-05 11:10:01.341 28570 28635 E GPUAUX : [AUX]GuiExtAuxCheckAuxPath:666: Null anb
06-05 11:10:01.341 28570 28635 E GPUAUX : [AUX]GuiExtAuxCheckAuxPath:666: Null anb
06-05 11:10:01.343 28570 28635 I gralloc4: @set_metadata: update dataspace from GM
(0x00000000 -> 0x08010000)
06-05 11:10:01.352 28570 28635 E GPUAUX : [AUX]GuiExtAuxCheckAuxPath:666: Null anb
06-05 11:10:01.353 28570 28635 E GPUAUX : [AUX]GuiExtAuxCheckAuxPath:666: Null anb
06-05 11:10:01.353 28570 28635 E GPUAUX : [AUX]GuiExtAuxCheckAuxPath:666: Null anb
06-05 11:10:01.353 28570 28635 E GPUAUX : [AUX]GuiExtAuxCheckAuxPath:666: Null anb
06-05 11:10:01.356 28570 28635 I gralloc4: @set_metadata: update dataspace from GM
(0x00000000 -> 0x08010000)
06-05 11:10:01.363 28570 28635 E GPUAUX : [AUX]GuiExtAuxCheckAuxPath:666: Null anb
06-05 11:10:01.363 28570 28635 E GPUAUX : [AUX]GuiExtAuxCheckAuxPath:666: Null anb
06-05 11:10:01.363 28570 28635 E GPUAUX : [AUX]GuiExtAuxCheckAuxPath:666: Null anb
06-05 11:10:01.363 28570 28635 E GPUAUX : [AUX]GuiExtAuxCheckAuxPath:666: Null anb
06-05 11:10:01.366 28570 28635 I gralloc4: @set_metadata: update dataspace from GM
(0x00000000 -> 0x08010000)
06-05 11:10:01.374 28570 28635 E GPUAUX : [AUX]GuiExtAuxCheckAuxPath:666: Null anb
06-05 11:10:01.374 28570 28635 E GPUAUX : [AUX]GuiExtAuxCheckAuxPath:666: Null anb
06-05 11:10:01.374 28570 28635 E GPUAUX : [AUX]GuiExtAuxCheckAuxPath:666: Null anb
06-05 11:10:01.375 28570 28635 E GPUAUX : [AUX]GuiExtAuxCheckAuxPath:666: Null anb
06-05 11:10:01.376 28570 28635 I gralloc4: @set_metadata: update dataspace from GM
(0x00000000 -> 0x08010000)
06-05 11:10:01.385 28570 28635 E GPUAUX : [AUX]GuiExtAuxCheckAuxPath:666: Null anb
06-05 11:10:01.386 28570 28635 E GPUAUX : [AUX]GuiExtAuxCheckAuxPath:666: Null anb
06-05 11:10:01.386 28570 28635 E GPUAUX : [AUX]GuiExtAuxCheckAuxPath:666: Null anb
06-05 11:10:01.386 28570 28635 E GPUAUX : [AUX]GuiExtAuxCheckAuxPath:666: Null anb
06-05 11:10:01.388 28570 28635 I gralloc4: @set_metadata: update dataspace from GM
(0x00000000 -> 0x08010000)
06-05 11:10:01.397 28570 28635 E GPUAUX : [AUX]GuiExtAuxCheckAuxPath:666: Null anb
06-05 11:10:01.397 28570 28635 E GPUAUX : [AUX]GuiExtAuxCheckAuxPath:666: Null anb
06-05 11:10:01.397 28570 28635 E GPUAUX : [AUX]GuiExtAuxCheckAuxPath:666: Null anb
06-05 11:10:01.397 28570 28635 E GPUAUX : [AUX]GuiExtAuxCheckAuxPath:666: Null anb
06-05 11:10:01.399 28570 28635 I gralloc4: @set_metadata: update dataspace from GM
(0x00000000 -> 0x08010000)
06-05 11:10:01.408 28570 28635 E GPUAUX : [AUX]GuiExtAuxCheckAuxPath:666: Null anb
06-05 11:10:01.408 28570 28635 E GPUAUX : [AUX]GuiExtAuxCheckAuxPath:666: Null anb
06-05 11:10:01.408 28570 28635 E GPUAUX : [AUX]GuiExtAuxCheckAuxPath:666: Null anb
06-05 11:10:01.408 28570 28635 E GPUAUX : [AUX]GuiExtAuxCheckAuxPath:666: Null anb
06-05 11:10:01.410 28570 28635 I gralloc4: @set_metadata: update dataspace from GM
(0x00000000 -> 0x08010000)
06-05 11:10:01.419 28570 28635 E GPUAUX : [AUX]GuiExtAuxCheckAuxPath:666: Null anb
06-05 11:10:01.419 28570 28635 E GPUAUX : [AUX]GuiExtAuxCheckAuxPath:666: Null anb
06-05 11:10:01.419 28570 28635 E GPUAUX : [AUX]GuiExtAuxCheckAuxPath:666: Null anb
06-05 11:10:01.419 28570 28635 E GPUAUX : [AUX]GuiExtAuxCheckAuxPath:666: Null anb
06-05 11:10:01.421 28570 28635 I gralloc4: @set_metadata: update dataspace from GM
(0x00000000 -> 0x08010000)
06-05 11:10:01.430 28570 28635 E GPUAUX : [AUX]GuiExtAuxCheckAuxPath:666: Null anb
06-05 11:10:01.430 28570 28635 E GPUAUX : [AUX]GuiExtAuxCheckAuxPath:666: Null anb
06-05 11:10:01.430 28570 28635 E GPUAUX : [AUX]GuiExtAuxCheckAuxPath:666: Null anb
06-05 11:10:01.430 28570 28635 E GPUAUX : [AUX]GuiExtAuxCheckAuxPath:666: Null anb
06-05 11:10:01.434 28570 28635 I gralloc4: @set_metadata: update dataspace from GM
(0x00000000 -> 0x08010000)
06-05 11:10:01.442 28570 28635 E GPUAUX : [AUX]GuiExtAuxCheckAuxPath:666: Null anb
06-05 11:10:01.442 28570 28635 E GPUAUX : [AUX]GuiExtAuxCheckAuxPath:666: Null anb
06-05 11:10:01.442 28570 28635 E GPUAUX : [AUX]GuiExtAuxCheckAuxPath:666: Null anb
06-05 11:10:01.442 28570 28635 E GPUAUX : [AUX]GuiExtAuxCheckAuxPath:666: Null anb
06-05 11:10:01.444 28570 28635 I gralloc4: @set_metadata: update dataspace from GM
(0x00000000 -> 0x08010000)
06-05 11:10:01.453 28570 28635 E GPUAUX : [AUX]GuiExtAuxCheckAuxPath:666: Null anb
06-05 11:10:01.453 28570 28635 E GPUAUX : [AUX]GuiExtAuxCheckAuxPath:666: Null anb
06-05 11:10:01.453 28570 28635 E GPUAUX : [AUX]GuiExtAuxCheckAuxPath:666: Null anb
06-05 11:10:01.453 28570 28635 E GPUAUX : [AUX]GuiExtAuxCheckAuxPath:666: Null anb
06-05 11:10:01.456 28570 28635 I gralloc4: @set_metadata: update dataspace from GM
(0x00000000 -> 0x08010000)
06-05 11:10:01.467 28570 28635 E GPUAUX : [AUX]GuiExtAuxCheckAuxPath:666: Null anb
06-05 11:10:01.467 28570 28635 E GPUAUX : [AUX]GuiExtAuxCheckAuxPath:666: Null anb
06-05 11:10:01.467 28570 28635 E GPUAUX : [AUX]GuiExtAuxCheckAuxPath:666: Null anb
06-05 11:10:01.467 28570 28635 E GPUAUX : [AUX]GuiExtAuxCheckAuxPath:666: Null anb
06-05 11:10:01.470 28570 28635 I gralloc4: @set_metadata: update dataspace from GM
(0x00000000 -> 0x08010000)
06-05 11:10:01.478 28570 28570 I ViewRootImpl@601cc05[LinkWebViewPlayer]:
ViewPostIme pointer 0
06-05 11:10:01.478 28570 28635 E GPUAUX : [AUX]GuiExtAuxCheckAuxPath:666: Null anb
06-05 11:10:01.478 28570 28635 E GPUAUX : [AUX]GuiExtAuxCheckAuxPath:666: Null anb
06-05 11:10:01.478 28570 28635 E GPUAUX : [AUX]GuiExtAuxCheckAuxPath:666: Null anb
06-05 11:10:01.478 28570 28635 E GPUAUX : [AUX]GuiExtAuxCheckAuxPath:666: Null anb
06-05 11:10:01.480 28570 28635 I gralloc4: @set_metadata: update dataspace from GM
(0x00000000 -> 0x08010000)
06-05 11:10:01.487 28570 28635 E GPUAUX : [AUX]GuiExtAuxCheckAuxPath:666: Null anb
06-05 11:10:01.487 28570 28635 E GPUAUX : [AUX]GuiExtAuxCheckAuxPath:666: Null anb
06-05 11:10:01.487 28570 28635 E GPUAUX : [AUX]GuiExtAuxCheckAuxPath:666: Null anb
06-05 11:10:01.487 28570 28635 E GPUAUX : [AUX]GuiExtAuxCheckAuxPath:666: Null anb
06-05 11:10:01.489 28570 28635 I gralloc4: @set_metadata: update dataspace from GM
(0x00000000 -> 0x08010000)
06-05 11:10:01.496 28570 28635 E GPUAUX : [AUX]GuiExtAuxCheckAuxPath:666: Null anb
06-05 11:10:01.496 28570 28635 E GPUAUX : [AUX]GuiExtAuxCheckAuxPath:666: Null anb
06-05 11:10:01.496 28570 28635 E GPUAUX : [AUX]GuiExtAuxCheckAuxPath:666: Null anb
06-05 11:10:01.496 28570 28635 E GPUAUX : [AUX]GuiExtAuxCheckAuxPath:666: Null anb
06-05 11:10:01.499 28570 28635 I gralloc4: @set_metadata: update dataspace from GM
(0x00000000 -> 0x08010000)
06-05 11:10:01.507 28570 28635 E GPUAUX : [AUX]GuiExtAuxCheckAuxPath:666: Null anb
06-05 11:10:01.507 28570 28635 E GPUAUX : [AUX]GuiExtAuxCheckAuxPath:666: Null anb
06-05 11:10:01.507 28570 28635 E GPUAUX : [AUX]GuiExtAuxCheckAuxPath:666: Null anb
06-05 11:10:01.508 28570 28635 E GPUAUX : [AUX]GuiExtAuxCheckAuxPath:666: Null anb
06-05 11:10:01.511 28570 28635 I gralloc4: @set_metadata: update dataspace from GM
(0x00000000 -> 0x08010000)
06-05 11:10:01.519 28570 28635 E GPUAUX : [AUX]GuiExtAuxCheckAuxPath:666: Null anb
06-05 11:10:01.520 28570 28635 E GPUAUX : [AUX]GuiExtAuxCheckAuxPath:666: Null anb
06-05 11:10:01.520 28570 28635 E GPUAUX : [AUX]GuiExtAuxCheckAuxPath:666: Null anb
06-05 11:10:01.520 28570 28635 E GPUAUX : [AUX]GuiExtAuxCheckAuxPath:666: Null anb
06-05 11:10:01.523 28570 28635 I gralloc4: @set_metadata: update dataspace from GM
(0x00000000 -> 0x08010000)
06-05 11:10:01.529 28570 28635 E GPUAUX : [AUX]GuiExtAuxCheckAuxPath:666: Null anb
06-05 11:10:01.529 28570 28635 E GPUAUX : [AUX]GuiExtAuxCheckAuxPath:666: Null anb
06-05 11:10:01.529 28570 28635 E GPUAUX : [AUX]GuiExtAuxCheckAuxPath:666: Null anb
06-05 11:10:01.529 28570 28635 E GPUAUX : [AUX]GuiExtAuxCheckAuxPath:666: Null anb
06-05 11:10:01.531 28570 28635 I gralloc4: @set_metadata: update dataspace from GM
(0x00000000 -> 0x08010000)
06-05 11:10:01.541 28570 28635 E GPUAUX : [AUX]GuiExtAuxCheckAuxPath:666: Null anb
06-05 11:10:01.541 28570 28635 E GPUAUX : [AUX]GuiExtAuxCheckAuxPath:666: Null anb
06-05 11:10:01.541 28570 28635 E GPUAUX : [AUX]GuiExtAuxCheckAuxPath:666: Null anb
06-05 11:10:01.541 28570 28635 E GPUAUX : [AUX]GuiExtAuxCheckAuxPath:666: Null anb
06-05 11:10:01.543 28570 28635 I gralloc4: @set_metadata: update dataspace from GM
(0x00000000 -> 0x08010000)
06-05 11:10:01.552 28570 28635 E GPUAUX : [AUX]GuiExtAuxCheckAuxPath:666: Null anb
06-05 11:10:01.552 28570 28635 E GPUAUX : [AUX]GuiExtAuxCheckAuxPath:666: Null anb
06-05 11:10:01.552 28570 28635 E GPUAUX : [AUX]GuiExtAuxCheckAuxPath:666: Null anb
06-05 11:10:01.552 28570 28635 E GPUAUX : [AUX]GuiExtAuxCheckAuxPath:666: Null anb
06-05 11:10:01.554 28570 28635 I gralloc4: @set_metadata: update dataspace from GM
(0x00000000 -> 0x08010000)
06-05 11:10:01.563 28570 28635 E GPUAUX : [AUX]GuiExtAuxCheckAuxPath:666: Null anb
06-05 11:10:01.563 28570 28635 E GPUAUX : [AUX]GuiExtAuxCheckAuxPath:666: Null anb
06-05 11:10:01.563 28570 28635 E GPUAUX : [AUX]GuiExtAuxCheckAuxPath:666: Null anb
06-05 11:10:01.563 28570 28635 E GPUAUX : [AUX]GuiExtAuxCheckAuxPath:666: Null anb
06-05 11:10:01.565 28570 28635 I gralloc4: @set_metadata: update dataspace from GM
(0x00000000 -> 0x08010000)
06-05 11:10:01.574 28570 28635 E GPUAUX : [AUX]GuiExtAuxCheckAuxPath:666: Null anb
06-05 11:10:01.574 28570 28635 E GPUAUX : [AUX]GuiExtAuxCheckAuxPath:666: Null anb
06-05 11:10:01.574 28570 28635 E GPUAUX : [AUX]GuiExtAuxCheckAuxPath:666: Null anb
06-05 11:10:01.574 28570 28635 E GPUAUX : [AUX]GuiExtAuxCheckAuxPath:666: Null anb
06-05 11:10:01.576 28570 28635 I gralloc4: @set_metadata: update dataspace from GM
(0x00000000 -> 0x08010000)
06-05 11:10:01.577 28570 28570 I ViewRootImpl@601cc05[LinkWebViewPlayer]:
ViewPostIme pointer 1
06-05 11:10:01.584 28570 28635 E GPUAUX : [AUX]GuiExtAuxCheckAuxPath:666: Null anb
06-05 11:10:01.585 28570 28635 E GPUAUX : [AUX]GuiExtAuxCheckAuxPath:666: Null anb
06-05 11:10:01.585 28570 28635 E GPUAUX : [AUX]GuiExtAuxCheckAuxPath:666: Null anb
06-05 11:10:01.585 28570 28635 E GPUAUX : [AUX]GuiExtAuxCheckAuxPath:666: Null anb
06-05 11:10:01.588 28570 28635 I gralloc4: @set_metadata: update dataspace from GM
(0x00000000 -> 0x08010000)
06-05 11:10:01.596 28570 28635 I gralloc4: @set_metadata: update dataspace from GM
(0x00000000 -> 0x08010000)
06-05 11:10:01.609 28570 28570 I ImeTracker: com.hurix.oup.cloudreader:14aad61c:
onRequestHide at ORIGIN_CLIENT_HIDE_SOFT_INPUT reason HIDE_SOFT_INPUT
06-05 11:10:01.610 28570 28570 I InputMethodManager_LC: hsifw() - flag : 0
06-05 11:10:01.610 28570 28570 I InputMethodManager_LC: hsifw() -
mService.hideSoftInput
06-05 11:10:01.611 28570 28570 D InputMethodManagerUtils: startInputInner - Id : 0
06-05 11:10:01.611 28570 28570 I InputMethodManager: startInputInner -
IInputMethodManagerGlobalInvoker.startInputOrWindowGainedFocus
06-05 11:10:01.613 28570 29005 W RemoteInputConnectionImpl: requestCursorAnchorInfo
on inactive InputConnection
06-05 11:10:01.615 28570 28570 D InsetsController: setRequestedVisibleTypes:
visible=false, mask=ime,
host=com.hurix.oup.cloudreader/com.hurix.bookreader.views.link.LinkWebViewPlayer,
from=android.view.InsetsController.controlAnimationUnchecked:1424
android.view.InsetsController.applyAnimation:1979
android.view.InsetsController.applyAnimation:1942
android.view.InsetsController.hide:1382
android.view.ViewRootImpl$ViewRootHandler.handleMessageImpl:7116
android.view.ViewRootImpl$ViewRootHandler.handleMessage:7042
android.os.Handler.dispatchMessage:106 android.os.Looper.loopOnce:230
android.os.Looper.loop:319 android.app.ActivityThread.main:8893
06-05 11:10:01.616 28570 28570 D InsetsController: controlAnimationUncheckedInner:
Added types=ime animType=1
host=com.hurix.oup.cloudreader/com.hurix.bookreader.views.link.LinkWebViewPlayer
from=android.view.InsetsController.controlAnimationUnchecked:1428
android.view.InsetsController.applyAnimation:1979
android.view.InsetsController.applyAnimation:1942
06-05 11:10:01.623 28570 28586 I ViewRootImpl@601cc05[LinkWebViewPlayer]: Resizing
android.view.ViewRootImpl@d9d44f: frame = [0,45][720,1600] reportDraw = false
forceLayout = false syncSeqId = -1
06-05 11:10:01.625 28570 28570 D ScrollView: onsize change changed
06-05 11:10:01.629 28570 28570 W WindowOnBackDispatcher: sendCancelIfRunning:
isInProgress=falsecallback=ImeCallback=ImeOnBackInvokedCallback@25123083
Callback=android.window.IOnBackInvokedCallback$Stub$Proxy@9ad0114
06-05 11:10:01.630 28570 28570 D InsetsController: onStateChanged:
host=com.hurix.oup.cloudreader/com.hurix.bookreader.views.link.LinkWebViewPlayer
from=android.view.ViewRootImpl$ViewRootHandler.handleMessageImpl:7085
state=InsetsState: {mDisplayFrame=Rect(0, 0 - 720, 1600),
mDisplayCutout=DisplayCutout{insets=Rect(0, 45 - 0, 0) waterfall=Insets{left=0,
top=0, right=0, bottom=0} boundingRect={Bounds=[Rect(0, 0 - 0, 0), Rect(272, 0 -
448, 45), Rect(0, 0 - 0, 0), Rect(0, 0 - 0, 0)]}
cutoutPathParserInfo={CutoutPathParserInfo{displayWidth=720 displayHeight=1600
physicalDisplayWidth=720 physicalDisplayHeight=1600 density={1.875} cutoutSpec={M
0,0 H -88 V 45 H 88 V 0 H 0 Z} rotation={0} scale={1.0}
physicalPixelDisplaySizeRatio={1.0}}}},
mRoundedCorners=RoundedCorners{[RoundedCorner{position=TopLeft, radius=0,
center=Point(0, 0)}, RoundedCorner{position=TopRight, radius=0, center=Point(0,
0)}, RoundedCorner{position=BottomRight, radius=0, center=Point(0, 0)},
RoundedCorner{position=BottomLeft, radius=0, center=Point(0, 0)}]}
mRoundedCornerFrame=Rect(0, 0 - 720, 1600),
mPrivacyIndicatorBounds=PrivacyIndicatorBounds {static bounds=Rect(637, 0 - 720,
45) rotation=0}, mDisplayShape=DisplayShape{ spec=2134893525 displayWidth=720
displayHeight=1600 physicalPixelDisplaySizeRatio=1.0 rotation=0 offsetX=0 offsetY=0
scale=1.0}, mSources= { InsetsSource: {92e40000 mType=statusBars mFrame=[0,0]
[720,45] mVisible=false mFlags=[]}, InsetsSource: {92e40005
mType=mandatorySystemGestures mFrame=[0,0][720,68] mVisible=true mFlags=[]},
InsetsSource: {92e40006 mType=tappableElement mFrame=[0,0][720,45] mVisible=true
mFlags=[]}, InsetsSource: {a24f0001 mType=navigationBars mFrame=[0,1510][720,1600]
mVisible=true mFlags=[]}, InsetsSource: {a24f0004 mType=systemGestures mFrame=[0,0]
[0,0] mVisible=true mFlags=[]}, InsetsSource: {a24f0005
mType=mandatorySystemGestures mFrame=[0,1510][720,1600] mVisible=true mFlags=[]},
InsetsSource: {a24f0006 mType=tappableElement mFrame=[0,1510][720,1600]
mVisible=true mFlags=[]}, InsetsSource: {a24f0024 mType=systemGestures mFrame=[0,0]
[0,0] mVisible=true mFlags=[]}, InsetsSource: {3 mType=ime mFrame=[0,928][720,1600]
mVisible=false mFlags=[]}, InsetsSource: {27 mType=displayCutout mFrame=[0,0]
[720,45] mVisible=true mFlags=[]} }
06-05 11:10:01.630 28570 28570 D InsetsSourceConsumer:
applyRequestedVisibilityToControl: visible=true, type=2
06-05 11:10:01.631 28570 28570 I ViewRootImpl@601cc05[LinkWebViewPlayer]:
handleResized, msg = 4 frames=ClientWindowFrames{frame=[0,45][720,1600]
display=[0,45][720,1600] parentFrame=[0,0][0,0]} forceNextWindowRelayout=false
displayId=0 dragResizing=false compatScale=1.0 frameChanged=false
attachedFrameChanged=false configChanged=false displayChanged=false
compatScaleChanged=false
06-05 11:10:01.638 28570 28635 E GPUAUX : [AUX]GuiExtAuxCheckAuxPath:666: Null anb
06-05 11:10:01.638 28570 28635 E GPUAUX : [AUX]GuiExtAuxCheckAuxPath:666: Null anb
06-05 11:10:01.646 28570 28635 E GPUAUX : [AUX]GuiExtAuxCheckAuxPath:666: Null anb
06-05 11:10:01.646 28570 28635 E GPUAUX : [AUX]GuiExtAuxCheckAuxPath:666: Null anb
06-05 11:10:01.646 28570 28635 E GPUAUX : [AUX]GuiExtAuxCheckAuxPath:666: Null anb
06-05 11:10:01.655 28570 28635 E GPUAUX : [AUX]GuiExtAuxCheckAuxPath:666: Null anb
06-05 11:10:01.655 28570 28635 E GPUAUX : [AUX]GuiExtAuxCheckAuxPath:666: Null anb
06-05 11:10:01.656 28570 28635 E GPUAUX : [AUX]GuiExtAuxCheckAuxPath:666: Null anb
06-05 11:10:01.656 28570 28635 E GPUAUX : [AUX]GuiExtAuxCheckAuxPath:666: Null anb
06-05 11:10:01.656 28570 28635 E GPUAUX : [AUX]GuiExtAuxCheckAuxPath:666: Null anb
06-05 11:10:01.656 28570 28635 E GPUAUX : [AUX]GuiExtAuxCheckAuxPath:666: Null anb
06-05 11:10:01.656 28570 28635 E GPUAUX : [AUX]GuiExtAuxCheckAuxPath:666: Null anb
06-05 11:10:01.656 28570 28635 E GPUAUX : [AUX]GuiExtAuxCheckAuxPath:666: Null anb
06-05 11:10:01.656 28570 28635 E GPUAUX : [AUX]GuiExtAuxCheckAuxPath:666: Null anb
06-05 11:10:01.656 28570 28635 E GPUAUX : [AUX]GuiExtAuxCheckAuxPath:666: Null anb
06-05 11:10:01.656 28570 28635 E GPUAUX : [AUX]GuiExtAuxCheckAuxPath:666: Null anb
06-05 11:10:01.659 28570 28635 I gralloc4: @set_metadata: update dataspace from GM
(0x00000000 -> 0x08010000)
06-05 11:10:01.662 28570 28635 E GPUAUX : [AUX]GuiExtAuxCheckAuxPath:666: Null anb
06-05 11:10:01.662 28570 28635 E GPUAUX : [AUX]GuiExtAuxCheckAuxPath:666: Null anb
06-05 11:10:01.662 28570 28635 E GPUAUX : [AUX]GuiExtAuxCheckAuxPath:666: Null anb
06-05 11:10:01.666 28570 28635 I gralloc4: @set_metadata: update dataspace from GM
(0x00000000 -> 0x08010000)
06-05 11:10:01.699 28570 28635 E GPUAUX : [AUX]GuiExtAuxCheckAuxPath:666: Null anb
06-05 11:10:01.700 28570 28635 E GPUAUX : [AUX]GuiExtAuxCheckAuxPath:666: Null anb
06-05 11:10:01.707 28570 28635 E GPUAUX : [AUX]GuiExtAuxCheckAuxPath:666: Null anb
06-05 11:10:01.708 28570 28635 E GPUAUX : [AUX]GuiExtAuxCheckAuxPath:666: Null anb
06-05 11:10:01.708 28570 28635 E GPUAUX : [AUX]GuiExtAuxCheckAuxPath:666: Null anb
06-05 11:10:01.709 28570 28635 E GPUAUX : [AUX]GuiExtAuxCheckAuxPath:666: Null anb
06-05 11:10:01.709 28570 28635 E GPUAUX : [AUX]GuiExtAuxCheckAuxPath:666: Null anb
06-05 11:10:01.709 28570 28635 E GPUAUX : [AUX]GuiExtAuxCheckAuxPath:666: Null anb
06-05 11:10:01.709 28570 28635 E GPUAUX : [AUX]GuiExtAuxCheckAuxPath:666: Null anb
06-05 11:10:01.710 28570 28635 E GPUAUX : [AUX]GuiExtAuxCheckAuxPath:666: Null anb
06-05 11:10:01.710 28570 28635 E GPUAUX : [AUX]GuiExtAuxCheckAuxPath:666: Null anb
06-05 11:10:01.713 28570 28635 I gralloc4: @set_metadata: update dataspace from GM
(0x00000000 -> 0x08010000)
06-05 11:10:01.718 28570 28635 E GPUAUX : [AUX]GuiExtAuxCheckAuxPath:666: Null anb
06-05 11:10:01.722 28570 28635 I gralloc4: @set_metadata: update dataspace from GM
(0x00000000 -> 0x08010000)
06-05 11:10:01.731 28570 28635 E GPUAUX : [AUX]GuiExtAuxCheckAuxPath:666: Null anb
06-05 11:10:01.731 28570 28635 E GPUAUX : [AUX]GuiExtAuxCheckAuxPath:666: Null anb
06-05 11:10:01.731 28570 28635 E GPUAUX : [AUX]GuiExtAuxCheckAuxPath:666: Null anb
06-05 11:10:01.731 28570 28635 E GPUAUX : [AUX]GuiExtAuxCheckAuxPath:666: Null anb
06-05 11:10:01.732 28570 28635 I gralloc4: @set_metadata: update dataspace from GM
(0x00000000 -> 0x08010000)
06-05 11:10:01.735 28570 28635 E GPUAUX : [AUX]GuiExtAuxCheckAuxPath:666: Null anb
06-05 11:10:01.737 28570 28635 I gralloc4: @set_metadata: update dataspace from GM
(0x00000000 -> 0x08010000)
06-05 11:10:01.743 28570 28635 I gralloc4: @set_metadata: update dataspace from GM
(0x00000000 -> 0x08010000)
06-05 11:10:01.756 28570 28635 I gralloc4: @set_metadata: update dataspace from GM
(0x00000000 -> 0x08010000)
06-05 11:10:01.766 28570 28635 I gralloc4: @set_metadata: update dataspace from GM
(0x00000000 -> 0x08010000)
06-05 11:10:01.775 28570 28635 I gralloc4: @set_metadata: update dataspace from GM
(0x00000000 -> 0x08010000)
06-05 11:10:01.787 28570 28635 I gralloc4: @set_metadata: update dataspace from GM
(0x00000000 -> 0x08010000)
06-05 11:10:01.798 28570 28635 I gralloc4: @set_metadata: update dataspace from GM
(0x00000000 -> 0x08010000)
06-05 11:10:01.809 28570 28635 I gralloc4: @set_metadata: update dataspace from GM
(0x00000000 -> 0x08010000)
06-05 11:10:01.821 28570 28635 I gralloc4: @set_metadata: update dataspace from GM
(0x00000000 -> 0x08010000)
06-05 11:10:01.831 28570 28635 I gralloc4: @set_metadata: update dataspace from GM
(0x00000000 -> 0x08010000)
06-05 11:10:01.843 28570 28635 I gralloc4: @set_metadata: update dataspace from GM
(0x00000000 -> 0x08010000)
06-05 11:10:01.853 28570 28635 I gralloc4: @set_metadata: update dataspace from GM
(0x00000000 -> 0x08010000)
06-05 11:10:01.865 28570 28635 I gralloc4: @set_metadata: update dataspace from GM
(0x00000000 -> 0x08010000)
06-05 11:10:01.876 28570 28635 I gralloc4: @set_metadata: update dataspace from GM
(0x00000000 -> 0x08010000)
06-05 11:10:01.888 28570 28635 I gralloc4: @set_metadata: update dataspace from GM
(0x00000000 -> 0x08010000)
06-05 11:10:01.898 28570 28635 I gralloc4: @set_metadata: update dataspace from GM
(0x00000000 -> 0x08010000)
06-05 11:10:01.910 28570 28635 I gralloc4: @set_metadata: update dataspace from GM
(0x00000000 -> 0x08010000)
