04-20 00:36:03.467 18147 18147 E ArmVmp : Match on catch block at 0xc3 in for 0x73fad10025
04-20 00:36:03.496 18147 18147 E ArmVmp : Match on catch block at 0xc3 in for 0x73fad10025
04-20 00:36:03.505 18147 18147 E ArmVmp : Match on catch block at 0xc3 in for 0x73fad10025
04-20 00:36:03.683 18147 18147 E ArmVmp : Match on catch block at 0xc3 in for 0x73fad10025
04-20 00:36:03.688 18147 18147 E ArmVmp : Match on catch block at 0xc3 in for 0x73fad10025
04-20 00:36:03.770 18147 18147 E ArmVmp : Match on catch block at 0xc3 in for 0x73fad10025
04-20 00:36:03.775 18147 18147 E ArmVmp : Match on catch block at 0xc3 in for 0x73fad10025
04-20 00:36:03.783 18147 18147 W WindowOnBackDispatcher: sendCancelIfRunning: isInProgress=falsecallback=ImeCallback=ImeOnBackInvokedCallback@130186315 Callback=android.window.IOnBackInvokedCallback$Stub$Proxy@1701d0
04-20 00:36:03.787 18147 18147 W VRI[Conversation]: handleResized abandoned!
04-20 00:36:03.790 18147 18147 E ArmVmp : Match on catch block at 0xc3 in for 0x73fad10025
04-20 00:36:03.798 18147 18147 E ArmVmp : Match on catch block at 0xc3 in for 0x73fad10025
04-20 00:36:03.954 18147 18147 E ArmVmp : Match on catch block at 0xc3 in for 0x73fad10025
04-20 00:36:03.958 18147 18147 E ArmVmp : Match on catch block at 0xc3 in for 0x73fad10025
04-20 00:36:03.969 18147 18147 E ArmVmp : Match on catch block at 0xc3 in for 0x73fad10025
04-20 00:36:03.973 18147 18570 W MediaPlayer: Use of stream types is deprecated for operations other than volume control
04-20 00:36:03.973 18147 18570 W MediaPlayer: See the documentation of setAudioStreamType() for what to use instead with android.media.AudioAttributes to qualify your playback use case
04-20 00:36:03.976 18147 18147 E ArmVmp : Match on catch block at 0xc3 in for 0x73fad10025
04-20 00:36:04.198 18147 18147 E ArmVmp : Match on catch block at 0xc3 in for 0x73fad10025
04-20 00:36:04.203 18147 18147 E ArmVmp : Match on catch block at 0xc3 in for 0x73fad10025
04-20 00:36:04.444 18147 18147 W VRI[Conversation]: handleResized abandoned!
04-20 00:36:04.652 18147 18147 E ArmVmp : Match on catch block at 0xc3 in for 0x73fad10025
04-20 00:36:04.661 18147 18147 E ArmVmp : Match on catch block at 0xc3 in for 0x73fad10025
04-20 00:36:04.766 18147 18147 E ArmVmp : Match on catch block at 0xc3 in for 0x73fad10025
04-20 00:36:04.772 18147 18147 E ArmVmp : Match on catch block at 0xc3 in for 0x73fad10025
04-20 00:36:04.843 18147 18147 E ArmVmp : Match on catch block at 0xc3 in for 0x73fad10025
04-20 00:36:04.848 18147 18147 E ArmVmp : Match on catch block at 0xc3 in for 0x73fad10025
04-20 00:36:04.853 18147 18147 E OplusBracketLog: [OplusViewMirrorManager] updateHostViewRootIfNeeded, not support android.view.ViewRootImpl@c167f00
04-20 00:36:04.880 18147 18375 E OpenGLRenderer: Unable to match the desired swap behavior.
04-20 00:36:04.901 18147 18147 E ArmVmp : Match on catch block at 0xc3 in for 0x73fad10025
04-20 00:36:04.907 18147 18147 E ArmVmp : Match on catch block at 0xc3 in for 0x73fad10025
04-20 00:36:04.927 18147 18147 E ArmVmp : Match on catch block at 0xc3 in for 0x73fad10025
04-20 00:36:04.932 18147 18147 E ArmVmp : Match on catch block at 0xc3 in for 0x73fad10025
04-20 00:36:04.955 18147 18147 E ArmVmp : Match on catch block at 0xc3 in for 0x73fad10025
04-20 00:36:04.960 18147 18147 E ArmVmp : Match on catch block at 0xc3 in for 0x73fad10025
04-20 00:36:04.976 18147 18147 E ArmVmp : Match on catch block at 0xc3 in for 0x73fad10025
04-20 00:36:04.981 18147 18147 E ArmVmp : Match on catch block at 0xc3 in for 0x73fad10025
04-20 00:36:04.996 18147 18147 E ArmVmp : Match on catch block at 0xc3 in for 0x73fad10025
04-20 00:36:05.002 18147 18147 E ArmVmp : Match on catch block at 0xc3 in for 0x73fad10025
04-20 00:36:05.010 18147 18147 E ArmVmp : Match on catch block at 0xc3 in for 0x73fad10025
04-20 00:36:05.015 18147 18147 E ArmVmp : Match on catch block at 0xc3 in for 0x73fad10025
04-20 00:36:05.034 18147 18147 E ArmVmp : Match on catch block at 0xc3 in for 0x73fad10025
04-20 00:36:05.040 18147 18147 E ArmVmp : Match on catch block at 0xc3 in for 0x73fad10025
04-20 00:36:05.059 18147 18147 E ArmVmp : Match on catch block at 0xc3 in for 0x73fad10025
04-20 00:36:05.064 18147 18147 E ArmVmp : Match on catch block at 0xc3 in for 0x73fad10025
04-20 00:36:05.080 18147 18147 E ArmVmp : Match on catch block at 0xc3 in for 0x73fad10025
04-20 00:36:05.085 18147 18147 E ArmVmp : Match on catch block at 0xc3 in for 0x73fad10025
04-20 00:36:05.160 18147 18375 E OpenGLRenderer: Unable to match the desired swap behavior.
04-20 00:36:05.180 18147 18375 E OpenGLRenderer: Unable to match the desired swap behavior.
04-20 00:36:05.203 18147 18375 E OpenGLRenderer: Unable to match the desired swap behavior.
04-20 00:36:05.224 18147 18375 E OpenGLRenderer: Unable to match the desired swap behavior.
04-20 00:36:05.245 18147 18375 E OpenGLRenderer: Unable to match the desired swap behavior.
04-20 00:36:05.268 18147 18375 E OpenGLRenderer: Unable to match the desired swap behavior.
04-20 00:36:05.289 18147 18375 E OpenGLRenderer: Unable to match the desired swap behavior.
04-20 00:36:05.300 18147 18147 E ArmVmp : Match on catch block at 0xc3 in for 0x73fad10025
04-20 00:36:05.306 18147 18147 E ArmVmp : Match on catch block at 0xc3 in for 0x73fad10025
04-20 00:36:05.799 18147 18147 E ArmVmp : Match on catch block at 0xc3 in for 0x73fad10025
04-20 00:36:05.805 18147 18147 E ArmVmp : Match on catch block at 0xc3 in for 0x73fad10025
04-20 00:36:06.316 18147 18147 E ArmVmp : Match on catch block at 0xc3 in for 0x73fad10025
04-20 00:36:06.322 18147 18147 E ArmVmp : Match on catch block at 0xc3 in for 0x73fad10025
04-20 00:36:06.720 18147 18147 W WindowOnBackDispatcher: sendCancelIfRunning: isInProgress=falsecallback=android.view.ViewRootImpl$ $ExternalSyntheticLambda17@a464339
04-20 00:36:06.790 18147 18147 E OplusBracketLog: [OplusViewMirrorManager] updateHostViewRootIfNeeded, not support android.view.ViewRootImpl@7b7175c
04-20 00:36:06.812 18147 18375 E OpenGLRenderer: Unable to match the desired swap behavior.
04-20 00:36:06.843 18147 18147 E ArmVmp : Match on catch block at 0xc3 in for 0x73fad10025
04-20 00:36:06.848 18147 18147 E ArmVmp : Match on catch block at 0xc3 in for 0x73fad10025
04-20 00:36:07.335 18147 18147 E ArmVmp : Match on catch block at 0xc3 in for 0x73fad10025
04-20 00:36:07.342 18147 18147 E ArmVmp : Match on catch block at 0xc3 in for 0x73fad10025
04-20 00:36:07.834 18147 18147 E ArmVmp : Match on catch block at 0xc3 in for 0x73fad10025
04-20 00:36:07.840 18147 18147 E ArmVmp : Match on catch block at 0xc3 in for 0x73fad10025
04-20 00:36:08.337 18147 18147 E ArmVmp : Match on catch block at 0xc3 in for 0x73fad10025
04-20 00:36:08.344 18147 18147 E ArmVmp : Match on catch block at 0xc3 in for 0x73fad10025
04-20 00:36:08.723 18147 18147 W WindowOnBackDispatcher: sendCancelIfRunning: isInProgress=falsecallback=android.view.ViewRootImpl$ $ExternalSyntheticLambda17@f3b2a65
04-20 00:36:08.852 18147 18147 E ArmVmp : Match on catch block at 0xc3 in for 0x73fad10025
04-20 00:36:08.860 18147 18147 E ArmVmp : Match on catch block at 0xc3 in for 0x73fad10025
04-20 00:36:09.356 18147 18147 E ArmVmp : Match on catch block at 0xc3 in for 0x73fad10025
04-20 00:36:09.362 18147 18147 E ArmVmp : Match on catch block at 0xc3 in for 0x73fad10025
04-20 00:36:09.375 18147 18147 E ArmVmp : Match on catch block at 0xc3 in for 0x73fad10025
04-20 00:36:09.381 18147 18147 E ArmVmp : Match on catch block at 0xc3 in for 0x73fad10025
04-20 00:36:09.392 18147 18147 E ArmVmp : Match on catch block at 0xc3 in for 0x73fad10025
04-20 00:36:09.397 18147 18147 E ArmVmp : Match on catch block at 0xc3 in for 0x73fad10025
04-20 00:36:09.408 18147 18147 E ArmVmp : Match on catch block at 0xc3 in for 0x73fad10025
04-20 00:36:09.414 18147 18147 E ArmVmp : Match on catch block at 0xc3 in for 0x73fad10025
04-20 00:36:09.425 18147 18147 E ArmVmp : Match on catch block at 0xc3 in for 0x73fad10025
04-20 00:36:09.431 18147 18147 E ArmVmp : Match on catch block at 0xc3 in for 0x73fad10025
04-20 00:36:09.441 18147 18147 E ArmVmp : Match on catch block at 0xc3 in for 0x73fad10025
04-20 00:36:09.447 18147 18147 E ArmVmp : Match on catch block at 0xc3 in for 0x73fad10025
04-20 00:36:09.458 18147 18147 E ArmVmp : Match on catch block at 0xc3 in for 0x73fad10025
04-20 00:36:09.465 18147 18147 E ArmVmp : Match on catch block at 0xc3 in for 0x73fad10025
04-20 00:36:09.477 18147 18147 E ArmVmp : Match on catch block at 0xc3 in for 0x73fad10025
04-20 00:36:09.482 18147 18147 E ArmVmp : Match on catch block at 0xc3 in for 0x73fad10025
04-20 00:36:09.499 18147 18147 E ArmVmp : Match on catch block at 0xc3 in for 0x73fad10025
04-20 00:36:09.504 18147 18147 E ArmVmp : Match on catch block at 0xc3 in for 0x73fad10025
04-20 00:36:09.515 18147 18147 E ArmVmp : Match on catch block at 0xc3 in for 0x73fad10025
04-20 00:36:09.521 18147 18147 E ArmVmp : Match on catch block at 0xc3 in for 0x73fad10025
04-20 00:36:09.531 18147 18147 E ArmVmp : Match on catch block at 0xc3 in for 0x73fad10025
04-20 00:36:09.536 18147 18147 E ArmVmp : Match on catch block at 0xc3 in for 0x73fad10025
04-20 00:36:09.547 18147 18147 E ArmVmp : Match on catch block at 0xc3 in for 0x73fad10025
04-20 00:36:09.552 18147 18147 E ArmVmp : Match on catch block at 0xc3 in for 0x73fad10025
04-20 00:36:09.563 18147 18147 E ArmVmp : Match on catch block at 0xc3 in for 0x73fad10025
04-20 00:36:09.570 18147 18147 E ArmVmp : Match on catch block at 0xc3 in for 0x73fad10025
04-20 00:36:09.580 18147 18147 E ArmVmp : Match on catch block at 0xc3 in for 0x73fad10025
04-20 00:36:09.587 18147 18147 E ArmVmp : Match on catch block at 0xc3 in for 0x73fad10025
04-20 00:36:09.598 18147 18147 E ArmVmp : Match on catch block at 0xc3 in for 0x73fad10025
04-20 00:36:09.604 18147 18147 E ArmVmp : Match on catch block at 0xc3 in for 0x73fad10025
04-20 00:36:09.615 18147 18147 E ArmVmp : Match on catch block at 0xc3 in for 0x73fad10025
04-20 00:36:09.621 18147 18147 E ArmVmp : Match on catch block at 0xc3 in for 0x73fad10025
04-20 00:36:09.632 18147 18147 E ArmVmp : Match on catch block at 0xc3 in for 0x73fad10025
04-20 00:36:09.637 18147 18147 E ArmVmp : Match on catch block at 0xc3 in for 0x73fad10025
04-20 00:36:09.648 18147 18147 E ArmVmp : Match on catch block at 0xc3 in for 0x73fad10025
04-20 00:36:09.653 18147 18147 E ArmVmp : Match on catch block at 0xc3 in for 0x73fad10025
04-20 00:36:09.664 18147 18147 E ArmVmp : Match on catch block at 0xc3 in for 0x73fad10025
04-20 00:36:09.669 18147 18147 E ArmVmp : Match on catch block at 0xc3 in for 0x73fad10025
04-20 00:36:09.703 18147 18147 E ArmVmp : Match on catch block at 0xc3 in for 0x73fad10025
04-20 00:36:09.707 18147 18147 E ArmVmp : Match on catch block at 0xc3 in for 0x73fad10025
04-20 00:36:09.850 18147 18147 E ArmVmp : Match on catch block at 0xc3 in for 0x73fad10025
04-20 00:36:09.854 18147 18147 E ArmVmp : Match on catch block at 0xc3 in for 0x73fad10025
04-20 00:36:09.883 18147 18147 E ArmVmp : Match on catch block at 0xc3 in for 0x73fad10025
04-20 00:36:09.887 18147 18147 E ArmVmp : Match on catch block at 0xc3 in for 0x73fad10025
04-20 00:36:10.118 18147 18147 E ArmVmp : Match on catch block at 0xc3 in for 0x73fad10025
04-20 00:36:10.124 18147 18147 E ArmVmp : Match on catch block at 0xc3 in for 0x73fad10025
04-20 00:36:10.134 18147 18147 E ArmVmp : Match on catch block at 0xc3 in for 0x73fad10025
04-20 00:36:10.141 18147 18147 E ArmVmp : Match on catch block at 0xc3 in for 0x73fad10025
04-20 00:36:10.150 18147 18147 E ArmVmp : Match on catch block at 0xc3 in for 0x73fad10025
04-20 00:36:10.155 18147 18147 E ArmVmp : Match on catch block at 0xc3 in for 0x73fad10025
04-20 00:36:10.167 18147 18147 E ArmVmp : Match on catch block at 0xc3 in for 0x73fad10025
04-20 00:36:10.173 18147 18147 E ArmVmp : Match on catch block at 0xc3 in for 0x73fad10025
04-20 00:36:10.183 18147 18147 E ArmVmp : Match on catch block at 0xc3 in for 0x73fad10025
04-20 00:36:10.189 18147 18147 E ArmVmp : Match on catch block at 0xc3 in for 0x73fad10025
04-20 00:36:10.203 18147 18147 E ArmVmp : Match on catch block at 0xc3 in for 0x73fad10025
04-20 00:36:10.208 18147 18147 E ArmVmp : Match on catch block at 0xc3 in for 0x73fad10025
04-20 00:36:10.217 18147 18147 E ArmVmp : Match on catch block at 0xc3 in for 0x73fad10025
04-20 00:36:10.224 18147 18147 E ArmVmp : Match on catch block at 0xc3 in for 0x73fad10025
04-20 00:36:10.236 18147 18147 E ArmVmp : Match on catch block at 0xc3 in for 0x73fad10025
04-20 00:36:10.241 18147 18147 E ArmVmp : Match on catch block at 0xc3 in for 0x73fad10025
04-20 00:36:10.253 18147 18147 E ArmVmp : Match on catch block at 0xc3 in for 0x73fad10025
04-20 00:36:10.258 18147 18147 E ArmVmp : Match on catch block at 0xc3 in for 0x73fad10025
04-20 00:36:10.269 18147 18147 E ArmVmp : Match on catch block at 0xc3 in for 0x73fad10025
04-20 00:36:10.275 18147 18147 E ArmVmp : Match on catch block at 0xc3 in for 0x73fad10025
04-20 00:36:10.283 18147 18147 E ArmVmp : Match on catch block at 0xc3 in for 0x73fad10025
04-20 00:36:10.290 18147 18147 E ArmVmp : Match on catch block at 0xc3 in for 0x73fad10025
04-20 00:36:10.300 18147 18147 E ArmVmp : Match on catch block at 0xc3 in for 0x73fad10025
04-20 00:36:10.309 18147 18147 E ArmVmp : Match on catch block at 0xc3 in for 0x73fad10025
04-20 00:36:10.318 18147 18147 E ArmVmp : Match on catch block at 0xc3 in for 0x73fad10025
04-20 00:36:10.325 18147 18147 E ArmVmp : Match on catch block at 0xc3 in for 0x73fad10025
04-20 00:36:10.382 18147 18147 E ArmVmp : Match on catch block at 0xc3 in for 0x73fad10025
04-20 00:36:10.387 18147 18147 E ArmVmp : Match on catch block at 0xc3 in for 0x73fad10025
04-20 00:36:10.410 18147 18375 E FrameEvents: updateAcquireFence: Did not find frame.
04-20 00:36:10.455 18147 18147 E ArmVmp : Match on catch block at 0xc3 in for 0x73fad10025
04-20 00:36:10.459 18147 18147 E ArmVmp : Match on catch block at 0xc3 in for 0x73fad10025
04-20 00:36:10.572 18147 18147 E OplusBracketLog: [OplusViewMirrorManager] updateHostViewRootIfNeeded, not support android.view.ViewRootImpl@64a143f
04-20 00:36:10.605 18147 18147 W VRI[MediaViewActivity]: updateBlastSurfaceIfNeeded, surfaceSize:Point(720, 1612), lastSurfaceSize:Point(0, 0), format:-2, blastBufferQueue:null
04-20 00:36:10.609 18147 18375 E OpenGLRenderer: Unable to match the desired swap behavior.
04-20 00:36:10.623 18147 18147 E ArmVmp : Match on catch block at 0xc3 in for 0x73fad10025
04-20 00:36:10.627 18147 18147 E ArmVmp : Match on catch block at 0xc3 in for 0x73fad10025
04-20 00:36:10.651 18147 18147 W VRI[MediaViewActivity]: handleResized, msg:5, frameChanged:false, configChanged:false, displayChanged:false, attachedFrameChanged:false, compatScaleChanged:false, pendingDragResizing=false
04-20 00:36:10.680 18147 18147 E ArmVmp : Match on catch block at 0xc3 in for 0x73fad10025
04-20 00:36:10.684 18147 18147 E ArmVmp : Match on catch block at 0xc3 in for 0x73fad10025
04-20 00:36:10.706 18147 18147 E ArmVmp : Match on catch block at 0xc3 in for 0x73fad10025
04-20 00:36:10.712 18147 18147 E ArmVmp : Match on catch block at 0xc3 in for 0x73fad10025
04-20 00:36:10.735 18147 18147 E ArmVmp : Match on catch block at 0xc3 in for 0x73fad10025
04-20 00:36:10.741 18147 18147 E ArmVmp : Match on catch block at 0xc3 in for 0x73fad10025
04-20 00:36:10.763 18147 18147 E ArmVmp : Match on catch block at 0xc3 in for 0x73fad10025
04-20 00:36:10.768 18147 18147 E ArmVmp : Match on catch block at 0xc3 in for 0x73fad10025
04-20 00:36:19.041 18147 18147 W VRI[MediaViewActivity]: updateBlastSurfaceIfNeeded, surfaceSize:Point(720, 1612), lastSurfaceSize:Point(720, 1612), format:-2, blastBufferQueue:android.graphics.BLASTBufferQueue@9fe1165
04-20 00:36:19.529 18147 18375 E FrameEvents: updateAcquireFence: Did not find frame.
04-20 00:36:19.536 18147 18147 E ArmVmp : Match on catch block at 0xc3 in for 0x73fad10025
04-20 00:36:19.541 18147 18147 E ArmVmp : Match on catch block at 0xc3 in for 0x73fad10025
04-20 00:36:19.547 18147 18147 E ArmVmp : Match on catch block at 0xc3 in for 0x73fad10025
04-20 00:36:19.551 18147 18147 E ArmVmp : Match on catch block at 0xc3 in for 0x73fad10025
04-20 00:36:19.704 18147 18147 E ArmVmp : Match on catch block at 0xc3 in for 0x73fad10025
04-20 00:36:19.708 18147 18147 E ArmVmp : Match on catch block at 0xc3 in for 0x73fad10025
04-20 00:36:19.730 18147 18147 E ArmVmp : Match on catch block at 0xc3 in for 0x73fad10025
04-20 00:36:19.734 18147 18147 E ArmVmp : Match on catch block at 0xc3 in for 0x73fad10025
04-20 00:36:19.760 18147 18147 E ArmVmp : Match on catch block at 0xc3 in for 0x73fad10025
04-20 00:36:19.764 18147 18147 E ArmVmp : Match on catch block at 0xc3 in for 0x73fad10025
04-20 00:36:19.872 18147 18147 E ArmVmp : Match on catch block at 0xc3 in for 0x73fad10025
04-20 00:36:19.877 18147 18147 E ArmVmp : Match on catch block at 0xc3 in for 0x73fad10025
04-20 00:36:19.918 18147 18147 W WindowOnBackDispatcher: sendCancelIfRunning: isInProgress=falsecallback=android.view.ViewRootImpl$ $ExternalSyntheticLambda17@ed365a4
04-20 00:36:19.968 18147 18147 W VRI[Conversation]: updateBlastSurfaceIfNeeded, surfaceSize:Point(720, 1612), lastSurfaceSize:Point(720, 1612), format:-1, blastBufferQueue:android.graphics.BLASTBufferQueue@1031041
04-20 00:36:19.969 18147 18147 E ArmVmp : Match on catch block at 0xc3 in for 0x73fad10025
04-20 00:36:19.975 18147 18147 E ArmVmp : Match on catch block at 0xc3 in for 0x73fad10025
04-20 00:36:19.988 18147 18147 E ArmVmp : Match on catch block at 0xc3 in for 0x73fad10025
04-20 00:36:19.995 18147 18147 E ArmVmp : Match on catch block at 0xc3 in for 0x73fad10025
04-20 00:36:20.004 18147 18147 E ArmVmp : Match on catch block at 0xc3 in for 0x73fad10025
04-20 00:36:20.011 18147 18147 E ArmVmp : Match on catch block at 0xc3 in for 0x73fad10025
04-20 00:36:20.021 18147 18147 E ArmVmp : Match on catch block at 0xc3 in for 0x73fad10025
04-20 00:36:20.027 18147 18147 E ArmVmp : Match on catch block at 0xc3 in for 0x73fad10025
04-20 00:36:20.038 18147 18147 E ArmVmp : Match on catch block at 0xc3 in for 0x73fad10025
04-20 00:36:20.044 18147 18147 E ArmVmp : Match on catch block at 0xc3 in for 0x73fad10025
04-20 00:36:20.308 18147 18147 E ArmVmp : Match on catch block at 0xc3 in for 0x73fad10025
04-20 00:36:20.312 18147 18147 E ArmVmp : Match on catch block at 0xc3 in for 0x73fad10025
04-20 00:36:20.329 18147 18147 E ArmVmp : Match on catch block at 0xc3 in for 0x73fad10025
04-20 00:36:20.334 18147 18147 E ArmVmp : Match on catch block at 0xc3 in for 0x73fad10025
04-20 00:36:20.347 18147 18147 E ArmVmp : Match on catch block at 0xc3 in for 0x73fad10025
04-20 00:36:20.352 18147 18147 E ArmVmp : Match on catch block at 0xc3 in for 0x73fad10025
04-20 00:36:20.361 18147 18147 E ArmVmp : Match on catch block at 0xc3 in for 0x73fad10025
04-20 00:36:20.367 18147 18147 E ArmVmp : Match on catch block at 0xc3 in for 0x73fad10025
04-20 00:36:20.379 18147 18147 E ArmVmp : Match on catch block at 0xc3 in for 0x73fad10025
04-20 00:36:20.383 18147 18147 E ArmVmp : Match on catch block at 0xc3 in for 0x73fad10025
04-20 00:36:20.389 18147 18147 E ArmVmp : Match on catch block at 0xc3 in for 0x73fad10025
04-20 00:36:20.395 18147 18147 E ArmVmp : Match on catch block at 0xc3 in for 0x73fad10025
04-20 00:36:20.404 18147 18147 E ArmVmp : Match on catch block at 0xc3 in for 0x73fad10025
04-20 00:36:20.410 18147 18147 E ArmVmp : Match on catch block at 0xc3 in for 0x73fad10025
04-20 00:36:20.421 18147 18147 E ArmVmp : Match on catch block at 0xc3 in for 0x73fad10025
04-20 00:36:20.426 18147 18147 E ArmVmp : Match on catch block at 0xc3 in for 0x73fad10025
04-20 00:36:20.438 18147 18147 E ArmVmp : Match on catch block at 0xc3 in for 0x73fad10025
04-20 00:36:20.443 18147 18147 E ArmVmp : Match on catch block at 0xc3 in for 0x73fad10025
04-20 00:36:20.455 18147 18147 E ArmVmp : Match on catch block at 0xc3 in for 0x73fad10025
04-20 00:36:20.459 18147 18147 E ArmVmp : Match on catch block at 0xc3 in for 0x73fad10025
04-20 00:36:20.471 18147 18147 E ArmVmp : Match on catch block at 0xc3 in for 0x73fad10025
04-20 00:36:20.477 18147 18147 E ArmVmp : Match on catch block at 0xc3 in for 0x73fad10025
04-20 00:36:20.738 18147 18147 E ArmVmp : Match on catch block at 0xc3 in for 0x73fad10025
04-20 00:36:20.744 18147 18147 E ArmVmp : Match on catch block at 0xc3 in for 0x73fad10025
04-20 00:36:20.755 18147 18147 E ArmVmp : Match on catch block at 0xc3 in for 0x73fad10025
04-20 00:36:20.761 18147 18147 E ArmVmp : Match on catch block at 0xc3 in for 0x73fad10025
04-20 00:36:20.771 18147 18147 E ArmVmp : Match on catch block at 0xc3 in for 0x73fad10025
04-20 00:36:20.776 18147 18147 E ArmVmp : Match on catch block at 0xc3 in for 0x73fad10025
04-20 00:36:20.788 18147 18147 E ArmVmp : Match on catch block at 0xc3 in for 0x73fad10025
04-20 00:36:20.794 18147 18147 E ArmVmp : Match on catch block at 0xc3 in for 0x73fad10025
04-20 00:36:20.804 18147 18147 E ArmVmp : Match on catch block at 0xc3 in for 0x73fad10025
04-20 00:36:20.810 18147 18147 E ArmVmp : Match on catch block at 0xc3 in for 0x73fad10025
04-20 00:36:20.824 18147 18147 E ArmVmp : Match on catch block at 0xc3 in for 0x73fad10025
04-20 00:36:20.829 18147 18147 E ArmVmp : Match on catch block at 0xc3 in for 0x73fad10025
04-20 00:36:20.837 18147 18147 E ArmVmp : Match on catch block at 0xc3 in for 0x73fad10025
04-20 00:36:20.843 18147 18147 E ArmVmp : Match on catch block at 0xc3 in for 0x73fad10025
04-20 00:36:20.854 18147 18147 E ArmVmp : Match on catch block at 0xc3 in for 0x73fad10025
04-20 00:36:20.860 18147 18147 E ArmVmp : Match on catch block at 0xc3 in for 0x73fad10025
04-20 00:36:20.871 18147 18147 E ArmVmp : Match on catch block at 0xc3 in for 0x73fad10025
04-20 00:36:20.876 18147 18147 E ArmVmp : Match on catch block at 0xc3 in for 0x73fad10025
04-20 00:36:20.888 18147 18147 E ArmVmp : Match on catch block at 0xc3 in for 0x73fad10025
04-20 00:36:20.893 18147 18147 E ArmVmp : Match on catch block at 0xc3 in for 0x73fad10025
04-20 00:36:20.904 18147 18147 E ArmVmp : Match on catch block at 0xc3 in for 0x73fad10025
04-20 00:36:20.910 18147 18147 E ArmVmp : Match on catch block at 0xc3 in for 0x73fad10025
04-20 00:36:20.921 18147 18147 E ArmVmp : Match on catch block at 0xc3 in for 0x73fad10025
04-20 00:36:20.927 18147 18147 E ArmVmp : Match on catch block at 0xc3 in for 0x73fad10025
04-20 00:36:20.937 18147 18147 E ArmVmp : Match on catch block at 0xc3 in for 0x73fad10025
04-20 00:36:20.943 18147 18147 E ArmVmp : Match on catch block at 0xc3 in for 0x73fad10025
04-20 00:36:20.957 18147 18147 E ArmVmp : Match on catch block at 0xc3 in for 0x73fad10025
04-20 00:36:20.962 18147 18147 E ArmVmp : Match on catch block at 0xc3 in for 0x73fad10025
04-20 00:36:20.971 18147 18147 E ArmVmp : Match on catch block at 0xc3 in for 0x73fad10025
04-20 00:36:20.977 18147 18147 E ArmVmp : Match on catch block at 0xc3 in for 0x73fad10025
04-20 00:36:20.987 18147 18147 E ArmVmp : Match on catch block at 0xc3 in for 0x73fad10025
04-20 00:36:20.993 18147 18147 E ArmVmp : Match on catch block at 0xc3 in for 0x73fad10025
04-20 00:36:21.004 18147 18147 E ArmVmp : Match on catch block at 0xc3 in for 0x73fad10025
04-20 00:36:21.008 18147 18147 E ArmVmp : Match on catch block at 0xc3 in for 0x73fad10025
04-20 00:36:21.473 18147 18147 E ArmVmp : Match on catch block at 0xc3 in for 0x73fad10025
04-20 00:36:21.480 18147 18147 E ArmVmp : Match on catch block at 0xc3 in for 0x73fad10025
04-20 00:36:21.974 18147 18147 E ArmVmp : Match on catch block at 0xc3 in for 0x73fad10025
04-20 00:36:21.980 18147 18147 E ArmVmp : Match on catch block at 0xc3 in for 0x73fad10025
04-20 00:36:22.492 18147 18147 E ArmVmp : Match on catch block at 0xc3 in for 0x73fad10025
04-20 00:36:22.499 18147 18147 E ArmVmp : Match on catch block at 0xc3 in for 0x73fad10025
04-20 00:36:22.990 18147 18147 E ArmVmp : Match on catch block at 0xc3 in for 0x73fad10025
04-20 00:36:22.995 18147 18147 E ArmVmp : Match on catch block at 0xc3 in for 0x73fad10025
04-20 00:36:23.089 18147 18147 E ArmVmp : Match on catch block at 0xc3 in for 0x73fad10025
04-20 00:36:23.093 18147 18147 E ArmVmp : Match on catch block at 0xc3 in for 0x73fad10025
04-20 00:36:23.136 18147 18147 W VRI[Conversation]: handleResized abandoned!
04-20 00:36:23.243 18147 18147 E ArmVmp : Match on catch block at 0xc3 in for 0x73fad10025
04-20 00:36:23.247 18147 18147 E ArmVmp : Match on catch block at 0xc3 in for 0x73fad10025
04-20 00:36:23.258 18147 18147 W VRI[Conversation]: handleResized abandoned!
04-20 00:36:23.261 18147 18147 E ArmVmp : Match on catch block at 0xc3 in for 0x73fad10025
04-20 00:36:23.266 18147 18147 E ArmVmp : Match on catch block at 0xc3 in for 0x73fad10025
04-20 00:36:23.490 18147 18147 E ArmVmp : Match on catch block at 0xc3 in for 0x73fad10025
04-20 00:36:23.495 18147 18147 E ArmVmp : Match on catch block at 0xc3 in for 0x73fad10025
04-20 00:36:23.991 18147 18147 E ArmVmp : Match on catch block at 0xc3 in for 0x73fad10025
04-20 00:36:23.997 18147 18147 E ArmVmp : Match on catch block at 0xc3 in for 0x73fad10025
04-20 00:36:24.490 18147 18147 E ArmVmp : Match on catch block at 0xc3 in for 0x73fad10025
04-20 00:36:24.496 18147 18147 E ArmVmp : Match on catch block at 0xc3 in for 0x73fad10025
04-20 00:36:24.992 18147 18147 E ArmVmp : Match on catch block at 0xc3 in for 0x73fad10025
04-20 00:36:24.997 18147 18147 E ArmVmp : Match on catch block at 0xc3 in for 0x73fad10025
04-20 00:36:25.489 18147 18147 E ArmVmp : Match on catch block at 0xc3 in for 0x73fad10025
04-20 00:36:25.495 18147 18147 E ArmVmp : Match on catch block at 0xc3 in for 0x73fad10025
04-20 00:36:25.875 18147 18147 E OplusBracketLog: [OplusViewMirrorManager] updateHostViewRootIfNeeded, not support android.view.ViewRootImpl@547a66f
04-20 00:36:25.894 18147 18375 E OpenGLRenderer: Unable to match the desired swap behavior.
04-20 00:36:25.915 18147 18147 E ArmVmp : Match on catch block at 0xc3 in for 0x73fad10025
04-20 00:36:25.919 18147 18147 E ArmVmp : Match on catch block at 0xc3 in for 0x73fad10025
04-20 00:36:26.007 18147 18147 E ArmVmp : Match on catch block at 0xc3 in for 0x73fad10025
04-20 00:36:26.013 18147 18147 E ArmVmp : Match on catch block at 0xc3 in for 0x73fad10025
04-20 00:36:26.227 18147 18375 E OpenGLRenderer: Unable to match the desired swap behavior.
04-20 00:36:26.230 18147 18147 W VRI[Toast]: handleResized abandoned!
04-20 00:36:26.247 18147 18375 E OpenGLRenderer: Unable to match the desired swap behavior.
04-20 00:36:26.267 18147 18375 E OpenGLRenderer: Unable to match the desired swap behavior.
04-20 00:36:26.288 18147 18375 E OpenGLRenderer: Unable to match the desired swap behavior.
04-20 00:36:26.311 18147 18375 E OpenGLRenderer: Unable to match the desired swap behavior.
04-20 00:36:26.332 18147 18375 E OpenGLRenderer: Unable to match the desired swap behavior.
04-20 00:36:26.352 18147 18375 E OpenGLRenderer: Unable to match the desired swap behavior.
04-20 00:36:26.373 18147 18375 E OpenGLRenderer: Unable to match the desired swap behavior.
04-20 00:36:26.507 18147 18147 E ArmVmp : Match on catch block at 0xc3 in for 0x73fad10025
04-20 00:36:26.512 18147 18147 E ArmVmp : Match on catch block at 0xc3 in for 0x73fad10025
04-20 00:36:27.006 18147 18147 E ArmVmp : Match on catch block at 0xc3 in for 0x73fad10025
04-20 00:36:27.010 18147 18147 E ArmVmp : Match on catch block at 0xc3 in for 0x73fad10025
04-20 00:36:27.163 18147 18147 E ArmVmp : Match on catch block at 0xc3 in for 0x73fad10025
04-20 00:36:27.168 18147 18147 E ArmVmp : Match on catch block at 0xc3 in for 0x73fad10025
04-20 00:36:27.507 18147 18147 E ArmVmp : Match on catch block at 0xc3 in for 0x73fad10025
04-20 00:36:27.511 18147 18147 E ArmVmp : Match on catch block at 0xc3 in for 0x73fad10025
04-20 00:36:27.613 18147 18147 E ArmVmp : Match on catch block at 0xc3 in for 0x73fad10025
04-20 00:36:27.618 18147 18147 E ArmVmp : Match on catch block at 0xc3 in for 0x73fad10025
04-20 00:36:27.824 18147 18147 W WindowOnBackDispatcher: sendCancelIfRunning: isInProgress=falsecallback=android.view.ViewRootImpl$ $ExternalSyntheticLambda17@d11df7c
04-20 00:36:27.872 18147 18147 E OplusBracketLog: [OplusViewMirrorManager] updateHostViewRootIfNeeded, not support android.view.ViewRootImpl@16882f1
04-20 00:36:27.893 18147 18375 E OpenGLRenderer: Unable to match the desired swap behavior.
04-20 00:36:27.975 18147 18375 E OpenGLRenderer: Unable to match the desired swap behavior.
04-20 00:36:27.979 18147 18147 W VRI[Toast]: handleResized abandoned!
04-20 00:36:27.998 18147 18375 E OpenGLRenderer: Unable to match the desired swap behavior.
04-20 00:36:28.020 18147 18375 E OpenGLRenderer: Unable to match the desired swap behavior.
04-20 00:36:28.047 18147 18375 E OpenGLRenderer: Unable to match the desired swap behavior.
04-20 00:36:28.051 18147 18147 E ArmVmp : Match on catch block at 0xc3 in for 0x73fad10025
04-20 00:36:28.057 18147 18147 E ArmVmp : Match on catch block at 0xc3 in for 0x73fad10025
04-20 00:36:28.087 18147 18375 E OpenGLRenderer: Unable to match the desired swap behavior.
04-20 00:36:28.112 18147 18375 E OpenGLRenderer: Unable to match the desired swap behavior.
04-20 00:36:28.476 18147 18147 E ArmVmp : Match on catch block at 0xc3 in for 0x73fad10025
04-20 00:36:28.482 18147 18147 E ArmVmp : Match on catch block at 0xc3 in for 0x73fad10025
04-20 00:36:28.493 18147 18147 W WindowOnBackDispatcher: sendCancelIfRunning: isInProgress=falsecallback=ImeCallback=ImeOnBackInvokedCallback@130186315 Callback=android.window.IOnBackInvokedCallback$Stub$Proxy@b46c9c8
04-20 00:36:28.496 18147 18147 W VRI[Toast]: handleResized abandoned!
04-20 00:36:28.497 18147 18147 W VRI[Conversation]: handleResized abandoned!
04-20 00:36:28.507 18147 18147 E ArmVmp : Match on catch block at 0xc3 in for 0x73fad10025
04-20 00:36:28.517 18147 18147 E ArmVmp : Match on catch block at 0xc3 in for 0x73fad10025
04-20 00:36:28.541 18147 18147 E ArmVmp : Match on catch block at 0xc3 in for 0x73fad10025
04-20 00:36:28.549 18147 18147 E ArmVmp : Match on catch block at 0xc3 in for 0x73fad10025
04-20 00:36:29.040 18147 18147 E ArmVmp : Match on catch block at 0xc3 in for 0x73fad10025
04-20 00:36:29.045 18147 18147 E ArmVmp : Match on catch block at 0xc3 in for 0x73fad10025
04-20 00:36:29.129 18147 18147 W VRI[Conversation]: handleResized abandoned!
04-20 00:36:29.130 18147 18147 W VRI[Toast]: handleResized abandoned!
04-20 00:36:29.499 18147 18147 E ArmVmp : Match on catch block at 0xc3 in for 0x73fad10025
04-20 00:36:29.503 18147 18147 E ArmVmp : Match on catch block at 0xc3 in for 0x73fad10025
04-20 00:36:29.518 18147 18570 W MediaPlayer: Use of stream types is deprecated for operations other than volume control
04-20 00:36:29.518 18147 18570 W MediaPlayer: See the documentation of setAudioStreamType() for what to use instead with android.media.AudioAttributes to qualify your playback use case
04-20 00:36:29.537 18147 18147 E ArmVmp : Match on catch block at 0xc3 in for 0x73fad10025
04-20 00:36:29.541 18147 18147 E ArmVmp : Match on catch block at 0xc3 in for 0x73fad10025
04-20 00:36:29.575 18147 18147 E ArmVmp : Match on catch block at 0xc3 in for 0x73fad10025
04-20 00:36:29.580 18147 18147 E ArmVmp : Match on catch block at 0xc3 in for 0x73fad10025
04-20 00:36:29.826 18147 18147 W WindowOnBackDispatcher: sendCancelIfRunning: isInProgress=falsecallback=android.view.ViewRootImpl$ $ExternalSyntheticLambda17@8cb5ed6
04-20 00:36:30.075 18147 18147 E ArmVmp : Match on catch block at 0xc3 in for 0x73fad10025
04-20 00:36:30.080 18147 18147 E ArmVmp : Match on catch block at 0xc3 in for 0x73fad10025
04-20 00:36:30.575 18147 18147 E ArmVmp : Match on catch block at 0xc3 in for 0x73fad10025
04-20 00:36:30.581 18147 18147 E ArmVmp : Match on catch block at 0xc3 in for 0x73fad10025
04-20 00:36:31.074 18147 18147 E ArmVmp : Match on catch block at 0xc3 in for 0x73fad10025
04-20 00:36:31.079 18147 18147 E ArmVmp : Match on catch block at 0xc3 in for 0x73fad10025
04-20 00:36:31.155 18147 18147 E ArmVmp : Match on catch block at 0xc3 in for 0x73fad10025
04-20 00:36:31.159 18147 18147 E ArmVmp : Match on catch block at 0xc3 in for 0x73fad10025
04-20 00:36:31.198 18147 18147 W VRI[Conversation]: handleResized abandoned!
04-20 00:36:31.317 18147 18147 E ArmVmp : Match on catch block at 0xc3 in for 0x73fad10025
04-20 00:36:31.323 18147 18147 E ArmVmp : Match on catch block at 0xc3 in for 0x73fad10025
04-20 00:36:31.332 18147 18147 W VRI[Conversation]: handleResized abandoned!
04-20 00:36:31.342 18147 18147 E ArmVmp : Match on catch block at 0xc3 in for 0x73fad10025
04-20 00:36:31.347 18147 18147 E ArmVmp : Match on catch block at 0xc3 in for 0x73fad10025
04-20 00:36:31.576 18147 18147 E ArmVmp : Match on catch block at 0xc3 in for 0x73fad10025
04-20 00:36:31.582 18147 18147 E ArmVmp : Match on catch block at 0xc3 in for 0x73fad10025
04-20 00:36:32.076 18147 18147 E ArmVmp : Match on catch block at 0xc3 in for 0x73fad10025
04-20 00:36:32.080 18147 18147 E ArmVmp : Match on catch block at 0xc3 in for 0x73fad10025
04-20 00:36:32.575 18147 18147 E ArmVmp : Match on catch block at 0xc3 in for 0x73fad10025
04-20 00:36:32.580 18147 18147 E ArmVmp : Match on catch block at 0xc3 in for 0x73fad10025
04-20 00:36:33.075 18147 18147 E ArmVmp : Match on catch block at 0xc3 in for 0x73fad10025
04-20 00:36:33.080 18147 18147 E ArmVmp : Match on catch block at 0xc3 in for 0x73fad10025
04-20 00:36:33.575 18147 18147 E ArmVmp : Match on catch block at 0xc3 in for 0x73fad10025
04-20 00:36:33.581 18147 18147 E ArmVmp : Match on catch block at 0xc3 in for 0x73fad10025
04-20 00:36:34.093 18147 18147 E ArmVmp : Match on catch block at 0xc3 in for 0x73fad10025
04-20 00:36:34.098 18147 18147 E ArmVmp : Match on catch block at 0xc3 in for 0x73fad10025
04-20 00:36:34.592 18147 18147 E ArmVmp : Match on catch block at 0xc3 in for 0x73fad10025
04-20 00:36:34.596 18147 18147 E ArmVmp : Match on catch block at 0xc3 in for 0x73fad10025
04-20 00:36:35.093 18147 18147 E ArmVmp : Match on catch block at 0xc3 in for 0x73fad10025
04-20 00:36:35.100 18147 18147 E ArmVmp : Match on catch block at 0xc3 in for 0x73fad10025
04-20 00:36:35.387 18147 18147 E ArmVmp : Match on catch block at 0xc3 in for 0x73fad10025
04-20 00:36:35.392 18147 18147 E ArmVmp : Match on catch block at 0xc3 in for 0x73fad10025
04-20 00:36:35.419 18147 18147 E ArmVmp : Match on catch block at 0xc3 in for 0x73fad10025
04-20 00:36:35.425 18147 18147 E ArmVmp : Match on catch block at 0xc3 in for 0x73fad10025
04-20 00:36:35.433 18147 18147 E ArmVmp : Match on catch block at 0xc3 in for 0x73fad10025
04-20 00:36:35.441 18147 18147 E ArmVmp : Match on catch block at 0xc3 in for 0x73fad10025
04-20 00:36:35.455 18147 18147 E ArmVmp : Match on catch block at 0xc3 in for 0x73fad10025
04-20 00:36:35.464 18147 18147 E ArmVmp : Match on catch block at 0xc3 in for 0x73fad10025
04-20 00:36:35.475 18147 18147 E ArmVmp : Match on catch block at 0xc3 in for 0x73fad10025
04-20 00:36:35.487 18147 18147 E ArmVmp : Match on catch block at 0xc3 in for 0x73fad10025
04-20 00:36:35.497 18147 18147 E ArmVmp : Match on catch block at 0xc3 in for 0x73fad10025
04-20 00:36:35.506 18147 18147 E ArmVmp : Match on catch block at 0xc3 in for 0x73fad10025
04-20 00:36:35.533 18147 18147 E ArmVmp : Match on catch block at 0xc3 in for 0x73fad10025
04-20 00:36:35.540 18147 18147 E ArmVmp : Match on catch block at 0xc3 in for 0x73fad10025
04-20 00:36:35.561 18147 18147 E ArmVmp : Match on catch block at 0xc3 in for 0x73fad10025
04-20 00:36:35.569 18147 18147 E ArmVmp : Match on catch block at 0xc3 in for 0x73fad10025
04-20 00:36:35.578 18147 18147 E ArmVmp : Match on catch block at 0xc3 in for 0x73fad10025
04-20 00:36:35.588 18147 18147 E ArmVmp : Match on catch block at 0xc3 in for 0x73fad10025
04-20 00:36:35.610 18147 18147 E ArmVmp : Match on catch block at 0xc3 in for 0x73fad10025
04-20 00:36:35.618 18147 18147 E ArmVmp : Match on catch block at 0xc3 in for 0x73fad10025
04-20 00:36:35.710 18147 18147 E ArmVmp : Match on catch block at 0xc3 in for 0x73fad10025
04-20 00:36:35.720 18147 18147 E ArmVmp : Match on catch block at 0xc3 in for 0x73fad10025
04-20 00:36:35.977 18147 18147 E ArmVmp : Match on catch block at 0xc3 in for 0x73fad10025
04-20 00:36:35.985 18147 18147 E ArmVmp : Match on catch block at 0xc3 in for 0x73fad10025
04-20 00:36:36.010 18147 18147 E ArmVmp : Match on catch block at 0xc3 in for 0x73fad10025
04-20 00:36:36.016 18147 18147 E ArmVmp : Match on catch block at 0xc3 in for 0x73fad10025
04-20 00:36:36.243 18147 18147 E ArmVmp : Match on catch block at 0xc3 in for 0x73fad10025
04-20 00:36:36.250 18147 18147 E ArmVmp : Match on catch block at 0xc3 in for 0x73fad10025
04-20 00:36:36.443 18147 18147 E ArmVmp : Match on catch block at 0xc3 in for 0x73fad10025
04-20 00:36:36.449 18147 18147 E ArmVmp : Match on catch block at 0xc3 in for 0x73fad10025
04-20 00:36:36.512 18147 18147 E ArmVmp : Match on catch block at 0xc3 in for 0x73fad10025
04-20 00:36:36.518 18147 18147 E ArmVmp : Match on catch block at 0xc3 in for 0x73fad10025
04-20 00:36:37.011 18147 18147 E ArmVmp : Match on catch block at 0xc3 in for 0x73fad10025
04-20 00:36:37.016 18147 18147 E ArmVmp : Match on catch block at 0xc3 in for 0x73fad10025
04-20 00:36:37.142 18147 18147 W JobService: onNetworkChanged() not implemented in androidx.work.impl.background.systemjob.SystemJobService. Must override in a subclass.
04-20 00:36:37.243 18147 18147 E ArmVmp : Match on catch block at 0xc3 in for 0x73fad10025
04-20 00:36:37.251 18147 18147 E ArmVmp : Match on catch block at 0xc3 in for 0x73fad10025
04-20 00:36:37.545 18147 18147 E ArmVmp : Match on catch block at 0xc3 in for 0x73fad10025
04-20 00:36:37.551 18147 18147 E ArmVmp : Match on catch block at 0xc3 in for 0x73fad10025
04-20 00:36:37.744 18147 18147 E ArmVmp : Match on catch block at 0xc3 in for 0x73fad10025
04-20 00:36:37.750 18147 18147 E ArmVmp : Match on catch block at 0xc3 in for 0x73fad10025
04-20 00:36:37.846 18147 18147 E ArmVmp : Match on catch block at 0xc3 in for 0x73fad10025
04-20 00:36:37.851 18147 18147 E ArmVmp : Match on catch block at 0xc3 in for 0x73fad10025
04-20 00:36:38.061 18147 18147 E ArmVmp : Match on catch block at 0xc3 in for 0x73fad10025
04-20 00:36:38.067 18147 18147 E ArmVmp : Match on catch block at 0xc3 in for 0x73fad10025
04-20 00:36:38.177 18147 18147 E ArmVmp : Match on catch block at 0xc3 in for 0x73fad10025
04-20 00:36:38.183 18147 18147 E ArmVmp : Match on catch block at 0xc3 in for 0x73fad10025
04-20 00:36:38.345 18147 18147 E ArmVmp : Match on catch block at 0xc3 in for 0x73fad10025
04-20 00:36:38.351 18147 18147 E ArmVmp : Match on catch block at 0xc3 in for 0x73fad10025
04-20 00:36:38.528 18147 18147 E ArmVmp : Match on catch block at 0xc3 in for 0x73fad10025
04-20 00:36:38.534 18147 18147 E ArmVmp : Match on catch block at 0xc3 in for 0x73fad10025
04-20 00:36:38.727 18147 18147 E ArmVmp : Match on catch block at 0xc3 in for 0x73fad10025
04-20 00:36:38.733 18147 18147 E ArmVmp : Match on catch block at 0xc3 in for 0x73fad10025
04-20 00:36:39.227 18147 18147 E ArmVmp : Match on catch block at 0xc3 in for 0x73fad10025
04-20 00:36:39.232 18147 18147 E ArmVmp : Match on catch block at 0xc3 in for 0x73fad10025
04-20 00:36:39.260 18147 18147 E ArmVmp : Match on catch block at 0xc3 in for 0x73fad10025
04-20 00:36:39.264 18147 18147 E ArmVmp : Match on catch block at 0xc3 in for 0x73fad10025
04-20 00:36:39.296 18147 18147 E ArmVmp : Match on catch block at 0xc3 in for 0x73fad10025
04-20 00:36:39.301 18147 18147 E ArmVmp : Match on catch block at 0xc3 in for 0x73fad10025
04-20 00:36:39.393 18147 18147 E ArmVmp : Match on catch block at 0xc3 in for 0x73fad10025
04-20 00:36:39.398 18147 18147 E ArmVmp : Match on catch block at 0xc3 in for 0x73fad10025
04-20 00:36:39.435 18147 18147 E ArmVmp : Match on catch block at 0xc3 in for 0x73fad10025
04-20 00:36:39.442 18147 18147 E ArmVmp : Match on catch block at 0xc3 in for 0x73fad10025
04-20 00:36:39.488 18147 18147 E ArmVmp : Match on catch block at 0xc3 in for 0x73fad10025
04-20 00:36:39.495 18147 18147 E ArmVmp : Match on catch block at 0xc3 in for 0x73fad10025
04-20 00:36:39.523 18147 18147 E ArmVmp : Match on catch block at 0xc3 in for 0x73fad10025
04-20 00:36:39.528 18147 18147 E ArmVmp : Match on catch block at 0xc3 in for 0x73fad10025
04-20 00:36:39.762 18147 18147 E ArmVmp : Match on catch block at 0xc3 in for 0x73fad10025
04-20 00:36:39.767 18147 18147 E ArmVmp : Match on catch block at 0xc3 in for 0x73fad10025
04-20 00:36:39.787 18147 18147 E ArmVmp : Match on catch block at 0xc3 in for 0x73fad10025
04-20 00:36:39.791 18147 18147 E ArmVmp : Match on catch block at 0xc3 in for 0x73fad10025
04-20 00:36:39.805 18147 18570 W MediaPlayer: Use of stream types is deprecated for operations other than volume control
04-20 00:36:39.806 18147 18570 W MediaPlayer: See the documentation of setAudioStreamType() for what to use instead with android.media.AudioAttributes to qualify your playback use case
04-20 00:36:40.168 18147 18147 E ArmVmp : Match on catch block at 0xc3 in for 0x73fad10025
04-20 00:36:40.175 18147 18147 E ArmVmp : Match on catch block at 0xc3 in for 0x73fad10025
04-20 00:36:40.273 18147 18147 E ArmVmp : Match on catch block at 0xc3 in for 0x73fad10025
04-20 00:36:40.278 18147 18147 E ArmVmp : Match on catch block at 0xc3 in for 0x73fad10025
04-20 00:36:40.344 18147 18147 E ArmVmp : Match on catch block at 0xc3 in for 0x73fad10025
04-20 00:36:40.350 18147 18147 E ArmVmp : Match on catch block at 0xc3 in for 0x73fad10025
04-20 00:36:40.356 18147 18147 E OplusBracketLog: [OplusViewMirrorManager] updateHostViewRootIfNeeded, not support android.view.ViewRootImpl@48c6ea2
04-20 00:36:40.380 18147 18375 E OpenGLRenderer: Unable to match the desired swap behavior.
04-20 00:36:40.407 18147 18147 E ArmVmp : Match on catch block at 0xc3 in for 0x73fad10025
04-20 00:36:40.412 18147 18147 E ArmVmp : Match on catch block at 0xc3 in for 0x73fad10025
04-20 00:36:40.431 18147 18147 E ArmVmp : Match on catch block at 0xc3 in for 0x73fad10025
04-20 00:36:40.435 18147 18147 E ArmVmp : Match on catch block at 0xc3 in for 0x73fad10025
04-20 00:36:40.457 18147 18147 E ArmVmp : Match on catch block at 0xc3 in for 0x73fad10025
04-20 00:36:40.462 18147 18147 E ArmVmp : Match on catch block at 0xc3 in for 0x73fad10025
04-20 00:36:40.477 18147 18147 E ArmVmp : Match on catch block at 0xc3 in for 0x73fad10025
04-20 00:36:40.482 18147 18147 E ArmVmp : Match on catch block at 0xc3 in for 0x73fad10025
04-20 00:36:40.490 18147 18147 E ArmVmp : Match on catch block at 0xc3 in for 0x73fad10025
04-20 00:36:40.495 18147 18147 E ArmVmp : Match on catch block at 0xc3 in for 0x73fad10025
04-20 00:36:40.510 18147 18147 E ArmVmp : Match on catch block at 0xc3 in for 0x73fad10025
04-20 00:36:40.515 18147 18147 E ArmVmp : Match on catch block at 0xc3 in for 0x73fad10025
04-20 00:36:40.524 18147 18147 E ArmVmp : Match on catch block at 0xc3 in for 0x73fad10025
04-20 00:36:40.529 18147 18147 E ArmVmp : Match on catch block at 0xc3 in for 0x73fad10025
04-20 00:36:40.547 18147 18147 E ArmVmp : Match on catch block at 0xc3 in for 0x73fad10025
04-20 00:36:40.552 18147 18147 E ArmVmp : Match on catch block at 0xc3 in for 0x73fad10025
04-20 00:36:40.569 18147 18147 E ArmVmp : Match on catch block at 0xc3 in for 0x73fad10025
04-20 00:36:40.574 18147 18147 E ArmVmp : Match on catch block at 0xc3 in for 0x73fad10025
04-20 00:36:40.589 18147 18147 E ArmVmp : Match on catch block at 0xc3 in for 0x73fad10025
04-20 00:36:40.595 18147 18147 E ArmVmp : Match on catch block at 0xc3 in for 0x73fad10025
04-20 00:36:40.609 18147 18147 E ArmVmp : Match on catch block at 0xc3 in for 0x73fad10025
04-20 00:36:40.613 18147 18147 E ArmVmp : Match on catch block at 0xc3 in for 0x73fad10025
04-20 00:36:40.658 18147 18375 E OpenGLRenderer: Unable to match the desired swap behavior.
04-20 00:36:40.680 18147 18375 E OpenGLRenderer: Unable to match the desired swap behavior.
04-20 00:36:40.703 18147 18375 E OpenGLRenderer: Unable to match the desired swap behavior.
04-20 00:36:40.724 18147 18375 E OpenGLRenderer: Unable to match the desired swap behavior.
04-20 00:36:40.747 18147 18375 E OpenGLRenderer: Unable to match the desired swap behavior.
04-20 00:36:40.769 18147 18375 E OpenGLRenderer: Unable to match the desired swap behavior.
04-20 00:36:40.789 18147 18375 E OpenGLRenderer: Unable to match the desired swap behavior.
04-20 00:36:40.862 18147 18147 E ArmVmp : Match on catch block at 0xc3 in for 0x73fad10025
04-20 00:36:40.868 18147 18147 E ArmVmp : Match on catch block at 0xc3 in for 0x73fad10025
04-20 00:36:41.086 18147 18147 E ArmVmp : Match on catch block at 0xc3 in for 0x73fad10025
04-20 00:36:41.091 18147 18147 E ArmVmp : Match on catch block at 0xc3 in for 0x73fad10025
04-20 00:36:41.112 18147 18147 E ArmVmp : Match on catch block at 0xc3 in for 0x73fad10025
04-20 00:36:41.119 18147 18147 E ArmVmp : Match on catch block at 0xc3 in for 0x73fad10025
04-20 00:36:41.129 18147 18147 E ArmVmp : Match on catch block at 0xc3 in for 0x73fad10025
04-20 00:36:41.139 18147 18147 E ArmVmp : Match on catch block at 0xc3 in for 0x73fad10025
04-20 00:36:41.147 18147 18147 E ArmVmp : Match on catch block at 0xc3 in for 0x73fad10025
04-20 00:36:41.153 18147 18147 E ArmVmp : Match on catch block at 0xc3 in for 0x73fad10025
04-20 00:36:41.162 18147 18147 E ArmVmp : Match on catch block at 0xc3 in for 0x73fad10025
04-20 00:36:41.169 18147 18147 E ArmVmp : Match on catch block at 0xc3 in for 0x73fad10025
04-20 00:36:41.180 18147 18147 E ArmVmp : Match on catch block at 0xc3 in for 0x73fad10025
04-20 00:36:41.189 18147 18147 E ArmVmp : Match on catch block at 0xc3 in for 0x73fad10025
04-20 00:36:41.209 18147 18147 E ArmVmp : Match on catch block at 0xc3 in for 0x73fad10025
04-20 00:36:41.214 18147 18147 E ArmVmp : Match on catch block at 0xc3 in for 0x73fad10025
04-20 00:36:41.228 18147 18147 E ArmVmp : Match on catch block at 0xc3 in for 0x73fad10025
04-20 00:36:41.234 18147 18147 E ArmVmp : Match on catch block at 0xc3 in for 0x73fad10025
04-20 00:36:41.249 18147 18147 E ArmVmp : Match on catch block at 0xc3 in for 0x73fad10025
04-20 00:36:41.256 18147 18147 E ArmVmp : Match on catch block at 0xc3 in for 0x73fad10025
04-20 00:36:41.265 18147 18147 E ArmVmp : Match on catch block at 0xc3 in for 0x73fad10025
04-20 00:36:41.272 18147 18147 E ArmVmp : Match on catch block at 0xc3 in for 0x73fad10025
04-20 00:36:41.279 18147 18147 E ArmVmp : Match on catch block at 0xc3 in for 0x73fad10025
04-20 00:36:41.285 18147 18147 E ArmVmp : Match on catch block at 0xc3 in for 0x73fad10025
04-20 00:36:41.362 18147 18147 E ArmVmp : Match on catch block at 0xc3 in for 0x73fad10025
04-20 00:36:41.368 18147 18147 E ArmVmp : Match on catch block at 0xc3 in for 0x73fad10025
04-20 00:36:41.512 18147 18147 E ArmVmp : Match on catch block at 0xc3 in for 0x73fad10025
04-20 00:36:41.518 18147 18147 E ArmVmp : Match on catch block at 0xc3 in for 0x73fad10025
04-20 00:36:41.747 18147 18147 E ArmVmp : Match on catch block at 0xc3 in for 0x73fad10025
04-20 00:36:41.754 18147 18147 E ArmVmp : Match on catch block at 0xc3 in for 0x73fad10025
04-20 00:36:41.850 18147 18147 W JobService: onNetworkChanged() not implemented in androidx.work.impl.background.systemjob.SystemJobService. Must override in a subclass.
04-20 00:36:41.981 18147 18147 E ArmVmp : Match on catch block at 0xc3 in for 0x73fad10025
04-20 00:36:41.988 18147 18147 E ArmVmp : Match on catch block at 0xc3 in for 0x73fad10025
04-20 00:36:42.230 18147 18147 W WindowOnBackDispatcher: sendCancelIfRunning: isInProgress=falsecallback=android.view.ViewRootImpl$ $ExternalSyntheticLambda17@ccca733
04-20 00:36:42.299 18147 18147 E OplusBracketLog: [OplusViewMirrorManager] updateHostViewRootIfNeeded, not support android.view.ViewRootImpl@12578fe
04-20 00:36:42.322 18147 18375 E OpenGLRenderer: Unable to match the desired swap behavior.
04-20 00:36:42.397 18147 18147 E ArmVmp : Match on catch block at 0xc3 in for 0x73fad10025
04-20 00:36:42.402 18147 18147 E ArmVmp : Match on catch block at 0xc3 in for 0x73fad10025
04-20 00:36:42.747 18147 18147 E ArmVmp : Match on catch block at 0xc3 in for 0x73fad10025
04-20 00:36:42.752 18147 18147 E ArmVmp : Match on catch block at 0xc3 in for 0x73fad10025
04-20 00:36:42.816 18147 18147 E ArmVmp : Match on catch block at 0xc3 in for 0x73fad10025
04-20 00:36:42.821 18147 18147 E ArmVmp : Match on catch block at 0xc3 in for 0x73fad10025
04-20 00:36:42.963 18147 18147 E ArmVmp : Match on catch block at 0xc3 in for 0x73fad10025
04-20 00:36:42.968 18147 18147 E ArmVmp : Match on catch block at 0xc3 in for 0x73fad10025
04-20 00:36:43.246 18147 18147 E ArmVmp : Match on catch block at 0xc3 in for 0x73fad10025
04-20 00:36:43.251 18147 18147 E ArmVmp : Match on catch block at 0xc3 in for 0x73fad10025
04-20 00:36:43.748 18147 18147 E ArmVmp : Match on catch block at 0xc3 in for 0x73fad10025
04-20 00:36:43.752 18147 18147 E ArmVmp : Match on catch block at 0xc3 in for 0x73fad10025
04-20 00:36:43.797 18147 18147 E ArmVmp : Match on catch block at 0xc3 in for 0x73fad10025
04-20 00:36:43.802 18147 18147 E ArmVmp : Match on catch block at 0xc3 in for 0x73fad10025
04-20 00:36:43.828 18147 18147 E ArmVmp : Match on catch block at 0xc3 in for 0x73fad10025
04-20 00:36:43.833 18147 18147 E ArmVmp : Match on catch block at 0xc3 in for 0x73fad10025
04-20 00:36:43.863 18147 18147 E ArmVmp : Match on catch block at 0xc3 in for 0x73fad10025
04-20 00:36:43.869 18147 18147 E ArmVmp : Match on catch block at 0xc3 in for 0x73fad10025
04-20 00:36:43.944 18147 18147 E ArmVmp : Match on catch block at 0xc3 in for 0x73fad10025
04-20 00:36:43.949 18147 18147 E ArmVmp : Match on catch block at 0xc3 in for 0x73fad10025
04-20 00:36:43.983 18147 18147 E ArmVmp : Match on catch block at 0xc3 in for 0x73fad10025
04-20 00:36:43.988 18147 18147 E ArmVmp : Match on catch block at 0xc3 in for 0x73fad10025
04-20 00:36:44.010 18147 18147 E ArmVmp : Match on catch block at 0xc3 in for 0x73fad10025
