04-20 00:22:12.147 17297 17297 W libprocessgroup: SetAttribute: unknown attribute: CfqWeight
04-20 00:22:12.147 17297 17297 W libprocessgroup: SetAttribute: unknown attribute: BfqWeight
04-20 00:22:12.147 17297 17297 W libprocessgroup: SetAttribute: unknown attribute: CfqGroupIdle
04-20 00:22:12.147 17297 17297 W libprocessgroup: SetAttribute: unknown attribute: CfqWeight
04-20 00:22:12.147 17297 17297 W libprocessgroup: SetAttribute: unknown attribute: BfqWeight
04-20 00:22:12.147 17297 17297 W libprocessgroup: SetAttribute: unknown attribute: CfqGroupIdle
04-20 00:22:12.147 17297 17297 W libprocessgroup: SetAttribute: unknown attribute: CfqWeight
04-20 00:22:12.147 17297 17297 W libprocessgroup: SetAttribute: unknown attribute: BfqWeight
04-20 00:22:12.147 17297 17297 W libprocessgroup: SetAttribute: unknown attribute: CfqGroupIdle
04-20 00:22:12.147 17297 17297 W libprocessgroup: SetAttribute: unknown attribute: CfqWeight
04-20 00:22:12.148 17297 17297 W libprocessgroup: SetAttribute: unknown attribute: BfqWeight
04-20 00:22:12.148 17297 17297 W libprocessgroup: SetAttribute: unknown attribute: CfqGroupIdle
04-20 00:22:12.148 17297 17297 W libprocessgroup: SetAttribute: unknown attribute: CfqWeight --------- beginning of system
04-20 00:22:12.659 17206 17206 E OplusCustomizeRestrictionManager: sInstance is null, start a new sInstance
04-20 00:22:13.233 17206 17206 E ArmVmp : Match on catch block at 0xb0 in for 0x73fad10039
04-20 00:22:13.245 17206 17206 E ArmVmp : Match on catch block at 0xb0 in for 0x73fad10039
04-20 00:22:13.435 17206 17206 E ArmVmp : Match on catch block at 0x0a in for 0x73fad10035
04-20 00:22:13.448 17206 17206 E ArmVmp : Match on catch block at 0x0a in for 0x73fad10035
04-20 00:22:13.549 17206 17206 E SchedAssist: ofbOpen failed with error=No such file or directory
04-20 00:22:13.549 17206 17206 E SchedAssist: sysOpen failed with error=No such file or directory
04-20 00:22:13.549 17206 17206 E SchedAssist: sharedImFd failed with error=Permission denied
04-20 00:22:13.601 17206 17206 W OpenGLRenderer: Unknown dataspace 0
04-20 00:22:13.646 17206 17206 E ANR_LOG : Entry{target='android.app.ActivityThread$H', callback='', messageName='android.app.ActivityThread$H', wall=1577', mWhen=270327165, mArg1=0, mArg2=0, mWhat=159, mCount=0
04-20 00:22:13.688 17206 17206 E OplusBracketLog: [OplusViewMirrorManager] updateHostViewRootIfNeeded, not support android.view.ViewRootImpl@78b5d64
04-20 00:22:13.773 17206 17206 W VRI[Conversation]: updateBlastSurfaceIfNeeded, surfaceSize:Point(720, 1612), lastSurfaceSize:Point(0, 0), format:-1, blastBufferQueue:null
04-20 00:22:13.877 17206 17328 E OpenGLRenderer: Unable to match the desired swap behavior.
04-20 00:22:13.892 17206 17565 E ion : ioctl c0044901 failed with code -1: Invalid argument
04-20 00:22:14.384 17206 17206 E ArmVmp : Match on catch block at 0xc3 in for 0x73fad10021
04-20 00:22:14.401 17206 17206 E ArmVmp : Match on catch block at 0xc3 in for 0x73fad10021
04-20 00:22:14.408 17206 17206 E ArmVmp : Match on catch block at 0xc3 in for 0x73fad10021
04-20 00:22:14.704 17206 17206 W VRI[Conversation]: handleResized, msg:5, frameChanged:false, configChanged:false, displayChanged:false, attachedFrameChanged:false, compatScaleChanged:false, pendingDragResizing=false
04-20 00:22:14.726 17206 17206 E ArmVmp : Match on catch block at 0xc3 in for 0x73fad10025
04-20 00:22:14.735 17206 17206 E ArmVmp : Match on catch block at 0xc3 in for 0x73fad10025
04-20 00:22:14.739 17206 17206 E ArmVmp : Match on catch block at 0xc3 in for 0x73fad10025
04-20 00:22:14.857 17206 17206 W VRI[Conversation]: updateBlastSurfaceIfNeeded, surfaceSize:Point(720, 1612), lastSurfaceSize:Point(720, 1612), format:-1, blastBufferQueue:android.graphics.BLASTBufferQueue@78f0e3b
04-20 00:22:14.869 17206 17206 E ArmVmp : Match on catch block at 0xc3 in for 0x73fad10025
04-20 00:22:14.878 17206 17206 E ArmVmp : Match on catch block at 0xc3 in for 0x73fad10025
04-20 00:22:14.890 17206 17206 E ArmVmp : Match on catch block at 0xc3 in for 0x73fad10025
04-20 00:22:14.980 17206 17206 E ArmVmp : Match on catch block at 0xc3 in for 0x73fad10025
04-20 00:22:14.989 17206 17206 E ArmVmp : Match on catch block at 0xc3 in for 0x73fad10025
04-20 00:22:14.994 17206 17206 E ArmVmp : Match on catch block at 0xc3 in for 0x73fad10025
04-20 00:22:15.022 17206 17206 E ArmVmp : Match on catch block at 0xc3 in for 0x73fad10025
04-20 00:22:15.030 17206 17206 E ArmVmp : Match on catch block at 0xc3 in for 0x73fad10025
04-20 00:22:15.035 17206 17206 E ArmVmp : Match on catch block at 0xc3 in for 0x73fad10025
04-20 00:22:15.053 17206 17206 E ArmVmp : Match on catch block at 0xc3 in for 0x73fad10025
04-20 00:22:15.084 17206 17206 E ArmVmp : Match on catch block at 0xc3 in for 0x73fad10025
04-20 00:22:15.102 17206 17206 E ArmVmp : Match on catch block at 0xc3 in for 0x73fad10025
04-20 00:22:15.312 17206 17206 E ArmVmp : Match on catch block at 0xc3 in for 0x73fad10025
04-20 00:22:15.320 17206 17206 E ArmVmp : Match on catch block at 0xc3 in for 0x73fad10025
04-20 00:22:15.335 17206 17206 E ArmVmp : Match on catch block at 0xc3 in for 0x73fad10025
04-20 00:22:15.976 17206 17206 E ArmVmp : Match on catch block at 0xc3 in for 0x73fad10025
04-20 00:22:15.982 17206 17206 E ArmVmp : Match on catch block at 0xc3 in for 0x73fad10025
04-20 00:22:15.985 17206 17206 E ArmVmp : Match on catch block at 0xc3 in for 0x73fad10025
04-20 00:22:16.343 17206 17206 W VRI[Conversation]: handleResized abandoned!
04-20 00:22:16.436 17206 17206 E ArmVmp : Match on catch block at 0xc3 in for 0x73fad10025
04-20 00:22:16.452 17206 17206 E ArmVmp : Match on catch block at 0xc3 in for 0x73fad10025
04-20 00:22:16.459 17206 17206 E ArmVmp : Match on catch block at 0xc3 in for 0x73fad10025
04-20 00:22:16.746 17206 17206 E ArmVmp : Match on catch block at 0xc3 in for 0x73fad10025
04-20 00:22:16.759 17206 17206 E ArmVmp : Match on catch block at 0xc3 in for 0x73fad10025
04-20 00:22:16.764 17206 17206 E ArmVmp : Match on catch block at 0xc3 in for 0x73fad10025
04-20 00:22:16.792 17206 17206 W VRI[Conversation]: handleResized abandoned!
04-20 00:22:16.799 17206 17206 E ArmVmp : Match on catch block at 0xc3 in for 0x73fad10025
04-20 00:22:16.810 17206 17206 E ArmVmp : Match on catch block at 0xc3 in for 0x73fad10025
04-20 00:22:16.815 17206 17206 E ArmVmp : Match on catch block at 0xc3 in for 0x73fad10025
04-20 00:22:16.930 17206 17206 E ArmVmp : Match on catch block at 0xc3 in for 0x73fad10025
04-20 00:22:16.938 17206 17206 E ArmVmp : Match on catch block at 0xc3 in for 0x73fad10025
04-20 00:22:16.947 17206 17206 E ArmVmp : Match on catch block at 0xc3 in for 0x73fad10025
04-20 00:22:17.012 17206 17206 E ArmVmp : Match on catch block at 0xc3 in for 0x73fad10025
04-20 00:22:17.022 17206 17206 E ArmVmp : Match on catch block at 0xc3 in for 0x73fad10025
04-20 00:22:17.027 17206 17206 E ArmVmp : Match on catch block at 0xc3 in for 0x73fad10025
04-20 00:22:17.053 17206 17206 E ArmVmp : Match on catch block at 0xc3 in for 0x73fad10025
04-20 00:22:17.066 17206 17206 E ArmVmp : Match on catch block at 0xc3 in for 0x73fad10025
04-20 00:22:17.075 17206 17206 E ArmVmp : Match on catch block at 0xc3 in for 0x73fad10025
04-20 00:22:17.239 17206 17206 E ArmVmp : Match on catch block at 0xc3 in for 0x73fad10025
04-20 00:22:17.245 17206 17206 E ArmVmp : Match on catch block at 0xc3 in for 0x73fad10025
04-20 00:22:17.250 17206 17206 E ArmVmp : Match on catch block at 0xc3 in for 0x73fad10025
04-20 00:22:17.449 17206 17206 E OplusBracketLog: [OplusViewMirrorManager] updateHostViewRootIfNeeded, not support android.view.ViewRootImpl@7e8fc42
04-20 00:22:17.490 17206 17328 E OpenGLRenderer: Unable to match the desired swap behavior.
04-20 00:22:17.539 17206 17206 E ArmVmp : Match on catch block at 0xc3 in for 0x73fad10025
04-20 00:22:17.553 17206 17206 E ArmVmp : Match on catch block at 0xc3 in for 0x73fad10025
04-20 00:22:17.582 17206 17206 E ArmVmp : Match on catch block at 0xc3 in for 0x73fad10025
04-20 00:22:17.670 17206 17328 E OpenGLRenderer: Unable to match the desired swap behavior.
04-20 00:22:17.873 17206 17328 E OpenGLRenderer: Unable to match the desired swap behavior.
04-20 00:22:17.893 17206 17206 E ArmVmp : Match on catch block at 0xc3 in for 0x73fad10025
04-20 00:22:17.911 17206 17206 E ArmVmp : Match on catch block at 0xc3 in for 0x73fad10025
04-20 00:22:17.928 17206 17206 E ArmVmp : Match on catch block at 0xc3 in for 0x73fad10025
04-20 00:22:18.039 17206 17206 E ArmVmp : Match on catch block at 0xc3 in for 0x73fad10025
04-20 00:22:18.051 17206 17206 E ArmVmp : Match on catch block at 0xc3 in for 0x73fad10025
04-20 00:22:18.056 17206 17206 E ArmVmp : Match on catch block at 0xc3 in for 0x73fad10025
04-20 00:22:18.103 17206 17206 E ArmVmp : Match on catch block at 0xc3 in for 0x73fad10025
04-20 00:22:18.111 17206 17206 E ArmVmp : Match on catch block at 0xc3 in for 0x73fad10025
04-20 00:22:18.116 17206 17206 E ArmVmp : Match on catch block at 0xc3 in for 0x73fad10025
04-20 00:22:18.147 17206 17206 E ArmVmp : Match on catch block at 0xc3 in for 0x73fad10025
04-20 00:22:18.159 17206 17206 E ArmVmp : Match on catch block at 0xc3 in for 0x73fad10025
04-20 00:22:18.162 17206 17206 E ArmVmp : Match on catch block at 0xc3 in for 0x73fad10025
04-20 00:22:18.186 17206 17206 E ArmVmp : Match on catch block at 0xc3 in for 0x73fad10025
04-20 00:22:18.195 17206 17206 E ArmVmp : Match on catch block at 0xc3 in for 0x73fad10025
04-20 00:22:18.203 17206 17206 E ArmVmp : Match on catch block at 0xc3 in for 0x73fad10025
04-20 00:22:18.264 17206 17206 E ArmVmp : Match on catch block at 0xc3 in for 0x73fad10025
04-20 00:22:18.278 17206 17206 E ArmVmp : Match on catch block at 0xc3 in for 0x73fad10025
04-20 00:22:18.303 17206 17206 E ArmVmp : Match on catch block at 0xc3 in for 0x73fad10025
04-20 00:22:18.348 17206 17206 E ArmVmp : Match on catch block at 0xc3 in for 0x73fad10025
04-20 00:22:18.357 17206 17206 E ArmVmp : Match on catch block at 0xc3 in for 0x73fad10025
04-20 00:22:18.366 17206 17206 E ArmVmp : Match on catch block at 0xc3 in for 0x73fad10025
04-20 00:22:18.414 17206 17206 E ArmVmp : Match on catch block at 0xc3 in for 0x73fad10025
04-20 00:22:18.425 17206 17206 E ArmVmp : Match on catch block at 0xc3 in for 0x73fad10025
04-20 00:22:18.436 17206 17206 E ArmVmp : Match on catch block at 0xc3 in for 0x73fad10025
04-20 00:22:18.814 17206 17206 E ArmVmp : Match on catch block at 0xc3 in for 0x73fad10025
04-20 00:22:18.824 17206 17206 E ArmVmp : Match on catch block at 0xc3 in for 0x73fad10025
04-20 00:22:18.832 17206 17206 E ArmVmp : Match on catch block at 0xc3 in for 0x73fad10025
04-20 00:22:19.025 17206 17206 E ArmVmp : Match on catch block at 0xc3 in for 0x73fad10025
04-20 00:22:19.035 17206 17206 E ArmVmp : Match on catch block at 0xc3 in for 0x73fad10025
04-20 00:22:19.041 17206 17206 E ArmVmp : Match on catch block at 0xc3 in for 0x73fad10025
04-20 00:22:19.123 17206 17206 E ArmVmp : Match on catch block at 0xc3 in for 0x73fad10025
04-20 00:22:19.134 17206 17206 E ArmVmp : Match on catch block at 0xc3 in for 0x73fad10025
04-20 00:22:19.150 17206 17206 E ArmVmp : Match on catch block at 0xc3 in for 0x73fad10025
04-20 00:22:19.168 17206 17206 E ArmVmp : Match on catch block at 0xc3 in for 0x73fad10025
04-20 00:22:19.198 17206 17206 E ArmVmp : Match on catch block at 0xc3 in for 0x73fad10025
04-20 00:22:19.213 17206 17206 E ArmVmp : Match on catch block at 0xc3 in for 0x73fad10025
04-20 00:22:19.235 17206 17206 E ArmVmp : Match on catch block at 0xc3 in for 0x73fad10025
04-20 00:22:19.262 17206 17206 E ArmVmp : Match on catch block at 0xc3 in for 0x73fad10025
04-20 00:22:19.321 17206 17206 W WindowOnBackDispatcher: sendCancelIfRunning: isInProgress=falsecallback=android.view.ViewRootImpl$ $ExternalSyntheticLambda17@81bb453
04-20 00:22:19.424 17206 17206 E ArmVmp : Match on catch block at 0xc3 in for 0x73fad10025
04-20 00:22:19.431 17206 17206 E ArmVmp : Match on catch block at 0xc3 in for 0x73fad10025
04-20 00:22:19.500 17206 17206 E ArmVmp : Match on catch block at 0xc3 in for 0x73fad10025
04-20 00:22:19.507 17206 17206 E ArmVmp : Match on catch block at 0xc3 in for 0x73fad10025
04-20 00:22:19.991 17206 17206 E ArmVmp : Match on catch block at 0xc3 in for 0x73fad10025
04-20 00:22:20.001 17206 17206 E ArmVmp : Match on catch block at 0xc3 in for 0x73fad10025
04-20 00:22:20.020 17206 17206 E ArmVmp : Match on catch block at 0xc3 in for 0x73fad10025
04-20 00:22:20.052 17206 17206 E ArmVmp : Match on catch block at 0xc3 in for 0x73fad10025
04-20 00:22:20.112 17206 17206 E ArmVmp : Match on catch block at 0xc3 in for 0x73fad10025
04-20 00:22:20.160 17206 17206 E ArmVmp : Match on catch block at 0xc3 in for 0x73fad10025
04-20 00:22:20.385 17206 17206 E ArmVmp : Match on catch block at 0xc3 in for 0x73fad10025
04-20 00:22:20.398 17206 17206 E ArmVmp : Match on catch block at 0xc3 in for 0x73fad10025
04-20 00:22:20.573 17206 17206 E ArmVmp : Match on catch block at 0xc3 in for 0x73fad10025
04-20 00:22:20.586 17206 17206 E ArmVmp : Match on catch block at 0xc3 in for 0x73fad10025
04-20 00:22:20.638 17206 17206 E ArmVmp : Match on catch block at 0xc3 in for 0x73fad10025
04-20 00:22:20.648 17206 17206 E ArmVmp : Match on catch block at 0xc3 in for 0x73fad10025
04-20 00:22:20.951 17206 17206 E ArmVmp : Match on catch block at 0xc3 in for 0x73fad10025
04-20 00:22:20.958 17206 17206 E ArmVmp : Match on catch block at 0xc3 in for 0x73fad10025
04-20 00:22:21.175 17206 17206 E ArmVmp : Match on catch block at 0xc3 in for 0x73fad10025
04-20 00:22:21.189 17206 17206 E ArmVmp : Match on catch block at 0xc3 in for 0x73fad10025
04-20 00:22:21.316 17206 17206 E ArmVmp : Match on catch block at 0xc3 in for 0x73fad10025
04-20 00:22:21.330 17206 17206 E ArmVmp : Match on catch block at 0xc3 in for 0x73fad10025
04-20 00:22:22.313 17206 17206 E ArmVmp : Match on catch block at 0xc3 in for 0x73fad10025
04-20 00:22:22.327 17206 17206 E ArmVmp : Match on catch block at 0xc3 in for 0x73fad10025
04-20 00:22:22.683 17206 17206 E ArmVmp : Match on catch block at 0xc3 in for 0x73fad10025
04-20 00:22:22.689 17206 17206 E ArmVmp : Match on catch block at 0xc3 in for 0x73fad10025
04-20 00:22:22.813 17206 17206 E ArmVmp : Match on catch block at 0xc3 in for 0x73fad10025
04-20 00:22:22.823 17206 17206 E ArmVmp : Match on catch block at 0xc3 in for 0x73fad10025
04-20 00:22:22.832 17206 17206 E OplusBracketLog: [OplusViewMirrorManager] updateHostViewRootIfNeeded, not support android.view.ViewRootImpl@6cdf866
04-20 00:22:22.880 17206 17328 E OpenGLRenderer: Unable to match the desired swap behavior.
04-20 00:22:22.922 17206 17206 E ArmVmp : Match on catch block at 0xc3 in for 0x73fad10025
04-20 00:22:22.934 17206 17206 E ArmVmp : Match on catch block at 0xc3 in for 0x73fad10025
04-20 00:22:23.035 17206 17206 E ArmVmp : Match on catch block at 0xc3 in for 0x73fad10025
04-20 00:22:23.052 17206 17206 E ArmVmp : Match on catch block at 0xc3 in for 0x73fad10025
04-20 00:22:23.114 17206 17206 E ArmVmp : Match on catch block at 0xc3 in for 0x73fad10025
04-20 00:22:23.121 17206 17206 E ArmVmp : Match on catch block at 0xc3 in for 0x73fad10025
04-20 00:22:23.218 17206 17328 E OpenGLRenderer: Unable to match the desired swap behavior.
04-20 00:22:23.280 17206 17328 E OpenGLRenderer: Unable to match the desired swap behavior.
04-20 00:22:23.295 17206 17206 E ArmVmp : Match on catch block at 0xc3 in for 0x73fad10025
04-20 00:22:23.311 17206 17206 E ArmVmp : Match on catch block at 0xc3 in for 0x73fad10025
04-20 00:22:23.740 17206 17206 E ArmVmp : Match on catch block at 0xc3 in for 0x73fad10025
04-20 00:22:23.754 17206 17206 E ArmVmp : Match on catch block at 0xc3 in for 0x73fad10025
04-20 00:22:23.805 17206 17206 W VRI[Conversation]: handleResized abandoned!
04-20 00:22:23.805 17206 17206 W VRI[Toast]: handleResized abandoned!
04-20 00:22:23.822 17206 17206 W WindowOnBackDispatcher: sendCancelIfRunning: isInProgress=falsecallback=ImeCallback=ImeOnBackInvokedCallback@130186315 Callback=android.window.IOnBackInvokedCallback$Stub$Proxy@daa6b99
04-20 00:22:23.841 17206 17206 E ArmVmp : Match on catch block at 0xc3 in for 0x73fad10025
04-20 00:22:23.852 17206 17206 E ArmVmp : Match on catch block at 0xc3 in for 0x73fad10025
04-20 00:22:23.935 17206 17206 E ArmVmp : Match on catch block at 0xc3 in for 0x73fad10025
04-20 00:22:23.942 17206 17206 E ArmVmp : Match on catch block at 0xc3 in for 0x73fad10025
04-20 00:22:24.128 17206 17206 E ArmVmp : Match on catch block at 0xc3 in for 0x73fad10025
04-20 00:22:24.141 17206 17206 E ArmVmp : Match on catch block at 0xc3 in for 0x73fad10025
04-20 00:22:24.163 17206 17206 E ArmVmp : Match on catch block at 0xc3 in for 0x73fad10025
04-20 00:22:24.179 17206 17206 E ArmVmp : Match on catch block at 0xc3 in for 0x73fad10025
04-20 00:22:24.192 17206 17206 E ArmVmp : Match on catch block at 0xc3 in for 0x73fad10025
04-20 00:22:24.208 17206 17206 E ArmVmp : Match on catch block at 0xc3 in for 0x73fad10025
04-20 00:22:24.217 17206 17206 E ArmVmp : Match on catch block at 0xc3 in for 0x73fad10025
04-20 00:22:24.234 17206 17206 E ArmVmp : Match on catch block at 0xc3 in for 0x73fad10025
04-20 00:22:24.246 17206 17206 E ArmVmp : Match on catch block at 0xc3 in for 0x73fad10025
04-20 00:22:24.258 17206 17206 E ArmVmp : Match on catch block at 0xc3 in for 0x73fad10025
04-20 00:22:24.363 17206 17206 E ArmVmp : Match on catch block at 0xc3 in for 0x73fad10025
04-20 00:22:24.380 17206 17206 E ArmVmp : Match on catch block at 0xc3 in for 0x73fad10025
04-20 00:22:24.402 17206 17206 E ArmVmp : Match on catch block at 0xc3 in for 0x73fad10025
04-20 00:22:24.412 17206 17206 E ArmVmp : Match on catch block at 0xc3 in for 0x73fad10025
04-20 00:22:24.423 17206 17206 E ArmVmp : Match on catch block at 0xc3 in for 0x73fad10025
04-20 00:22:24.432 17206 17206 E ArmVmp : Match on catch block at 0xc3 in for 0x73fad10025
04-20 00:22:24.443 17206 17206 E ArmVmp : Match on catch block at 0xc3 in for 0x73fad10025
04-20 00:22:24.459 17206 17206 E ArmVmp : Match on catch block at 0xc3 in for 0x73fad10025
04-20 00:22:24.468 17206 17206 E ArmVmp : Match on catch block at 0xc3 in for 0x73fad10025
04-20 00:22:24.485 17206 17206 E ArmVmp : Match on catch block at 0xc3 in for 0x73fad10025
04-20 00:22:24.513 17206 17206 E ArmVmp : Match on catch block at 0xc3 in for 0x73fad10025
04-20 00:22:24.552 17206 17206 E ArmVmp : Match on catch block at 0xc3 in for 0x73fad10025
04-20 00:22:24.569 17206 17206 E ArmVmp : Match on catch block at 0xc3 in for 0x73fad10025
04-20 00:22:24.605 17206 17206 E ArmVmp : Match on catch block at 0xc3 in for 0x73fad10025
04-20 00:22:24.682 17206 17206 E ArmVmp : Match on catch block at 0xc3 in for 0x73fad10025
04-20 00:22:24.702 17206 17206 E ArmVmp : Match on catch block at 0xc3 in for 0x73fad10025
04-20 00:22:24.809 17206 17206 W WindowOnBackDispatcher: sendCancelIfRunning: isInProgress=falsecallback=android.view.ViewRootImpl$ $ExternalSyntheticLambda17@c4607a7
04-20 00:22:24.858 17206 17206 W VRI[Conversation]: handleResized abandoned!
04-20 00:22:24.860 17206 17206 E OplusBracketLog: [OplusViewMirrorManager] updateHostViewRootIfNeeded, not support android.view.ViewRootImpl@ff1aa79
04-20 00:22:24.892 17206 17328 E OpenGLRenderer: Unable to match the desired swap behavior.
04-20 00:22:25.621 17206 17206 E ArmVmp : Match on catch block at 0xc3 in for 0x73fad10025
04-20 00:22:25.636 17206 17206 E ArmVmp : Match on catch block at 0xc3 in for 0x73fad10025
04-20 00:22:25.944 17206 17206 E ArmVmp : Match on catch block at 0xc3 in for 0x73fad10025
04-20 00:22:25.964 17206 17206 E ArmVmp : Match on catch block at 0xc3 in for 0x73fad10025
04-20 00:22:26.055 17206 17206 W com.mbwhatsapp: Method void com.mbwhatsapp.HomeActivity.A6e() failed lock verification and will run slower.
04-20 00:22:26.541 17206 17206 E ArmVmp : Match on catch block at 0xb0 in for 0x73fad10039
04-20 00:22:26.737 17206 17206 E ArmVmp : Match on catch block at 0xb0 in for 0x73fad10039
04-20 00:22:27.305 17206 17206 E ArmVmp : Match on catch block at 0x0a in for 0x73fad10031
04-20 00:22:27.522 17206 17206 E ArmVmp : Match on catch block at 0x0a in for 0x73fad1004d
04-20 00:22:27.613 17206 18645 W com.mbwhatsapp: Accessing hidden method Lcom/android/org/conscrypt/ConscryptEngineSocket;->setUseSessionTickets(Z)V (max- target-q,core-platform-api, reflection, denied)
04-20 00:22:27.613 17206 18645 W com.mbwhatsapp: Accessing hidden method Lcom/android/org/conscrypt/OpenSSLSocketImpl;->setUseSessionTickets(Z)V (max- target-q,core-platform-api, reflection, denied)
04-20 00:22:27.614 17206 18645 W com.mbwhatsapp: Accessing hidden method Lcom/android/org/conscrypt/AbstractConscryptSocket;->setUseSessionTickets(Z)V (max- target-q, reflection, denied)
04-20 00:22:27.615 17206 18645 W com.mbwhatsapp: Accessing hidden method Lcom/android/org/conscrypt/ConscryptEngineSocket;->setHostname(Ljava/lang/String;)V (max-target-q,core-platform-api, reflection, denied)
04-20 00:22:27.615 17206 18645 W com.mbwhatsapp: Accessing hidden method Lcom/android/org/conscrypt/OpenSSLSocketImpl;->setHostname(Ljava/lang/String;)V (max-target-q,core-platform-api, reflection, denied)
04-20 00:22:27.615 17206 18645 W com.mbwhatsapp: Accessing hidden method Lcom/android/org/conscrypt/AbstractConscryptSocket;->setHostname(Ljava/lang/ String;)V (max-target-q, reflection, denied)
04-20 00:22:27.615 17206 18645 W com.mbwhatsapp: Accessing hidden method Lcom/android/org/conscrypt/OpenSSLSocketImpl;->setAlpnProtocols([B)V (max-target- q,core-platform-api, reflection, denied)
04-20 00:22:27.615 17206 18645 W com.mbwhatsapp: Accessing hidden method Lcom/android/org/conscrypt/AbstractConscryptSocket;->setAlpnProtocols([B)V (max- target-q, reflection, denied)
04-20 00:22:28.010 17206 18645 W com.mbwhatsapp: Accessing hidden method Lcom/android/org/conscrypt/OpenSSLSocketImpl;->getAlpnSelectedProtocol()[B (max- target-q,core-platform-api, reflection, denied)
04-20 00:22:28.010 17206 18645 W com.mbwhatsapp: Accessing hidden method Lcom/android/org/conscrypt/AbstractConscryptSocket;->getAlpnSelectedProtocol()[B (max-target-q, reflection, denied)
04-20 00:22:28.034 17206 17206 W Activity: Can request only one set of permissions at a time
04-20 00:22:28.373 17206 17219 W com.mbwhatsapp: Cleared Reference was only reachable from finalizer (only reported once)
04-20 00:22:28.564 17206 17206 E ANR_LOG : Entry{target='android.app.ActivityThread$H', callback='', messageName='android.app.ActivityThread$H', wall=2572', mWhen=270341781, mArg1=0, mArg2=0, mWhat=159, mCount=0
04-20 00:22:28.576 17206 17206 E ArmVmp : Match on catch block at 0xc3 in for 0x73fad10025
04-20 00:22:28.601 17206 17206 E ArmVmp : Match on catch block at 0xc3 in for 0x73fad10025
04-20 00:22:28.637 17206 17206 E OplusBracketLog: [OplusViewMirrorManager] updateHostViewRootIfNeeded, not support android.view.ViewRootImpl@30d09d
04-20 00:22:29.578 17206 18898 W LOTTIE : Animation contains merge paths. Merge paths are only supported on KitKat+ and must be manually enabled by calling enableMergePathsForKitKatAndAbove().
04-20 00:22:29.765 17206 17206 E ArmVmp : Match on catch block at 0xb0 in for 0x73fad10049
04-20 00:22:29.775 17206 17206 E ArmVmp : Match on catch block at 0xb0 in for 0x73fad10049
04-20 00:22:29.784 17206 17206 E ArmVmp : Match on catch block at 0xb0 in for 0x73fad10049
04-20 00:22:29.793 17206 17206 E ArmVmp : Match on catch block at 0xb0 in for 0x73fad10049
04-20 00:22:29.865 17206 17206 E ArmVmp : Match on catch block at 0xb0 in for 0x73fad1003d
04-20 00:22:30.344 17206 17206 E ArmVmp : Match on catch block at 0xb0 in for 0x73fad1003d
04-20 00:22:30.473 17206 17206 E ArmVmp : Match on catch block at 0xb0 in for 0x73fad1003d
04-20 00:22:30.640 17206 17206 E ArmVmp : Match on catch block at 0xb0 in for 0x73fad1003d
04-20 00:22:30.882 17206 17206 E ArmVmp : Match on catch block at 0xb0 in for 0x73fad1003d
04-20 00:22:31.003 17206 17206 E ArmVmp : Match on catch block at 0xb0 in for 0x73fad1003d
04-20 00:22:31.147 17206 17206 E ArmVmp : Match on catch block at 0xb0 in for 0x73fad1003d
04-20 00:22:31.267 17206 17206 E ArmVmp : Match on catch block at 0xb0 in for 0x73fad1003d
04-20 00:22:31.394 17206 17206 E ANR_LOG : Entry{target='android.view.Choreographer$FrameHandler', callback='FrameDisplayEventReceiver', messageName='android.view.Choreographer$FrameHandler', wall=2828', mWhen=270341865, mArg1=0, mArg2=0, mWhat=0, mCount=0
04-20 00:22:31.432 17206 17315 E SQLiteDatabase: Error inserting transferred=1 media_job_uuid=1929451b-ca9c-4680-b31a-f4a507097344 transcoded=0 gif_attribution=0 first_scan_length=8247 direct_path=/o1/v/t62.7118-24/f1/m238/up-oil-image-a5878fcc- c840-493c-8c6a-4da0cd85b51b?ccb=9-4&oh=01_Q5AaIAH9pjGeA3Y_xfDB5guTZlSDsB0G04RtFqC- dw7JPD_I&oe=664A1D0E&_nc_sid=000000 thumbnail_height_width_ratio=0.75 is_animated_sticker=0 file_hash=EAwIaCSaFf1nP1fLp9lD/Ao6GUS8YJLpaGxaxI4kqnI= file_path=/data/user/0/com.mbwhatsapp/files/ViewOnce/IMG-lv6vpc74.jpg file_size=53027 partial_media_hash=urqEeI3ipRRJKtX9dQjDWfj20waAmAuy04+D5iFHE6o= face_x=0 face_y=0 height=960 trim_to=0 media_key_timestamp=1713543741000 message_url=https://mmg.whatsapp.net/o1/v/t62.7118-24/f1/m238/up-oil-image- a5878fcc-c840-493c-8c6a-4da0cd85b51b?ccb=9- 4&oh=01_Q5AaIAH9pjGeA3Y_xfDB5guTZlSDsB0G04RtFqC- dw7JPD_I&oe=664A1D0E&_nc_sid=000000&mms3=true media_caption=null trim_from=0 mime_type=image/jpeg partial_media_enc_hash=null width=1280 original_file_hash=null has_streaming_sidecar=1 autotransfer_retry_enabled=1 media_upload_handle=null message_row_id=4402 multicast_id=null enc_file_hash=837wCWCiJq/l/YihVZflA3HeCJTsV3KxkcJ7stI3568= mute_video=0 page_count=0 first_scan_sidecar=[B@4e246fa suspicious_content=0 file_length=53027 media_name=null media_duration=0 chat_row_id=97 media_key=[B@55494ab
04-20 00:22:31.432 17206 17315 E SQLiteDatabase: android.database.sqlite.SQLiteConstraintException: UNIQUE constraint failed: message_media.message_row_id (code 1555 SQLITE_CONSTRAINT_PRIMARYKEY)
04-20 00:22:31.432 17206 17315 E SQLiteDatabase: at android.database.sqlite.SQLiteConnection.nativeExecuteForLastInsertedRowId(Native Method)
04-20 00:22:31.432 17206 17315 E SQLiteDatabase: at android.database.sqlite.SQLiteConnection.executeForLastInsertedRowId(SQLiteConnecti on.java:975)
04-20 00:22:31.432 17206 17315 E SQLiteDatabase: at android.database.sqlite.SQLiteSession.executeForLastInsertedRowId(SQLiteSession.jav a:790)
04-20 00:22:31.432 17206 17315 E SQLiteDatabase: at android.database.sqlite.SQLiteStatement.executeInsert(SQLiteStatement.java:89)
04-20 00:22:31.432 17206 17315 E SQLiteDatabase: at android.database.sqlite.SQLiteDatabase.insertWithOnConflict(SQLiteDatabase.java:187 0)
04-20 00:22:31.432 17206 17315 E SQLiteDatabase: at android.database.sqlite.SQLiteDatabase.insert(SQLiteDatabase.java:1739)
04-20 00:22:31.432 17206 17315 E SQLiteDatabase: at X.2tm.A08(Unknown Source:6)
04-20 00:22:31.432 17206 17315 E SQLiteDatabase: at X.35Y.A07(Unknown Source:212)
04-20 00:22:31.432 17206 17315 E SQLiteDatabase: at X.3QF.A14(Unknown Source:470)
04-20 00:22:31.432 17206 17315 E SQLiteDatabase: at X.3gU.run(Unknown Source:982)
04-20 00:22:31.432 17206 17315 E SQLiteDatabase: at android.os.Handler.handleCallback(Handler.java:958)
04-20 00:22:31.432 17206 17315 E SQLiteDatabase: at android.os.Handler.dispatchMessage(Handler.java:99)
04-20 00:22:31.432 17206 17315 E SQLiteDatabase: at X.0zq.dispatchMessage(Unknown Source:4)
04-20 00:22:31.432 17206 17315 E SQLiteDatabase: at android.os.Looper.loopOnce(Looper.java:257)
04-20 00:22:31.432 17206 17315 E SQLiteDatabase: at android.os.Looper.loop(Looper.java:368)
04-20 00:22:31.432 17206 17315 E SQLiteDatabase: at android.os.HandlerThread.run(HandlerThread.java:67)
04-20 00:22:31.489 17206 17206 W WindowOnBackDispatcher: sendCancelIfRunning: isInProgress=falsecallback=android.view.ViewRootImpl$ $ExternalSyntheticLambda17@e6ca3be
04-20 00:22:31.755 17206 17206 W WindowOnBackDispatcher: sendCancelIfRunning: isInProgress=falsecallback=android.view.ViewRootImpl$ $ExternalSyntheticLambda17@37b8c82
04-20 00:22:32.003 17206 17206 E ArmVmp : Match on catch block at 0x0a in for 0x73fad10035
04-20 00:22:32.267 17206 17206 W VRI[HomeActivity]: updateBlastSurfaceIfNeeded, surfaceSize:Point(720, 1612), lastSurfaceSize:Point(720, 1612), format:-2, blastBufferQueue:null
04-20 00:22:32.272 17206 17328 E OpenGLRenderer: Unable to match the desired swap behavior.
04-20 00:22:32.629 17206 17206 W LOTTIE : Animation contains merge paths but they are disabled.
04-20 00:22:33.038 17206 17206 W VRI[HomeActivity]: updateBlastSurfaceIfNeeded, surfaceSize:Point(720, 1612), lastSurfaceSize:Point(720, 1612), format:-2, blastBufferQueue:android.graphics.BLASTBufferQueue@4ad9cf
04-20 00:22:33.838 17206 17206 W VRI[HomeActivity]: updateBlastSurfaceIfNeeded, surfaceSize:Point(720, 1612), lastSurfaceSize:Point(720, 1612), format:-2, blastBufferQueue:android.graphics.BLASTBufferQueue@4ad9cf
04-20 00:22:34.125 17206 17206 W VRI[HomeActivity]: handleResized abandoned!
04-20 00:22:34.202 17206 17206 W VRI[HomeActivity]: updateBlastSurfaceIfNeeded, surfaceSize:Point(720, 1612), lastSurfaceSize:Point(720, 1612), format:-2, blastBufferQueue:android.graphics.BLASTBufferQueue@4ad9cf
04-20 00:22:34.431 17206 17206 W VRI[HomeActivity]: updateBlastSurfaceIfNeeded, surfaceSize:Point(720, 1612), lastSurfaceSize:Point(720, 1612), format:-2, blastBufferQueue:android.graphics.BLASTBufferQueue@4ad9cf
04-20 00:22:34.472 17206 17206 E OplusBracketLog: [OplusViewMirrorManager] updateHostViewRootIfNeeded, not support android.view.ViewRootImpl@b33dcd0
04-20 00:22:34.503 17206 17328 E OpenGLRenderer: Unable to match the desired swap behavior.
04-20 00:22:34.542 17206 17206 W VRI[HomeActivity]: updateBlastSurfaceIfNeeded, surfaceSize:Point(720, 1612), lastSurfaceSize:Point(720, 1612), format:-2, blastBufferQueue:android.graphics.BLASTBufferQueue@4ad9cf
04-20 00:22:34.599 17206 17328 E OpenGLRenderer: Unable to match the desired swap behavior.
04-20 00:22:34.631 17206 17206 W VRI[HomeActivity]: updateBlastSurfaceIfNeeded, surfaceSize:Point(720, 1612), lastSurfaceSize:Point(720, 1612), format:-2, blastBufferQueue:android.graphics.BLASTBufferQueue@4ad9cf
04-20 00:22:34.907 17206 17328 E OpenGLRenderer: Unable to match the desired swap behavior.
04-20 00:22:34.929 17206 17206 W VRI[HomeActivity]: updateBlastSurfaceIfNeeded, surfaceSize:Point(720, 1612), lastSurfaceSize:Point(720, 1612), format:-2, blastBufferQueue:android.graphics.BLASTBufferQueue@4ad9cf
04-20 00:22:34.952 17206 17328 E OpenGLRenderer: Unable to match the desired swap behavior.
04-20 00:22:35.059 17206 17206 W VRI[HomeActivity]: updateBlastSurfaceIfNeeded, surfaceSize:Point(720, 1612), lastSurfaceSize:Point(720, 1612), format:-2, blastBufferQueue:android.graphics.BLASTBufferQueue@4ad9cf
04-20 00:22:35.112 17206 17206 W VRI[HomeActivity]: updateBlastSurfaceIfNeeded, surfaceSize:Point(720, 1612), lastSurfaceSize:Point(720, 1612), format:-2, blastBufferQueue:android.graphics.BLASTBufferQueue@4ad9cf
04-20 00:22:36.082 17206 17206 E ArmVmp : Match on catch block at 0xb0 in for 0x73fad10039
04-20 00:22:36.093 17206 17206 E ArmVmp : Match on catch block at 0xb0 in for 0x73fad10039
04-20 00:22:36.220 17206 17206 E ArmVmp : Match on catch block at 0x0a in for 0x73fad10035
04-20 00:22:36.229 17206 17206 E ArmVmp : Match on catch block at 0x0a in for 0x73fad10035
04-20 00:22:36.405 17206 17206 E OplusBracketLog: [OplusViewMirrorManager] updateHostViewRootIfNeeded, not support android.view.ViewRootImpl@c610e94
04-20 00:22:36.465 17206 17206 W VRI[Conversation]: updateBlastSurfaceIfNeeded, surfaceSize:Point(720, 1612), lastSurfaceSize:Point(0, 0), format:-1, blastBufferQueue:null
04-20 00:22:36.470 17206 17328 E OpenGLRenderer: Unable to match the desired swap behavior.
04-20 00:22:36.994 17206 17206 E ArmVmp : Match on catch block at 0xc3 in for 0x73fad10021
04-20 00:22:37.014 17206 17206 E ArmVmp : Match on catch block at 0xc3 in for 0x73fad10021
04-20 00:22:37.025 17206 17206 E ArmVmp : Match on catch block at 0xc3 in for 0x73fad10021
04-20 00:22:37.220 17206 17206 W WindowOnBackDispatcher: sendCancelIfRunning: isInProgress=falsecallback=android.view.ViewRootImpl$ $ExternalSyntheticLambda17@b3c94c9
04-20 00:22:37.366 17206 17206 E ArmVmp : Match on catch block at 0xc3 in for 0x73fad10025
04-20 00:22:37.373 17206 17206 E ArmVmp : Match on catch block at 0xc3 in for 0x73fad10025
04-20 00:22:37.377 17206 17206 E ArmVmp : Match on catch block at 0xc3 in for 0x73fad10025
04-20 00:22:37.496 17206 17206 W VRI[Conversation]: handleResized, msg:5, frameChanged:false, configChanged:false, displayChanged:false, attachedFrameChanged:false, compatScaleChanged:false, pendingDragResizing=false
04-20 00:22:37.605 17206 17206 E ArmVmp : Match on catch block at 0xc3 in for 0x73fad10025
04-20 00:22:37.612 17206 17206 E ArmVmp : Match on catch block at 0xc3 in for 0x73fad10025
04-20 00:22:37.617 17206 17206 E ArmVmp : Match on catch block at 0xc3 in for 0x73fad10025
04-20 00:22:37.688 17206 17206 E OplusBracketLog: [OplusViewMirrorManager] updateHostViewRootIfNeeded, not support android.view.ViewRootImpl@95330ac
04-20 00:22:37.717 17206 17328 E OpenGLRenderer: Unable to match the desired swap behavior.
04-20 00:22:37.812 17206 17206 W VRI[Conversation]: updateBlastSurfaceIfNeeded, surfaceSize:Point(720, 1612), lastSurfaceSize:Point(720, 1612), format:-1, blastBufferQueue:android.graphics.BLASTBufferQueue@163b95b
04-20 00:22:37.814 17206 17206 E ArmVmp : Match on catch block at 0xc3 in for 0x73fad10025
04-20 00:22:37.823 17206 17206 E ArmVmp : Match on catch block at 0xc3 in for 0x73fad10025
04-20 00:22:37.830 17206 17206 E ArmVmp : Match on catch block at 0xc3 in for 0x73fad10025
04-20 00:22:37.949 17206 17328 E OpenGLRenderer: Unable to match the desired swap behavior.
04-20 00:22:38.041 17206 17206 E ArmVmp : Match on catch block at 0xc3 in for 0x73fad10025
04-20 00:22:38.057 17206 17206 E ArmVmp : Match on catch block at 0xc3 in for 0x73fad10025
04-20 00:22:38.082 17206 17206 E ArmVmp : Match on catch block at 0xc3 in for 0x73fad10025
04-20 00:22:38.133 17206 17328 E OpenGLRenderer: Unable to match the desired swap behavior.
04-20 00:22:38.208 17206 17206 E ArmVmp : Match on catch block at 0xc3 in for 0x73fad10025
04-20 00:22:38.216 17206 17206 E ArmVmp : Match on catch block at 0xc3 in for 0x73fad10025
04-20 00:22:38.219 17206 17206 E ArmVmp : Match on catch block at 0xc3 in for 0x73fad10025
04-20 00:22:38.230 17206 17206 W VRI[Toast]: handleResized abandoned!
04-20 00:22:38.272 17206 17206 E ArmVmp : Match on catch block at 0xc3 in for 0x73fad10025
04-20 00:22:38.286 17206 17206 E ArmVmp : Match on catch block at 0xc3 in for 0x73fad10025
04-20 00:22:38.292 17206 17206 E ArmVmp : Match on catch block at 0xc3 in for 0x73fad10025
04-20 00:22:38.825 17206 17206 E ArmVmp : Match on catch block at 0xc3 in for 0x73fad10025
04-20 00:22:38.832 17206 17206 E ArmVmp : Match on catch block at 0xc3 in for 0x73fad10025
04-20 00:22:38.836 17206 17206 E ArmVmp : Match on catch block at 0xc3 in for 0x73fad10025
04-20 00:22:38.955 17206 17206 W VRI[Conversation]: handleResized abandoned!
04-20 00:22:38.955 17206 17206 W VRI[Toast]: handleResized abandoned!
04-20 00:22:39.155 17206 17206 E ArmVmp : Match on catch block at 0xc3 in for 0x73fad10025
04-20 00:22:39.161 17206 17206 E ArmVmp : Match on catch block at 0xc3 in for 0x73fad10025
04-20 00:22:39.165 17206 17206 E ArmVmp : Match on catch block at 0xc3 in for 0x73fad10025
04-20 00:22:39.180 17206 17206 W VRI[Conversation]: handleResized abandoned!
04-20 00:22:39.180 17206 17206 W VRI[Toast]: handleResized abandoned!
04-20 00:22:39.189 17206 17206 E ArmVmp : Match on catch block at 0xc3 in for 0x73fad10025
04-20 00:22:39.194 17206 17206 E ArmVmp : Match on catch block at 0xc3 in for 0x73fad10025
04-20 00:22:39.197 17206 17206 E ArmVmp : Match on catch block at 0xc3 in for 0x73fad10025
04-20 00:22:39.220 17206 17206 W WindowOnBackDispatcher: sendCancelIfRunning: isInProgress=falsecallback=android.view.ViewRootImpl$ $ExternalSyntheticLambda17@2485175
04-20 00:22:39.290 17206 17206 E ArmVmp : Match on catch block at 0xc3 in for 0x73fad10025
04-20 00:22:39.295 17206 17206 E ArmVmp : Match on catch block at 0xc3 in for 0x73fad10025
04-20 00:22:39.298 17206 17206 E ArmVmp : Match on catch block at 0xc3 in for 0x73fad10025
04-20 00:22:39.805 17206 17206 E ArmVmp : Match on catch block at 0xc3 in for 0x73fad10025
04-20 00:22:39.812 17206 17206 E ArmVmp : Match on catch block at 0xc3 in for 0x73fad10025
04-20 00:22:39.816 17206 17206 E ArmVmp : Match on catch block at 0xc3 in for 0x73fad10025
04-20 00:22:40.306 17206 17206 E ArmVmp : Match on catch block at 0xc3 in for 0x73fad10025
04-20 00:22:40.314 17206 17206 E ArmVmp : Match on catch block at 0xc3 in for 0x73fad10025
04-20 00:22:40.318 17206 17206 E ArmVmp : Match on catch block at 0xc3 in for 0x73fad10025
04-20 00:22:40.805 17206 17206 E ArmVmp : Match on catch block at 0xc3 in for 0x73fad10025
04-20 00:22:40.810 17206 17206 E ArmVmp : Match on catch block at 0xc3 in for 0x73fad10025
04-20 00:22:40.813 17206 17206 E ArmVmp : Match on catch block at 0xc3 in for 0x73fad10025
04-20 00:22:41.305 17206 17206 E ArmVmp : Match on catch block at 0xc3 in for 0x73fad10025
04-20 00:22:41.310 17206 17206 E ArmVmp : Match on catch block at 0xc3 in for 0x73fad10025
04-20 00:22:41.313 17206 17206 E ArmVmp : Match on catch block at 0xc3 in for 0x73fad10025
04-20 00:22:41.806 17206 17206 E ArmVmp : Match on catch block at 0xc3 in for 0x73fad10025
04-20 00:22:41.813 17206 17206 E ArmVmp : Match on catch block at 0xc3 in for 0x73fad10025
04-20 00:22:41.817 17206 17206 E ArmVmp : Match on catch block at 0xc3 in for 0x73fad10025
04-20 00:22:42.177 17206 17206 E ArmVmp : Match on catch block at 0xc3 in for 0x73fad10025
04-20 00:22:42.188 17206 17206 E ArmVmp : Match on catch block at 0xc3 in for 0x73fad10025
04-20 00:22:42.206 17206 17206 E ArmVmp : Match on catch block at 0xc3 in for 0x73fad10025
04-20 00:22:42.255 17206 17206 E ArmVmp : Match on catch block at 0xc3 in for 0x73fad10025
04-20 00:22:42.271 17206 17206 E ArmVmp : Match on catch block at 0xc3 in for 0x73fad10025
04-20 00:22:42.311 17206 17206 E ArmVmp : Match on catch block at 0xc3 in for 0x73fad10025
04-20 00:22:42.539 17206 17206 E ArmVmp : Match on catch block at 0xc3 in for 0x73fad10025
04-20 00:22:42.547 17206 17206 E ArmVmp : Match on catch block at 0xc3 in for 0x73fad10025
04-20 00:22:42.552 17206 17206 E ArmVmp : Match on catch block at 0xc3 in for 0x73fad10025
04-20 00:22:42.716 17206 17206 E ArmVmp : Match on catch block at 0xc3 in for 0x73fad10025
04-20 00:22:42.737 17206 17206 E ArmVmp : Match on catch block at 0xc3 in for 0x73fad10025
04-20 00:22:42.751 17206 17206 E ArmVmp : Match on catch block at 0xc3 in for 0x73fad10025
04-20 00:22:42.774 17206 17206 E OplusBracketLog: [OplusViewMirrorManager] updateHostViewRootIfNeeded, not support android.view.ViewRootImpl@a41f806
04-20 00:22:42.807 17206 17328 E OpenGLRenderer: Unable to match the desired swap behavior.
04-20 00:22:42.858 17206 17206 E ArmVmp : Match on catch block at 0xc3 in for 0x73fad10025
04-20 00:22:42.868 17206 17206 E ArmVmp : Match on catch block at 0xc3 in for 0x73fad10025
04-20 00:22:42.874 17206 17206 E ArmVmp : Match on catch block at 0xc3 in for 0x73fad10025
04-20 00:22:42.933 17206 17206 E ArmVmp : Match on catch block at 0xc3 in for 0x73fad10025
04-20 00:22:42.954 17206 17206 E ArmVmp : Match on catch block at 0xc3 in for 0x73fad10025
04-20 00:22:42.962 17206 17206 E ArmVmp : Match on catch block at 0xc3 in for 0x73fad10025
04-20 00:22:43.002 17206 17328 E OpenGLRenderer: Unable to match the desired swap behavior.
04-20 00:22:43.066 17206 17328 E OpenGLRenderer: Unable to match the desired swap behavior.
04-20 00:22:43.100 17206 17328 E OpenGLRenderer: Unable to match the desired swap behavior.
04-20 00:22:43.118 17206 17206 W VRI[Toast]: handleResized abandoned!
04-20 00:22:43.441 17206 17206 E ArmVmp : Match on catch block at 0xc3 in for 0x73fad10025
04-20 00:22:43.458 17206 17206 E ArmVmp : Match on catch block at 0xc3 in for 0x73fad10025
04-20 00:22:43.468 17206 17206 E ArmVmp : Match on catch block at 0xc3 in for 0x73fad10025
04-20 00:22:43.940 17206 17206 E ArmVmp : Match on catch block at 0xc3 in for 0x73fad10025
04-20 00:22:43.944 17206 17206 E ArmVmp : Match on catch block at 0xc3 in for 0x73fad10025
04-20 00:22:43.947 17206 17206 E ArmVmp : Match on catch block at 0xc3 in for 0x73fad10025
04-20 00:22:43.998 17206 17206 E ArmVmp : Match on catch block at 0xc3 in for 0x73fad10025
04-20 00:22:44.006 17206 17206 E ArmVmp : Match on catch block at 0xc3 in for 0x73fad10025
04-20 00:22:44.010 17206 17206 E ArmVmp : Match on catch block at 0xc3 in for 0x73fad10025
04-20 00:22:44.040 17206 17206 E ArmVmp : Match on catch block at 0xc3 in for 0x73fad10025
04-20 00:22:44.046 17206 17206 E ArmVmp : Match on catch block at 0xc3 in for 0x73fad10025
04-20 00:22:44.049 17206 17206 E ArmVmp : Match on catch block at 0xc3 in for 0x73fad10025
04-20 00:22:44.058 17206 17206 E ArmVmp : Match on catch block at 0xc3 in for 0x73fad10025
04-20 00:22:44.065 17206 17206 E ArmVmp : Match on catch block at 0xc3 in for 0x73fad10025
04-20 00:22:44.069 17206 17206 E ArmVmp : Match on catch block at 0xc3 in for 0x73fad10025
04-20 00:22:44.076 17206 17206 E ArmVmp : Match on catch block at 0xc3 in for 0x73fad10025
04-20 00:22:44.084 17206 17206 E ArmVmp : Match on catch block at 0xc3 in for 0x73fad10025
04-20 00:22:44.087 17206 17206 E ArmVmp : Match on catch block at 0xc3 in for 0x73fad10025
04-20 00:22:44.094 17206 17206 E ArmVmp : Match on catch block at 0xc3 in for 0x73fad10025
04-20 00:22:44.100 17206 17206 E ArmVmp : Match on catch block at 0xc3 in for 0x73fad10025
04-20 00:22:44.103 17206 17206 E ArmVmp : Match on catch block at 0xc3 in for 0x73fad10025
04-20 00:22:44.112 17206 17206 E ArmVmp : Match on catch block at 0xc3 in for 0x73fad10025
04-20 00:22:44.118 17206 17206 E ArmVmp : Match on catch block at 0xc3 in for 0x73fad10025
04-20 00:22:44.124 17206 17206 E ArmVmp : Match on catch block at 0xc3 in for 0x73fad10025
04-20 00:22:44.134 17206 17206 E ArmVmp : Match on catch block at 0xc3 in for 0x73fad10025
04-20 00:22:44.141 17206 17206 E ArmVmp : Match on catch block at 0xc3 in for 0x73fad10025
04-20 00:22:44.147 17206 17206 E ArmVmp : Match on catch block at 0xc3 in for 0x73fad10025
04-20 00:22:44.155 17206 17206 E ArmVmp : Match on catch block at 0xc3 in for 0x73fad10025
04-20 00:22:44.161 17206 17206 E ArmVmp : Match on catch block at 0xc3 in for 0x73fad10025
04-20 00:22:44.166 17206 17206 E ArmVmp : Match on catch block at 0xc3 in for 0x73fad10025
04-20 00:22:44.176 17206 17206 E ArmVmp : Match on catch block at 0xc3 in for 0x73fad10025
04-20 00:22:44.181 17206 17206 E ArmVmp : Match on catch block at 0xc3 in for 0x73fad10025
04-20 00:22:44.185 17206 17206 E ArmVmp : Match on catch block at 0xc3 in for 0x73fad10025
04-20 00:22:44.193 17206 17206 E ArmVmp : Match on catch block at 0xc3 in for 0x73fad10025
04-20 00:22:44.200 17206 17206 E ArmVmp : Match on catch block at 0xc3 in for 0x73fad10025
04-20 00:22:44.204 17206 17206 E ArmVmp : Match on catch block at 0xc3 in for 0x73fad10025
04-20 00:22:44.213 17206 17206 E ArmVmp : Match on catch block at 0xc3 in for 0x73fad10025
04-20 00:22:44.219 17206 17206 E ArmVmp : Match on catch block at 0xc3 in for 0x73fad10025
04-20 00:22:44.222 17206 17206 E ArmVmp : Match on catch block at 0xc3 in for 0x73fad10025
04-20 00:22:44.230 17206 17206 E ArmVmp : Match on catch block at 0xc3 in for 0x73fad10025
04-20 00:22:44.236 17206 17206 E ArmVmp : Match on catch block at 0xc3 in for 0x73fad10025
04-20 00:22:44.239 17206 17206 E ArmVmp : Match on catch block at 0xc3 in for 0x73fad10025
04-20 00:22:44.247 17206 17206 E ArmVmp : Match on catch block at 0xc3 in for 0x73fad10025
04-20 00:22:44.254 17206 17206 E ArmVmp : Match on catch block at 0xc3 in for 0x73fad10025
04-20 00:22:44.257 17206 17206 E ArmVmp : Match on catch block at 0xc3 in for 0x73fad10025
04-20 00:22:44.265 17206 17206 E ArmVmp : Match on catch block at 0xc3 in for 0x73fad10025
04-20 00:22:44.273 17206 17206 E ArmVmp : Match on catch block at 0xc3 in for 0x73fad10025
04-20 00:22:44.287 17206 17206 E ArmVmp : Match on catch block at 0xc3 in for 0x73fad10025
04-20 00:22:44.298 17206 17206 E ArmVmp : Match on catch block at 0xc3 in for 0x73fad10025
04-20 00:22:44.304 17206 17206 E ArmVmp : Match on catch block at 0xc3 in for 0x73fad10025
04-20 00:22:44.307 17206 17206 E ArmVmp : Match on catch block at 0xc3 in for 0x73fad10025
04-20 00:22:44.315 17206 17206 E ArmVmp : Match on catch block at 0xc3 in for 0x73fad10025
04-20 00:22:44.320 17206 17206 E ArmVmp : Match on catch block at 0xc3 in for 0x73fad10025
04-20 00:22:44.323 17206 17206 E ArmVmp : Match on catch block at 0xc3 in for 0x73fad10025
04-20 00:22:44.331 17206 17206 E ArmVmp : Match on catch block at 0xc3 in for 0x73fad10025
04-20 00:22:44.337 17206 17206 E ArmVmp : Match on catch block at 0xc3 in for 0x73fad10025
04-20 00:22:44.341 17206 17206 E ArmVmp : Match on catch block at 0xc3 in for 0x73fad10025
04-20 00:22:44.348 17206 17206 E ArmVmp : Match on catch block at 0xc3 in for 0x73fad10025
04-20 00:22:44.354 17206 17206 E ArmVmp : Match on catch block at 0xc3 in for 0x73fad10025
04-20 00:22:44.357 17206 17206 E ArmVmp : Match on catch block at 0xc3 in for 0x73fad10025
04-20 00:22:44.365 17206 17206 E ArmVmp : Match on catch block at 0xc3 in for 0x73fad10025
04-20 00:22:44.372 17206 17206 E ArmVmp : Match on catch block at 0xc3 in for 0x73fad10025
04-20 00:22:44.375 17206 17206 E ArmVmp : Match on catch block at 0xc3 in for 0x73fad10025
04-20 00:22:44.383 17206 17206 E ArmVmp : Match on catch block at 0xc3 in for 0x73fad10025
04-20 00:22:44.389 17206 17206 E ArmVmp : Match on catch block at 0xc3 in for 0x73fad10025
04-20 00:22:44.393 17206 17206 E ArmVmp : Match on catch block at 0xc3 in for 0x73fad10025
04-20 00:22:44.400 17206 17206 W WindowOnBackDispatcher: sendCancelIfRunning: isInProgress=falsecallback=android.view.ViewRootImpl$ $ExternalSyntheticLambda17@24c9ec7
04-20 00:22:44.433 17206 17206 E ArmVmp : Match on catch block at 0xc3 in for 0x73fad10025
04-20 00:22:44.439 17206 17206 E ArmVmp : Match on catch block at 0xc3 in for 0x73fad10025
04-20 00:22:44.441 17206 17206 E ArmVmp : Match on catch block at 0xc3 in for 0x73fad10025
04-20 00:22:44.540 17206 17206 E ArmVmp : Match on catch block at 0xc3 in for 0x73fad10025
04-20 00:22:44.546 17206 17206 E ArmVmp : Match on catch block at 0xc3 in for 0x73fad10025
04-20 00:22:44.549 17206 17206 E ArmVmp : Match on catch block at 0xc3 in for 0x73fad10025
04-20 00:22:45.042 17206 17206 E ArmVmp : Match on catch block at 0xc3 in for 0x73fad10025
04-20 00:22:45.059 17206 17206 E ArmVmp : Match on catch block at 0xc3 in for 0x73fad10025
04-20 00:22:45.074 17206 17206 E ArmVmp : Match on catch block at 0xc3 in for 0x73fad10025
04-20 00:22:45.116 17206 17206 E ArmVmp : Match on catch block at 0xc3 in for 0x73fad10025
04-20 00:22:45.124 17206 17206 E ArmVmp : Match on catch block at 0xc3 in for 0x73fad10025
04-20 00:22:45.127 17206 17206 E ArmVmp : Match on catch block at 0xc3 in for 0x73fad10025
04-20 00:22:45.141 17206 17206 E ArmVmp : Match on catch block at 0xc3 in for 0x73fad10025
04-20 00:22:45.146 17206 17206 E ArmVmp : Match on catch block at 0xc3 in for 0x73fad10025
04-20 00:22:45.151 17206 17206 E ArmVmp : Match on catch block at 0xc3 in for 0x73fad10025
04-20 00:22:45.159 17206 17206 E ArmVmp : Match on catch block at 0xc3 in for 0x73fad10025
04-20 00:22:45.166 17206 17206 E ArmVmp : Match on catch block at 0xc3 in for 0x73fad10025
04-20 00:22:45.170 17206 17206 E ArmVmp : Match on catch block at 0xc3 in for 0x73fad10025
04-20 00:22:45.177 17206 17206 E ArmVmp : Match on catch block at 0xc3 in for 0x73fad10025
04-20 00:22:45.182 17206 17206 E ArmVmp : Match on catch block at 0xc3 in for 0x73fad10025
04-20 00:22:45.185 17206 17206 E ArmVmp : Match on catch block at 0xc3 in for 0x73fad10025
04-20 00:22:45.203 17206 17206 E ArmVmp : Match on catch block at 0xc3 in for 0x73fad10025
04-20 00:22:45.207 17206 17206 E ArmVmp : Match on catch block at 0xc3 in for 0x73fad10025
04-20 00:22:45.211 17206 17206 E ArmVmp : Match on catch block at 0xc3 in for 0x73fad10025
04-20 00:22:45.226 17206 17206 E ArmVmp : Match on catch block at 0xc3 in for 0x73fad10025
04-20 00:22:45.230 17206 17206 E ArmVmp : Match on catch block at 0xc3 in for 0x73fad10025
04-20 00:22:45.233 17206 17206 E ArmVmp : Match on catch block at 0xc3 in for 0x73fad10025
04-20 00:22:45.246 17206 17206 E ArmVmp : Match on catch block at 0xc3 in for 0x73fad10025
04-20 00:22:45.251 17206 17206 E ArmVmp : Match on catch block at 0xc3 in for 0x73fad10025
04-20 00:22:45.254 17206 17206 E ArmVmp : Match on catch block at 0xc3 in for 0x73fad10025
04-20 00:22:45.273 17206 17206 E ArmVmp : Match on catch block at 0xc3 in for 0x73fad10025
04-20 00:22:45.279 17206 17206 E ArmVmp : Match on catch block at 0xc3 in for 0x73fad10025
04-20 00:22:45.281 17206 17206 E ArmVmp : Match on catch block at 0xc3 in for 0x73fad10025
04-20 00:22:45.290 17206 17206 E ArmVmp : Match on catch block at 0xc3 in for 0x73fad10025
04-20 00:22:45.297 17206 17206 E ArmVmp : Match on catch block at 0xc3 in for 0x73fad10025
04-20 00:22:45.300 17206 17206 E ArmVmp : Match on catch block at 0xc3 in for 0x73fad10025
04-20 00:22:45.308 17206 17206 E ArmVmp : Match on catch block at 0xc3 in for 0x73fad10025
04-20 00:22:45.316 17206 17206 E ArmVmp : Match on catch block at 0xc3 in for 0x73fad10025
04-20 00:22:45.319 17206 17206 E ArmVmp : Match on catch block at 0xc3 in for 0x73fad10025
04-20 00:22:45.625 17206 17206 E ArmVmp : Match on catch block at 0xc3 in for 0x73fad10025
04-20 00:22:45.632 17206 17206 E ArmVmp : Match on catch block at 0xc3 in for 0x73fad10025
04-20 00:22:45.635 17206 17206 E ArmVmp : Match on catch block at 0xc3 in for 0x73fad10025
