04-20 00:24:26.732 17206 17206 E ArmVmp : Match on catch block at 0xc3 in for 0x73fad10025
04-20 00:24:26.737 17206 17206 E ArmVmp : Match on catch block at 0xc3 in for 0x73fad10025
04-20 00:24:26.931 17206 17206 E ArmVmp : Match on catch block at 0xc3 in for 0x73fad10025
04-20 00:24:26.938 17206 17206 E ArmVmp : Match on catch block at 0xc3 in for 0x73fad10025
04-20 00:24:27.002 17206 17206 E ArmVmp : Match on catch block at 0xc3 in for 0x73fad10025
04-20 00:24:27.007 17206 17206 E ArmVmp : Match on catch block at 0xc3 in for 0x73fad10025
04-20 00:24:27.017 17206 17206 E ArmVmp : Match on catch block at 0xc3 in for 0x73fad10025
04-20 00:24:27.022 17206 17206 E ArmVmp : Match on catch block at 0xc3 in for 0x73fad10025
04-20 00:24:27.407 17206 17206 E ArmVmp : Match on catch block at 0xc3 in for 0x73fad10025
04-20 00:24:27.411 17206 17206 E ArmVmp : Match on catch block at 0xc3 in for 0x73fad10025
04-20 00:24:27.439 17206 17206 E ArmVmp : Match on catch block at 0xc3 in for 0x73fad10025
04-20 00:24:27.443 17206 17206 E ArmVmp : Match on catch block at 0xc3 in for 0x73fad10025
04-20 00:24:27.933 17206 17206 E ArmVmp : Match on catch block at 0xc3 in for 0x73fad10025
04-20 00:24:27.940 17206 17206 E ArmVmp : Match on catch block at 0xc3 in for 0x73fad10025
04-20 00:24:28.431 17206 17206 E ArmVmp : Match on catch block at 0xc3 in for 0x73fad10025
04-20 00:24:28.436 17206 17206 E ArmVmp : Match on catch block at 0xc3 in for 0x73fad10025
04-20 00:24:28.932 17206 17206 E ArmVmp : Match on catch block at 0xc3 in for 0x73fad10025
04-20 00:24:28.937 17206 17206 E ArmVmp : Match on catch block at 0xc3 in for 0x73fad10025
04-20 00:24:29.432 17206 17206 E ArmVmp : Match on catch block at 0xc3 in for 0x73fad10025
04-20 00:24:29.437 17206 17206 E ArmVmp : Match on catch block at 0xc3 in for 0x73fad10025
04-20 00:24:29.932 17206 17206 E ArmVmp : Match on catch block at 0xc3 in for 0x73fad10025
04-20 00:24:29.938 17206 17206 E ArmVmp : Match on catch block at 0xc3 in for 0x73fad10025
04-20 00:24:30.433 17206 17206 E ArmVmp : Match on catch block at 0xc3 in for 0x73fad10025
04-20 00:24:30.438 17206 17206 E ArmVmp : Match on catch block at 0xc3 in for 0x73fad10025
04-20 00:24:30.931 17206 17206 E ArmVmp : Match on catch block at 0xc3 in for 0x73fad10025
04-20 00:24:30.936 17206 17206 E ArmVmp : Match on catch block at 0xc3 in for 0x73fad10025
04-20 00:24:31.448 17206 17206 E ArmVmp : Match on catch block at 0xc3 in for 0x73fad10025
04-20 00:24:31.452 17206 17206 E ArmVmp : Match on catch block at 0xc3 in for 0x73fad10025
04-20 00:24:31.948 17206 17206 E ArmVmp : Match on catch block at 0xc3 in for 0x73fad10025
04-20 00:24:31.952 17206 17206 E ArmVmp : Match on catch block at 0xc3 in for 0x73fad10025
04-20 00:24:32.448 17206 17206 E ArmVmp : Match on catch block at 0xc3 in for 0x73fad10025
04-20 00:24:32.453 17206 17206 E ArmVmp : Match on catch block at 0xc3 in for 0x73fad10025
04-20 00:24:32.948 17206 17206 E ArmVmp : Match on catch block at 0xc3 in for 0x73fad10025
04-20 00:24:32.952 17206 17206 E ArmVmp : Match on catch block at 0xc3 in for 0x73fad10025
04-20 00:24:33.277 17206 17206 E ArmVmp : Match on catch block at 0xc3 in for 0x73fad10025
04-20 00:24:33.282 17206 17206 E ArmVmp : Match on catch block at 0xc3 in for 0x73fad10025
04-20 00:24:33.296 17206 17206 W WindowOnBackDispatcher: sendCancelIfRunning: isInProgress=falsecallback=ImeCallback=ImeOnBackInvokedCallback@130186315 Callback=android.window.IOnBackInvokedCallback$Stub$Proxy@268d466
04-20 00:24:33.297 17206 17206 W VRI[Conversation]: handleResized abandoned!
04-20 00:24:33.301 17206 17206 E ArmVmp : Match on catch block at 0xc3 in for 0x73fad10025
04-20 00:24:33.306 17206 17206 E ArmVmp : Match on catch block at 0xc3 in for 0x73fad10025
04-20 00:24:33.450 17206 17206 E ArmVmp : Match on catch block at 0xc3 in for 0x73fad10025
04-20 00:24:33.455 17206 17206 E ArmVmp : Match on catch block at 0xc3 in for 0x73fad10025
04-20 00:24:33.749 17206 17206 E ArmVmp : Match on catch block at 0xc3 in for 0x73fad10025
04-20 00:24:33.755 17206 17206 E ArmVmp : Match on catch block at 0xc3 in for 0x73fad10025
04-20 00:24:33.780 17206 17206 E ArmVmp : Match on catch block at 0xc3 in for 0x73fad10025
04-20 00:24:33.784 17206 17206 E ArmVmp : Match on catch block at 0xc3 in for 0x73fad10025
04-20 00:24:34.047 17206 17206 W VRI[HomeActivity]: updateBlastSurfaceIfNeeded, surfaceSize:Point(720, 1612), lastSurfaceSize:Point(720, 1612), format:-2, blastBufferQueue:null
04-20 00:24:34.050 17206 17328 E OpenGLRenderer: Unable to match the desired swap behavior.
04-20 00:24:34.217 17206 17206 E ArmVmp : Match on catch block at 0xc3 in for 0x73fad10025
04-20 00:24:34.222 17206 17206 E ArmVmp : Match on catch block at 0xc3 in for 0x73fad10025
04-20 00:24:34.230 17206 17206 W VRI[HomeActivity]: handleResized, msg:5, frameChanged:false, configChanged:false, displayChanged:false, attachedFrameChanged:false, compatScaleChanged:false, pendingDragResizing=false
04-20 00:24:34.244 17206 17206 W VRI[HomeActivity]: updateBlastSurfaceIfNeeded, surfaceSize:Point(720, 1612), lastSurfaceSize:Point(720, 1612), format:-2, blastBufferQueue:android.graphics.BLASTBufferQueue@9f1d202
04-20 00:24:34.302 17206 17206 E ArmVmp : Match on catch block at 0xc3 in for 0x73fad10025
04-20 00:24:34.307 17206 17206 E ArmVmp : Match on catch block at 0xc3 in for 0x73fad10025
04-20 00:24:34.319 17206 17206 W VRI[HomeActivity]: updateBlastSurfaceIfNeeded, surfaceSize:Point(720, 1612), lastSurfaceSize:Point(720, 1612), format:-2, blastBufferQueue:android.graphics.BLASTBufferQueue@9f1d202
04-20 00:24:34.322 17206 17206 E ArmVmp : Match on catch block at 0xc3 in for 0x73fad10025
04-20 00:24:34.328 17206 17206 E ArmVmp : Match on catch block at 0xc3 in for 0x73fad10025
04-20 00:24:34.384 17206 17206 W VRI[HomeActivity]: updateBlastSurfaceIfNeeded, surfaceSize:Point(720, 1612), lastSurfaceSize:Point(720, 1612), format:-2, blastBufferQueue:android.graphics.BLASTBufferQueue@9f1d202
04-20 00:24:34.634 17206 17206 E ArmVmp : Match on catch block at 0xc3 in for 0x73fad10025
04-20 00:24:34.639 17206 17206 E ArmVmp : Match on catch block at 0xc3 in for 0x73fad10025
04-20 00:24:34.681 17206 17206 W WindowOnBackDispatcher: sendCancelIfRunning: isInProgress=falsecallback=android.view.ViewRootImpl$ $ExternalSyntheticLambda17@c181932
04-20 00:24:34.891 17206 17206 W VRI[HomeActivity]: updateBlastSurfaceIfNeeded, surfaceSize:Point(720, 1612), lastSurfaceSize:Point(720, 1612), format:-2, blastBufferQueue:android.graphics.BLASTBufferQueue@9f1d202
04-20 00:24:35.056 17206 17206 W VRI[HomeActivity]: updateBlastSurfaceIfNeeded, surfaceSize:Point(720, 1612), lastSurfaceSize:Point(720, 1612), format:-2, blastBufferQueue:android.graphics.BLASTBufferQueue@9f1d202
04-20 00:24:35.087 17206 17206 W VRI[HomeActivity]: updateBlastSurfaceIfNeeded, surfaceSize:Point(720, 1612), lastSurfaceSize:Point(720, 1612), format:-2, blastBufferQueue:android.graphics.BLASTBufferQueue@9f1d202
04-20 00:24:35.110 17206 17206 W VRI[HomeActivity]: updateBlastSurfaceIfNeeded, surfaceSize:Point(720, 1612), lastSurfaceSize:Point(720, 1612), format:-2, blastBufferQueue:android.graphics.BLASTBufferQueue@9f1d202
04-20 00:24:37.907 17206 17206 W VRI[HomeActivity]: updateBlastSurfaceIfNeeded, surfaceSize:Point(720, 1612), lastSurfaceSize:Point(720, 1612), format:-2, blastBufferQueue:android.graphics.BLASTBufferQueue@9f1d202
04-20 00:24:37.933 17206 17206 W VRI[HomeActivity]: updateBlastSurfaceIfNeeded, surfaceSize:Point(720, 1612), lastSurfaceSize:Point(720, 1612), format:-2, blastBufferQueue:android.graphics.BLASTBufferQueue@9f1d202
04-20 00:24:37.966 17206 17206 W VRI[HomeActivity]: updateBlastSurfaceIfNeeded, surfaceSize:Point(720, 1612), lastSurfaceSize:Point(720, 1612), format:-2, blastBufferQueue:android.graphics.BLASTBufferQueue@9f1d202
04-20 00:24:37.987 17206 17206 W VRI[HomeActivity]: updateBlastSurfaceIfNeeded, surfaceSize:Point(720, 1612), lastSurfaceSize:Point(720, 1612), format:-2, blastBufferQueue:android.graphics.BLASTBufferQueue@9f1d202
04-20 00:24:40.315 17206 17206 W JobService: onNetworkChanged() not implemented in androidx.work.impl.background.systemjob.SystemJobService. Must override in a subclass.
04-20 00:24:40.325 17206 17206 W VRI[HomeActivity]: updateBlastSurfaceIfNeeded, surfaceSize:Point(720, 1612), lastSurfaceSize:Point(720, 1612), format:-2, blastBufferQueue:android.graphics.BLASTBufferQueue@9f1d202
04-20 00:24:40.365 17206 17206 W VRI[HomeActivity]: updateBlastSurfaceIfNeeded, surfaceSize:Point(720, 1612), lastSurfaceSize:Point(720, 1612), format:-2, blastBufferQueue:android.graphics.BLASTBufferQueue@9f1d202
04-20 00:24:40.564 17206 17206 W JobService: onNetworkChanged() not implemented in androidx.work.impl.background.systemjob.SystemJobService. Must override in a subclass.
04-20 00:24:40.611 17206 17206 W VRI[HomeActivity]: updateBlastSurfaceIfNeeded, surfaceSize:Point(720, 1612), lastSurfaceSize:Point(720, 1612), format:-2, blastBufferQueue:android.graphics.BLASTBufferQueue@9f1d202
04-20 00:24:42.152 17206 17206 W VRI[HomeActivity]: updateBlastSurfaceIfNeeded, surfaceSize:Point(720, 1612), lastSurfaceSize:Point(720, 1612), format:-2, blastBufferQueue:android.graphics.BLASTBufferQueue@9f1d202
04-20 00:24:42.198 17206 17206 W VRI[HomeActivity]: updateBlastSurfaceIfNeeded, surfaceSize:Point(720, 1612), lastSurfaceSize:Point(720, 1612), format:-2, blastBufferQueue:android.graphics.BLASTBufferQueue@9f1d202
04-20 00:24:42.459 17206 17206 W VRI[HomeActivity]: updateBlastSurfaceIfNeeded, surfaceSize:Point(720, 1612), lastSurfaceSize:Point(720, 1612), format:-2, blastBufferQueue:android.graphics.BLASTBufferQueue@9f1d202
04-20 00:24:43.709 17206 17206 W VRI[HomeActivity]: updateBlastSurfaceIfNeeded, surfaceSize:Point(720, 1612), lastSurfaceSize:Point(720, 1612), format:-2, blastBufferQueue:android.graphics.BLASTBufferQueue@9f1d202
04-20 00:24:43.770 17206 17206 W VRI[HomeActivity]: updateBlastSurfaceIfNeeded, surfaceSize:Point(720, 1612), lastSurfaceSize:Point(720, 1612), format:-2, blastBufferQueue:android.graphics.BLASTBufferQueue@9f1d202
04-20 00:24:45.281 17206 17206 W VRI[HomeActivity]: updateBlastSurfaceIfNeeded, surfaceSize:Point(720, 1612), lastSurfaceSize:Point(720, 1612), format:-2, blastBufferQueue:null
04-20 00:24:45.291 17206 17328 E OpenGLRenderer: Unable to match the desired swap behavior.
04-20 00:24:45.411 17206 17206 W VRI[HomeActivity]: updateBlastSurfaceIfNeeded, surfaceSize:Point(720, 1612), lastSurfaceSize:Point(720, 1612), format:-2, blastBufferQueue:android.graphics.BLASTBufferQueue@60ebbc8
04-20 00:24:45.470 17206 17206 W VRI[HomeActivity]: updateBlastSurfaceIfNeeded, surfaceSize:Point(720, 1612), lastSurfaceSize:Point(720, 1612), format:-2, blastBufferQueue:android.graphics.BLASTBufferQueue@60ebbc8
04-20 00:24:45.555 17206 17206 W VRI[HomeActivity]: handleResized abandoned!
04-20 00:24:46.025 17206 17206 W VRI[HomeActivity]: updateBlastSurfaceIfNeeded, surfaceSize:Point(720, 1612), lastSurfaceSize:Point(720, 1612), format:-2, blastBufferQueue:android.graphics.BLASTBufferQueue@60ebbc8
04-20 00:24:46.077 17206 17206 W VRI[HomeActivity]: updateBlastSurfaceIfNeeded, surfaceSize:Point(720, 1612), lastSurfaceSize:Point(720, 1612), format:-2, blastBufferQueue:android.graphics.BLASTBufferQueue@60ebbc8
04-20 00:24:52.714 17206 17206 W JobService: onNetworkChanged() not implemented in androidx.work.impl.background.systemjob.SystemJobService. Must override in a subclass.
04-20 00:25:25.458 17206 17206 W JobService: onNetworkChanged() not implemented in androidx.work.impl.background.systemjob.SystemJobService. Must override in a subclass.
04-20 00:25:28.177 17206 17206 E ArmVmp : Match on catch block at 0xb0 in for 0x73fad10039
04-20 00:25:28.188 17206 17206 E ArmVmp : Match on catch block at 0xb0 in for 0x73fad10039
04-20 00:25:28.332 17206 17206 E ArmVmp : Match on catch block at 0x0a in for 0x73fad10035
04-20 00:25:28.342 17206 17206 E ArmVmp : Match on catch block at 0x0a in for 0x73fad10035
04-20 00:25:28.480 17206 17206 E ANR_LOG : Entry{target='android.app.ActivityThread$H', callback='', messageName='android.app.ActivityThread$H', wall=1580', mWhen=270522817, mArg1=0, mArg2=0, mWhat=159, mCount=0
04-20 00:25:28.515 17206 17206 E OplusBracketLog: [OplusViewMirrorManager] updateHostViewRootIfNeeded, not support android.view.ViewRootImpl@dcdfc0c
04-20 00:25:28.583 17206 17206 W VRI[Conversation]: updateBlastSurfaceIfNeeded, surfaceSize:Point(720, 1612), lastSurfaceSize:Point(0, 0), format:-1, blastBufferQueue:null
04-20 00:25:28.676 17206 17328 E OpenGLRenderer: Unable to match the desired swap behavior.
04-20 00:25:29.129 17206 17206 E ArmVmp : Match on catch block at 0xc3 in for 0x73fad10021
04-20 00:25:29.158 17206 17206 E ArmVmp : Match on catch block at 0xc3 in for 0x73fad10021
04-20 00:25:29.165 17206 17206 E ArmVmp : Match on catch block at 0xc3 in for 0x73fad10021
04-20 00:25:29.473 17206 17206 W VRI[Conversation]: handleResized, msg:5, frameChanged:false, configChanged:false, displayChanged:false, attachedFrameChanged:false, compatScaleChanged:false, pendingDragResizing=false
04-20 00:25:29.499 17206 17206 E ArmVmp : Match on catch block at 0xc3 in for 0x73fad10025
04-20 00:25:29.506 17206 17206 E ArmVmp : Match on catch block at 0xc3 in for 0x73fad10025
04-20 00:25:29.510 17206 17206 E ArmVmp : Match on catch block at 0xc3 in for 0x73fad10025
04-20 00:25:29.708 17206 17206 W VRI[Conversation]: updateBlastSurfaceIfNeeded, surfaceSize:Point(720, 1612), lastSurfaceSize:Point(720, 1612), format:-1, blastBufferQueue:android.graphics.BLASTBufferQueue@5a871bf
04-20 00:25:29.722 17206 17206 E ArmVmp : Match on catch block at 0xc3 in for 0x73fad10025
04-20 00:25:29.730 17206 17206 E ArmVmp : Match on catch block at 0xc3 in for 0x73fad10025
04-20 00:25:29.738 17206 17206 E ArmVmp : Match on catch block at 0xc3 in for 0x73fad10025
04-20 00:25:29.789 17206 17206 E ArmVmp : Match on catch block at 0xc3 in for 0x73fad10025
04-20 00:25:29.799 17206 17206 E ArmVmp : Match on catch block at 0xc3 in for 0x73fad10025
04-20 00:25:29.809 17206 17206 E ArmVmp : Match on catch block at 0xc3 in for 0x73fad10025
04-20 00:25:29.852 17206 17206 E ArmVmp : Match on catch block at 0xc3 in for 0x73fad10025
04-20 00:25:29.860 17206 17206 E ArmVmp : Match on catch block at 0xc3 in for 0x73fad10025
04-20 00:25:29.867 17206 17206 E ArmVmp : Match on catch block at 0xc3 in for 0x73fad10025
04-20 00:25:30.171 17206 17206 E ArmVmp : Match on catch block at 0xc3 in for 0x73fad10025
04-20 00:25:30.185 17206 17206 E ArmVmp : Match on catch block at 0xc3 in for 0x73fad10025
04-20 00:25:30.189 17206 17206 E ArmVmp : Match on catch block at 0xc3 in for 0x73fad10025
04-20 00:25:30.371 17206 17206 E ArmVmp : Match on catch block at 0xc3 in for 0x73fad10025
04-20 00:25:30.395 17206 17206 E ArmVmp : Match on catch block at 0xc3 in for 0x73fad10025
04-20 00:25:30.419 17206 17206 E ArmVmp : Match on catch block at 0xc3 in for 0x73fad10025
04-20 00:25:30.612 17206 17206 W VRI[Conversation]: handleResized abandoned!
04-20 00:25:30.672 17206 17206 E ArmVmp : Match on catch block at 0xc3 in for 0x73fad10025
04-20 00:25:30.686 17206 17206 E ArmVmp : Match on catch block at 0xc3 in for 0x73fad10025
04-20 00:25:30.700 17206 17206 E ArmVmp : Match on catch block at 0xc3 in for 0x73fad10025
04-20 00:25:30.762 17206 17206 W JobService: onNetworkChanged() not implemented in androidx.work.impl.background.systemjob.SystemJobService. Must override in a subclass.
04-20 00:25:30.763 17206 17206 W JobService: onNetworkChanged() not implemented in androidx.work.impl.background.systemjob.SystemJobService. Must override in a subclass.
04-20 00:25:31.049 17206 17206 E ArmVmp : Match on catch block at 0xc3 in for 0x73fad10025
04-20 00:25:31.059 17206 17206 E ArmVmp : Match on catch block at 0xc3 in for 0x73fad10025
04-20 00:25:31.063 17206 17206 E ArmVmp : Match on catch block at 0xc3 in for 0x73fad10025
04-20 00:25:31.080 17206 17206 W VRI[Conversation]: handleResized abandoned!
04-20 00:25:31.089 17206 17206 E ArmVmp : Match on catch block at 0xc3 in for 0x73fad10025
04-20 00:25:31.102 17206 17206 E ArmVmp : Match on catch block at 0xc3 in for 0x73fad10025
04-20 00:25:31.114 17206 17206 E ArmVmp : Match on catch block at 0xc3 in for 0x73fad10025
04-20 00:25:31.174 17206 17206 E ArmVmp : Match on catch block at 0xc3 in for 0x73fad10025
04-20 00:25:31.181 17206 17206 E ArmVmp : Match on catch block at 0xc3 in for 0x73fad10025
04-20 00:25:31.185 17206 17206 E ArmVmp : Match on catch block at 0xc3 in for 0x73fad10025
04-20 00:25:31.673 17206 17206 E ArmVmp : Match on catch block at 0xc3 in for 0x73fad10025
04-20 00:25:31.678 17206 17206 E ArmVmp : Match on catch block at 0xc3 in for 0x73fad10025
04-20 00:25:31.682 17206 17206 E ArmVmp : Match on catch block at 0xc3 in for 0x73fad10025
04-20 00:25:31.843 17206 17206 E ArmVmp : Match on catch block at 0xc3 in for 0x73fad10025
04-20 00:25:31.848 17206 17206 E ArmVmp : Match on catch block at 0xc3 in for 0x73fad10025
04-20 00:25:31.851 17206 17206 E ArmVmp : Match on catch block at 0xc3 in for 0x73fad10025
04-20 00:25:31.942 17206 17206 E ArmVmp : Match on catch block at 0xc3 in for 0x73fad10025
04-20 00:25:31.948 17206 17206 E ArmVmp : Match on catch block at 0xc3 in for 0x73fad10025
04-20 00:25:31.951 17206 17206 E ArmVmp : Match on catch block at 0xc3 in for 0x73fad10025
04-20 00:25:32.029 17206 17206 E ArmVmp : Match on catch block at 0xc3 in for 0x73fad10025
04-20 00:25:32.034 17206 17206 E ArmVmp : Match on catch block at 0xc3 in for 0x73fad10025
04-20 00:25:32.036 17206 17206 E ArmVmp : Match on catch block at 0xc3 in for 0x73fad10025
04-20 00:25:32.042 17206 17206 E OplusBracketLog: [OplusViewMirrorManager] updateHostViewRootIfNeeded, not support android.view.ViewRootImpl@aeee6b2
04-20 00:25:32.065 17206 17328 E OpenGLRenderer: Unable to match the desired swap behavior.
04-20 00:25:32.100 17206 17206 E ArmVmp : Match on catch block at 0xc3 in for 0x73fad10025
04-20 00:25:32.104 17206 17206 E ArmVmp : Match on catch block at 0xc3 in for 0x73fad10025
04-20 00:25:32.107 17206 17206 E ArmVmp : Match on catch block at 0xc3 in for 0x73fad10025
04-20 00:25:32.189 17206 17206 E ArmVmp : Match on catch block at 0xc3 in for 0x73fad10025
04-20 00:25:32.196 17206 17206 E ArmVmp : Match on catch block at 0xc3 in for 0x73fad10025
04-20 00:25:32.199 17206 17206 E ArmVmp : Match on catch block at 0xc3 in for 0x73fad10025
04-20 00:25:32.327 17206 17328 E OpenGLRenderer: Unable to match the desired swap behavior.
04-20 00:25:32.349 17206 17328 E OpenGLRenderer: Unable to match the desired swap behavior.
04-20 00:25:32.378 17206 17328 E OpenGLRenderer: Unable to match the desired swap behavior.
04-20 00:25:32.405 17206 17328 E OpenGLRenderer: Unable to match the desired swap behavior.
04-20 00:25:32.430 17206 17328 E OpenGLRenderer: Unable to match the desired swap behavior.
04-20 00:25:32.453 17206 17328 E OpenGLRenderer: Unable to match the desired swap behavior.
04-20 00:25:32.475 17206 17328 E OpenGLRenderer: Unable to match the desired swap behavior.
04-20 00:25:32.674 17206 17206 E ArmVmp : Match on catch block at 0xc3 in for 0x73fad10025
04-20 00:25:32.680 17206 17206 E ArmVmp : Match on catch block at 0xc3 in for 0x73fad10025
04-20 00:25:32.682 17206 17206 E ArmVmp : Match on catch block at 0xc3 in for 0x73fad10025
04-20 00:25:33.191 17206 17206 E ArmVmp : Match on catch block at 0xc3 in for 0x73fad10025
04-20 00:25:33.198 17206 17206 E ArmVmp : Match on catch block at 0xc3 in for 0x73fad10025
04-20 00:25:33.201 17206 17206 E ArmVmp : Match on catch block at 0xc3 in for 0x73fad10025
04-20 00:25:33.690 17206 17206 E ArmVmp : Match on catch block at 0xc3 in for 0x73fad10025
04-20 00:25:33.696 17206 17206 E ArmVmp : Match on catch block at 0xc3 in for 0x73fad10025
04-20 00:25:33.701 17206 17206 E ArmVmp : Match on catch block at 0xc3 in for 0x73fad10025
04-20 00:25:33.944 17206 17206 W WindowOnBackDispatcher: sendCancelIfRunning: isInProgress=falsecallback=android.view.ViewRootImpl$ $ExternalSyntheticLambda17@1aea603
04-20 00:25:34.189 17206 17206 E ArmVmp : Match on catch block at 0xc3 in for 0x73fad10025
04-20 00:25:34.196 17206 17206 E ArmVmp : Match on catch block at 0xc3 in for 0x73fad10025
04-20 00:25:34.199 17206 17206 E ArmVmp : Match on catch block at 0xc3 in for 0x73fad10025
04-20 00:25:34.690 17206 17206 E ArmVmp : Match on catch block at 0xc3 in for 0x73fad10025
04-20 00:25:34.696 17206 17206 E ArmVmp : Match on catch block at 0xc3 in for 0x73fad10025
04-20 00:25:34.698 17206 17206 E ArmVmp : Match on catch block at 0xc3 in for 0x73fad10025
04-20 00:25:35.189 17206 17206 E ArmVmp : Match on catch block at 0xc3 in for 0x73fad10025
04-20 00:25:35.194 17206 17206 E ArmVmp : Match on catch block at 0xc3 in for 0x73fad10025
04-20 00:25:35.197 17206 17206 E ArmVmp : Match on catch block at 0xc3 in for 0x73fad10025
04-20 00:25:35.526 17206 17206 E ArmVmp : Match on catch block at 0xc3 in for 0x73fad10025
04-20 00:25:35.537 17206 17206 E ArmVmp : Match on catch block at 0xc3 in for 0x73fad10025
04-20 00:25:35.543 17206 17206 E ArmVmp : Match on catch block at 0xc3 in for 0x73fad10025
04-20 00:25:35.597 17206 17206 E ArmVmp : Match on catch block at 0xc3 in for 0x73fad10025
04-20 00:25:35.607 17206 17206 E ArmVmp : Match on catch block at 0xc3 in for 0x73fad10025
04-20 00:25:35.613 17206 17206 E ArmVmp : Match on catch block at 0xc3 in for 0x73fad10025
04-20 00:25:35.623 17206 17206 E ArmVmp : Match on catch block at 0xc3 in for 0x73fad10025
04-20 00:25:35.634 17206 17206 E ArmVmp : Match on catch block at 0xc3 in for 0x73fad10025
04-20 00:25:35.638 17206 17206 E ArmVmp : Match on catch block at 0xc3 in for 0x73fad10025
04-20 00:25:35.681 17206 17206 E ArmVmp : Match on catch block at 0xc3 in for 0x73fad10025
04-20 00:25:35.688 17206 17206 E ArmVmp : Match on catch block at 0xc3 in for 0x73fad10025
04-20 00:25:35.693 17206 17206 E ArmVmp : Match on catch block at 0xc3 in for 0x73fad10025
04-20 00:25:35.707 17206 17206 E ArmVmp : Match on catch block at 0xc3 in for 0x73fad10025
04-20 00:25:35.716 17206 17206 E ArmVmp : Match on catch block at 0xc3 in for 0x73fad10025
04-20 00:25:35.723 17206 17206 E ArmVmp : Match on catch block at 0xc3 in for 0x73fad10025
04-20 00:25:35.742 17206 17206 E ArmVmp : Match on catch block at 0xc3 in for 0x73fad10025
04-20 00:25:35.750 17206 17206 E ArmVmp : Match on catch block at 0xc3 in for 0x73fad10025
04-20 00:25:35.754 17206 17206 E ArmVmp : Match on catch block at 0xc3 in for 0x73fad10025
04-20 00:25:35.840 17206 17206 E ArmVmp : Match on catch block at 0xc3 in for 0x73fad10025
04-20 00:25:35.848 17206 17206 E ArmVmp : Match on catch block at 0xc3 in for 0x73fad10025
04-20 00:25:35.857 17206 17206 E ArmVmp : Match on catch block at 0xc3 in for 0x73fad10025
04-20 00:25:36.024 17206 17206 E ArmVmp : Match on catch block at 0xc3 in for 0x73fad10025
04-20 00:25:36.033 17206 17206 E ArmVmp : Match on catch block at 0xc3 in for 0x73fad10025
04-20 00:25:36.036 17206 17206 E ArmVmp : Match on catch block at 0xc3 in for 0x73fad10025
04-20 00:25:36.523 17206 17206 E ArmVmp : Match on catch block at 0xc3 in for 0x73fad10025
04-20 00:25:36.527 17206 17206 E ArmVmp : Match on catch block at 0xc3 in for 0x73fad10025
04-20 00:25:36.530 17206 17206 E ArmVmp : Match on catch block at 0xc3 in for 0x73fad10025
04-20 00:25:36.558 17206 17206 E ArmVmp : Match on catch block at 0xc3 in for 0x73fad10025
04-20 00:25:36.563 17206 17206 E ArmVmp : Match on catch block at 0xc3 in for 0x73fad10025
04-20 00:25:36.565 17206 17206 E ArmVmp : Match on catch block at 0xc3 in for 0x73fad10025
04-20 00:25:36.620 17206 17206 E ArmVmp : Match on catch block at 0xc3 in for 0x73fad10025
04-20 00:25:36.625 17206 17206 E ArmVmp : Match on catch block at 0xc3 in for 0x73fad10025
04-20 00:25:36.628 17206 17206 E ArmVmp : Match on catch block at 0xc3 in for 0x73fad10025
04-20 00:25:36.675 17206 17206 E ArmVmp : Match on catch block at 0xc3 in for 0x73fad10025
04-20 00:25:36.686 17206 17206 E ArmVmp : Match on catch block at 0xc3 in for 0x73fad10025
04-20 00:25:36.700 17206 17206 E ArmVmp : Match on catch block at 0xc3 in for 0x73fad10025
04-20 00:25:36.709 17206 17206 E ArmVmp : Match on catch block at 0xc3 in for 0x73fad10025
04-20 00:25:36.804 17206 17206 E ArmVmp : Match on catch block at 0xc3 in for 0x73fad10025
04-20 00:25:36.811 17206 17206 E ArmVmp : Match on catch block at 0xc3 in for 0x73fad10025
04-20 00:25:36.853 17206 17206 E ArmVmp : Match on catch block at 0xc3 in for 0x73fad10025
04-20 00:25:36.860 17206 17206 E ArmVmp : Match on catch block at 0xc3 in for 0x73fad10025
04-20 00:25:36.895 17206 17206 E ArmVmp : Match on catch block at 0xc3 in for 0x73fad10025
04-20 00:25:36.900 17206 17206 E ArmVmp : Match on catch block at 0xc3 in for 0x73fad10025
04-20 00:25:36.910 17206 17206 E ArmVmp : Match on catch block at 0xc3 in for 0x73fad10025
04-20 00:25:36.916 17206 17206 E ArmVmp : Match on catch block at 0xc3 in for 0x73fad10025
04-20 00:25:37.107 17206 17206 E ArmVmp : Match on catch block at 0xc3 in for 0x73fad10025
04-20 00:25:37.111 17206 17206 E ArmVmp : Match on catch block at 0xc3 in for 0x73fad10025
04-20 00:25:37.196 17206 17206 E ArmVmp : Match on catch block at 0xc3 in for 0x73fad10025
04-20 00:25:37.201 17206 17206 E ArmVmp : Match on catch block at 0xc3 in for 0x73fad10025
04-20 00:25:37.607 17206 17206 E ArmVmp : Match on catch block at 0xc3 in for 0x73fad10025
04-20 00:25:37.616 17206 17206 E ArmVmp : Match on catch block at 0xc3 in for 0x73fad10025
04-20 00:25:37.798 17206 17206 E ArmVmp : Match on catch block at 0xc3 in for 0x73fad10025
04-20 00:25:37.807 17206 17206 E ArmVmp : Match on catch block at 0xc3 in for 0x73fad10025
04-20 00:25:37.829 17206 17206 E ArmVmp : Match on catch block at 0xc3 in for 0x73fad10025
04-20 00:25:37.839 17206 17206 E ArmVmp : Match on catch block at 0xc3 in for 0x73fad10025
04-20 00:25:37.951 17206 17206 E ArmVmp : Match on catch block at 0xc3 in for 0x73fad10025
04-20 00:25:37.958 17206 17206 E ArmVmp : Match on catch block at 0xc3 in for 0x73fad10025
04-20 00:25:38.018 17206 17206 E ArmVmp : Match on catch block at 0xc3 in for 0x73fad10025
04-20 00:25:38.027 17206 17206 E ArmVmp : Match on catch block at 0xc3 in for 0x73fad10025
04-20 00:25:38.032 17206 17206 E OplusBracketLog: [OplusViewMirrorManager] updateHostViewRootIfNeeded, not support android.view.ViewRootImpl@1fe951d
04-20 00:25:38.063 17206 17328 E OpenGLRenderer: Unable to match the desired swap behavior.
04-20 00:25:38.102 17206 17206 E ArmVmp : Match on catch block at 0xc3 in for 0x73fad10025
04-20 00:25:38.112 17206 17206 E ArmVmp : Match on catch block at 0xc3 in for 0x73fad10025
04-20 00:25:38.141 17206 17206 E ArmVmp : Match on catch block at 0xc3 in for 0x73fad10025
04-20 00:25:38.149 17206 17206 E ArmVmp : Match on catch block at 0xc3 in for 0x73fad10025
04-20 00:25:38.175 17206 17206 E ArmVmp : Match on catch block at 0xc3 in for 0x73fad10025
04-20 00:25:38.183 17206 17206 E ArmVmp : Match on catch block at 0xc3 in for 0x73fad10025
04-20 00:25:38.203 17206 17206 E ArmVmp : Match on catch block at 0xc3 in for 0x73fad10025
04-20 00:25:38.209 17206 17206 E ArmVmp : Match on catch block at 0xc3 in for 0x73fad10025
04-20 00:25:38.227 17206 17206 E ArmVmp : Match on catch block at 0xc3 in for 0x73fad10025
04-20 00:25:38.234 17206 17206 E ArmVmp : Match on catch block at 0xc3 in for 0x73fad10025
04-20 00:25:38.250 17206 17206 E ArmVmp : Match on catch block at 0xc3 in for 0x73fad10025
04-20 00:25:38.256 17206 17206 E ArmVmp : Match on catch block at 0xc3 in for 0x73fad10025
04-20 00:25:38.332 17206 17328 E OpenGLRenderer: Unable to match the desired swap behavior.
04-20 00:25:38.354 17206 17328 E OpenGLRenderer: Unable to match the desired swap behavior.
04-20 00:25:38.386 17206 17328 E OpenGLRenderer: Unable to match the desired swap behavior.
04-20 00:25:38.412 17206 17328 E OpenGLRenderer: Unable to match the desired swap behavior.
04-20 00:25:38.438 17206 17328 E OpenGLRenderer: Unable to match the desired swap behavior.
04-20 00:25:38.462 17206 17328 E OpenGLRenderer: Unable to match the desired swap behavior.
04-20 00:25:38.657 17206 17206 E ArmVmp : Match on catch block at 0xc3 in for 0x73fad10025
04-20 00:25:38.663 17206 17206 E ArmVmp : Match on catch block at 0xc3 in for 0x73fad10025
04-20 00:25:39.158 17206 17206 E ArmVmp : Match on catch block at 0xc3 in for 0x73fad10025
04-20 00:25:39.162 17206 17206 E ArmVmp : Match on catch block at 0xc3 in for 0x73fad10025
04-20 00:25:39.659 17206 17206 E ArmVmp : Match on catch block at 0xc3 in for 0x73fad10025
04-20 00:25:39.664 17206 17206 E ArmVmp : Match on catch block at 0xc3 in for 0x73fad10025
04-20 00:25:39.909 17206 17206 W WindowOnBackDispatcher: sendCancelIfRunning: isInProgress=falsecallback=android.view.ViewRootImpl$ $ExternalSyntheticLambda17@c428392
04-20 00:25:39.970 17206 17206 E OplusBracketLog: [OplusViewMirrorManager] updateHostViewRootIfNeeded, not support android.view.ViewRootImpl@14e0789
04-20 00:25:39.990 17206 17328 E OpenGLRenderer: Unable to match the desired swap behavior.
04-20 00:25:40.109 17206 17206 W JobService: onNetworkChanged() not implemented in androidx.work.impl.background.systemjob.SystemJobService. Must override in a subclass.
04-20 00:25:40.176 17206 17206 E ArmVmp : Match on catch block at 0xc3 in for 0x73fad10025
04-20 00:25:40.183 17206 17206 E ArmVmp : Match on catch block at 0xc3 in for 0x73fad10025
04-20 00:25:40.522 17206 17206 W JobService: onNetworkChanged() not implemented in androidx.work.impl.background.systemjob.SystemJobService. Must override in a subclass.
04-20 00:25:40.675 17206 17206 E ArmVmp : Match on catch block at 0xc3 in for 0x73fad10025
04-20 00:25:40.679 17206 17206 E ArmVmp : Match on catch block at 0xc3 in for 0x73fad10025
04-20 00:25:41.175 17206 17206 E ArmVmp : Match on catch block at 0xc3 in for 0x73fad10025
04-20 00:25:41.179 17206 17206 E ArmVmp : Match on catch block at 0xc3 in for 0x73fad10025
04-20 00:25:41.674 17206 17206 E ArmVmp : Match on catch block at 0xc3 in for 0x73fad10025
04-20 00:25:41.680 17206 17206 E ArmVmp : Match on catch block at 0xc3 in for 0x73fad10025
04-20 00:25:41.705 17206 17206 E ArmVmp : Match on catch block at 0xc3 in for 0x73fad10025
04-20 00:25:41.709 17206 17206 E ArmVmp : Match on catch block at 0xc3 in for 0x73fad10025
04-20 00:25:41.731 17206 17206 E ArmVmp : Match on catch block at 0xc3 in for 0x73fad10025
04-20 00:25:41.736 17206 17206 E ArmVmp : Match on catch block at 0xc3 in for 0x73fad10025
04-20 00:25:41.743 17206 17206 E ArmVmp : Match on catch block at 0xc3 in for 0x73fad10025
04-20 00:25:41.751 17206 17206 E ArmVmp : Match on catch block at 0xc3 in for 0x73fad10025
04-20 00:25:41.761 17206 17206 E ArmVmp : Match on catch block at 0xc3 in for 0x73fad10025
04-20 00:25:41.769 17206 17206 E ArmVmp : Match on catch block at 0xc3 in for 0x73fad10025
04-20 00:25:41.777 17206 17206 E ArmVmp : Match on catch block at 0xc3 in for 0x73fad10025
04-20 00:25:41.787 17206 17206 E ArmVmp : Match on catch block at 0xc3 in for 0x73fad10025
04-20 00:25:41.811 17206 17206 E ArmVmp : Match on catch block at 0xc3 in for 0x73fad10025
04-20 00:25:41.815 17206 17206 E ArmVmp : Match on catch block at 0xc3 in for 0x73fad10025
04-20 00:25:41.830 17206 17206 E ArmVmp : Match on catch block at 0xc3 in for 0x73fad10025
04-20 00:25:41.835 17206 17206 E ArmVmp : Match on catch block at 0xc3 in for 0x73fad10025
04-20 00:25:41.844 17206 17206 E ArmVmp : Match on catch block at 0xc3 in for 0x73fad10025
04-20 00:25:41.851 17206 17206 E ArmVmp : Match on catch block at 0xc3 in for 0x73fad10025
04-20 00:25:41.859 17206 17206 E ArmVmp : Match on catch block at 0xc3 in for 0x73fad10025
04-20 00:25:41.870 17206 17206 E ArmVmp : Match on catch block at 0xc3 in for 0x73fad10025
04-20 00:25:41.887 17206 17206 E ArmVmp : Match on catch block at 0xc3 in for 0x73fad10025
04-20 00:25:41.892 17206 17206 E ArmVmp : Match on catch block at 0xc3 in for 0x73fad10025
04-20 00:25:41.911 17206 17206 E ArmVmp : Match on catch block at 0xc3 in for 0x73fad10025
04-20 00:25:41.916 17206 17206 E ArmVmp : Match on catch block at 0xc3 in for 0x73fad10025
04-20 00:25:41.921 17206 17206 W WindowOnBackDispatcher: sendCancelIfRunning: isInProgress=falsecallback=android.view.ViewRootImpl$ $ExternalSyntheticLambda17@17b238e
04-20 00:25:42.077 17206 17206 E ArmVmp : Match on catch block at 0xc3 in for 0x73fad10025
04-20 00:25:42.085 17206 17206 E ArmVmp : Match on catch block at 0xc3 in for 0x73fad10025
04-20 00:25:42.225 17206 17206 E ArmVmp : Match on catch block at 0xc3 in for 0x73fad10025
04-20 00:25:42.233 17206 17206 E ArmVmp : Match on catch block at 0xc3 in for 0x73fad10025
04-20 00:25:42.308 17206 17206 E ArmVmp : Match on catch block at 0xc3 in for 0x73fad10025
04-20 00:25:42.314 17206 17206 E ArmVmp : Match on catch block at 0xc3 in for 0x73fad10025
04-20 00:25:42.809 17206 17206 E ArmVmp : Match on catch block at 0xc3 in for 0x73fad10025
04-20 00:25:42.814 17206 17206 E ArmVmp : Match on catch block at 0xc3 in for 0x73fad10025
04-20 00:25:42.894 17206 17206 E ArmVmp : Match on catch block at 0xc3 in for 0x73fad10025
04-20 00:25:42.899 17206 17206 E ArmVmp : Match on catch block at 0xc3 in for 0x73fad10025
04-20 00:25:43.143 17206 17206 E ArmVmp : Match on catch block at 0xc3 in for 0x73fad10025
04-20 00:25:43.161 17206 17206 E ArmVmp : Match on catch block at 0xc3 in for 0x73fad10025
04-20 00:25:43.295 17206 17206 E ArmVmp : Match on catch block at 0xc3 in for 0x73fad10025
04-20 00:25:43.302 17206 17206 E ArmVmp : Match on catch block at 0xc3 in for 0x73fad10025
04-20 00:25:43.393 17206 17206 E ArmVmp : Match on catch block at 0xc3 in for 0x73fad10025
04-20 00:25:43.399 17206 17206 E ArmVmp : Match on catch block at 0xc3 in for 0x73fad10025
04-20 00:25:43.409 17206 17206 E ArmVmp : Match on catch block at 0xc3 in for 0x73fad10025
04-20 00:25:43.416 17206 17206 E ArmVmp : Match on catch block at 0xc3 in for 0x73fad10025
04-20 00:25:43.576 17206 17206 E ArmVmp : Match on catch block at 0xc3 in for 0x73fad10025
04-20 00:25:43.583 17206 17206 E ArmVmp : Match on catch block at 0xc3 in for 0x73fad10025
04-20 00:25:43.796 17206 17206 E ArmVmp : Match on catch block at 0xc3 in for 0x73fad10025
04-20 00:25:43.804 17206 17206 E ArmVmp : Match on catch block at 0xc3 in for 0x73fad10025
04-20 00:25:43.826 17206 17206 E ArmVmp : Match on catch block at 0xc3 in for 0x73fad10025
04-20 00:25:43.834 17206 17206 E ArmVmp : Match on catch block at 0xc3 in for 0x73fad10025
04-20 00:25:43.892 17206 17206 E ArmVmp : Match on catch block at 0xc3 in for 0x73fad10025
04-20 00:25:43.897 17206 17206 E ArmVmp : Match on catch block at 0xc3 in for 0x73fad10025
04-20 00:25:44.076 17206 17206 E ArmVmp : Match on catch block at 0xc3 in for 0x73fad10025
04-20 00:25:44.084 17206 17206 E ArmVmp : Match on catch block at 0xc3 in for 0x73fad10025
04-20 00:25:44.576 17206 17206 E ArmVmp : Match on catch block at 0xc3 in for 0x73fad10025
04-20 00:25:44.581 17206 17206 E ArmVmp : Match on catch block at 0xc3 in for 0x73fad10025
04-20 00:25:44.726 17206 17206 E ArmVmp : Match on catch block at 0xc3 in for 0x73fad10025
04-20 00:25:44.732 17206 17206 E ArmVmp : Match on catch block at 0xc3 in for 0x73fad10025
04-20 00:25:45.193 17206 17206 E ArmVmp : Match on catch block at 0xc3 in for 0x73fad10025
04-20 00:25:45.200 17206 17206 E ArmVmp : Match on catch block at 0xc3 in for 0x73fad10025
04-20 00:25:45.377 17206 17206 E ArmVmp : Match on catch block at 0xc3 in for 0x73fad10025
04-20 00:25:45.384 17206 17206 E ArmVmp : Match on catch block at 0xc3 in for 0x73fad10025
04-20 00:25:45.476 17206 17206 E ArmVmp : Match on catch block at 0xc3 in for 0x73fad10025
04-20 00:25:45.483 17206 17206 E ArmVmp : Match on catch block at 0xc3 in for 0x73fad10025
04-20 00:25:45.557 17206 17206 W JobService: onNetworkChanged() not implemented in androidx.work.impl.background.systemjob.SystemJobService. Must override in a subclass.
04-20 00:25:45.643 17206 17206 E ArmVmp : Match on catch block at 0xc3 in for 0x73fad10025
04-20 00:25:45.649 17206 17206 E ArmVmp : Match on catch block at 0xc3 in for 0x73fad10025
04-20 00:25:46.010 17206 17206 E ArmVmp : Match on catch block at 0xc3 in for 0x73fad10025
04-20 00:25:46.016 17206 17206 E ArmVmp : Match on catch block at 0xc3 in for 0x73fad10025
04-20 00:25:46.030 17206 17206 E ArmVmp : Match on catch block at 0xc3 in for 0x73fad10025
04-20 00:25:46.035 17206 17206 E ArmVmp : Match on catch block at 0xc3 in for 0x73fad10025
04-20 00:25:46.059 17206 17206 E ArmVmp : Match on catch block at 0xc3 in for 0x73fad10025
04-20 00:25:46.064 17206 17206 E ArmVmp : Match on catch block at 0xc3 in for 0x73fad10025
04-20 00:25:46.095 17206 17206 E ArmVmp : Match on catch block at 0xc3 in for 0x73fad10025
04-20 00:25:46.100 17206 17206 E ArmVmp : Match on catch block at 0xc3 in for 0x73fad10025
04-20 00:25:46.158 17206 17206 E ArmVmp : Match on catch block at 0xc3 in for 0x73fad10025
04-20 00:25:46.164 17206 17206 E ArmVmp : Match on catch block at 0xc3 in for 0x73fad10025
04-20 00:25:46.202 17206 17206 E ArmVmp : Match on catch block at 0xc3 in for 0x73fad10025
04-20 00:25:46.209 17206 17206 E ArmVmp : Match on catch block at 0xc3 in for 0x73fad10025
04-20 00:25:46.246 17206 17206 E ArmVmp : Match on catch block at 0xc3 in for 0x73fad10025
04-20 00:25:46.254 17206 17206 E ArmVmp : Match on catch block at 0xc3 in for 0x73fad10025
04-20 00:25:46.268 17206 17206 E ArmVmp : Match on catch block at 0xc3 in for 0x73fad10025
04-20 00:25:46.275 17206 17206 E ArmVmp : Match on catch block at 0xc3 in for 0x73fad10025
04-20 00:25:46.294 17206 17206 E ArmVmp : Match on catch block at 0xc3 in for 0x73fad10025
04-20 00:25:46.300 17206 17206 E ArmVmp : Match on catch block at 0xc3 in for 0x73fad10025
04-20 00:25:46.561 17206 17206 E ArmVmp : Match on catch block at 0xc3 in for 0x73fad10025
04-20 00:25:46.569 17206 17206 E ArmVmp : Match on catch block at 0xc3 in for 0x73fad10025
04-20 00:25:46.603 17206 17206 E ArmVmp : Match on catch block at 0xc3 in for 0x73fad10025
04-20 00:25:46.610 17206 17206 E ArmVmp : Match on catch block at 0xc3 in for 0x73fad10025
04-20 00:25:46.833 17206 17206 E ArmVmp : Match on catch block at 0xc3 in for 0x73fad10025
04-20 00:25:46.840 17206 17206 E ArmVmp : Match on catch block at 0xc3 in for 0x73fad10025
04-20 00:25:46.862 17206 17206 W VRI[Conversation]: handleResized abandoned!
04-20 00:25:46.863 17206 17206 W WindowOnBackDispatcher: sendCancelIfRunning: isInProgress=falsecallback=ImeCallback=ImeOnBackInvokedCallback@130186315 Callback=android.window.IOnBackInvokedCallback$Stub$Proxy@cfe0c9
04-20 00:25:46.868 17206 17206 E ArmVmp : Match on catch block at 0xc3 in for 0x73fad10025
04-20 00:25:46.876 17206 17206 E ArmVmp : Match on catch block at 0xc3 in for 0x73fad10025
04-20 00:25:46.897 17206 17206 E ArmVmp : Match on catch block at 0xc3 in for 0x73fad10025
04-20 00:25:46.911 17206 17206 E ArmVmp : Match on catch block at 0xc3 in for 0x73fad10025
04-20 00:25:46.924 17206 17206 E ArmVmp : Match on catch block at 0xc3 in for 0x73fad10025
04-20 00:25:46.934 17206 17206 E ArmVmp : Match on catch block at 0xc3 in for 0x73fad10025
04-20 00:25:47.060 17206 17206 E ArmVmp : Match on catch block at 0xc3 in for 0x73fad10025
04-20 00:25:47.065 17206 17206 E ArmVmp : Match on catch block at 0xc3 in for 0x73fad10025
04-20 00:25:47.166 17206 17206 E ArmVmp : Match on catch block at 0xc3 in for 0x73fad10025
04-20 00:25:47.170 17206 17206 E ArmVmp : Match on catch block at 0xc3 in for 0x73fad10025
04-20 00:25:47.245 17206 17206 E ArmVmp : Match on catch block at 0xc3 in for 0x73fad10025
04-20 00:25:47.251 17206 17206 E ArmVmp : Match on catch block at 0xc3 in for 0x73fad10025
04-20 00:25:47.304 17206 17206 E ArmVmp : Match on catch block at 0xc3 in for 0x73fad10025
04-20 00:25:47.309 17206 17206 E ArmVmp : Match on catch block at 0xc3 in for 0x73fad10025
04-20 00:25:47.313 17206 17206 E OplusBracketLog: [OplusViewMirrorManager] updateHostViewRootIfNeeded, not support android.view.ViewRootImpl@c0a3f32
04-20 00:25:47.335 17206 17328 E OpenGLRenderer: Unable to match the desired swap behavior.
04-20 00:25:47.362 17206 17206 E ArmVmp : Match on catch block at 0xc3 in for 0x73fad10025
04-20 00:25:47.368 17206 17206 E ArmVmp : Match on catch block at 0xc3 in for 0x73fad10025
04-20 00:25:47.392 17206 17206 E ArmVmp : Match on catch block at 0xc3 in for 0x73fad10025
04-20 00:25:47.402 17206 17206 E ArmVmp : Match on catch block at 0xc3 in for 0x73fad10025
04-20 00:25:47.432 17206 17206 E ArmVmp : Match on catch block at 0xc3 in for 0x73fad10025
04-20 00:25:47.440 17206 17206 E ArmVmp : Match on catch block at 0xc3 in for 0x73fad10025
04-20 00:25:47.469 17206 17206 E ArmVmp : Match on catch block at 0xc3 in for 0x73fad10025
04-20 00:25:47.477 17206 17206 E ArmVmp : Match on catch block at 0xc3 in for 0x73fad10025
04-20 00:25:47.499 17206 17206 E ArmVmp : Match on catch block at 0xc3 in for 0x73fad10025
04-20 00:25:47.508 17206 17206 E ArmVmp : Match on catch block at 0xc3 in for 0x73fad10025
04-20 00:25:47.535 17206 17206 E ArmVmp : Match on catch block at 0xc3 in for 0x73fad10025
04-20 00:25:47.542 17206 17206 E ArmVmp : Match on catch block at 0xc3 in for 0x73fad10025
04-20 00:25:47.570 17206 17206 E ArmVmp : Match on catch block at 0xc3 in for 0x73fad10025
04-20 00:25:47.578 17206 17206 E ArmVmp : Match on catch block at 0xc3 in for 0x73fad10025
04-20 00:25:47.598 17206 17206 W VRI[Conversation]: handleResized abandoned!
04-20 00:25:47.598 17206 17206 W VRI[Toast]: handleResized abandoned!
04-20 00:25:47.601 17206 17206 E ArmVmp : Match on catch block at 0xc3 in for 0x73fad10025
04-20 00:25:47.610 17206 17206 E ArmVmp : Match on catch block at 0xc3 in for 0x73fad10025
04-20 00:25:47.661 17206 17328 E OpenGLRenderer: Unable to match the desired swap behavior.
04-20 00:25:47.674 17206 17206 E ArmVmp : Match on catch block at 0xc3 in for 0x73fad10025
04-20 00:25:47.682 17206 17206 E ArmVmp : Match on catch block at 0xc3 in for 0x73fad10025
04-20 00:25:47.718 17206 17328 E OpenGLRenderer: Unable to match the desired swap behavior.
04-20 00:25:47.740 17206 17328 E OpenGLRenderer: Unable to match the desired swap behavior.
04-20 00:25:47.767 17206 17328 E OpenGLRenderer: Unable to match the desired swap behavior.
04-20 00:25:48.111 17206 17206 E ArmVmp : Match on catch block at 0xc3 in for 0x73fad10025
04-20 00:25:48.116 17206 17206 E ArmVmp : Match on catch block at 0xc3 in for 0x73fad10025
04-20 00:25:48.612 17206 17206 E ArmVmp : Match on catch block at 0xc3 in for 0x73fad10025
04-20 00:25:48.620 17206 17206 E ArmVmp : Match on catch block at 0xc3 in for 0x73fad10025
04-20 00:25:49.021 17206 17206 E ArmVmp : Match on catch block at 0xc3 in for 0x73fad10025
04-20 00:25:49.025 17206 17206 E ArmVmp : Match on catch block at 0xc3 in for 0x73fad10025
04-20 00:25:49.112 17206 17206 E ArmVmp : Match on catch block at 0xc3 in for 0x73fad10025
04-20 00:25:49.118 17206 17206 E ArmVmp : Match on catch block at 0xc3 in for 0x73fad10025
04-20 00:25:49.212 17206 17206 W WindowOnBackDispatcher: sendCancelIfRunning: isInProgress=falsecallback=android.view.ViewRootImpl$ $ExternalSyntheticLambda17@24a5483
04-20 00:25:49.255 17206 17206 E OplusBracketLog: [OplusViewMirrorManager] updateHostViewRootIfNeeded, not support android.view.ViewRootImpl@8bbd4cf
04-20 00:25:49.271 17206 17328 E OpenGLRenderer: Unable to match the desired swap behavior.
04-20 00:25:49.630 17206 17206 E ArmVmp : Match on catch block at 0xc3 in for 0x73fad10025
04-20 00:25:49.638 17206 17206 E ArmVmp : Match on catch block at 0xc3 in for 0x73fad10025
04-20 00:25:50.129 17206 17206 E ArmVmp : Match on catch block at 0xc3 in for 0x73fad10025
04-20 00:25:50.135 17206 17206 E ArmVmp : Match on catch block at 0xc3 in for 0x73fad10025
04-20 00:25:50.628 17206 17206 E ArmVmp : Match on catch block at 0xc3 in for 0x73fad10025
04-20 00:25:50.632 17206 17206 E ArmVmp : Match on catch block at 0xc3 in for 0x73fad10025
04-20 00:25:51.023 17206 17206 E ArmVmp : Match on catch block at 0xc3 in for 0x73fad10025
04-20 00:25:51.029 17206 17206 E ArmVmp : Match on catch block at 0xc3 in for 0x73fad10025
04-20 00:25:51.077 17206 17206 E ArmVmp : Match on catch block at 0xc3 in for 0x73fad10025
04-20 00:25:51.083 17206 17206 E ArmVmp : Match on catch block at 0xc3 in for 0x73fad10025
04-20 00:25:51.129 17206 17206 E ArmVmp : Match on catch block at 0xc3 in for 0x73fad10025
04-20 00:25:51.135 17206 17206 E ArmVmp : Match on catch block at 0xc3 in for 0x73fad10025
04-20 00:25:51.212 17206 17206 W WindowOnBackDispatcher: sendCancelIfRunning: isInProgress=falsecallback=android.view.ViewRootImpl$ $ExternalSyntheticLambda17@9eade5c
04-20 00:25:51.259 17206 17206 E OplusBracketLog: [OplusViewMirrorManager] updateHostViewRootIfNeeded, not support android.view.ViewRootImpl@337fe89
04-20 00:25:51.276 17206 17328 E OpenGLRenderer: Unable to match the desired swap behavior.
04-20 00:25:51.372 17206 17206 E ArmVmp : Match on catch block at 0xc3 in for 0x73fad10025
04-20 00:25:51.376 17206 17206 E ArmVmp : Match on catch block at 0xc3 in for 0x73fad10025
04-20 00:25:51.649 17206 17206 E ArmVmp : Match on catch block at 0xc3 in for 0x73fad10025
04-20 00:25:51.655 17206 17206 E ArmVmp : Match on catch block at 0xc3 in for 0x73fad10025
04-20 00:25:52.146 17206 17206 E ArmVmp : Match on catch block at 0xc3 in for 0x73fad10025
04-20 00:25:52.152 17206 17206 E ArmVmp : Match on catch block at 0xc3 in for 0x73fad10025
04-20 00:25:52.479 17206 17206 E ArmVmp : Match on catch block at 0xc3 in for 0x73fad10025
04-20 00:25:52.484 17206 17206 E ArmVmp : Match on catch block at 0xc3 in for 0x73fad10025
04-20 00:25:52.522 17206 17206 W VRI[Conversation]: handleResized abandoned!
04-20 00:25:52.523 17206 17206 W VRI[Toast]: handleResized abandoned!
04-20 00:25:52.651 17206 17206 E ArmVmp : Match on catch block at 0xc3 in for 0x73fad10025
04-20 00:25:52.657 17206 17206 E ArmVmp : Match on catch block at 0xc3 in for 0x73fad10025
04-20 00:25:52.666 17206 17206 W VRI[Conversation]: handleResized abandoned!
04-20 00:25:52.666 17206 17206 W VRI[Toast]: handleResized abandoned!
04-20 00:25:52.679 17206 17206 E ArmVmp : Match on catch block at 0xc3 in for 0x73fad10025
04-20 00:25:52.685 17206 17206 E ArmVmp : Match on catch block at 0xc3 in for 0x73fad10025
04-20 00:25:52.948 17206 17206 E ArmVmp : Match on catch block at 0xc3 in for 0x73fad10025
04-20 00:25:52.955 17206 17206 E ArmVmp : Match on catch block at 0xc3 in for 0x73fad10025
04-20 00:25:52.990 17206 17206 E ArmVmp : Match on catch block at 0xc3 in for 0x73fad10025
04-20 00:25:52.996 17206 17206 E ArmVmp : Match on catch block at 0xc3 in for 0x73fad10025
04-20 00:25:53.179 17206 17206 E ArmVmp : Match on catch block at 0xc3 in for 0x73fad10025
04-20 00:25:53.185 17206 17206 E ArmVmp : Match on catch block at 0xc3 in for 0x73fad10025
04-20 00:25:53.214 17206 17206 W WindowOnBackDispatcher: sendCancelIfRunning: isInProgress=falsecallback=android.view.ViewRootImpl$ $ExternalSyntheticLambda17@55b4e8e
04-20 00:25:53.274 17206 17206 E OplusBracketLog: [OplusViewMirrorManager] updateHostViewRootIfNeeded, not support android.view.ViewRootImpl@54471c
04-20 00:25:53.295 17206 17328 E OpenGLRenderer: Unable to match the desired swap behavior.
04-20 00:25:53.698 17206 17206 E ArmVmp : Match on catch block at 0xc3 in for 0x73fad10025
04-20 00:25:53.704 17206 17206 E ArmVmp : Match on catch block at 0xc3 in for 0x73fad10025
04-20 00:25:54.197 17206 17206 E ArmVmp : Match on catch block at 0xc3 in for 0x73fad10025
04-20 00:25:54.202 17206 17206 E ArmVmp : Match on catch block at 0xc3 in for 0x73fad10025
04-20 00:25:54.697 17206 17206 E ArmVmp : Match on catch block at 0xc3 in for 0x73fad10025
04-20 00:25:54.701 17206 17206 E ArmVmp : Match on catch block at 0xc3 in for 0x73fad10025
04-20 00:25:55.197 17206 17206 E ArmVmp : Match on catch block at 0xc3 in for 0x73fad10025
04-20 00:25:55.201 17206 17206 E ArmVmp : Match on catch block at 0xc3 in for 0x73fad10025
04-20 00:25:55.216 17206 17206 W WindowOnBackDispatcher: sendCancelIfRunning: isInProgress=falsecallback=android.view.ViewRootImpl$ $ExternalSyntheticLambda17@d34ff25
04-20 00:25:55.678 17206 17206 W JobService: onNetworkChanged() not implemented in androidx.work.impl.background.systemjob.SystemJobService. Must override in a subclass.
04-20 00:25:55.698 17206 17206 E ArmVmp : Match on catch block at 0xc3 in for 0x73fad10025
04-20 00:25:55.703 17206 17206 E ArmVmp : Match on catch block at 0xc3 in for 0x73fad10025
04-20 00:25:56.155 17206 17206 E ArmVmp : Match on catch block at 0xc3 in for 0x73fad10025
04-20 00:25:56.159 17206 17206 E ArmVmp : Match on catch block at 0xc3 in for 0x73fad10025
04-20 00:25:56.181 17206 17206 E ArmVmp : Match on catch block at 0xc3 in for 0x73fad10025
04-20 00:25:56.186 17206 17206 E ArmVmp : Match on catch block at 0xc3 in for 0x73fad10025
04-20 00:25:56.198 17206 17206 E ArmVmp : Match on catch block at 0xc3 in for 0x73fad10025
04-20 00:25:56.205 17206 17206 E ArmVmp : Match on catch block at 0xc3 in for 0x73fad10025
04-20 00:25:56.214 17206 17206 E ArmVmp : Match on catch block at 0xc3 in for 0x73fad10025
04-20 00:25:56.224 17206 17206 E ArmVmp : Match on catch block at 0xc3 in for 0x73fad10025
04-20 00:25:56.233 17206 17206 E ArmVmp : Match on catch block at 0xc3 in for 0x73fad10025
04-20 00:25:56.239 17206 17206 E ArmVmp : Match on catch block at 0xc3 in for 0x73fad10025
04-20 00:25:56.249 17206 17206 E ArmVmp : Match on catch block at 0xc3 in for 0x73fad10025
04-20 00:25:56.256 17206 17206 E ArmVmp : Match on catch block at 0xc3 in for 0x73fad10025
04-20 00:25:56.270 17206 17206 E ArmVmp : Match on catch block at 0xc3 in for 0x73fad10025
04-20 00:25:56.275 17206 17206 E ArmVmp : Match on catch block at 0xc3 in for 0x73fad10025
04-20 00:25:56.297 17206 17206 E ArmVmp : Match on catch block at 0xc3 in for 0x73fad10025
04-20 00:25:56.303 17206 17206 E ArmVmp : Match on catch block at 0xc3 in for 0x73fad10025
