04-20 00:36:44.015 18147 18147 E ArmVmp : Match on catch block at 0xc3 in for 0x73fad10025
04-20 00:36:44.034 18147 18147 E ArmVmp : Match on catch block at 0xc3 in for 0x73fad10025
04-20 00:36:44.041 18147 18147 E ArmVmp : Match on catch block at 0xc3 in for 0x73fad10025
04-20 00:36:44.051 18147 18147 E ArmVmp : Match on catch block at 0xc3 in for 0x73fad10025
04-20 00:36:44.056 18147 18147 E ArmVmp : Match on catch block at 0xc3 in for 0x73fad10025
04-20 00:36:44.234 18147 18147 W WindowOnBackDispatcher: sendCancelIfRunning: isInProgress=falsecallback=android.view.ViewRootImpl$ $ExternalSyntheticLambda17@a46185f
04-20 00:36:44.318 18147 18147 E ArmVmp : Match on catch block at 0xc3 in for 0x73fad10025
04-20 00:36:44.323 18147 18147 E ArmVmp : Match on catch block at 0xc3 in for 0x73fad10025
04-20 00:36:44.332 18147 18570 W MediaPlayer: Use of stream types is deprecated for operations other than volume control
04-20 00:36:44.332 18147 18570 W MediaPlayer: See the documentation of setAudioStreamType() for what to use instead with android.media.AudioAttributes to qualify your playback use case
04-20 00:36:44.346 18147 18147 E ArmVmp : Match on catch block at 0xc3 in for 0x73fad10025
04-20 00:36:44.352 18147 18147 E ArmVmp : Match on catch block at 0xc3 in for 0x73fad10025
04-20 00:36:44.848 18147 18147 E ArmVmp : Match on catch block at 0xc3 in for 0x73fad10025
04-20 00:36:44.854 18147 18147 E ArmVmp : Match on catch block at 0xc3 in for 0x73fad10025
04-20 00:36:44.936 18147 18147 E ArmVmp : Match on catch block at 0xc3 in for 0x73fad10025
04-20 00:36:44.940 18147 18147 E ArmVmp : Match on catch block at 0xc3 in for 0x73fad10025
04-20 00:36:45.043 18147 18147 E ArmVmp : Match on catch block at 0xc3 in for 0x73fad10025
04-20 00:36:45.048 18147 18147 E ArmVmp : Match on catch block at 0xc3 in for 0x73fad10025
04-20 00:36:45.109 18147 18147 E ArmVmp : Match on catch block at 0xc3 in for 0x73fad10025
04-20 00:36:45.115 18147 18147 E ArmVmp : Match on catch block at 0xc3 in for 0x73fad10025
04-20 00:36:45.120 18147 18147 E OplusBracketLog: [OplusViewMirrorManager] updateHostViewRootIfNeeded, not support android.view.ViewRootImpl@597192a
04-20 00:36:45.142 18147 18375 E OpenGLRenderer: Unable to match the desired swap behavior.
04-20 00:36:45.169 18147 18147 E ArmVmp : Match on catch block at 0xc3 in for 0x73fad10025
04-20 00:36:45.175 18147 18147 E ArmVmp : Match on catch block at 0xc3 in for 0x73fad10025
04-20 00:36:45.194 18147 18147 E ArmVmp : Match on catch block at 0xc3 in for 0x73fad10025
04-20 00:36:45.199 18147 18147 E ArmVmp : Match on catch block at 0xc3 in for 0x73fad10025
04-20 00:36:45.222 18147 18147 E ArmVmp : Match on catch block at 0xc3 in for 0x73fad10025
04-20 00:36:45.227 18147 18147 E ArmVmp : Match on catch block at 0xc3 in for 0x73fad10025
04-20 00:36:45.244 18147 18147 E ArmVmp : Match on catch block at 0xc3 in for 0x73fad10025
04-20 00:36:45.251 18147 18147 E ArmVmp : Match on catch block at 0xc3 in for 0x73fad10025
04-20 00:36:45.259 18147 18147 E ArmVmp : Match on catch block at 0xc3 in for 0x73fad10025
04-20 00:36:45.264 18147 18147 E ArmVmp : Match on catch block at 0xc3 in for 0x73fad10025
04-20 00:36:45.281 18147 18147 E ArmVmp : Match on catch block at 0xc3 in for 0x73fad10025
04-20 00:36:45.287 18147 18147 E ArmVmp : Match on catch block at 0xc3 in for 0x73fad10025
04-20 00:36:45.303 18147 18147 E ArmVmp : Match on catch block at 0xc3 in for 0x73fad10025
04-20 00:36:45.308 18147 18147 E ArmVmp : Match on catch block at 0xc3 in for 0x73fad10025
04-20 00:36:45.323 18147 18147 E ArmVmp : Match on catch block at 0xc3 in for 0x73fad10025
04-20 00:36:45.328 18147 18147 E ArmVmp : Match on catch block at 0xc3 in for 0x73fad10025
04-20 00:36:45.344 18147 18147 E ArmVmp : Match on catch block at 0xc3 in for 0x73fad10025
04-20 00:36:45.349 18147 18147 E ArmVmp : Match on catch block at 0xc3 in for 0x73fad10025
04-20 00:36:45.365 18147 18147 E ArmVmp : Match on catch block at 0xc3 in for 0x73fad10025
04-20 00:36:45.371 18147 18147 E ArmVmp : Match on catch block at 0xc3 in for 0x73fad10025
04-20 00:36:45.388 18147 18147 E ArmVmp : Match on catch block at 0xc3 in for 0x73fad10025
04-20 00:36:45.392 18147 18147 E ArmVmp : Match on catch block at 0xc3 in for 0x73fad10025
04-20 00:36:45.418 18147 18375 E OpenGLRenderer: Unable to match the desired swap behavior.
04-20 00:36:45.439 18147 18375 E OpenGLRenderer: Unable to match the desired swap behavior.
04-20 00:36:45.460 18147 18375 E OpenGLRenderer: Unable to match the desired swap behavior.
04-20 00:36:45.484 18147 18375 E OpenGLRenderer: Unable to match the desired swap behavior.
04-20 00:36:45.507 18147 18375 E OpenGLRenderer: Unable to match the desired swap behavior.
04-20 00:36:45.529 18147 18375 E OpenGLRenderer: Unable to match the desired swap behavior.
04-20 00:36:45.552 18147 18375 E OpenGLRenderer: Unable to match the desired swap behavior.
04-20 00:36:45.881 18147 18147 E ArmVmp : Match on catch block at 0xc3 in for 0x73fad10025
04-20 00:36:45.886 18147 18147 E ArmVmp : Match on catch block at 0xc3 in for 0x73fad10025
04-20 00:36:46.380 18147 18147 E ArmVmp : Match on catch block at 0xc3 in for 0x73fad10025
04-20 00:36:46.384 18147 18147 E ArmVmp : Match on catch block at 0xc3 in for 0x73fad10025
04-20 00:36:46.880 18147 18147 E ArmVmp : Match on catch block at 0xc3 in for 0x73fad10025
04-20 00:36:46.885 18147 18147 E ArmVmp : Match on catch block at 0xc3 in for 0x73fad10025
04-20 00:36:46.996 18147 18147 W WindowOnBackDispatcher: sendCancelIfRunning: isInProgress=falsecallback=android.view.ViewRootImpl$ $ExternalSyntheticLambda17@b7cb31b
04-20 00:36:47.042 18147 18147 E OplusBracketLog: [OplusViewMirrorManager] updateHostViewRootIfNeeded, not support android.view.ViewRootImpl@40f70a6
04-20 00:36:47.061 18147 18375 E OpenGLRenderer: Unable to match the desired swap behavior.
04-20 00:36:47.398 18147 18147 E ArmVmp : Match on catch block at 0xc3 in for 0x73fad10025
04-20 00:36:47.403 18147 18147 E ArmVmp : Match on catch block at 0xc3 in for 0x73fad10025
04-20 00:36:47.899 18147 18147 E ArmVmp : Match on catch block at 0xc3 in for 0x73fad10025
04-20 00:36:47.904 18147 18147 E ArmVmp : Match on catch block at 0xc3 in for 0x73fad10025
04-20 00:36:48.398 18147 18147 E ArmVmp : Match on catch block at 0xc3 in for 0x73fad10025
04-20 00:36:48.404 18147 18147 E ArmVmp : Match on catch block at 0xc3 in for 0x73fad10025
04-20 00:36:48.898 18147 18147 E ArmVmp : Match on catch block at 0xc3 in for 0x73fad10025
04-20 00:36:48.904 18147 18147 E ArmVmp : Match on catch block at 0xc3 in for 0x73fad10025
04-20 00:36:48.997 18147 18147 W WindowOnBackDispatcher: sendCancelIfRunning: isInProgress=falsecallback=android.view.ViewRootImpl$ $ExternalSyntheticLambda17@549bae7
04-20 00:36:49.211 18147 18147 W JobService: onNetworkChanged() not implemented in androidx.work.impl.background.systemjob.SystemJobService. Must override in a subclass.
04-20 00:36:49.399 18147 18147 E ArmVmp : Match on catch block at 0xc3 in for 0x73fad10025
04-20 00:36:49.403 18147 18147 E ArmVmp : Match on catch block at 0xc3 in for 0x73fad10025
04-20 00:36:49.899 18147 18147 E ArmVmp : Match on catch block at 0xc3 in for 0x73fad10025
04-20 00:36:49.904 18147 18147 E ArmVmp : Match on catch block at 0xc3 in for 0x73fad10025
04-20 00:36:50.398 18147 18147 E ArmVmp : Match on catch block at 0xc3 in for 0x73fad10025
04-20 00:36:50.403 18147 18147 E ArmVmp : Match on catch block at 0xc3 in for 0x73fad10025
04-20 00:36:50.900 18147 18147 E ArmVmp : Match on catch block at 0xc3 in for 0x73fad10025
04-20 00:36:50.905 18147 18147 E ArmVmp : Match on catch block at 0xc3 in for 0x73fad10025
04-20 00:36:51.399 18147 18147 E ArmVmp : Match on catch block at 0xc3 in for 0x73fad10025
04-20 00:36:51.405 18147 18147 E ArmVmp : Match on catch block at 0xc3 in for 0x73fad10025
04-20 00:36:51.899 18147 18147 E ArmVmp : Match on catch block at 0xc3 in for 0x73fad10025
04-20 00:36:51.904 18147 18147 E ArmVmp : Match on catch block at 0xc3 in for 0x73fad10025
04-20 00:36:52.401 18147 18147 E ArmVmp : Match on catch block at 0xc3 in for 0x73fad10025
04-20 00:36:52.407 18147 18147 E ArmVmp : Match on catch block at 0xc3 in for 0x73fad10025
04-20 00:36:52.900 18147 18147 E ArmVmp : Match on catch block at 0xc3 in for 0x73fad10025
04-20 00:36:52.905 18147 18147 E ArmVmp : Match on catch block at 0xc3 in for 0x73fad10025
04-20 00:36:53.095 18147 18147 E ArmVmp : Match on catch block at 0xc3 in for 0x73fad10025
04-20 00:36:53.099 18147 18147 E ArmVmp : Match on catch block at 0xc3 in for 0x73fad10025
04-20 00:36:53.109 18147 18147 W VRI[Conversation]: handleResized abandoned!
04-20 00:36:53.110 18147 18147 W WindowOnBackDispatcher: sendCancelIfRunning: isInProgress=falsecallback=ImeCallback=ImeOnBackInvokedCallback@130186315 Callback=android.window.IOnBackInvokedCallback$Stub$Proxy@1a2ae73
04-20 00:36:53.119 18147 18147 E ArmVmp : Match on catch block at 0xc3 in for 0x73fad10025
04-20 00:36:53.123 18147 18147 E ArmVmp : Match on catch block at 0xc3 in for 0x73fad10025
04-20 00:36:53.402 18147 18147 E ArmVmp : Match on catch block at 0xc3 in for 0x73fad10025
04-20 00:36:53.406 18147 18147 E ArmVmp : Match on catch block at 0xc3 in for 0x73fad10025
04-20 00:36:53.773 18147 18147 W VRI[Conversation]: handleResized abandoned!
04-20 00:36:53.902 18147 18147 E ArmVmp : Match on catch block at 0xc3 in for 0x73fad10025
04-20 00:36:53.908 18147 18147 E ArmVmp : Match on catch block at 0xc3 in for 0x73fad10025
04-20 00:36:54.403 18147 18147 E ArmVmp : Match on catch block at 0xc3 in for 0x73fad10025
04-20 00:36:54.408 18147 18147 E ArmVmp : Match on catch block at 0xc3 in for 0x73fad10025
04-20 00:36:54.903 18147 18147 E ArmVmp : Match on catch block at 0xc3 in for 0x73fad10025
04-20 00:36:54.908 18147 18147 E ArmVmp : Match on catch block at 0xc3 in for 0x73fad10025
04-20 00:36:55.402 18147 18147 E ArmVmp : Match on catch block at 0xc3 in for 0x73fad10025
04-20 00:36:55.406 18147 18147 E ArmVmp : Match on catch block at 0xc3 in for 0x73fad10025
04-20 00:36:55.723 18147 18147 E ArmVmp : Match on catch block at 0xc3 in for 0x73fad10025
04-20 00:36:55.726 18147 18147 E ArmVmp : Match on catch block at 0xc3 in for 0x73fad10025
04-20 00:36:55.840 18147 18147 W VRI[HomeActivity]: updateBlastSurfaceIfNeeded, surfaceSize:Point(720, 1612), lastSurfaceSize:Point(720, 1612), format:-2, blastBufferQueue:null
04-20 00:36:55.844 18147 18375 E OpenGLRenderer: Unable to match the desired swap behavior.
04-20 00:36:56.136 18147 18147 W VRI[HomeActivity]: updateBlastSurfaceIfNeeded, surfaceSize:Point(720, 1612), lastSurfaceSize:Point(720, 1612), format:-2, blastBufferQueue:android.graphics.BLASTBufferQueue@3ce6102
04-20 00:36:56.165 18147 18147 E ArmVmp : Match on catch block at 0xc3 in for 0x73fad10025
04-20 00:36:56.169 18147 18147 E ArmVmp : Match on catch block at 0xc3 in for 0x73fad10025
04-20 00:36:56.191 18147 18147 W VRI[HomeActivity]: updateBlastSurfaceIfNeeded, surfaceSize:Point(720, 1612), lastSurfaceSize:Point(720, 1612), format:-2, blastBufferQueue:android.graphics.BLASTBufferQueue@3ce6102
04-20 00:36:56.205 18147 18147 E ArmVmp : Match on catch block at 0xc3 in for 0x73fad10025
04-20 00:36:56.210 18147 18147 E ArmVmp : Match on catch block at 0xc3 in for 0x73fad10025
04-20 00:36:56.250 18147 18147 E ArmVmp : Match on catch block at 0xc3 in for 0x73fad10025
04-20 00:36:56.254 18147 18147 E ArmVmp : Match on catch block at 0xc3 in for 0x73fad10025
04-20 00:36:56.279 18147 18147 W VRI[HomeActivity]: updateBlastSurfaceIfNeeded, surfaceSize:Point(720, 1612), lastSurfaceSize:Point(720, 1612), format:-2, blastBufferQueue:android.graphics.BLASTBufferQueue@3ce6102
04-20 00:36:56.290 18147 18147 E ArmVmp : Match on catch block at 0xc3 in for 0x73fad10025
04-20 00:36:56.294 18147 18147 E ArmVmp : Match on catch block at 0xc3 in for 0x73fad10025
04-20 00:36:56.511 18147 18147 E ArmVmp : Match on catch block at 0xc3 in for 0x73fad10025
04-20 00:36:56.514 18147 18147 E ArmVmp : Match on catch block at 0xc3 in for 0x73fad10025
04-20 00:36:56.542 18147 18147 W WindowOnBackDispatcher: sendCancelIfRunning: isInProgress=falsecallback=android.view.ViewRootImpl$ $ExternalSyntheticLambda17@1d5e5f2
04-20 00:36:56.591 18147 18147 W VRI[HomeActivity]: updateBlastSurfaceIfNeeded, surfaceSize:Point(720, 1612), lastSurfaceSize:Point(720, 1612), format:-2, blastBufferQueue:android.graphics.BLASTBufferQueue@3ce6102
04-20 00:36:57.001 18147 18147 W VRI[HomeActivity]: updateBlastSurfaceIfNeeded, surfaceSize:Point(720, 1612), lastSurfaceSize:Point(720, 1612), format:-2, blastBufferQueue:android.graphics.BLASTBufferQueue@3ce6102
04-20 00:36:57.030 18147 18147 W VRI[HomeActivity]: updateBlastSurfaceIfNeeded, surfaceSize:Point(720, 1612), lastSurfaceSize:Point(720, 1612), format:-2, blastBufferQueue:android.graphics.BLASTBufferQueue@3ce6102
04-20 00:36:57.090 18147 18147 W VRI[HomeActivity]: updateBlastSurfaceIfNeeded, surfaceSize:Point(720, 1612), lastSurfaceSize:Point(720, 1612), format:-2, blastBufferQueue:android.graphics.BLASTBufferQueue@3ce6102
04-20 00:36:57.171 18147 18147 W VRI[HomeActivity]: updateBlastSurfaceIfNeeded, surfaceSize:Point(720, 1612), lastSurfaceSize:Point(720, 1612), format:-2, blastBufferQueue:android.graphics.BLASTBufferQueue@3ce6102
04-20 00:36:57.191 18147 18147 E OplusBracketLog: [OplusViewMirrorManager] updateHostViewRootIfNeeded, not support android.view.ViewRootImpl@9e191d3
04-20 00:36:57.213 18147 18375 E OpenGLRenderer: Unable to match the desired swap behavior.
04-20 00:36:57.281 18147 18147 W VRI[HomeActivity]: updateBlastSurfaceIfNeeded, surfaceSize:Point(720, 1612), lastSurfaceSize:Point(720, 1612), format:-2, blastBufferQueue:android.graphics.BLASTBufferQueue@3ce6102
04-20 00:36:57.339 18147 18147 W VRI[HomeActivity]: updateBlastSurfaceIfNeeded, surfaceSize:Point(720, 1612), lastSurfaceSize:Point(720, 1612), format:-2, blastBufferQueue:android.graphics.BLASTBufferQueue@3ce6102
04-20 00:36:57.405 18147 18147 W VRI[HomeActivity]: updateBlastSurfaceIfNeeded, surfaceSize:Point(720, 1612), lastSurfaceSize:Point(720, 1612), format:-2, blastBufferQueue:android.graphics.BLASTBufferQueue@3ce6102
04-20 00:36:57.454 18147 18147 W VRI[HomeActivity]: updateBlastSurfaceIfNeeded, surfaceSize:Point(720, 1612), lastSurfaceSize:Point(720, 1612), format:-2, blastBufferQueue:android.graphics.BLASTBufferQueue@3ce6102
04-20 00:36:57.477 18147 18375 E OpenGLRenderer: Unable to match the desired swap behavior.
04-20 00:36:57.497 18147 18375 E OpenGLRenderer: Unable to match the desired swap behavior.
04-20 00:36:57.517 18147 18375 E OpenGLRenderer: Unable to match the desired swap behavior.
04-20 00:36:57.538 18147 18375 E OpenGLRenderer: Unable to match the desired swap behavior.
04-20 00:36:57.559 18147 18375 E OpenGLRenderer: Unable to match the desired swap behavior.
04-20 00:36:57.580 18147 18375 E OpenGLRenderer: Unable to match the desired swap behavior.
04-20 00:36:57.602 18147 18375 E OpenGLRenderer: Unable to match the desired swap behavior.
04-20 00:36:57.624 18147 18375 E OpenGLRenderer: Unable to match the desired swap behavior.
04-20 00:36:57.643 18147 18147 W VRI[Toast]: handleResized abandoned!
04-20 00:36:58.627 18147 18147 E ArmVmp : Match on catch block at 0xb0 in for 0x73fad10039
04-20 00:36:58.636 18147 18147 E ArmVmp : Match on catch block at 0xb0 in for 0x73fad10039
04-20 00:36:58.683 18147 18147 E ArmVmp : Match on catch block at 0x0a in for 0x73fad10035
04-20 00:36:58.691 18147 18147 E ArmVmp : Match on catch block at 0x0a in for 0x73fad10035
04-20 00:36:58.792 18147 18147 E OplusBracketLog: [OplusViewMirrorManager] updateHostViewRootIfNeeded, not support android.view.ViewRootImpl@b6fbaef
04-20 00:36:58.847 18147 18147 W VRI[Conversation]: updateBlastSurfaceIfNeeded, surfaceSize:Point(720, 1612), lastSurfaceSize:Point(0, 0), format:-1, blastBufferQueue:null
04-20 00:36:58.851 18147 18375 E OpenGLRenderer: Unable to match the desired swap behavior.
04-20 00:36:59.230 18147 18147 E ArmVmp : Match on catch block at 0xc3 in for 0x73fad10021
04-20 00:36:59.235 18147 18147 E ArmVmp : Match on catch block at 0xc3 in for 0x73fad10021
04-20 00:36:59.238 18147 18147 E ArmVmp : Match on catch block at 0xc3 in for 0x73fad10021
04-20 00:36:59.331 18147 18147 E ArmVmp : Match on catch block at 0xc3 in for 0x73fad10025
04-20 00:36:59.335 18147 18147 E ArmVmp : Match on catch block at 0xc3 in for 0x73fad10025
04-20 00:36:59.338 18147 18147 E ArmVmp : Match on catch block at 0xc3 in for 0x73fad10025
04-20 00:36:59.379 18147 18147 W WindowOnBackDispatcher: sendCancelIfRunning: isInProgress=falsecallback=android.view.ViewRootImpl$ $ExternalSyntheticLambda17@bab9110
04-20 00:36:59.450 18147 18147 E ArmVmp : Match on catch block at 0xc3 in for 0x73fad10025
04-20 00:36:59.454 18147 18147 E ArmVmp : Match on catch block at 0xc3 in for 0x73fad10025
04-20 00:36:59.458 18147 18147 E ArmVmp : Match on catch block at 0xc3 in for 0x73fad10025
04-20 00:36:59.483 18147 18147 E OplusBracketLog: [OplusViewMirrorManager] updateHostViewRootIfNeeded, not support android.view.ViewRootImpl@fef1b11
04-20 00:36:59.512 18147 18375 E OpenGLRenderer: Unable to match the desired swap behavior.
04-20 00:36:59.559 18147 18147 W VRI[Conversation]: updateBlastSurfaceIfNeeded, surfaceSize:Point(720, 1612), lastSurfaceSize:Point(720, 1612), format:-1, blastBufferQueue:android.graphics.BLASTBufferQueue@fcfd775
04-20 00:36:59.560 18147 18147 E ArmVmp : Match on catch block at 0xc3 in for 0x73fad10025
04-20 00:36:59.564 18147 18147 E ArmVmp : Match on catch block at 0xc3 in for 0x73fad10025
04-20 00:36:59.567 18147 18147 E ArmVmp : Match on catch block at 0xc3 in for 0x73fad10025
04-20 00:36:59.606 18147 18147 E ArmVmp : Match on catch block at 0xc3 in for 0x73fad10025
04-20 00:36:59.612 18147 18147 E ArmVmp : Match on catch block at 0xc3 in for 0x73fad10025
04-20 00:36:59.616 18147 18147 E ArmVmp : Match on catch block at 0xc3 in for 0x73fad10025
04-20 00:36:59.692 18147 18147 E ArmVmp : Match on catch block at 0xc3 in for 0x73fad10025
04-20 00:36:59.696 18147 18147 E ArmVmp : Match on catch block at 0xc3 in for 0x73fad10025
04-20 00:36:59.699 18147 18147 E ArmVmp : Match on catch block at 0xc3 in for 0x73fad10025
04-20 00:37:00.055 18147 18147 E ArmVmp : Match on catch block at 0xc3 in for 0x73fad10025
04-20 00:37:00.059 18147 18147 E ArmVmp : Match on catch block at 0xc3 in for 0x73fad10025
04-20 00:37:00.062 18147 18147 E ArmVmp : Match on catch block at 0xc3 in for 0x73fad10025
04-20 00:37:00.369 18147 18147 E ArmVmp : Match on catch block at 0xc3 in for 0x73fad10025
04-20 00:37:00.374 18147 18147 E ArmVmp : Match on catch block at 0xc3 in for 0x73fad10025
04-20 00:37:00.377 18147 18147 E ArmVmp : Match on catch block at 0xc3 in for 0x73fad10025
04-20 00:37:00.418 18147 18147 W VRI[Conversation]: handleResized abandoned!
04-20 00:37:00.418 18147 18147 W VRI[Toast]: handleResized abandoned!
04-20 00:37:00.530 18147 18147 E ArmVmp : Match on catch block at 0xc3 in for 0x73fad10025
04-20 00:37:00.535 18147 18147 E ArmVmp : Match on catch block at 0xc3 in for 0x73fad10025
04-20 00:37:00.539 18147 18147 E ArmVmp : Match on catch block at 0xc3 in for 0x73fad10025
04-20 00:37:00.548 18147 18147 W VRI[Conversation]: handleResized abandoned!
04-20 00:37:00.548 18147 18147 W VRI[Toast]: handleResized abandoned!
04-20 00:37:00.555 18147 18147 E ArmVmp : Match on catch block at 0xc3 in for 0x73fad10025
04-20 00:37:00.560 18147 18147 E ArmVmp : Match on catch block at 0xc3 in for 0x73fad10025
04-20 00:37:00.564 18147 18147 E ArmVmp : Match on catch block at 0xc3 in for 0x73fad10025
04-20 00:37:01.056 18147 18147 E ArmVmp : Match on catch block at 0xc3 in for 0x73fad10025
04-20 00:37:01.061 18147 18147 E ArmVmp : Match on catch block at 0xc3 in for 0x73fad10025
04-20 00:37:01.065 18147 18147 E ArmVmp : Match on catch block at 0xc3 in for 0x73fad10025
04-20 00:37:01.088 18147 18147 W WindowOnBackDispatcher: sendCancelIfRunning: isInProgress=falsecallback=android.view.ViewRootImpl$ $ExternalSyntheticLambda17@333e476
04-20 00:37:01.279 18147 18147 W JobService: onNetworkChanged() not implemented in androidx.work.impl.background.systemjob.SystemJobService. Must override in a subclass.
04-20 00:37:01.556 18147 18147 E ArmVmp : Match on catch block at 0xc3 in for 0x73fad10025
04-20 00:37:01.561 18147 18147 E ArmVmp : Match on catch block at 0xc3 in for 0x73fad10025
04-20 00:37:01.565 18147 18147 E ArmVmp : Match on catch block at 0xc3 in for 0x73fad10025
04-20 00:37:01.941 18147 18147 E ArmVmp : Match on catch block at 0xc3 in for 0x73fad10025
04-20 00:37:01.948 18147 18147 E ArmVmp : Match on catch block at 0xc3 in for 0x73fad10025
04-20 00:37:01.952 18147 18147 E ArmVmp : Match on catch block at 0xc3 in for 0x73fad10025
04-20 00:37:01.975 18147 18147 E ArmVmp : Match on catch block at 0xc3 in for 0x73fad10025
04-20 00:37:01.982 18147 18147 E ArmVmp : Match on catch block at 0xc3 in for 0x73fad10025
04-20 00:37:01.986 18147 18147 E ArmVmp : Match on catch block at 0xc3 in for 0x73fad10025
04-20 00:37:01.998 18147 18147 E ArmVmp : Match on catch block at 0xc3 in for 0x73fad10025
04-20 00:37:02.010 18147 18147 E ArmVmp : Match on catch block at 0xc3 in for 0x73fad10025
04-20 00:37:02.014 18147 18147 E ArmVmp : Match on catch block at 0xc3 in for 0x73fad10025
04-20 00:37:02.024 18147 18147 E ArmVmp : Match on catch block at 0xc3 in for 0x73fad10025
04-20 00:37:02.033 18147 18147 E ArmVmp : Match on catch block at 0xc3 in for 0x73fad10025
04-20 00:37:02.038 18147 18147 E ArmVmp : Match on catch block at 0xc3 in for 0x73fad10025
04-20 00:37:02.061 18147 18147 E ArmVmp : Match on catch block at 0xc3 in for 0x73fad10025
04-20 00:37:02.066 18147 18147 E ArmVmp : Match on catch block at 0xc3 in for 0x73fad10025
04-20 00:37:02.069 18147 18147 E ArmVmp : Match on catch block at 0xc3 in for 0x73fad10025
04-20 00:37:02.089 18147 18147 E ArmVmp : Match on catch block at 0xc3 in for 0x73fad10025
04-20 00:37:02.095 18147 18147 E ArmVmp : Match on catch block at 0xc3 in for 0x73fad10025
04-20 00:37:02.098 18147 18147 E ArmVmp : Match on catch block at 0xc3 in for 0x73fad10025
04-20 00:37:02.106 18147 18147 E ArmVmp : Match on catch block at 0xc3 in for 0x73fad10025
04-20 00:37:02.113 18147 18147 E ArmVmp : Match on catch block at 0xc3 in for 0x73fad10025
04-20 00:37:02.116 18147 18147 E ArmVmp : Match on catch block at 0xc3 in for 0x73fad10025
04-20 00:37:02.122 18147 18147 E ArmVmp : Match on catch block at 0xc3 in for 0x73fad10025
04-20 00:37:02.128 18147 18147 E ArmVmp : Match on catch block at 0xc3 in for 0x73fad10025
04-20 00:37:02.131 18147 18147 E ArmVmp : Match on catch block at 0xc3 in for 0x73fad10025
04-20 00:37:02.440 18147 18147 E ArmVmp : Match on catch block at 0xc3 in for 0x73fad10025
04-20 00:37:02.446 18147 18147 E ArmVmp : Match on catch block at 0xc3 in for 0x73fad10025
04-20 00:37:02.451 18147 18147 E ArmVmp : Match on catch block at 0xc3 in for 0x73fad10025
04-20 00:37:02.755 18147 18147 E ArmVmp : Match on catch block at 0xc3 in for 0x73fad10025
04-20 00:37:02.761 18147 18147 E ArmVmp : Match on catch block at 0xc3 in for 0x73fad10025
04-20 00:37:02.766 18147 18147 E ArmVmp : Match on catch block at 0xc3 in for 0x73fad10025
04-20 00:37:02.973 18147 18147 E ArmVmp : Match on catch block at 0xc3 in for 0x73fad10025
04-20 00:37:02.979 18147 18147 E ArmVmp : Match on catch block at 0xc3 in for 0x73fad10025
04-20 00:37:02.983 18147 18147 E ArmVmp : Match on catch block at 0xc3 in for 0x73fad10025
04-20 00:37:03.173 18147 18147 E ArmVmp : Match on catch block at 0xc3 in for 0x73fad10025
04-20 00:37:03.179 18147 18147 E ArmVmp : Match on catch block at 0xc3 in for 0x73fad10025
04-20 00:37:03.183 18147 18147 E ArmVmp : Match on catch block at 0xc3 in for 0x73fad10025
04-20 00:37:03.656 18147 18147 E ArmVmp : Match on catch block at 0xc3 in for 0x73fad10025
04-20 00:37:03.661 18147 18147 E ArmVmp : Match on catch block at 0xc3 in for 0x73fad10025
04-20 00:37:03.664 18147 18147 E ArmVmp : Match on catch block at 0xc3 in for 0x73fad10025
04-20 00:37:03.701 18147 18147 E ArmVmp : Match on catch block at 0xc3 in for 0x73fad10025
04-20 00:37:03.706 18147 18147 E ArmVmp : Match on catch block at 0xc3 in for 0x73fad10025
04-20 00:37:03.709 18147 18147 E ArmVmp : Match on catch block at 0xc3 in for 0x73fad10025
04-20 00:37:03.750 18147 18147 E ArmVmp : Match on catch block at 0xc3 in for 0x73fad10025
04-20 00:37:03.757 18147 18147 E ArmVmp : Match on catch block at 0xc3 in for 0x73fad10025
04-20 00:37:03.852 18147 18147 E ArmVmp : Match on catch block at 0xc3 in for 0x73fad10025
04-20 00:37:03.858 18147 18147 E ArmVmp : Match on catch block at 0xc3 in for 0x73fad10025
04-20 00:37:03.897 18147 18147 E ArmVmp : Match on catch block at 0xc3 in for 0x73fad10025
04-20 00:37:03.903 18147 18147 E ArmVmp : Match on catch block at 0xc3 in for 0x73fad10025
04-20 00:37:03.914 18147 18147 E ArmVmp : Match on catch block at 0xc3 in for 0x73fad10025
04-20 00:37:03.919 18147 18147 E ArmVmp : Match on catch block at 0xc3 in for 0x73fad10025
04-20 00:37:03.927 18147 18147 E ArmVmp : Match on catch block at 0xc3 in for 0x73fad10025
04-20 00:37:03.933 18147 18147 E ArmVmp : Match on catch block at 0xc3 in for 0x73fad10025
04-20 00:37:04.189 18147 18147 E ArmVmp : Match on catch block at 0xc3 in for 0x73fad10025
04-20 00:37:04.196 18147 18147 E ArmVmp : Match on catch block at 0xc3 in for 0x73fad10025
04-20 00:37:04.214 18147 18147 E ArmVmp : Match on catch block at 0xc3 in for 0x73fad10025
04-20 00:37:04.220 18147 18147 E ArmVmp : Match on catch block at 0xc3 in for 0x73fad10025
04-20 00:37:04.231 18147 18570 W MediaPlayer: Use of stream types is deprecated for operations other than volume control
04-20 00:37:04.232 18147 18570 W MediaPlayer: See the documentation of setAudioStreamType() for what to use instead with android.media.AudioAttributes to qualify your playback use case
04-20 00:37:04.692 18147 18147 E ArmVmp : Match on catch block at 0xc3 in for 0x73fad10025
04-20 00:37:04.697 18147 18147 E ArmVmp : Match on catch block at 0xc3 in for 0x73fad10025
04-20 00:37:04.898 18147 18147 E ArmVmp : Match on catch block at 0xc3 in for 0x73fad10025
04-20 00:37:04.904 18147 18147 E ArmVmp : Match on catch block at 0xc3 in for 0x73fad10025
04-20 00:37:04.999 18147 18147 E ArmVmp : Match on catch block at 0xc3 in for 0x73fad10025
04-20 00:37:05.004 18147 18147 E ArmVmp : Match on catch block at 0xc3 in for 0x73fad10025
04-20 00:37:05.064 18147 18147 E ArmVmp : Match on catch block at 0xc3 in for 0x73fad10025
04-20 00:37:05.068 18147 18147 E ArmVmp : Match on catch block at 0xc3 in for 0x73fad10025
04-20 00:37:05.073 18147 18147 E OplusBracketLog: [OplusViewMirrorManager] updateHostViewRootIfNeeded, not support android.view.ViewRootImpl@31f29ee
04-20 00:37:05.094 18147 18375 E OpenGLRenderer: Unable to match the desired swap behavior.
04-20 00:37:05.118 18147 18147 E ArmVmp : Match on catch block at 0xc3 in for 0x73fad10025
04-20 00:37:05.123 18147 18147 E ArmVmp : Match on catch block at 0xc3 in for 0x73fad10025
04-20 00:37:05.143 18147 18147 E ArmVmp : Match on catch block at 0xc3 in for 0x73fad10025
04-20 00:37:05.148 18147 18147 E ArmVmp : Match on catch block at 0xc3 in for 0x73fad10025
04-20 00:37:05.169 18147 18147 E ArmVmp : Match on catch block at 0xc3 in for 0x73fad10025
04-20 00:37:05.175 18147 18147 E ArmVmp : Match on catch block at 0xc3 in for 0x73fad10025
04-20 00:37:05.195 18147 18147 E ArmVmp : Match on catch block at 0xc3 in for 0x73fad10025
04-20 00:37:05.200 18147 18147 E ArmVmp : Match on catch block at 0xc3 in for 0x73fad10025
04-20 00:37:05.217 18147 18147 E ArmVmp : Match on catch block at 0xc3 in for 0x73fad10025
04-20 00:37:05.223 18147 18147 E ArmVmp : Match on catch block at 0xc3 in for 0x73fad10025
04-20 00:37:05.239 18147 18147 E ArmVmp : Match on catch block at 0xc3 in for 0x73fad10025
04-20 00:37:05.245 18147 18147 E ArmVmp : Match on catch block at 0xc3 in for 0x73fad10025
04-20 00:37:05.263 18147 18147 E ArmVmp : Match on catch block at 0xc3 in for 0x73fad10025
04-20 00:37:05.268 18147 18147 E ArmVmp : Match on catch block at 0xc3 in for 0x73fad10025
04-20 00:37:05.284 18147 18147 E ArmVmp : Match on catch block at 0xc3 in for 0x73fad10025
04-20 00:37:05.290 18147 18147 E ArmVmp : Match on catch block at 0xc3 in for 0x73fad10025
04-20 00:37:05.307 18147 18147 E ArmVmp : Match on catch block at 0xc3 in for 0x73fad10025
04-20 00:37:05.313 18147 18147 E ArmVmp : Match on catch block at 0xc3 in for 0x73fad10025
04-20 00:37:05.332 18147 18147 E ArmVmp : Match on catch block at 0xc3 in for 0x73fad10025
04-20 00:37:05.337 18147 18147 E ArmVmp : Match on catch block at 0xc3 in for 0x73fad10025
04-20 00:37:05.355 18147 18147 E ArmVmp : Match on catch block at 0xc3 in for 0x73fad10025
04-20 00:37:05.360 18147 18147 E ArmVmp : Match on catch block at 0xc3 in for 0x73fad10025
04-20 00:37:05.388 18147 18375 E OpenGLRenderer: Unable to match the desired swap behavior.
04-20 00:37:05.425 18147 18375 E OpenGLRenderer: Unable to match the desired swap behavior.
04-20 00:37:05.467 18147 18147 E ArmVmp : Match on catch block at 0xc3 in for 0x73fad10025
04-20 00:37:05.473 18147 18147 E ArmVmp : Match on catch block at 0xc3 in for 0x73fad10025
04-20 00:37:05.491 18147 18570 W MediaPlayer: Use of stream types is deprecated for operations other than volume control
04-20 00:37:05.491 18147 18570 W MediaPlayer: See the documentation of setAudioStreamType() for what to use instead with android.media.AudioAttributes to qualify your playback use case
04-20 00:37:05.509 18147 18375 E OpenGLRenderer: Unable to match the desired swap behavior.
04-20 00:37:05.530 18147 18147 E ArmVmp : Match on catch block at 0xc3 in for 0x73fad10025
04-20 00:37:05.535 18147 18147 E ArmVmp : Match on catch block at 0xc3 in for 0x73fad10025
04-20 00:37:05.724 18147 18147 E ArmVmp : Match on catch block at 0xc3 in for 0x73fad10025
04-20 00:37:05.729 18147 18147 E ArmVmp : Match on catch block at 0xc3 in for 0x73fad10025
04-20 00:37:06.224 18147 18147 E ArmVmp : Match on catch block at 0xc3 in for 0x73fad10025
04-20 00:37:06.229 18147 18147 E ArmVmp : Match on catch block at 0xc3 in for 0x73fad10025
04-20 00:37:06.727 18147 18147 E ArmVmp : Match on catch block at 0xc3 in for 0x73fad10025
04-20 00:37:06.733 18147 18147 E ArmVmp : Match on catch block at 0xc3 in for 0x73fad10025
04-20 00:37:06.956 18147 18147 W WindowOnBackDispatcher: sendCancelIfRunning: isInProgress=falsecallback=android.view.ViewRootImpl$ $ExternalSyntheticLambda17@f1f8e8f
04-20 00:37:07.017 18147 18147 E OplusBracketLog: [OplusViewMirrorManager] updateHostViewRootIfNeeded, not support android.view.ViewRootImpl@8ea374e
04-20 00:37:07.036 18147 18375 E OpenGLRenderer: Unable to match the desired swap behavior.
04-20 00:37:07.242 18147 18147 E ArmVmp : Match on catch block at 0xc3 in for 0x73fad10025
04-20 00:37:07.249 18147 18147 E ArmVmp : Match on catch block at 0xc3 in for 0x73fad10025
04-20 00:37:07.742 18147 18147 E ArmVmp : Match on catch block at 0xc3 in for 0x73fad10025
04-20 00:37:07.748 18147 18147 E ArmVmp : Match on catch block at 0xc3 in for 0x73fad10025
04-20 00:37:08.243 18147 18147 E ArmVmp : Match on catch block at 0xc3 in for 0x73fad10025
04-20 00:37:08.249 18147 18147 E ArmVmp : Match on catch block at 0xc3 in for 0x73fad10025
04-20 00:37:08.744 18147 18147 E ArmVmp : Match on catch block at 0xc3 in for 0x73fad10025
04-20 00:37:08.748 18147 18147 E ArmVmp : Match on catch block at 0xc3 in for 0x73fad10025
04-20 00:37:08.959 18147 18147 W WindowOnBackDispatcher: sendCancelIfRunning: isInProgress=falsecallback=android.view.ViewRootImpl$ $ExternalSyntheticLambda17@ce7806f
04-20 00:37:09.244 18147 18147 E ArmVmp : Match on catch block at 0xc3 in for 0x73fad10025
04-20 00:37:09.253 18147 18147 E ArmVmp : Match on catch block at 0xc3 in for 0x73fad10025
04-20 00:37:09.744 18147 18147 E ArmVmp : Match on catch block at 0xc3 in for 0x73fad10025
04-20 00:37:09.750 18147 18147 E ArmVmp : Match on catch block at 0xc3 in for 0x73fad10025
04-20 00:37:10.244 18147 18147 E ArmVmp : Match on catch block at 0xc3 in for 0x73fad10025
04-20 00:37:10.248 18147 18147 E ArmVmp : Match on catch block at 0xc3 in for 0x73fad10025
04-20 00:37:10.744 18147 18147 E ArmVmp : Match on catch block at 0xc3 in for 0x73fad10025
04-20 00:37:10.751 18147 18147 E ArmVmp : Match on catch block at 0xc3 in for 0x73fad10025
04-20 00:37:11.243 18147 18147 E ArmVmp : Match on catch block at 0xc3 in for 0x73fad10025
04-20 00:37:11.248 18147 18147 E ArmVmp : Match on catch block at 0xc3 in for 0x73fad10025
04-20 00:37:11.743 18147 18147 E ArmVmp : Match on catch block at 0xc3 in for 0x73fad10025
04-20 00:37:11.748 18147 18147 E ArmVmp : Match on catch block at 0xc3 in for 0x73fad10025
04-20 00:37:12.244 18147 18147 E ArmVmp : Match on catch block at 0xc3 in for 0x73fad10025
04-20 00:37:12.249 18147 18147 E ArmVmp : Match on catch block at 0xc3 in for 0x73fad10025
04-20 00:37:12.762 18147 18147 E ArmVmp : Match on catch block at 0xc3 in for 0x73fad10025
04-20 00:37:12.769 18147 18147 E ArmVmp : Match on catch block at 0xc3 in for 0x73fad10025
04-20 00:37:13.263 18147 18147 E ArmVmp : Match on catch block at 0xc3 in for 0x73fad10025
04-20 00:37:13.271 18147 18147 E ArmVmp : Match on catch block at 0xc3 in for 0x73fad10025
04-20 00:37:13.760 18147 18147 E ArmVmp : Match on catch block at 0xc3 in for 0x73fad10025
04-20 00:37:13.765 18147 18147 E ArmVmp : Match on catch block at 0xc3 in for 0x73fad10025
04-20 00:37:14.263 18147 18147 E ArmVmp : Match on catch block at 0xc3 in for 0x73fad10025
04-20 00:37:14.270 18147 18147 E ArmVmp : Match on catch block at 0xc3 in for 0x73fad10025
04-20 00:37:14.762 18147 18147 E ArmVmp : Match on catch block at 0xc3 in for 0x73fad10025
04-20 00:37:14.768 18147 18147 E ArmVmp : Match on catch block at 0xc3 in for 0x73fad10025
04-20 00:37:15.263 18147 18147 E ArmVmp : Match on catch block at 0xc3 in for 0x73fad10025
04-20 00:37:15.269 18147 18147 E ArmVmp : Match on catch block at 0xc3 in for 0x73fad10025
04-20 00:37:15.761 18147 18147 E ArmVmp : Match on catch block at 0xc3 in for 0x73fad10025
04-20 00:37:15.764 18147 18147 E ArmVmp : Match on catch block at 0xc3 in for 0x73fad10025
04-20 00:37:16.263 18147 18147 E ArmVmp : Match on catch block at 0xc3 in for 0x73fad10025
04-20 00:37:16.268 18147 18147 E ArmVmp : Match on catch block at 0xc3 in for 0x73fad10025
04-20 00:37:16.763 18147 18147 E ArmVmp : Match on catch block at 0xc3 in for 0x73fad10025
04-20 00:37:16.768 18147 18147 E ArmVmp : Match on catch block at 0xc3 in for 0x73fad10025
04-20 00:37:17.262 18147 18147 E ArmVmp : Match on catch block at 0xc3 in for 0x73fad10025
04-20 00:37:17.267 18147 18147 E ArmVmp : Match on catch block at 0xc3 in for 0x73fad10025
04-20 00:37:17.763 18147 18147 E ArmVmp : Match on catch block at 0xc3 in for 0x73fad10025
04-20 00:37:17.768 18147 18147 E ArmVmp : Match on catch block at 0xc3 in for 0x73fad10025
04-20 00:37:18.280 18147 18147 E ArmVmp : Match on catch block at 0xc3 in for 0x73fad10025
04-20 00:37:18.287 18147 18147 E ArmVmp : Match on catch block at 0xc3 in for 0x73fad10025
04-20 00:37:18.780 18147 18147 E ArmVmp : Match on catch block at 0xc3 in for 0x73fad10025
04-20 00:37:18.788 18147 18147 E ArmVmp : Match on catch block at 0xc3 in for 0x73fad10025
04-20 00:37:19.280 18147 18147 E ArmVmp : Match on catch block at 0xc3 in for 0x73fad10025
04-20 00:37:19.286 18147 18147 E ArmVmp : Match on catch block at 0xc3 in for 0x73fad10025
04-20 00:37:19.781 18147 18147 E ArmVmp : Match on catch block at 0xc3 in for 0x73fad10025
04-20 00:37:19.787 18147 18147 E ArmVmp : Match on catch block at 0xc3 in for 0x73fad10025
04-20 00:37:20.281 18147 18147 E ArmVmp : Match on catch block at 0xc3 in for 0x73fad10025
04-20 00:37:20.286 18147 18147 E ArmVmp : Match on catch block at 0xc3 in for 0x73fad10025
04-20 00:37:20.780 18147 18147 E ArmVmp : Match on catch block at 0xc3 in for 0x73fad10025
04-20 00:37:20.786 18147 18147 E ArmVmp : Match on catch block at 0xc3 in for 0x73fad10025
04-20 00:37:21.281 18147 18147 E ArmVmp : Match on catch block at 0xc3 in for 0x73fad10025
04-20 00:37:21.286 18147 18147 E ArmVmp : Match on catch block at 0xc3 in for 0x73fad10025
04-20 00:37:21.782 18147 18147 E ArmVmp : Match on catch block at 0xc3 in for 0x73fad10025
04-20 00:37:21.787 18147 18147 E ArmVmp : Match on catch block at 0xc3 in for 0x73fad10025
04-20 00:37:22.281 18147 18147 E ArmVmp : Match on catch block at 0xc3 in for 0x73fad10025
04-20 00:37:22.288 18147 18147 E ArmVmp : Match on catch block at 0xc3 in for 0x73fad10025
04-20 00:37:22.782 18147 18147 E ArmVmp : Match on catch block at 0xc3 in for 0x73fad10025
04-20 00:37:22.789 18147 18147 E ArmVmp : Match on catch block at 0xc3 in for 0x73fad10025
04-20 00:37:23.297 18147 18147 E ArmVmp : Match on catch block at 0xc3 in for 0x73fad10025
04-20 00:37:23.302 18147 18147 E ArmVmp : Match on catch block at 0xc3 in for 0x73fad10025
04-20 00:37:23.800 18147 18147 E ArmVmp : Match on catch block at 0xc3 in for 0x73fad10025
04-20 00:37:23.805 18147 18147 E ArmVmp : Match on catch block at 0xc3 in for 0x73fad10025
04-20 00:37:24.300 18147 18147 E ArmVmp : Match on catch block at 0xc3 in for 0x73fad10025
04-20 00:37:24.305 18147 18147 E ArmVmp : Match on catch block at 0xc3 in for 0x73fad10025
04-20 00:37:24.503 18147 18147 E ArmVmp : Match on catch block at 0xc3 in for 0x73fad10025
04-20 00:37:24.507 18147 18147 E ArmVmp : Match on catch block at 0xc3 in for 0x73fad10025
04-20 00:37:24.523 18147 18147 E ArmVmp : Match on catch block at 0xc3 in for 0x73fad10025
04-20 00:37:24.527 18147 18147 E ArmVmp : Match on catch block at 0xc3 in for 0x73fad10025
04-20 00:37:24.540 18147 18147 E ArmVmp : Match on catch block at 0xc3 in for 0x73fad10025
04-20 00:37:24.544 18147 18147 E ArmVmp : Match on catch block at 0xc3 in for 0x73fad10025
04-20 00:37:24.554 18147 18147 E ArmVmp : Match on catch block at 0xc3 in for 0x73fad10025
04-20 00:37:24.558 18147 18147 E ArmVmp : Match on catch block at 0xc3 in for 0x73fad10025
04-20 00:37:24.567 18147 18147 E ArmVmp : Match on catch block at 0xc3 in for 0x73fad10025
04-20 00:37:24.571 18147 18147 E ArmVmp : Match on catch block at 0xc3 in for 0x73fad10025
04-20 00:37:24.584 18147 18147 E ArmVmp : Match on catch block at 0xc3 in for 0x73fad10025
04-20 00:37:24.589 18147 18147 E ArmVmp : Match on catch block at 0xc3 in for 0x73fad10025
04-20 00:37:24.601 18147 18147 E ArmVmp : Match on catch block at 0xc3 in for 0x73fad10025
04-20 00:37:24.606 18147 18147 E ArmVmp : Match on catch block at 0xc3 in for 0x73fad10025
04-20 00:37:24.617 18147 18147 E ArmVmp : Match on catch block at 0xc3 in for 0x73fad10025
04-20 00:37:24.621 18147 18147 E ArmVmp : Match on catch block at 0xc3 in for 0x73fad10025
04-20 00:37:24.633 18147 18147 E ArmVmp : Match on catch block at 0xc3 in for 0x73fad10025
04-20 00:37:24.638 18147 18147 E ArmVmp : Match on catch block at 0xc3 in for 0x73fad10025
04-20 00:37:24.650 18147 18147 E ArmVmp : Match on catch block at 0xc3 in for 0x73fad10025
04-20 00:37:24.655 18147 18147 E ArmVmp : Match on catch block at 0xc3 in for 0x73fad10025
04-20 00:37:24.715 18147 18147 E ArmVmp : Match on catch block at 0xc3 in for 0x73fad10025
04-20 00:37:24.719 18147 18147 E ArmVmp : Match on catch block at 0xc3 in for 0x73fad10025
04-20 00:37:24.747 18147 18147 E ArmVmp : Match on catch block at 0xc3 in for 0x73fad10025
04-20 00:37:24.751 18147 18147 E ArmVmp : Match on catch block at 0xc3 in for 0x73fad10025
04-20 00:37:24.763 18147 18147 E ArmVmp : Match on catch block at 0xc3 in for 0x73fad10025
04-20 00:37:24.768 18147 18147 E ArmVmp : Match on catch block at 0xc3 in for 0x73fad10025
04-20 00:37:24.782 18147 18147 E ArmVmp : Match on catch block at 0xc3 in for 0x73fad10025
04-20 00:37:24.787 18147 18147 E ArmVmp : Match on catch block at 0xc3 in for 0x73fad10025
04-20 00:37:24.798 18147 18147 E ArmVmp : Match on catch block at 0xc3 in for 0x73fad10025
04-20 00:37:24.803 18147 18147 E ArmVmp : Match on catch block at 0xc3 in for 0x73fad10025
04-20 00:37:24.815 18147 18147 E ArmVmp : Match on catch block at 0xc3 in for 0x73fad10025
04-20 00:37:24.820 18147 18147 E ArmVmp : Match on catch block at 0xc3 in for 0x73fad10025
04-20 00:37:24.832 18147 18147 E ArmVmp : Match on catch block at 0xc3 in for 0x73fad10025
04-20 00:37:24.836 18147 18147 E ArmVmp : Match on catch block at 0xc3 in for 0x73fad10025
04-20 00:37:24.848 18147 18147 E ArmVmp : Match on catch block at 0xc3 in for 0x73fad10025
04-20 00:37:24.853 18147 18147 E ArmVmp : Match on catch block at 0xc3 in for 0x73fad10025
04-20 00:37:24.864 18147 18147 E ArmVmp : Match on catch block at 0xc3 in for 0x73fad10025
04-20 00:37:24.869 18147 18147 E ArmVmp : Match on catch block at 0xc3 in for 0x73fad10025
04-20 00:37:24.881 18147 18147 E ArmVmp : Match on catch block at 0xc3 in for 0x73fad10025
04-20 00:37:24.885 18147 18147 E ArmVmp : Match on catch block at 0xc3 in for 0x73fad10025
04-20 00:37:24.898 18147 18147 E ArmVmp : Match on catch block at 0xc3 in for 0x73fad10025
04-20 00:37:24.904 18147 18147 E ArmVmp : Match on catch block at 0xc3 in for 0x73fad10025
04-20 00:37:24.915 18147 18147 E ArmVmp : Match on catch block at 0xc3 in for 0x73fad10025
04-20 00:37:24.920 18147 18147 E ArmVmp : Match on catch block at 0xc3 in for 0x73fad10025
04-20 00:37:24.947 18147 18147 E ArmVmp : Match on catch block at 0xc3 in for 0x73fad10025
04-20 00:37:24.953 18147 18147 E ArmVmp : Match on catch block at 0xc3 in for 0x73fad10025
04-20 00:37:24.964 18147 18147 E ArmVmp : Match on catch block at 0xc3 in for 0x73fad10025
04-20 00:37:24.969 18147 18147 E ArmVmp : Match on catch block at 0xc3 in for 0x73fad10025
04-20 00:37:25.299 18147 18147 E ArmVmp : Match on catch block at 0xc3 in for 0x73fad10025
04-20 00:37:25.304 18147 18147 E ArmVmp : Match on catch block at 0xc3 in for 0x73fad10025
04-20 00:37:25.471 18147 18147 E ArmVmp : Match on catch block at 0xc3 in for 0x73fad10025
04-20 00:37:25.475 18147 18147 E ArmVmp : Match on catch block at 0xc3 in for 0x73fad10025
04-20 00:37:25.499 18147 18147 E ArmVmp : Match on catch block at 0xc3 in for 0x73fad10025
04-20 00:37:25.504 18147 18147 E ArmVmp : Match on catch block at 0xc3 in for 0x73fad10025
04-20 00:37:25.516 18147 18147 E ArmVmp : Match on catch block at 0xc3 in for 0x73fad10025
04-20 00:37:25.523 18147 18147 E ArmVmp : Match on catch block at 0xc3 in for 0x73fad10025
04-20 00:37:25.532 18147 18147 E ArmVmp : Match on catch block at 0xc3 in for 0x73fad10025
04-20 00:37:25.541 18147 18147 E ArmVmp : Match on catch block at 0xc3 in for 0x73fad10025
04-20 00:37:25.548 18147 18147 E ArmVmp : Match on catch block at 0xc3 in for 0x73fad10025
04-20 00:37:25.555 18147 18147 E ArmVmp : Match on catch block at 0xc3 in for 0x73fad10025
04-20 00:37:25.565 18147 18147 E ArmVmp : Match on catch block at 0xc3 in for 0x73fad10025
04-20 00:37:25.570 18147 18147 E ArmVmp : Match on catch block at 0xc3 in for 0x73fad10025
04-20 00:37:25.585 18147 18147 E ArmVmp : Match on catch block at 0xc3 in for 0x73fad10025
04-20 00:37:25.589 18147 18147 E ArmVmp : Match on catch block at 0xc3 in for 0x73fad10025
04-20 00:37:25.599 18147 18147 E ArmVmp : Match on catch block at 0xc3 in for 0x73fad10025
04-20 00:37:25.605 18147 18147 E ArmVmp : Match on catch block at 0xc3 in for 0x73fad10025
04-20 00:37:25.615 18147 18147 E ArmVmp : Match on catch block at 0xc3 in for 0x73fad10025
04-20 00:37:25.621 18147 18147 E ArmVmp : Match on catch block at 0xc3 in for 0x73fad10025
04-20 00:37:25.632 18147 18147 E ArmVmp : Match on catch block at 0xc3 in for 0x73fad10025
04-20 00:37:25.637 18147 18147 E ArmVmp : Match on catch block at 0xc3 in for 0x73fad10025
04-20 00:37:25.648 18147 18147 E ArmVmp : Match on catch block at 0xc3 in for 0x73fad10025
04-20 00:37:25.654 18147 18147 E ArmVmp : Match on catch block at 0xc3 in for 0x73fad10025
04-20 00:37:25.665 18147 18147 E ArmVmp : Match on catch block at 0xc3 in for 0x73fad10025
04-20 00:37:25.669 18147 18147 E ArmVmp : Match on catch block at 0xc3 in for 0x73fad10025
04-20 00:37:25.984 18147 18147 E ArmVmp : Match on catch block at 0xc3 in for 0x73fad10025
04-20 00:37:25.989 18147 18147 E ArmVmp : Match on catch block at 0xc3 in for 0x73fad10025
04-20 00:37:26.418 18147 18147 E ArmVmp : Match on catch block at 0xc3 in for 0x73fad10025
04-20 00:37:26.423 18147 18147 E ArmVmp : Match on catch block at 0xc3 in for 0x73fad10025
04-20 00:37:26.434 18147 18147 E ArmVmp : Match on catch block at 0xc3 in for 0x73fad10025
04-20 00:37:26.440 18147 18147 E ArmVmp : Match on catch block at 0xc3 in for 0x73fad10025
04-20 00:37:26.448 18147 18147 E ArmVmp : Match on catch block at 0xc3 in for 0x73fad10025
04-20 00:37:26.456 18147 18147 E ArmVmp : Match on catch block at 0xc3 in for 0x73fad10025
04-20 00:37:26.466 18147 18147 E ArmVmp : Match on catch block at 0xc3 in for 0x73fad10025
04-20 00:37:26.474 18147 18147 E ArmVmp : Match on catch block at 0xc3 in for 0x73fad10025
04-20 00:37:26.482 18147 18147 E ArmVmp : Match on catch block at 0xc3 in for 0x73fad10025
04-20 00:37:26.489 18147 18147 E ArmVmp : Match on catch block at 0xc3 in for 0x73fad10025
04-20 00:37:26.498 18147 18147 E ArmVmp : Match on catch block at 0xc3 in for 0x73fad10025
04-20 00:37:26.504 18147 18147 E ArmVmp : Match on catch block at 0xc3 in for 0x73fad10025
04-20 00:37:26.515 18147 18147 E ArmVmp : Match on catch block at 0xc3 in for 0x73fad10025
04-20 00:37:26.521 18147 18147 E ArmVmp : Match on catch block at 0xc3 in for 0x73fad10025
04-20 00:37:26.532 18147 18147 E ArmVmp : Match on catch block at 0xc3 in for 0x73fad10025
04-20 00:37:26.537 18147 18147 E ArmVmp : Match on catch block at 0xc3 in for 0x73fad10025
04-20 00:37:26.548 18147 18147 E ArmVmp : Match on catch block at 0xc3 in for 0x73fad10025
04-20 00:37:26.553 18147 18147 E ArmVmp : Match on catch block at 0xc3 in for 0x73fad10025
04-20 00:37:26.565 18147 18147 E ArmVmp : Match on catch block at 0xc3 in for 0x73fad10025
04-20 00:37:26.570 18147 18147 E ArmVmp : Match on catch block at 0xc3 in for 0x73fad10025
04-20 00:37:26.582 18147 18147 E ArmVmp : Match on catch block at 0xc3 in for 0x73fad10025
04-20 00:37:26.587 18147 18147 E ArmVmp : Match on catch block at 0xc3 in for 0x73fad10025
04-20 00:37:26.598 18147 18147 E ArmVmp : Match on catch block at 0xc3 in for 0x73fad10025
04-20 00:37:26.603 18147 18147 E ArmVmp : Match on catch block at 0xc3 in for 0x73fad10025
04-20 00:37:26.615 18147 18147 E ArmVmp : Match on catch block at 0xc3 in for 0x73fad10025
04-20 00:37:26.620 18147 18147 E ArmVmp : Match on catch block at 0xc3 in for 0x73fad10025
04-20 00:37:26.819 18147 18147 E ArmVmp : Match on catch block at 0xc3 in for 0x73fad10025
04-20 00:37:26.824 18147 18147 E ArmVmp : Match on catch block at 0xc3 in for 0x73fad10025
04-20 00:37:26.843 18147 18147 E ArmVmp : Match on catch block at 0xc3 in for 0x73fad10025
04-20 00:37:26.848 18147 18147 E ArmVmp : Match on catch block at 0xc3 in for 0x73fad10025
04-20 00:37:26.856 18147 18147 E ArmVmp : Match on catch block at 0xc3 in for 0x73fad10025
04-20 00:37:26.863 18147 18147 E ArmVmp : Match on catch block at 0xc3 in for 0x73fad10025
04-20 00:37:26.873 18147 18147 E ArmVmp : Match on catch block at 0xc3 in for 0x73fad10025
04-20 00:37:26.878 18147 18147 E ArmVmp : Match on catch block at 0xc3 in for 0x73fad10025
04-20 00:37:26.886 18147 18147 E ArmVmp : Match on catch block at 0xc3 in for 0x73fad10025
04-20 00:37:26.894 18147 18147 E ArmVmp : Match on catch block at 0xc3 in for 0x73fad10025
04-20 00:37:26.915 18147 18147 E ArmVmp : Match on catch block at 0xc3 in for 0x73fad10025
04-20 00:37:26.920 18147 18147 E ArmVmp : Match on catch block at 0xc3 in for 0x73fad10025
04-20 00:37:26.936 18147 18147 E ArmVmp : Match on catch block at 0xc3 in for 0x73fad10025
04-20 00:37:26.942 18147 18147 E ArmVmp : Match on catch block at 0xc3 in for 0x73fad10025
04-20 00:37:26.950 18147 18147 E ArmVmp : Match on catch block at 0xc3 in for 0x73fad10025
04-20 00:37:26.955 18147 18147 E ArmVmp : Match on catch block at 0xc3 in for 0x73fad10025
04-20 00:37:26.965 18147 18147 E ArmVmp : Match on catch block at 0xc3 in for 0x73fad10025
04-20 00:37:26.972 18147 18147 E ArmVmp : Match on catch block at 0xc3 in for 0x73fad10025
04-20 00:37:26.982 18147 18147 E ArmVmp : Match on catch block at 0xc3 in for 0x73fad10025
04-20 00:37:26.988 18147 18147 E ArmVmp : Match on catch block at 0xc3 in for 0x73fad10025
04-20 00:37:26.999 18147 18147 E ArmVmp : Match on catch block at 0xc3 in for 0x73fad10025
04-20 00:37:27.004 18147 18147 E ArmVmp : Match on catch block at 0xc3 in for 0x73fad10025
04-20 00:37:27.015 18147 18147 E ArmVmp : Match on catch block at 0xc3 in for 0x73fad10025
04-20 00:37:27.020 18147 18147 E ArmVmp : Match on catch block at 0xc3 in for 0x73fad10025
04-20 00:37:27.199 18147 18147 E ArmVmp : Match on catch block at 0xc3 in for 0x73fad10025
04-20 00:37:27.205 18147 18147 E ArmVmp : Match on catch block at 0xc3 in for 0x73fad10025
04-20 00:37:27.399 18147 18147 E ArmVmp : Match on catch block at 0xc3 in for 0x73fad10025
04-20 00:37:27.403 18147 18147 E ArmVmp : Match on catch block at 0xc3 in for 0x73fad10025
04-20 00:37:27.815 18147 18147 E ArmVmp : Match on catch block at 0xc3 in for 0x73fad10025
04-20 00:37:27.820 18147 18147 E ArmVmp : Match on catch block at 0xc3 in for 0x73fad10025
04-20 00:37:28.082 18147 18147 E ArmVmp : Match on catch block at 0xc3 in for 0x73fad10025
04-20 00:37:28.087 18147 18147 E ArmVmp : Match on catch block at 0xc3 in for 0x73fad10025
04-20 00:37:28.584 18147 18147 E ArmVmp : Match on catch block at 0xc3 in for 0x73fad10025
04-20 00:37:28.592 18147 18147 E ArmVmp : Match on catch block at 0xc3 in for 0x73fad10025
04-20 00:37:28.687 18147 18147 E ArmVmp : Match on catch block at 0xc3 in for 0x73fad10025
04-20 00:37:28.691 18147 18147 E ArmVmp : Match on catch block at 0xc3 in for 0x73fad10025
04-20 00:37:28.729 18147 18147 E ArmVmp : Match on catch block at 0xc3 in for 0x73fad10025
