04-20 00:26:32.570 17206 17206 E OplusBracketLog: [OplusViewMirrorManager] updateHostViewRootIfNeeded, not support android.view.ViewRootImpl@2b17ac1
04-20 00:26:32.590 17206 17328 E OpenGLRenderer: Unable to match the desired swap behavior.
04-20 00:26:32.620 17206 17206 E ArmVmp : Match on catch block at 0xc3 in for 0x73fad10025
04-20 00:26:32.626 17206 17206 E ArmVmp : Match on catch block at 0xc3 in for 0x73fad10025
04-20 00:26:32.648 17206 17206 E ArmVmp : Match on catch block at 0xc3 in for 0x73fad10025
04-20 00:26:32.654 17206 17206 E ArmVmp : Match on catch block at 0xc3 in for 0x73fad10025
04-20 00:26:32.675 17206 17206 E ArmVmp : Match on catch block at 0xc3 in for 0x73fad10025
04-20 00:26:32.681 17206 17206 E ArmVmp : Match on catch block at 0xc3 in for 0x73fad10025
04-20 00:26:32.703 17206 17206 E ArmVmp : Match on catch block at 0xc3 in for 0x73fad10025
04-20 00:26:32.707 17206 17206 E ArmVmp : Match on catch block at 0xc3 in for 0x73fad10025
04-20 00:26:32.722 17206 17206 E ArmVmp : Match on catch block at 0xc3 in for 0x73fad10025
04-20 00:26:32.727 17206 17206 E ArmVmp : Match on catch block at 0xc3 in for 0x73fad10025
04-20 00:26:32.741 17206 17206 E ArmVmp : Match on catch block at 0xc3 in for 0x73fad10025
04-20 00:26:32.746 17206 17206 E ArmVmp : Match on catch block at 0xc3 in for 0x73fad10025
04-20 00:26:32.761 17206 17206 E ArmVmp : Match on catch block at 0xc3 in for 0x73fad10025
04-20 00:26:32.766 17206 17206 E ArmVmp : Match on catch block at 0xc3 in for 0x73fad10025
04-20 00:26:32.778 17206 17206 E ArmVmp : Match on catch block at 0xc3 in for 0x73fad10025
04-20 00:26:32.784 17206 17206 E ArmVmp : Match on catch block at 0xc3 in for 0x73fad10025
04-20 00:26:32.797 17206 17206 E ArmVmp : Match on catch block at 0xc3 in for 0x73fad10025
04-20 00:26:32.803 17206 17206 E ArmVmp : Match on catch block at 0xc3 in for 0x73fad10025
04-20 00:26:32.813 17206 17206 E ArmVmp : Match on catch block at 0xc3 in for 0x73fad10025
04-20 00:26:32.820 17206 17206 E ArmVmp : Match on catch block at 0xc3 in for 0x73fad10025
04-20 00:26:32.830 17206 17206 E ArmVmp : Match on catch block at 0xc3 in for 0x73fad10025
04-20 00:26:32.835 17206 17206 E ArmVmp : Match on catch block at 0xc3 in for 0x73fad10025
04-20 00:26:32.863 17206 17328 E OpenGLRenderer: Unable to match the desired swap behavior.
04-20 00:26:32.866 17206 17206 W VRI[Toast]: handleResized abandoned!
04-20 00:26:32.884 17206 17328 E OpenGLRenderer: Unable to match the desired swap behavior.
04-20 00:26:32.908 17206 17328 E OpenGLRenderer: Unable to match the desired swap behavior.
04-20 00:26:32.931 17206 17328 E OpenGLRenderer: Unable to match the desired swap behavior.
04-20 00:26:32.953 17206 17328 E OpenGLRenderer: Unable to match the desired swap behavior.
04-20 00:26:32.977 17206 17328 E OpenGLRenderer: Unable to match the desired swap behavior.
04-20 00:26:33.000 17206 17328 E OpenGLRenderer: Unable to match the desired swap behavior.
04-20 00:26:33.312 17206 17206 E ArmVmp : Match on catch block at 0xc3 in for 0x73fad10025
04-20 00:26:33.319 17206 17206 E ArmVmp : Match on catch block at 0xc3 in for 0x73fad10025
04-20 00:26:33.331 17206 17206 W WindowOnBackDispatcher: sendCancelIfRunning: isInProgress=falsecallback=ImeCallback=ImeOnBackInvokedCallback@130186315 Callback=android.window.IOnBackInvokedCallback$Stub$Proxy@912b425
04-20 00:26:33.334 17206 17206 W VRI[Conversation]: handleResized abandoned!
04-20 00:26:33.335 17206 17206 W VRI[Toast]: handleResized abandoned!
04-20 00:26:33.338 17206 17206 E ArmVmp : Match on catch block at 0xc3 in for 0x73fad10025
04-20 00:26:33.344 17206 17206 E ArmVmp : Match on catch block at 0xc3 in for 0x73fad10025
04-20 00:26:33.846 17206 17206 E ArmVmp : Match on catch block at 0xc3 in for 0x73fad10025
04-20 00:26:33.850 17206 17206 E ArmVmp : Match on catch block at 0xc3 in for 0x73fad10025
04-20 00:26:33.991 17206 17206 W VRI[Conversation]: handleResized abandoned!
04-20 00:26:33.991 17206 17206 W VRI[Toast]: handleResized abandoned!
04-20 00:26:34.345 17206 17206 E ArmVmp : Match on catch block at 0xc3 in for 0x73fad10025
04-20 00:26:34.351 17206 17206 E ArmVmp : Match on catch block at 0xc3 in for 0x73fad10025
04-20 00:26:34.456 17206 17206 W WindowOnBackDispatcher: sendCancelIfRunning: isInProgress=falsecallback=android.view.ViewRootImpl$ $ExternalSyntheticLambda17@b3e4266
04-20 00:26:34.503 17206 17206 E OplusBracketLog: [OplusViewMirrorManager] updateHostViewRootIfNeeded, not support android.view.ViewRootImpl@4fdfe52
04-20 00:26:34.523 17206 17328 E OpenGLRenderer: Unable to match the desired swap behavior.
04-20 00:26:34.867 17206 17206 E ArmVmp : Match on catch block at 0xc3 in for 0x73fad10025
04-20 00:26:34.873 17206 17206 E ArmVmp : Match on catch block at 0xc3 in for 0x73fad10025
04-20 00:26:35.362 17206 17206 E ArmVmp : Match on catch block at 0xc3 in for 0x73fad10025
04-20 00:26:35.368 17206 17206 E ArmVmp : Match on catch block at 0xc3 in for 0x73fad10025
04-20 00:26:35.863 17206 17206 E ArmVmp : Match on catch block at 0xc3 in for 0x73fad10025
04-20 00:26:35.868 17206 17206 E ArmVmp : Match on catch block at 0xc3 in for 0x73fad10025
04-20 00:26:36.363 17206 17206 E ArmVmp : Match on catch block at 0xc3 in for 0x73fad10025
04-20 00:26:36.368 17206 17206 E ArmVmp : Match on catch block at 0xc3 in for 0x73fad10025
04-20 00:26:36.458 17206 17206 W WindowOnBackDispatcher: sendCancelIfRunning: isInProgress=falsecallback=android.view.ViewRootImpl$ $ExternalSyntheticLambda17@90e7523
04-20 00:26:36.863 17206 17206 E ArmVmp : Match on catch block at 0xc3 in for 0x73fad10025
04-20 00:26:36.868 17206 17206 E ArmVmp : Match on catch block at 0xc3 in for 0x73fad10025
04-20 00:26:37.363 17206 17206 E ArmVmp : Match on catch block at 0xc3 in for 0x73fad10025
04-20 00:26:37.368 17206 17206 E ArmVmp : Match on catch block at 0xc3 in for 0x73fad10025
04-20 00:26:37.863 17206 17206 E ArmVmp : Match on catch block at 0xc3 in for 0x73fad10025
04-20 00:26:37.868 17206 17206 E ArmVmp : Match on catch block at 0xc3 in for 0x73fad10025
04-20 00:26:38.363 17206 17206 E ArmVmp : Match on catch block at 0xc3 in for 0x73fad10025
04-20 00:26:38.368 17206 17206 E ArmVmp : Match on catch block at 0xc3 in for 0x73fad10025
04-20 00:26:38.864 17206 17206 E ArmVmp : Match on catch block at 0xc3 in for 0x73fad10025
04-20 00:26:38.874 17206 17206 E ArmVmp : Match on catch block at 0xc3 in for 0x73fad10025
04-20 00:26:39.364 17206 17206 E ArmVmp : Match on catch block at 0xc3 in for 0x73fad10025
04-20 00:26:39.369 17206 17206 E ArmVmp : Match on catch block at 0xc3 in for 0x73fad10025
04-20 00:26:39.867 17206 17206 E ArmVmp : Match on catch block at 0xc3 in for 0x73fad10025
04-20 00:26:39.873 17206 17206 E ArmVmp : Match on catch block at 0xc3 in for 0x73fad10025
04-20 00:26:40.364 17206 17206 E ArmVmp : Match on catch block at 0xc3 in for 0x73fad10025
04-20 00:26:40.369 17206 17206 E ArmVmp : Match on catch block at 0xc3 in for 0x73fad10025
04-20 00:26:40.883 17206 17206 E ArmVmp : Match on catch block at 0xc3 in for 0x73fad10025
04-20 00:26:40.890 17206 17206 E ArmVmp : Match on catch block at 0xc3 in for 0x73fad10025
04-20 00:26:41.383 17206 17206 E ArmVmp : Match on catch block at 0xc3 in for 0x73fad10025
04-20 00:26:41.389 17206 17206 E ArmVmp : Match on catch block at 0xc3 in for 0x73fad10025
04-20 00:26:41.569 17206 17206 W JobService: onNetworkChanged() not implemented in androidx.work.impl.background.systemjob.SystemJobService. Must override in a subclass.
04-20 00:26:41.884 17206 17206 E ArmVmp : Match on catch block at 0xc3 in for 0x73fad10025
04-20 00:26:41.891 17206 17206 E ArmVmp : Match on catch block at 0xc3 in for 0x73fad10025
04-20 00:26:42.383 17206 17206 E ArmVmp : Match on catch block at 0xc3 in for 0x73fad10025
04-20 00:26:42.390 17206 17206 E ArmVmp : Match on catch block at 0xc3 in for 0x73fad10025
04-20 00:26:42.882 17206 17206 E ArmVmp : Match on catch block at 0xc3 in for 0x73fad10025
04-20 00:26:42.887 17206 17206 E ArmVmp : Match on catch block at 0xc3 in for 0x73fad10025
04-20 00:26:43.382 17206 17206 E ArmVmp : Match on catch block at 0xc3 in for 0x73fad10025
04-20 00:26:43.386 17206 17206 E ArmVmp : Match on catch block at 0xc3 in for 0x73fad10025
04-20 00:26:43.882 17206 17206 E ArmVmp : Match on catch block at 0xc3 in for 0x73fad10025
04-20 00:26:43.887 17206 17206 E ArmVmp : Match on catch block at 0xc3 in for 0x73fad10025
04-20 00:26:44.029 17206 17206 W JobService: onNetworkChanged() not implemented in androidx.work.impl.background.systemjob.SystemJobService. Must override in a subclass.
04-20 00:26:44.383 17206 17206 E ArmVmp : Match on catch block at 0xc3 in for 0x73fad10025
04-20 00:26:44.388 17206 17206 E ArmVmp : Match on catch block at 0xc3 in for 0x73fad10025
04-20 00:26:44.884 17206 17206 E ArmVmp : Match on catch block at 0xc3 in for 0x73fad10025
04-20 00:26:44.891 17206 17206 E ArmVmp : Match on catch block at 0xc3 in for 0x73fad10025
04-20 00:26:45.383 17206 17206 E ArmVmp : Match on catch block at 0xc3 in for 0x73fad10025
04-20 00:26:45.388 17206 17206 E ArmVmp : Match on catch block at 0xc3 in for 0x73fad10025
04-20 00:26:45.884 17206 17206 E ArmVmp : Match on catch block at 0xc3 in for 0x73fad10025
04-20 00:26:45.888 17206 17206 E ArmVmp : Match on catch block at 0xc3 in for 0x73fad10025
04-20 00:26:46.384 17206 17206 E ArmVmp : Match on catch block at 0xc3 in for 0x73fad10025
04-20 00:26:46.390 17206 17206 E ArmVmp : Match on catch block at 0xc3 in for 0x73fad10025
04-20 00:26:46.884 17206 17206 E ArmVmp : Match on catch block at 0xc3 in for 0x73fad10025
04-20 00:26:46.891 17206 17206 E ArmVmp : Match on catch block at 0xc3 in for 0x73fad10025
04-20 00:26:47.401 17206 17206 E ArmVmp : Match on catch block at 0xc3 in for 0x73fad10025
04-20 00:26:47.407 17206 17206 E ArmVmp : Match on catch block at 0xc3 in for 0x73fad10025
04-20 00:26:47.902 17206 17206 E ArmVmp : Match on catch block at 0xc3 in for 0x73fad10025
04-20 00:26:47.908 17206 17206 E ArmVmp : Match on catch block at 0xc3 in for 0x73fad10025
04-20 00:26:48.401 17206 17206 E ArmVmp : Match on catch block at 0xc3 in for 0x73fad10025
04-20 00:26:48.405 17206 17206 E ArmVmp : Match on catch block at 0xc3 in for 0x73fad10025
04-20 00:26:48.902 17206 17206 E ArmVmp : Match on catch block at 0xc3 in for 0x73fad10025
04-20 00:26:48.908 17206 17206 E ArmVmp : Match on catch block at 0xc3 in for 0x73fad10025
04-20 00:26:49.402 17206 17206 E ArmVmp : Match on catch block at 0xc3 in for 0x73fad10025
04-20 00:26:49.406 17206 17206 E ArmVmp : Match on catch block at 0xc3 in for 0x73fad10025
04-20 00:26:49.902 17206 17206 E ArmVmp : Match on catch block at 0xc3 in for 0x73fad10025
04-20 00:26:49.907 17206 17206 E ArmVmp : Match on catch block at 0xc3 in for 0x73fad10025
04-20 00:26:50.403 17206 17206 E ArmVmp : Match on catch block at 0xc3 in for 0x73fad10025
04-20 00:26:50.407 17206 17206 E ArmVmp : Match on catch block at 0xc3 in for 0x73fad10025
04-20 00:26:50.903 17206 17206 E ArmVmp : Match on catch block at 0xc3 in for 0x73fad10025
04-20 00:26:50.908 17206 17206 E ArmVmp : Match on catch block at 0xc3 in for 0x73fad10025
04-20 00:26:51.403 17206 17206 E ArmVmp : Match on catch block at 0xc3 in for 0x73fad10025
04-20 00:26:51.409 17206 17206 E ArmVmp : Match on catch block at 0xc3 in for 0x73fad10025
04-20 00:26:51.903 17206 17206 E ArmVmp : Match on catch block at 0xc3 in for 0x73fad10025
04-20 00:26:51.909 17206 17206 E ArmVmp : Match on catch block at 0xc3 in for 0x73fad10025
04-20 00:26:52.404 17206 17206 E ArmVmp : Match on catch block at 0xc3 in for 0x73fad10025
04-20 00:26:52.408 17206 17206 E ArmVmp : Match on catch block at 0xc3 in for 0x73fad10025
04-20 00:26:52.903 17206 17206 E ArmVmp : Match on catch block at 0xc3 in for 0x73fad10025
04-20 00:26:52.907 17206 17206 E ArmVmp : Match on catch block at 0xc3 in for 0x73fad10025
04-20 00:26:53.421 17206 17206 E ArmVmp : Match on catch block at 0xc3 in for 0x73fad10025
04-20 00:26:53.428 17206 17206 E ArmVmp : Match on catch block at 0xc3 in for 0x73fad10025
04-20 00:26:53.921 17206 17206 E ArmVmp : Match on catch block at 0xc3 in for 0x73fad10025
04-20 00:26:53.927 17206 17206 E ArmVmp : Match on catch block at 0xc3 in for 0x73fad10025
04-20 00:26:54.421 17206 17206 E ArmVmp : Match on catch block at 0xc3 in for 0x73fad10025
04-20 00:26:54.426 17206 17206 E ArmVmp : Match on catch block at 0xc3 in for 0x73fad10025
04-20 00:26:54.920 17206 17206 E ArmVmp : Match on catch block at 0xc3 in for 0x73fad10025
04-20 00:26:54.926 17206 17206 E ArmVmp : Match on catch block at 0xc3 in for 0x73fad10025
04-20 00:26:55.420 17206 17206 E ArmVmp : Match on catch block at 0xc3 in for 0x73fad10025
04-20 00:26:55.424 17206 17206 E ArmVmp : Match on catch block at 0xc3 in for 0x73fad10025
04-20 00:26:55.922 17206 17206 E ArmVmp : Match on catch block at 0xc3 in for 0x73fad10025
04-20 00:26:55.928 17206 17206 E ArmVmp : Match on catch block at 0xc3 in for 0x73fad10025
04-20 00:26:56.421 17206 17206 E ArmVmp : Match on catch block at 0xc3 in for 0x73fad10025
04-20 00:26:56.427 17206 17206 E ArmVmp : Match on catch block at 0xc3 in for 0x73fad10025
04-20 00:26:56.922 17206 17206 E ArmVmp : Match on catch block at 0xc3 in for 0x73fad10025
04-20 00:26:56.928 17206 17206 E ArmVmp : Match on catch block at 0xc3 in for 0x73fad10025
04-20 00:26:57.317 17206 17206 E OplusBracketLog: [OplusViewMirrorManager] updateHostViewRootIfNeeded, not support android.view.ViewRootImpl@de6c149
04-20 00:26:57.341 17206 17328 E OpenGLRenderer: Unable to match the desired swap behavior.
04-20 00:26:57.393 17206 17206 E ArmVmp : Match on catch block at 0xc3 in for 0x73fad10025
04-20 00:26:57.400 17206 17206 E ArmVmp : Match on catch block at 0xc3 in for 0x73fad10025
04-20 00:26:57.446 17206 17206 E ArmVmp : Match on catch block at 0xc3 in for 0x73fad10025
04-20 00:26:57.451 17206 17206 E ArmVmp : Match on catch block at 0xc3 in for 0x73fad10025
04-20 00:26:57.641 17206 17328 E OpenGLRenderer: Unable to match the desired swap behavior.
04-20 00:26:57.644 17206 17206 W VRI[Toast]: handleResized abandoned!
04-20 00:26:57.661 17206 17328 E OpenGLRenderer: Unable to match the desired swap behavior.
04-20 00:26:57.682 17206 17328 E OpenGLRenderer: Unable to match the desired swap behavior.
04-20 00:26:57.702 17206 17328 E OpenGLRenderer: Unable to match the desired swap behavior.
04-20 00:26:57.723 17206 17328 E OpenGLRenderer: Unable to match the desired swap behavior.
04-20 00:26:57.743 17206 17328 E OpenGLRenderer: Unable to match the desired swap behavior.
04-20 00:26:57.762 17206 17328 E OpenGLRenderer: Unable to match the desired swap behavior.
04-20 00:26:57.784 17206 17328 E OpenGLRenderer: Unable to match the desired swap behavior.
04-20 00:26:57.794 17206 17328 E OpenGLRenderer: Unable to match the desired swap behavior.
04-20 00:26:57.806 17206 17206 W VRI[Toast]: handleResized abandoned!
04-20 00:26:57.938 17206 17206 E ArmVmp : Match on catch block at 0xc3 in for 0x73fad10025
04-20 00:26:57.944 17206 17206 E ArmVmp : Match on catch block at 0xc3 in for 0x73fad10025
04-20 00:26:58.439 17206 17206 E ArmVmp : Match on catch block at 0xc3 in for 0x73fad10025
04-20 00:26:58.445 17206 17206 E ArmVmp : Match on catch block at 0xc3 in for 0x73fad10025
04-20 00:26:58.940 17206 17206 E ArmVmp : Match on catch block at 0xc3 in for 0x73fad10025
04-20 00:26:58.944 17206 17206 E ArmVmp : Match on catch block at 0xc3 in for 0x73fad10025
04-20 00:26:59.248 17206 17206 W WindowOnBackDispatcher: sendCancelIfRunning: isInProgress=falsecallback=android.view.ViewRootImpl$ $ExternalSyntheticLambda17@19aba4e
04-20 00:26:59.443 17206 17206 E ArmVmp : Match on catch block at 0xc3 in for 0x73fad10025
04-20 00:26:59.452 17206 17206 E ArmVmp : Match on catch block at 0xc3 in for 0x73fad10025
04-20 00:26:59.956 17206 17206 E ArmVmp : Match on catch block at 0xc3 in for 0x73fad10025
04-20 00:26:59.961 17206 17206 E ArmVmp : Match on catch block at 0xc3 in for 0x73fad10025
04-20 00:27:00.457 17206 17206 E ArmVmp : Match on catch block at 0xc3 in for 0x73fad10025
04-20 00:27:00.462 17206 17206 E ArmVmp : Match on catch block at 0xc3 in for 0x73fad10025
04-20 00:27:00.957 17206 17206 E ArmVmp : Match on catch block at 0xc3 in for 0x73fad10025
04-20 00:27:00.962 17206 17206 E ArmVmp : Match on catch block at 0xc3 in for 0x73fad10025
04-20 00:27:01.134 17206 17206 E ArmVmp : Match on catch block at 0xc3 in for 0x73fad10025
04-20 00:27:01.139 17206 17206 E ArmVmp : Match on catch block at 0xc3 in for 0x73fad10025
04-20 00:27:01.183 17206 17206 E ArmVmp : Match on catch block at 0xc3 in for 0x73fad10025
04-20 00:27:01.188 17206 17206 E ArmVmp : Match on catch block at 0xc3 in for 0x73fad10025
04-20 00:27:01.209 17206 17538 W MediaPlayer: Use of stream types is deprecated for operations other than volume control
04-20 00:27:01.209 17206 17538 W MediaPlayer: See the documentation of setAudioStreamType() for what to use instead with android.media.AudioAttributes to qualify your playback use case
04-20 00:27:01.289 17206 17206 W JobService: onNetworkChanged() not implemented in androidx.work.impl.background.systemjob.SystemJobService. Must override in a subclass.
04-20 00:27:01.455 17206 17206 E ArmVmp : Match on catch block at 0xc3 in for 0x73fad10025
04-20 00:27:01.461 17206 17206 E ArmVmp : Match on catch block at 0xc3 in for 0x73fad10025
04-20 00:27:01.956 17206 17206 E ArmVmp : Match on catch block at 0xc3 in for 0x73fad10025
04-20 00:27:01.960 17206 17206 E ArmVmp : Match on catch block at 0xc3 in for 0x73fad10025
04-20 00:27:02.456 17206 17206 E ArmVmp : Match on catch block at 0xc3 in for 0x73fad10025
04-20 00:27:02.463 17206 17206 E ArmVmp : Match on catch block at 0xc3 in for 0x73fad10025
04-20 00:27:02.959 17206 17206 E ArmVmp : Match on catch block at 0xc3 in for 0x73fad10025
04-20 00:27:02.964 17206 17206 E ArmVmp : Match on catch block at 0xc3 in for 0x73fad10025
04-20 00:27:03.458 17206 17206 E ArmVmp : Match on catch block at 0xc3 in for 0x73fad10025
04-20 00:27:03.464 17206 17206 E ArmVmp : Match on catch block at 0xc3 in for 0x73fad10025
04-20 00:27:03.958 17206 17206 E ArmVmp : Match on catch block at 0xc3 in for 0x73fad10025
04-20 00:27:03.963 17206 17206 E ArmVmp : Match on catch block at 0xc3 in for 0x73fad10025
04-20 00:27:04.458 17206 17206 E ArmVmp : Match on catch block at 0xc3 in for 0x73fad10025
04-20 00:27:04.464 17206 17206 E ArmVmp : Match on catch block at 0xc3 in for 0x73fad10025
04-20 00:27:04.959 17206 17206 E ArmVmp : Match on catch block at 0xc3 in for 0x73fad10025
04-20 00:27:04.964 17206 17206 E ArmVmp : Match on catch block at 0xc3 in for 0x73fad10025
04-20 00:27:05.459 17206 17206 E ArmVmp : Match on catch block at 0xc3 in for 0x73fad10025
04-20 00:27:05.463 17206 17206 E ArmVmp : Match on catch block at 0xc3 in for 0x73fad10025
04-20 00:27:05.961 17206 17206 E ArmVmp : Match on catch block at 0xc3 in for 0x73fad10025
04-20 00:27:05.967 17206 17206 E ArmVmp : Match on catch block at 0xc3 in for 0x73fad10025
04-20 00:27:06.475 17206 17206 E ArmVmp : Match on catch block at 0xc3 in for 0x73fad10025
04-20 00:27:06.482 17206 17206 E ArmVmp : Match on catch block at 0xc3 in for 0x73fad10025
04-20 00:27:06.976 17206 17206 E ArmVmp : Match on catch block at 0xc3 in for 0x73fad10025
04-20 00:27:06.983 17206 17206 E ArmVmp : Match on catch block at 0xc3 in for 0x73fad10025
04-20 00:27:07.476 17206 17206 E ArmVmp : Match on catch block at 0xc3 in for 0x73fad10025
04-20 00:27:07.481 17206 17206 E ArmVmp : Match on catch block at 0xc3 in for 0x73fad10025
04-20 00:27:07.976 17206 17206 E ArmVmp : Match on catch block at 0xc3 in for 0x73fad10025
04-20 00:27:07.981 17206 17206 E ArmVmp : Match on catch block at 0xc3 in for 0x73fad10025
04-20 00:27:08.477 17206 17206 E ArmVmp : Match on catch block at 0xc3 in for 0x73fad10025
04-20 00:27:08.483 17206 17206 E ArmVmp : Match on catch block at 0xc3 in for 0x73fad10025
04-20 00:27:08.976 17206 17206 E ArmVmp : Match on catch block at 0xc3 in for 0x73fad10025
04-20 00:27:08.981 17206 17206 E ArmVmp : Match on catch block at 0xc3 in for 0x73fad10025
04-20 00:27:09.475 17206 17206 E ArmVmp : Match on catch block at 0xc3 in for 0x73fad10025
04-20 00:27:09.480 17206 17206 E ArmVmp : Match on catch block at 0xc3 in for 0x73fad10025
04-20 00:27:09.547 17206 17206 E ArmVmp : Match on catch block at 0xc3 in for 0x73fad10025
04-20 00:27:09.552 17206 17206 E ArmVmp : Match on catch block at 0xc3 in for 0x73fad10025
04-20 00:27:09.598 17206 17206 W VRI[Conversation]: handleResized abandoned!
04-20 00:27:09.731 17206 17206 E ArmVmp : Match on catch block at 0xc3 in for 0x73fad10025
04-20 00:27:09.735 17206 17206 E ArmVmp : Match on catch block at 0xc3 in for 0x73fad10025
04-20 00:27:09.745 17206 17206 W VRI[Conversation]: handleResized abandoned!
04-20 00:27:09.759 17206 17206 E ArmVmp : Match on catch block at 0xc3 in for 0x73fad10025
04-20 00:27:09.764 17206 17206 E ArmVmp : Match on catch block at 0xc3 in for 0x73fad10025
04-20 00:27:09.976 17206 17206 E ArmVmp : Match on catch block at 0xc3 in for 0x73fad10025
04-20 00:27:09.980 17206 17206 E ArmVmp : Match on catch block at 0xc3 in for 0x73fad10025
04-20 00:27:10.478 17206 17206 E ArmVmp : Match on catch block at 0xc3 in for 0x73fad10025
04-20 00:27:10.484 17206 17206 E ArmVmp : Match on catch block at 0xc3 in for 0x73fad10025
04-20 00:27:10.977 17206 17206 E ArmVmp : Match on catch block at 0xc3 in for 0x73fad10025
04-20 00:27:10.983 17206 17206 E ArmVmp : Match on catch block at 0xc3 in for 0x73fad10025
04-20 00:27:11.478 17206 17206 E ArmVmp : Match on catch block at 0xc3 in for 0x73fad10025
04-20 00:27:11.483 17206 17206 E ArmVmp : Match on catch block at 0xc3 in for 0x73fad10025
04-20 00:27:11.978 17206 17206 E ArmVmp : Match on catch block at 0xc3 in for 0x73fad10025
04-20 00:27:11.984 17206 17206 E ArmVmp : Match on catch block at 0xc3 in for 0x73fad10025
04-20 00:27:12.400 17206 17206 E ArmVmp : Match on catch block at 0xc3 in for 0x73fad10025
04-20 00:27:12.405 17206 17206 E ArmVmp : Match on catch block at 0xc3 in for 0x73fad10025
04-20 00:27:12.431 17206 17206 E ArmVmp : Match on catch block at 0xc3 in for 0x73fad10025
04-20 00:27:12.435 17206 17206 E ArmVmp : Match on catch block at 0xc3 in for 0x73fad10025
04-20 00:27:12.444 17206 17206 E ArmVmp : Match on catch block at 0xc3 in for 0x73fad10025
04-20 00:27:12.451 17206 17206 E ArmVmp : Match on catch block at 0xc3 in for 0x73fad10025
04-20 00:27:12.461 17206 17206 E ArmVmp : Match on catch block at 0xc3 in for 0x73fad10025
04-20 00:27:12.469 17206 17206 E ArmVmp : Match on catch block at 0xc3 in for 0x73fad10025
04-20 00:27:12.477 17206 17206 E ArmVmp : Match on catch block at 0xc3 in for 0x73fad10025
04-20 00:27:12.483 17206 17206 E ArmVmp : Match on catch block at 0xc3 in for 0x73fad10025
04-20 00:27:12.493 17206 17206 E ArmVmp : Match on catch block at 0xc3 in for 0x73fad10025
04-20 00:27:12.497 17206 17206 E ArmVmp : Match on catch block at 0xc3 in for 0x73fad10025
04-20 00:27:12.517 17206 17206 E ArmVmp : Match on catch block at 0xc3 in for 0x73fad10025
04-20 00:27:12.522 17206 17206 E ArmVmp : Match on catch block at 0xc3 in for 0x73fad10025
04-20 00:27:12.543 17206 17206 E ArmVmp : Match on catch block at 0xc3 in for 0x73fad10025
04-20 00:27:12.548 17206 17206 E ArmVmp : Match on catch block at 0xc3 in for 0x73fad10025
04-20 00:27:12.560 17206 17206 E ArmVmp : Match on catch block at 0xc3 in for 0x73fad10025
04-20 00:27:12.566 17206 17206 E ArmVmp : Match on catch block at 0xc3 in for 0x73fad10025
04-20 00:27:12.579 17206 17206 E ArmVmp : Match on catch block at 0xc3 in for 0x73fad10025
04-20 00:27:12.585 17206 17206 E ArmVmp : Match on catch block at 0xc3 in for 0x73fad10025
04-20 00:27:12.594 17206 17206 E ArmVmp : Match on catch block at 0xc3 in for 0x73fad10025
04-20 00:27:12.602 17206 17206 E ArmVmp : Match on catch block at 0xc3 in for 0x73fad10025
04-20 00:27:12.694 17206 17206 E ArmVmp : Match on catch block at 0xc3 in for 0x73fad10025
04-20 00:27:12.699 17206 17206 E ArmVmp : Match on catch block at 0xc3 in for 0x73fad10025
04-20 00:27:12.894 17206 17206 E ArmVmp : Match on catch block at 0xc3 in for 0x73fad10025
04-20 00:27:12.900 17206 17206 E ArmVmp : Match on catch block at 0xc3 in for 0x73fad10025
04-20 00:27:13.193 17206 17206 E ArmVmp : Match on catch block at 0xc3 in for 0x73fad10025
04-20 00:27:13.199 17206 17206 E ArmVmp : Match on catch block at 0xc3 in for 0x73fad10025
04-20 00:27:13.443 17206 17206 E ArmVmp : Match on catch block at 0xc3 in for 0x73fad10025
04-20 00:27:13.449 17206 17206 E ArmVmp : Match on catch block at 0xc3 in for 0x73fad10025
04-20 00:27:13.677 17206 17206 E ArmVmp : Match on catch block at 0xc3 in for 0x73fad10025
04-20 00:27:13.682 17206 17206 E ArmVmp : Match on catch block at 0xc3 in for 0x73fad10025
04-20 00:27:13.695 17206 17206 E ArmVmp : Match on catch block at 0xc3 in for 0x73fad10025
04-20 00:27:13.700 17206 17206 E ArmVmp : Match on catch block at 0xc3 in for 0x73fad10025
04-20 00:27:14.044 17206 17206 E ArmVmp : Match on catch block at 0xc3 in for 0x73fad10025
04-20 00:27:14.050 17206 17206 E ArmVmp : Match on catch block at 0xc3 in for 0x73fad10025
04-20 00:27:14.328 17206 17206 E ArmVmp : Match on catch block at 0xc3 in for 0x73fad10025
04-20 00:27:14.333 17206 17206 E ArmVmp : Match on catch block at 0xc3 in for 0x73fad10025
04-20 00:27:14.610 17206 17206 E ArmVmp : Match on catch block at 0xc3 in for 0x73fad10025
04-20 00:27:14.616 17206 17206 E ArmVmp : Match on catch block at 0xc3 in for 0x73fad10025
04-20 00:27:14.846 17206 17206 E ArmVmp : Match on catch block at 0xc3 in for 0x73fad10025
04-20 00:27:14.852 17206 17206 E ArmVmp : Match on catch block at 0xc3 in for 0x73fad10025
04-20 00:27:14.977 17206 17206 E ArmVmp : Match on catch block at 0xc3 in for 0x73fad10025
04-20 00:27:14.984 17206 17206 E ArmVmp : Match on catch block at 0xc3 in for 0x73fad10025
04-20 00:27:15.477 17206 17206 E ArmVmp : Match on catch block at 0xc3 in for 0x73fad10025
04-20 00:27:15.482 17206 17206 E ArmVmp : Match on catch block at 0xc3 in for 0x73fad10025
04-20 00:27:15.577 17206 17206 E ArmVmp : Match on catch block at 0xc3 in for 0x73fad10025
04-20 00:27:15.583 17206 17206 E ArmVmp : Match on catch block at 0xc3 in for 0x73fad10025
04-20 00:27:15.595 17206 17206 E ArmVmp : Match on catch block at 0xc3 in for 0x73fad10025
04-20 00:27:15.599 17206 17206 E ArmVmp : Match on catch block at 0xc3 in for 0x73fad10025
04-20 00:27:15.624 17206 17206 E ArmVmp : Match on catch block at 0xc3 in for 0x73fad10025
04-20 00:27:15.628 17206 17206 E ArmVmp : Match on catch block at 0xc3 in for 0x73fad10025
04-20 00:27:15.663 17206 17206 E ArmVmp : Match on catch block at 0xc3 in for 0x73fad10025
04-20 00:27:15.668 17206 17206 E ArmVmp : Match on catch block at 0xc3 in for 0x73fad10025
04-20 00:27:15.732 17206 17206 E ArmVmp : Match on catch block at 0xc3 in for 0x73fad10025
04-20 00:27:15.738 17206 17206 E ArmVmp : Match on catch block at 0xc3 in for 0x73fad10025
04-20 00:27:15.773 17206 17206 E ArmVmp : Match on catch block at 0xc3 in for 0x73fad10025
04-20 00:27:15.779 17206 17206 E ArmVmp : Match on catch block at 0xc3 in for 0x73fad10025
04-20 00:27:15.815 17206 17206 E ArmVmp : Match on catch block at 0xc3 in for 0x73fad10025
04-20 00:27:15.821 17206 17206 E ArmVmp : Match on catch block at 0xc3 in for 0x73fad10025
04-20 00:27:15.834 17206 17206 E ArmVmp : Match on catch block at 0xc3 in for 0x73fad10025
04-20 00:27:15.840 17206 17206 E ArmVmp : Match on catch block at 0xc3 in for 0x73fad10025
04-20 00:27:15.861 17206 17206 E ArmVmp : Match on catch block at 0xc3 in for 0x73fad10025
04-20 00:27:15.867 17206 17206 E ArmVmp : Match on catch block at 0xc3 in for 0x73fad10025
04-20 00:27:16.129 17206 17206 E ArmVmp : Match on catch block at 0xc3 in for 0x73fad10025
04-20 00:27:16.133 17206 17206 E ArmVmp : Match on catch block at 0xc3 in for 0x73fad10025
04-20 00:27:16.150 17206 17206 E ArmVmp : Match on catch block at 0xc3 in for 0x73fad10025
04-20 00:27:16.155 17206 17206 E ArmVmp : Match on catch block at 0xc3 in for 0x73fad10025
04-20 00:27:16.172 17206 17538 W MediaPlayer: Use of stream types is deprecated for operations other than volume control
04-20 00:27:16.173 17206 17538 W MediaPlayer: See the documentation of setAudioStreamType() for what to use instead with android.media.AudioAttributes to qualify your playback use case
04-20 00:27:16.616 17206 17206 E ArmVmp : Match on catch block at 0xc3 in for 0x73fad10025
04-20 00:27:16.623 17206 17206 E ArmVmp : Match on catch block at 0xc3 in for 0x73fad10025
04-20 00:27:16.650 17206 17206 E ArmVmp : Match on catch block at 0xc3 in for 0x73fad10025
04-20 00:27:16.656 17206 17206 E ArmVmp : Match on catch block at 0xc3 in for 0x73fad10025
04-20 00:27:16.871 17206 17206 E ArmVmp : Match on catch block at 0xc3 in for 0x73fad10025
04-20 00:27:16.875 17206 17206 E ArmVmp : Match on catch block at 0xc3 in for 0x73fad10025
04-20 00:27:17.147 17206 17206 E ArmVmp : Match on catch block at 0xc3 in for 0x73fad10025
04-20 00:27:17.151 17206 17206 E ArmVmp : Match on catch block at 0xc3 in for 0x73fad10025
04-20 00:27:17.217 17206 17206 E ArmVmp : Match on catch block at 0xc3 in for 0x73fad10025
04-20 00:27:17.221 17206 17206 E ArmVmp : Match on catch block at 0xc3 in for 0x73fad10025
04-20 00:27:17.241 17206 17206 E ArmVmp : Match on catch block at 0xc3 in for 0x73fad10025
04-20 00:27:17.246 17206 17206 E ArmVmp : Match on catch block at 0xc3 in for 0x73fad10025
04-20 00:27:17.255 17206 17206 E ArmVmp : Match on catch block at 0xc3 in for 0x73fad10025
04-20 00:27:17.264 17206 17206 E ArmVmp : Match on catch block at 0xc3 in for 0x73fad10025
04-20 00:27:17.274 17206 17206 E ArmVmp : Match on catch block at 0xc3 in for 0x73fad10025
04-20 00:27:17.280 17206 17206 E ArmVmp : Match on catch block at 0xc3 in for 0x73fad10025
04-20 00:27:17.298 17206 17206 E ArmVmp : Match on catch block at 0xc3 in for 0x73fad10025
04-20 00:27:17.305 17206 17206 E ArmVmp : Match on catch block at 0xc3 in for 0x73fad10025
04-20 00:27:17.311 17206 17206 E ArmVmp : Match on catch block at 0xc3 in for 0x73fad10025
04-20 00:27:17.317 17206 17206 E ArmVmp : Match on catch block at 0xc3 in for 0x73fad10025
04-20 00:27:17.333 17206 17206 E ArmVmp : Match on catch block at 0xc3 in for 0x73fad10025
04-20 00:27:17.340 17206 17206 E ArmVmp : Match on catch block at 0xc3 in for 0x73fad10025
04-20 00:27:17.362 17206 17206 E ArmVmp : Match on catch block at 0xc3 in for 0x73fad10025
04-20 00:27:17.367 17206 17206 E ArmVmp : Match on catch block at 0xc3 in for 0x73fad10025
04-20 00:27:17.379 17206 17206 E ArmVmp : Match on catch block at 0xc3 in for 0x73fad10025
04-20 00:27:17.384 17206 17206 E ArmVmp : Match on catch block at 0xc3 in for 0x73fad10025
04-20 00:27:17.395 17206 17206 E ArmVmp : Match on catch block at 0xc3 in for 0x73fad10025
04-20 00:27:17.402 17206 17206 E ArmVmp : Match on catch block at 0xc3 in for 0x73fad10025
04-20 00:27:17.412 17206 17206 E ArmVmp : Match on catch block at 0xc3 in for 0x73fad10025
04-20 00:27:17.417 17206 17206 E ArmVmp : Match on catch block at 0xc3 in for 0x73fad10025
04-20 00:27:17.448 17206 17206 E ArmVmp : Match on catch block at 0xc3 in for 0x73fad10025
04-20 00:27:17.454 17206 17206 E ArmVmp : Match on catch block at 0xc3 in for 0x73fad10025
04-20 00:27:17.529 17206 17206 E ArmVmp : Match on catch block at 0xc3 in for 0x73fad10025
04-20 00:27:17.535 17206 17206 E ArmVmp : Match on catch block at 0xc3 in for 0x73fad10025
04-20 00:27:17.717 17206 17206 E ArmVmp : Match on catch block at 0xc3 in for 0x73fad10025
04-20 00:27:17.723 17206 17206 E ArmVmp : Match on catch block at 0xc3 in for 0x73fad10025
04-20 00:27:17.981 17206 17206 E ArmVmp : Match on catch block at 0xc3 in for 0x73fad10025
04-20 00:27:17.992 17206 17206 E ArmVmp : Match on catch block at 0xc3 in for 0x73fad10025
04-20 00:27:18.231 17206 17206 E ArmVmp : Match on catch block at 0xc3 in for 0x73fad10025
04-20 00:27:18.237 17206 17206 E ArmVmp : Match on catch block at 0xc3 in for 0x73fad10025
04-20 00:27:18.529 17206 17206 E ArmVmp : Match on catch block at 0xc3 in for 0x73fad10025
04-20 00:27:18.536 17206 17206 E ArmVmp : Match on catch block at 0xc3 in for 0x73fad10025
04-20 00:27:18.746 17206 17206 E ArmVmp : Match on catch block at 0xc3 in for 0x73fad10025
04-20 00:27:18.756 17206 17206 E ArmVmp : Match on catch block at 0xc3 in for 0x73fad10025
04-20 00:27:18.898 17206 17206 E ArmVmp : Match on catch block at 0xc3 in for 0x73fad10025
04-20 00:27:18.904 17206 17206 E ArmVmp : Match on catch block at 0xc3 in for 0x73fad10025
04-20 00:27:19.096 17206 17206 E ArmVmp : Match on catch block at 0xc3 in for 0x73fad10025
04-20 00:27:19.101 17206 17206 E ArmVmp : Match on catch block at 0xc3 in for 0x73fad10025
04-20 00:27:19.204 17206 17206 E ArmVmp : Match on catch block at 0xc3 in for 0x73fad10025
04-20 00:27:19.212 17206 17206 E ArmVmp : Match on catch block at 0xc3 in for 0x73fad10025
04-20 00:27:19.462 17206 17206 E ArmVmp : Match on catch block at 0xc3 in for 0x73fad10025
04-20 00:27:19.468 17206 17206 E ArmVmp : Match on catch block at 0xc3 in for 0x73fad10025
04-20 00:27:19.664 17206 17206 E ArmVmp : Match on catch block at 0xc3 in for 0x73fad10025
04-20 00:27:19.669 17206 17206 E ArmVmp : Match on catch block at 0xc3 in for 0x73fad10025
04-20 00:27:19.912 17206 17206 E ArmVmp : Match on catch block at 0xc3 in for 0x73fad10025
04-20 00:27:19.917 17206 17206 E ArmVmp : Match on catch block at 0xc3 in for 0x73fad10025
04-20 00:27:20.398 17206 17206 E ArmVmp : Match on catch block at 0xc3 in for 0x73fad10025
04-20 00:27:20.403 17206 17206 E ArmVmp : Match on catch block at 0xc3 in for 0x73fad10025
04-20 00:27:20.530 17206 17206 E ArmVmp : Match on catch block at 0xc3 in for 0x73fad10025
04-20 00:27:20.535 17206 17206 E ArmVmp : Match on catch block at 0xc3 in for 0x73fad10025
04-20 00:27:20.696 17206 17206 E ArmVmp : Match on catch block at 0xc3 in for 0x73fad10025
04-20 00:27:20.702 17206 17206 E ArmVmp : Match on catch block at 0xc3 in for 0x73fad10025
04-20 00:27:20.829 17206 17206 E ArmVmp : Match on catch block at 0xc3 in for 0x73fad10025
04-20 00:27:20.835 17206 17206 E ArmVmp : Match on catch block at 0xc3 in for 0x73fad10025
04-20 00:27:21.331 17206 17206 E ArmVmp : Match on catch block at 0xc3 in for 0x73fad10025
04-20 00:27:21.336 17206 17206 E ArmVmp : Match on catch block at 0xc3 in for 0x73fad10025
04-20 00:27:21.831 17206 17206 E ArmVmp : Match on catch block at 0xc3 in for 0x73fad10025
04-20 00:27:21.837 17206 17206 E ArmVmp : Match on catch block at 0xc3 in for 0x73fad10025
04-20 00:27:22.180 17206 17206 E ArmVmp : Match on catch block at 0xc3 in for 0x73fad10025
04-20 00:27:22.184 17206 17206 E ArmVmp : Match on catch block at 0xc3 in for 0x73fad10025
04-20 00:27:22.208 17206 17206 E ArmVmp : Match on catch block at 0xc3 in for 0x73fad10025
04-20 00:27:22.213 17206 17206 E ArmVmp : Match on catch block at 0xc3 in for 0x73fad10025
04-20 00:27:22.252 17206 17206 E ArmVmp : Match on catch block at 0xc3 in for 0x73fad10025
04-20 00:27:22.259 17206 17206 E ArmVmp : Match on catch block at 0xc3 in for 0x73fad10025
04-20 00:27:22.334 17206 17206 E ArmVmp : Match on catch block at 0xc3 in for 0x73fad10025
04-20 00:27:22.340 17206 17206 E ArmVmp : Match on catch block at 0xc3 in for 0x73fad10025
04-20 00:27:22.375 17206 17206 E ArmVmp : Match on catch block at 0xc3 in for 0x73fad10025
04-20 00:27:22.381 17206 17206 E ArmVmp : Match on catch block at 0xc3 in for 0x73fad10025
04-20 00:27:22.411 17206 17206 E ArmVmp : Match on catch block at 0xc3 in for 0x73fad10025
04-20 00:27:22.417 17206 17206 E ArmVmp : Match on catch block at 0xc3 in for 0x73fad10025
04-20 00:27:22.434 17206 17206 E ArmVmp : Match on catch block at 0xc3 in for 0x73fad10025
04-20 00:27:22.440 17206 17206 E ArmVmp : Match on catch block at 0xc3 in for 0x73fad10025
04-20 00:27:22.447 17206 17206 E ArmVmp : Match on catch block at 0xc3 in for 0x73fad10025
04-20 00:27:22.452 17206 17206 E ArmVmp : Match on catch block at 0xc3 in for 0x73fad10025
04-20 00:27:22.797 17206 17206 E ArmVmp : Match on catch block at 0xc3 in for 0x73fad10025
04-20 00:27:22.802 17206 17206 E ArmVmp : Match on catch block at 0xc3 in for 0x73fad10025
04-20 00:27:22.814 17206 17206 W WindowOnBackDispatcher: sendCancelIfRunning: isInProgress=falsecallback=ImeCallback=ImeOnBackInvokedCallback@130186315 Callback=android.window.IOnBackInvokedCallback$Stub$Proxy@3ced027
04-20 00:27:22.816 17206 17206 W VRI[Conversation]: handleResized abandoned!
04-20 00:27:22.833 17206 17206 E ArmVmp : Match on catch block at 0xc3 in for 0x73fad10025
04-20 00:27:22.837 17206 17206 E ArmVmp : Match on catch block at 0xc3 in for 0x73fad10025
04-20 00:27:22.850 17206 17206 E ArmVmp : Match on catch block at 0xc3 in for 0x73fad10025
04-20 00:27:22.850 17206 17538 W MediaPlayer: Use of stream types is deprecated for operations other than volume control
04-20 00:27:22.850 17206 17538 W MediaPlayer: See the documentation of setAudioStreamType() for what to use instead with android.media.AudioAttributes to qualify your playback use case
04-20 00:27:22.857 17206 17206 E ArmVmp : Match on catch block at 0xc3 in for 0x73fad10025
04-20 00:27:22.877 17206 17206 E ArmVmp : Match on catch block at 0xc3 in for 0x73fad10025
04-20 00:27:22.882 17206 17206 E ArmVmp : Match on catch block at 0xc3 in for 0x73fad10025
04-20 00:27:23.204 17206 17206 E ArmVmp : Match on catch block at 0xc3 in for 0x73fad10025
04-20 00:27:23.208 17206 17206 E ArmVmp : Match on catch block at 0xc3 in for 0x73fad10025
04-20 00:27:23.237 17206 17206 E ArmVmp : Match on catch block at 0xc3 in for 0x73fad10025
04-20 00:27:23.241 17206 17206 E ArmVmp : Match on catch block at 0xc3 in for 0x73fad10025
04-20 00:27:23.331 17206 17206 E ArmVmp : Match on catch block at 0xc3 in for 0x73fad10025
04-20 00:27:23.335 17206 17206 E ArmVmp : Match on catch block at 0xc3 in for 0x73fad10025
04-20 00:27:23.462 17206 17206 W VRI[Conversation]: handleResized abandoned!
04-20 00:27:23.564 17206 17206 E ArmVmp : Match on catch block at 0xc3 in for 0x73fad10025
04-20 00:27:23.569 17206 17206 E ArmVmp : Match on catch block at 0xc3 in for 0x73fad10025
04-20 00:27:23.617 17206 17206 E ArmVmp : Match on catch block at 0xc3 in for 0x73fad10025
04-20 00:27:23.622 17206 17206 E ArmVmp : Match on catch block at 0xc3 in for 0x73fad10025
04-20 00:27:24.024 17206 17206 E ArmVmp : Match on catch block at 0xc3 in for 0x73fad10025
04-20 00:27:24.028 17206 17206 E ArmVmp : Match on catch block at 0xc3 in for 0x73fad10025
04-20 00:27:24.089 17206 17206 W VRI[HomeActivity]: updateBlastSurfaceIfNeeded, surfaceSize:Point(720, 1612), lastSurfaceSize:Point(720, 1612), format:-2, blastBufferQueue:null
04-20 00:27:24.092 17206 17328 E OpenGLRenderer: Unable to match the desired swap behavior.
04-20 00:27:24.443 17206 17206 E ArmVmp : Match on catch block at 0xc3 in for 0x73fad10025
04-20 00:27:24.448 17206 17206 E ArmVmp : Match on catch block at 0xc3 in for 0x73fad10025
04-20 00:27:24.460 17206 17206 W VRI[HomeActivity]: updateBlastSurfaceIfNeeded, surfaceSize:Point(720, 1612), lastSurfaceSize:Point(720, 1612), format:-2, blastBufferQueue:android.graphics.BLASTBufferQueue@7bbdfcf
04-20 00:27:24.548 17206 17206 W VRI[HomeActivity]: updateBlastSurfaceIfNeeded, surfaceSize:Point(720, 1612), lastSurfaceSize:Point(720, 1612), format:-2, blastBufferQueue:android.graphics.BLASTBufferQueue@7bbdfcf
04-20 00:27:24.550 17206 17206 E ArmVmp : Match on catch block at 0xc3 in for 0x73fad10025 04-20 00:2--------- beginning of main
04-20 00:28:13.002 17206 17206 W JobService: onNetworkChanged() not implemented in androidx.work.impl.background.systemjob.SystemJobService. Must override in a subclass.
04-20 00:28:17.163 31466 31466 E com.mbwhatsapp: Not starting debugger since process cannot load the jdwp agent.
04-20 00:28:17.197 31466 31466 W ziparchive: Unable to open '/system_ext/framework/mediatek-framework.dm': No such file or directory
04-20 00:28:17.198 31466 31466 W ziparchive: Unable to open '/system_ext/framework/mediatek-framework.dm': No such file or directory
04-20 00:28:17.272 31466 31497 E com.mbwhatsapp: Could not write anonymous vdex /system_ext/framework/oat/arm64/mediatek-framework.vdex: Could not open /system_ext/framework/oat/arm64/mediatek-framework.vdex for writing
04-20 00:28:17.402 31466 31466 W libc : Access denied finding property "ro.odm.prev.product.name"
04-20 00:28:18.544 31466 31466 W System.err: java.lang.ClassNotFoundException: mbmodsd.mbmodsw.ui.views.btn.BtnBK
04-20 00:28:18.554 31466 31466 W System.err: at java.lang.Runtime.nativeLoad(Native Method)
04-20 00:28:18.554 31466 31466 W System.err: at java.lang.Runtime.nativeLoad(Runtime.java:1126)
04-20 00:28:18.554 31466 31466 W System.err: at java.lang.Runtime.loadLibrary0(Runtime.java:1080)
04-20 00:28:18.554 31466 31466 W System.err: at java.lang.Runtime.loadLibrary0(Runtime.java:1003)
04-20 00:28:18.554 31466 31466 W System.err: at java.lang.System.loadLibrary(System.java:1661)
04-20 00:28:18.554 31466 31466 W System.err: at arm.EpicVm.<clinit>(Unknown Source:2)
04-20 00:28:18.554 31466 31466 W System.err: at java.lang.Class.newInstance(Native Method)
04-20 00:28:18.554 31466 31466 W System.err: at android.app.AppComponentFactory.instantiateApplication(AppComponentFactory.java:76)
04-20 00:28:18.554 31466 31466 W System.err: at androidx.core.app.CoreComponentFactory.instantiateApplication(Unknown Source:0)
04-20 00:28:18.554 31466 31466 W System.err: at android.app.Instrumentation.newApplication(Instrumentation.java:1301)
04-20 00:28:18.554 31466 31466 W System.err: at android.app.LoadedApk.makeApplicationInner(LoadedApk.java:1545)
04-20 00:28:18.554 31466 31466 W System.err: at android.app.LoadedApk.makeApplicationInner(LoadedApk.java:1463)
04-20 00:28:18.554 31466 31466 W System.err: at android.app.ActivityThread.handleBindApplication(ActivityThread.java:7525)
04-20 00:28:18.554 31466 31466 W System.err: at android.app.ActivityThread.-$ $Nest$mhandleBindApplication(Unknown Source:0)
04-20 00:28:18.554 31466 31466 W System.err: at android.app.ActivityThread$H.handleMessage(ActivityThread.java:2416)
04-20 00:28:18.554 31466 31466 W System.err: at android.os.Handler.dispatchMessage(Handler.java:106)
04-20 00:28:18.554 31466 31466 W System.err: at android.os.Looper.loopOnce(Looper.java:257)
04-20 00:28:18.554 31466 31466 W System.err: at android.os.Looper.loop(Looper.java:368)
04-20 00:28:18.554 31466 31466 W System.err: at android.app.ActivityThread.main(ActivityThread.java:8825)
04-20 00:28:18.554 31466 31466 W System.err: at java.lang.reflect.Method.invoke(Native Method)
04-20 00:28:18.554 31466 31466 W System.err: at com.android.internal.os.RuntimeInit$MethodAndArgsCaller.run(RuntimeInit.java:572)
04-20 00:28:18.554 31466 31466 W System.err: at com.android.internal.os.ZygoteInit.main(ZygoteInit.java:1049)
04-20 00:28:19.004 31466 31466 E CustomActivityOnCrash: IMPORTANT WARNING! You already have an UncaughtExceptionHandler, are you sure this is correct? If you use a custom UncaughtExceptionHandler, you must initialize it AFTER CustomActivityOnCrash! Installing anyway, but your original handler will not be called.
04-20 00:28:19.617 31466 31635 W LibraryVersion: Failed to get app version for libraryName: firebase-iid
04-20 00:28:22.776 31466 31466 W com.mbwhatsapp: Accessing hidden method Lcom/android/org/conscrypt/OpenSSLSocketImpl;->setUseSessionTickets(Z)V (max- target-q,core-platform-api, reflection, denied)
04-20 00:28:22.777 31466 31466 W com.mbwhatsapp: Accessing hidden method Lcom/android/org/conscrypt/AbstractConscryptSocket;->setUseSessionTickets(Z)V (max- target-q, reflection, denied)
04-20 00:28:23.247 31866 31866 W libprocessgroup: Controller io is not found
04-20 00:28:23.248 31866 31866 W libprocessgroup: Controller io is not found
04-20 00:28:23.248 31866 31866 W libprocessgroup: Controller io is not found
04-20 00:28:23.249 31866 31866 W libprocessgroup: SetAttribute: unknown attribute: CfqGroupIdle
04-20 00:28:23.249 31866 31866 W libprocessgroup: SetAttribute: unknown attribute: CfqWeight
04-20 00:28:23.249 31866 31866 W libprocessgroup: SetAttribute: unknown attribute: CfqGroupIdle
04-20 00:28:23.250 31866 31866 W libprocessgroup: SetAttribute: unknown attribute: CfqWeight
04-20 00:28:23.250 31866 31866 W libprocessgroup: SetAttribute: unknown attribute: BfqWeight
04-20 00:28:23.250 31866 31866 W libprocessgroup: SetAttribute: unknown attribute: CfqGroupIdle
04-20 00:28:23.250 31866 31866 W libprocessgroup: SetAttribute: unknown attribute: CfqWeight
04-20 00:28:23.250 31866 31866 W libprocessgroup: SetAttribute: unknown attribute: BfqWeight
04-20 00:28:23.250 31866 31866 W libprocessgroup: SetAttribute: unknown attribute: CfqGroupIdle
04-20 00:28:23.250 31866 31866 W libprocessgroup: SetAttribute: unknown attribute: CfqWeight
04-20 00:28:23.250 31866 31866 W libprocessgroup: SetAttribute: unknown attribute: BfqWeight
04-20 00:28:23.250 31866 31866 W libprocessgroup: SetAttribute: unknown attribute: CfqGroupIdle
04-20 00:28:23.250 31866 31866 W libprocessgroup: SetAttribute: unknown attribute: CfqWeight
04-20 00:28:23.250 31866 31866 W libprocessgroup: SetAttribute: unknown attribute: BfqWeight
04-20 00:28:23.250 31866 31866 W libprocessgroup: SetAttribute: unknown attribute: CfqGroupIdle
04-20 00:28:23.250 31866 31866 W libprocessgroup: SetAttribute: unknown attribute: CfqWeight
04-20 00:28:23.251 31866 31866 W libprocessgroup: SetAttribute: unknown attribute: BfqWeight
04-20 00:28:23.251 31866 31866 W libprocessgroup: SetAttribute: unknown attribute: CfqGroupIdle
04-20 00:28:23.251 31866 31866 W libprocessgroup: SetAttribute: unknown attribute: CfqWeight
04-20 00:28:23.876 31466 31466 E ANR_LOG : Entry{target='android.app.ActivityThread$H', callback='', messageName='android.app.ActivityThread$H', wall=6569', mWhen=270693197, mArg1=0, mArg2=0, mWhat=110, mCount=0
04-20 00:28:23.910 31466 32015 W com.mbwhatsapp: Method void X.2rL.A03(java.lang.Integer) failed lock verification and will run slower.
04-20 00:28:23.910 31466 32015 W com.mbwhatsapp: Common causes for lock verification issues are non-optimized dex code
04-20 00:28:23.910 31466 32015 W com.mbwhatsapp: and incorrect proguard optimizations.
04-20 00:28:24.297 31466 32048 W ConnectivityManager.CallbackHandler: callback not found for CALLBACK_CAP_CHANGED message
04-20 00:28:25.709 31466 31499 W OplusExSystemServiceHelper: checkOplusExSystemService intent getComponent is null
04-20 00:29:26.785 31466 31466 W JobService: onNetworkChanged() not implemented in androidx.work.impl.background.systemjob.SystemJobService. Must override in a subclass.
04-20 00:29:41.611 31466 31466 W JobService: onNetworkChanged() not implemented in androidx.work.impl.background.systemjob.SystemJobService. Must override in a subclass.
04-20 00:31:35.599 31466 31466 W JobService: onNetworkChanged() not implemented in androidx.work.impl.background.systemjob.SystemJobService. Must override in a subclass.
04-20 00:31:41.750 31466 31466 W JobService: onNetworkChanged() not implemented in androidx.work.impl.background.systemjob.SystemJobService. Must override in a subclass. --------- beginning of system
04-20 00:31:49.269 31466 31466 E OplusCustomizeRestrictionManager: sInstance is null, start a new sInstance
04-20 00:31:49.392 31466 31466 E SchedAssist: ofbOpen failed with error=No such file or directory
04-20 00:31:49.392 31466 31466 E SchedAssist: sysOpen failed with error=No such file or directory
04-20 00:31:49.392 31466 31466 E SchedAssist: sharedImFd failed with error=Permission denied
04-20 00:32:09.822 31466 31466 W JobService: onNetworkChanged() not implemented in androidx.wo--------- beginning of main
04-20 00:32:19.939 31466 31466 W JobService: onNetworkChanged() not implemented in androidx.work.impl.background.systemjob.SystemJobService. Must override in a subclass.
04-20 00:32:27.147 31466 32001 E SQLiteDatabase: Error inserting transferred=1 media_job_uuid=68235592-6e68-426f-b598-3348af7c791c transcoded=0 gif_attribution=0 first_scan_length=7875 direct_path=/v/t62.7118- 24/56334492_339974685340551_6203334802016843857_n.enc?ccb=11- 4&oh=01_Q5AaICQH59h0uywxq0ISTdKGwjdscQqq_ZvbtaBMPtzFYIk2&oe=664A240A&_nc_sid=5e03e0 thumbnail_height_width_ratio=1.8181819 is_animated_sticker=0 file_hash=619vdAT2l5ZgfhQF9IQ7eyNBHnPXC5OS47DXMxHSoh8= file_path=Media/MBWhatsApp Images/IMG-20240420-WA0000.jpg file_size=54768 partial_media_hash=XhGFAUSXkjzV4ZAWqekiTaND1w2CbjKsKzsIfgOPRgc= face_x=184 face_y=527 height=1280 trim_to=0 media_key_timestamp=1713544319000 message_url=https://mmg.whatsapp.net/v/t62.7118- 24/56334492_339974685340551_6203334802016843857_n.enc?ccb=11- 4&oh=01_Q5AaICQH59h0uywxq0ISTdKGwjdscQqq_ZvbtaBMPtzFYIk2&oe=664A240A&_nc_sid=5e03e0 &mms3=true media_caption=null trim_from=0 mime_type=image/jpeg partial_media_enc_hash=null width=720 original_file_hash=null has_streaming_sidecar=1 autotransfer_retry_enabled=1 media_upload_handle=null message_row_id=4449 multicast_id=null enc_file_hash=dC4xOc+fyX2hQeCrFbSTjMcQQbn3E9+okNCarpNVN1I= mute_video=0 page_count=0 first_scan_sidecar=[B@52b8107 suspicious_content=0 file_length=54768 media_name=null media_duration=0 chat_row_id=130 media_key=[B@7404234
04-20 00:32:27.147 31466 32001 E SQLiteDatabase: android.database.sqlite.SQLiteConstraintException: UNIQUE constraint failed: message_media.message_row_id (code 1555 SQLITE_CONSTRAINT_PRIMARYKEY)
04-20 00:32:27.147 31466 32001 E SQLiteDatabase: at android.database.sqlite.SQLiteConnection.nativeExecuteForLastInsertedRowId(Native Method)
04-20 00:32:27.147 31466 32001 E SQLiteDatabase: at android.database.sqlite.SQLiteConnection.executeForLastInsertedRowId(SQLiteConnecti on.java:975)
04-20 00:32:27.147 31466 32001 E SQLiteDatabase: at android.database.sqlite.SQLiteSession.executeForLastInsertedRowId(SQLiteSession.jav a:790)
04-20 00:32:27.147 31466 32001 E SQLiteDatabase: at android.database.sqlite.SQLiteStatement.executeInsert(SQLiteStatement.java:89)
