04-20 00:37:28.735 18147 18147 E ArmVmp : Match on catch block at 0xc3 in for 0x73fad10025
04-20 00:37:28.768 18147 18147 E ArmVmp : Match on catch block at 0xc3 in for 0x73fad10025
04-20 00:37:28.774 18147 18147 E ArmVmp : Match on catch block at 0xc3 in for 0x73fad10025
04-20 00:37:28.873 18147 18147 E ArmVmp : Match on catch block at 0xc3 in for 0x73fad10025
04-20 00:37:28.878 18147 18147 E ArmVmp : Match on catch block at 0xc3 in for 0x73fad10025
04-20 00:37:28.920 18147 18147 E ArmVmp : Match on catch block at 0xc3 in for 0x73fad10025
04-20 00:37:28.925 18147 18147 E ArmVmp : Match on catch block at 0xc3 in for 0x73fad10025
04-20 00:37:28.950 18147 18147 E ArmVmp : Match on catch block at 0xc3 in for 0x73fad10025
04-20 00:37:28.968 18147 18147 E ArmVmp : Match on catch block at 0xc3 in for 0x73fad10025
04-20 00:37:28.985 18147 18147 E ArmVmp : Match on catch block at 0xc3 in for 0x73fad10025
04-20 00:37:28.991 18147 18147 E ArmVmp : Match on catch block at 0xc3 in for 0x73fad10025
04-20 00:37:29.216 18147 18147 E ArmVmp : Match on catch block at 0xc3 in for 0x73fad10025
04-20 00:37:29.221 18147 18147 E ArmVmp : Match on catch block at 0xc3 in for 0x73fad10025
04-20 00:37:29.257 18147 18147 E ArmVmp : Match on catch block at 0xc3 in for 0x73fad10025
04-20 00:37:29.263 18147 18147 E ArmVmp : Match on catch block at 0xc3 in for 0x73fad10025
04-20 00:37:29.278 18147 18570 W MediaPlayer: Use of stream types is deprecated for operations other than volume control
04-20 00:37:29.278 18147 18570 W MediaPlayer: See the documentation of setAudioStreamType() for what to use instead with android.media.AudioAttributes to qualify your playback use case
04-20 00:37:29.656 18147 18147 E ArmVmp : Match on catch block at 0xc3 in for 0x73fad10025
04-20 00:37:29.659 18147 18147 E ArmVmp : Match on catch block at 0xc3 in for 0x73fad10025
04-20 00:37:29.717 18147 18147 E ArmVmp : Match on catch block at 0xc3 in for 0x73fad10025
04-20 00:37:29.721 18147 18147 E ArmVmp : Match on catch block at 0xc3 in for 0x73fad10025
04-20 00:37:30.217 18147 18147 E ArmVmp : Match on catch block at 0xc3 in for 0x73fad10025
04-20 00:37:30.222 18147 18147 E ArmVmp : Match on catch block at 0xc3 in for 0x73fad10025
04-20 00:37:30.718 18147 18147 E ArmVmp : Match on catch block at 0xc3 in for 0x73fad10025
04-20 00:37:30.724 18147 18147 E ArmVmp : Match on catch block at 0xc3 in for 0x73fad10025
04-20 00:37:31.218 18147 18147 E ArmVmp : Match on catch block at 0xc3 in for 0x73fad10025
04-20 00:37:31.223 18147 18147 E ArmVmp : Match on catch block at 0xc3 in for 0x73fad10025
04-20 00:37:31.717 18147 18147 E ArmVmp : Match on catch block at 0xc3 in for 0x73fad10025
04-20 00:37:31.722 18147 18147 E ArmVmp : Match on catch block at 0xc3 in for 0x73fad10025
04-20 00:37:32.219 18147 18147 E ArmVmp : Match on catch block at 0xc3 in for 0x73fad10025
04-20 00:37:32.223 18147 18147 E ArmVmp : Match on catch block at 0xc3 in for 0x73fad10025
04-20 00:37:32.719 18147 18147 E ArmVmp : Match on catch block at 0xc3 in for 0x73fad10025
04-20 00:37:32.724 18147 18147 E ArmVmp : Match on catch block at 0xc3 in for 0x73fad10025
04-20 00:37:33.220 18147 18147 E ArmVmp : Match on catch block at 0xc3 in for 0x73fad10025
04-20 00:37:33.224 18147 18147 E ArmVmp : Match on catch block at 0xc3 in for 0x73fad10025
04-20 00:37:33.736 18147 18147 E ArmVmp : Match on catch block at 0xc3 in for 0x73fad10025
04-20 00:37:33.741 18147 18147 E ArmVmp : Match on catch block at 0xc3 in for 0x73fad10025
04-20 00:37:34.236 18147 18147 E ArmVmp : Match on catch block at 0xc3 in for 0x73fad10025
04-20 00:37:34.240 18147 18147 E ArmVmp : Match on catch block at 0xc3 in for 0x73fad10025
04-20 00:37:34.736 18147 18147 E ArmVmp : Match on catch block at 0xc3 in for 0x73fad10025
04-20 00:37:34.742 18147 18147 E ArmVmp : Match on catch block at 0xc3 in for 0x73fad10025
04-20 00:37:35.236 18147 18147 E ArmVmp : Match on catch block at 0xc3 in for 0x73fad10025
04-20 00:37:35.242 18147 18147 E ArmVmp : Match on catch block at 0xc3 in for 0x73fad10025
04-20 00:37:35.736 18147 18147 E ArmVmp : Match on catch block at 0xc3 in for 0x73fad10025
04-20 00:37:35.743 18147 18147 E ArmVmp : Match on catch block at 0xc3 in for 0x73fad10025
04-20 00:37:36.237 18147 18147 E ArmVmp : Match on catch block at 0xc3 in for 0x73fad10025
04-20 00:37:36.241 18147 18147 E ArmVmp : Match on catch block at 0xc3 in for 0x73fad10025
04-20 00:37:36.738 18147 18147 E ArmVmp : Match on catch block at 0xc3 in for 0x73fad10025
04-20 00:37:36.743 18147 18147 E ArmVmp : Match on catch block at 0xc3 in for 0x73fad10025
04-20 00:37:37.238 18147 18147 E ArmVmp : Match on catch block at 0xc3 in for 0x73fad10025
04-20 00:37:37.243 18147 18147 E ArmVmp : Match on catch block at 0xc3 in for 0x73fad10025
04-20 00:37:37.738 18147 18147 E ArmVmp : Match on catch block at 0xc3 in for 0x73fad10025
04-20 00:37:37.744 18147 18147 E ArmVmp : Match on catch block at 0xc3 in for 0x73fad10025
04-20 00:37:38.237 18147 18147 E ArmVmp : Match on catch block at 0xc3 in for 0x73fad10025
04-20 00:37:38.242 18147 18147 E ArmVmp : Match on catch block at 0xc3 in for 0x73fad10025
04-20 00:37:38.736 18147 18147 E ArmVmp : Match on catch block at 0xc3 in for 0x73fad10025
04-20 00:37:38.740 18147 18147 E ArmVmp : Match on catch block at 0xc3 in for 0x73fad10025
04-20 00:37:39.253 18147 18147 E ArmVmp : Match on catch block at 0xc3 in for 0x73fad10025
04-20 00:37:39.258 18147 18147 E ArmVmp : Match on catch block at 0xc3 in for 0x73fad10025
04-20 00:37:39.325 18147 18147 E ArmVmp : Match on catch block at 0xc3 in for 0x73fad10025
04-20 00:37:39.329 18147 18147 E ArmVmp : Match on catch block at 0xc3 in for 0x73fad10025
04-20 00:37:39.756 18147 18147 E ArmVmp : Match on catch block at 0xc3 in for 0x73fad10025
04-20 00:37:39.760 18147 18147 E ArmVmp : Match on catch block at 0xc3 in for 0x73fad10025
04-20 00:37:40.256 18147 18147 E ArmVmp : Match on catch block at 0xc3 in for 0x73fad10025
04-20 00:37:40.261 18147 18147 E ArmVmp : Match on catch block at 0xc3 in for 0x73fad10025
04-20 00:37:40.756 18147 18147 E ArmVmp : Match on catch block at 0xc3 in for 0x73fad10025
04-20 00:37:40.760 18147 18147 E ArmVmp : Match on catch block at 0xc3 in for 0x73fad10025
04-20 00:37:41.255 18147 18147 E ArmVmp : Match on catch block at 0xc3 in for 0x73fad10025
04-20 00:37:41.259 18147 18147 E ArmVmp : Match on catch block at 0xc3 in for 0x73fad10025
04-20 00:37:41.755 18147 18147 E ArmVmp : Match on catch block at 0xc3 in for 0x73fad10025
04-20 00:37:41.759 18147 18147 E ArmVmp : Match on catch block at 0xc3 in for 0x73fad10025
04-20 00:37:41.880 18147 18147 W JobService: onNetworkChanged() not implemented in androidx.work.impl.background.systemjob.SystemJobService. Must override in a subclass.
04-20 00:37:42.256 18147 18147 E ArmVmp : Match on catch block at 0xc3 in for 0x73fad10025
04-20 00:37:42.261 18147 18147 E ArmVmp : Match on catch block at 0xc3 in for 0x73fad10025
04-20 00:37:42.755 18147 18147 E ArmVmp : Match on catch block at 0xc3 in for 0x73fad10025
04-20 00:37:42.760 18147 18147 E ArmVmp : Match on catch block at 0xc3 in for 0x73fad10025
04-20 00:37:43.257 18147 18147 E ArmVmp : Match on catch block at 0xc3 in for 0x73fad10025
04-20 00:37:43.262 18147 18147 E ArmVmp : Match on catch block at 0xc3 in for 0x73fad10025
04-20 00:37:43.756 18147 18147 E ArmVmp : Match on catch block at 0xc3 in for 0x73fad10025
04-20 00:37:43.761 18147 18147 E ArmVmp : Match on catch block at 0xc3 in for 0x73fad10025
04-20 00:37:44.257 18147 18147 E ArmVmp : Match on catch block at 0xc3 in for 0x73fad10025
04-20 00:37:44.263 18147 18147 E ArmVmp : Match on catch block at 0xc3 in for 0x73fad10025
04-20 00:37:44.775 18147 18147 E ArmVmp : Match on catch block at 0xc3 in for 0x73fad10025
04-20 00:37:44.781 18147 18147 E ArmVmp : Match on catch block at 0xc3 in for 0x73fad10025
04-20 00:37:45.274 18147 18147 E ArmVmp : Match on catch block at 0xc3 in for 0x73fad10025
04-20 00:37:45.280 18147 18147 E ArmVmp : Match on catch block at 0xc3 in for 0x73fad10025
04-20 00:37:45.773 18147 18147 E ArmVmp : Match on catch block at 0xc3 in for 0x73fad10025
04-20 00:37:45.780 18147 18147 E ArmVmp : Match on catch block at 0xc3 in for 0x73fad10025
04-20 00:37:46.274 18147 18147 E ArmVmp : Match on catch block at 0xc3 in for 0x73fad10025
04-20 00:37:46.279 18147 18147 E ArmVmp : Match on catch block at 0xc3 in for 0x73fad10025
04-20 00:37:46.775 18147 18147 E ArmVmp : Match on catch block at 0xc3 in for 0x73fad10025
04-20 00:37:46.780 18147 18147 E ArmVmp : Match on catch block at 0xc3 in for 0x73fad10025
04-20 00:37:47.274 18147 18147 E ArmVmp : Match on catch block at 0xc3 in for 0x73fad10025
04-20 00:37:47.280 18147 18147 E ArmVmp : Match on catch block at 0xc3 in for 0x73fad10025
04-20 00:37:47.774 18147 18147 E ArmVmp : Match on catch block at 0xc3 in for 0x73fad10025
04-20 00:37:47.777 18147 18147 E ArmVmp : Match on catch block at 0xc3 in for 0x73fad10025
04-20 00:37:48.273 18147 18147 E ArmVmp : Match on catch block at 0xc3 in for 0x73fad10025
04-20 00:37:48.277 18147 18147 E ArmVmp : Match on catch block at 0xc3 in for 0x73fad10025
04-20 00:37:48.775 18147 18147 E ArmVmp : Match on catch block at 0xc3 in for 0x73fad10025
04-20 00:37:48.779 18147 18147 E ArmVmp : Match on catch block at 0xc3 in for 0x73fad10025
04-20 00:37:49.275 18147 18147 E ArmVmp : Match on catch block at 0xc3 in for 0x73fad10025
04-20 00:37:49.279 18147 18147 E ArmVmp : Match on catch block at 0xc3 in for 0x73fad10025
04-20 00:37:49.775 18147 18147 E ArmVmp : Match on catch block at 0xc3 in for 0x73fad10025
04-20 00:37:49.779 18147 18147 E ArmVmp : Match on catch block at 0xc3 in for 0x73fad10025
04-20 00:37:50.276 18147 18147 E ArmVmp : Match on catch block at 0xc3 in for 0x73fad10025
04-20 00:37:50.280 18147 18147 E ArmVmp : Match on catch block at 0xc3 in for 0x73fad10025
04-20 00:37:50.792 18147 18147 E ArmVmp : Match on catch block at 0xc3 in for 0x73fad10025
04-20 00:37:50.797 18147 18147 E ArmVmp : Match on catch block at 0xc3 in for 0x73fad10025
04-20 00:37:51.291 18147 18147 E ArmVmp : Match on catch block at 0xc3 in for 0x73fad10025
04-20 00:37:51.296 18147 18147 E ArmVmp : Match on catch block at 0xc3 in for 0x73fad10025
04-20 00:37:51.794 18147 18147 E ArmVmp : Match on catch block at 0xc3 in for 0x73fad10025
04-20 00:37:51.799 18147 18147 E ArmVmp : Match on catch block at 0xc3 in for 0x73fad10025
04-20 00:37:52.293 18147 18147 E ArmVmp : Match on catch block at 0xc3 in for 0x73fad10025
04-20 00:37:52.298 18147 18147 E ArmVmp : Match on catch block at 0xc3 in for 0x73fad10025
04-20 00:37:52.795 18147 18147 E ArmVmp : Match on catch block at 0xc3 in for 0x73fad10025
04-20 00:37:52.800 18147 18147 E ArmVmp : Match on catch block at 0xc3 in for 0x73fad10025
04-20 00:37:53.294 18147 18147 E ArmVmp : Match on catch block at 0xc3 in for 0x73fad10025
04-20 00:37:53.299 18147 18147 E ArmVmp : Match on catch block at 0xc3 in for 0x73fad10025
04-20 00:37:53.792 18147 18147 E ArmVmp : Match on catch block at 0xc3 in for 0x73fad10025
04-20 00:37:53.797 18147 18147 E ArmVmp : Match on catch block at 0xc3 in for 0x73fad10025
04-20 00:37:54.293 18147 18147 E ArmVmp : Match on catch block at 0xc3 in for 0x73fad10025
04-20 00:37:54.299 18147 18147 E ArmVmp : Match on catch block at 0xc3 in for 0x73fad10025
04-20 00:37:54.531 18147 18147 E ArmVmp : Match on catch block at 0xc3 in for 0x73fad10025
04-20 00:37:54.535 18147 18147 E ArmVmp : Match on catch block at 0xc3 in for 0x73fad10025
04-20 00:37:54.644 18147 18147 E ArmVmp : Match on catch block at 0xc3 in for 0x73fad10025
04-20 00:37:54.650 18147 18147 E ArmVmp : Match on catch block at 0xc3 in for 0x73fad10025
04-20 00:37:54.743 18147 18147 E ArmVmp : Match on catch block at 0xc3 in for 0x73fad10025
04-20 00:37:54.748 18147 18147 E ArmVmp : Match on catch block at 0xc3 in for 0x73fad10025
04-20 00:37:54.753 18147 18147 E OplusBracketLog: [OplusViewMirrorManager] updateHostViewRootIfNeeded, not support android.view.ViewRootImpl@e64b9b0
04-20 00:37:54.775 18147 18375 E OpenGLRenderer: Unable to match the desired swap behavior.
04-20 00:37:54.792 18147 18147 E ArmVmp : Match on catch block at 0xc3 in for 0x73fad10025
04-20 00:37:54.796 18147 18147 E ArmVmp : Match on catch block at 0xc3 in for 0x73fad10025
04-20 00:37:54.815 18147 18147 E ArmVmp : Match on catch block at 0xc3 in for 0x73fad10025
04-20 00:37:54.820 18147 18147 E ArmVmp : Match on catch block at 0xc3 in for 0x73fad10025
04-20 00:37:54.839 18147 18147 E ArmVmp : Match on catch block at 0xc3 in for 0x73fad10025
04-20 00:37:54.844 18147 18147 E ArmVmp : Match on catch block at 0xc3 in for 0x73fad10025
04-20 00:37:54.860 18147 18147 E ArmVmp : Match on catch block at 0xc3 in for 0x73fad10025
04-20 00:37:54.864 18147 18147 E ArmVmp : Match on catch block at 0xc3 in for 0x73fad10025
04-20 00:37:54.878 18147 18147 E ArmVmp : Match on catch block at 0xc3 in for 0x73fad10025
04-20 00:37:54.883 18147 18147 E ArmVmp : Match on catch block at 0xc3 in for 0x73fad10025
04-20 00:37:54.898 18147 18147 E ArmVmp : Match on catch block at 0xc3 in for 0x73fad10025
04-20 00:37:54.902 18147 18147 E ArmVmp : Match on catch block at 0xc3 in for 0x73fad10025
04-20 00:37:54.919 18147 18147 E ArmVmp : Match on catch block at 0xc3 in for 0x73fad10025
04-20 00:37:54.923 18147 18147 E ArmVmp : Match on catch block at 0xc3 in for 0x73fad10025
04-20 00:37:54.938 18147 18147 E ArmVmp : Match on catch block at 0xc3 in for 0x73fad10025
04-20 00:37:54.943 18147 18147 E ArmVmp : Match on catch block at 0xc3 in for 0x73fad10025
04-20 00:37:54.957 18147 18147 E ArmVmp : Match on catch block at 0xc3 in for 0x73fad10025
04-20 00:37:54.962 18147 18147 E ArmVmp : Match on catch block at 0xc3 in for 0x73fad10025
04-20 00:37:54.977 18147 18147 E ArmVmp : Match on catch block at 0xc3 in for 0x73fad10025
04-20 00:37:54.981 18147 18147 E ArmVmp : Match on catch block at 0xc3 in for 0x73fad10025
04-20 00:37:55.049 18147 18375 E OpenGLRenderer: Unable to match the desired swap behavior.
04-20 00:37:55.071 18147 18375 E OpenGLRenderer: Unable to match the desired swap behavior.
04-20 00:37:55.093 18147 18375 E OpenGLRenderer: Unable to match the desired swap behavior.
04-20 00:37:55.115 18147 18375 E OpenGLRenderer: Unable to match the desired swap behavior.
04-20 00:37:55.136 18147 18375 E OpenGLRenderer: Unable to match the desired swap behavior.
04-20 00:37:55.158 18147 18375 E OpenGLRenderer: Unable to match the desired swap behavior.
04-20 00:37:55.179 18147 18375 E OpenGLRenderer: Unable to match the desired swap behavior.
04-20 00:37:55.328 18147 18147 E ArmVmp : Match on catch block at 0xc3 in for 0x73fad10025
04-20 00:37:55.334 18147 18147 E ArmVmp : Match on catch block at 0xc3 in for 0x73fad10025
04-20 00:37:55.827 18147 18147 E ArmVmp : Match on catch block at 0xc3 in for 0x73fad10025
04-20 00:37:55.831 18147 18147 E ArmVmp : Match on catch block at 0xc3 in for 0x73fad10025
04-20 00:37:56.327 18147 18147 E ArmVmp : Match on catch block at 0xc3 in for 0x73fad10025
04-20 00:37:56.331 18147 18147 E ArmVmp : Match on catch block at 0xc3 in for 0x73fad10025
04-20 00:37:56.595 18147 18147 W WindowOnBackDispatcher: sendCancelIfRunning: isInProgress=falsecallback=android.view.ViewRootImpl$ $ExternalSyntheticLambda17@f96e029
04-20 00:37:56.695 18147 18147 E OplusBracketLog: [OplusViewMirrorManager] updateHostViewRootIfNeeded, not support android.view.ViewRootImpl@6f7190c
04-20 00:37:56.715 18147 18375 E OpenGLRenderer: Unable to match the desired swap behavior.
04-20 00:37:56.847 18147 18147 E ArmVmp : Match on catch block at 0xc3 in for 0x73fad10025
04-20 00:37:56.853 18147 18147 E ArmVmp : Match on catch block at 0xc3 in for 0x73fad10025
04-20 00:37:57.345 18147 18147 E ArmVmp : Match on catch block at 0xc3 in for 0x73fad10025
04-20 00:37:57.349 18147 18147 E ArmVmp : Match on catch block at 0xc3 in for 0x73fad10025
04-20 00:37:57.845 18147 18147 E ArmVmp : Match on catch block at 0xc3 in for 0x73fad10025
04-20 00:37:57.850 18147 18147 E ArmVmp : Match on catch block at 0xc3 in for 0x73fad10025
04-20 00:37:58.346 18147 18147 E ArmVmp : Match on catch block at 0xc3 in for 0x73fad10025
04-20 00:37:58.350 18147 18147 E ArmVmp : Match on catch block at 0xc3 in for 0x73fad10025
04-20 00:37:58.604 18147 18147 E ArmVmp : Match on catch block at 0xc3 in for 0x73fad10025
04-20 00:37:58.608 18147 18147 E ArmVmp : Match on catch block at 0xc3 in for 0x73fad10025
04-20 00:37:58.617 18147 18147 W WindowOnBackDispatcher: sendCancelIfRunning: isInProgress=falsecallback=android.view.ViewRootImpl$ $ExternalSyntheticLambda17@c1f8255
04-20 00:37:58.716 18147 18147 E OplusBracketLog: [OplusViewMirrorManager] updateHostViewRootIfNeeded, not support android.view.ViewRootImpl@4bca34b
04-20 00:37:58.737 18147 18375 E OpenGLRenderer: Unable to match the desired swap behavior.
04-20 00:37:58.864 18147 18147 E ArmVmp : Match on catch block at 0xc3 in for 0x73fad10025
04-20 00:37:58.872 18147 18147 E ArmVmp : Match on catch block at 0xc3 in for 0x73fad10025
04-20 00:37:59.073 18147 18375 E OpenGLRenderer: Unable to match the desired swap behavior.
04-20 00:37:59.092 18147 18375 E OpenGLRenderer: Unable to match the desired swap behavior.
04-20 00:37:59.116 18147 18375 E OpenGLRenderer: Unable to match the desired swap behavior.
04-20 00:37:59.135 18147 18375 E OpenGLRenderer: Unable to match the desired swap behavior.
04-20 00:37:59.155 18147 18375 E OpenGLRenderer: Unable to match the desired swap behavior.
04-20 00:37:59.176 18147 18375 E OpenGLRenderer: Unable to match the desired swap behavior.
04-20 00:37:59.199 18147 18375 E OpenGLRenderer: Unable to match the desired swap behavior.
04-20 00:37:59.204 18147 18147 W VRI[Toast]: handleResized abandoned!
04-20 00:37:59.363 18147 18147 E ArmVmp : Match on catch block at 0xc3 in for 0x73fad10025
04-20 00:37:59.368 18147 18147 E ArmVmp : Match on catch block at 0xc3 in for 0x73fad10025
04-20 00:37:59.863 18147 18147 E ArmVmp : Match on catch block at 0xc3 in for 0x73fad10025
04-20 00:37:59.869 18147 18147 E ArmVmp : Match on catch block at 0xc3 in for 0x73fad10025
04-20 00:38:00.364 18147 18147 E ArmVmp : Match on catch block at 0xc3 in for 0x73fad10025
04-20 00:38:00.369 18147 18147 E ArmVmp : Match on catch block at 0xc3 in for 0x73fad10025
04-20 00:38:00.679 18147 18147 W WindowOnBackDispatcher: sendCancelIfRunning: isInProgress=falsecallback=android.view.ViewRootImpl$ $ExternalSyntheticLambda17@5149128
04-20 00:38:00.864 18147 18147 E ArmVmp : Match on catch block at 0xc3 in for 0x73fad10025
04-20 00:38:00.873 18147 18147 E ArmVmp : Match on catch block at 0xc3 in for 0x73fad10025
04-20 00:38:01.363 18147 18147 E ArmVmp : Match on catch block at 0xc3 in for 0x73fad10025
04-20 00:38:01.367 18147 18147 E ArmVmp : Match on catch block at 0xc3 in for 0x73fad10025
04-20 00:38:01.863 18147 18147 E ArmVmp : Match on catch block at 0xc3 in for 0x73fad10025
04-20 00:38:01.869 18147 18147 E ArmVmp : Match on catch block at 0xc3 in for 0x73fad10025
04-20 00:38:02.364 18147 18147 E ArmVmp : Match on catch block at 0xc3 in for 0x73fad10025
04-20 00:38:02.368 18147 18147 E ArmVmp : Match on catch block at 0xc3 in for 0x73fad10025
04-20 00:38:02.864 18147 18147 E ArmVmp : Match on catch block at 0xc3 in for 0x73fad10025
04-20 00:38:02.871 18147 18147 E ArmVmp : Match on catch block at 0xc3 in for 0x73fad10025
04-20 00:38:03.363 18147 18147 E ArmVmp : Match on catch block at 0xc3 in for 0x73fad10025
04-20 00:38:03.368 18147 18147 E ArmVmp : Match on catch block at 0xc3 in for 0x73fad10025
04-20 00:38:03.862 18147 18147 E ArmVmp : Match on catch block at 0xc3 in for 0x73fad10025
04-20 00:38:03.865 18147 18147 E ArmVmp : Match on catch block at 0xc3 in for 0x73fad10025
04-20 00:38:04.382 18147 18147 E ArmVmp : Match on catch block at 0xc3 in for 0x73fad10025
04-20 00:38:04.387 18147 18147 E ArmVmp : Match on catch block at 0xc3 in for 0x73fad10025
04-20 00:38:04.881 18147 18147 E ArmVmp : Match on catch block at 0xc3 in for 0x73fad10025
04-20 00:38:04.887 18147 18147 E ArmVmp : Match on catch block at 0xc3 in for 0x73fad10025
04-20 00:38:05.383 18147 18147 E ArmVmp : Match on catch block at 0xc3 in for 0x73fad10025
04-20 00:38:05.389 18147 18147 E ArmVmp : Match on catch block at 0xc3 in for 0x73fad10025
04-20 00:38:05.883 18147 18147 E ArmVmp : Match on catch block at 0xc3 in for 0x73fad10025
04-20 00:38:05.887 18147 18147 E ArmVmp : Match on catch block at 0xc3 in for 0x73fad10025
04-20 00:38:06.382 18147 18147 E ArmVmp : Match on catch block at 0xc3 in for 0x73fad10025
04-20 00:38:06.387 18147 18147 E ArmVmp : Match on catch block at 0xc3 in for 0x73fad10025
04-20 00:38:06.881 18147 18147 E ArmVmp : Match on catch block at 0xc3 in for 0x73fad10025
04-20 00:38:06.886 18147 18147 E ArmVmp : Match on catch block at 0xc3 in for 0x73fad10025
04-20 00:38:07.381 18147 18147 E ArmVmp : Match on catch block at 0xc3 in for 0x73fad10025
04-20 00:38:07.385 18147 18147 E ArmVmp : Match on catch block at 0xc3 in for 0x73fad10025
04-20 00:38:07.882 18147 18147 E ArmVmp : Match on catch block at 0xc3 in for 0x73fad10025
04-20 00:38:07.887 18147 18147 E ArmVmp : Match on catch block at 0xc3 in for 0x73fad10025
04-20 00:38:08.381 18147 18147 E ArmVmp : Match on catch block at 0xc3 in for 0x73fad10025
04-20 00:38:08.385 18147 18147 E ArmVmp : Match on catch block at 0xc3 in for 0x73fad10025
04-20 00:38:08.881 18147 18147 E ArmVmp : Match on catch block at 0xc3 in for 0x73fad10025
04-20 00:38:08.885 18147 18147 E ArmVmp : Match on catch block at 0xc3 in for 0x73fad10025
04-20 00:38:09.383 18147 18147 E ArmVmp : Match on catch block at 0xc3 in for 0x73fad10025
04-20 00:38:09.388 18147 18147 E ArmVmp : Match on catch block at 0xc3 in for 0x73fad10025
04-20 00:38:09.883 18147 18147 E ArmVmp : Match on catch block at 0xc3 in for 0x73fad10025
04-20 00:38:09.888 18147 18147 E ArmVmp : Match on catch block at 0xc3 in for 0x73fad10025
04-20 00:38:10.384 18147 18147 E ArmVmp : Match on catch block at 0xc3 in for 0x73fad10025
04-20 00:38:10.388 18147 18147 E ArmVmp : Match on catch block at 0xc3 in for 0x73fad10025
04-20 00:38:10.901 18147 18147 E ArmVmp : Match on catch block at 0xc3 in for 0x73fad10025
04-20 00:38:10.905 18147 18147 E ArmVmp : Match on catch block at 0xc3 in for 0x73fad10025
04-20 00:38:11.400 18147 18147 E ArmVmp : Match on catch block at 0xc3 in for 0x73fad10025
04-20 00:38:11.405 18147 18147 E ArmVmp : Match on catch block at 0xc3 in for 0x73fad10025
04-20 00:38:11.901 18147 18147 E ArmVmp : Match on catch block at 0xc3 in for 0x73fad10025
04-20 00:38:11.906 18147 18147 E ArmVmp : Match on catch block at 0xc3 in for 0x73fad10025
04-20 00:38:12.402 18147 18147 E ArmVmp : Match on catch block at 0xc3 in for 0x73fad10025
04-20 00:38:12.406 18147 18147 E ArmVmp : Match on catch block at 0xc3 in for 0x73fad10025
04-20 00:38:12.901 18147 18147 E ArmVmp : Match on catch block at 0xc3 in for 0x73fad10025
04-20 00:38:12.907 18147 18147 E ArmVmp : Match on catch block at 0xc3 in for 0x73fad10025
04-20 00:38:13.403 18147 18147 E ArmVmp : Match on catch block at 0xc3 in for 0x73fad10025
04-20 00:38:13.408 18147 18147 E ArmVmp : Match on catch block at 0xc3 in for 0x73fad10025
04-20 00:38:13.902 18147 18147 E ArmVmp : Match on catch block at 0xc3 in for 0x73fad10025
04-20 00:38:13.907 18147 18147 E ArmVmp : Match on catch block at 0xc3 in for 0x73fad10025
04-20 00:38:14.403 18147 18147 E ArmVmp : Match on catch block at 0xc3 in for 0x73fad10025
04-20 00:38:14.408 18147 18147 E ArmVmp : Match on catch block at 0xc3 in for 0x73fad10025
04-20 00:38:14.901 18147 18147 E ArmVmp : Match on catch block at 0xc3 in for 0x73fad10025
04-20 00:38:14.908 18147 18147 E ArmVmp : Match on catch block at 0xc3 in for 0x73fad10025
04-20 00:38:15.402 18147 18147 E ArmVmp : Match on catch block at 0xc3 in for 0x73fad10025
04-20 00:38:15.407 18147 18147 E ArmVmp : Match on catch block at 0xc3 in for 0x73fad10025
04-20 00:38:15.635 18147 18570 W MediaPlayer: Use of stream types is deprecated for operations other than volume control
04-20 00:38:15.635 18147 18570 W MediaPlayer: See the documentation of setAudioStreamType() for what to use instead with android.media.AudioAttributes to qualify your playback use case
04-20 00:38:15.660 18147 18147 E ArmVmp : Match on catch block at 0xc3 in for 0x73fad10025
04-20 00:38:15.665 18147 18147 E ArmVmp : Match on catch block at 0xc3 in for 0x73fad10025
04-20 00:38:15.689 18147 18147 E ArmVmp : Match on catch block at 0xc3 in for 0x73fad10025
04-20 00:38:15.693 18147 18147 E ArmVmp : Match on catch block at 0xc3 in for 0x73fad10025
04-20 00:38:15.711 18147 18147 E ArmVmp : Match on catch block at 0xc3 in for 0x73fad10025
04-20 00:38:15.716 18147 18147 E ArmVmp : Match on catch block at 0xc3 in for 0x73fad10025
04-20 00:38:15.724 18147 18147 E ArmVmp : Match on catch block at 0xc3 in for 0x73fad10025
04-20 00:38:15.729 18147 18147 E ArmVmp : Match on catch block at 0xc3 in for 0x73fad10025
04-20 00:38:15.736 18147 18147 E ArmVmp : Match on catch block at 0xc3 in for 0x73fad10025
04-20 00:38:15.741 18147 18147 E ArmVmp : Match on catch block at 0xc3 in for 0x73fad10025
04-20 00:38:15.787 18147 18147 E ArmVmp : Match on catch block at 0xc3 in for 0x73fad10025
04-20 00:38:15.791 18147 18147 E ArmVmp : Match on catch block at 0xc3 in for 0x73fad10025
04-20 00:38:15.810 18147 18147 E ArmVmp : Match on catch block at 0xc3 in for 0x73fad10025
04-20 00:38:15.814 18147 18147 E ArmVmp : Match on catch block at 0xc3 in for 0x73fad10025
04-20 00:38:15.900 18147 18147 E ArmVmp : Match on catch block at 0xc3 in for 0x73fad10025
04-20 00:38:15.904 18147 18147 E ArmVmp : Match on catch block at 0xc3 in for 0x73fad10025
04-20 00:38:16.418 18147 18147 E ArmVmp : Match on catch block at 0xc3 in for 0x73fad10025
04-20 00:38:16.422 18147 18147 E ArmVmp : Match on catch block at 0xc3 in for 0x73fad10025
04-20 00:38:16.718 18147 18147 E ArmVmp : Match on catch block at 0xc3 in for 0x73fad10025
04-20 00:38:16.723 18147 18147 E ArmVmp : Match on catch block at 0xc3 in for 0x73fad10025
04-20 00:38:16.737 18147 18147 E ArmVmp : Match on catch block at 0xc3 in for 0x73fad10025
04-20 00:38:16.747 18147 18147 E ArmVmp : Match on catch block at 0xc3 in for 0x73fad10025
04-20 00:38:16.760 18147 18147 E ArmVmp : Match on catch block at 0xc3 in for 0x73fad10025
04-20 00:38:16.769 18147 18147 E ArmVmp : Match on catch block at 0xc3 in for 0x73fad10025
04-20 00:38:16.785 18147 18147 E ArmVmp : Match on catch block at 0xc3 in for 0x73fad10025
04-20 00:38:16.793 18147 18147 E ArmVmp : Match on catch block at 0xc3 in for 0x73fad10025
04-20 00:38:16.802 18147 18147 E ArmVmp : Match on catch block at 0xc3 in for 0x73fad10025
04-20 00:38:16.813 18147 18147 E ArmVmp : Match on catch block at 0xc3 in for 0x73fad10025
04-20 00:38:16.822 18147 18147 E ArmVmp : Match on catch block at 0xc3 in for 0x73fad10025
04-20 00:38:16.829 18147 18147 E ArmVmp : Match on catch block at 0xc3 in for 0x73fad10025
04-20 00:38:16.837 18147 18147 E ArmVmp : Match on catch block at 0xc3 in for 0x73fad10025
04-20 00:38:16.848 18147 18147 E ArmVmp : Match on catch block at 0xc3 in for 0x73fad10025
04-20 00:38:16.860 18147 18147 E ArmVmp : Match on catch block at 0xc3 in for 0x73fad10025
04-20 00:38:16.866 18147 18147 E ArmVmp : Match on catch block at 0xc3 in for 0x73fad10025
04-20 00:38:16.882 18147 18147 E ArmVmp : Match on catch block at 0xc3 in for 0x73fad10025
04-20 00:38:16.890 18147 18147 E ArmVmp : Match on catch block at 0xc3 in for 0x73fad10025
04-20 00:38:16.905 18147 18147 E ArmVmp : Match on catch block at 0xc3 in for 0x73fad10025
04-20 00:38:16.914 18147 18147 E ArmVmp : Match on catch block at 0xc3 in for 0x73fad10025
04-20 00:38:16.973 18147 18147 E ArmVmp : Match on catch block at 0xc3 in for 0x73fad10025
04-20 00:38:16.979 18147 18147 E ArmVmp : Match on catch block at 0xc3 in for 0x73fad10025
04-20 00:38:17.008 18147 18147 E ArmVmp : Match on catch block at 0xc3 in for 0x73fad10025
04-20 00:38:17.014 18147 18147 E ArmVmp : Match on catch block at 0xc3 in for 0x73fad10025
04-20 00:38:17.028 18147 18147 E ArmVmp : Match on catch block at 0xc3 in for 0x73fad10025
04-20 00:38:17.033 18147 18147 E ArmVmp : Match on catch block at 0xc3 in for 0x73fad10025
04-20 00:38:17.051 18147 18147 E ArmVmp : Match on catch block at 0xc3 in for 0x73fad10025
04-20 00:38:17.060 18147 18147 E ArmVmp : Match on catch block at 0xc3 in for 0x73fad10025
04-20 00:38:17.068 18147 18147 E ArmVmp : Match on catch block at 0xc3 in for 0x73fad10025
04-20 00:38:17.076 18147 18147 E ArmVmp : Match on catch block at 0xc3 in for 0x73fad10025
04-20 00:38:17.085 18147 18147 E ArmVmp : Match on catch block at 0xc3 in for 0x73fad10025
04-20 00:38:17.092 18147 18147 E ArmVmp : Match on catch block at 0xc3 in for 0x73fad10025
04-20 00:38:17.103 18147 18147 E ArmVmp : Match on catch block at 0xc3 in for 0x73fad10025
04-20 00:38:17.113 18147 18147 E ArmVmp : Match on catch block at 0xc3 in for 0x73fad10025
04-20 00:38:17.124 18147 18147 E ArmVmp : Match on catch block at 0xc3 in for 0x73fad10025
04-20 00:38:17.133 18147 18147 E ArmVmp : Match on catch block at 0xc3 in for 0x73fad10025
04-20 00:38:17.141 18147 18147 E ArmVmp : Match on catch block at 0xc3 in for 0x73fad10025
04-20 00:38:17.149 18147 18147 E ArmVmp : Match on catch block at 0xc3 in for 0x73fad10025
04-20 00:38:17.154 18147 18147 E ArmVmp : Match on catch block at 0xc3 in for 0x73fad10025
04-20 00:38:17.160 18147 18147 E ArmVmp : Match on catch block at 0xc3 in for 0x73fad10025
04-20 00:38:17.167 18147 18147 E ArmVmp : Match on catch block at 0xc3 in for 0x73fad10025
04-20 00:38:17.173 18147 18147 E ArmVmp : Match on catch block at 0xc3 in for 0x73fad10025
04-20 00:38:17.186 18147 18147 E ArmVmp : Match on catch block at 0xc3 in for 0x73fad10025
04-20 00:38:17.194 18147 18147 E ArmVmp : Match on catch block at 0xc3 in for 0x73fad10025
04-20 00:38:17.205 18147 18147 E ArmVmp : Match on catch block at 0xc3 in for 0x73fad10025
04-20 00:38:17.213 18147 18147 E ArmVmp : Match on catch block at 0xc3 in for 0x73fad10025
04-20 00:38:17.236 18147 18147 E ArmVmp : Match on catch block at 0xc3 in for 0x73fad10025
04-20 00:38:17.244 18147 18147 E ArmVmp : Match on catch block at 0xc3 in for 0x73fad10025
04-20 00:38:17.255 18147 18147 E ArmVmp : Match on catch block at 0xc3 in for 0x73fad10025
04-20 00:38:17.264 18147 18147 E ArmVmp : Match on catch block at 0xc3 in for 0x73fad10025
04-20 00:38:17.285 18147 18147 E ArmVmp : Match on catch block at 0xc3 in for 0x73fad10025
04-20 00:38:17.291 18147 18147 E ArmVmp : Match on catch block at 0xc3 in for 0x73fad10025
04-20 00:38:17.303 18147 18147 E ArmVmp : Match on catch block at 0xc3 in for 0x73fad10025
04-20 00:38:17.309 18147 18147 E ArmVmp : Match on catch block at 0xc3 in for 0x73fad10025
04-20 00:38:17.319 18147 18147 E ArmVmp : Match on catch block at 0xc3 in for 0x73fad10025
04-20 00:38:17.325 18147 18147 E ArmVmp : Match on catch block at 0xc3 in for 0x73fad10025
04-20 00:38:17.335 18147 18147 E ArmVmp : Match on catch block at 0xc3 in for 0x73fad10025
04-20 00:38:17.341 18147 18147 E ArmVmp : Match on catch block at 0xc3 in for 0x73fad10025
04-20 00:38:17.352 18147 18147 E ArmVmp : Match on catch block at 0xc3 in for 0x73fad10025
04-20 00:38:17.356 18147 18147 E ArmVmp : Match on catch block at 0xc3 in for 0x73fad10025
04-20 00:38:17.367 18147 18147 E ArmVmp : Match on catch block at 0xc3 in for 0x73fad10025
04-20 00:38:17.372 18147 18147 E ArmVmp : Match on catch block at 0xc3 in for 0x73fad10025
04-20 00:38:17.384 18147 18147 E ArmVmp : Match on catch block at 0xc3 in for 0x73fad10025
04-20 00:38:17.388 18147 18147 E ArmVmp : Match on catch block at 0xc3 in for 0x73fad10025
04-20 00:38:17.401 18147 18147 E ArmVmp : Match on catch block at 0xc3 in for 0x73fad10025
04-20 00:38:17.404 18147 18147 E ArmVmp : Match on catch block at 0xc3 in for 0x73fad10025
04-20 00:38:17.413 18147 18322 E SQLiteDatabase: Error inserting transferred=1 media_job_uuid=a899e0fc-1878-4b29-bf51-49e69cdb33e1 transcoded=0 gif_attribution=0 first_scan_length=8289 direct_path=/v/t62.7118- 24/19732399_1172061753811341_5854482217918641706_n.enc?ccb=11- 4&oh=01_Q5AaILI2EHM77cuYbMX_TdW0-IQYjQEvdncjIuo9HZcrz6qU&oe=664A1A82&_nc_sid=5e03e0 thumbnail_height_width_ratio=1.8181819 is_animated_sticker=0 file_hash=BfdEp7EHOTuVybimHAHuZBsAyZnP/Vr+hrwASIga0Eo= file_path=Media/MBWhatsApp Images/IMG-20240420-WA0001.jpg file_size=47042 partial_media_hash=DfbSF59ecMdN08JXVDv8JhoNx/R8a7iJhd6/OYxCKso= face_x=0 face_y=0 height=1280 trim_to=0 media_key_timestamp=1713544694000 message_url=https://mmg.whatsapp.net/v/t62.7118- 24/19732399_1172061753811341_5854482217918641706_n.enc?ccb=11- 4&oh=01_Q5AaILI2EHM77cuYbMX_TdW0- IQYjQEvdncjIuo9HZcrz6qU&oe=664A1A82&_nc_sid=5e03e0&mms3=true media_caption=null trim_from=0 mime_type=image/jpeg partial_media_enc_hash=null width=720 original_file_hash=null has_streaming_sidecar=1 autotransfer_retry_enabled=1 media_upload_handle=null message_row_id=4472 multicast_id=null enc_file_hash=ss3YjNHh2czcrpLCWjZm6cyd2yh7xB/G6yFEyPeN+cQ= mute_video=0 page_count=0 first_scan_sidecar=[B@a54e5fe suspicious_content=0 file_length=47042 media_name=null media_duration=0 chat_row_id=130 media_key=[B@4ad815f
04-20 00:38:17.413 18147 18322 E SQLiteDatabase: android.database.sqlite.SQLiteConstraintException: UNIQUE constraint failed: message_media.message_row_id (code 1555 SQLITE_CONSTRAINT_PRIMARYKEY)
04-20 00:38:17.413 18147 18322 E SQLiteDatabase: at android.database.sqlite.SQLiteConnection.nativeExecuteForLastInsertedRowId(Native Method)
04-20 00:38:17.413 18147 18322 E SQLiteDatabase: at android.database.sqlite.SQLiteConnection.executeForLastInsertedRowId(SQLiteConnecti on.java:975)
04-20 00:38:17.413 18147 18322 E SQLiteDatabase: at android.database.sqlite.SQLiteSession.executeForLastInsertedRowId(SQLiteSession.jav a:790)
04-20 00:38:17.413 18147 18322 E SQLiteDatabase: at android.database.sqlite.SQLiteStatement.executeInsert(SQLiteStatement.java:89)
04-20 00:38:17.413 18147 18322 E SQLiteDatabase: at android.database.sqlite.SQLiteDatabase.insertWithOnConflict(SQLiteDatabase.java:187 0)
04-20 00:38:17.413 18147 18322 E SQLiteDatabase: at android.database.sqlite.SQLiteDatabase.insert(SQLiteDatabase.java:1739)
04-20 00:38:17.413 18147 18322 E SQLiteDatabase: at X.2tm.A08(Unknown Source:6)
04-20 00:38:17.413 18147 18322 E SQLiteDatabase: at X.35Y.A07(Unknown Source:212)
04-20 00:38:17.413 18147 18322 E SQLiteDatabase: at X.3QF.A14(Unknown Source:470)
04-20 00:38:17.413 18147 18322 E SQLiteDatabase: at X.3gU.run(Unknown Source:982)
04-20 00:38:17.413 18147 18322 E SQLiteDatabase: at android.os.Handler.handleCallback(Handler.java:958)
04-20 00:38:17.413 18147 18322 E SQLiteDatabase: at android.os.Handler.dispatchMessage(Handler.java:99)
04-20 00:38:17.413 18147 18322 E SQLiteDatabase: at X.0zq.dispatchMessage(Unknown Source:4)
04-20 00:38:17.413 18147 18322 E SQLiteDatabase: at android.os.Looper.loopOnce(Looper.java:257)
04-20 00:38:17.413 18147 18322 E SQLiteDatabase: at android.os.Looper.loop(Looper.java:368)
04-20 00:38:17.413 18147 18322 E SQLiteDatabase: at android.os.HandlerThread.run(HandlerThread.java:67)
04-20 00:38:17.417 18147 18147 E ArmVmp : Match on catch block at 0xc3 in for 0x73fad10025
04-20 00:38:17.421 18147 18147 E ArmVmp : Match on catch block at 0xc3 in for 0x73fad10025
04-20 00:38:17.446 18147 18147 E ArmVmp : Match on catch block at 0xc3 in for 0x73fad10025
04-20 00:38:17.450 18147 18147 E ArmVmp : Match on catch block at 0xc3 in for 0x73fad10025
04-20 00:38:17.473 18147 18147 E ArmVmp : Match on catch block at 0xc3 in for 0x73fad10025
04-20 00:38:17.478 18147 18147 E ArmVmp : Match on catch block at 0xc3 in for 0x73fad10025
04-20 00:38:17.502 18147 18147 E ArmVmp : Match on catch block at 0xc3 in for 0x73fad10025
04-20 00:38:17.507 18147 18147 E ArmVmp : Match on catch block at 0xc3 in for 0x73fad10025
04-20 00:38:18.020 18147 18147 E ArmVmp : Match on catch block at 0xc3 in for 0x73fad10025
04-20 00:38:18.024 18147 18147 E ArmVmp : Match on catch block at 0xc3 in for 0x73fad10025
04-20 00:38:18.520 18147 18147 E ArmVmp : Match on catch block at 0xc3 in for 0x73fad10025
04-20 00:38:18.525 18147 18147 E ArmVmp : Match on catch block at 0xc3 in for 0x73fad10025
04-20 00:38:19.021 18147 18147 E ArmVmp : Match on catch block at 0xc3 in for 0x73fad10025
04-20 00:38:19.029 18147 18147 E ArmVmp : Match on catch block at 0xc3 in for 0x73fad10025
04-20 00:38:19.521 18147 18147 E ArmVmp : Match on catch block at 0xc3 in for 0x73fad10025
04-20 00:38:19.525 18147 18147 E ArmVmp : Match on catch block at 0xc3 in for 0x73fad10025
04-20 00:38:20.021 18147 18147 E ArmVmp : Match on catch block at 0xc3 in for 0x73fad10025
04-20 00:38:20.026 18147 18147 E ArmVmp : Match on catch block at 0xc3 in for 0x73fad10025
04-20 00:38:20.521 18147 18147 E ArmVmp : Match on catch block at 0xc3 in for 0x73fad10025
04-20 00:38:20.528 18147 18147 E ArmVmp : Match on catch block at 0xc3 in for 0x73fad10025
04-20 00:38:21.020 18147 18147 E ArmVmp : Match on catch block at 0xc3 in for 0x73fad10025
04-20 00:38:21.025 18147 18147 E ArmVmp : Match on catch block at 0xc3 in for 0x73fad10025
04-20 00:38:21.520 18147 18147 E ArmVmp : Match on catch block at 0xc3 in for 0x73fad10025
04-20 00:38:21.525 18147 18147 E ArmVmp : Match on catch block at 0xc3 in for 0x73fad10025
04-20 00:38:22.021 18147 18147 E ArmVmp : Match on catch block at 0xc3 in for 0x73fad10025
04-20 00:38:22.025 18147 18147 E ArmVmp : Match on catch block at 0xc3 in for 0x73fad10025
04-20 00:38:22.523 18147 18147 E ArmVmp : Match on catch block at 0xc3 in for 0x73fad10025
04-20 00:38:22.528 18147 18147 E ArmVmp : Match on catch block at 0xc3 in for 0x73fad10025
04-20 00:38:23.039 18147 18147 E ArmVmp : Match on catch block at 0xc3 in for 0x73fad10025
04-20 00:38:23.044 18147 18147 E ArmVmp : Match on catch block at 0xc3 in for 0x73fad10025
04-20 00:38:23.538 18147 18147 E ArmVmp : Match on catch block at 0xc3 in for 0x73fad10025
04-20 00:38:23.543 18147 18147 E ArmVmp : Match on catch block at 0xc3 in for 0x73fad10025
04-20 00:38:24.037 18147 18147 E ArmVmp : Match on catch block at 0xc3 in for 0x73fad10025
04-20 00:38:24.040 18147 18147 E ArmVmp : Match on catch block at 0xc3 in for 0x73fad10025
04-20 00:38:24.243 18147 18147 E ArmVmp : Match on catch block at 0xc3 in for 0x73fad10025
04-20 00:38:24.248 18147 18147 E ArmVmp : Match on catch block at 0xc3 in for 0x73fad10025
04-20 00:38:24.263 18147 18147 W WindowOnBackDispatcher: sendCancelIfRunning: isInProgress=falsecallback=ImeCallback=ImeOnBackInvokedCallback@130186315 Callback=android.window.IOnBackInvokedCallback$Stub$Proxy@dd6e3ba
04-20 00:38:24.265 18147 18147 W VRI[Conversation]: handleResized abandoned!
04-20 00:38:24.271 18147 18147 E ArmVmp : Match on catch block at 0xc3 in for 0x73fad10025
04-20 00:38:24.276 18147 18147 E ArmVmp : Match on catch block at 0xc3 in for 0x73fad10025
04-20 00:38:24.538 18147 18147 E ArmVmp : Match on catch block at 0xc3 in for 0x73fad10025
04-20 00:38:24.544 18147 18147 E ArmVmp : Match on catch block at 0xc3 in for 0x73fad10025
04-20 00:38:24.941 18147 18147 W VRI[Conversation]: handleResized abandoned!
04-20 00:38:25.039 18147 18147 E ArmVmp : Match on catch block at 0xc3 in for 0x73fad10025
04-20 00:38:25.044 18147 18147 E ArmVmp : Match on catch block at 0xc3 in for 0x73fad10025
04-20 00:38:25.334 18147 18147 E ArmVmp : Match on catch block at 0xc3 in for 0x73fad10025
04-20 00:38:25.338 18147 18147 E ArmVmp : Match on catch block at 0xc3 in for 0x73fad10025
04-20 00:38:25.375 18147 18147 W VRI[Conversation]: handleResized abandoned!
04-20 00:38:25.462 18147 18147 E ArmVmp : Match on catch block at 0xc3 in for 0x73fad10025
04-20 00:38:25.467 18147 18147 E ArmVmp : Match on catch block at 0xc3 in for 0x73fad10025
04-20 00:38:25.473 18147 18147 W VRI[Conversation]: handleResized abandoned!
04-20 00:38:25.488 18147 18147 E ArmVmp : Match on catch block at 0xc3 in for 0x73fad10025
04-20 00:38:25.492 18147 18147 E ArmVmp : Match on catch block at 0xc3 in for 0x73fad10025
04-20 00:38:25.538 18147 18147 E ArmVmp : Match on catch block at 0xc3 in for 0x73fad10025
04-20 00:38:25.542 18147 18147 E ArmVmp : Match on catch block at 0xc3 in for 0x73fad10025
04-20 00:38:26.039 18147 18147 E ArmVmp : Match on catch block at 0xc3 in for 0x73fad10025
04-20 00:38:26.044 18147 18147 E ArmVmp : Match on catch block at 0xc3 in for 0x73fad10025
04-20 00:38:26.538 18147 18147 E ArmVmp : Match on catch block at 0xc3 in for 0x73fad10025
04-20 00:38:26.542 18147 18147 E ArmVmp : Match on catch block at 0xc3 in for 0x73fad10025
04-20 00:38:26.576 18147 18147 E ArmVmp : Match on catch block at 0xc3 in for 0x73fad10025
04-20 00:38:26.580 18147 18147 E ArmVmp : Match on catch block at 0xc3 in for 0x73fad10025
04-20 00:38:26.603 18147 18147 E ArmVmp : Match on catch block at 0xc3 in for 0x73fad10025
04-20 00:38:26.608 18147 18147 E ArmVmp : Match on catch block at 0xc3 in for 0x73fad10025
04-20 00:38:26.616 18147 18147 E ArmVmp : Match on catch block at 0xc3 in for 0x73fad10025
04-20 00:38:26.622 18147 18147 E ArmVmp : Match on catch block at 0xc3 in for 0x73fad10025
04-20 00:38:26.632 18147 18147 E ArmVmp : Match on catch block at 0xc3 in for 0x73fad10025
04-20 00:38:26.638 18147 18147 E ArmVmp : Match on catch block at 0xc3 in for 0x73fad10025
04-20 00:38:26.646 18147 18147 E ArmVmp : Match on catch block at 0xc3 in for 0x73fad10025
04-20 00:38:26.651 18147 18147 E ArmVmp : Match on catch block at 0xc3 in for 0x73fad10025
04-20 00:38:26.672 18147 18147 E ArmVmp : Match on catch block at 0xc3 in for 0x73fad10025
04-20 00:38:26.677 18147 18147 E ArmVmp : Match on catch block at 0xc3 in for 0x73fad10025
04-20 00:38:26.692 18147 18147 E ArmVmp : Match on catch block at 0xc3 in for 0x73fad10025
04-20 00:38:26.696 18147 18147 E ArmVmp : Match on catch block at 0xc3 in for 0x73fad10025
04-20 00:38:26.705 18147 18147 E ArmVmp : Match on catch block at 0xc3 in for 0x73fad10025
04-20 00:38:26.711 18147 18147 E ArmVmp : Match on catch block at 0xc3 in for 0x73fad10025
04-20 00:38:26.722 18147 18147 E ArmVmp : Match on catch block at 0xc3 in for 0x73fad10025
04-20 00:38:26.727 18147 18147 E ArmVmp : Match on catch block at 0xc3 in for 0x73fad10025
04-20 00:38:26.738 18147 18147 E ArmVmp : Match on catch block at 0xc3 in for 0x73fad10025
04-20 00:38:26.743 18147 18147 E ArmVmp : Match on catch block at 0xc3 in for 0x73fad10025
04-20 00:38:26.756 18147 18147 E ArmVmp : Match on catch block at 0xc3 in for 0x73fad10025
04-20 00:38:26.760 18147 18147 E ArmVmp : Match on catch block at 0xc3 in for 0x73fad10025
04-20 00:38:26.772 18147 18147 E ArmVmp : Match on catch block at 0xc3 in for 0x73fad10025
04-20 00:38:26.777 18147 18147 E ArmVmp : Match on catch block at 0xc3 in for 0x73fad10025
04-20 00:38:26.838 18147 18147 E ArmVmp : Match on catch block at 0xc3 in for 0x73fad10025
04-20 00:38:26.843 18147 18147 E ArmVmp : Match on catch block at 0xc3 in for 0x73fad10025
04-20 00:38:27.021 18147 18147 E ArmVmp : Match on catch block at 0xc3 in for 0x73fad10025
04-20 00:38:27.025 18147 18147 E ArmVmp : Match on catch block at 0xc3 in for 0x73fad10025
04-20 00:38:27.522 18147 18147 E ArmVmp : Match on catch block at 0xc3 in for 0x73fad10025
04-20 00:38:27.527 18147 18147 E ArmVmp : Match on catch block at 0xc3 in for 0x73fad10025
04-20 00:38:27.588 18147 18147 E ArmVmp : Match on catch block at 0xc3 in for 0x73fad10025
04-20 00:38:27.592 18147 18147 E ArmVmp : Match on catch block at 0xc3 in for 0x73fad10025
04-20 00:38:27.630 18147 18147 E ArmVmp : Match on catch block at 0xc3 in for 0x73fad10025
04-20 00:38:27.641 18147 18147 E ArmVmp : Match on catch block at 0xc3 in for 0x73fad10025
04-20 00:38:27.669 18147 18147 E ArmVmp : Match on catch block at 0xc3 in for 0x73fad10025
04-20 00:38:27.677 18147 18147 E ArmVmp : Match on catch block at 0xc3 in for 0x73fad10025
04-20 00:38:27.691 18147 18147 E ArmVmp : Match on catch block at 0xc3 in for 0x73fad10025
04-20 00:38:27.697 18147 18147 E ArmVmp : Match on catch block at 0xc3 in for 0x73fad10025
04-20 00:38:27.707 18147 18147 E ArmVmp : Match on catch block at 0xc3 in for 0x73fad10025
04-20 00:38:27.715 18147 18147 E ArmVmp : Match on catch block at 0xc3 in for 0x73fad10025
04-20 00:38:27.780 18147 18147 E ArmVmp : Match on catch block at 0xc3 in for 0x73fad10025
04-20 00:38:27.791 18147 18147 E ArmVmp : Match on catch block at 0xc3 in for 0x73fad10025
04-20 00:38:27.820 18147 18147 E ArmVmp : Match on catch block at 0xc3 in for 0x73fad10025
04-20 00:38:27.829 18147 18147 E ArmVmp : Match on catch block at 0xc3 in for 0x73fad10025
04-20 00:38:27.858 18147 18147 E ArmVmp : Match on catch block at 0xc3 in for 0x73fad10025
04-20 00:38:27.868 18147 18147 E ArmVmp : Match on catch block at 0xc3 in for 0x73fad10025
04-20 00:38:27.890 18147 18147 E ArmVmp : Match on catch block at 0xc3 in for 0x73fad10025
04-20 00:38:27.897 18147 18147 E ArmVmp : Match on catch block at 0xc3 in for 0x73fad10025
04-20 00:38:28.122 18147 18147 E ArmVmp : Match on catch block at 0xc3 in for 0x73fad10025
04-20 00:38:28.130 18147 18147 E ArmVmp : Match on catch block at 0xc3 in for 0x73fad10025
04-20 00:38:28.243 18147 18147 E ArmVmp : Match on catch block at 0xc3 in for 0x73fad10025
04-20 00:38:28.249 18147 18147 E ArmVmp : Match on catch block at 0xc3 in for 0x73fad10025
04-20 00:38:28.262 18147 18570 W MediaPlayer: Use of stream types is deprecated for operations other than volume control
04-20 00:38:28.262 18147 18570 W MediaPlayer: See the documentation of setAudioStreamType() for what to use instead with android.media.AudioAttributes to qualify your playback use case
04-20 00:38:28.610 18147 18147 E ArmVmp : Match on catch block at 0xc3 in for 0x73fad10025
04-20 00:38:28.615 18147 18147 E ArmVmp : Match on catch block at 0xc3 in for 0x73fad10025
04-20 00:38:28.643 18147 18147 E ArmVmp : Match on catch block at 0xc3 in for 0x73fad10025
04-20 00:38:28.648 18147 18147 E ArmVmp : Match on catch block at 0xc3 in for 0x73fad10025
04-20 00:38:28.937 18147 18147 W JobService: onNetworkChanged() not implemented in androidx.work.impl.background.systemjob.SystemJobService. Must override in a subclass.
04-20 00:38:29.139 18147 18147 E ArmVmp : Match on catch block at 0xc3 in for 0x73fad10025
04-20 00:38:29.145 18147 18147 E ArmVmp : Match on catch block at 0xc3 in for 0x73fad10025
04-20 00:38:29.639 18147 18147 E ArmVmp : Match on catch block at 0xc3 in for 0x73fad10025
04-20 00:38:29.650 18147 18147 E ArmVmp : Match on catch block at 0xc3 in for 0x73fad10025
04-20 00:38:29.744 18147 18147 E ArmVmp : Match on catch block at 0xc3 in for 0x73fad10025
04-20 00:38:29.749 18147 18147 E ArmVmp : Match on catch block at 0xc3 in for 0x73fad10025
04-20 00:38:29.852 18147 18147 E ArmVmp : Match on catch block at 0xc3 in for 0x73fad10025
04-20 00:38:29.861 18147 18147 E ArmVmp : Match on catch block at 0xc3 in for 0x73fad10025
04-20 00:38:29.936 18147 18147 E ArmVmp : Match on catch block at 0xc3 in for 0x73fad10025
04-20 00:38:29.943 18147 18147 E ArmVmp : Match on catch block at 0xc3 in for 0x73fad10025
04-20 00:38:29.951 18147 18147 E OplusBracketLog: [OplusViewMirrorManager] updateHostViewRootIfNeeded, not support android.view.ViewRootImpl@128755c
04-20 00:38:29.977 18147 18375 E OpenGLRenderer: Unable to match the desired swap behavior.
04-20 00:38:30.010 18147 18147 E ArmVmp : Match on catch block at 0xc3 in for 0x73fad10025
04-20 00:38:30.023 18147 18147 E ArmVmp : Match on catch block at 0xc3 in for 0x73fad10025
04-20 00:38:30.052 18147 18147 E ArmVmp : Match on catch block at 0xc3 in for 0x73fad10025
04-20 00:38:30.059 18147 18147 E ArmVmp : Match on catch block at 0xc3 in for 0x73fad10025
04-20 00:38:30.091 18147 18147 E ArmVmp : Match on catch block at 0xc3 in for 0x73fad10025
04-20 00:38:30.101 18147 18147 E ArmVmp : Match on catch block at 0xc3 in for 0x73fad10025
04-20 00:38:30.126 18147 18147 E ArmVmp : Match on catch block at 0xc3 in for 0x73fad10025
04-20 00:38:30.138 18147 18147 E ArmVmp : Match on catch block at 0xc3 in for 0x73fad10025
04-20 00:38:30.157 18147 18147 E ArmVmp : Match on catch block at 0xc3 in for 0x73fad10025
04-20 00:38:30.164 18147 18147 E ArmVmp : Match on catch block at 0xc3 in for 0x73fad10025
04-20 00:38:30.182 18147 18147 E ArmVmp : Match on catch block at 0xc3 in for 0x73fad10025
04-20 00:38:30.189 18147 18147 E ArmVmp : Match on catch block at 0xc3 in for 0x73fad10025
04-20 00:38:30.207 18147 18147 E ArmVmp : Match on catch block at 0xc3 in for 0x73fad10025
04-20 00:38:30.215 18147 18147 E ArmVmp : Match on catch block at 0xc3 in for 0x73fad10025
04-20 00:38:30.242 18147 18375 E OpenGLRenderer: Unable to match the desired swap behavior.
04-20 00:38:30.270 18147 18375 E OpenGLRenderer: Unable to match the desired swap behavior.
04-20 00:38:30.298 18147 18375 E OpenGLRenderer: Unable to match the desired swap behavior.
04-20 00:38:30.328 18147 18375 E OpenGLRenderer: Unable to match the desired swap behavior.
04-20 00:38:30.358 18147 18375 E OpenGLRenderer: Unable to match the desired swap behavior.
04-20 00:38:30.386 18147 18375 E OpenGLRenderer: Unable to match the desired swap behavior.
04-20 00:38:30.673 18147 18147 E ArmVmp : Match on catch block at 0xc3 in for 0x73fad10025
04-20 00:38:30.682 18147 18147 E ArmVmp : Match on catch block at 0xc3 in for 0x73fad10025
04-20 00:38:31.174 18147 18147 E ArmVmp : Match on catch block at 0xc3 in for 0x73fad10025
04-20 00:38:31.181 18147 18147 E ArmVmp : Match on catch block at 0xc3 in for 0x73fad10025
04-20 00:38:31.675 18147 18147 E ArmVmp : Match on catch block at 0xc3 in for 0x73fad10025
04-20 00:38:31.680 18147 18147 E ArmVmp : Match on catch block at 0xc3 in for 0x73fad10025
04-20 00:38:31.808 18147 18147 W WindowOnBackDispatcher: sendCancelIfRunning: isInProgress=falsecallback=android.view.ViewRootImpl$ $ExternalSyntheticLambda17@3243065
