04-20 00:39:20.579 18147 18147 E ArmVmp : Match on catch block at 0xc3 in for 0x73fad10025
04-20 00:39:20.584 18147 18147 E ArmVmp : Match on catch block at 0xc3 in for 0x73fad10025
04-20 00:39:20.600 18147 18147 E ArmVmp : Match on catch block at 0xc3 in for 0x73fad10025
04-20 00:39:20.604 18147 18147 E ArmVmp : Match on catch block at 0xc3 in for 0x73fad10025
04-20 00:39:20.618 18147 18147 E ArmVmp : Match on catch block at 0xc3 in for 0x73fad10025
04-20 00:39:20.623 18147 18147 E ArmVmp : Match on catch block at 0xc3 in for 0x73fad10025
04-20 00:39:20.638 18147 18147 E ArmVmp : Match on catch block at 0xc3 in for 0x73fad10025
04-20 00:39:20.642 18147 18147 E ArmVmp : Match on catch block at 0xc3 in for 0x73fad10025
04-20 00:39:20.651 18147 18147 E ArmVmp : Match on catch block at 0xc3 in for 0x73fad10025
04-20 00:39:20.655 18147 18147 E ArmVmp : Match on catch block at 0xc3 in for 0x73fad10025
04-20 00:39:20.676 18147 18375 E OpenGLRenderer: Unable to match the desired swap behavior.
04-20 00:39:20.697 18147 18375 E OpenGLRenderer: Unable to match the desired swap behavior.
04-20 00:39:20.718 18147 18375 E OpenGLRenderer: Unable to match the desired swap behavior.
04-20 00:39:20.737 18147 18375 E OpenGLRenderer: Unable to match the desired swap behavior.
04-20 00:39:20.757 18147 18375 E OpenGLRenderer: Unable to match the desired swap behavior.
04-20 00:39:20.760 18147 18147 W VRI[Toast]: handleResized abandoned!
04-20 00:39:20.778 18147 18375 E OpenGLRenderer: Unable to match the desired swap behavior.
04-20 00:39:20.797 18147 18375 E OpenGLRenderer: Unable to match the desired swap behavior.
04-20 00:39:20.923 18147 18147 E ArmVmp : Match on catch block at 0xc3 in for 0x73fad10025
04-20 00:39:20.927 18147 18147 E ArmVmp : Match on catch block at 0xc3 in for 0x73fad10025
04-20 00:39:21.425 18147 18147 E ArmVmp : Match on catch block at 0xc3 in for 0x73fad10025
04-20 00:39:21.430 18147 18147 E ArmVmp : Match on catch block at 0xc3 in for 0x73fad10025
04-20 00:39:21.925 18147 18147 E ArmVmp : Match on catch block at 0xc3 in for 0x73fad10025
04-20 00:39:21.931 18147 18147 E ArmVmp : Match on catch block at 0xc3 in for 0x73fad10025
04-20 00:39:22.259 18147 18147 W WindowOnBackDispatcher: sendCancelIfRunning: isInProgress=falsecallback=android.view.ViewRootImpl$ $ExternalSyntheticLambda17@e538a41
04-20 00:39:22.321 18147 18147 E OplusBracketLog: [OplusViewMirrorManager] updateHostViewRootIfNeeded, not support android.view.ViewRootImpl@c17aa04
04-20 00:39:22.339 18147 18375 E OpenGLRenderer: Unable to match the desired swap behavior.
04-20 00:39:22.441 18147 18147 E ArmVmp : Match on catch block at 0xc3 in for 0x73fad10025
04-20 00:39:22.447 18147 18147 E ArmVmp : Match on catch block at 0xc3 in for 0x73fad10025
04-20 00:39:22.668 18147 18147 E ArmVmp : Match on catch block at 0xc3 in for 0x73fad10025
04-20 00:39:22.672 18147 18147 E ArmVmp : Match on catch block at 0xc3 in for 0x73fad10025
04-20 00:39:22.942 18147 18147 E ArmVmp : Match on catch block at 0xc3 in for 0x73fad10025
04-20 00:39:22.947 18147 18147 E ArmVmp : Match on catch block at 0xc3 in for 0x73fad10025
04-20 00:39:23.441 18147 18147 E ArmVmp : Match on catch block at 0xc3 in for 0x73fad10025
04-20 00:39:23.446 18147 18147 E ArmVmp : Match on catch block at 0xc3 in for 0x73fad10025
04-20 00:39:23.943 18147 18147 E ArmVmp : Match on catch block at 0xc3 in for 0x73fad10025
04-20 00:39:23.948 18147 18147 E ArmVmp : Match on catch block at 0xc3 in for 0x73fad10025
04-20 00:39:24.262 18147 18147 W WindowOnBackDispatcher: sendCancelIfRunning: isInProgress=falsecallback=android.view.ViewRootImpl$ $ExternalSyntheticLambda17@ef8cbed
04-20 00:39:24.442 18147 18147 E ArmVmp : Match on catch block at 0xc3 in for 0x73fad10025
04-20 00:39:24.449 18147 18147 E ArmVmp : Match on catch block at 0xc3 in for 0x73fad10025
04-20 00:39:24.942 18147 18147 E ArmVmp : Match on catch block at 0xc3 in for 0x73fad10025
04-20 00:39:24.948 18147 18147 E ArmVmp : Match on catch block at 0xc3 in for 0x73fad10025
04-20 00:39:25.442 18147 18147 E ArmVmp : Match on catch block at 0xc3 in for 0x73fad10025
04-20 00:39:25.447 18147 18147 E ArmVmp : Match on catch block at 0xc3 in for 0x73fad10025
04-20 00:39:25.942 18147 18147 E ArmVmp : Match on catch block at 0xc3 in for 0x73fad10025
04-20 00:39:25.949 18147 18147 E ArmVmp : Match on catch block at 0xc3 in for 0x73fad10025
04-20 00:39:26.442 18147 18147 E ArmVmp : Match on catch block at 0xc3 in for 0x73fad10025
04-20 00:39:26.447 18147 18147 E ArmVmp : Match on catch block at 0xc3 in for 0x73fad10025
04-20 00:39:26.943 18147 18147 E ArmVmp : Match on catch block at 0xc3 in for 0x73fad10025
04-20 00:39:26.948 18147 18147 E ArmVmp : Match on catch block at 0xc3 in for 0x73fad10025
04-20 00:39:27.442 18147 18147 E ArmVmp : Match on catch block at 0xc3 in for 0x73fad10025
04-20 00:39:27.448 18147 18147 E ArmVmp : Match on catch block at 0xc3 in for 0x73fad10025
04-20 00:39:27.943 18147 18147 E ArmVmp : Match on catch block at 0xc3 in for 0x73fad10025
04-20 00:39:27.947 18147 18147 E ArmVmp : Match on catch block at 0xc3 in for 0x73fad10025
04-20 00:39:28.444 18147 18147 E ArmVmp : Match on catch block at 0xc3 in for 0x73fad10025
04-20 00:39:28.448 18147 18147 E ArmVmp : Match on catch block at 0xc3 in for 0x73fad10025
04-20 00:39:28.962 18147 18147 E ArmVmp : Match on catch block at 0xc3 in for 0x73fad10025
04-20 00:39:28.967 18147 18147 E ArmVmp : Match on catch block at 0xc3 in for 0x73fad10025
04-20 00:39:29.462 18147 18147 E ArmVmp : Match on catch block at 0xc3 in for 0x73fad10025
04-20 00:39:29.467 18147 18147 E ArmVmp : Match on catch block at 0xc3 in for 0x73fad10025
04-20 00:39:29.962 18147 18147 E ArmVmp : Match on catch block at 0xc3 in for 0x73fad10025
04-20 00:39:29.969 18147 18147 E ArmVmp : Match on catch block at 0xc3 in for 0x73fad10025
04-20 00:39:30.463 18147 18147 E ArmVmp : Match on catch block at 0xc3 in for 0x73fad10025
04-20 00:39:30.469 18147 18147 E ArmVmp : Match on catch block at 0xc3 in for 0x73fad10025
04-20 00:39:30.962 18147 18147 E ArmVmp : Match on catch block at 0xc3 in for 0x73fad10025
04-20 00:39:30.967 18147 18147 E ArmVmp : Match on catch block at 0xc3 in for 0x73fad10025
04-20 00:39:31.462 18147 18147 E ArmVmp : Match on catch block at 0xc3 in for 0x73fad10025
04-20 00:39:31.467 18147 18147 E ArmVmp : Match on catch block at 0xc3 in for 0x73fad10025
04-20 00:39:31.962 18147 18147 E ArmVmp : Match on catch block at 0xc3 in for 0x73fad10025
04-20 00:39:31.968 18147 18147 E ArmVmp : Match on catch block at 0xc3 in for 0x73fad10025
04-20 00:39:32.463 18147 18147 E ArmVmp : Match on catch block at 0xc3 in for 0x73fad10025
04-20 00:39:32.468 18147 18147 E ArmVmp : Match on catch block at 0xc3 in for 0x73fad10025
04-20 00:39:32.963 18147 18147 E ArmVmp : Match on catch block at 0xc3 in for 0x73fad10025
04-20 00:39:32.968 18147 18147 E ArmVmp : Match on catch block at 0xc3 in for 0x73fad10025
04-20 00:39:33.462 18147 18147 E ArmVmp : Match on catch block at 0xc3 in for 0x73fad10025
04-20 00:39:33.466 18147 18147 E ArmVmp : Match on catch block at 0xc3 in for 0x73fad10025
04-20 00:39:33.980 18147 18147 E ArmVmp : Match on catch block at 0xc3 in for 0x73fad10025
04-20 00:39:33.988 18147 18147 E ArmVmp : Match on catch block at 0xc3 in for 0x73fad10025
04-20 00:39:34.481 18147 18147 E ArmVmp : Match on catch block at 0xc3 in for 0x73fad10025
04-20 00:39:34.486 18147 18147 E ArmVmp : Match on catch block at 0xc3 in for 0x73fad10025
04-20 00:39:34.982 18147 18147 E ArmVmp : Match on catch block at 0xc3 in for 0x73fad10025
04-20 00:39:34.989 18147 18147 E ArmVmp : Match on catch block at 0xc3 in for 0x73fad10025
04-20 00:39:35.438 18147 18147 W JobService: onNetworkChanged() not implemented in androidx.work.impl.background.systemjob.SystemJobService. Must override in a subclass.
04-20 00:39:35.480 18147 18147 E ArmVmp : Match on catch block at 0xc3 in for 0x73fad10025
04-20 00:39:35.485 18147 18147 E ArmVmp : Match on catch block at 0xc3 in for 0x73fad10025
04-20 00:39:35.982 18147 18147 E ArmVmp : Match on catch block at 0xc3 in for 0x73fad10025
04-20 00:39:35.988 18147 18147 E ArmVmp : Match on catch block at 0xc3 in for 0x73fad10025
04-20 00:39:36.480 18147 18147 E ArmVmp : Match on catch block at 0xc3 in for 0x73fad10025
04-20 00:39:36.486 18147 18147 E ArmVmp : Match on catch block at 0xc3 in for 0x73fad10025
04-20 00:39:36.981 18147 18147 E ArmVmp : Match on catch block at 0xc3 in for 0x73fad10025
04-20 00:39:36.986 18147 18147 E ArmVmp : Match on catch block at 0xc3 in for 0x73fad10025
04-20 00:39:37.480 18147 18147 E ArmVmp : Match on catch block at 0xc3 in for 0x73fad10025
04-20 00:39:37.486 18147 18147 E ArmVmp : Match on catch block at 0xc3 in for 0x73fad10025
04-20 00:39:37.659 18147 18147 W JobService: onNetworkChanged() not implemented in androidx.work.impl.background.systemjob.SystemJobService. Must override in a subclass.
04-20 00:39:37.980 18147 18147 E ArmVmp : Match on catch block at 0xc3 in for 0x73fad10025
04-20 00:39:37.986 18147 18147 E ArmVmp : Match on catch block at 0xc3 in for 0x73fad10025
04-20 00:39:38.483 18147 18147 E ArmVmp : Match on catch block at 0xc3 in for 0x73fad10025
04-20 00:39:38.488 18147 18147 E ArmVmp : Match on catch block at 0xc3 in for 0x73fad10025
04-20 00:39:38.982 18147 18147 E ArmVmp : Match on catch block at 0xc3 in for 0x73fad10025
04-20 00:39:38.991 18147 18147 E ArmVmp : Match on catch block at 0xc3 in for 0x73fad10025
04-20 00:39:39.483 18147 18147 E ArmVmp : Match on catch block at 0xc3 in for 0x73fad10025
04-20 00:39:39.488 18147 18147 E ArmVmp : Match on catch block at 0xc3 in for 0x73fad10025
04-20 00:39:39.983 18147 18147 E ArmVmp : Match on catch block at 0xc3 in for 0x73fad10025
04-20 00:39:39.988 18147 18147 E ArmVmp : Match on catch block at 0xc3 in for 0x73fad10025
04-20 00:39:40.482 18147 18147 E ArmVmp : Match on catch block at 0xc3 in for 0x73fad10025
04-20 00:39:40.488 18147 18147 E ArmVmp : Match on catch block at 0xc3 in for 0x73fad10025
04-20 00:39:40.983 18147 18147 E ArmVmp : Match on catch block at 0xc3 in for 0x73fad10025
04-20 00:39:40.988 18147 18147 E ArmVmp : Match on catch block at 0xc3 in for 0x73fad10025
04-20 00:39:41.448 18147 18147 E OplusBracketLog: [OplusViewMirrorManager] updateHostViewRootIfNeeded, not support android.view.ViewRootImpl@450a815
04-20 00:39:41.488 18147 18375 E OpenGLRenderer: Unable to match the desired swap behavior.
04-20 00:39:41.514 18147 18147 E ArmVmp : Match on catch block at 0xc3 in for 0x73fad10025
04-20 00:39:41.519 18147 18147 E ArmVmp : Match on catch block at 0xc3 in for 0x73fad10025
04-20 00:39:41.556 18147 18147 E ArmVmp : Match on catch block at 0xc3 in for 0x73fad10025
04-20 00:39:41.561 18147 18147 E ArmVmp : Match on catch block at 0xc3 in for 0x73fad10025
04-20 00:39:41.772 18147 18375 E OpenGLRenderer: Unable to match the desired swap behavior.
04-20 00:39:41.790 18147 18375 E OpenGLRenderer: Unable to match the desired swap behavior.
04-20 00:39:41.809 18147 18375 E OpenGLRenderer: Unable to match the desired swap behavior.
04-20 00:39:41.830 18147 18375 E OpenGLRenderer: Unable to match the desired swap behavior.
04-20 00:39:41.848 18147 18375 E OpenGLRenderer: Unable to match the desired swap behavior.
04-20 00:39:41.852 18147 18147 W VRI[Toast]: handleResized abandoned!
04-20 00:39:41.867 18147 18375 E OpenGLRenderer: Unable to match the desired swap behavior.
04-20 00:39:41.886 18147 18375 E OpenGLRenderer: Unable to match the desired swap behavior.
04-20 00:39:41.905 18147 18375 E OpenGLRenderer: Unable to match the desired swap behavior.
04-20 00:39:41.931 18147 18147 W JobService: onNetworkChanged() not implemented in androidx.work.impl.background.systemjob.SystemJobService. Must override in a subclass.
04-20 00:39:42.051 18147 18147 E ArmVmp : Match on catch block at 0xc3 in for 0x73fad10025
04-20 00:39:42.056 18147 18147 E ArmVmp : Match on catch block at 0xc3 in for 0x73fad10025
04-20 00:39:42.119 18147 18147 E ArmVmp : Match on catch block at 0xc3 in for 0x73fad10025
04-20 00:39:42.123 18147 18147 E ArmVmp : Match on catch block at 0xc3 in for 0x73fad10025
04-20 00:39:42.137 18147 18570 W MediaPlayer: Use of stream types is deprecated for operations other than volume control
04-20 00:39:42.137 18147 18570 W MediaPlayer: See the documentation of setAudioStreamType() for what to use instead with android.media.AudioAttributes to qualify your playback use case
04-20 00:39:42.153 18147 18147 E ArmVmp : Match on catch block at 0xc3 in for 0x73fad10025
04-20 00:39:42.157 18147 18147 E ArmVmp : Match on catch block at 0xc3 in for 0x73fad10025
04-20 00:39:42.179 18147 18147 E ArmVmp : Match on catch block at 0xc3 in for 0x73fad10025
04-20 00:39:42.183 18147 18147 E ArmVmp : Match on catch block at 0xc3 in for 0x73fad10025
04-20 00:39:42.197 18147 18147 E ArmVmp : Match on catch block at 0xc3 in for 0x73fad10025
04-20 00:39:42.201 18147 18147 E ArmVmp : Match on catch block at 0xc3 in for 0x73fad10025
04-20 00:39:42.549 18147 18147 E ArmVmp : Match on catch block at 0xc3 in for 0x73fad10025
04-20 00:39:42.553 18147 18147 E ArmVmp : Match on catch block at 0xc3 in for 0x73fad10025
04-20 00:39:43.049 18147 18147 E ArmVmp : Match on catch block at 0xc3 in for 0x73fad10025
04-20 00:39:43.056 18147 18147 E ArmVmp : Match on catch block at 0xc3 in for 0x73fad10025
04-20 00:39:43.374 18147 18147 W WindowOnBackDispatcher: sendCancelIfRunning: isInProgress=falsecallback=android.view.ViewRootImpl$ $ExternalSyntheticLambda17@ecc272a
04-20 00:39:43.550 18147 18147 E ArmVmp : Match on catch block at 0xc3 in for 0x73fad10025
04-20 00:39:43.557 18147 18147 E ArmVmp : Match on catch block at 0xc3 in for 0x73fad10025
04-20 00:39:44.049 18147 18147 E ArmVmp : Match on catch block at 0xc3 in for 0x73fad10025
04-20 00:39:44.053 18147 18147 E ArmVmp : Match on catch block at 0xc3 in for 0x73fad10025
04-20 00:39:44.551 18147 18147 E ArmVmp : Match on catch block at 0xc3 in for 0x73fad10025
04-20 00:39:44.555 18147 18147 E ArmVmp : Match on catch block at 0xc3 in for 0x73fad10025
04-20 00:39:45.067 18147 18147 E ArmVmp : Match on catch block at 0xc3 in for 0x73fad10025
04-20 00:39:45.070 18147 18147 E ArmVmp : Match on catch block at 0xc3 in for 0x73fad10025
04-20 00:39:45.567 18147 18147 E ArmVmp : Match on catch block at 0xc3 in for 0x73fad10025
04-20 00:39:45.571 18147 18147 E ArmVmp : Match on catch block at 0xc3 in for 0x73fad10025
04-20 00:39:46.067 18147 18147 E ArmVmp : Match on catch block at 0xc3 in for 0x73fad10025
04-20 00:39:46.072 18147 18147 E ArmVmp : Match on catch block at 0xc3 in for 0x73fad10025
04-20 00:39:46.567 18147 18147 E ArmVmp : Match on catch block at 0xc3 in for 0x73fad10025
04-20 00:39:46.571 18147 18147 E ArmVmp : Match on catch block at 0xc3 in for 0x73fad10025
04-20 00:39:47.069 18147 18147 E ArmVmp : Match on catch block at 0xc3 in for 0x73fad10025
04-20 00:39:47.075 18147 18147 E ArmVmp : Match on catch block at 0xc3 in for 0x73fad10025
04-20 00:39:47.569 18147 18147 E ArmVmp : Match on catch block at 0xc3 in for 0x73fad10025
04-20 00:39:47.573 18147 18147 E ArmVmp : Match on catch block at 0xc3 in for 0x73fad10025
04-20 00:39:48.069 18147 18147 E ArmVmp : Match on catch block at 0xc3 in for 0x73fad10025
04-20 00:39:48.074 18147 18147 E ArmVmp : Match on catch block at 0xc3 in for 0x73fad10025
04-20 00:39:48.570 18147 18147 E ArmVmp : Match on catch block at 0xc3 in for 0x73fad10025
04-20 00:39:48.574 18147 18147 E ArmVmp : Match on catch block at 0xc3 in for 0x73fad10025
04-20 00:39:49.069 18147 18147 E ArmVmp : Match on catch block at 0xc3 in for 0x73fad10025
04-20 00:39:49.075 18147 18147 E ArmVmp : Match on catch block at 0xc3 in for 0x73fad10025
04-20 00:39:49.569 18147 18147 E ArmVmp : Match on catch block at 0xc3 in for 0x73fad10025
04-20 00:39:49.574 18147 18147 E ArmVmp : Match on catch block at 0xc3 in for 0x73fad10025
04-20 00:39:50.069 18147 18147 E ArmVmp : Match on catch block at 0xc3 in for 0x73fad10025
04-20 00:39:50.074 18147 18147 E ArmVmp : Match on catch block at 0xc3 in for 0x73fad10025
04-20 00:39:50.569 18147 18147 E ArmVmp : Match on catch block at 0xc3 in for 0x73fad10025
04-20 00:39:50.573 18147 18147 E ArmVmp : Match on catch block at 0xc3 in for 0x73fad10025
04-20 00:39:51.085 18147 18147 E ArmVmp : Match on catch block at 0xc3 in for 0x73fad10025
04-20 00:39:51.089 18147 18147 E ArmVmp : Match on catch block at 0xc3 in for 0x73fad10025
04-20 00:39:51.585 18147 18147 E ArmVmp : Match on catch block at 0xc3 in for 0x73fad10025
04-20 00:39:51.589 18147 18147 E ArmVmp : Match on catch block at 0xc3 in for 0x73fad10025
04-20 00:39:52.085 18147 18147 E ArmVmp : Match on catch block at 0xc3 in for 0x73fad10025
04-20 00:39:52.089 18147 18147 E ArmVmp : Match on catch block at 0xc3 in for 0x73fad10025
04-20 00:39:52.585 18147 18147 E ArmVmp : Match on catch block at 0xc3 in for 0x73fad10025
04-20 00:39:52.590 18147 18147 E ArmVmp : Match on catch block at 0xc3 in for 0x73fad10025
04-20 00:39:52.902 18147 18147 E ArmVmp : Match on catch block at 0xc3 in for 0x73fad10025
04-20 00:39:52.908 18147 18147 E ArmVmp : Match on catch block at 0xc3 in for 0x73fad10025
04-20 00:39:52.949 18147 18147 W VRI[Conversation]: handleResized abandoned!
04-20 00:39:53.109 18147 18147 E ArmVmp : Match on catch block at 0xc3 in for 0x73fad10025
04-20 00:39:53.117 18147 18147 E ArmVmp : Match on catch block at 0xc3 in for 0x73fad10025
04-20 00:39:53.127 18147 18147 W VRI[Conversation]: handleResized abandoned!
04-20 00:39:53.138 18147 18147 E ArmVmp : Match on catch block at 0xc3 in for 0x73fad10025
04-20 00:39:53.143 18147 18147 E ArmVmp : Match on catch block at 0xc3 in for 0x73fad10025
04-20 00:39:53.587 18147 18147 E ArmVmp : Match on catch block at 0xc3 in for 0x73fad10025
04-20 00:39:53.592 18147 18147 E ArmVmp : Match on catch block at 0xc3 in for 0x73fad10025
04-20 00:39:54.086 18147 18147 E ArmVmp : Match on catch block at 0xc3 in for 0x73fad10025
04-20 00:39:54.090 18147 18147 E ArmVmp : Match on catch block at 0xc3 in for 0x73fad10025
04-20 00:39:54.145 18147 18147 E ArmVmp : Match on catch block at 0xc3 in for 0x73fad10025
04-20 00:39:54.148 18147 18147 E ArmVmp : Match on catch block at 0xc3 in for 0x73fad10025
04-20 00:39:54.170 18147 18147 E ArmVmp : Match on catch block at 0xc3 in for 0x73fad10025
04-20 00:39:54.175 18147 18147 E ArmVmp : Match on catch block at 0xc3 in for 0x73fad10025
04-20 00:39:54.186 18147 18147 E ArmVmp : Match on catch block at 0xc3 in for 0x73fad10025
04-20 00:39:54.192 18147 18147 E ArmVmp : Match on catch block at 0xc3 in for 0x73fad10025
04-20 00:39:54.203 18147 18147 E ArmVmp : Match on catch block at 0xc3 in for 0x73fad10025
04-20 00:39:54.224 18147 18147 E ArmVmp : Match on catch block at 0xc3 in for 0x73fad10025
04-20 00:39:54.234 18147 18147 E ArmVmp : Match on catch block at 0xc3 in for 0x73fad10025
04-20 00:39:54.239 18147 18147 E ArmVmp : Match on catch block at 0xc3 in for 0x73fad10025
04-20 00:39:54.255 18147 18147 E ArmVmp : Match on catch block at 0xc3 in for 0x73fad10025
04-20 00:39:54.259 18147 18147 E ArmVmp : Match on catch block at 0xc3 in for 0x73fad10025
04-20 00:39:54.277 18147 18147 E ArmVmp : Match on catch block at 0xc3 in for 0x73fad10025
04-20 00:39:54.283 18147 18147 E ArmVmp : Match on catch block at 0xc3 in for 0x73fad10025
04-20 00:39:54.304 18147 18147 E ArmVmp : Match on catch block at 0xc3 in for 0x73fad10025
04-20 00:39:54.311 18147 18147 E ArmVmp : Match on catch block at 0xc3 in for 0x73fad10025
04-20 00:39:54.321 18147 18147 E ArmVmp : Match on catch block at 0xc3 in for 0x73fad10025
04-20 00:39:54.328 18147 18147 E ArmVmp : Match on catch block at 0xc3 in for 0x73fad10025
04-20 00:39:54.336 18147 18147 E ArmVmp : Match on catch block at 0xc3 in for 0x73fad10025
04-20 00:39:54.342 18147 18147 E ArmVmp : Match on catch block at 0xc3 in for 0x73fad10025
04-20 00:39:54.389 18147 18147 E ArmVmp : Match on catch block at 0xc3 in for 0x73fad10025
04-20 00:39:54.396 18147 18147 E ArmVmp : Match on catch block at 0xc3 in for 0x73fad10025
04-20 00:39:54.453 18147 18147 E ArmVmp : Match on catch block at 0xc3 in for 0x73fad10025
04-20 00:39:54.457 18147 18147 E ArmVmp : Match on catch block at 0xc3 in for 0x73fad10025
04-20 00:39:54.576 18147 18147 E OplusBracketLog: [OplusViewMirrorManager] updateHostViewRootIfNeeded, not support android.view.ViewRootImpl@9e6a166
04-20 00:39:54.594 18147 18375 E OpenGLRenderer: Unable to match the desired swap behavior.
04-20 00:39:54.616 18147 18147 E ArmVmp : Match on catch block at 0xc3 in for 0x73fad10025
04-20 00:39:54.620 18147 18147 E ArmVmp : Match on catch block at 0xc3 in for 0x73fad10025
04-20 00:39:54.920 18147 18147 E ArmVmp : Match on catch block at 0xc3 in for 0x73fad10025
04-20 00:39:54.925 18147 18147 E ArmVmp : Match on catch block at 0xc3 in for 0x73fad10025
04-20 00:39:54.968 18147 18375 E OpenGLRenderer: Unable to match the desired swap behavior.
04-20 00:39:54.986 18147 18147 E ArmVmp : Match on catch block at 0xc3 in for 0x73fad10025
04-20 00:39:54.990 18147 18147 E ArmVmp : Match on catch block at 0xc3 in for 0x73fad10025
04-20 00:39:55.023 18147 18375 E OpenGLRenderer: Unable to match the desired swap behavior.
04-20 00:39:55.044 18147 18147 E ArmVmp : Match on catch block at 0xc3 in for 0x73fad10025
04-20 00:39:55.050 18147 18147 E ArmVmp : Match on catch block at 0xc3 in for 0x73fad10025
04-20 00:39:55.086 18147 18375 E OpenGLRenderer: Unable to match the desired swap behavior.
04-20 00:39:55.133 18147 18147 E ArmVmp : Match on catch block at 0xc3 in for 0x73fad10025
04-20 00:39:55.140 18147 18147 E ArmVmp : Match on catch block at 0xc3 in for 0x73fad10025
04-20 00:39:55.183 18147 18375 E OpenGLRenderer: Unable to match the desired swap behavior.
04-20 00:39:55.209 18147 18147 E ArmVmp : Match on catch block at 0xc3 in for 0x73fad10025
04-20 00:39:55.215 18147 18147 E ArmVmp : Match on catch block at 0xc3 in for 0x73fad10025
04-20 00:39:55.254 18147 18147 E ArmVmp : Match on catch block at 0xc3 in for 0x73fad10025
04-20 00:39:55.261 18147 18147 E ArmVmp : Match on catch block at 0xc3 in for 0x73fad10025
04-20 00:39:55.285 18147 18147 E ArmVmp : Match on catch block at 0xc3 in for 0x73fad10025
04-20 00:39:55.290 18147 18147 E ArmVmp : Match on catch block at 0xc3 in for 0x73fad10025
04-20 00:39:55.453 18147 18147 E ArmVmp : Match on catch block at 0xc3 in for 0x73fad10025
04-20 00:39:55.457 18147 18147 E ArmVmp : Match on catch block at 0xc3 in for 0x73fad10025
04-20 00:39:55.953 18147 18147 E ArmVmp : Match on catch block at 0xc3 in for 0x73fad10025
04-20 00:39:55.957 18147 18147 E ArmVmp : Match on catch block at 0xc3 in for 0x73fad10025
04-20 00:39:56.197 18147 18147 E ArmVmp : Match on catch block at 0xc3 in for 0x73fad10025
04-20 00:39:56.204 18147 18147 E ArmVmp : Match on catch block at 0xc3 in for 0x73fad10025
04-20 00:39:56.215 18147 18147 W WindowOnBackDispatcher: sendCancelIfRunning: isInProgress=falsecallback=ImeCallback=ImeOnBackInvokedCallback@130186315 Callback=android.window.IOnBackInvokedCallback$Stub$Proxy@d0f76ae
04-20 00:39:56.217 18147 18147 W VRI[Conversation]: handleResized abandoned!
04-20 00:39:56.217 18147 18147 W VRI[Toast]: handleResized abandoned!
04-20 00:39:56.221 18147 18147 E ArmVmp : Match on catch block at 0xc3 in for 0x73fad10025
04-20 00:39:56.228 18147 18147 E ArmVmp : Match on catch block at 0xc3 in for 0x73fad10025
04-20 00:39:56.316 18147 18147 E ArmVmp : Match on catch block at 0xc3 in for 0x73fad10025
04-20 00:39:56.320 18147 18147 E ArmVmp : Match on catch block at 0xc3 in for 0x73fad10025
04-20 00:39:56.332 18147 18570 W MediaPlayer: Use of stream types is deprecated for operations other than volume control
04-20 00:39:56.332 18147 18570 W MediaPlayer: See the documentation of setAudioStreamType() for what to use instead with android.media.AudioAttributes to qualify your playback use case
04-20 00:39:56.352 18147 18147 E ArmVmp : Match on catch block at 0xc3 in for 0x73fad10025
04-20 00:39:56.357 18147 18147 E ArmVmp : Match on catch block at 0xc3 in for 0x73fad10025
04-20 00:39:56.396 18147 18147 E ArmVmp : Match on catch block at 0xc3 in for 0x73fad10025
04-20 00:39:56.403 18147 18147 E ArmVmp : Match on catch block at 0xc3 in for 0x73fad10025
04-20 00:39:56.412 18147 18147 E ArmVmp : Match on catch block at 0xc3 in for 0x73fad10025
04-20 00:39:56.420 18147 18147 E ArmVmp : Match on catch block at 0xc3 in for 0x73fad10025
04-20 00:39:56.427 18147 18147 E ArmVmp : Match on catch block at 0xc3 in for 0x73fad10025
04-20 00:39:56.434 18147 18147 E ArmVmp : Match on catch block at 0xc3 in for 0x73fad10025
04-20 00:39:56.443 18147 18147 E ArmVmp : Match on catch block at 0xc3 in for 0x73fad10025
04-20 00:39:56.448 18147 18147 E ArmVmp : Match on catch block at 0xc3 in for 0x73fad10025
04-20 00:39:56.465 18147 18147 E ArmVmp : Match on catch block at 0xc3 in for 0x73fad10025
04-20 00:39:56.472 18147 18147 E ArmVmp : Match on catch block at 0xc3 in for 0x73fad10025
04-20 00:39:56.484 18147 18147 E ArmVmp : Match on catch block at 0xc3 in for 0x73fad10025
04-20 00:39:56.490 18147 18147 E ArmVmp : Match on catch block at 0xc3 in for 0x73fad10025
04-20 00:39:56.498 18147 18147 E ArmVmp : Match on catch block at 0xc3 in for 0x73fad10025
04-20 00:39:56.504 18147 18147 E ArmVmp : Match on catch block at 0xc3 in for 0x73fad10025
04-20 00:39:56.513 18147 18147 E ArmVmp : Match on catch block at 0xc3 in for 0x73fad10025
04-20 00:39:56.520 18147 18147 E ArmVmp : Match on catch block at 0xc3 in for 0x73fad10025
04-20 00:39:56.535 18147 18147 E ArmVmp : Match on catch block at 0xc3 in for 0x73fad10025
04-20 00:39:56.542 18147 18147 E ArmVmp : Match on catch block at 0xc3 in for 0x73fad10025
04-20 00:39:56.549 18147 18147 E ArmVmp : Match on catch block at 0xc3 in for 0x73fad10025
04-20 00:39:56.554 18147 18147 E ArmVmp : Match on catch block at 0xc3 in for 0x73fad10025
04-20 00:39:56.559 18147 18147 W WindowOnBackDispatcher: sendCancelIfRunning: isInProgress=falsecallback=android.view.ViewRootImpl$ $ExternalSyntheticLambda17@743fca7
04-20 00:39:56.598 18147 18147 E ArmVmp : Match on catch block at 0xc3 in for 0x73fad10025
04-20 00:39:56.602 18147 18147 E ArmVmp : Match on catch block at 0xc3 in for 0x73fad10025
04-20 00:39:56.606 18147 18147 E OplusBracketLog: [OplusViewMirrorManager] updateHostViewRootIfNeeded, not support android.view.ViewRootImpl@b2cef37
04-20 00:39:56.623 18147 18375 E OpenGLRenderer: Unable to match the desired swap behavior.
04-20 00:39:56.642 18147 18147 E ArmVmp : Match on catch block at 0xc3 in for 0x73fad10025
04-20 00:39:56.647 18147 18147 E ArmVmp : Match on catch block at 0xc3 in for 0x73fad10025
04-20 00:39:56.665 18147 18147 E ArmVmp : Match on catch block at 0xc3 in for 0x73fad10025
04-20 00:39:56.670 18147 18147 E ArmVmp : Match on catch block at 0xc3 in for 0x73fad10025
04-20 00:39:56.692 18147 18147 E ArmVmp : Match on catch block at 0xc3 in for 0x73fad10025
04-20 00:39:56.697 18147 18147 E ArmVmp : Match on catch block at 0xc3 in for 0x73fad10025
04-20 00:39:56.720 18147 18375 E OpenGLRenderer: Unable to match the desired swap behavior.
04-20 00:39:56.725 18147 18147 E ArmVmp : Match on catch block at 0xc3 in for 0x73fad10025
04-20 00:39:56.730 18147 18147 E ArmVmp : Match on catch block at 0xc3 in for 0x73fad10025
04-20 00:39:56.751 18147 18375 E OpenGLRenderer: Unable to match the desired swap behavior.
04-20 00:39:56.757 18147 18147 E ArmVmp : Match on catch block at 0xc3 in for 0x73fad10025
04-20 00:39:56.763 18147 18147 E ArmVmp : Match on catch block at 0xc3 in for 0x73fad10025
04-20 00:39:56.784 18147 18375 E OpenGLRenderer: Unable to match the desired swap behavior.
04-20 00:39:56.790 18147 18147 E ArmVmp : Match on catch block at 0xc3 in for 0x73fad10025
04-20 00:39:56.795 18147 18147 E ArmVmp : Match on catch block at 0xc3 in for 0x73fad10025
04-20 00:39:56.813 18147 18375 E OpenGLRenderer: Unable to match the desired swap behavior.
04-20 00:39:56.833 18147 18375 E OpenGLRenderer: Unable to match the desired swap behavior.
04-20 00:39:56.844 18147 18375 E OpenGLRenderer: Unable to match the desired swap behavior.
04-20 00:39:56.871 18147 18147 W VRI[Toast]: handleResized abandoned!
04-20 00:39:56.903 18147 18147 W VRI[Conversation]: handleResized abandoned!
04-20 00:39:56.903 18147 18147 W VRI[Toast]: handleResized abandoned!
04-20 00:39:56.988 18147 18147 E ArmVmp : Match on catch block at 0xc3 in for 0x73fad10025
04-20 00:39:56.995 18147 18147 E ArmVmp : Match on catch block at 0xc3 in for 0x73fad10025
04-20 00:39:57.487 18147 18147 E ArmVmp : Match on catch block at 0xc3 in for 0x73fad10025
04-20 00:39:57.492 18147 18147 E ArmVmp : Match on catch block at 0xc3 in for 0x73fad10025
04-20 00:39:57.988 18147 18147 E ArmVmp : Match on catch block at 0xc3 in for 0x73fad10025
04-20 00:39:57.993 18147 18147 E ArmVmp : Match on catch block at 0xc3 in for 0x73fad10025
04-20 00:39:58.489 18147 18147 E ArmVmp : Match on catch block at 0xc3 in for 0x73fad10025
04-20 00:39:58.494 18147 18147 E ArmVmp : Match on catch block at 0xc3 in for 0x73fad10025
04-20 00:39:58.539 18147 18147 W WindowOnBackDispatcher: sendCancelIfRunning: isInProgress=falsecallback=android.view.ViewRootImpl$ $ExternalSyntheticLambda17@e8ecca4
04-20 00:39:58.601 18147 18147 E OplusBracketLog: [OplusViewMirrorManager] updateHostViewRootIfNeeded, not support android.view.ViewRootImpl@251cbc3
04-20 00:39:58.618 18147 18375 E OpenGLRenderer: Unable to match the desired swap behavior.
04-20 00:39:59.009 18147 18147 E ArmVmp : Match on catch block at 0xc3 in for 0x73fad10025
04-20 00:39:59.016 18147 18147 E ArmVmp : Match on catch block at 0xc3 in for 0x73fad10025
04-20 00:39:59.506 18147 18147 E ArmVmp : Match on catch block at 0xc3 in for 0x73fad10025
04-20 00:39:59.512 18147 18147 E ArmVmp : Match on catch block at 0xc3 in for 0x73fad10025
04-20 00:39:59.763 18147 18147 E ArmVmp : Match on catch block at 0xc3 in for 0x73fad10025
04-20 00:39:59.768 18147 18147 E ArmVmp : Match on catch block at 0xc3 in for 0x73fad10025
04-20 00:39:59.782 18147 18570 W MediaPlayer: Use of stream types is deprecated for operations other than volume control
04-20 00:39:59.782 18147 18570 W MediaPlayer: See the documentation of setAudioStreamType() for what to use instead with android.media.AudioAttributes to qualify your playback use case
04-20 00:39:59.800 18147 18147 E ArmVmp : Match on catch block at 0xc3 in for 0x73fad10025
04-20 00:39:59.804 18147 18147 E ArmVmp : Match on catch block at 0xc3 in for 0x73fad10025
04-20 00:39:59.823 18147 18147 E ArmVmp : Match on catch block at 0xc3 in for 0x73fad10025
04-20 00:39:59.827 18147 18147 E ArmVmp : Match on catch block at 0xc3 in for 0x73fad10025
04-20 00:40:00.006 18147 18147 E ArmVmp : Match on catch block at 0xc3 in for 0x73fad10025
04-20 00:40:00.009 18147 18147 E ArmVmp : Match on catch block at 0xc3 in for 0x73fad10025
04-20 00:40:00.507 18147 18147 E ArmVmp : Match on catch block at 0xc3 in for 0x73fad10025
04-20 00:40:00.511 18147 18147 E ArmVmp : Match on catch block at 0xc3 in for 0x73fad10025
04-20 00:40:00.541 18147 18147 W WindowOnBackDispatcher: sendCancelIfRunning: isInProgress=falsecallback=android.view.ViewRootImpl$ $ExternalSyntheticLambda17@4bb5c40
04-20 00:40:00.604 18147 18147 E OplusBracketLog: [OplusViewMirrorManager] updateHostViewRootIfNeeded, not support android.view.ViewRootImpl@f856f6
04-20 00:40:00.622 18147 18375 E OpenGLRenderer: Unable to match the desired swap behavior.
04-20 00:40:01.012 18147 18147 E ArmVmp : Match on catch block at 0xc3 in for 0x73fad10025
04-20 00:40:01.018 18147 18147 E ArmVmp : Match on catch block at 0xc3 in for 0x73fad10025
04-20 00:40:01.035 18147 18570 W MediaPlayer: Use of stream types is deprecated for operations other than volume control
04-20 00:40:01.035 18147 18570 W MediaPlayer: See the documentation of setAudioStreamType() for what to use instead with android.media.AudioAttributes to qualify your playback use case
04-20 00:40:01.058 18147 18147 E ArmVmp : Match on catch block at 0xc3 in for 0x73fad10025
04-20 00:40:01.062 18147 18147 E ArmVmp : Match on catch block at 0xc3 in for 0x73fad10025
04-20 00:40:01.085 18147 18147 E ArmVmp : Match on catch block at 0xc3 in for 0x73fad10025
04-20 00:40:01.089 18147 18147 E ArmVmp : Match on catch block at 0xc3 in for 0x73fad10025
04-20 00:40:01.575 18147 18147 E ArmVmp : Match on catch block at 0xc3 in for 0x73fad10025
04-20 00:40:01.580 18147 18147 E ArmVmp : Match on catch block at 0xc3 in for 0x73fad10025
04-20 00:40:02.089 18147 18147 E ArmVmp : Match on catch block at 0xc3 in for 0x73fad10025
04-20 00:40:02.093 18147 18147 E ArmVmp : Match on catch block at 0xc3 in for 0x73fad10025
04-20 00:40:02.544 18147 18147 W WindowOnBackDispatcher: sendCancelIfRunning: isInProgress=falsecallback=android.view.ViewRootImpl$ $ExternalSyntheticLambda17@c802af7
04-20 00:40:02.589 18147 18147 E ArmVmp : Match on catch block at 0xc3 in for 0x73fad10025
04-20 00:40:02.593 18147 18147 E ArmVmp : Match on catch block at 0xc3 in for 0x73fad10025
04-20 00:40:03.090 18147 18147 E ArmVmp : Match on catch block at 0xc3 in for 0x73fad10025
04-20 00:40:03.094 18147 18147 E ArmVmp : Match on catch block at 0xc3 in for 0x73fad10025
04-20 00:40:03.590 18147 18147 E ArmVmp : Match on catch block at 0xc3 in for 0x73fad10025
04-20 00:40:03.595 18147 18147 E ArmVmp : Match on catch block at 0xc3 in for 0x73fad10025
04-20 00:40:04.092 18147 18147 E ArmVmp : Match on catch block at 0xc3 in for 0x73fad10025
04-20 00:40:04.096 18147 18147 E ArmVmp : Match on catch block at 0xc3 in for 0x73fad10025
04-20 00:40:04.593 18147 18147 E ArmVmp : Match on catch block at 0xc3 in for 0x73fad10025
04-20 00:40:04.600 18147 18147 E ArmVmp : Match on catch block at 0xc3 in for 0x73fad10025
04-20 00:40:05.095 18147 18147 E ArmVmp : Match on catch block at 0xc3 in for 0x73fad10025
04-20 00:40:05.100 18147 18147 E ArmVmp : Match on catch block at 0xc3 in for 0x73fad10025
04-20 00:40:05.599 18147 18147 E ArmVmp : Match on catch block at 0xc3 in for 0x73fad10025
04-20 00:40:05.603 18147 18147 E ArmVmp : Match on catch block at 0xc3 in for 0x73fad10025
04-20 00:40:06.092 18147 18147 E ArmVmp : Match on catch block at 0xc3 in for 0x73fad10025
04-20 00:40:06.098 18147 18147 E ArmVmp : Match on catch block at 0xc3 in for 0x73fad10025
04-20 00:40:06.609 18147 18147 E ArmVmp : Match on catch block at 0xc3 in for 0x73fad10025
04-20 00:40:06.614 18147 18147 E ArmVmp : Match on catch block at 0xc3 in for 0x73fad10025
04-20 00:40:07.108 18147 18147 E ArmVmp : Match on catch block at 0xc3 in for 0x73fad10025
04-20 00:40:07.111 18147 18147 E ArmVmp : Match on catch block at 0xc3 in for 0x73fad10025
04-20 00:40:07.611 18147 18147 E ArmVmp : Match on catch block at 0xc3 in for 0x73fad10025
04-20 00:40:07.617 18147 18147 E ArmVmp : Match on catch block at 0xc3 in for 0x73fad10025
04-20 00:40:08.098 18147 18147 E ArmVmp : Match on catch block at 0xc3 in for 0x73fad10025
04-20 00:40:08.102 18147 18147 E ArmVmp : Match on catch block at 0xc3 in for 0x73fad10025
04-20 00:40:08.600 18147 18147 E ArmVmp : Match on catch block at 0xc3 in for 0x73fad10025
04-20 00:40:08.605 18147 18147 E ArmVmp : Match on catch block at 0xc3 in for 0x73fad10025
04-20 00:40:09.111 18147 18147 E ArmVmp : Match on catch block at 0xc3 in for 0x73fad10025
04-20 00:40:09.115 18147 18147 E ArmVmp : Match on catch block at 0xc3 in for 0x73fad10025
04-20 00:40:09.611 18147 18147 E ArmVmp : Match on catch block at 0xc3 in for 0x73fad10025
04-20 00:40:09.616 18147 18147 E ArmVmp : Match on catch block at 0xc3 in for 0x73fad10025
04-20 00:40:10.111 18147 18147 E ArmVmp : Match on catch block at 0xc3 in for 0x73fad10025
04-20 00:40:10.116 18147 18147 E ArmVmp : Match on catch block at 0xc3 in for 0x73fad10025
04-20 00:40:10.610 18147 18147 E ArmVmp : Match on catch block at 0xc3 in for 0x73fad10025
04-20 00:40:10.615 18147 18147 E ArmVmp : Match on catch block at 0xc3 in for 0x73fad10025
04-20 00:40:11.110 18147 18147 E ArmVmp : Match on catch block at 0xc3 in for 0x73fad10025
04-20 00:40:11.114 18147 18147 E ArmVmp : Match on catch block at 0xc3 in for 0x73fad10025
04-20 00:40:11.611 18147 18147 E ArmVmp : Match on catch block at 0xc3 in for 0x73fad10025
04-20 00:40:11.614 18147 18147 E ArmVmp : Match on catch block at 0xc3 in for 0x73fad10025
04-20 00:40:12.128 18147 18147 E ArmVmp : Match on catch block at 0xc3 in for 0x73fad10025
04-20 00:40:12.132 18147 18147 E ArmVmp : Match on catch block at 0xc3 in for 0x73fad10025
04-20 00:40:12.628 18147 18147 E ArmVmp : Match on catch block at 0xc3 in for 0x73fad10025
04-20 00:40:12.634 18147 18147 E ArmVmp : Match on catch block at 0xc3 in for 0x73fad10025
04-20 00:40:13.128 18147 18147 E ArmVmp : Match on catch block at 0xc3 in for 0x73fad10025
04-20 00:40:13.132 18147 18147 E ArmVmp : Match on catch block at 0xc3 in for 0x73fad10025
04-20 00:40:13.628 18147 18147 E ArmVmp : Match on catch block at 0xc3 in for 0x73fad10025
04-20 00:40:13.633 18147 18147 E ArmVmp : Match on catch block at 0xc3 in for 0x73fad10025
04-20 00:40:14.129 18147 18147 E ArmVmp : Match on catch block at 0xc3 in for 0x73fad10025
04-20 00:40:14.135 18147 18147 E ArmVmp : Match on catch block at 0xc3 in for 0x73fad10025
04-20 00:40:14.631 18147 18147 E ArmVmp : Match on catch block at 0xc3 in for 0x73fad10025
04-20 00:40:14.636 18147 18147 E ArmVmp : Match on catch block at 0xc3 in for 0x73fad10025
04-20 00:40:15.130 18147 18147 E ArmVmp : Match on catch block at 0xc3 in for 0x73fad10025
04-20 00:40:15.136 18147 18147 E ArmVmp : Match on catch block at 0xc3 in for 0x73fad10025
04-20 00:40:15.631 18147 18147 E ArmVmp : Match on catch block at 0xc3 in for 0x73fad10025
04-20 00:40:15.635 18147 18147 E ArmVmp : Match on catch block at 0xc3 in for 0x73fad10025
04-20 00:40:16.129 18147 18147 E ArmVmp : Match on catch block at 0xc3 in for 0x73fad10025
04-20 00:40:16.133 18147 18147 E ArmVmp : Match on catch block at 0xc3 in for 0x73fad10025
04-20 00:40:16.629 18147 18147 E ArmVmp : Match on catch block at 0xc3 in for 0x73fad10025
04-20 00:40:16.632 18147 18147 E ArmVmp : Match on catch block at 0xc3 in for 0x73fad10025
04-20 00:40:17.147 18147 18147 E ArmVmp : Match on catch block at 0xc3 in for 0x73fad10025
04-20 00:40:17.152 18147 18147 E ArmVmp : Match on catch block at 0xc3 in for 0x73fad10025
04-20 00:40:17.647 18147 18147 E ArmVmp : Match on catch block at 0xc3 in for 0x73fad10025
04-20 00:40:17.653 18147 18147 E ArmVmp : Match on catch block at 0xc3 in for 0x73fad10025
04-20 00:40:18.149 18147 18147 E ArmVmp : Match on catch block at 0xc3 in for 0x73fad10025
04-20 00:40:18.155 18147 18147 E ArmVmp : Match on catch block at 0xc3 in for 0x73fad10025
04-20 00:40:18.651 18147 18147 E ArmVmp : Match on catch block at 0xc3 in for 0x73fad10025
04-20 00:40:18.656 18147 18147 E ArmVmp : Match on catch block at 0xc3 in for 0x73fad10025
04-20 00:40:19.147 18147 18147 E ArmVmp : Match on catch block at 0xc3 in for 0x73fad10025
04-20 00:40:19.151 18147 18147 E ArmVmp : Match on catch block at 0xc3 in for 0x73fad10025
04-20 00:40:19.648 18147 18147 E ArmVmp : Match on catch block at 0xc3 in for 0x73fad10025
04-20 00:40:19.651 18147 18147 E ArmVmp : Match on catch block at 0xc3 in for 0x73fad10025
04-20 00:40:20.147 18147 18147 E ArmVmp : Match on catch block at 0xc3 in for 0x73fad10025
04-20 00:40:20.153 18147 18147 E ArmVmp : Match on catch block at 0xc3 in for 0x73fad10025
04-20 00:40:20.648 18147 18147 E ArmVmp : Match on catch block at 0xc3 in for 0x73fad10025
04-20 00:40:20.655 18147 18147 E ArmVmp : Match on catch block at 0xc3 in for 0x73fad10025
04-20 00:40:21.148 18147 18147 E ArmVmp : Match on catch block at 0xc3 in for 0x73fad10025
04-20 00:40:21.152 18147 18147 E ArmVmp : Match on catch block at 0xc3 in for 0x73fad10025
04-20 00:40:21.649 18147 18147 E ArmVmp : Match on catch block at 0xc3 in for 0x73fad10025
04-20 00:40:21.654 18147 18147 E ArmVmp : Match on catch block at 0xc3 in for 0x73fad10025
04-20 00:40:22.165 18147 18147 E ArmVmp : Match on catch block at 0xc3 in for 0x73fad10025
04-20 00:40:22.170 18147 18147 E ArmVmp : Match on catch block at 0xc3 in for 0x73fad10025
04-20 00:40:22.665 18147 18147 E ArmVmp : Match on catch block at 0xc3 in for 0x73fad10025
04-20 00:40:22.669 18147 18147 E ArmVmp : Match on catch block at 0xc3 in for 0x73fad10025
04-20 00:40:23.168 18147 18147 E ArmVmp : Match on catch block at 0xc3 in for 0x73fad10025
04-20 00:40:23.174 18147 18147 E ArmVmp : Match on catch block at 0xc3 in for 0x73fad10025
04-20 00:40:23.656 18147 18147 E ArmVmp : Match on catch block at 0xc3 in for 0x73fad10025
04-20 00:40:23.660 18147 18147 E ArmVmp : Match on catch block at 0xc3 in for 0x73fad10025
04-20 00:40:24.166 18147 18147 E ArmVmp : Match on catch block at 0xc3 in for 0x73fad10025
04-20 00:40:24.170 18147 18147 E ArmVmp : Match on catch block at 0xc3 in for 0x73fad10025
04-20 00:40:24.666 18147 18147 E ArmVmp : Match on catch block at 0xc3 in for 0x73fad10025
04-20 00:40:24.671 18147 18147 E ArmVmp : Match on catch block at 0xc3 in for 0x73fad10025
04-20 00:40:25.168 18147 18147 E ArmVmp : Match on catch block at 0xc3 in for 0x73fad10025
04-20 00:40:25.171 18147 18147 E ArmVmp : Match on catch block at 0xc3 in for 0x73fad10025
04-20 00:40:25.667 18147 18147 E ArmVmp : Match on catch block at 0xc3 in for 0x73fad10025
04-20 00:40:25.671 18147 18147 E ArmVmp : Match on catch block at 0xc3 in for 0x73fad10025
04-20 00:40:26.167 18147 18147 E ArmVmp : Match on catch block at 0xc3 in for 0x73fad10025
04-20 00:40:26.171 18147 18147 E ArmVmp : Match on catch block at 0xc3 in for 0x73fad10025
04-20 00:40:26.667 18147 18147 E ArmVmp : Match on catch block at 0xc3 in for 0x73fad10025
04-20 00:40:26.671 18147 18147 E ArmVmp : Match on catch block at 0xc3 in for 0x73fad10025
04-20 00:40:27.165 18147 18147 E ArmVmp : Match on catch block at 0xc3 in for 0x73fad10025
04-20 00:40:27.168 18147 18147 E ArmVmp : Match on catch block at 0xc3 in for 0x73fad10025
04-20 00:40:27.682 18147 18147 E ArmVmp : Match on catch block at 0xc3 in for 0x73fad10025
04-20 00:40:27.685 18147 18147 E ArmVmp : Match on catch block at 0xc3 in for 0x73fad10025
04-20 00:40:28.182 18147 18147 E ArmVmp : Match on catch block at 0xc3 in for 0x73fad10025
04-20 00:40:28.187 18147 18147 E ArmVmp : Match on catch block at 0xc3 in for 0x73fad10025
04-20 00:40:28.682 18147 18147 E ArmVmp : Match on catch block at 0xc3 in for 0x73fad10025
04-20 00:40:28.686 18147 18147 E ArmVmp : Match on catch block at 0xc3 in for 0x73fad10025
04-20 00:40:29.183 18147 18147 E ArmVmp : Match on catch block at 0xc3 in for 0x73fad10025
04-20 00:40:29.186 18147 18147 E ArmVmp : Match on catch block at 0xc3 in for 0x73fad10025
04-20 00:40:29.683 18147 18147 E ArmVmp : Match on catch block at 0xc3 in for 0x73fad10025
04-20 00:40:29.687 18147 18147 E ArmVmp : Match on catch block at 0xc3 in for 0x73fad10025
04-20 00:40:30.183 18147 18147 E ArmVmp : Match on catch block at 0xc3 in for 0x73fad10025
04-20 00:40:30.187 18147 18147 E ArmVmp : Match on catch block at 0xc3 in for 0x73fad10025
04-20 00:40:30.683 18147 18147 E ArmVmp : Match on catch block at 0xc3 in for 0x73fad10025
04-20 00:40:30.687 18147 18147 E ArmVmp : Match on catch block at 0xc3 in for 0x73fad10025
04-20 00:40:31.184 18147 18147 E ArmVmp : Match on catch block at 0xc3 in for 0x73fad10025
04-20 00:40:31.188 18147 18147 E ArmVmp : Match on catch block at 0xc3 in for 0x73fad10025
04-20 00:40:31.300 18147 18147 E ArmVmp : Match on catch block at 0xc3 in for 0x73fad10025
04-20 00:40:31.308 18147 18147 E ArmVmp : Match on catch block at 0xc3 in for 0x73fad10025
04-20 00:40:31.319 18147 18147 E ArmVmp : Match on catch block at 0xc3 in for 0x73fad10025
04-20 00:40:31.325 18147 18147 E ArmVmp : Match on catch block at 0xc3 in for 0x73fad10025
04-20 00:40:31.334 18147 18147 E ArmVmp : Match on catch block at 0xc3 in for 0x73fad10025
04-20 00:40:31.339 18147 18147 E ArmVmp : Match on catch block at 0xc3 in for 0x73fad10025
04-20 00:40:31.353 18147 18147 E ArmVmp : Match on catch block at 0xc3 in for 0x73fad10025
04-20 00:40:31.357 18147 18147 E ArmVmp : Match on catch block at 0xc3 in for 0x73fad10025
04-20 00:40:31.370 18147 18147 E ArmVmp : Match on catch block at 0xc3 in for 0x73fad10025
04-20 00:40:31.375 18147 18147 E ArmVmp : Match on catch block at 0xc3 in for 0x73fad10025
04-20 00:40:32.247 18147 18147 W VRI[Conversation]: updateBlastSurfaceIfNeeded, surfaceSize:Point(720, 1612), lastSurfaceSize:Point(720, 1612), format:-1, blastBufferQueue:android.graphics.BLASTBufferQueue@fcfd775
04-20 00:40:32.249 18147 18147 E ArmVmp : Match on catch block at 0xc3 in for 0x73fad10025
04-20 00:40:32.254 18147 18147 E ArmVmp : Match on catch block at 0xc3 in for 0x73fad10025
04-20 00:40:32.268 18147 18147 E ArmVmp : Match on catch block at 0xc3 in for 0x73fad10025
04-20 00:40:32.274 18147 18147 E ArmVmp : Match on catch block at 0xc3 in for 0x73fad10025
04-20 00:40:32.285 18147 18147 E ArmVmp : Match on catch block at 0xc3 in for 0x73fad10025
04-20 00:40:32.292 18147 18147 E ArmVmp : Match on catch block at 0xc3 in for 0x73fad10025
04-20 00:40:32.301 18147 18147 E ArmVmp : Match on catch block at 0xc3 in for 0x73fad10025
04-20 00:40:32.307 18147 18147 E ArmVmp : Match on catch block at 0xc3 in for 0x73fad10025
04-20 00:40:32.318 18147 18147 E ArmVmp : Match on catch block at 0xc3 in for 0x73fad10025
04-20 00:40:32.327 18147 18147 E ArmVmp : Match on catch block at 0xc3 in for 0x73fad10025
04-20 00:40:32.750 18147 18147 E ArmVmp : Match on catch block at 0xc3 in for 0x73fad10025
04-20 00:40:32.753 18147 18147 E ArmVmp : Match on catch block at 0xc3 in for 0x73fad10025
04-20 00:40:33.252 18147 18147 E ArmVmp : Match on catch block at 0xc3 in for 0x73fad10025
04-20 00:40:33.258 18147 18147 E ArmVmp : Match on catch block at 0xc3 in for 0x73fad10025
04-20 00:40:33.752 18147 18147 E ArmVmp : Match on catch block at 0xc3 in for 0x73fad10025
04-20 00:40:33.758 18147 18147 E ArmVmp : Match on catch block at 0xc3 in for 0x73fad10025
04-20 00:40:34.251 18147 18147 E ArmVmp : Match on catch block at 0xc3 in for 0x73fad10025
04-20 00:40:34.256 18147 18147 E ArmVmp : Match on catch block at 0xc3 in for 0x73fad10025
04-20 00:40:34.752 18147 18147 E ArmVmp : Match on catch block at 0xc3 in for 0x73fad10025
04-20 00:40:34.755 18147 18147 E ArmVmp : Match on catch block at 0xc3 in for 0x73fad10025
04-20 00:40:35.252 18147 18147 E ArmVmp : Match on catch block at 0xc3 in for 0x73fad10025
04-20 00:40:35.257 18147 18147 E ArmVmp : Match on catch block at 0xc3 in for 0x73fad10025
04-20 00:40:35.754 18147 18147 E ArmVmp : Match on catch block at 0xc3 in for 0x73fad10025
04-20 00:40:35.758 18147 18147 E ArmVmp : Match on catch block at 0xc3 in for 0x73fad10025
04-20 00:40:36.185 18147 18147 E ArmVmp : Match on catch block at 0xc3 in for 0x73fad10025
04-20 00:40:36.192 18147 18147 E ArmVmp : Match on catch block at 0xc3 in for 0x73fad10025
04-20 00:40:36.208 18147 18147 E ArmVmp : Match on catch block at 0xc3 in for 0x73fad10025
04-20 00:40:36.213 18147 18147 E ArmVmp : Match on catch block at 0xc3 in for 0x73fad10025
04-20 00:40:36.221 18147 18147 E ArmVmp : Match on catch block at 0xc3 in for 0x73fad10025
04-20 00:40:36.225 18147 18147 E ArmVmp : Match on catch block at 0xc3 in for 0x73fad10025
04-20 00:40:36.241 18147 18147 E ArmVmp : Match on catch block at 0xc3 in for 0x73fad10025
04-20 00:40:36.245 18147 18147 E ArmVmp : Match on catch block at 0xc3 in for 0x73fad10025
04-20 00:40:36.257 18147 18147 E ArmVmp : Match on catch block at 0xc3 in for 0x73fad10025
04-20 00:40:36.262 18147 18147 E ArmVmp : Match on catch block at 0xc3 in for 0x73fad10025
04-20 00:40:36.280 18147 18147 E ArmVmp : Match on catch block at 0xc3 in for 0x73fad10025
04-20 00:40:36.283 18147 18147 E ArmVmp : Match on catch block at 0xc3 in for 0x73fad10025
04-20 00:40:36.290 18147 18147 E ArmVmp : Match on catch block at 0xc3 in for 0x73fad10025
04-20 00:40:36.294 18147 18147 E ArmVmp : Match on catch block at 0xc3 in for 0x73fad10025
04-20 00:40:36.302 18147 18147 E ArmVmp : Match on catch block at 0xc3 in for 0x73fad10025
04-20 00:40:36.307 18147 18147 E ArmVmp : Match on catch block at 0xc3 in for 0x73fad10025
04-20 00:40:36.320 18147 18147 E ArmVmp : Match on catch block at 0xc3 in for 0x73fad10025
04-20 00:40:36.323 18147 18147 E ArmVmp : Match on catch block at 0xc3 in for 0x73fad10025
04-20 00:40:36.337 18147 18147 E ArmVmp : Match on catch block at 0xc3 in for 0x73fad10025
04-20 00:40:36.341 18147 18147 E ArmVmp : Match on catch block at 0xc3 in for 0x73fad10025
04-20 00:40:36.353 18147 18147 E ArmVmp : Match on catch block at 0xc3 in for 0x73fad10025
04-20 00:40:36.357 18147 18147 E ArmVmp : Match on catch block at 0xc3 in for 0x73fad10025
04-20 00:40:36.371 18147 18147 E ArmVmp : Match on catch block at 0xc3 in for 0x73fad10025
04-20 00:40:36.374 18147 18147 E ArmVmp : Match on catch block at 0xc3 in for 0x73fad10025
04-20 00:40:36.769 18147 18147 E ArmVmp : Match on catch block at 0xc3 in for 0x73fad10025
04-20 00:40:36.773 18147 18147 E ArmVmp : Match on catch block at 0xc3 in for 0x73fad10025
04-20 00:40:37.271 18147 18147 E ArmVmp : Match on catch block at 0xc3 in for 0x73fad10025
04-20 00:40:37.275 18147 18147 E ArmVmp : Match on catch block at 0xc3 in for 0x73fad10025
04-20 00:40:37.770 18147 18147 E ArmVmp : Match on catch block at 0xc3 in for 0x73fad10025
04-20 00:40:37.773 18147 18147 E ArmVmp : Match on catch block at 0xc3 in for 0x73fad10025
04-20 00:40:38.271 18147 18147 E ArmVmp : Match on catch block at 0xc3 in for 0x73fad10025
04-20 00:40:38.276 18147 18147 E ArmVmp : Match on catch block at 0xc3 in for 0x73fad10025
04-20 00:40:38.771 18147 18147 E ArmVmp : Match on catch block at 0xc3 in for 0x73fad10025
04-20 00:40:38.775 18147 18147 E ArmVmp : Match on catch block at 0xc3 in for 0x73fad10025
04-20 00:40:39.271 18147 18147 E ArmVmp : Match on catch block at 0xc3 in for 0x73fad10025
04-20 00:40:39.276 18147 18147 E ArmVmp : Match on catch block at 0xc3 in for 0x73fad10025
