04-20 00:35:35.591 18147 18147 W VRI[MediaViewActivity]: updateBlastSurfaceIfNeeded, surfaceSize:Point(720, 1612), lastSurfaceSize:Point(720, 1612), format:-2, blastBufferQueue:android.graphics.BLASTBufferQueue@f806651
04-20 00:35:36.282 18147 18147 E OplusBracketLog: [OplusViewMirrorManager] updateHostViewRootIfNeeded, not support android.view.ViewRootImpl@ffac042
04-20 00:35:36.307 18147 18375 E OpenGLRenderer: Unable to match the desired swap behavior.
04-20 00:35:36.329 18147 18147 E ArmVmp : Match on catch block at 0xc3 in for 0x73fad10025
04-20 00:35:36.334 18147 18147 E ArmVmp : Match on catch block at 0xc3 in for 0x73fad10025
04-20 00:35:36.359 18147 18147 W VRI[MediaViewActivity]: updateBlastSurfaceIfNeeded, surfaceSize:Point(720, 1612), lastSurfaceSize:Point(720, 1612), format:-2, blastBufferQueue:android.graphics.BLASTBufferQueue@f806651
04-20 00:35:36.385 18147 18147 W VRI[Conversation]: handleResized abandoned!
04-20 00:35:36.385 18147 18147 W VRI[MediaViewActivity]: handleResized abandoned!
04-20 00:35:36.386 18147 18147 W VRI[Toast]: handleResized abandoned!
04-20 00:35:36.404 18147 18147 E ArmVmp : Match on catch block at 0xc3 in for 0x73fad10025
04-20 00:35:36.411 18147 18147 E ArmVmp : Match on catch block at 0xc3 in for 0x73fad10025
04-20 00:35:36.659 18147 18375 E OpenGLRenderer: Unable to match the desired swap behavior.
04-20 00:35:36.679 18147 18375 E OpenGLRenderer: Unable to match the desired swap behavior.
04-20 00:35:36.699 18147 18375 E OpenGLRenderer: Unable to match the desired swap behavior.
04-20 00:35:36.720 18147 18375 E OpenGLRenderer: Unable to match the desired swap behavior.
04-20 00:35:36.741 18147 18375 E OpenGLRenderer: Unable to match the desired swap behavior.
04-20 00:35:36.763 18147 18375 E OpenGLRenderer: Unable to match the desired swap behavior.
04-20 00:35:36.783 18147 18375 E OpenGLRenderer: Unable to match the desired swap behavior.
04-20 00:35:36.805 18147 18375 E OpenGLRenderer: Unable to match the desired swap behavior.
04-20 00:35:38.218 18147 18147 W WindowOnBackDispatcher: sendCancelIfRunning: isInProgress=falsecallback=android.view.ViewRootImpl$ $ExternalSyntheticLambda17@9642853
04-20 00:35:38.824 18147 18147 W VRI[MediaViewActivity]: updateBlastSurfaceIfNeeded, surfaceSize:Point(720, 1612), lastSurfaceSize:Point(720, 1612), format:-2, blastBufferQueue:android.graphics.BLASTBufferQueue@f806651
04-20 00:35:38.841 18147 18147 W VRI[Conversation]: handleResized abandoned!
04-20 00:35:38.842 18147 18147 W VRI[MediaViewActivity]: handleResized abandoned!
04-20 00:35:38.857 18147 18147 E ArmVmp : Match on catch block at 0xc3 in for 0x73fad10025
04-20 00:35:38.864 18147 18147 E ArmVmp : Match on catch block at 0xc3 in for 0x73fad10025
04-20 00:35:39.448 18147 18375 E FrameEvents: updateAcquireFence: Did not find frame.
04-20 00:35:39.454 18147 18147 E ArmVmp : Match on catch block at 0xc3 in for 0x73fad10025
04-20 00:35:39.459 18147 18147 E ArmVmp : Match on catch block at 0xc3 in for 0x73fad10025
04-20 00:35:39.465 18147 18147 E ArmVmp : Match on catch block at 0xc3 in for 0x73fad10025
04-20 00:35:39.469 18147 18147 E ArmVmp : Match on catch block at 0xc3 in for 0x73fad10025
04-20 00:35:39.606 18147 18147 E ArmVmp : Match on catch block at 0xc3 in for 0x73fad10025
04-20 00:35:39.612 18147 18147 E ArmVmp : Match on catch block at 0xc3 in for 0x73fad10025
04-20 00:35:39.615 18147 18147 E ArmVmp : Match on catch block at 0xc3 in for 0x73fad10025
04-20 00:35:39.660 18147 18147 E ArmVmp : Match on catch block at 0xc3 in for 0x73fad10025
04-20 00:35:39.665 18147 18147 E ArmVmp : Match on catch block at 0xc3 in for 0x73fad10025
04-20 00:35:39.668 18147 18147 E ArmVmp : Match on catch block at 0xc3 in for 0x73fad10025
04-20 00:35:39.698 18147 18147 E ArmVmp : Match on catch block at 0xc3 in for 0x73fad10025
04-20 00:35:39.702 18147 18147 E ArmVmp : Match on catch block at 0xc3 in for 0x73fad10025
04-20 00:35:39.705 18147 18147 E ArmVmp : Match on catch block at 0xc3 in for 0x73fad10025
04-20 00:35:39.726 18147 18147 E ArmVmp : Match on catch block at 0xc3 in for 0x73fad10025
04-20 00:35:39.730 18147 18147 E ArmVmp : Match on catch block at 0xc3 in for 0x73fad10025
04-20 00:35:39.733 18147 18147 E ArmVmp : Match on catch block at 0xc3 in for 0x73fad10025
04-20 00:35:39.758 18147 18147 E ArmVmp : Match on catch block at 0xc3 in for 0x73fad10025
04-20 00:35:39.764 18147 18147 E ArmVmp : Match on catch block at 0xc3 in for 0x73fad10025
04-20 00:35:39.767 18147 18147 E ArmVmp : Match on catch block at 0xc3 in for 0x73fad10025
04-20 00:35:39.892 18147 18147 E ArmVmp : Match on catch block at 0xc3 in for 0x73fad10025
04-20 00:35:39.896 18147 18147 E ArmVmp : Match on catch block at 0xc3 in for 0x73fad10025
04-20 00:35:39.899 18147 18147 E ArmVmp : Match on catch block at 0xc3 in for 0x73fad10025
04-20 00:35:39.937 18147 18147 W WindowOnBackDispatcher: sendCancelIfRunning: isInProgress=falsecallback=android.view.ViewRootImpl$ $ExternalSyntheticLambda17@b86bcc3
04-20 00:35:39.986 18147 18147 W VRI[Conversation]: updateBlastSurfaceIfNeeded, surfaceSize:Point(720, 1612), lastSurfaceSize:Point(720, 1612), format:-1, blastBufferQueue:android.graphics.BLASTBufferQueue@1031041
04-20 00:35:39.988 18147 18147 E ArmVmp : Match on catch block at 0xc3 in for 0x73fad10025
04-20 00:35:39.994 18147 18147 E ArmVmp : Match on catch block at 0xc3 in for 0x73fad10025
04-20 00:35:39.997 18147 18147 E ArmVmp : Match on catch block at 0xc3 in for 0x73fad10025
04-20 00:35:40.036 18147 18147 E ArmVmp : Match on catch block at 0xc3 in for 0x73fad10025
04-20 00:35:40.042 18147 18147 E ArmVmp : Match on catch block at 0xc3 in for 0x73fad10025
04-20 00:35:40.045 18147 18147 E ArmVmp : Match on catch block at 0xc3 in for 0x73fad10025
04-20 00:35:40.063 18147 18147 E ArmVmp : Match on catch block at 0xc3 in for 0x73fad10025
04-20 00:35:40.068 18147 18147 E ArmVmp : Match on catch block at 0xc3 in for 0x73fad10025
04-20 00:35:40.071 18147 18147 E ArmVmp : Match on catch block at 0xc3 in for 0x73fad10025
04-20 00:35:40.078 18147 18147 E ArmVmp : Match on catch block at 0xc3 in for 0x73fad10025
04-20 00:35:40.084 18147 18147 E ArmVmp : Match on catch block at 0xc3 in for 0x73fad10025
04-20 00:35:40.087 18147 18147 E ArmVmp : Match on catch block at 0xc3 in for 0x73fad10025
04-20 00:35:40.281 18147 18147 E ArmVmp : Match on catch block at 0xc3 in for 0x73fad10025
04-20 00:35:40.285 18147 18147 E ArmVmp : Match on catch block at 0xc3 in for 0x73fad10025
04-20 00:35:40.288 18147 18147 E ArmVmp : Match on catch block at 0xc3 in for 0x73fad10025
04-20 00:35:40.299 18147 18147 E ArmVmp : Match on catch block at 0xc3 in for 0x73fad10025
04-20 00:35:40.305 18147 18147 E ArmVmp : Match on catch block at 0xc3 in for 0x73fad10025
04-20 00:35:40.308 18147 18147 E ArmVmp : Match on catch block at 0xc3 in for 0x73fad10025
04-20 00:35:40.325 18147 18147 E ArmVmp : Match on catch block at 0xc3 in for 0x73fad10025
04-20 00:35:40.330 18147 18147 E ArmVmp : Match on catch block at 0xc3 in for 0x73fad10025
04-20 00:35:40.332 18147 18147 E ArmVmp : Match on catch block at 0xc3 in for 0x73fad10025
04-20 00:35:40.339 18147 18147 E ArmVmp : Match on catch block at 0xc3 in for 0x73fad10025
04-20 00:35:40.345 18147 18147 E ArmVmp : Match on catch block at 0xc3 in for 0x73fad10025
04-20 00:35:40.348 18147 18147 E ArmVmp : Match on catch block at 0xc3 in for 0x73fad10025
04-20 00:35:40.392 18147 18147 E ArmVmp : Match on catch block at 0xc3 in for 0x73fad10025
04-20 00:35:40.398 18147 18147 E ArmVmp : Match on catch block at 0xc3 in for 0x73fad10025
04-20 00:35:40.401 18147 18147 E ArmVmp : Match on catch block at 0xc3 in for 0x73fad10025
04-20 00:35:40.450 18147 18147 E OplusBracketLog: [OplusViewMirrorManager] updateHostViewRootIfNeeded, not support android.view.ViewRootImpl@a17d16e
04-20 00:35:40.469 18147 18375 E OpenGLRenderer: Unable to match the desired swap behavior.
04-20 00:35:40.489 18147 18147 E ArmVmp : Match on catch block at 0xc3 in for 0x73fad10025
04-20 00:35:40.494 18147 18147 E ArmVmp : Match on catch block at 0xc3 in for 0x73fad10025
04-20 00:35:40.497 18147 18147 E ArmVmp : Match on catch block at 0xc3 in for 0x73fad10025
04-20 00:35:40.532 18147 18147 E ArmVmp : Match on catch block at 0xc3 in for 0x73fad10025
04-20 00:35:40.538 18147 18147 E ArmVmp : Match on catch block at 0xc3 in for 0x73fad10025
04-20 00:35:40.541 18147 18147 E ArmVmp : Match on catch block at 0xc3 in for 0x73fad10025
04-20 00:35:40.772 18147 18375 E OpenGLRenderer: Unable to match the desired swap behavior.
04-20 00:35:40.775 18147 18147 W VRI[Toast]: handleResized abandoned!
04-20 00:35:40.795 18147 18375 E OpenGLRenderer: Unable to match the desired swap behavior.
04-20 00:35:40.816 18147 18375 E OpenGLRenderer: Unable to match the desired swap behavior.
04-20 00:35:40.840 18147 18375 E OpenGLRenderer: Unable to match the desired swap behavior.
04-20 00:35:40.875 18147 18375 E OpenGLRenderer: Unable to match the desired swap behavior.
04-20 00:35:40.899 18147 18375 E OpenGLRenderer: Unable to match the desired swap behavior.
04-20 00:35:40.919 18147 18375 E OpenGLRenderer: Unable to match the desired swap behavior.
04-20 00:35:41.022 18147 18147 E ArmVmp : Match on catch block at 0xc3 in for 0x73fad10025
04-20 00:35:41.028 18147 18147 E ArmVmp : Match on catch block at 0xc3 in for 0x73fad10025
04-20 00:35:41.031 18147 18147 E ArmVmp : Match on catch block at 0xc3 in for 0x73fad10025
04-20 00:35:41.210 18147 18147 E ArmVmp : Match on catch block at 0xc3 in for 0x73fad10025
04-20 00:35:41.215 18147 18147 E ArmVmp : Match on catch block at 0xc3 in for 0x73fad10025
04-20 00:35:41.218 18147 18147 E ArmVmp : Match on catch block at 0xc3 in for 0x73fad10025
04-20 00:35:41.263 18147 18147 W VRI[Conversation]: handleResized abandoned!
04-20 00:35:41.263 18147 18147 W VRI[Toast]: handleResized abandoned!
04-20 00:35:41.391 18147 18147 E ArmVmp : Match on catch block at 0xc3 in for 0x73fad10025
04-20 00:35:41.396 18147 18147 E ArmVmp : Match on catch block at 0xc3 in for 0x73fad10025
04-20 00:35:41.399 18147 18147 E ArmVmp : Match on catch block at 0xc3 in for 0x73fad10025
04-20 00:35:41.410 18147 18147 W VRI[Conversation]: handleResized abandoned!
04-20 00:35:41.410 18147 18147 W VRI[Toast]: handleResized abandoned!
04-20 00:35:41.413 18147 18147 E ArmVmp : Match on catch block at 0xc3 in for 0x73fad10025
04-20 00:35:41.419 18147 18147 E ArmVmp : Match on catch block at 0xc3 in for 0x73fad10025
04-20 00:35:41.422 18147 18147 E ArmVmp : Match on catch block at 0xc3 in for 0x73fad10025
04-20 00:35:41.522 18147 18147 E ArmVmp : Match on catch block at 0xc3 in for 0x73fad10025
04-20 00:35:41.527 18147 18147 E ArmVmp : Match on catch block at 0xc3 in for 0x73fad10025
04-20 00:35:41.531 18147 18147 E ArmVmp : Match on catch block at 0xc3 in for 0x73fad10025
04-20 00:35:42.024 18147 18147 E ArmVmp : Match on catch block at 0xc3 in for 0x73fad10025
04-20 00:35:42.029 18147 18147 E ArmVmp : Match on catch block at 0xc3 in for 0x73fad10025
04-20 00:35:42.034 18147 18147 E ArmVmp : Match on catch block at 0xc3 in for 0x73fad10025
04-20 00:35:42.392 18147 18147 W WindowOnBackDispatcher: sendCancelIfRunning: isInProgress=falsecallback=android.view.ViewRootImpl$ $ExternalSyntheticLambda17@707e00f
04-20 00:35:42.540 18147 18147 E ArmVmp : Match on catch block at 0xc3 in for 0x73fad10025
04-20 00:35:42.549 18147 18147 E ArmVmp : Match on catch block at 0xc3 in for 0x73fad10025
04-20 00:35:42.555 18147 18147 E ArmVmp : Match on catch block at 0xc3 in for 0x73fad10025
04-20 00:35:43.028 18147 18147 E ArmVmp : Match on catch block at 0xc3 in for 0x73fad10025
04-20 00:35:43.033 18147 18147 E ArmVmp : Match on catch block at 0xc3 in for 0x73fad10025
04-20 00:35:43.035 18147 18147 E ArmVmp : Match on catch block at 0xc3 in for 0x73fad10025
04-20 00:35:43.057 18147 18147 E ArmVmp : Match on catch block at 0xc3 in for 0x73fad10025
04-20 00:35:43.062 18147 18147 E ArmVmp : Match on catch block at 0xc3 in for 0x73fad10025
04-20 00:35:43.065 18147 18147 E ArmVmp : Match on catch block at 0xc3 in for 0x73fad10025
04-20 00:35:43.075 18147 18147 E ArmVmp : Match on catch block at 0xc3 in for 0x73fad10025
04-20 00:35:43.080 18147 18147 E ArmVmp : Match on catch block at 0xc3 in for 0x73fad10025
04-20 00:35:43.084 18147 18147 E ArmVmp : Match on catch block at 0xc3 in for 0x73fad10025
04-20 00:35:43.092 18147 18147 E ArmVmp : Match on catch block at 0xc3 in for 0x73fad10025
04-20 00:35:43.097 18147 18147 E ArmVmp : Match on catch block at 0xc3 in for 0x73fad10025
04-20 00:35:43.102 18147 18147 E ArmVmp : Match on catch block at 0xc3 in for 0x73fad10025
04-20 00:35:43.112 18147 18147 E ArmVmp : Match on catch block at 0xc3 in for 0x73fad10025
04-20 00:35:43.117 18147 18147 E ArmVmp : Match on catch block at 0xc3 in for 0x73fad10025
04-20 00:35:43.120 18147 18147 E ArmVmp : Match on catch block at 0xc3 in for 0x73fad10025
04-20 00:35:43.141 18147 18147 E ArmVmp : Match on catch block at 0xc3 in for 0x73fad10025
04-20 00:35:43.147 18147 18147 E ArmVmp : Match on catch block at 0xc3 in for 0x73fad10025
04-20 00:35:43.151 18147 18147 E ArmVmp : Match on catch block at 0xc3 in for 0x73fad10025
04-20 00:35:43.163 18147 18147 E ArmVmp : Match on catch block at 0xc3 in for 0x73fad10025
04-20 00:35:43.169 18147 18147 E ArmVmp : Match on catch block at 0xc3 in for 0x73fad10025
04-20 00:35:43.171 18147 18147 E ArmVmp : Match on catch block at 0xc3 in for 0x73fad10025
04-20 00:35:43.189 18147 18147 E ArmVmp : Match on catch block at 0xc3 in for 0x73fad10025
04-20 00:35:43.193 18147 18147 E ArmVmp : Match on catch block at 0xc3 in for 0x73fad10025
04-20 00:35:43.197 18147 18147 E ArmVmp : Match on catch block at 0xc3 in for 0x73fad10025
04-20 00:35:43.206 18147 18147 E ArmVmp : Match on catch block at 0xc3 in for 0x73fad10025
04-20 00:35:43.211 18147 18147 E ArmVmp : Match on catch block at 0xc3 in for 0x73fad10025
04-20 00:35:43.214 18147 18147 E ArmVmp : Match on catch block at 0xc3 in for 0x73fad10025
04-20 00:35:43.223 18147 18147 E ArmVmp : Match on catch block at 0xc3 in for 0x73fad10025
04-20 00:35:43.229 18147 18147 E ArmVmp : Match on catch block at 0xc3 in for 0x73fad10025
04-20 00:35:43.232 18147 18147 E ArmVmp : Match on catch block at 0xc3 in for 0x73fad10025
04-20 00:35:43.259 18147 18147 E ArmVmp : Match on catch block at 0xc3 in for 0x73fad10025
04-20 00:35:43.263 18147 18147 E ArmVmp : Match on catch block at 0xc3 in for 0x73fad10025
04-20 00:35:43.266 18147 18147 E ArmVmp : Match on catch block at 0xc3 in for 0x73fad10025
04-20 00:35:43.406 18147 18147 E ArmVmp : Match on catch block at 0xc3 in for 0x73fad10025
04-20 00:35:43.411 18147 18147 E ArmVmp : Match on catch block at 0xc3 in for 0x73fad10025
04-20 00:35:43.415 18147 18147 E ArmVmp : Match on catch block at 0xc3 in for 0x73fad10025
04-20 00:35:43.623 18147 18147 E ArmVmp : Match on catch block at 0xc3 in for 0x73fad10025
04-20 00:35:43.628 18147 18147 E ArmVmp : Match on catch block at 0xc3 in for 0x73fad10025
04-20 00:35:43.631 18147 18147 E ArmVmp : Match on catch block at 0xc3 in for 0x73fad10025
04-20 00:35:43.756 18147 18147 E ArmVmp : Match on catch block at 0xc3 in for 0x73fad10025
04-20 00:35:43.761 18147 18147 E ArmVmp : Match on catch block at 0xc3 in for 0x73fad10025
04-20 00:35:43.764 18147 18147 E ArmVmp : Match on catch block at 0xc3 in for 0x73fad10025
04-20 00:35:43.959 18147 18147 E ArmVmp : Match on catch block at 0xc3 in for 0x73fad10025
04-20 00:35:43.963 18147 18147 E ArmVmp : Match on catch block at 0xc3 in for 0x73fad10025
04-20 00:35:43.967 18147 18147 E ArmVmp : Match on catch block at 0xc3 in for 0x73fad10025
04-20 00:35:44.006 18147 18147 E ArmVmp : Match on catch block at 0xc3 in for 0x73fad10025
04-20 00:35:44.010 18147 18147 E ArmVmp : Match on catch block at 0xc3 in for 0x73fad10025
04-20 00:35:44.013 18147 18147 E ArmVmp : Match on catch block at 0xc3 in for 0x73fad10025
04-20 00:35:44.190 18147 18147 E ArmVmp : Match on catch block at 0xc3 in for 0x73fad10025
04-20 00:35:44.195 18147 18147 E ArmVmp : Match on catch block at 0xc3 in for 0x73fad10025
04-20 00:35:44.200 18147 18147 E ArmVmp : Match on catch block at 0xc3 in for 0x73fad10025
04-20 00:35:44.290 18147 18147 E ArmVmp : Match on catch block at 0xc3 in for 0x73fad10025
04-20 00:35:44.295 18147 18147 E ArmVmp : Match on catch block at 0xc3 in for 0x73fad10025
04-20 00:35:44.299 18147 18147 E ArmVmp : Match on catch block at 0xc3 in for 0x73fad10025
04-20 00:35:44.524 18147 18147 E ArmVmp : Match on catch block at 0xc3 in for 0x73fad10025
04-20 00:35:44.529 18147 18147 E ArmVmp : Match on catch block at 0xc3 in for 0x73fad10025
04-20 00:35:44.533 18147 18147 E ArmVmp : Match on catch block at 0xc3 in for 0x73fad10025
04-20 00:35:44.741 18147 18147 E ArmVmp : Match on catch block at 0xc3 in for 0x73fad10025
04-20 00:35:44.747 18147 18147 E ArmVmp : Match on catch block at 0xc3 in for 0x73fad10025
04-20 00:35:44.750 18147 18147 E ArmVmp : Match on catch block at 0xc3 in for 0x73fad10025
04-20 00:35:44.993 18147 18147 E ArmVmp : Match on catch block at 0xc3 in for 0x73fad10025
04-20 00:35:44.998 18147 18147 E ArmVmp : Match on catch block at 0xc3 in for 0x73fad10025
04-20 00:35:45.002 18147 18147 E ArmVmp : Match on catch block at 0xc3 in for 0x73fad10025
04-20 00:35:45.023 18147 18147 E ArmVmp : Match on catch block at 0xc3 in for 0x73fad10025
04-20 00:35:45.027 18147 18147 E ArmVmp : Match on catch block at 0xc3 in for 0x73fad10025
04-20 00:35:45.029 18147 18147 E ArmVmp : Match on catch block at 0xc3 in for 0x73fad10025
04-20 00:35:45.274 18147 18147 E ArmVmp : Match on catch block at 0xc3 in for 0x73fad10025
04-20 00:35:45.279 18147 18147 E ArmVmp : Match on catch block at 0xc3 in for 0x73fad10025
04-20 00:35:45.283 18147 18147 E ArmVmp : Match on catch block at 0xc3 in for 0x73fad10025
04-20 00:35:45.391 18147 18147 E ArmVmp : Match on catch block at 0xc3 in for 0x73fad10025
04-20 00:35:45.396 18147 18147 E ArmVmp : Match on catch block at 0xc3 in for 0x73fad10025
04-20 00:35:45.400 18147 18147 E ArmVmp : Match on catch block at 0xc3 in for 0x73fad10025
04-20 00:35:45.740 18147 18147 E ArmVmp : Match on catch block at 0xc3 in for 0x73fad10025
04-20 00:35:45.746 18147 18147 E ArmVmp : Match on catch block at 0xc3 in for 0x73fad10025
04-20 00:35:45.750 18147 18147 E ArmVmp : Match on catch block at 0xc3 in for 0x73fad10025
04-20 00:35:46.243 18147 18147 E ArmVmp : Match on catch block at 0xc3 in for 0x73fad10025
04-20 00:35:46.248 18147 18147 E ArmVmp : Match on catch block at 0xc3 in for 0x73fad10025
04-20 00:35:46.252 18147 18147 E ArmVmp : Match on catch block at 0xc3 in for 0x73fad10025
04-20 00:35:46.393 18147 18147 E ArmVmp : Match on catch block at 0xc3 in for 0x73fad10025
04-20 00:35:46.397 18147 18147 E ArmVmp : Match on catch block at 0xc3 in for 0x73fad10025
04-20 00:35:46.401 18147 18147 E ArmVmp : Match on catch block at 0xc3 in for 0x73fad10025
04-20 00:35:46.677 18147 18147 E ArmVmp : Match on catch block at 0xc3 in for 0x73fad10025
04-20 00:35:46.683 18147 18147 E ArmVmp : Match on catch block at 0xc3 in for 0x73fad10025
04-20 00:35:46.687 18147 18147 E ArmVmp : Match on catch block at 0xc3 in for 0x73fad10025
04-20 00:35:46.824 18147 18147 E ArmVmp : Match on catch block at 0xc3 in for 0x73fad10025
04-20 00:35:46.829 18147 18147 E ArmVmp : Match on catch block at 0xc3 in for 0x73fad10025
04-20 00:35:46.833 18147 18147 E ArmVmp : Match on catch block at 0xc3 in for 0x73fad10025
04-20 00:35:47.043 18147 18147 E ArmVmp : Match on catch block at 0xc3 in for 0x73fad10025
04-20 00:35:47.047 18147 18147 E ArmVmp : Match on catch block at 0xc3 in for 0x73fad10025
04-20 00:35:47.052 18147 18147 E ArmVmp : Match on catch block at 0xc3 in for 0x73fad10025
04-20 00:35:47.292 18147 18147 E ArmVmp : Match on catch block at 0xc3 in for 0x73fad10025
04-20 00:35:47.296 18147 18147 E ArmVmp : Match on catch block at 0xc3 in for 0x73fad10025
04-20 00:35:47.300 18147 18147 E ArmVmp : Match on catch block at 0xc3 in for 0x73fad10025
04-20 00:35:47.392 18147 18147 E ArmVmp : Match on catch block at 0xc3 in for 0x73fad10025
04-20 00:35:47.397 18147 18147 E ArmVmp : Match on catch block at 0xc3 in for 0x73fad10025
04-20 00:35:47.399 18147 18147 E ArmVmp : Match on catch block at 0xc3 in for 0x73fad10025
04-20 00:35:47.810 18147 18147 E ArmVmp : Match on catch block at 0xc3 in for 0x73fad10025
04-20 00:35:47.816 18147 18147 E ArmVmp : Match on catch block at 0xc3 in for 0x73fad10025
04-20 00:35:47.821 18147 18147 E ArmVmp : Match on catch block at 0xc3 in for 0x73fad10025
04-20 00:35:48.130 18147 18147 E ArmVmp : Match on catch block at 0xc3 in for 0x73fad10025
04-20 00:35:48.134 18147 18147 E ArmVmp : Match on catch block at 0xc3 in for 0x73fad10025
04-20 00:35:48.137 18147 18147 E ArmVmp : Match on catch block at 0xc3 in for 0x73fad10025
04-20 00:35:48.152 18147 18570 W MediaPlayer: Use of stream types is deprecated for operations other than volume control
04-20 00:35:48.152 18147 18570 W MediaPlayer: See the documentation of setAudioStreamType() for what to use instead with android.media.AudioAttributes to qualify your playback use case
04-20 00:35:48.165 18147 18147 E ArmVmp : Match on catch block at 0xc3 in for 0x73fad10025
04-20 00:35:48.171 18147 18147 E ArmVmp : Match on catch block at 0xc3 in for 0x73fad10025
04-20 00:35:48.174 18147 18147 E ArmVmp : Match on catch block at 0xc3 in for 0x73fad10025
04-20 00:35:48.200 18147 18147 E ArmVmp : Match on catch block at 0xc3 in for 0x73fad10025
04-20 00:35:48.204 18147 18147 E ArmVmp : Match on catch block at 0xc3 in for 0x73fad10025
04-20 00:35:48.207 18147 18147 E ArmVmp : Match on catch block at 0xc3 in for 0x73fad10025
04-20 00:35:48.392 18147 18147 E OplusBracketLog: [OplusViewMirrorManager] updateHostViewRootIfNeeded, not support android.view.ViewRootImpl@a289987
04-20 00:35:48.414 18147 18375 E OpenGLRenderer: Unable to match the desired swap behavior.
04-20 00:35:48.435 18147 18147 E ArmVmp : Match on catch block at 0xc3 in for 0x73fad10025
04-20 00:35:48.439 18147 18147 E ArmVmp : Match on catch block at 0xc3 in for 0x73fad10025
04-20 00:35:48.442 18147 18147 E ArmVmp : Match on catch block at 0xc3 in for 0x73fad10025
04-20 00:35:48.528 18147 18147 E ArmVmp : Match on catch block at 0xc3 in for 0x73fad10025
04-20 00:35:48.534 18147 18147 E ArmVmp : Match on catch block at 0xc3 in for 0x73fad10025
04-20 00:35:48.538 18147 18147 E ArmVmp : Match on catch block at 0xc3 in for 0x73fad10025
04-20 00:35:48.729 18147 18375 E OpenGLRenderer: Unable to match the desired swap behavior.
04-20 00:35:48.750 18147 18375 E OpenGLRenderer: Unable to match the desired swap behavior.
04-20 00:35:48.769 18147 18375 E OpenGLRenderer: Unable to match the desired swap behavior.
04-20 00:35:48.789 18147 18375 E OpenGLRenderer: Unable to match the desired swap behavior.
04-20 00:35:48.810 18147 18375 E OpenGLRenderer: Unable to match the desired swap behavior.
04-20 00:35:48.832 18147 18375 E OpenGLRenderer: Unable to match the desired swap behavior.
04-20 00:35:48.852 18147 18375 E OpenGLRenderer: Unable to match the desired swap behavior.
04-20 00:35:48.874 18147 18375 E OpenGLRenderer: Unable to match the desired swap behavior.
04-20 00:35:49.025 18147 18147 E ArmVmp : Match on catch block at 0xc3 in for 0x73fad10025
04-20 00:35:49.030 18147 18147 E ArmVmp : Match on catch block at 0xc3 in for 0x73fad10025
04-20 00:35:49.033 18147 18147 E ArmVmp : Match on catch block at 0xc3 in for 0x73fad10025
04-20 00:35:49.075 18147 18147 E ArmVmp : Match on catch block at 0xc3 in for 0x73fad10025
04-20 00:35:49.080 18147 18147 E ArmVmp : Match on catch block at 0xc3 in for 0x73fad10025
04-20 00:35:49.084 18147 18147 E ArmVmp : Match on catch block at 0xc3 in for 0x73fad10025
04-20 00:35:49.292 18147 18147 E ArmVmp : Match on catch block at 0xc3 in for 0x73fad10025
04-20 00:35:49.297 18147 18147 E ArmVmp : Match on catch block at 0xc3 in for 0x73fad10025
04-20 00:35:49.302 18147 18147 E ArmVmp : Match on catch block at 0xc3 in for 0x73fad10025
04-20 00:35:49.475 18147 18147 E ArmVmp : Match on catch block at 0xc3 in for 0x73fad10025
04-20 00:35:49.480 18147 18147 E ArmVmp : Match on catch block at 0xc3 in for 0x73fad10025
04-20 00:35:49.484 18147 18147 E ArmVmp : Match on catch block at 0xc3 in for 0x73fad10025
04-20 00:35:49.642 18147 18147 E ArmVmp : Match on catch block at 0xc3 in for 0x73fad10025
04-20 00:35:49.646 18147 18147 E ArmVmp : Match on catch block at 0xc3 in for 0x73fad10025
04-20 00:35:49.649 18147 18147 E ArmVmp : Match on catch block at 0xc3 in for 0x73fad10025
04-20 00:35:50.143 18147 18147 E ArmVmp : Match on catch block at 0xc3 in for 0x73fad10025
04-20 00:35:50.147 18147 18147 E ArmVmp : Match on catch block at 0xc3 in for 0x73fad10025
04-20 00:35:50.150 18147 18147 E ArmVmp : Match on catch block at 0xc3 in for 0x73fad10025
04-20 00:35:50.202 18147 18147 E ArmVmp : Match on catch block at 0xc3 in for 0x73fad10025
04-20 00:35:50.207 18147 18147 E ArmVmp : Match on catch block at 0xc3 in for 0x73fad10025
04-20 00:35:50.211 18147 18147 E ArmVmp : Match on catch block at 0xc3 in for 0x73fad10025
04-20 00:35:50.224 18147 18570 W MediaPlayer: Use of stream types is deprecated for operations other than volume control
04-20 00:35:50.224 18147 18570 W MediaPlayer: See the documentation of setAudioStreamType() for what to use instead with android.media.AudioAttributes to qualify your playback use case
04-20 00:35:50.235 18147 18147 E ArmVmp : Match on catch block at 0xc3 in for 0x73fad10025
04-20 00:35:50.239 18147 18147 E ArmVmp : Match on catch block at 0xc3 in for 0x73fad10025
04-20 00:35:50.243 18147 18147 E ArmVmp : Match on catch block at 0xc3 in for 0x73fad10025
04-20 00:35:50.335 18147 18147 W WindowOnBackDispatcher: sendCancelIfRunning: isInProgress=falsecallback=android.view.ViewRootImpl$ $ExternalSyntheticLambda17@77ab0b4
04-20 00:35:50.648 18147 18147 E ArmVmp : Match on catch block at 0xc3 in for 0x73fad10025
04-20 00:35:50.654 18147 18147 E ArmVmp : Match on catch block at 0xc3 in for 0x73fad10025
04-20 00:35:50.657 18147 18147 E ArmVmp : Match on catch block at 0xc3 in for 0x73fad10025
04-20 00:35:51.144 18147 18147 E ArmVmp : Match on catch block at 0xc3 in for 0x73fad10025
04-20 00:35:51.150 18147 18147 E ArmVmp : Match on catch block at 0xc3 in for 0x73fad10025
04-20 00:35:51.154 18147 18147 E ArmVmp : Match on catch block at 0xc3 in for 0x73fad10025
04-20 00:35:51.644 18147 18147 E ArmVmp : Match on catch block at 0xc3 in for 0x73fad10025
04-20 00:35:51.649 18147 18147 E ArmVmp : Match on catch block at 0xc3 in for 0x73fad10025
04-20 00:35:51.654 18147 18147 E ArmVmp : Match on catch block at 0xc3 in for 0x73fad10025
04-20 00:35:52.161 18147 18147 E ArmVmp : Match on catch block at 0xc3 in for 0x73fad10025
04-20 00:35:52.167 18147 18147 E ArmVmp : Match on catch block at 0xc3 in for 0x73fad10025
04-20 00:35:52.171 18147 18147 E ArmVmp : Match on catch block at 0xc3 in for 0x73fad10025
04-20 00:35:52.662 18147 18147 E ArmVmp : Match on catch block at 0xc3 in for 0x73fad10025
04-20 00:35:52.666 18147 18147 E ArmVmp : Match on catch block at 0xc3 in for 0x73fad10025
04-20 00:35:52.669 18147 18147 E ArmVmp : Match on catch block at 0xc3 in for 0x73fad10025
04-20 00:35:52.710 18147 18147 E ArmVmp : Match on catch block at 0xc3 in for 0x73fad10025
04-20 00:35:52.714 18147 18147 E ArmVmp : Match on catch block at 0xc3 in for 0x73fad10025
04-20 00:35:52.718 18147 18147 E ArmVmp : Match on catch block at 0xc3 in for 0x73fad10025
04-20 00:35:53.093 18147 18147 E ArmVmp : Match on catch block at 0xc3 in for 0x73fad10025
04-20 00:35:53.097 18147 18147 E ArmVmp : Match on catch block at 0xc3 in for 0x73fad10025
04-20 00:35:53.100 18147 18147 E ArmVmp : Match on catch block at 0xc3 in for 0x73fad10025
04-20 00:35:53.493 18147 18147 E ArmVmp : Match on catch block at 0xc3 in for 0x73fad10025
04-20 00:35:53.498 18147 18147 E ArmVmp : Match on catch block at 0xc3 in for 0x73fad10025
04-20 00:35:53.502 18147 18147 E ArmVmp : Match on catch block at 0xc3 in for 0x73fad10025
04-20 00:35:53.695 18147 18147 E ArmVmp : Match on catch block at 0xc3 in for 0x73fad10025
04-20 00:35:53.699 18147 18147 E ArmVmp : Match on catch block at 0xc3 in for 0x73fad10025
04-20 00:35:53.703 18147 18147 E ArmVmp : Match on catch block at 0xc3 in for 0x73fad10025
04-20 00:35:53.978 18147 18147 E ArmVmp : Match on catch block at 0xc3 in for 0x73fad10025
04-20 00:35:53.982 18147 18147 E ArmVmp : Match on catch block at 0xc3 in for 0x73fad10025
04-20 00:35:53.986 18147 18147 E ArmVmp : Match on catch block at 0xc3 in for 0x73fad10025
04-20 00:35:54.127 18147 18147 E ArmVmp : Match on catch block at 0xc3 in for 0x73fad10025
04-20 00:35:54.131 18147 18147 E ArmVmp : Match on catch block at 0xc3 in for 0x73fad10025
04-20 00:35:54.135 18147 18147 E ArmVmp : Match on catch block at 0xc3 in for 0x73fad10025
04-20 00:35:54.327 18147 18147 E ArmVmp : Match on catch block at 0xc3 in for 0x73fad10025
04-20 00:35:54.331 18147 18147 E ArmVmp : Match on catch block at 0xc3 in for 0x73fad10025
04-20 00:35:54.335 18147 18147 E ArmVmp : Match on catch block at 0xc3 in for 0x73fad10025
04-20 00:35:54.444 18147 18147 E ArmVmp : Match on catch block at 0xc3 in for 0x73fad10025
04-20 00:35:54.448 18147 18147 E ArmVmp : Match on catch block at 0xc3 in for 0x73fad10025
04-20 00:35:54.451 18147 18147 E ArmVmp : Match on catch block at 0xc3 in for 0x73fad10025
04-20 00:35:54.577 18147 18147 E ArmVmp : Match on catch block at 0xc3 in for 0x73fad10025
04-20 00:35:54.581 18147 18147 E ArmVmp : Match on catch block at 0xc3 in for 0x73fad10025
04-20 00:35:54.585 18147 18147 E ArmVmp : Match on catch block at 0xc3 in for 0x73fad10025
04-20 00:35:54.962 18147 18147 E ArmVmp : Match on catch block at 0xc3 in for 0x73fad10025
04-20 00:35:54.967 18147 18147 E ArmVmp : Match on catch block at 0xc3 in for 0x73fad10025
04-20 00:35:54.971 18147 18147 E ArmVmp : Match on catch block at 0xc3 in for 0x73fad10025
04-20 00:35:54.997 18147 18147 E ArmVmp : Match on catch block at 0xc3 in for 0x73fad10025
04-20 00:35:55.002 18147 18147 E ArmVmp : Match on catch block at 0xc3 in for 0x73fad10025
04-20 00:35:55.005 18147 18147 E ArmVmp : Match on catch block at 0xc3 in for 0x73fad10025
04-20 00:35:55.032 18147 18147 E ArmVmp : Match on catch block at 0xc3 in for 0x73fad10025
04-20 00:35:55.037 18147 18147 E ArmVmp : Match on catch block at 0xc3 in for 0x73fad10025
04-20 00:35:55.048 18147 18147 E ArmVmp : Match on catch block at 0xc3 in for 0x73fad10025
04-20 00:35:55.052 18147 18147 E ArmVmp : Match on catch block at 0xc3 in for 0x73fad10025
04-20 00:35:55.095 18147 18147 E ArmVmp : Match on catch block at 0xc3 in for 0x73fad10025
04-20 00:35:55.100 18147 18147 E ArmVmp : Match on catch block at 0xc3 in for 0x73fad10025
04-20 00:35:55.130 18147 18147 E ArmVmp : Match on catch block at 0xc3 in for 0x73fad10025
04-20 00:35:55.135 18147 18147 E ArmVmp : Match on catch block at 0xc3 in for 0x73fad10025
04-20 00:35:55.161 18147 18147 E ArmVmp : Match on catch block at 0xc3 in for 0x73fad10025
04-20 00:35:55.165 18147 18147 E ArmVmp : Match on catch block at 0xc3 in for 0x73fad10025
04-20 00:35:55.180 18147 18147 E ArmVmp : Match on catch block at 0xc3 in for 0x73fad10025
04-20 00:35:55.184 18147 18147 E ArmVmp : Match on catch block at 0xc3 in for 0x73fad10025
04-20 00:35:55.196 18147 18147 E ArmVmp : Match on catch block at 0xc3 in for 0x73fad10025
04-20 00:35:55.200 18147 18147 E ArmVmp : Match on catch block at 0xc3 in for 0x73fad10025
04-20 00:35:55.483 18147 18147 E ArmVmp : Match on catch block at 0xc3 in for 0x73fad10025
04-20 00:35:55.487 18147 18147 E ArmVmp : Match on catch block at 0xc3 in for 0x73fad10025
04-20 00:35:55.502 18147 18570 W MediaPlayer: Use of stream types is deprecated for operations other than volume control
04-20 00:35:55.502 18147 18570 W MediaPlayer: See the documentation of setAudioStreamType() for what to use instead with android.media.AudioAttributes to qualify your playback use case
04-20 00:35:55.512 18147 18147 E ArmVmp : Match on catch block at 0xc3 in for 0x73fad10025
04-20 00:35:55.516 18147 18147 E ArmVmp : Match on catch block at 0xc3 in for 0x73fad10025
04-20 00:35:55.883 18147 18147 E ArmVmp : Match on catch block at 0xc3 in for 0x73fad10025
04-20 00:35:55.887 18147 18147 E ArmVmp : Match on catch block at 0xc3 in for 0x73fad10025
04-20 00:35:55.989 18147 18147 E ArmVmp : Match on catch block at 0xc3 in for 0x73fad10025
04-20 00:35:55.994 18147 18147 E ArmVmp : Match on catch block at 0xc3 in for 0x73fad10025
04-20 00:35:56.061 18147 18147 E ArmVmp : Match on catch block at 0xc3 in for 0x73fad10025
04-20 00:35:56.065 18147 18147 E ArmVmp : Match on catch block at 0xc3 in for 0x73fad10025
04-20 00:35:56.070 18147 18147 E OplusBracketLog: [OplusViewMirrorManager] updateHostViewRootIfNeeded, not support android.view.ViewRootImpl@5abb782
04-20 00:35:56.095 18147 18375 E OpenGLRenderer: Unable to match the desired swap behavior.
04-20 00:35:56.130 18147 18147 E ArmVmp : Match on catch block at 0xc3 in for 0x73fad10025
04-20 00:35:56.135 18147 18147 E ArmVmp : Match on catch block at 0xc3 in for 0x73fad10025
04-20 00:35:56.154 18147 18147 E ArmVmp : Match on catch block at 0xc3 in for 0x73fad10025
04-20 00:35:56.160 18147 18147 E ArmVmp : Match on catch block at 0xc3 in for 0x73fad10025
04-20 00:35:56.189 18147 18147 E ArmVmp : Match on catch block at 0xc3 in for 0x73fad10025
04-20 00:35:56.193 18147 18147 E ArmVmp : Match on catch block at 0xc3 in for 0x73fad10025
04-20 00:35:56.238 18147 18147 E ArmVmp : Match on catch block at 0xc3 in for 0x73fad10025
04-20 00:35:56.242 18147 18147 E ArmVmp : Match on catch block at 0xc3 in for 0x73fad10025
04-20 00:35:56.265 18147 18147 E ArmVmp : Match on catch block at 0xc3 in for 0x73fad10025
04-20 00:35:56.270 18147 18147 E ArmVmp : Match on catch block at 0xc3 in for 0x73fad10025
04-20 00:35:56.290 18147 18147 E ArmVmp : Match on catch block at 0xc3 in for 0x73fad10025
04-20 00:35:56.295 18147 18147 E ArmVmp : Match on catch block at 0xc3 in for 0x73fad10025
04-20 00:35:56.318 18147 18147 E ArmVmp : Match on catch block at 0xc3 in for 0x73fad10025
04-20 00:35:56.324 18147 18147 E ArmVmp : Match on catch block at 0xc3 in for 0x73fad10025
04-20 00:35:56.415 18147 18147 E ArmVmp : Match on catch block at 0xc3 in for 0x73fad10025
04-20 00:35:56.418 18147 18147 E ArmVmp : Match on catch block at 0xc3 in for 0x73fad10025
04-20 00:35:56.450 18147 18375 E OpenGLRenderer: Unable to match the desired swap behavior.
04-20 00:35:56.471 18147 18147 E ArmVmp : Match on catch block at 0xc3 in for 0x73fad10025
04-20 00:35:56.475 18147 18147 E ArmVmp : Match on catch block at 0xc3 in for 0x73fad10025
04-20 00:35:56.501 18147 18375 E OpenGLRenderer: Unable to match the desired swap behavior.
04-20 00:35:56.509 18147 18147 E ArmVmp : Match on catch block at 0xc3 in for 0x73fad10025
04-20 00:35:56.513 18147 18147 E ArmVmp : Match on catch block at 0xc3 in for 0x73fad10025
04-20 00:35:56.537 18147 18375 E OpenGLRenderer: Unable to match the desired swap behavior.
04-20 00:35:56.543 18147 18147 E ArmVmp : Match on catch block at 0xc3 in for 0x73fad10025
04-20 00:35:56.548 18147 18147 E ArmVmp : Match on catch block at 0xc3 in for 0x73fad10025
04-20 00:35:56.565 18147 18147 W VRI[Toast]: handleResized abandoned!
04-20 00:35:56.568 18147 18147 E ArmVmp : Match on catch block at 0xc3 in for 0x73fad10025
04-20 00:35:56.572 18147 18147 E ArmVmp : Match on catch block at 0xc3 in for 0x73fad10025
04-20 00:35:56.589 18147 18147 E ArmVmp : Match on catch block at 0xc3 in for 0x73fad10025
04-20 00:35:56.593 18147 18147 E ArmVmp : Match on catch block at 0xc3 in for 0x73fad10025
04-20 00:35:56.613 18147 18147 E ArmVmp : Match on catch block at 0xc3 in for 0x73fad10025
04-20 00:35:56.617 18147 18147 E ArmVmp : Match on catch block at 0xc3 in for 0x73fad10025
04-20 00:35:56.631 18147 18147 E ArmVmp : Match on catch block at 0xc3 in for 0x73fad10025
04-20 00:35:56.636 18147 18147 E ArmVmp : Match on catch block at 0xc3 in for 0x73fad10025
04-20 00:35:56.662 18147 18147 E ArmVmp : Match on catch block at 0xc3 in for 0x73fad10025
04-20 00:35:56.667 18147 18147 E ArmVmp : Match on catch block at 0xc3 in for 0x73fad10025
04-20 00:35:56.678 18147 18147 E ArmVmp : Match on catch block at 0xc3 in for 0x73fad10025
04-20 00:35:56.683 18147 18147 E ArmVmp : Match on catch block at 0xc3 in for 0x73fad10025
04-20 00:35:57.117 18147 18147 E ArmVmp : Match on catch block at 0xc3 in for 0x73fad10025
04-20 00:35:57.121 18147 18147 E ArmVmp : Match on catch block at 0xc3 in for 0x73fad10025
04-20 00:35:57.144 18147 18147 E ArmVmp : Match on catch block at 0xc3 in for 0x73fad10025
04-20 00:35:57.149 18147 18147 E ArmVmp : Match on catch block at 0xc3 in for 0x73fad10025
04-20 00:35:57.157 18147 18147 E ArmVmp : Match on catch block at 0xc3 in for 0x73fad10025
04-20 00:35:57.163 18147 18147 E ArmVmp : Match on catch block at 0xc3 in for 0x73fad10025
04-20 00:35:57.172 18147 18147 E ArmVmp : Match on catch block at 0xc3 in for 0x73fad10025
04-20 00:35:57.178 18147 18147 E ArmVmp : Match on catch block at 0xc3 in for 0x73fad10025
04-20 00:35:57.196 18147 18147 E ArmVmp : Match on catch block at 0xc3 in for 0x73fad10025
04-20 00:35:57.200 18147 18147 E ArmVmp : Match on catch block at 0xc3 in for 0x73fad10025
04-20 00:35:57.212 18147 18147 E ArmVmp : Match on catch block at 0xc3 in for 0x73fad10025
04-20 00:35:57.216 18147 18147 E ArmVmp : Match on catch block at 0xc3 in for 0x73fad10025
04-20 00:35:57.233 18147 18147 E ArmVmp : Match on catch block at 0xc3 in for 0x73fad10025
04-20 00:35:57.238 18147 18147 E ArmVmp : Match on catch block at 0xc3 in for 0x73fad10025
04-20 00:35:57.247 18147 18147 E ArmVmp : Match on catch block at 0xc3 in for 0x73fad10025
04-20 00:35:57.252 18147 18147 E ArmVmp : Match on catch block at 0xc3 in for 0x73fad10025
04-20 00:35:57.263 18147 18147 E ArmVmp : Match on catch block at 0xc3 in for 0x73fad10025
04-20 00:35:57.269 18147 18147 E ArmVmp : Match on catch block at 0xc3 in for 0x73fad10025
04-20 00:35:57.279 18147 18147 E ArmVmp : Match on catch block at 0xc3 in for 0x73fad10025
04-20 00:35:57.286 18147 18147 E ArmVmp : Match on catch block at 0xc3 in for 0x73fad10025
04-20 00:35:57.296 18147 18147 E ArmVmp : Match on catch block at 0xc3 in for 0x73fad10025
04-20 00:35:57.300 18147 18147 E ArmVmp : Match on catch block at 0xc3 in for 0x73fad10025
04-20 00:35:57.312 18147 18147 E ArmVmp : Match on catch block at 0xc3 in for 0x73fad10025
04-20 00:35:57.316 18147 18147 E ArmVmp : Match on catch block at 0xc3 in for 0x73fad10025
04-20 00:35:57.345 18147 18147 E ArmVmp : Match on catch block at 0xc3 in for 0x73fad10025
04-20 00:35:57.350 18147 18147 E ArmVmp : Match on catch block at 0xc3 in for 0x73fad10025
04-20 00:35:57.478 18147 18147 E ArmVmp : Match on catch block at 0xc3 in for 0x73fad10025
04-20 00:35:57.483 18147 18147 E ArmVmp : Match on catch block at 0xc3 in for 0x73fad10025
04-20 00:35:57.714 18147 18147 E ArmVmp : Match on catch block at 0xc3 in for 0x73fad10025
04-20 00:35:57.720 18147 18147 E ArmVmp : Match on catch block at 0xc3 in for 0x73fad10025
04-20 00:35:57.940 18147 18147 W WindowOnBackDispatcher: sendCancelIfRunning: isInProgress=falsecallback=android.view.ViewRootImpl$ $ExternalSyntheticLambda17@c92ee93
04-20 00:35:57.987 18147 18147 E OplusBracketLog: [OplusViewMirrorManager] updateHostViewRootIfNeeded, not support android.view.ViewRootImpl@26d7b54
04-20 00:35:58.009 18147 18375 E OpenGLRenderer: Unable to match the desired swap behavior.
04-20 00:35:58.057 18147 18147 E ArmVmp : Match on catch block at 0xc3 in for 0x73fad10025
04-20 00:35:58.061 18147 18147 E ArmVmp : Match on catch block at 0xc3 in for 0x73fad10025
04-20 00:35:58.482 18147 18147 E ArmVmp : Match on catch block at 0xc3 in for 0x73fad10025
04-20 00:35:58.486 18147 18147 E ArmVmp : Match on catch block at 0xc3 in for 0x73fad10025
04-20 00:35:58.562 18147 18147 E ArmVmp : Match on catch block at 0xc3 in for 0x73fad10025
04-20 00:35:58.565 18147 18147 E ArmVmp : Match on catch block at 0xc3 in for 0x73fad10025
04-20 00:35:58.598 18147 18147 E ArmVmp : Match on catch block at 0xc3 in for 0x73fad10025
04-20 00:35:58.602 18147 18147 E ArmVmp : Match on catch block at 0xc3 in for 0x73fad10025
04-20 00:35:58.764 18147 18147 E ArmVmp : Match on catch block at 0xc3 in for 0x73fad10025
04-20 00:35:58.769 18147 18147 E ArmVmp : Match on catch block at 0xc3 in for 0x73fad10025
04-20 00:35:58.913 18147 18147 E ArmVmp : Match on catch block at 0xc3 in for 0x73fad10025
04-20 00:35:58.918 18147 18147 E ArmVmp : Match on catch block at 0xc3 in for 0x73fad10025
04-20 00:35:59.312 18147 18147 E ArmVmp : Match on catch block at 0xc3 in for 0x73fad10025
04-20 00:35:59.316 18147 18147 E ArmVmp : Match on catch block at 0xc3 in for 0x73fad10025
04-20 00:35:59.546 18147 18147 E ArmVmp : Match on catch block at 0xc3 in for 0x73fad10025
04-20 00:35:59.550 18147 18147 E ArmVmp : Match on catch block at 0xc3 in for 0x73fad10025
04-20 00:35:59.562 18147 18147 E ArmVmp : Match on catch block at 0xc3 in for 0x73fad10025
04-20 00:35:59.567 18147 18147 E ArmVmp : Match on catch block at 0xc3 in for 0x73fad10025
04-20 00:35:59.612 18147 18147 E ArmVmp : Match on catch block at 0xc3 in for 0x73fad10025
04-20 00:35:59.615 18147 18147 E ArmVmp : Match on catch block at 0xc3 in for 0x73fad10025
04-20 00:35:59.879 18147 18147 E ArmVmp : Match on catch block at 0xc3 in for 0x73fad10025
04-20 00:35:59.884 18147 18147 E ArmVmp : Match on catch block at 0xc3 in for 0x73fad10025
04-20 00:35:59.942 18147 18147 W WindowOnBackDispatcher: sendCancelIfRunning: isInProgress=falsecallback=android.view.ViewRootImpl$ $ExternalSyntheticLambda17@b294afd
04-20 00:36:00.097 18147 18147 E ArmVmp : Match on catch block at 0xc3 in for 0x73fad10025
04-20 00:36:00.103 18147 18147 E ArmVmp : Match on catch block at 0xc3 in for 0x73fad10025
04-20 00:36:00.232 18147 18147 E ArmVmp : Match on catch block at 0xc3 in for 0x73fad10025
04-20 00:36:00.238 18147 18147 E ArmVmp : Match on catch block at 0xc3 in for 0x73fad10025
04-20 00:36:00.413 18147 18147 E ArmVmp : Match on catch block at 0xc3 in for 0x73fad10025
04-20 00:36:00.417 18147 18147 E ArmVmp : Match on catch block at 0xc3 in for 0x73fad10025
04-20 00:36:00.785 18147 18147 E ArmVmp : Match on catch block at 0xc3 in for 0x73fad10025
04-20 00:36:00.791 18147 18147 E ArmVmp : Match on catch block at 0xc3 in for 0x73fad10025
04-20 00:36:00.813 18147 18147 E ArmVmp : Match on catch block at 0xc3 in for 0x73fad10025
04-20 00:36:00.819 18147 18147 E ArmVmp : Match on catch block at 0xc3 in for 0x73fad10025
04-20 00:36:00.832 18147 18147 E ArmVmp : Match on catch block at 0xc3 in for 0x73fad10025
04-20 00:36:00.836 18147 18147 E ArmVmp : Match on catch block at 0xc3 in for 0x73fad10025
04-20 00:36:00.847 18147 18147 E ArmVmp : Match on catch block at 0xc3 in for 0x73fad10025
04-20 00:36:00.851 18147 18147 E ArmVmp : Match on catch block at 0xc3 in for 0x73fad10025
04-20 00:36:00.863 18147 18147 E ArmVmp : Match on catch block at 0xc3 in for 0x73fad10025
04-20 00:36:00.868 18147 18147 E ArmVmp : Match on catch block at 0xc3 in for 0x73fad10025
04-20 00:36:00.880 18147 18147 E ArmVmp : Match on catch block at 0xc3 in for 0x73fad10025
04-20 00:36:00.884 18147 18147 E ArmVmp : Match on catch block at 0xc3 in for 0x73fad10025
04-20 00:36:00.897 18147 18147 E ArmVmp : Match on catch block at 0xc3 in for 0x73fad10025
04-20 00:36:00.902 18147 18147 E ArmVmp : Match on catch block at 0xc3 in for 0x73fad10025
04-20 00:36:00.913 18147 18147 E ArmVmp : Match on catch block at 0xc3 in for 0x73fad10025
04-20 00:36:00.917 18147 18147 E ArmVmp : Match on catch block at 0xc3 in for 0x73fad10025
04-20 00:36:00.930 18147 18147 E ArmVmp : Match on catch block at 0xc3 in for 0x73fad10025
04-20 00:36:00.934 18147 18147 E ArmVmp : Match on catch block at 0xc3 in for 0x73fad10025
04-20 00:36:00.946 18147 18147 E ArmVmp : Match on catch block at 0xc3 in for 0x73fad10025
04-20 00:36:00.950 18147 18147 E ArmVmp : Match on catch block at 0xc3 in for 0x73fad10025
04-20 00:36:00.965 18147 18147 E ArmVmp : Match on catch block at 0xc3 in for 0x73fad10025
04-20 00:36:00.969 18147 18147 E ArmVmp : Match on catch block at 0xc3 in for 0x73fad10025
04-20 00:36:00.980 18147 18147 E ArmVmp : Match on catch block at 0xc3 in for 0x73fad10025
04-20 00:36:00.984 18147 18147 E ArmVmp : Match on catch block at 0xc3 in for 0x73fad10025
04-20 00:36:00.996 18147 18147 E ArmVmp : Match on catch block at 0xc3 in for 0x73fad10025
04-20 00:36:01.000 18147 18147 E ArmVmp : Match on catch block at 0xc3 in for 0x73fad10025
04-20 00:36:01.013 18147 18147 E ArmVmp : Match on catch block at 0xc3 in for 0x73fad10025
04-20 00:36:01.018 18147 18147 E ArmVmp : Match on catch block at 0xc3 in for 0x73fad10025
04-20 00:36:01.030 18147 18147 E ArmVmp : Match on catch block at 0xc3 in for 0x73fad10025
04-20 00:36:01.034 18147 18147 E ArmVmp : Match on catch block at 0xc3 in for 0x73fad10025
04-20 00:36:01.047 18147 18147 E ArmVmp : Match on catch block at 0xc3 in for 0x73fad10025
04-20 00:36:01.050 18147 18147 E ArmVmp : Match on catch block at 0xc3 in for 0x73fad10025
04-20 00:36:01.063 18147 18147 E ArmVmp : Match on catch block at 0xc3 in for 0x73fad10025
04-20 00:36:01.067 18147 18147 E ArmVmp : Match on catch block at 0xc3 in for 0x73fad10025
04-20 00:36:01.080 18147 18147 E ArmVmp : Match on catch block at 0xc3 in for 0x73fad10025
04-20 00:36:01.083 18147 18147 E ArmVmp : Match on catch block at 0xc3 in for 0x73fad10025
04-20 00:36:01.100 18147 18147 E ArmVmp : Match on catch block at 0xc3 in for 0x73fad10025
04-20 00:36:01.104 18147 18147 E ArmVmp : Match on catch block at 0xc3 in for 0x73fad10025
04-20 00:36:01.113 18147 18147 E ArmVmp : Match on catch block at 0xc3 in for 0x73fad10025
04-20 00:36:01.117 18147 18147 E ArmVmp : Match on catch block at 0xc3 in for 0x73fad10025
04-20 00:36:01.131 18147 18147 E ArmVmp : Match on catch block at 0xc3 in for 0x73fad10025
04-20 00:36:01.135 18147 18147 E ArmVmp : Match on catch block at 0xc3 in for 0x73fad10025
04-20 00:36:01.146 18147 18147 E ArmVmp : Match on catch block at 0xc3 in for 0x73fad10025
04-20 00:36:01.150 18147 18147 E ArmVmp : Match on catch block at 0xc3 in for 0x73fad10025
04-20 00:36:01.164 18147 18147 E ArmVmp : Match on catch block at 0xc3 in for 0x73fad10025
04-20 00:36:01.168 18147 18147 E ArmVmp : Match on catch block at 0xc3 in for 0x73fad10025
04-20 00:36:01.180 18147 18147 E ArmVmp : Match on catch block at 0xc3 in for 0x73fad10025
04-20 00:36:01.184 18147 18147 E ArmVmp : Match on catch block at 0xc3 in for 0x73fad10025
04-20 00:36:01.197 18147 18147 E ArmVmp : Match on catch block at 0xc3 in for 0x73fad10025
04-20 00:36:01.201 18147 18147 E ArmVmp : Match on catch block at 0xc3 in for 0x73fad10025
04-20 00:36:01.297 18147 18147 E ArmVmp : Match on catch block at 0xc3 in for 0x73fad10025
04-20 00:36:01.302 18147 18147 E ArmVmp : Match on catch block at 0xc3 in for 0x73fad10025
04-20 00:36:01.397 18147 18147 E ArmVmp : Match on catch block at 0xc3 in for 0x73fad10025
04-20 00:36:01.401 18147 18147 E ArmVmp : Match on catch block at 0xc3 in for 0x73fad10025
04-20 00:36:01.530 18147 18147 E ArmVmp : Match on catch block at 0xc3 in for 0x73fad10025
04-20 00:36:01.534 18147 18147 E ArmVmp : Match on catch block at 0xc3 in for 0x73fad10025
04-20 00:36:01.663 18147 18147 E ArmVmp : Match on catch block at 0xc3 in for 0x73fad10025
04-20 00:36:01.668 18147 18147 E ArmVmp : Match on catch block at 0xc3 in for 0x73fad10025
04-20 00:36:01.781 18147 18147 E ArmVmp : Match on catch block at 0xc3 in for 0x73fad10025
04-20 00:36:01.786 18147 18147 E ArmVmp : Match on catch block at 0xc3 in for 0x73fad10025
04-20 00:36:01.882 18147 18147 E ArmVmp : Match on catch block at 0xc3 in for 0x73fad10025
04-20 00:36:01.886 18147 18147 E ArmVmp : Match on catch block at 0xc3 in for 0x73fad10025
04-20 00:36:01.997 18147 18147 E ArmVmp : Match on catch block at 0xc3 in for 0x73fad10025
04-20 00:36:02.001 18147 18147 E ArmVmp : Match on catch block at 0xc3 in for 0x73fad10025
04-20 00:36:02.198 18147 18147 E ArmVmp : Match on catch block at 0xc3 in for 0x73fad10025
04-20 00:36:02.202 18147 18147 E ArmVmp : Match on catch block at 0xc3 in for 0x73fad10025
04-20 00:36:02.315 18147 18147 E ArmVmp : Match on catch block at 0xc3 in for 0x73fad10025
04-20 00:36:02.320 18147 18147 E ArmVmp : Match on catch block at 0xc3 in for 0x73fad10025
04-20 00:36:02.430 18147 18147 E ArmVmp : Match on catch block at 0xc3 in for 0x73fad10025
04-20 00:36:02.435 18147 18147 E ArmVmp : Match on catch block at 0xc3 in for 0x73fad10025
04-20 00:36:02.614 18147 18147 E ArmVmp : Match on catch block at 0xc3 in for 0x73fad10025
04-20 00:36:02.619 18147 18147 E ArmVmp : Match on catch block at 0xc3 in for 0x73fad10025
04-20 00:36:02.699 18147 18147 E ArmVmp : Match on catch block at 0xc3 in for 0x73fad10025
04-20 00:36:02.704 18147 18147 E ArmVmp : Match on catch block at 0xc3 in for 0x73fad10025
04-20 00:36:03.164 18147 18147 E ArmVmp : Match on catch block at 0xc3 in for 0x73fad10025
04-20 00:36:03.167 18147 18147 E ArmVmp : Match on catch block at 0xc3 in for 0x73fad10025
04-20 00:36:03.202 18147 18147 E ArmVmp : Match on catch block at 0xc3 in for 0x73fad10025
04-20 00:36:03.207 18147 18147 E ArmVmp : Match on catch block at 0xc3 in for 0x73fad10025
04-20 00:36:03.236 18147 18147 E ArmVmp : Match on catch block at 0xc3 in for 0x73fad10025
04-20 00:36:03.241 18147 18147 E ArmVmp : Match on catch block at 0xc3 in for 0x73fad10025
04-20 00:36:03.351 18147 18147 E ArmVmp : Match on catch block at 0xc3 in for 0x73fad10025
04-20 00:36:03.360 18147 18147 E ArmVmp : Match on catch block at 0xc3 in for 0x73fad10025
04-20 00:36:03.416 18147 18147 E ArmVmp : Match on catch block at 0xc3 in for 0x73fad10025
04-20 00:36:03.423 18147 18147 E ArmVmp : Match on catch block at 0xc3 in for 0x73fad10025
04-20 00:36:03.457 18147 18147 E ArmVmp : Match on catch block at 0xc3 in for 0x73fad10025
