We take content rights seriously. If you suspect this is your content, claim it here.
Available Formats
Download as TXT, PDF, TXT or read online on Scribd
You are on page 1/ 9
--------- beginning of main
04-26 22:29:51.458 7455 7455 E com.mbwhatsapp: Unknown bits set in runtime_flags:
0x800000
04-26 22:29:51.465 7455 7455 E com.mbwhatsapp: Not starting debugger since process cannot load the jdwp agent.
04-26 22:29:51.669 7455 7455 W ResourceType: CREATING STRING CACHE OF 192 bytes
04-26 22:29:51.852 7455 7455 W System.err: java.lang.ClassNotFoundException: mbmodsd.mbmodsw.ui.views.btn.BtnBK
04-26 22:29:51.853 7455 7455 W System.err: at java.lang.Runtime.nativeLoad(Native Method)
04-26 22:29:51.853 7455 7455 W System.err: at java.lang.Runtime.nativeLoad(Runtime.java:1131)
04-26 22:29:51.853 7455 7455 W System.err: at java.lang.Runtime.loadLibrary0(Runtime.java:1085)
04-26 22:29:51.853 7455 7455 W System.err: at java.lang.Runtime.loadLibrary0(Runtime.java:1008)
04-26 22:29:51.853 7455 7455 W System.err: at java.lang.System.loadLibrary(System.java:1664)
04-26 22:29:51.853 7455 7455 W System.err: at arm.EpicVm.<clinit>(Unknown Source:2)
04-26 22:29:51.853 7455 7455 W System.err: at java.lang.Class.newInstance(Native Method)
04-26 22:29:51.853 7455 7455 W System.err: at android.app.AppComponentFactory.instantiateApplication(AppComponentFactory.java:76)
04-26 22:29:51.853 7455 7455 W System.err: at androidx.core.app.CoreComponentFactory.instantiateApplication(Unknown Source:0)
04-26 22:29:51.853 7455 7455 W System.err: at android.app.Instrumentation.newApplication(Instrumentation.java:1159)
04-26 22:29:51.853 7455 7455 W System.err: at android.app.LoadedApk.makeApplication(LoadedApk.java:1240)
04-26 22:29:51.853 7455 7455 W System.err: at android.app.ActivityThread.handleBindApplication(ActivityThread.java:6946)
04-26 22:29:51.853 7455 7455 W System.err: at android.app.ActivityThread.access$1500(ActivityThread.java:257)
04-26 22:29:51.853 7455 7455 W System.err: at android.app.ActivityThread$H.handleMessage(ActivityThread.java:1982)
04-26 22:29:51.853 7455 7455 W System.err: at android.os.Handler.dispatchMessage(Handler.java:106)
04-26 22:29:51.853 7455 7455 W System.err: at android.os.Looper.loop(Looper.java:236)
04-26 22:29:51.853 7455 7455 W System.err: at android.app.ActivityThread.main(ActivityThread.java:8037)
04-26 22:29:51.854 7455 7455 W System.err: at java.lang.reflect.Method.invoke(Native Method)
04-26 22:29:51.854 7455 7455 W System.err: at com.android.internal.os.RuntimeInit$MethodAndArgsCaller.run(RuntimeInit.java:656)
04-26 22:29:51.854 7455 7455 W System.err: at com.android.internal.os.ZygoteInit.main(ZygoteInit.java:967)
04-26 22:29:51.955 7455 7455 E CustomActivityOnCrash: IMPORTANT WARNING! You already have an UncaughtExceptionHandler, are you sure this is correct? If you use a custom UncaughtExceptionHandler, you must initialize it AFTER CustomActivityOnCrash! Installing anyway, but your original handler will not be called.
04-26 22:29:52.025 7455 7568 E libc : Access denied finding property "ro.vendor.df.effect.conflict"
04-26 22:29:52.025 7455 7568 E libc : Access denied finding property "ro.vendor.knock.type"
04-26 22:29:52.393 7455 7568 W LibraryVersion: Failed to get app version for libraryName: firebase-iid
04-26 22:29:52.847 7684 7684 E com.mbwhatsapp: Unknown bits set in runtime_flags: 0x800000
04-26 22:29:52.853 7684 7684 E com.mbwhatsapp: Not starting debugger since process cannot load the jdwp agent.
04-26 22:29:52.926 7684 7684 W ResourceType: CREATING STRING CACHE OF 192 bytes
04-26 22:29:52.963 7684 7684 W System.err: java.lang.ClassNotFoundException: mbmodsd.mbmodsw.ui.views.btn.BtnBK
04-26 22:29:52.966 7684 7684 W System.err: at java.lang.Runtime.nativeLoad(Native Method)
04-26 22:29:52.966 7684 7684 W System.err: at java.lang.Runtime.nativeLoad(Runtime.java:1131)
04-26 22:29:52.966 7684 7684 W System.err: at java.lang.Runtime.loadLibrary0(Runtime.java:1085)
04-26 22:29:52.966 7684 7684 W System.err: at java.lang.Runtime.loadLibrary0(Runtime.java:1008)
04-26 22:29:52.966 7684 7684 W System.err: at java.lang.System.loadLibrary(System.java:1664)
04-26 22:29:52.966 7684 7684 W System.err: at arm.EpicVm.<clinit>(Unknown Source:2)
04-26 22:29:52.966 7684 7684 W System.err: at java.lang.Class.newInstance(Native Method)
04-26 22:29:52.966 7684 7684 W System.err: at android.app.AppComponentFactory.instantiateApplication(AppComponentFactory.java:76)
04-26 22:29:52.966 7684 7684 W System.err: at androidx.core.app.CoreComponentFactory.instantiateApplication(Unknown Source:0)
04-26 22:29:52.966 7684 7684 W System.err: at android.app.Instrumentation.newApplication(Instrumentation.java:1159)
04-26 22:29:52.966 7684 7684 W System.err: at android.app.LoadedApk.makeApplication(LoadedApk.java:1240)
04-26 22:29:52.966 7684 7684 W System.err: at android.app.ActivityThread.handleBindApplication(ActivityThread.java:6946)
04-26 22:29:52.966 7684 7684 W System.err: at android.app.ActivityThread.access$1500(ActivityThread.java:257)
04-26 22:29:52.966 7684 7684 W System.err: at android.app.ActivityThread$H.handleMessage(ActivityThread.java:1982)
04-26 22:29:52.966 7684 7684 W System.err: at android.os.Handler.dispatchMessage(Handler.java:106)
04-26 22:29:52.966 7684 7684 W System.err: at android.os.Looper.loop(Looper.java:236)
04-26 22:29:52.966 7684 7684 W System.err: at android.app.ActivityThread.main(ActivityThread.java:8037)
04-26 22:29:52.966 7684 7684 W System.err: at java.lang.reflect.Method.invoke(Native Method)
04-26 22:29:52.966 7684 7684 W System.err: at com.android.internal.os.RuntimeInit$MethodAndArgsCaller.run(RuntimeInit.java:656)
04-26 22:29:52.966 7684 7684 W System.err: at com.android.internal.os.ZygoteInit.main(ZygoteInit.java:967)
04-26 22:29:53.025 7684 7684 E CustomActivityOnCrash: IMPORTANT WARNING! You already have an UncaughtExceptionHandler, are you sure this is correct? If you use a custom UncaughtExceptionHandler, you must initialize it AFTER CustomActivityOnCrash! Installing anyway, but your original handler will not be called.
04-26 22:29:53.059 7684 7724 E libc : Access denied finding property "ro.vendor.df.effect.conflict"
04-26 22:29:53.059 7684 7724 E libc : Access denied finding property "ro.vendor.knock.type"
04-26 22:29:53.086 7684 7724 W LibraryVersion: Failed to get app version for libraryName: firebase-iid
04-26 22:29:53.358 7684 7684 W com.mbwhatsapp: Accessing hidden method Lcom/android/org/conscrypt/OpenSSLSocketImpl;->setUseSessionTickets(Z)V (greylist- max-q,core-platform-api, reflection, denied)
04-26 22:29:53.358 7684 7684 W com.mbwhatsapp: Accessing hidden method Lcom/android/org/conscrypt/AbstractConscryptSocket;->setUseSessionTickets(Z)V (greylist-max-q, reflection, denied)
04-26 22:29:54.499 7684 7684 W com.mbwhatsapp: type=1400 audit(0.0:357024): avc: granted { execute } for path="/data/data/com.mbwhatsapp/files/decompressed/libs.spk.zst/libc++_shared.so" dev="mmcblk0p87" ino=236868 scontext=u:r:untrusted_app:s0:c36,c257,c512,c768 tcontext=u:object_r:app_data_file:s0:c36,c257,c512,c768 tclass=file app=com.mbwhatsapp
04-26 22:29:54.508 7684 7684 W linker : Warning: "/data/data/com.mbwhatsapp/files/decompressed/libs.spk.zst/libc++_shared.so" unused DT entry: unknown processor-specific (type 0x70000001 arg 0x0) (ignoring)
04-26 22:29:54.509 7684 7684 W com.mbwhatsapp: type=1400 audit(0.0:357026): avc: granted { execute } for path="/data/data/com.mbwhatsapp/files/decompressed/libs.spk.zst/libwhatsapp.so" dev="mmcblk0p87" ino=236857 scontext=u:r:untrusted_app:s0:c36,c257,c512,c768 tcontext=u:object_r:app_data_file:s0:c36,c257,c512,c768 tclass=file app=com.mbwhatsapp
04-26 22:29:54.529 7684 7684 W com.mbwhatsapp: type=1400 audit(0.0:357027): avc: granted { execute } for path="/data/data/com.mbwhatsapp/files/decompressed/libs.spk.zst/libcurve25519.so" dev="mmcblk0p87" ino=236862 scontext=u:r:untrusted_app:s0:c36,c257,c512,c768 tcontext=u:object_r:app_data_file:s0:c36,c257,c512,c768 tclass=file app=com.mbwhatsapp
04-26 22:29:54.539 7684 7684 W com.mbwhatsapp: type=1400 audit(0.0:357028): avc: granted { execute } for path="/data/data/com.mbwhatsapp/files/decompressed/libs.spk.zst/libwhatsapp.so" dev="mmcblk0p87" ino=236857 scontext=u:r:untrusted_app:s0:c36,c257,c512,c768 tcontext=u:object_r:app_data_file:s0:c36,c257,c512,c768 tclass=file app=com.mbwhatsapp
04-26 22:29:54.539 7684 7684 W com.mbwhatsapp: type=1400 audit(0.0:357029): avc: granted { execute } for path="/data/data/com.mbwhatsapp/files/decompressed/libs.spk.zst/libwhatsapp.so" dev="mmcblk0p87" ino=236857 scontext=u:r:untrusted_app:s0:c36,c257,c512,c768 tcontext=u:object_r:app_data_file:s0:c36,c257,c512,c768 tclass=file app=com.mbwhatsapp --------- beginning of system
04-26 22:29:54.702 7684 7684 W Looper : PerfMonitor longMsg : seq=2 plan=22:29:52.869 late=4ms wall=1811ms running=1404ms runnable=32ms io=144ms h=android.app.ActivityThread$H w=110 procState=2
04-26 22:29:54.708 7684 7926 W com.mbwhatsapp: Class X.2rL failed lock verification and will run slower.
04-26 22:29:54.708 7684 7926 W com.mbwhatsapp: Common causes for lock verification issues are non-optimized dex code
04-26 22:29:54.708 7684 7926 W com.mbwhatsapp: and incorrect proguard optimizations.
04-26 22:29:54.731 7684 7684 W com.mbwhatsapp: Class X.0eU failed lock verification and will run slower.
04-26 22:29:54.991 7684 7684 W Looper : PerfMonitor looperActivity : package=com.mbwhatsapp/.Icon0 time=287ms latency=1833ms running=212ms procState=2 ClientTransaction{ callbacks=[android.app.servertransaction.LaunchActivityItem] lifecycleRequest=android.app.servertransaction.ResumeActivityItem } historyMsgCount=2 (msgIndex=2 wall=1811ms seq=2 running=1404ms runnable=32ms io=144ms late=4ms h=android.app.ActivityThread$H w=110)
04-26 22:29:54.991 7684 7684 W Looper : PerfMonitor looperActivity : package=com.mbwhatsapp/.Icon0 time=1ms latency=2120ms running=0ms procState=2 ClientTransaction{ callbacks=[android.app.servertransaction.TopResumedActivityChang eItem] } historyMsgCount=3 (msgIndex=2 wall=1811ms seq=2 running=1404ms runnable=32ms io=144ms late=4ms h=android.app.ActivityThread$H w=110) (msgIndex=3 wall=287ms seq=3 running=212ms runnable=12ms io=13ms late=1833ms h=android.app.ActivityThread$H w=159)
04-26 22:29:55.155 7684 7684 E com.mbwhatsapp: Invalid ID 0x00000000.
04-26 22:29:55.156 7684 7684 W System.err: android.content.res.Resources$NotFoundException: String resource ID #0x0
04-26 22:29:55.157 7684 7684 W System.err:
04-26 22:29:55.168 7684 7684 W System.err: at android.content.res.Resources.getText(Resources.java:459)
04-26 22:29:55.168 7684 7684 W System.err:
04-26 22:29:55.168 7684 7684 W System.err: at android.content.res.MiuiResources.getText(MiuiResources.java:97)
04-26 22:29:55.168 7684 7684 W System.err:
04-26 22:29:55.168 7684 7684 W System.err: at android.content.res.Resources.getString(Resources.java:552)
04-26 22:29:55.169 7684 7684 W System.err:
04-26 22:29:55.169 7684 7684 W System.err: at X.35t.A0E(Unknown Source:46)
04-26 22:29:55.169 7684 7684 W System.err:
04-26 22:29:55.169 7684 7684 W System.err: at com.mbwhatsapp.yo.yo.getString(Native Method)
04-26 22:29:55.169 7684 7684 W System.err:
04-26 22:29:55.169 7684 7684 W System.err: at com.mbwhatsapp.yo.yo.getString(Native Method)
04-26 22:29:55.169 7684 7684 W System.err:
04-26 22:29:55.169 7684 7684 W System.err: at com.mbwhatsapp.youbasha.task.utils.requestAllFilesAccess14(Native Method)
04-26 22:29:55.169 7684 7684 W System.err:
04-26 22:29:55.170 7684 7684 W System.err: at com.mbwhatsapp.yo.dep.showStoragePermissionRequest(Native Method)
04-26 22:29:55.170 7684 7684 W System.err:
04-26 22:29:55.170 7684 7684 W System.err: at com.mbwhatsapp.registration.EULA.onCreate(Unknown Source:248)
04-26 22:29:55.170 7684 7684 W System.err:
04-26 22:29:55.170 7684 7684 W System.err: at android.app.Activity.performCreate(Activity.java:8157)
04-26 22:29:55.170 7684 7684 W System.err:
04-26 22:29:55.170 7684 7684 W System.err: at android.app.Activity.performCreate(Activity.java:8129)
04-26 22:29:55.170 7684 7684 W System.err:
04-26 22:29:55.171 7684 7684 W System.err: at android.app.Instrumentation.callActivityOnCreate(Instrumentation.java:1310)
04-26 22:29:55.171 7684 7684 W System.err:
04-26 22:29:55.171 7684 7684 W System.err: at android.app.ActivityThread.performLaunchActivity(ActivityThread.java:3512)
04-26 22:29:55.171 7684 7684 W System.err:
04-26 22:29:55.171 7684 7684 W System.err: at android.app.ActivityThread.handleLaunchActivity(ActivityThread.java:3699)
04-26 22:29:55.171 7684 7684 W System.err:
04-26 22:29:55.171 7684 7684 W System.err: at android.app.servertransaction.LaunchActivityItem.execute(LaunchActivityItem.java:85 )
04-26 22:29:55.171 7684 7684 W System.err:
04-26 22:29:55.171 7684 7684 W System.err: at android.app.servertransaction.TransactionExecutor.executeCallbacks(TransactionExecu tor.java:135)
04-26 22:29:55.171 7684 7684 W System.err:
04-26 22:29:55.172 7684 7684 W System.err: at android.app.servertransaction.TransactionExecutor.execute(TransactionExecutor.java: 95)
04-26 22:29:55.172 7684 7684 W System.err:
04-26 22:29:55.172 7684 7684 W System.err: at android.app.ActivityThread$H.handleMessage(ActivityThread.java:2135)
04-26 22:29:55.172 7684 7684 W System.err:
04-26 22:29:55.172 7684 7684 W System.err: at android.os.Handler.dispatchMessage(Handler.java:106)
04-26 22:29:55.172 7684 7684 W System.err:
04-26 22:29:55.172 7684 7684 W System.err: at android.os.Looper.loop(Looper.java:236)
04-26 22:29:55.172 7684 7684 W System.err:
04-26 22:29:55.172 7684 7684 W System.err: at android.app.ActivityThread.main(ActivityThread.java:8037)
04-26 22:29:55.172 7684 7684 W System.err:
04-26 22:29:55.173 7684 7684 W System.err: at java.lang.reflect.Method.invoke(Native Method)
04-26 22:29:55.173 7684 7684 W System.err:
04-26 22:29:55.173 7684 7684 W System.err: at com.android.internal.os.RuntimeInit$MethodAndArgsCaller.run(RuntimeInit.java:656)
04-26 22:29:55.173 7684 7684 W System.err:
04-26 22:29:55.173 7684 7684 W System.err: at com.android.internal.os.ZygoteInit.main(ZygoteInit.java:967)
04-26 22:29:55.173 7684 7684 W System.err:
04-26 22:29:55.317 7684 7684 W Activity: Can request only one set of permissions at a time
04-26 22:29:55.443 7684 7965 E linker : library "" ("/apex/com.android.vndk.v30/lib64") needed or dlopened by "/apex/com.android.vndk.v30/lib64/libRS_internal.so" is not accessible for the namespace: [name="rs", ld_library_paths="", default_library_paths="/apex/com.android.vndk.v30/lib64:/vendor/lib64", permitted_paths="/odm/lib64:/vendor/lib64:/system/vendor/lib64:/data"]
04-26 22:29:55.443 7684 7965 E RenderScript: Failed loading RS driver: dlopen failed: library "" needed or dlopened by "/apex/com.android.vndk.v30/lib64/libRS_internal.so" is not accessible for the namespace "rs"
04-26 22:29:55.443 7684 7965 E RenderScript: Failed to load runtime , loading default
04-26 22:29:55.496 7684 7684 E ArmVmp : Match on catch block at 0x0a in for 0x131
04-26 22:29:55.512 7684 7684 W Activity: Slow Operation: Activity com.mbwhatsapp/.registration.EULA onStart took 275ms
04-26 22:29:55.558 7684 7684 W Looper : PerfMonitor looperActivity : package=com.mbwhatsapp/.registration.EULA time=0ms latency=557ms running=0ms procState=2 ClientTransaction{ callbacks=[android.app.servertransaction.TopResumedActivityChang eItem] } historyMsgCount=2 (msgIndex=2 wall=554ms seq=15 running=220ms runnable=26ms io=140ms late=4ms h=android.app.ActivityThread$H w=159)
04-26 22:29:55.559 7684 7684 W Looper : PerfMonitor looperActivity : package=com.mbwhatsapp/.registration.EULA time=0ms latency=409ms running=1ms procState=2 ClientTransaction{ callbacks=[android.app.servertransaction.TopResumedActivityChang eItem] } historyMsgCount=5 (msgIndex=1 wall=554ms seq=15 running=220ms runnable=26ms io=140ms late=4ms h=android.app.ActivityThread$H w=159)
04-26 22:29:55.573 7684 7684 W Looper : PerfMonitor looperActivity : package=com.mbwhatsapp/.registration.EULA time=14ms latency=409ms running=4ms procState=2 ClientTransaction{ lifecycleRequest=android.app.servertransaction.PauseActivityItem } historyMsgCount=6 (msgIndex=1 wall=554ms seq=15 running=220ms runnable=26ms io=140ms late=4ms h=android.app.ActivityThread$H w=159)
04-26 22:29:55.858 7684 7949 E LB : fail to open file: No such file or directory
04-26 22:29:56.606 7684 7684 W Looper : PerfMonitor longMsg : seq=27 plan=22:29:55.512 late=69ms wall=1024ms running=352ms runnable=68ms io=184ms h=android.view.Choreographer$FrameHandler c=android.view.Choreographer$FrameDisplayEventReceiver procState=2
04-26 22:29:56.607 7684 7684 W Looper : PerfMonitor doFrame : time=1024ms vsyncFrame=0 latency=69ms procState=2 historyMsgCount=12 (msgIndex=1 wall=554ms seq=15 running=220ms runnable=26ms io=140ms late=4ms h=android.app.ActivityThread$H w=159)
04-26 22:29:56.648 7684 7684 W Looper : PerfMonitor doFrame : time=34ms vsyncFrame=0 latency=1017ms procState=2 historyMsgCount=6 (msgIndex=1 wall=1024ms seq=27 running=352ms runnable=68ms io=184ms late=69ms h=android.view.Choreographer$FrameHandler c=android.view.Choreographer$FrameDisplayEventReceiver)
04-26 22:29:56.971 7684 7684 E com.mbwhatsapp: Invalid ID 0x00000000.
04-26 22:29:56.972 7684 7684 E com.mbwhatsapp: Invalid ID 0x00000000.
04-26 22:29:56.978 7684 7684 E com.mbwhatsapp: Invalid ID 0x00000000.
04-26 22:29:56.979 7684 7684 E com.mbwhatsapp: Invalid ID 0x00000000.
04-26 22:30:01.615 7684 7684 W Activity: Slow Operation: Activity com.mbwhatsapp/.registration.EULA onStart took 106ms
04-26 22:30:03.645 7684 7684 W MirrorManager: this model don't Support
04-26 22:30:05.555 7684 8272 E ShortcutInfoCompatSaver: Failed to load saved values from file /data/user/0/com.mbwhatsapp/files/ShortcutInfoCompatSaver_share_targets/ targets.xml. Old state removed, new added
04-26 22:30:05.555 7684 8272 E ShortcutInfoCompatSaver: java.io.FileNotFoundException: /data/user/0/com.mbwhatsapp/files/ShortcutInfoCompatSaver_share_targets/ targets.xml: open failed: ENOENT (No such file or directory)
04-26 22:30:05.555 7684 8272 E ShortcutInfoCompatSaver: at libcore.io.IoBridge.open(IoBridge.java:492)
04-26 22:30:05.555 7684 8272 E ShortcutInfoCompatSaver: at java.io.FileInputStream.<init>(FileInputStream.java:160)
04-26 22:30:05.555 7684 8272 E ShortcutInfoCompatSaver: at X.0nz.run(Unknown Source:82)
04-26 22:30:05.555 7684 8272 E ShortcutInfoCompatSaver: at java.util.concurrent.Executors$RunnableAdapter.call(Executors.java:462)
04-26 22:30:05.555 7684 8272 E ShortcutInfoCompatSaver: at java.util.concurrent.FutureTask.run(FutureTask.java:266)
04-26 22:30:05.555 7684 8272 E ShortcutInfoCompatSaver: at java.util.concurrent.ThreadPoolExecutor.runWorker(ThreadPoolExecutor.java:1167)
04-26 22:30:05.555 7684 8272 E ShortcutInfoCompatSaver: at java.util.concurrent.ThreadPoolExecutor$Worker.run(ThreadPoolExecutor.java:641)
04-26 22:30:05.555 7684 8272 E ShortcutInfoCompatSaver: at java.lang.Thread.run(Thread.java:923)
04-26 22:30:05.555 7684 8272 E ShortcutInfoCompatSaver: Caused by: android.system.ErrnoException: open failed: ENOENT (No such file or directory)
04-26 22:30:05.555 7684 8272 E ShortcutInfoCompatSaver: at libcore.io.Linux.open(Native Method)
04-26 22:30:05.555 7684 8272 E ShortcutInfoCompatSaver: at libcore.io.ForwardingOs.open(ForwardingOs.java:166)
04-26 22:30:05.555 7684 8272 E ShortcutInfoCompatSaver: at libcore.io.BlockGuardOs.open(BlockGuardOs.java:254)
04-26 22:30:05.555 7684 8272 E ShortcutInfoCompatSaver: at libcore.io.ForwardingOs.open(ForwardingOs.java:166)
04-26 22:30:05.555 7684 8272 E ShortcutInfoCompatSaver: at android.app.ActivityThread$AndroidOs.open(ActivityThread.java:7911)
04-26 22:30:05.555 7684 8272 E ShortcutInfoCompatSaver: at libcore.io.IoBridge.open(IoBridge.java:478)
04-26 22:30:05.555 7684 8272 E ShortcutInfoCompatSaver: ... 7 more
04-26 22:30:05.606 7684 7949 E FrameEvents: updateAcquireFence: Did not find frame.
04-26 22:30:05.621 7684 7949 E FrameEvents: updateAcquireFence: Did not find frame.
04-26 22:30:05.631 7684 7949 E FrameEvents: updateAcquireFence: Did not find frame.
04-26 22:30:05.629 7684 7684 W com.mbwhatsapp: type=1400 audit(0.0:357041): avc: denied { read } for name="osrelease" dev="proc" ino=18977767 scontext=u:r:untrusted_app:s0:c36,c257,c512,c768 tcontext=u:object_r:proc:s0 tclass=file permissive=0 app=com.mbwhatsapp
04-26 22:30:15.605 7684 7934 E PlayCore: UID: [10292] PID: [7684] StandardIntegrity : Phonesky is not installed.
04-26 22:30:18.429 7684 7949 W RenderInspector: DequeueBuffer time out on com.mbwhatsapp/com.mbwhatsapp.registration.RegisterPhone, count=1, avg=17 ms, max=17 ms.
04-26 22:30:20.043 7684 7684 W IInputConnectionWrapper: requestCursorAnchorInfo on inactive InputConnection
04-26 22:30:22.013 7684 8274 W BpBinder: PerfMonitor binderTransact : time=414ms interface=com.google.android.gms.auth.api.phone.internal.ISmsRetrieverApiService code=1
04-26 22:30:25.733 7684 7949 W RenderInspector: DequeueBuffer time out on com.mbwhatsapp/com.mbwhatsapp.registration.VerifyPhoneNumber, count=1, avg=22 ms, max=22 ms.
04-26 22:30:29.298 7684 7684 W IInputConnectionWrapper: requestCursorAnchorInfo on inactive InputConnection
04-26 22:30:37.017 7684 7700 W System : A resource failed to call dispose.
04-26 22:30:37.038 7684 7700 W System : A resource failed to call release.
04-26 22:30:37.058 7684 7700 W System : A resource failed to call release.
04-26 22:31:59.117 7684 7684 W Activity: Slow Operation: Activity com.mbwhatsapp/.registration.EULA onPause took 157ms --------- beginning of system
04-26 22:33:28.879 7684 7684 W Activity: Slow Operation: Activity com.mbwhatsapp/.registration.RegisterPhone onPause took 86ms --------- beginning of main
04-26 22:52:12.904 20785 20785 E com.mbwhatsapp: Unknown bits set in runtime_flags: 0x800000
04-26 22:52:12.917 20785 20785 E com.mbwhatsapp: Not starting debugger since process cannot load the jdwp agent.
04-26 22:52:13.168 20785 20785 W ResourceType: CREATING STRING CACHE OF 192 bytes
04-26 22:52:13.317 20785 20785 W System.err: java.lang.ClassNotFoundException: mbmodsd.mbmodsw.ui.views.btn.BtnBK
04-26 22:52:13.318 20785 20785 W System.err: at java.lang.Runtime.nativeLoad(Native Method)
04-26 22:52:13.318 20785 20785 W System.err: at java.lang.Runtime.nativeLoad(Runtime.java:1131)
04-26 22:52:13.318 20785 20785 W System.err: at java.lang.Runtime.loadLibrary0(Runtime.java:1085)
04-26 22:52:13.318 20785 20785 W System.err: at java.lang.Runtime.loadLibrary0(Runtime.java:1008)
04-26 22:52:13.318 20785 20785 W System.err: at java.lang.System.loadLibrary(System.java:1664)
04-26 22:52:13.318 20785 20785 W System.err: at arm.EpicVm.<clinit>(Unknown Source:2)
04-26 22:52:13.318 20785 20785 W System.err: at java.lang.Class.newInstance(Native Method)
04-26 22:52:13.318 20785 20785 W System.err: at android.app.AppComponentFactory.instantiateApplication(AppComponentFactory.java:76)
04-26 22:52:13.318 20785 20785 W System.err: at androidx.core.app.CoreComponentFactory.instantiateApplication(Unknown Source:0)
04-26 22:52:13.318 20785 20785 W System.err: at android.app.Instrumentation.newApplication(Instrumentation.java:1159)
04-26 22:52:13.318 20785 20785 W System.err: at android.app.LoadedApk.makeApplication(LoadedApk.java:1240)
04-26 22:52:13.318 20785 20785 W System.err: at android.app.ActivityThread.handleBindApplication(ActivityThread.java:6946)
04-26 22:52:13.318 20785 20785 W System.err: at android.app.ActivityThread.access$1500(ActivityThread.java:257)
04-26 22:52:13.318 20785 20785 W System.err: at android.app.ActivityThread$H.handleMessage(ActivityThread.java:1982)
04-26 22:52:13.318 20785 20785 W System.err: at android.os.Handler.dispatchMessage(Handler.java:106)
04-26 22:52:13.318 20785 20785 W System.err: at android.os.Looper.loop(Looper.java:236)
04-26 22:52:13.318 20785 20785 W System.err: at android.app.ActivityThread.main(ActivityThread.java:8037)
04-26 22:52:13.318 20785 20785 W System.err: at java.lang.reflect.Method.invoke(Native Method)
04-26 22:52:13.318 20785 20785 W System.err: at com.android.internal.os.RuntimeInit$MethodAndArgsCaller.run(RuntimeInit.java:656)
04-26 22:52:13.318 20785 20785 W System.err: at com.android.internal.os.ZygoteInit.main(ZygoteInit.java:967)
04-26 22:52:13.409 20785 20785 E CustomActivityOnCrash: IMPORTANT WARNING! You already have an UncaughtExceptionHandler, are you sure this is correct? If you use a custom UncaughtExceptionHandler, you must initialize it AFTER CustomActivityOnCrash! Installing anyway, but your original handler will not be called.
04-26 22:52:14.032 20785 20785 W com.mbwhatsapp: Accessing hidden method Lcom/android/org/conscrypt/OpenSSLSocketImpl;->setUseSessionTickets(Z)V (greylist- max-q,core-platform-api, reflection, denied)
04-26 22:52:14.032 20785 20785 W com.mbwhatsapp: Accessing hidden method Lcom/android/org/conscrypt/AbstractConscryptSocket;->setUseSessionTickets(Z)V (greylist-max-q, reflection, denied)
04-26 22:52:15.280 20785 20785 W linker : Warning: "/data/data/com.mbwhatsapp/files/decompressed/libs.spk.zst/libc++_shared.so" unused DT entry: unknown processor-specific (type 0x70000001 arg 0x0) (ignoring)
04-26 22:52:15.460 20785 20878 W com.mbwhatsapp: Class X.2rL failed lock verification and will run slower.
04-26 22:52:15.460 20785 20878 W com.mbwhatsapp: Common causes for lock verification issues are non-optimized dex code
04-26 22:52:15.460 20785 20878 W com.mbwhatsapp: and incorrect proguard optimizations.
04-26 22:52:15.469 20785 20785 W Looper : PerfMonitor longMsg : seq=2 plan=22:52:12.979 late=1ms wall=2477ms running=1571ms runnable=95ms io=535ms h=android.app.ActivityThread$H w=110 procState=2
04-26 22:52:15.492 20785 20785 W com.mbwhatsapp: Class X.0eU failed lock verification and will run slower.
04-26 22:52:15.683 20785 20785 W Looper : PerfMonitor looperActivity : package=com.mbwhatsapp/.Icon0 time=214ms latency=2488ms running=160ms procState=2 ClientTransaction{ callbacks=[android.app.servertransaction.LaunchActivityItem] lifecycleRequest=android.app.servertransaction.ResumeActivityItem } historyMsgCount=1 (msgIndex=1 wall=2477ms seq=2 running=1571ms runnable=95ms io=535ms late=1ms h=android.app.ActivityThread$H w=110)
04-26 22:52:15.684 20785 20785 W Looper : PerfMonitor looperActivity : package=com.mbwhatsapp/.Icon0 time=0ms latency=2702ms running=0ms procState=2 ClientTransaction{ callbacks=[android.app.servertransaction.TopResumedActivityChang eItem] } historyMsgCount=2 (msgIndex=1 wall=2477ms seq=2 running=1571ms runnable=95ms io=535ms late=1ms h=android.app.ActivityThread$H w=110) (msgIndex=2 wall=214ms seq=3 running=160ms runnable=7ms io=13ms late=2488ms h=android.app.ActivityThread$H w=159)
04-26 22:52:16.146 20785 20889 E LB : fail to open file: No such file or directory
04-26 22:52:16.360 20785 20785 E libc : Access denied finding property "ro.vendor.df.effect.conflict"
04-26 22:52:16.360 20785 20785 E libc : Access denied finding property "ro.vendor.knock.type"
04-26 22:52:17.244 20785 20785 W MirrorManager: this model don't Support
04-26 22:52:25.502 20785 20854 E PlayCore: UID: [10292] PID: [20785] StandardIntegrity : Phonesky is not installed.
04-26 22:52:28.176 20785 20785 W IInputConnectionWrapper: requestCursorAnchorInfo on inactive InputConnection
04-26 22:52:31.148 20785 21110 W BpBinder: PerfMonitor binderTransact : time=517ms interface=com.google.android.gms.auth.api.phone.internal.ISmsRetrieverApiService code=1
04-26 22:52:33.920 20785 20785 W IInputConnectionWrapper: requestCursorAnchorInfo on inactive InputConnection
04-26 22:52:34.442 20785 20785 W IInputConnectionWrapper: requestCursorAnchorInfo on inactive InputConnection