We take content rights seriously. If you suspect this is your content, claim it here.
Available Formats
Download as TXT, PDF, TXT or read online on Scribd
You are on page 1/ 1928
--------- beginning of main
03-19 17:10:50.843 24899 24899 E com.mbwhatsapp: Not starting debugger since
process cannot load the jdwp agent.
03-19 17:10:50.848 24899 24899 W libc : Access denied finding property "sys.perf.boostopt"
03-19 17:10:50.849 24899 24913 W libc : Access denied finding property "sys.perf.boostopt"
03-19 17:10:50.985 24899 24899 W System.err: java.lang.ClassNotFoundException: mbmodsd.mbmodsw.ui.views.btn.BtnBK
03-19 17:10:50.987 24899 24899 W System.err: at java.lang.Runtime.nativeLoad(Native Method)
03-19 17:10:50.987 24899 24899 W System.err: at java.lang.Runtime.nativeLoad(Runtime.java:1121)
03-19 17:10:50.987 24899 24899 W System.err: at java.lang.Runtime.loadLibrary0(Runtime.java:1075)
03-19 17:10:50.987 24899 24899 W System.err: at java.lang.Runtime.loadLibrary0(Runtime.java:998)
03-19 17:10:50.987 24899 24899 W System.err: at java.lang.System.loadLibrary(System.java:1661)
03-19 17:10:50.987 24899 24899 W System.err: at arm.EpicVm.<clinit>(Unknown Source:2)
03-19 17:10:50.987 24899 24899 W System.err: at java.lang.Class.newInstance(Native Method)
03-19 17:10:50.987 24899 24899 W System.err: at android.app.AppComponentFactory.instantiateApplication(AppComponentFactory.java:76)
03-19 17:10:50.987 24899 24899 W System.err: at androidx.core.app.CoreComponentFactory.instantiateApplication(Unknown Source:0)
03-19 17:10:50.987 24899 24899 W System.err: at android.app.Instrumentation.newApplication(Instrumentation.java:1232)
03-19 17:10:50.987 24899 24899 W System.err: at android.app.LoadedApk.makeApplicationInner(LoadedApk.java:1565)
03-19 17:10:50.987 24899 24899 W System.err: at android.app.LoadedApk.makeApplicationInner(LoadedApk.java:1502)
03-19 17:10:50.987 24899 24899 W System.err: at android.app.ActivityThread.handleBindApplication(ActivityThread.java:7553)
03-19 17:10:50.987 24899 24899 W System.err: at android.app.ActivityThread.-$ $Nest$mhandleBindApplication(Unknown Source:0)
03-19 17:10:50.987 24899 24899 W System.err: at android.app.ActivityThread$H.handleMessage(ActivityThread.java:2400)
03-19 17:10:50.987 24899 24899 W System.err: at android.os.Handler.dispatchMessage(Handler.java:106)
03-19 17:10:50.987 24899 24899 W System.err: at android.os.Looper.loopOnce(Looper.java:226)
03-19 17:10:50.987 24899 24899 W System.err: at android.os.Looper.loop(Looper.java:313)
03-19 17:10:50.987 24899 24899 W System.err: at android.app.ActivityThread.main(ActivityThread.java:8757)
03-19 17:10:50.987 24899 24899 W System.err: at java.lang.reflect.Method.invoke(Native Method)
03-19 17:10:50.987 24899 24899 W System.err: at com.android.internal.os.RuntimeInit$MethodAndArgsCaller.run(RuntimeInit.java:571)
03-19 17:10:50.987 24899 24899 W System.err: at com.android.internal.os.ZygoteInit.main(ZygoteInit.java:1067)
03-19 17:10:51.001 24899 24914 W libc : Access denied finding property "sys.perf.boostopt"
03-19 17:10:51.038 24899 24899 E CustomActivityOnCrash: IMPORTANT WARNING! You already have an UncaughtExceptionHandler, are you sure this is correct? If you use a custom UncaughtExceptionHandler, you must initialize it AFTER CustomActivityOnCrash! Installing anyway, but your original handler will not be called.
03-19 17:10:51.298 24899 24929 W LibraryVersion: Failed to get app version for libraryName: firebase-iid
03-19 17:10:51.603 24951 24951 E com.mbwhatsapp: Not starting debugger since process cannot load the jdwp agent.
03-19 17:10:51.607 24951 24951 W libc : Access denied finding property "sys.perf.boostopt"
03-19 17:10:51.608 24951 24963 W libc : Access denied finding property "sys.perf.boostopt"
03-19 17:10:51.617 24951 24964 W libc : Access denied finding property "sys.perf.boostopt"
03-19 17:10:51.665 24951 24951 W System.err: java.lang.ClassNotFoundException: mbmodsd.mbmodsw.ui.views.btn.BtnBK
03-19 17:10:51.666 24951 24951 W System.err: at java.lang.Runtime.nativeLoad(Native Method)
03-19 17:10:51.666 24951 24951 W System.err: at java.lang.Runtime.nativeLoad(Runtime.java:1121)
03-19 17:10:51.666 24951 24951 W System.err: at java.lang.Runtime.loadLibrary0(Runtime.java:1075)
03-19 17:10:51.666 24951 24951 W System.err: at java.lang.Runtime.loadLibrary0(Runtime.java:998)
03-19 17:10:51.666 24951 24951 W System.err: at java.lang.System.loadLibrary(System.java:1661)
03-19 17:10:51.666 24951 24951 W System.err: at arm.EpicVm.<clinit>(Unknown Source:2)
03-19 17:10:51.666 24951 24951 W System.err: at java.lang.Class.newInstance(Native Method)
03-19 17:10:51.666 24951 24951 W System.err: at android.app.AppComponentFactory.instantiateApplication(AppComponentFactory.java:76)
03-19 17:10:51.666 24951 24951 W System.err: at androidx.core.app.CoreComponentFactory.instantiateApplication(Unknown Source:0)
03-19 17:10:51.666 24951 24951 W System.err: at android.app.Instrumentation.newApplication(Instrumentation.java:1232)
03-19 17:10:51.666 24951 24951 W System.err: at android.app.LoadedApk.makeApplicationInner(LoadedApk.java:1565)
03-19 17:10:51.666 24951 24951 W System.err: at android.app.LoadedApk.makeApplicationInner(LoadedApk.java:1502)
03-19 17:10:51.666 24951 24951 W System.err: at android.app.ActivityThread.handleBindApplication(ActivityThread.java:7553)
03-19 17:10:51.666 24951 24951 W System.err: at android.app.ActivityThread.-$ $Nest$mhandleBindApplication(Unknown Source:0)
03-19 17:10:51.666 24951 24951 W System.err: at android.app.ActivityThread$H.handleMessage(ActivityThread.java:2400)
03-19 17:10:51.666 24951 24951 W System.err: at android.os.Handler.dispatchMessage(Handler.java:106)
03-19 17:10:51.666 24951 24951 W System.err: at android.os.Looper.loopOnce(Looper.java:226)
03-19 17:10:51.666 24951 24951 W System.err: at android.os.Looper.loop(Looper.java:313)
03-19 17:10:51.666 24951 24951 W System.err: at android.app.ActivityThread.main(ActivityThread.java:8757)
03-19 17:10:51.666 24951 24951 W System.err: at java.lang.reflect.Method.invoke(Native Method)
03-19 17:10:51.666 24951 24951 W System.err: at com.android.internal.os.RuntimeInit$MethodAndArgsCaller.run(RuntimeInit.java:571)
03-19 17:10:51.666 24951 24951 W System.err: at com.android.internal.os.ZygoteInit.main(ZygoteInit.java:1067)
03-19 17:10:51.695 24951 24951 E CustomActivityOnCrash: IMPORTANT WARNING! You already have an UncaughtExceptionHandler, are you sure this is correct? If you use a custom UncaughtExceptionHandler, you must initialize it AFTER CustomActivityOnCrash! Installing anyway, but your original handler will not be called.
03-19 17:10:51.721 24951 24971 W LibraryVersion: Failed to get app version for libraryName: firebase-iid
03-19 17:10:51.829 24951 24965 W libc : Access denied finding property "sys.perf.boostopt"
03-19 17:10:51.857 24951 24951 W com.mbwhatsapp: Accessing hidden method Lcom/android/org/conscrypt/OpenSSLSocketImpl;->setUseSessionTickets(Z)V (max- target-q,core-platform-api, reflection, denied)
03-19 17:10:51.857 24951 24951 W com.mbwhatsapp: Accessing hidden method Lcom/android/org/conscrypt/AbstractConscryptSocket;->setUseSessionTickets(Z)V (max- target-q, reflection, denied)
03-19 17:10:51.901 24989 24989 W libprocessgroup: SetAttribute: unknown attribute: GpisSfCpuset
03-19 17:10:51.901 24989 24989 W libprocessgroup: SetAttribute: unknown attribute: GpisSfCpuset
03-19 17:10:52.731 24951 25010 W com.mbwhatsapp: Method void X.2rL.A03(java.lang.Integer) failed lock verification and will run slower.
03-19 17:10:52.731 24951 25010 W com.mbwhatsapp: Common causes for lock verification issues are non-optimized dex code
03-19 17:10:52.731 24951 25010 W com.mbwhatsapp: and incorrect proguard optimizations.
03-19 17:10:52.734 24951 24951 W com.mbwhatsapp: Method void X.0eU.A0h(X.0tK, boolean) failed lock verification and will run slower.
03-19 17:10:52.963 24951 25022 E QT : [QT]file does not exist
03-19 17:10:52.980 24951 25022 E OpenGLRenderer: Device claims wide gamut support, cannot find matching config, error = EGL_SUCCESS
03-19 17:10:52.980 24951 25022 W OpenGLRenderer: Failed to initialize 101010-2 format, error = EGL_SUCCESS
03-19 17:10:53.034 24951 24951 E com.mbwhatsapp: Invalid ID 0x00000000.
03-19 17:10:53.035 24951 24951 W System.err: android.content.res.Resources$NotFoundException: String resource ID #0x0
03-19 17:10:53.035 24951 24951 W System.err:
03-19 17:10:53.036 24951 24951 W System.err: at android.content.res.Resources.getText(Resources.java:512)
03-19 17:10:53.036 24951 24951 W System.err:
03-19 17:10:53.036 24951 24951 W System.err: at android.content.res.Resources.getString(Resources.java:605)
03-19 17:10:53.036 24951 24951 W System.err:
03-19 17:10:53.036 24951 24951 W System.err: at X.35t.A0E(Unknown Source:46)
03-19 17:10:53.036 24951 24951 W System.err:
03-19 17:10:53.036 24951 24951 W System.err: at com.mbwhatsapp.yo.yo.getString(Native Method)
03-19 17:10:53.036 24951 24951 W System.err:
03-19 17:10:53.036 24951 24951 W System.err: at com.mbwhatsapp.yo.yo.getString(Native Method)
03-19 17:10:53.036 24951 24951 W System.err:
03-19 17:10:53.036 24951 24951 W System.err: at com.mbwhatsapp.youbasha.task.utils.requestAllFilesAccess14(Native Method)
03-19 17:10:53.036 24951 24951 W System.err:
03-19 17:10:53.036 24951 24951 W System.err: at com.mbwhatsapp.yo.dep.showStoragePermissionRequest(Native Method)
03-19 17:10:53.036 24951 24951 W System.err:
03-19 17:10:53.036 24951 24951 W System.err: at com.mbwhatsapp.registration.EULA.onCreate(Unknown Source:248)
03-19 17:10:53.036 24951 24951 W System.err:
03-19 17:10:53.036 24951 24951 W System.err: at android.app.Activity.performCreate(Activity.java:8591)
03-19 17:10:53.036 24951 24951 W System.err:
03-19 17:10:53.036 24951 24951 W System.err: at android.app.Activity.performCreate(Activity.java:8570)
03-19 17:10:53.036 24951 24951 W System.err:
03-19 17:10:53.036 24951 24951 W System.err: at android.app.Instrumentation.callActivityOnCreate(Instrumentation.java:1384)
03-19 17:10:53.036 24951 24951 W System.err:
03-19 17:10:53.036 24951 24951 W System.err: at android.app.ActivityThread.performLaunchActivity(ActivityThread.java:4150)
03-19 17:10:53.036 24951 24951 W System.err:
03-19 17:10:53.036 24951 24951 W System.err: at android.app.ActivityThread.handleLaunchActivity(ActivityThread.java:4325)
03-19 17:10:53.037 24951 24951 W System.err:
03-19 17:10:53.037 24951 24951 W System.err: at android.app.servertransaction.LaunchActivityItem.execute(LaunchActivityItem.java:10 1)
03-19 17:10:53.037 24951 24951 W System.err:
03-19 17:10:53.037 24951 24951 W System.err: at android.app.servertransaction.TransactionExecutor.executeCallbacks(TransactionExecu tor.java:135)
03-19 17:10:53.037 24951 24951 W System.err:
03-19 17:10:53.037 24951 24951 W System.err: at android.app.servertransaction.TransactionExecutor.execute(TransactionExecutor.java: 95)
03-19 17:10:53.037 24951 24951 W System.err:
03-19 17:10:53.037 24951 24951 W System.err: at android.app.ActivityThread$H.handleMessage(ActivityThread.java:2574)
03-19 17:10:53.037 24951 24951 W System.err:
03-19 17:10:53.037 24951 24951 W System.err: at android.os.Handler.dispatchMessage(Handler.java:106)
03-19 17:10:53.037 24951 24951 W System.err:
03-19 17:10:53.037 24951 24951 W System.err: at android.os.Looper.loopOnce(Looper.java:226)
03-19 17:10:53.037 24951 24951 W System.err:
03-19 17:10:53.037 24951 24951 W System.err: at android.os.Looper.loop(Looper.java:313)
03-19 17:10:53.037 24951 24951 W System.err:
03-19 17:10:53.037 24951 24951 W System.err: at android.app.ActivityThread.main(ActivityThread.java:8757)
03-19 17:10:53.037 24951 24951 W System.err:
03-19 17:10:53.037 24951 24951 W System.err: at java.lang.reflect.Method.invoke(Native Method)
03-19 17:10:53.037 24951 24951 W System.err:
03-19 17:10:53.037 24951 24951 W System.err: at com.android.internal.os.RuntimeInit$MethodAndArgsCaller.run(RuntimeInit.java:571)
03-19 17:10:53.037 24951 24951 W System.err:
03-19 17:10:53.037 24951 24951 W System.err: at com.android.internal.os.ZygoteInit.main(ZygoteInit.java:1067)
03-19 17:10:53.037 24951 24951 W System.err:
03-19 17:10:53.102 24951 24951 W Activity: Can request only one set of permissions at a time
03-19 17:10:53.158 24951 25045 E RenderScript: Failed loading RS driver: dlopen failed: library "libRSDriver_mtk.so" not found
03-19 17:10:53.158 24951 25045 E RenderScript: Failed to load runtime libRSDriver_mtk.so, loading default
03-19 17:10:53.208 24951 24951 E ArmVmp : Match on catch block at 0x0a in for 0x26d
03-19 17:10:53.329 24951 24951 E FBI : Can't load library: dlopen failed: library "libmagtsync.so" not found
03-19 17:10:53.345 24951 25059 E ion : ioctl c0044901 failed with code -1: Invalid argument
03-19 17:10:53.414 24951 25022 W Parcel : Expecting binder but got null!
03-19 17:10:54.035 24951 25022 W Parcel : Expecting binder but got null!
03-19 17:10:54.507 24951 24951 E com.mbwhatsapp: Invalid ID 0x00000000.
03-19 17:10:54.507 24951 24951 E com.mbwhatsapp: Invalid ID 0x00000000.
03-19 17:10:54.508 24951 24951 E com.mbwhatsapp: Invalid ID 0x00000000.
03-19 17:10:54.508 24951 24951 E com.mbwhatsapp: Invalid ID 0x00000000.
03-19 17:10:54.509 24951 24951 E com.mbwhatsapp: Invalid ID 0x00000000.
03-19 17:10:54.509 24951 24951 E com.mbwhatsapp: Invalid ID 0x00000000.
03-19 17:10:54.510 24951 24951 E com.mbwhatsapp: Invalid ID 0x00000000.
03-19 17:10:54.510 24951 24951 E com.mbwhatsapp: Invalid ID 0x00000000.
03-19 17:10:56.060 24951 24964 W libc : Access denied finding property "sys.perf.boostopt"
03-19 17:10:59.056 24951 24959 W com.mbwhatsapp: Cleared Reference was only reachable from finalizer (only reported once)
03-19 17:11:00.169 24951 24951 W Activity: Can request only one set of permissions at a time
03-19 17:11:00.169 24951 24951 W Activity: Can request only one set of permissions at a time
03-19 17:11:03.294 24951 25238 E ShortcutInfoCompatSaver: Failed to load saved values from file /data/user/0/com.mbwhatsapp/files/ShortcutInfoCompatSaver_share_targets/ targets.xml. Old state removed, new added
03-19 17:11:03.294 24951 25238 E ShortcutInfoCompatSaver: java.io.FileNotFoundException: /data/user/0/com.mbwhatsapp/files/ShortcutInfoCompatSaver_share_targets/ targets.xml: open failed: ENOENT (No such file or directory)
03-19 17:11:03.294 24951 25238 E ShortcutInfoCompatSaver: at libcore.io.IoBridge.open(IoBridge.java:574)
03-19 17:11:03.294 24951 25238 E ShortcutInfoCompatSaver: at java.io.FileInputStream.<init>(FileInputStream.java:160)
03-19 17:11:03.294 24951 25238 E ShortcutInfoCompatSaver: at X.0nz.run(Unknown Source:82)
03-19 17:11:03.294 24951 25238 E ShortcutInfoCompatSaver: at java.util.concurrent.Executors$RunnableAdapter.call(Executors.java:463)
03-19 17:11:03.294 24951 25238 E ShortcutInfoCompatSaver: at java.util.concurrent.FutureTask.run(FutureTask.java:264)
03-19 17:11:03.294 24951 25238 E ShortcutInfoCompatSaver: at java.util.concurrent.ThreadPoolExecutor.runWorker(ThreadPoolExecutor.java:1137)
03-19 17:11:03.294 24951 25238 E ShortcutInfoCompatSaver: at java.util.concurrent.ThreadPoolExecutor$Worker.run(ThreadPoolExecutor.java:637)
03-19 17:11:03.294 24951 25238 E ShortcutInfoCompatSaver: at java.lang.Thread.run(Thread.java:1012)
03-19 17:11:03.294 24951 25238 E ShortcutInfoCompatSaver: Caused by: android.system.ErrnoException: open failed: ENOENT (No such file or directory)
03-19 17:11:03.294 24951 25238 E ShortcutInfoCompatSaver: at libcore.io.Linux.open(Native Method)
03-19 17:11:03.294 24951 25238 E ShortcutInfoCompatSaver: at libcore.io.ForwardingOs.open(ForwardingOs.java:563)
03-19 17:11:03.294 24951 25238 E ShortcutInfoCompatSaver: at libcore.io.BlockGuardOs.open(BlockGuardOs.java:274)
03-19 17:11:03.294 24951 25238 E ShortcutInfoCompatSaver: at libcore.io.ForwardingOs.open(ForwardingOs.java:563)
03-19 17:11:03.294 24951 25238 E ShortcutInfoCompatSaver: at android.app.ActivityThread$AndroidOs.open(ActivityThread.java:8619)
03-19 17:11:03.294 24951 25238 E ShortcutInfoCompatSaver: at libcore.io.IoBridge.open(IoBridge.java:560)
03-19 17:11:03.294 24951 25238 E ShortcutInfoCompatSaver: ... 7 more
03-19 17:11:03.342 24951 25022 E FrameEvents: updateAcquireFence: Did not find frame.
03-19 17:11:03.348 24951 25022 E FrameEvents: updateAcquireFence: Did not find frame.
03-19 17:11:03.362 24951 25022 E FrameEvents: updateAcquireFence: Did not find frame.
03-19 17:11:06.089 24951 25022 W Parcel : Expecting binder but got null!
03-19 17:11:08.298 24951 24951 W OnBackInvokedCallback: OnBackInvokedCallback is not enabled for the application.
03-19 17:11:08.298 24951 24951 W OnBackInvokedCallback: Set 'android:enableOnBackInvokedCallback="true"' in the application manifest.
03-19 17:11:14.102 24951 24951 W Settings: Setting show_button_background has moved from android.provider.Settings.System to android.provider.Settings.Global, returning read-only value.
03-19 17:11:14.136 24951 25022 W Parcel : Expecting binder but got null!
03-19 17:11:14.353 24951 25208 W libc : Access denied finding property "sys.perf.boostopt"
03-19 17:11:14.721 24951 24994 E PlayCore: UID: [10303] PID: [24951] StandardIntegrity : Phonesky is not installed.
03-19 17:11:14.742 24951 24995 W ziparchive: Unable to open '/system_ext/framework/org.carconnectivity.android.digitalkey.timesync.dm': No such file or directory
03-19 17:11:14.742 24951 24995 W ziparchive: Unable to open '/system_ext/framework/org.carconnectivity.android.digitalkey.timesync.dm': No such file or directory
03-19 17:11:15.419 24951 25022 W Parcel : Expecting binder but got null!
03-19 17:11:16.477 24951 24951 W OnBackInvokedCallback: OnBackInvokedCallback is not enabled for the application.
03-19 17:11:16.477 24951 24951 W OnBackInvokedCallback: Set 'android:enableOnBackInvokedCallback="true"' in the application manifest.
03-19 17:11:16.944 24951 24951 W Settings: Setting show_button_background has moved from android.provider.Settings.System to android.provider.Settings.Global, returning read-only value.
03-19 17:11:16.985 24951 25022 W Parcel : Expecting binder but got null!
03-19 17:11:17.044 24951 25022 W Parcel : Expecting binder but got null!
03-19 17:11:20.192 24951 24951 W RemoteInputConnectionImpl: requestCursorAnchorInfo on inactive InputConnection
03-19 17:11:20.206 24951 24951 E ImeBackDispatcher: Ime callback not found. Ignoring unregisterReceivedCallback. callbackId: 262981146
03-19 17:11:20.231 24951 24951 W OnBackInvokedCallback: OnBackInvokedCallback is not enabled for the application.
03-19 17:11:20.231 24951 24951 W OnBackInvokedCallback: Set 'android:enableOnBackInvokedCallback="true"' in the application manifest.
03-19 17:11:28.256 24951 24951 W OnBackInvokedCallback: OnBackInvokedCallback is not enabled for the application.
03-19 17:11:28.256 24951 24951 W OnBackInvokedCallback: Set 'android:enableOnBackInvokedCallback="true"' in the application manifest.
03-19 17:11:36.582 24951 24951 W OnBackInvokedCallback: OnBackInvokedCallback is not enabled for the application.
03-19 17:11:36.582 24951 24951 W OnBackInvokedCallback: Set 'android:enableOnBackInvokedCallback="true"' in the application manifest.
03-19 17:11:42.069 24951 24951 W OnBackInvokedCallback: OnBackInvokedCallback is not enabled for the application.
03-19 17:11:42.069 24951 24951 W OnBackInvokedCallback: Set 'android:enableOnBackInvokedCallback="true"' in the application manifest.
03-19 17:11:49.069 24951 24951 W OnBackInvokedCallback: OnBackInvokedCallback is not enabled for the application.
03-19 17:11:49.069 24951 24951 W OnBackInvokedCallback: Set 'android:enableOnBackInvokedCallback="true"' in the application manifest.
03-19 17:11:49.597 24951 25022 W Parcel : Expecting binder but got null!
03-19 17:11:49.616 24951 25022 W Parcel : Expecting binder but got null!
03-19 17:11:58.449 24951 24951 W OnBackInvokedCallback: OnBackInvokedCallback is not enabled for the application.
03-19 17:11:58.449 24951 24951 W OnBackInvokedCallback: Set 'android:enableOnBackInvokedCallback="true"' in the application manifest.
03-19 17:12:01.975 24951 24951 W OnBackInvokedCallback: OnBackInvokedCallback is not enabled for the application.
03-19 17:12:01.975 24951 24951 W OnBackInvokedCallback: Set 'android:enableOnBackInvokedCallback="true"' in the application manifest.
03-19 17:12:03.321 24951 24951 W Settings: Setting show_button_background has moved from android.provider.Settings.System to android.provider.Settings.Global, returning read-only value.
03-19 17:12:03.361 2495--------- beginning of main
03-19 17:12:04.659 24951 25022 W Parcel : Expecting binder but got null!
03-19 17:12:04.679 24951 24951 W OnBackInvokedCallback: OnBackInvokedCallback is not enabled for the application.
03-19 17:12:04.679 24951 24951 W OnBackInvokedCallback: Set 'android:enableOnBackInvokedCallback="true"' in the application manifest.
03-19 17:12:04.687 24951 24951 W RemoteInputConnectionImpl: requestCursorAnchorInfo on inactive InputConnection
03-19 17:12:04.750 24951 24951 W OnBackInvokedCallback: OnBackInvokedCallback is not enabled for the application.
03-19 17:12:04.750 24951 24951 W OnBackInvokedCallback: Set 'android:enableOnBackInvokedCallback="true"' in the application manifest.
03-19 17:12:09.157 24951 24951 W Settings: Setting show_button_background has moved from android.provider.Settings.System to android.provider.Settings.Global, returning read-only value.
03-19 17:12:09.193 24951 25022 W Parcel : Expecting binder but got null!
03-19 17:12:10.196 24951 25022 W Parcel : Expecting binder but got null!
03-19 17:12:11.385 24951 25022 W Parcel : Expecting binder but got null!
03-19 17:12:11.477 24951 25022 W Parcel : Expecting binder but got null!
03-19 17:12:16.665 24951 24951 W Settings: Setting show_button_background has moved from android.provider.Settings.System to android.provider.Settings.Global, returning read-only value.
03-19 17:12:16.718 24951 25022 W Parcel : Expecting binder but got null!
03-19 17:12:17.233 24951 25022 W Parcel : Expecting binder but got null!
03-19 17:12:18.283 24951 25022 W Parcel : Expecting binder but got null!
03-19 17:12:19.562 24951 25022 W Parcel : Expecting binder but got null!
03-19 17:12:21.113 24951 24951 W InputEventReceiver: Attempted to finish an input event but the input event receiver has already been disposed.
03-19 17:12:21.404 24951 25022 W Parcel : Expecting binder but got null!
03-19 17:19:12.143 24951 25022 E OpenGLRenderer: Device claims wide gamut support, cannot find matching config, error = EGL_SUCCESS
03-19 17:19:12.143 24951 25022 W OpenGLRenderer: Failed to initialize 101010-2 format, error = EGL_SUCCESS
03-19 17:21:22.086 24951 25022 W Parcel : Expecting binder but got null!
03-19 17:21:22.952 24951 24951 W Settings: Setting show_button_background has moved from android.provider.Settings.System to android.provider.Settings.Global, returning read-only value.
03-19 17:21:23.027 24951 25022 W Parcel : Expecting binder but got null!
03-19 17:21:23.502 24951 24951 W Settings: Setting show_button_background has moved from android.provider.Settings.System to android.provider.Settings.Global, returning read-only value.
03-19 17:21:23.548 24951 25022 W Parcel : Expecting binder but got null!
03-19 17:21:23.725 24951 25195 W Settings: Setting wifi_sleep_policy has moved from android.provider.Settings.System to android.provider.Settings.Global, returning read-only value.
03-19 17:21:24.047 24951 25022 W Parcel : Expecting binder but got null!
03-19 17:21:26.229 24951 25022 W Parcel : Expecting binder but got null!
03-19 17:21:26.905 24951 24951 W Settings: Setting show_button_background has moved from android.provider.Settings.System to android.provider.Settings.Global, returning read-only value.
03-19 17:21:26.971 24951 25022 W Parcel : Expecting binder but got null!
03-19 17:21:27.252 24951 24951 W Settings: Setting show_button_background has moved from android.provider.Settings.System to android.provider.Settings.Global, returning read-only value.
03-19 17:21:27.316 24951 25022 W Parcel : Expecting binder but got null!
03-19 17:21:27.341 24951 25021 W Settings: Setting wifi_sleep_policy has moved from android.provider.Settings.System to android.provider.Settings.Global, returning read-only value.
03-19 17:21:27.553 24951 25022 W Parcel : Expecting binder but got null!
03-19 17:21:34.528 5495 5495 E com.mbwhatsapp: Not starting debugger since process cannot load the jdwp agent.
03-19 17:21:34.533 5495 5495 W libc : Access denied finding property "sys.perf.boostopt"
03-19 17:21:34.534 5495 5507 W libc : Access denied finding property "sys.perf.boostopt"
03-19 17:21:34.547 5495 5508 W libc : Access denied finding property "sys.perf.boostopt"
03-19 17:21:34.548 5495 5509 W libc : Access denied finding property "sys.perf.boostopt"
03-19 17:21:34.671 5495 5495 W System.err: java.lang.ClassNotFoundException: mbmodsd.mbmodsw.ui.views.btn.BtnBK
03-19 17:21:34.671 5495 5495 W System.err: at java.lang.Runtime.nativeLoad(Native Method)
03-19 17:21:34.671 5495 5495 W System.err: at java.lang.Runtime.nativeLoad(Runtime.java:1121)
03-19 17:21:34.671 5495 5495 W System.err: at java.lang.Runtime.loadLibrary0(Runtime.java:1075)
03-19 17:21:34.671 5495 5495 W System.err: at java.lang.Runtime.loadLibrary0(Runtime.java:998)
03-19 17:21:34.671 5495 5495 W System.err: at java.lang.System.loadLibrary(System.java:1661)
03-19 17:21:34.671 5495 5495 W System.err: at arm.EpicVm.<clinit>(Unknown Source:2)
03-19 17:21:34.671 5495 5495 W System.err: at java.lang.Class.newInstance(Native Method)
03-19 17:21:34.671 5495 5495 W System.err: at android.app.AppComponentFactory.instantiateApplication(AppComponentFactory.java:76)
03-19 17:21:34.671 5495 5495 W System.err: at androidx.core.app.CoreComponentFactory.instantiateApplication(Unknown Source:0)
03-19 17:21:34.671 5495 5495 W System.err: at android.app.Instrumentation.newApplication(Instrumentation.java:1232)
03-19 17:21:34.671 5495 5495 W System.err: at android.app.LoadedApk.makeApplicationInner(LoadedApk.java:1565)
03-19 17:21:34.672 5495 5495 W System.err: at android.app.LoadedApk.makeApplicationInner(LoadedApk.java:1502)
03-19 17:21:34.672 5495 5495 W System.err: at android.app.ActivityThread.handleBindApplication(ActivityThread.java:7553)
03-19 17:21:34.672 5495 5495 W System.err: at android.app.ActivityThread.-$ $Nest$mhandleBindApplication(Unknown Source:0)
03-19 17:21:34.672 5495 5495 W System.err: at android.app.ActivityThread$H.handleMessage(ActivityThread.java:2400)
03-19 17:21:34.672 5495 5495 W System.err: at android.os.Handler.dispatchMessage(Handler.java:106)
03-19 17:21:34.672 5495 5495 W System.err: at android.os.Looper.loopOnce(Looper.java:226)
03-19 17:21:34.672 5495 5495 W System.err: at android.os.Looper.loop(Looper.java:313)
03-19 17:21:34.672 5495 5495 W System.err: at android.app.ActivityThread.main(ActivityThread.java:8757)
03-19 17:21:34.672 5495 5495 W System.err: at java.lang.reflect.Method.invoke(Native Method)
03-19 17:21:34.672 5495 5495 W System.err: at com.android.internal.os.RuntimeInit$MethodAndArgsCaller.run(RuntimeInit.java:571)
03-19 17:21:34.672 5495 5495 W System.err: at com.android.internal.os.ZygoteInit.main(ZygoteInit.java:1067)
03-19 17:21:34.766 5495 5495 E CustomActivityOnCrash: IMPORTANT WARNING! You already have an UncaughtExceptionHandler, are you sure this is correct? If you use a custom UncaughtExceptionHandler, you must initialize it AFTER CustomActivityOnCrash! Installing anyway, but your original handler will not be called.
03-19 17:21:35.254 5533 5533 W libprocessgroup: SetAttribute: unknown attribute: GpisSfCpuset
03-19 17:21:35.254 5533 5533 W libprocessgroup: SetAttribute: unknown attribute: GpisSfCpuset
03-19 17:21:35.264 5495 5495 W com.mbwhatsapp: Accessing hidden method Lcom/android/org/conscrypt/OpenSSLSocketImpl;->setUseSessionTickets(Z)V (max- target-q,core-platform-api, reflection, denied)
03-19 17:21:35.265 5495 5495 W com.mbwhatsapp: Accessing hidden method Lcom/android/org/conscrypt/AbstractConscryptSocket;->setUseSessionTickets(Z)V (max- target-q, reflection, denied)
03-19 17:21:35.564 5495 5553 W com.mbwhatsapp: Method void X.2rL.A03(java.lang.Integer) failed lock verification and will run slower.
03-19 17:21:35.564 5495 5553 W com.mbwhatsapp: Common causes for lock verification issues are non-optimized dex code
03-19 17:21:35.564 5495 5553 W com.mbwhatsapp: and incorrect proguard optimizations.
03-19 17:21:41.372 5495 5495 W com.mbwhatsapp: Method void X.0eU.A0h(X.0tK, boolean) failed lock verification and will run slower.
03-19 17:21:41.465 5495 5678 E QT : [QT]file does not exist
03-19 17:21:41.476 5495 5678 E OpenGLRenderer: Device claims wide gamut support, cannot find matching config, error = EGL_SUCCESS
03-19 17:21:41.476 5495 5678 W OpenGLRenderer: Failed to initialize 101010-2 format, error = EGL_SUCCESS
03-19 17:21:41.683 5495 5495 W Settings: Setting show_button_background has moved from android.provider.Settings.System to android.provider.Settings.Global, returning read-only value.
03-19 17:21:41.743 5495 5495 E FBI : Can't load library: dlopen failed: library "libmagtsync.so" not found
03-19 17:21:41.753 5495 5719 E ion : ioctl c0044901 failed with code -1: Invalid argument
03-19 17:21:41.781 5495 5678 W Parcel : Expecting binder but got null!
03-19 17:21:41.859 5495 5678 W Parcel : Expecting binder but got null!
03-19 17:21:41.911 5495 5495 W Choreographer: Already have a pending vsync event. There should only be one at a time.
03-19 17:21:42.159 5495 5678 W Parcel : Expecting binder but got null!
03-19 17:21:42.649 5495 5678 W Parcel : Expecting binder but got null!
03-19 17:21:53.167 5495 5503 W com.mbwhatsapp: Cleared Reference was only reachable from finalizer (only reported once)
03-19 17:21:53.462 5495 5495 W OnBackInvokedCallback: OnBackInvokedCallback is not enabled for the application.
03-19 17:21:53.462 5495 5495 W OnBackInvokedCallback: Set 'android:enableOnBackInvokedCallback="true"' in the application manifest.
03-19 17:21:58.787 5495 5505 W System : A resource failed to call end.
03-19 17:22:02.831 5495 5507 W libc : Access denied finding property "sys.perf.boostopt"
03-19 17:22:08.489 5495 5678 W Parcel : Expecting binder but got null!
03-19 17:22:08.538 5495 5495 W OnBackInvokedCallback: OnBackInvokedCallback is not enabled for the application.
03-19 17:22:08.538 5495 5495 W OnBackInvokedCallback: Set 'android:enableOnBackInvokedCallback="true"' in the application manifest.
03-19 17:22:08.567 5495 5495 W RemoteInputConnectionImpl: requestCursorAnchorInfo on inactive InputConnection
03-19 17:22:13.608 5495 5678 W Parcel : Expecting binder but got null!
03-19 17:22:13.658 5495 5508 W libc : Access denied finding property "sys.perf.boostopt"
03-19 17:22:14.542 5495 5495 W com.mbwhatsapp: Method void com.mbwhatsapp.HomeActivity.A6e() failed lock verification and will run slower.
03-19 17:22:15.009 5495 5495 E ArmVmp : Match on catch block at 0x0a in for 0x199
03-19 17:22:15.074 5495 5495 E ArmVmp : Match on catch block at 0x0a in for 0x275
03-19 17:22:15.101 5495 7416 W com.mbwhatsapp: Accessing hidden method Lcom/android/org/conscrypt/ConscryptEngineSocket;->setUseSessionTickets(Z)V (max- target-q,core-platform-api, reflection, denied)
03-19 17:22:15.101 5495 7416 W com.mbwhatsapp: Accessing hidden method Lcom/android/org/conscrypt/OpenSSLSocketImpl;->setUseSessionTickets(Z)V (max- target-q,core-platform-api, reflection, denied)
03-19 17:22:15.101 5495 7416 W com.mbwhatsapp: Accessing hidden method Lcom/android/org/conscrypt/AbstractConscryptSocket;->setUseSessionTickets(Z)V (max- target-q, reflection, denied)
03-19 17:22:15.101 5495 7416 W com.mbwhatsapp: Accessing hidden method Lcom/android/org/conscrypt/ConscryptEngineSocket;->setHostname(Ljava/lang/String;)V (max-target-q,core-platform-api, reflection, denied)
03-19 17:22:15.101 5495 7416 W com.mbwhatsapp: Accessing hidden method Lcom/android/org/conscrypt/OpenSSLSocketImpl;->setHostname(Ljava/lang/String;)V (max-target-q,core-platform-api, reflection, denied)
03-19 17:22:15.101 5495 7416 W com.mbwhatsapp: Accessing hidden method Lcom/android/org/conscrypt/AbstractConscryptSocket;->setHostname(Ljava/lang/ String;)V (max-target-q, reflection, denied)
03-19 17:22:15.101 5495 7416 W com.mbwhatsapp: Accessing hidden method Lcom/android/org/conscrypt/OpenSSLSocketImpl;->setAlpnProtocols([B)V (max-target- q,core-platform-api, reflection, denied)
03-19 17:22:15.101 5495 7416 W com.mbwhatsapp: Accessing hidden method Lcom/android/org/conscrypt/AbstractConscryptSocket;->setAlpnProtocols([B)V (max- target-q, reflection, denied)
03-19 17:22:15.173 5495 6587 W MediaCodec-JNI: try to release MediaCodec from JMediaCodec::~JMediaCodec()...
03-19 17:22:15.173 5495 6587 W MediaCodec-JNI: done releasing MediaCodec from JMediaCodec::~JMediaCodec().
03-19 17:22:15.184 5495 7416 W com.mbwhatsapp: Accessing hidden method Lcom/android/org/conscrypt/OpenSSLSocketImpl;->getAlpnSelectedProtocol()[B (max- target-q,core-platform-api, reflection, denied)
03-19 17:22:15.184 5495 7416 W com.mbwhatsapp: Accessing hidden method Lcom/android/org/conscrypt/AbstractConscryptSocket;->getAlpnSelectedProtocol()[B (max-target-q, reflection, denied)
03-19 17:22:15.192 5495 5495 W Activity: Can request only one set of permissions at a time
03-19 17:22:15.230 5495 7423 W ColorUtils: expected specified color aspects (0:0:0:0)
03-19 17:22:15.273 5495 7446 W ColorUtils: expected specified color aspects (2:0:0:0)
03-19 17:22:15.310 5495 7454 W ColorUtils: expected specified color aspects (2:0:0:0)
03-19 17:22:15.341 5495 6587 W AudioCapabilities: Unsupported mime audio/x-ima
03-19 17:22:15.341 5495 6587 W AudioCapabilities: Unsupported mime audio/mpeg-L1
03-19 17:22:15.341 5495 6587 W AudioCapabilities: Unsupported mime audio/mpeg-L2
03-19 17:22:15.341 5495 6587 W VideoCapabilities: Unsupported mime video/wvc1
03-19 17:22:15.342 5495 6587 W VideoCapabilities: Unsupported mime video/x-ms-wmv
03-19 17:22:15.342 5495 6587 W AudioCapabilities: Unsupported mime audio/x-adpcm- dvi-ima
03-19 17:22:15.342 5495 6587 W AudioCapabilities: Unsupported mime audio/x-adpcm- dvi-ima
03-19 17:22:15.342 5495 6587 W AudioCapabilities: Unsupported mime audio/x-adpcm- ms
03-19 17:22:15.342 5495 6587 W AudioCapabilities: Unsupported mime audio/x-adpcm- ms
03-19 17:22:15.349 5495 6587 W VideoCapabilities: Unrecognized profile/level 32768/256 for video/mp4v-es
03-19 17:22:15.352 5495 6587 W VideoCapabilities: Unsupported mime video/avc-wfd
03-19 17:22:15.535 5495 7484 W LOTTIE : Animation contains merge paths. Merge paths are only supported on KitKat+ and must be manually enabled by calling enableMergePathsForKitKatAndAbove().
03-19 17:22:16.120 5495 5495 E RecyclerView: No adapter attached; skipping layout
03-19 17:22:16.257 5495 5678 W Parcel : Expecting binder but got null!
03-19 17:22:16.458 5495 5495 E RecyclerView: No adapter attached; skipping layout
03-19 17:22:16.509 5495 5495 W LOTTIE : Animation contains merge paths but they are disabled.
03-19 17:22:16.519 5495 5495 E ArmVmp : Match on catch block at 0x0a in for 0x1a1
03-19 17:22:16.966 5495 5678 W Parcel : Expecting binder but got null!
03-19 17:22:17.937 5495 5495 W OnBackInvokedCallback: OnBackInvokedCallback is not enabled for the application.
03-19 17:22:17.937 5495 5495 W OnBackInvokedCallback: Set 'android:enableOnBackInvokedCallback="true"' in the application manifest.
03-19 17:22:18.930 5495 5550 E SQLiteDatabase: Error inserting transferred=1 media_job_uuid=b8b52a4b-9253-4738-8909-26e870d7d4bc transcoded=0 gif_attribution=0 first_scan_length=1935 direct_path=/v/t62.7118- 24/40806659_1825882474544608_3390131754179556686_n.enc?ccb=11- 4&oh=01_AdTxBFsEiFBaAvbwOc5bWaLDz-ewOaWT2OSm85h-8DAx0g&oe=662160B0&_nc_sid=5e03e0 thumbnail_height_width_ratio=2.2857144 is_animated_sticker=0 file_hash=vSNjj/1d5EGxH1ydG7iHl1q0AUGAFDSDqQPpC4PREo0= file_path=Media/.Statuses/08c12df4617c41e9834203c49cbca604.jpg file_size=7038 partial_media_hash=Tb+9UP5+/LgmUA/lh5joqt8RvFtS/FQrAMnoiAFH0vY= face_x=0 face_y=0 height=1080 trim_to=0 media_key_timestamp=1710881912000 message_url=https://mmg.whatsapp.net/v/t62.7118- 24/40806659_1825882474544608_3390131754179556686_n.enc?ccb=11- 4&oh=01_AdTxBFsEiFBaAvbwOc5bWaLDz-ewOaWT2OSm85h- 8DAx0g&oe=662160B0&_nc_sid=5e03e0&mms3=true media_caption=null trim_from=0 mime_type=image/jpeg partial_media_enc_hash=null width=485 original_file_hash=null has_streaming_sidecar=1 autotransfer_retry_enabled=1 media_upload_handle=null message_row_id=102 multicast_id=null enc_file_hash=HQjNRv4KejJrtkYzz91VkPKQiZlgWtThc1zEFzJQ+QQ= mute_video=0 page_count=0 first_scan_sidecar=[B@d1fce40 suspicious_content=0 file_length=7038 media_name=null media_duration=0 chat_row_id=53 media_key=[B@ce28179
03-19 17:22:18.930 5495 5550 E SQLiteDatabase: android.database.sqlite.SQLiteConstraintException: UNIQUE constraint failed: message_media.message_row_id (code 1555 SQLITE_CONSTRAINT_PRIMARYKEY[1555])
03-19 17:22:18.930 5495 5550 E SQLiteDatabase: at android.database.sqlite.SQLiteConnection.nativeExecuteForLastInsertedRowId(Native Method)
03-19 17:22:18.930 5495 5550 E SQLiteDatabase: at android.database.sqlite.SQLiteConnection.executeForLastInsertedRowId(SQLiteConnecti on.java:1275)
03-19 17:22:18.930 5495 5550 E SQLiteDatabase: at android.database.sqlite.SQLiteSession.executeForLastInsertedRowId(SQLiteSession.jav a:790)
03-19 17:22:18.930 5495 5550 E SQLiteDatabase: at android.database.sqlite.SQLiteStatement.executeInsert(SQLiteStatement.java:89)
03-19 17:22:18.930 5495 5550 E SQLiteDatabase: at android.database.sqlite.SQLiteDatabase.insertWithOnConflict(SQLiteDatabase.java:241 0)
03-19 17:22:18.930 5495 5550 E SQLiteDatabase: at android.database.sqlite.SQLiteDatabase.insert(SQLiteDatabase.java:2279)
03-19 17:22:18.930 5495 5550 E SQLiteDatabase: at X.2tm.A08(Unknown Source:6)
03-19 17:22:18.930 5495 5550 E SQLiteDatabase: at X.35Y.A07(Unknown Source:212)
03-19 17:22:18.930 5495 5550 E SQLiteDatabase: at X.3QF.A14(Unknown Source:470)
03-19 17:22:18.930 5495 5550 E SQLiteDatabase: at X.3gU.run(Unknown Source:982)
03-19 17:22:18.930 5495 5550 E SQLiteDatabase: at android.os.Handler.handleCallback(Handler.java:942)
03-19 17:22:18.930 5495 5550 E SQLiteDatabase: at android.os.Handler.dispatchMessage(Handler.java:99)
03-19 17:22:18.930 5495 5550 E SQLiteDatabase: at X.0zq.dispatchMessage(Unknown Source:4)
03-19 17:22:18.930 5495 5550 E SQLiteDatabase: at android.os.Looper.loopOnce(Looper.java:226)
03-19 17:22:18.930 5495 5550 E SQLiteDatabase: at android.os.Looper.loop(Looper.java:313)
03-19 17:22:18.930 5495 5550 E SQLiteDatabase: at android.os.HandlerThread.run(HandlerThread.java:67)
03-19 17:22:19.408 5495 5550 E SQLiteDatabase: Error inserting transferred=1 media_job_uuid=083a34fc-fac4-4e36-9b21-3fe9ecb74240 transcoded=0 gif_attribution=0 first_scan_length=7008 direct_path=/o1/v/t62.7118-24/f1/m233/up-oil-image-5e0b1080- 8409-4a4e-8421-b716cb2c721a?ccb=9- 4&oh=01_AdRnub_nyAelsxQtiSFIl_CyT6UjZJWI5SN9kYAoMfMR6g&oe=65FB6A36&_nc_sid=000000 thumbnail_height_width_ratio=1.4769231 is_animated_sticker=0 file_hash=dReSFHZV+cE5/RZC4oqwBLRriDOIPY/tqMfjQGkwGZY= file_path=Media/.Statuses/a1c10c62ef6041efa65a52dac042a12d.jpg file_size=57664 partial_media_hash=null face_x=0 face_y=0 height=912 trim_to=0 media_key_timestamp=1710883279000 message_url=https://mmg.whatsapp.net/o1/v/t62.7118-24/f1/m233/up-oil-image- 5e0b1080-8409-4a4e-8421-b716cb2c721a?ccb=9- 4&oh=01_AdRnub_nyAelsxQtiSFIl_CyT6UjZJWI5SN9kYAoMfMR6g&oe=65FB6A36&_nc_sid=000000&m ms3=true media_caption=null trim_from=0 mime_type=image/jpeg partial_media_enc_hash=null width=620 original_file_hash=null has_streaming_sidecar=1 autotransfer_retry_enabled=1 media_upload_handle=null message_row_id=106 multicast_id=null enc_file_hash=T6iNnR77nqk13ob7zBAsIAuxpnm/tI4VzkzMfMogbFo= mute_video=0 page_count=0 first_scan_sidecar=[B@2a9fa54 suspicious_content=0 file_length=57664 media_name=null media_duration=0 chat_row_id=53 media_key=[B@d9d5dfd
03-19 17:22:19.408 5495 5550 E SQLiteDatabase: android.database.sqlite.SQLiteConstraintException: UNIQUE constraint failed: message_media.message_row_id (code 1555 SQLITE_CONSTRAINT_PRIMARYKEY[1555])
03-19 17:22:19.408 5495 5550 E SQLiteDatabase: at android.database.sqlite.SQLiteConnection.nativeExecuteForLastInsertedRowId(Native Method)
03-19 17:22:19.408 5495 5550 E SQLiteDatabase: at android.database.sqlite.SQLiteConnection.executeForLastInsertedRowId(SQLiteConnecti on.java:1275)
03-19 17:22:19.408 5495 5550 E SQLiteDatabase: at android.database.sqlite.SQLiteSession.executeForLastInsertedRowId(SQLiteSession.jav a:790)
03-19 17:22:19.408 5495 5550 E SQLiteDatabase: at android.database.sqlite.SQLiteStatement.executeInsert(SQLiteStatement.java:89)
03-19 17:22:19.408 5495 5550 E SQLiteDatabase: at android.database.sqlite.SQLiteDatabase.insertWithOnConflict(SQLiteDatabase.java:241 0)
03-19 17:22:19.408 5495 5550 E SQLiteDatabase: at android.database.sqlite.SQLiteDatabase.insert(SQLiteDatabase.java:2279)
03-19 17:22:19.408 5495 5550 E SQLiteDatabase: at X.2tm.A08(Unknown Source:6)
03-19 17:22:19.408 5495 5550 E SQLiteDatabase: at X.35Y.A07(Unknown Source:212)
03-19 17:22:19.408 5495 5550 E SQLiteDatabase: at X.3QF.A14(Unknown Source:470)
03-19 17:22:19.408 5495 5550 E SQLiteDatabase: at X.3gU.run(Unknown Source:982)
03-19 17:22:19.408 5495 5550 E SQLiteDatabase: at android.os.Handler.handleCallback(Handler.java:942)
03-19 17:22:19.408 5495 5550 E SQLiteDatabase: at android.os.Handler.dispatchMessage(Handler.java:99)
03-19 17:22:19.408 5495 5550 E SQLiteDatabase: at X.0zq.dispatchMessage(Unknown Source:4)
03-19 17:22:19.408 5495 5550 E SQLiteDatabase: at android.os.Looper.loopOnce(Looper.java:226)
03-19 17:22:19.408 5495 5550 E SQLiteDatabase: at android.os.Looper.loop(Looper.java:313)
03-19 17:22:19.408 5495 5550 E SQLiteDatabase: at android.os.HandlerThread.run(HandlerThread.java:67)
03-19 17:22:19.901 5495 7547 E ion : ioctl c0044901 failed with code -1: Invalid argument
03-19 17:22:20.148 5495 5550 E SQLiteDatabase: Error inserting transferred=1 media_job_uuid=df4d0e50-1af4-4e61-8775-2f857bfc0596 transcoded=0 gif_attribution=0 first_scan_length=12501 direct_path=/v/t62.7118- 24/34933902_3816386612017959_1241418074142523300_n.enc?ccb=11- 4&oh=01_AdRTXlTowb3P5JTic0oHfahyQEzqCiNVQVyFDFiw5FkSaA&oe=66217232&_nc_sid=5e03e0&_ nc_hot=1710880343 thumbnail_height_width_ratio=1.7878788 is_animated_sticker=0 file_hash=PoZFbz/dwOqNOYl3RAPl6IQkOubPD1fyCl93wBP/ykE= file_path=Media/.Statuses/66b68eeb0c8d47efb92226f04eb98438.jpg file_size=159609 partial_media_hash=LvcgMRnXTYhamh0eMZGjti85OsFkKPF7wjgDSqqzHxU= face_x=0 face_y=0 height=1600 trim_to=0 media_key_timestamp=1710880292000 message_url=https://mmg.whatsapp.net/v/t62.7118- 24/34933902_3816386612017959_1241418074142523300_n.enc?ccb=11- 4&oh=01_AdRTXlTowb3P5JTic0oHfahyQEzqCiNVQVyFDFiw5FkSaA&oe=66217232&_nc_sid=5e03e0&m ms3=true media_caption=null trim_from=0 mime_type=image/jpeg partial_media_enc_hash=null width=917 original_file_hash=null has_streaming_sidecar=1 autotransfer_retry_enabled=1 media_upload_handle=null message_row_id=110 multicast_id=null enc_file_hash=ESlagQwfpOYbFikpKkWqWPYOMQtqdMKhu5Lp7+xAC0Y= mute_video=0 page_count=0 first_scan_sidecar=[B@210204 suspicious_content=0 file_length=159609 media_name=null media_duration=0 chat_row_id=53 media_key=[B@fc343ed
03-19 17:22:20.148 5495 5550 E SQLiteDatabase: android.database.sqlite.SQLiteConstraintException: UNIQUE constraint failed: message_media.message_row_id (code 1555 SQLITE_CONSTRAINT_PRIMARYKEY[1555])
03-19 17:22:20.148 5495 5550 E SQLiteDatabase: at android.database.sqlite.SQLiteConnection.nativeExecuteForLastInsertedRowId(Native Method)
03-19 17:22:20.148 5495 5550 E SQLiteDatabase: at android.database.sqlite.SQLiteConnection.executeForLastInsertedRowId(SQLiteConnecti on.java:1275)
03-19 17:22:20.148 5495 5550 E SQLiteDatabase: at android.database.sqlite.SQLiteSession.executeForLastInsertedRowId(SQLiteSession.jav a:790)
03-19 17:22:20.148 5495 5550 E SQLiteDatabase: at android.database.sqlite.SQLiteStatement.executeInsert(SQLiteStatement.java:89)
03-19 17:22:20.148 5495 5550 E SQLiteDatabase: at android.database.sqlite.SQLiteDatabase.insertWithOnConflict(SQLiteDatabase.java:241 0)
03-19 17:22:20.148 5495 5550 E SQLiteDatabase: at android.database.sqlite.SQLiteDatabase.insert(SQLiteDatabase.java:2279)
03-19 17:22:20.148 5495 5550 E SQLiteDatabase: at X.2tm.A08(Unknown Source:6)
03-19 17:22:20.148 5495 5550 E SQLiteDatabase: at X.35Y.A07(Unknown Source:212)
03-19 17:22:20.148 5495 5550 E SQLiteDatabase: at X.3QF.A14(Unknown Source:470)
03-19 17:22:20.148 5495 5550 E SQLiteDatabase: at X.3gU.run(Unknown Source:982)
03-19 17:22:20.148 5495 5550 E SQLiteDatabase: at android.os.Handler.handleCallback(Handler.java:942)
03-19 17:22:20.148 5495 5550 E SQLiteDatabase: at android.os.Handler.dispatchMessage(Handler.java:99)
03-19 17:22:20.148 5495 5550 E SQLiteDatabase: at X.0zq.dispatchMessage(Unknown Source:4)
03-19 17:22:20.148 5495 5550 E SQLiteDatabase: at android.os.Looper.loopOnce(Looper.java:226)
03-19 17:22:20.148 5495 5550 E SQLiteDatabase: at android.os.Looper.loop(Looper.java:313)
03-19 17:22:20.148 5495 5550 E SQLiteDatabase: at android.os.HandlerThread.run(HandlerThread.java:67)
03-19 17:22:20.584 5495 5550 E SQLiteDatabase: Error inserting transferred=1 media_job_uuid=6c3038ab-95b8-461b-9893-ed7173152e9d transcoded=0 gif_attribution=0 first_scan_length=3174 direct_path=/o1/v/t62.7118-24/f1/m233/up-oil-image-eaae26cd- a266-4898-95a3-8e4c09936b10?ccb=9- 4&oh=01_AdREjw6WaB_TvD1EuFxXe2IGdEUfMQvt09IgIJbhETxfKw&oe=65FBC678&_nc_sid=000000 thumbnail_height_width_ratio=0.7888889 is_animated_sticker=0 file_hash=8IreSUrrefRj0KnjH/E+GQK+qoXU/HeCW36i5N6z6Us= file_path=Media/.Statuses/06afba1f3ce34a0f83c98fdfc4bed8b3.jpg file_size=31196 partial_media_hash=kj7FAAmJeFkUj1bG2RDSFWUaXijvl0Yxw/ktVbN9S6E= face_x=0 face_y=0 height=568 trim_to=0 media_key_timestamp=1710883096000 message_url=https://mmg.whatsapp.net/o1/v/t62.7118-24/f1/m233/up-oil-image- eaae26cd-a266-4898-95a3-8e4c09936b10?ccb=9- 4&oh=01_AdREjw6WaB_TvD1EuFxXe2IGdEUfMQvt09IgIJbhETxfKw&oe=65FBC678&_nc_sid=000000&m ms3=true media_caption=null trim_from=0 mime_type=image/jpeg partial_media_enc_hash=null width=720 original_file_hash=null has_streaming_sidecar=1 autotransfer_retry_enabled=1 media_upload_handle=null message_row_id=105 multicast_id=null enc_file_hash=tgUtGF3dPLxmtUxPmFMj6JmdYgzRao00lGgbsypEdfU= mute_video=0 page_count=0 first_scan_sidecar=[B@8189a8a suspicious_content=0 file_length=31196 media_name=null media_duration=0 chat_row_id=53 media_key=[B@24c08fb
03-19 17:22:20.584 5495 5550 E SQLiteDatabase: android.database.sqlite.SQLiteConstraintException: UNIQUE constraint failed: message_media.message_row_id (code 1555 SQLITE_CONSTRAINT_PRIMARYKEY[1555])
03-19 17:22:20.584 5495 5550 E SQLiteDatabase: at android.database.sqlite.SQLiteConnection.nativeExecuteForLastInsertedRowId(Native Method)
03-19 17:22:20.584 5495 5550 E SQLiteDatabase: at android.database.sqlite.SQLiteConnection.executeForLastInsertedRowId(SQLiteConnecti on.java:1275)
03-19 17:22:20.584 5495 5550 E SQLiteDatabase: at android.database.sqlite.SQLiteSession.executeForLastInsertedRowId(SQLiteSession.jav a:790)
03-19 17:22:20.584 5495 5550 E SQLiteDatabase: at android.database.sqlite.SQLiteStatement.executeInsert(SQLiteStatement.java:89)
03-19 17:22:20.584 5495 5550 E SQLiteDatabase: at android.database.sqlite.SQLiteDatabase.insertWithOnConflict(SQLiteDatabase.java:241 0)
03-19 17:22:20.584 5495 5550 E SQLiteDatabase: at android.database.sqlite.SQLiteDatabase.insert(SQLiteDatabase.java:2279)
03-19 17:22:20.584 5495 5550 E SQLiteDatabase: at X.2tm.A08(Unknown Source:6)
03-19 17:22:20.584 5495 5550 E SQLiteDatabase: at X.35Y.A07(Unknown Source:212)
03-19 17:22:20.584 5495 5550 E SQLiteDatabase: at X.3QF.A14(Unknown Source:470)
03-19 17:22:20.584 5495 5550 E SQLiteDatabase: at X.3gU.run(Unknown Source:982)
03-19 17:22:20.584 5495 5550 E SQLiteDatabase: at android.os.Handler.handleCallback(Handler.java:942)
03-19 17:22:20.584 5495 5550 E SQLiteDatabase: at android.os.Handler.dispatchMessage(Handler.java:99)
03-19 17:22:20.584 5495 5550 E SQLiteDatabase: at X.0zq.dispatchMessage(Unknown Source:4)
03-19 17:22:20.584 5495 5550 E SQLiteDatabase: at android.os.Looper.loopOnce(Looper.java:226)
03-19 17:22:20.584 5495 5550 E SQLiteDatabase: at android.os.Looper.loop(Looper.java:313)
03-19 17:22:20.584 5495 5550 E SQLiteDatabase: at android.os.HandlerThread.run(HandlerThread.java:67)
03-19 17:22:20.902 5495 7051 W libc : Access denied finding property "sys.perf.boostopt"
