03-19 17:23:38.428 5495 5495 E ArmVmp : Match on catch block at 0xc3 in for 0x149
03-19 17:23:38.431 5495 5495 E ArmVmp : Match on catch block at 0xc3 in for 0x145
03-19 17:23:38.432 5495 5495 E ArmVmp : Match on catch block at 0xc3 in for 0x149
03-19 17:23:38.439 5495 5495 E ArmVmp : Match on catch block at 0xc3 in for 0x159
03-19 17:23:38.441 5495 5495 E ArmVmp : Match on catch block at 0xc3 in for 0x155
03-19 17:23:38.443 5495 5495 E ArmVmp : Match on catch block at 0xc3 in for 0x159
03-19 17:23:38.450 5495 5495 E ArmVmp : Match on catch block at 0xc3 in for 0x145
03-19 17:23:38.452 5495 5495 E ArmVmp : Match on catch block at 0xc3 in for 0x141
03-19 17:23:38.453 5495 5495 E ArmVmp : Match on catch block at 0xc3 in for 0x145
03-19 17:23:38.461 5495 5495 E ArmVmp : Match on catch block at 0xc3 in for 0x149
03-19 17:23:38.462 5495 5495 E ArmVmp : Match on catch block at 0xc3 in for 0x145
03-19 17:23:38.464 5495 5495 E ArmVmp : Match on catch block at 0xc3 in for 0x149
03-19 17:23:38.472 5495 5495 E ArmVmp : Match on catch block at 0xc3 in for 0x14d
03-19 17:23:38.473 5495 5495 E ArmVmp : Match on catch block at 0xc3 in for 0x149
03-19 17:23:38.475 5495 5495 E ArmVmp : Match on catch block at 0xc3 in for 0x14d
03-19 17:23:38.483 5495 5495 E ArmVmp : Match on catch block at 0xc3 in for 0x151
03-19 17:23:38.485 5495 5495 E ArmVmp : Match on catch block at 0xc3 in for 0x14d
03-19 17:23:38.486 5495 5495 E ArmVmp : Match on catch block at 0xc3 in for 0x151
03-19 17:23:38.494 5495 5495 E ArmVmp : Match on catch block at 0xc3 in for 0x155
03-19 17:23:38.496 5495 5495 E ArmVmp : Match on catch block at 0xc3 in for 0x151
03-19 17:23:38.498 5495 5495 E ArmVmp : Match on catch block at 0xc3 in for 0x155
03-19 17:23:38.506 5495 5495 E ArmVmp : Match on catch block at 0xc3 in for 0x159
03-19 17:23:38.507 5495 5495 E ArmVmp : Match on catch block at 0xc3 in for 0x155
03-19 17:23:38.509 5495 5495 E ArmVmp : Match on catch block at 0xc3 in for 0x159
03-19 17:23:38.516 5495 5495 E ArmVmp : Match on catch block at 0xc3 in for 0x141
03-19 17:23:38.519 5495 5495 E ArmVmp : Match on catch block at 0xc3 in for 0x159
03-19 17:23:38.520 5495 5495 E ArmVmp : Match on catch block at 0xc3 in for 0x141
03-19 17:23:38.531 5495 5495 E ArmVmp : Match on catch block at 0xc3 in for 0x149
03-19 17:23:38.533 5495 5495 E ArmVmp : Match on catch block at 0xc3 in for 0x145
03-19 17:23:38.535 5495 5495 E ArmVmp : Match on catch block at 0xc3 in for 0x149
03-19 17:23:38.539 5495 5495 E ArmVmp : Match on catch block at 0xc3 in for 0x14d
03-19 17:23:38.541 5495 5495 E ArmVmp : Match on catch block at 0xc3 in for 0x149
03-19 17:23:38.543 5495 5495 E ArmVmp : Match on catch block at 0xc3 in for 0x14d
03-19 17:23:38.550 5495 5495 E ArmVmp : Match on catch block at 0xc3 in for 0x151
03-19 17:23:38.552 5495 5495 E ArmVmp : Match on catch block at 0xc3 in for 0x14d
03-19 17:23:38.553 5495 5495 E ArmVmp : Match on catch block at 0xc3 in for 0x151
03-19 17:23:38.561 5495 5495 E ArmVmp : Match on catch block at 0xc3 in for 0x155
03-19 17:23:38.563 5495 5495 E ArmVmp : Match on catch block at 0xc3 in for 0x151
03-19 17:23:38.564 5495 5495 E ArmVmp : Match on catch block at 0xc3 in for 0x155
03-19 17:23:38.572 5495 5495 E ArmVmp : Match on catch block at 0xc3 in for 0x159
03-19 17:23:38.574 5495 5495 E ArmVmp : Match on catch block at 0xc3 in for 0x155
03-19 17:23:38.575 5495 5495 E ArmVmp : Match on catch block at 0xc3 in for 0x159
03-19 17:23:38.583 5495 5495 E ArmVmp : Match on catch block at 0xc3 in for 0x141
03-19 17:23:38.585 5495 5495 E ArmVmp : Match on catch block at 0xc3 in for 0x159
03-19 17:23:38.587 5495 5495 E ArmVmp : Match on catch block at 0xc3 in for 0x141
03-19 17:23:38.594 5495 5495 E ArmVmp : Match on catch block at 0xc3 in for 0x145
03-19 17:23:38.596 5495 5495 E ArmVmp : Match on catch block at 0xc3 in for 0x141
03-19 17:23:38.598 5495 5495 E ArmVmp : Match on catch block at 0xc3 in for 0x145
03-19 17:23:38.605 5495 5495 E ArmVmp : Match on catch block at 0xc3 in for 0x149
03-19 17:23:38.608 5495 5495 E ArmVmp : Match on catch block at 0xc3 in for 0x145
03-19 17:23:38.610 5495 5495 E ArmVmp : Match on catch block at 0xc3 in for 0x149
03-19 17:23:38.618 5495 5495 E ArmVmp : Match on catch block at 0xc3 in for 0x151
03-19 17:23:38.620 5495 5495 E ArmVmp : Match on catch block at 0xc3 in for 0x14d
03-19 17:23:38.622 5495 5495 E ArmVmp : Match on catch block at 0xc3 in for 0x151
03-19 17:23:38.629 5495 5495 E ArmVmp : Match on catch block at 0xc3 in for 0x14d
03-19 17:23:38.631 5495 5495 E ArmVmp : Match on catch block at 0xc3 in for 0x149
03-19 17:23:38.632 5495 5495 E ArmVmp : Match on catch block at 0xc3 in for 0x14d
03-19 17:23:38.640 5495 5495 E ArmVmp : Match on catch block at 0xc3 in for 0x149
03-19 17:23:38.642 5495 5495 E ArmVmp : Match on catch block at 0xc3 in for 0x145
03-19 17:23:38.643 5495 5495 E ArmVmp : Match on catch block at 0xc3 in for 0x149
03-19 17:23:38.650 5495 5495 E ArmVmp : Match on catch block at 0xc3 in for 0x145
03-19 17:23:38.652 5495 5495 E ArmVmp : Match on catch block at 0xc3 in for 0x141
03-19 17:23:38.653 5495 5495 E ArmVmp : Match on catch block at 0xc3 in for 0x145
03-19 17:23:38.661 5495 5495 E ArmVmp : Match on catch block at 0xc3 in for 0x155
03-19 17:23:38.664 5495 5495 E ArmVmp : Match on catch block at 0xc3 in for 0x151
03-19 17:23:38.665 5495 5495 E ArmVmp : Match on catch block at 0xc3 in for 0x155
03-19 17:23:38.672 5495 5495 E ArmVmp : Match on catch block at 0xc3 in for 0x149
03-19 17:23:38.674 5495 5495 E ArmVmp : Match on catch block at 0xc3 in for 0x145
03-19 17:23:38.675 5495 5495 E ArmVmp : Match on catch block at 0xc3 in for 0x149
03-19 17:23:38.683 5495 5495 E ArmVmp : Match on catch block at 0xc3 in for 0x159
03-19 17:23:38.685 5495 5495 E ArmVmp : Match on catch block at 0xc3 in for 0x155
03-19 17:23:38.687 5495 5495 E ArmVmp : Match on catch block at 0xc3 in for 0x159
03-19 17:23:38.694 5495 5495 E ArmVmp : Match on catch block at 0xc3 in for 0x14d
03-19 17:23:38.698 5495 5495 E ArmVmp : Match on catch block at 0xc3 in for 0x149
03-19 17:23:38.700 5495 5495 E ArmVmp : Match on catch block at 0xc3 in for 0x14d
03-19 17:23:38.706 5495 5495 E ArmVmp : Match on catch block at 0xc3 in for 0x141
03-19 17:23:38.707 5495 5495 E ArmVmp : Match on catch block at 0xc3 in for 0x159
03-19 17:23:38.709 5495 5495 E ArmVmp : Match on catch block at 0xc3 in for 0x141
03-19 17:23:38.716 5495 5495 E ArmVmp : Match on catch block at 0xc3 in for 0x151
03-19 17:23:38.719 5495 5495 E ArmVmp : Match on catch block at 0xc3 in for 0x14d
03-19 17:23:38.721 5495 5495 E ArmVmp : Match on catch block at 0xc3 in for 0x151
03-19 17:23:38.728 5495 5495 E ArmVmp : Match on catch block at 0xc3 in for 0x145
03-19 17:23:38.730 5495 5495 E ArmVmp : Match on catch block at 0xc3 in for 0x141
03-19 17:23:38.734 5495 5495 E ArmVmp : Match on catch block at 0xc3 in for 0x145
03-19 17:23:38.739 5495 5495 E ArmVmp : Match on catch block at 0xc3 in for 0x155
03-19 17:23:38.741 5495 5495 E ArmVmp : Match on catch block at 0xc3 in for 0x151
03-19 17:23:38.743 5495 5495 E ArmVmp : Match on catch block at 0xc3 in for 0x155
03-19 17:23:38.750 5495 5495 E ArmVmp : Match on catch block at 0xc3 in for 0x151
03-19 17:23:38.751 5495 5495 E ArmVmp : Match on catch block at 0xc3 in for 0x14d
03-19 17:23:38.753 5495 5495 E ArmVmp : Match on catch block at 0xc3 in for 0x151
03-19 17:23:38.761 5495 5495 E ArmVmp : Match on catch block at 0xc3 in for 0x155
03-19 17:23:38.764 5495 5495 E ArmVmp : Match on catch block at 0xc3 in for 0x151
03-19 17:23:38.765 5495 5495 E ArmVmp : Match on catch block at 0xc3 in for 0x155
03-19 17:23:38.771 5495 5495 E ArmVmp : Match on catch block at 0xc3 in for 0x159
03-19 17:23:38.773 5495 5495 E ArmVmp : Match on catch block at 0xc3 in for 0x155
03-19 17:23:38.778 5495 5495 E ArmVmp : Match on catch block at 0xc3 in for 0x159
03-19 17:23:38.783 5495 5495 E ArmVmp : Match on catch block at 0xc3 in for 0x141
03-19 17:23:38.785 5495 5495 E ArmVmp : Match on catch block at 0xc3 in for 0x159
03-19 17:23:38.786 5495 5495 E ArmVmp : Match on catch block at 0xc3 in for 0x141
03-19 17:23:38.794 5495 5495 E ArmVmp : Match on catch block at 0xc3 in for 0x145
03-19 17:23:38.795 5495 5495 E ArmVmp : Match on catch block at 0xc3 in for 0x141
03-19 17:23:38.797 5495 5495 E ArmVmp : Match on catch block at 0xc3 in for 0x145
03-19 17:23:38.805 5495 5495 E ArmVmp : Match on catch block at 0xc3 in for 0x149
03-19 17:23:38.807 5495 5495 E ArmVmp : Match on catch block at 0xc3 in for 0x145
03-19 17:23:38.809 5495 5495 E ArmVmp : Match on catch block at 0xc3 in for 0x149
03-19 17:23:38.816 5495 5495 E ArmVmp : Match on catch block at 0xc3 in for 0x14d
03-19 17:23:38.818 5495 5495 E ArmVmp : Match on catch block at 0xc3 in for 0x149
03-19 17:23:38.819 5495 5495 E ArmVmp : Match on catch block at 0xc3 in for 0x14d
03-19 17:23:38.827 5495 5495 E ArmVmp : Match on catch block at 0xc3 in for 0x151
03-19 17:23:38.829 5495 5495 E ArmVmp : Match on catch block at 0xc3 in for 0x14d
03-19 17:23:38.833 5495 5495 E ArmVmp : Match on catch block at 0xc3 in for 0x151
03-19 17:23:38.838 5495 5495 E ArmVmp : Match on catch block at 0xc3 in for 0x155
03-19 17:23:38.840 5495 5495 E ArmVmp : Match on catch block at 0xc3 in for 0x151
03-19 17:23:38.841 5495 5495 E ArmVmp : Match on catch block at 0xc3 in for 0x155
03-19 17:23:38.849 5495 5495 E ArmVmp : Match on catch block at 0xc3 in for 0x159
03-19 17:23:38.851 5495 5495 E ArmVmp : Match on catch block at 0xc3 in for 0x155
03-19 17:23:38.853 5495 5495 E ArmVmp : Match on catch block at 0xc3 in for 0x159
03-19 17:23:38.861 5495 5495 E ArmVmp : Match on catch block at 0xc3 in for 0x141
03-19 17:23:38.862 5495 5495 E ArmVmp : Match on catch block at 0xc3 in for 0x159
03-19 17:23:38.865 5495 5495 E ArmVmp : Match on catch block at 0xc3 in for 0x141
03-19 17:23:38.872 5495 5495 E ArmVmp : Match on catch block at 0xc3 in for 0x145
03-19 17:23:38.874 5495 5495 E ArmVmp : Match on catch block at 0xc3 in for 0x141
03-19 17:23:38.876 5495 5495 E ArmVmp : Match on catch block at 0xc3 in for 0x145
03-19 17:23:38.883 5495 5495 E ArmVmp : Match on catch block at 0xc3 in for 0x149
03-19 17:23:38.885 5495 5495 E ArmVmp : Match on catch block at 0xc3 in for 0x145
03-19 17:23:38.886 5495 5495 E ArmVmp : Match on catch block at 0xc3 in for 0x149
03-19 17:23:38.894 5495 5495 E ArmVmp : Match on catch block at 0xc3 in for 0x14d
03-19 17:23:38.897 5495 5495 E ArmVmp : Match on catch block at 0xc3 in for 0x149
03-19 17:23:38.899 5495 5495 E ArmVmp : Match on catch block at 0xc3 in for 0x14d
03-19 17:23:38.905 5495 5495 E ArmVmp : Match on catch block at 0xc3 in for 0x151
03-19 17:23:38.908 5495 5495 E ArmVmp : Match on catch block at 0xc3 in for 0x14d
03-19 17:23:38.909 5495 5495 E ArmVmp : Match on catch block at 0xc3 in for 0x151
03-19 17:23:38.918 5495 5495 E ArmVmp : Match on catch block at 0xc3 in for 0x159
03-19 17:23:38.920 5495 5495 E ArmVmp : Match on catch block at 0xc3 in for 0x155
03-19 17:23:38.921 5495 5495 E ArmVmp : Match on catch block at 0xc3 in for 0x159
03-19 17:23:38.928 5495 5495 E ArmVmp : Match on catch block at 0xc3 in for 0x155
03-19 17:23:38.930 5495 5495 E ArmVmp : Match on catch block at 0xc3 in for 0x151
03-19 17:23:38.932 5495 5495 E ArmVmp : Match on catch block at 0xc3 in for 0x155
03-19 17:23:38.940 5495 5495 E ArmVmp : Match on catch block at 0xc3 in for 0x14d
03-19 17:23:38.942 5495 5495 E ArmVmp : Match on catch block at 0xc3 in for 0x149
03-19 17:23:38.943 5495 5495 E ArmVmp : Match on catch block at 0xc3 in for 0x14d
03-19 17:23:38.950 5495 5495 E ArmVmp : Match on catch block at 0xc3 in for 0x149
03-19 17:23:38.951 5495 5495 E ArmVmp : Match on catch block at 0xc3 in for 0x145
03-19 17:23:38.953 5495 5495 E ArmVmp : Match on catch block at 0xc3 in for 0x149
03-19 17:23:38.961 5495 5495 E ArmVmp : Match on catch block at 0xc3 in for 0x155
03-19 17:23:38.964 5495 5495 E ArmVmp : Match on catch block at 0xc3 in for 0x151
03-19 17:23:38.966 5495 5495 E ArmVmp : Match on catch block at 0xc3 in for 0x155
03-19 17:23:38.975 5495 5495 E ArmVmp : Match on catch block at 0xc3 in for 0x151
03-19 17:23:38.978 5495 5495 E ArmVmp : Match on catch block at 0xc3 in for 0x14d
03-19 17:23:38.980 5495 5495 E ArmVmp : Match on catch block at 0xc3 in for 0x151
03-19 17:23:38.989 5495 5495 E ArmVmp : Match on catch block at 0xc3 in for 0x141
03-19 17:23:38.991 5495 5495 E ArmVmp : Match on catch block at 0xc3 in for 0x159
03-19 17:23:38.993 5495 5495 E ArmVmp : Match on catch block at 0xc3 in for 0x141
03-19 17:23:39.001 5495 5495 E ArmVmp : Match on catch block at 0xc3 in for 0x149
03-19 17:23:39.005 5495 5495 E ArmVmp : Match on catch block at 0xc3 in for 0x145
03-19 17:23:39.008 5495 5495 E ArmVmp : Match on catch block at 0xc3 in for 0x149
03-19 17:23:39.014 5495 5495 E ArmVmp : Match on catch block at 0xc3 in for 0x151
03-19 17:23:39.016 5495 5495 E ArmVmp : Match on catch block at 0xc3 in for 0x14d
03-19 17:23:39.018 5495 5495 E ArmVmp : Match on catch block at 0xc3 in for 0x151
03-19 17:23:39.026 5495 5495 E ArmVmp : Match on catch block at 0xc3 in for 0x159
03-19 17:23:39.031 5495 5495 E ArmVmp : Match on catch block at 0xc3 in for 0x155
03-19 17:23:39.032 5495 5495 E ArmVmp : Match on catch block at 0xc3 in for 0x159
03-19 17:23:39.036 5495 5495 E ArmVmp : Match on catch block at 0xc3 in for 0x145
03-19 17:23:39.039 5495 5495 E ArmVmp : Match on catch block at 0xc3 in for 0x141
03-19 17:23:39.041 5495 5495 E ArmVmp : Match on catch block at 0xc3 in for 0x145
03-19 17:23:39.045 5495 5495 E ArmVmp : Match on catch block at 0xc3 in for 0x14d
03-19 17:23:39.049 5495 5495 E ArmVmp : Match on catch block at 0xc3 in for 0x149
03-19 17:23:39.051 5495 5495 E ArmVmp : Match on catch block at 0xc3 in for 0x14d
03-19 17:23:39.056 5495 5495 E ArmVmp : Match on catch block at 0xc3 in for 0x155
03-19 17:23:39.059 5495 5495 E ArmVmp : Match on catch block at 0xc3 in for 0x151
03-19 17:23:39.061 5495 5495 E ArmVmp : Match on catch block at 0xc3 in for 0x155
03-19 17:23:39.068 5495 5495 E ArmVmp : Match on catch block at 0xc3 in for 0x159
03-19 17:23:39.071 5495 5495 E ArmVmp : Match on catch block at 0xc3 in for 0x155
03-19 17:23:39.072 5495 5495 E ArmVmp : Match on catch block at 0xc3 in for 0x159
03-19 17:23:39.077 5495 5495 E ArmVmp : Match on catch block at 0xc3 in for 0x14d
03-19 17:23:39.081 5495 5495 E ArmVmp : Match on catch block at 0xc3 in for 0x149
03-19 17:23:39.087 5495 5495 E ArmVmp : Match on catch block at 0xc3 in for 0x159
03-19 17:23:39.090 5495 5495 E ArmVmp : Match on catch block at 0xc3 in for 0x155
03-19 17:23:39.097 5495 5495 E ArmVmp : Match on catch block at 0xc3 in for 0x141
03-19 17:23:39.101 5495 5495 E ArmVmp : Match on catch block at 0xc3 in for 0x159
03-19 17:23:39.107 5495 5495 E ArmVmp : Match on catch block at 0xc3 in for 0x14d
03-19 17:23:39.110 5495 5495 E ArmVmp : Match on catch block at 0xc3 in for 0x149
03-19 17:23:39.116 5495 5495 E ArmVmp : Match on catch block at 0xc3 in for 0x159
03-19 17:23:39.119 5495 5495 E ArmVmp : Match on catch block at 0xc3 in for 0x155
03-19 17:23:39.127 5495 5495 E ArmVmp : Match on catch block at 0xc3 in for 0x149
03-19 17:23:39.130 5495 5495 E ArmVmp : Match on catch block at 0xc3 in for 0x145
03-19 17:23:39.138 5495 5495 E ArmVmp : Match on catch block at 0xc3 in for 0x14d
03-19 17:23:39.141 5495 5495 E ArmVmp : Match on catch block at 0xc3 in for 0x149
03-19 17:23:39.149 5495 5495 E ArmVmp : Match on catch block at 0xc3 in for 0x151
03-19 17:23:39.152 5495 5495 E ArmVmp : Match on catch block at 0xc3 in for 0x14d
03-19 17:23:39.160 5495 5495 E ArmVmp : Match on catch block at 0xc3 in for 0x155
03-19 17:23:39.163 5495 5495 E ArmVmp : Match on catch block at 0xc3 in for 0x151
03-19 17:23:39.171 5495 5495 E ArmVmp : Match on catch block at 0xc3 in for 0x159
03-19 17:23:39.174 5495 5495 E ArmVmp : Match on catch block at 0xc3 in for 0x155
03-19 17:23:39.183 5495 5495 E ArmVmp : Match on catch block at 0xc3 in for 0x141
03-19 17:23:39.185 5495 5495 E ArmVmp : Match on catch block at 0xc3 in for 0x159
03-19 17:23:39.193 5495 5495 E ArmVmp : Match on catch block at 0xc3 in for 0x145
03-19 17:23:39.197 5495 5495 E ArmVmp : Match on catch block at 0xc3 in for 0x141
03-19 17:23:39.205 5495 5495 E ArmVmp : Match on catch block at 0xc3 in for 0x149
03-19 17:23:39.207 5495 5495 E ArmVmp : Match on catch block at 0xc3 in for 0x145
03-19 17:23:39.216 5495 5495 E ArmVmp : Match on catch block at 0xc3 in for 0x14d
03-19 17:23:39.219 5495 5495 E ArmVmp : Match on catch block at 0xc3 in for 0x149
03-19 17:23:39.227 5495 5495 E ArmVmp : Match on catch block at 0xc3 in for 0x151
03-19 17:23:39.230 5495 5495 E ArmVmp : Match on catch block at 0xc3 in for 0x14d
03-19 17:23:39.238 5495 5495 E ArmVmp : Match on catch block at 0xc3 in for 0x155
03-19 17:23:39.241 5495 5495 E ArmVmp : Match on catch block at 0xc3 in for 0x151
03-19 17:23:39.249 5495 5495 E ArmVmp : Match on catch block at 0xc3 in for 0x159
03-19 17:23:39.252 5495 5495 E ArmVmp : Match on catch block at 0xc3 in for 0x155
03-19 17:23:39.260 5495 5495 E ArmVmp : Match on catch block at 0xc3 in for 0x141
03-19 17:23:39.263 5495 5495 E ArmVmp : Match on catch block at 0xc3 in for 0x159
03-19 17:23:39.271 5495 5495 E ArmVmp : Match on catch block at 0xc3 in for 0x145
03-19 17:23:39.273 5495 5495 E ArmVmp : Match on catch block at 0xc3 in for 0x141
03-19 17:23:39.282 5495 5495 E ArmVmp : Match on catch block at 0xc3 in for 0x149
03-19 17:23:39.285 5495 5495 E ArmVmp : Match on catch block at 0xc3 in for 0x145
03-19 17:23:39.293 5495 5495 E ArmVmp : Match on catch block at 0xc3 in for 0x14d
03-19 17:23:39.296 5495 5495 E ArmVmp : Match on catch block at 0xc3 in for 0x149
03-19 17:23:39.304 5495 5495 E ArmVmp : Match on catch block at 0xc3 in for 0x151
03-19 17:23:39.307 5495 5495 E ArmVmp : Match on catch block at 0xc3 in for 0x14d
03-19 17:23:39.315 5495 5495 E ArmVmp : Match on catch block at 0xc3 in for 0x155
03-19 17:23:39.318 5495 5495 E ArmVmp : Match on catch block at 0xc3 in for 0x151
03-19 17:23:39.327 5495 5495 E ArmVmp : Match on catch block at 0xc3 in for 0x159
03-19 17:23:39.330 5495 5495 E ArmVmp : Match on catch block at 0xc3 in for 0x155
03-19 17:23:39.338 5495 5495 E ArmVmp : Match on catch block at 0xc3 in for 0x141
03-19 17:23:39.340 5495 5495 E ArmVmp : Match on catch block at 0xc3 in for 0x159
03-19 17:23:39.349 5495 5495 E ArmVmp : Match on catch block at 0xc3 in for 0x145
03-19 17:23:39.351 5495 5495 E ArmVmp : Match on catch block at 0xc3 in for 0x141
03-19 17:23:39.360 5495 5495 E ArmVmp : Match on catch block at 0xc3 in for 0x149
03-19 17:23:39.362 5495 5495 E ArmVmp : Match on catch block at 0xc3 in for 0x145
03-19 17:23:39.371 5495 5495 E ArmVmp : Match on catch block at 0xc3 in for 0x14d
03-19 17:23:39.374 5495 5495 E ArmVmp : Match on catch block at 0xc3 in for 0x149
03-19 17:23:39.382 5495 5495 E ArmVmp : Match on catch block at 0xc3 in for 0x151
03-19 17:23:39.385 5495 5495 E ArmVmp : Match on catch block at 0xc3 in for 0x14d
03-19 17:23:39.393 5495 5495 E ArmVmp : Match on catch block at 0xc3 in for 0x155
03-19 17:23:39.396 5495 5495 E ArmVmp : Match on catch block at 0xc3 in for 0x151
03-19 17:23:39.404 5495 5495 E ArmVmp : Match on catch block at 0xc3 in for 0x159
03-19 17:23:39.407 5495 5495 E ArmVmp : Match on catch block at 0xc3 in for 0x155
03-19 17:23:39.416 5495 5495 E ArmVmp : Match on catch block at 0xc3 in for 0x141
03-19 17:23:39.418 5495 5495 E ArmVmp : Match on catch block at 0xc3 in for 0x159
03-19 17:23:39.427 5495 5495 E ArmVmp : Match on catch block at 0xc3 in for 0x145
03-19 17:23:39.429 5495 5495 E ArmVmp : Match on catch block at 0xc3 in for 0x141
03-19 17:23:39.438 5495 5495 E ArmVmp : Match on catch block at 0xc3 in for 0x149
03-19 17:23:39.445 5495 5495 E ArmVmp : Match on catch block at 0xc3 in for 0x145
03-19 17:23:39.451 5495 5495 E ArmVmp : Match on catch block at 0xc3 in for 0x14d
03-19 17:23:39.455 5495 5495 E ArmVmp : Match on catch block at 0xc3 in for 0x149
03-19 17:23:39.460 5495 5495 E ArmVmp : Match on catch block at 0xc3 in for 0x151
03-19 17:23:39.463 5495 5495 E ArmVmp : Match on catch block at 0xc3 in for 0x14d
03-19 17:23:39.471 5495 5495 E ArmVmp : Match on catch block at 0xc3 in for 0x155
03-19 17:23:39.473 5495 5495 E ArmVmp : Match on catch block at 0xc3 in for 0x151
03-19 17:23:39.482 5495 5495 E ArmVmp : Match on catch block at 0xc3 in for 0x159
03-19 17:23:39.484 5495 5495 E ArmVmp : Match on catch block at 0xc3 in for 0x155
03-19 17:23:39.493 5495 5495 E ArmVmp : Match on catch block at 0xc3 in for 0x141
03-19 17:23:39.498 5495 5495 E ArmVmp : Match on catch block at 0xc3 in for 0x159
03-19 17:23:39.506 5495 5495 E ArmVmp : Match on catch block at 0xc3 in for 0x141
03-19 17:23:39.509 5495 5495 E ArmVmp : Match on catch block at 0xc3 in for 0x159
03-19 17:23:39.515 5495 5495 E ArmVmp : Match on catch block at 0xc3 in for 0x145
03-19 17:23:39.518 5495 5495 E ArmVmp : Match on catch block at 0xc3 in for 0x141
03-19 17:23:39.527 5495 5495 E ArmVmp : Match on catch block at 0xc3 in for 0x149
03-19 17:23:39.529 5495 5495 E ArmVmp : Match on catch block at 0xc3 in for 0x145
03-19 17:23:39.538 5495 5495 E ArmVmp : Match on catch block at 0xc3 in for 0x14d
03-19 17:23:39.542 5495 5495 E ArmVmp : Match on catch block at 0xc3 in for 0x149
03-19 17:23:39.548 5495 5495 E ArmVmp : Match on catch block at 0xc3 in for 0x151
03-19 17:23:39.553 5495 5495 E ArmVmp : Match on catch block at 0xc3 in for 0x14d
03-19 17:23:39.571 5495 5495 E ArmVmp : Match on catch block at 0xc3 in for 0x151
03-19 17:23:39.575 5495 5495 E ArmVmp : Match on catch block at 0xc3 in for 0x14d
03-19 17:23:39.598 5495 5495 E ArmVmp : Match on catch block at 0xc3 in for 0x155
03-19 17:23:39.601 5495 5495 E ArmVmp : Match on catch block at 0xc3 in for 0x151
03-19 17:23:39.659 5495 5495 E ArmVmp : Match on catch block at 0xc3 in for 0x145
03-19 17:23:39.661 5495 5495 E ArmVmp : Match on catch block at 0xc3 in for 0x141
03-19 17:23:39.783 5495 5495 E ArmVmp : Match on catch block at 0xc3 in for 0x141
03-19 17:23:39.787 5495 5495 E ArmVmp : Match on catch block at 0xc3 in for 0x159
03-19 17:23:39.828 5495 5495 E ArmVmp : Match on catch block at 0xc3 in for 0x141
03-19 17:23:39.830 5495 5495 E ArmVmp : Match on catch block at 0xc3 in for 0x159
03-19 17:23:39.843 5495 5495 E ArmVmp : Match on catch block at 0xc3 in for 0x141
03-19 17:23:39.846 5495 5495 E ArmVmp : Match on catch block at 0xc3 in for 0x159
03-19 17:23:39.879 5495 5495 E ArmVmp : Match on catch block at 0xc3 in for 0x155
03-19 17:23:39.881 5495 5495 E ArmVmp : Match on catch block at 0xc3 in for 0x151
03-19 17:23:39.913 5495 5495 E ArmVmp : Match on catch block at 0xc3 in for 0x149
03-19 17:23:39.916 5495 5495 E ArmVmp : Match on catch block at 0xc3 in for 0x145
03-19 17:23:39.928 5495 5495 E ArmVmp : Match on catch block at 0xc3 in for 0x14d
03-19 17:23:39.932 5495 5495 E ArmVmp : Match on catch block at 0xc3 in for 0x149
03-19 17:23:39.937 5495 5495 E ArmVmp : Match on catch block at 0xc3 in for 0x151
03-19 17:23:39.942 5495 5495 E ArmVmp : Match on catch block at 0xc3 in for 0x14d
03-19 17:23:39.953 5495 5495 E ArmVmp : Match on catch block at 0xc3 in for 0x155
03-19 17:23:39.957 5495 5495 E ArmVmp : Match on catch block at 0xc3 in for 0x151
03-19 17:23:39.970 5495 5495 E ArmVmp : Match on catch block at 0xc3 in for 0x159
03-19 17:23:39.974 5495 5495 E ArmVmp : Match on catch block at 0xc3 in for 0x155
03-19 17:23:39.992 5495 5495 E ArmVmp : Match on catch block at 0xc3 in for 0x141
03-19 17:23:39.998 5495 5495 E ArmVmp : Match on catch block at 0xc3 in for 0x159
03-19 17:23:40.003 5495 5495 E ArmVmp : Match on catch block at 0xc3 in for 0x145
03-19 17:23:40.007 5495 5495 E ArmVmp : Match on catch block at 0xc3 in for 0x141
03-19 17:23:40.020 5495 5495 E ArmVmp : Match on catch block at 0xc3 in for 0x149
03-19 17:23:40.023 5495 5495 E ArmVmp : Match on catch block at 0xc3 in for 0x145
03-19 17:23:40.034 5495 5495 E ArmVmp : Match on catch block at 0xc3 in for 0x14d
03-19 17:23:40.040 5495 5495 E ArmVmp : Match on catch block at 0xc3 in for 0x149
03-19 17:23:40.057 5495 5495 E ArmVmp : Match on catch block at 0xc3 in for 0x151
03-19 17:23:40.064 5495 5495 E ArmVmp : Match on catch block at 0xc3 in for 0x14d
03-19 17:23:40.068 5495 5495 E ArmVmp : Match on catch block at 0xc3 in for 0x155
03-19 17:23:40.072 5495 5495 E ArmVmp : Match on catch block at 0xc3 in for 0x151
03-19 17:23:40.083 5495 5495 E ArmVmp : Match on catch block at 0xc3 in for 0x159
03-19 17:23:40.086 5495 5495 E ArmVmp : Match on catch block at 0xc3 in for 0x155
03-19 17:23:40.105 5495 5495 E ArmVmp : Match on catch block at 0xc3 in for 0x151
03-19 17:23:40.109 5495 5495 E ArmVmp : Match on catch block at 0xc3 in for 0x14d
03-19 17:23:40.119 5495 5495 E ArmVmp : Match on catch block at 0xc3 in for 0x155
03-19 17:23:40.122 5495 5495 E ArmVmp : Match on catch block at 0xc3 in for 0x151
03-19 17:23:40.127 5495 5495 E ArmVmp : Match on catch block at 0xc3 in for 0x159
03-19 17:23:40.130 5495 5495 E ArmVmp : Match on catch block at 0xc3 in for 0x155
03-19 17:23:52.351 5495 5495 E ArmVmp : Match on catch block at 0x0a in for 0x245
03-19 17:23:52.394 5495 5678 W Parcel : Expecting binder but got null!
03-19 17:23:53.405 5495 5495 W InputEventReceiver: Attempted to finish an input event but the input event receiver has already been disposed.
03-19 17:23:57.749 5495 5678 W Parcel : Expecting binder but got null!
03-19 17:23:57.797 5495 5495 W BottomSheetBehavior: BottomSheetBehavior now supports multiple callbacks. `setBottomSheetCallback()` removes all existing callbacks, including ones set internally by library authors, which may result in unintended behavior. This may change in the future. Please use `addBottomSheetCallback()` and `removeBottomSheetCallback()` instead to set your own callbacks.
03-19 17:23:57.797 5495 5495 W BottomSheetBehavior: BottomSheetBehavior now supports multiple callbacks. `setBottomSheetCallback()` removes all existing callbacks, including ones set internally by library authors, which may result in unintended behavior. This may change in the future. Please use `addBottomSheetCallback()` and `removeBottomSheetCallback()` instead to set your own callbacks.
03-19 17:23:57.837 5495 5495 W BottomSheetBehavior: BottomSheetBehavior now supports multiple callbacks. `setBottomSheetCallback()` removes all existing callbacks, including ones set internally by library authors, which may result in unintended behavior. This may change in the future. Please use `addBottomSheetCallback()` and `removeBottomSheetCallback()` instead to set your own callbacks.
03-19 17:23:57.837 5495 5495 W BottomSheetBehavior: BottomSheetBehavior now supports multiple callbacks. `setBottomSheetCallback()` removes all existing callbacks, including ones set internally by library authors, which may result in unintended behavior. This may change in the future. Please use `addBottomSheetCallback()` and `removeBottomSheetCallback()` instead to set your own callbacks.
03-19 17:23:57.853 5495 5495 E RecyclerView: No adapter attached; skipping layout
03-19 17:23:57.855 5495 5495 E RecyclerView: No adapter attached; skipping layout
03-19 17:24:07.993 5495 5678 W Parcel : Expecting binder but got null!
03-19 17:24:10.837 5495 5495 W InputEventReceiver: Attempted to finish an input event but the input event receiver has already been disposed.
03-19 17:24:13.044 5495 5495 W OnBackInvokedCallback: OnBackInvokedCallback is not enabled for the application.
03-19 17:24:13.044 5495 5495 W OnBackInvokedCallback: Set 'android:enableOnBackInvokedCallback="true"' in the application manifest.
03-19 17:24:23.277 5495 5495 E ArmVmp : Match on catch block at 0x0a in for 0x195
03-19 17:24:23.297 5495 5495 E ArmVmp : Match on catch block at 0x0a in for 0x261
03-19 17:24:23.325 5495 5495 W Activity: Can request only one set of permissions at a time
03-19 17:24:23.706 5495 5495 E RecyclerView: No adapter attached; skipping layout
03-19 17:24:23.833 5495 5495 E ArmVmp : Match on catch block at 0x0a in for 0x1b1
03-19 17:24:26.424 5495 5678 W Parcel : Expecting binder but got null!
03-19 17:24:27.708 5495 5678 W Parcel : Expecting binder but got null!
03-19 17:24:31.076 5495 5678 W Parcel : Expecting binder but got null!
03-19 17:24:33.315 5495 5495 W Settings: Setting show_button_background has moved from android.provider.Settings.System to android.provider.Settings.Global, returning read-only value.
03-19 17:24:33.360 5495 5678 W Parcel : Expecting binder but got null!
03-19 17:24:41.828 5495 5678 W Parcel : Expecting binder but got null!
03-19 17:24:49.255 5495 5495 W OnBackInvokedCallback: OnBackInvokedCallback is not enabled for the application.
03-19 17:24:49.255 5495 5495 W OnBackInvokedCallback: Set 'android:enableOnBackInvokedCallback="true"' in the application manifest.
03-19 17:24:51.515 5495 5495 W OnBackInvokedCallback: OnBackInvokedCallback is not enabled for the application.
03-19 17:24:51.515 5495 5495 W OnBackInvokedCallback: Set 'android:enableOnBackInvokedCallback="true"' in the application manifest.
03-19 17:24:51.542 5495 5495 W RemoteInputConnectionImpl: requestCursorAnchorInfo on inactive InputConnection
03-19 17:24:55.333 5495 5505 W System : A resource failed to call end.
03-19 17:24:55.333 5495 5505 W System : A resource failed to call end.
03-19 17:24:55.333 5495 5505 W System : A resource failed to call end.
03-19 17:24:55.333 5495 5505 W System : A resource failed to call end.
03-19 17:24:55.333 5495 5505 W System : A resource failed to call end.
03-19 17:25:00.088 5495 5678 W Parcel : Expecting binder but got null!
03-19 17:25:01.277 5495 5678 W Parcel : Expecting binder but got null!
03-19 17:25:04.464 5495 5678 W Parcel : Expecting binder but got null!
03-19 17:25:11.512 5495 5678 W Parcel : Expecting binder but got null!
03-19 17:25:16.736 5495 5678 W Parcel : Expecting binder but got null!
03-19 17:25:20.470 5495 5678 W Parcel : Expecting binder but got null!
03-19 17:25:21.883 5495 5678 W Parcel : Expecting binder but got null!
03-19 17:25:22.728 5495 5495 W InputEventReceiver: Attempted to finish an input event but the input event receiver has already been disposed.
03-19 17:25:23.709 5495 5495 E ArmVmp : Match on catch block at 0x0a in for 0x199
03-19 17:25:23.713 5495 5495 E ArmVmp : Match on catch block at 0x0a in for 0x191
03-19 17:25:23.809 5495 5495 E ArmVmp : Match on catch block at 0xc3 in for 0x171
03-19 17:25:23.811 5495 5495 E ArmVmp : Match on catch block at 0xc3 in for 0x169
03-19 17:25:23.831 5495 5678 W Parcel : Expecting binder but got null!
03-19 17:25:23.857 5495 5495 E ArmVmp : Match on catch block at 0xc3 in for 0x151
03-19 17:25:23.858 5495 5495 E ArmVmp : Match on catch block at 0xc3 in for 0x14d
03-19 17:25:23.906 5495 5495 E ArmVmp : Match on catch block at 0xc3 in for 0x151
03-19 17:25:23.908 5495 5495 E ArmVmp : Match on catch block at 0xc3 in for 0x14d
03-19 17:25:23.925 5495 5495 E ArmVmp : Match on catch block at 0xc3 in for 0x14d
03-19 17:25:23.927 5495 5495 E ArmVmp : Match on catch block at 0xc3 in for 0x149
03-19 17:25:23.934 5495 5495 E ArmVmp : Match on catch block at 0xc3 in for 0x151
03-19 17:25:23.936 5495 5495 E ArmVmp : Match on catch block at 0xc3 in for 0x14d
03-19 17:25:23.945 5495 5495 E ArmVmp : Match on catch block at 0xc3 in for 0x155
03-19 17:25:23.946 5495 5495 E ArmVmp : Match on catch block at 0xc3 in for 0x151
03-19 17:25:23.957 5495 5495 E ArmVmp : Match on catch block at 0xc3 in for 0x159
03-19 17:25:23.958 5495 5495 E ArmVmp : Match on catch block at 0xc3 in for 0x155
03-19 17:25:23.967 5495 5495 E ArmVmp : Match on catch block at 0xc3 in for 0x14d
03-19 17:25:23.969 5495 5495 E ArmVmp : Match on catch block at 0xc3 in for 0x149
03-19 17:25:23.978 5495 5495 E ArmVmp : Match on catch block at 0xc3 in for 0x151
03-19 17:25:23.980 5495 5495 E ArmVmp : Match on catch block at 0xc3 in for 0x14d
03-19 17:25:23.989 5495 5495 E ArmVmp : Match on catch block at 0xc3 in for 0x155
03-19 17:25:23.991 5495 5495 E ArmVmp : Match on catch block at 0xc3 in for 0x151
03-19 17:25:24.000 5495 5495 E ArmVmp : Match on catch block at 0xc3 in for 0x159
03-19 17:25:24.002 5495 5495 E ArmVmp : Match on catch block at 0xc3 in for 0x155
03-19 17:25:24.011 5495 5495 E ArmVmp : Match on catch block at 0xc3 in for 0x141
03-19 17:25:24.013 5495 5495 E ArmVmp : Match on catch block at 0xc3 in for 0x159
03-19 17:25:24.023 5495 5495 E ArmVmp : Match on catch block at 0xc3 in for 0x145
03-19 17:25:24.024 5495 5495 E ArmVmp : Match on catch block at 0xc3 in for 0x141
03-19 17:25:24.038 5495 5495 E ArmVmp : Match on catch block at 0xc3 in for 0x141
03-19 17:25:24.039 5495 5495 E ArmVmp : Match on catch block at 0xc3 in for 0x159
03-19 17:25:24.047 5495 5495 E ArmVmp : Match on catch block at 0xc3 in for 0x149
03-19 17:25:24.048 5495 5495 E ArmVmp : Match on catch block at 0xc3 in for 0x145
03-19 17:25:24.056 5495 5495 E ArmVmp : Match on catch block at 0xc3 in for 0x14d
03-19 17:25:24.059 5495 5495 E ArmVmp : Match on catch block at 0xc3 in for 0x149
03-19 17:25:24.067 5495 5495 E ArmVmp : Match on catch block at 0xc3 in for 0x151
03-19 17:25:24.070 5495 5495 E ArmVmp : Match on catch block at 0xc3 in for 0x14d
03-19 17:25:24.078 5495 5495 E ArmVmp : Match on catch block at 0xc3 in for 0x155
03-19 17:25:24.080 5495 5495 E ArmVmp : Match on catch block at 0xc3 in for 0x151
03-19 17:25:24.089 5495 5495 E ArmVmp : Match on catch block at 0xc3 in for 0x159
03-19 17:25:24.091 5495 5495 E ArmVmp : Match on catch block at 0xc3 in for 0x155
03-19 17:25:24.101 5495 5495 E ArmVmp : Match on catch block at 0xc3 in for 0x141
03-19 17:25:24.103 5495 5495 E ArmVmp : Match on catch block at 0xc3 in for 0x159
03-19 17:25:24.112 5495 5495 E ArmVmp : Match on catch block at 0xc3 in for 0x145
03-19 17:25:24.114 5495 5495 E ArmVmp : Match on catch block at 0xc3 in for 0x141
03-19 17:25:24.123 5495 5495 E ArmVmp : Match on catch block at 0xc3 in for 0x149
03-19 17:25:24.125 5495 5495 E ArmVmp : Match on catch block at 0xc3 in for 0x145
03-19 17:25:24.134 5495 5495 E ArmVmp : Match on catch block at 0xc3 in for 0x14d
03-19 17:25:24.136 5495 5495 E ArmVmp : Match on catch block at 0xc3 in for 0x149
03-19 17:25:24.147 5495 5495 E ArmVmp : Match on catch block at 0xc3 in for 0x151
03-19 17:25:24.151 5495 5495 E ArmVmp : Match on catch block at 0xc3 in for 0x14d
03-19 17:25:24.158 5495 5495 E ArmVmp : Match on catch block at 0xc3 in for 0x155
03-19 17:25:24.163 5495 5495 E ArmVmp : Match on catch block at 0xc3 in for 0x151
03-19 17:25:24.169 5495 5495 E ArmVmp : Match on catch block at 0xc3 in for 0x159
03-19 17:25:24.173 5495 5495 E ArmVmp : Match on catch block at 0xc3 in for 0x155
03-19 17:25:24.181 5495 5495 E ArmVmp : Match on catch block at 0xc3 in for 0x141
03-19 17:25:24.183 5495 5495 E ArmVmp : Match on catch block at 0xc3 in for 0x159
03-19 17:25:24.191 5495 5495 E ArmVmp : Match on catch block at 0xc3 in for 0x145
03-19 17:25:24.195 5495 5495 E ArmVmp : Match on catch block at 0xc3 in for 0x141
03-19 17:25:24.202 5495 5495 E ArmVmp : Match on catch block at 0xc3 in for 0x149
03-19 17:25:24.205 5495 5495 E ArmVmp : Match on catch block at 0xc3 in for 0x145
03-19 17:25:24.213 5495 5495 E ArmVmp : Match on catch block at 0xc3 in for 0x14d
03-19 17:25:24.218 5495 5495 E ArmVmp : Match on catch block at 0xc3 in for 0x149
03-19 17:25:24.225 5495 5495 E ArmVmp : Match on catch block at 0xc3 in for 0x151
03-19 17:25:24.229 5495 5495 E ArmVmp : Match on catch block at 0xc3 in for 0x14d
03-19 17:25:24.235 5495 5495 E ArmVmp : Match on catch block at 0xc3 in for 0x155
03-19 17:25:24.239 5495 5495 E ArmVmp : Match on catch block at 0xc3 in for 0x151
03-19 17:25:24.246 5495 5495 E ArmVmp : Match on catch block at 0xc3 in for 0x159
03-19 17:25:24.250 5495 5495 E ArmVmp : Match on catch block at 0xc3 in for 0x155
03-19 17:25:24.258 5495 5495 E ArmVmp : Match on catch block at 0xc3 in for 0x141
03-19 17:25:24.262 5495 5495 E ArmVmp : Match on catch block at 0xc3 in for 0x159
03-19 17:25:24.270 5495 5495 E ArmVmp : Match on catch block at 0xc3 in for 0x145
03-19 17:25:24.274 5495 5495 E ArmVmp : Match on catch block at 0xc3 in for 0x141
03-19 17:25:24.282 5495 5495 E ArmVmp : Match on catch block at 0xc3 in for 0x149
03-19 17:25:24.286 5495 5495 E ArmVmp : Match on catch block at 0xc3 in for 0x145
03-19 17:25:24.292 5495 5495 E ArmVmp : Match on catch block at 0xc3 in for 0x14d
03-19 17:25:24.296 5495 5495 E ArmVmp : Match on catch block at 0xc3 in for 0x149
03-19 17:25:24.302 5495 5495 E ArmVmp : Match on catch block at 0xc3 in for 0x151
03-19 17:25:24.306 5495 5495 E ArmVmp : Match on catch block at 0xc3 in for 0x14d
03-19 17:25:24.313 5495 5495 E ArmVmp : Match on catch block at 0xc3 in for 0x155
03-19 17:25:24.317 5495 5495 E ArmVmp : Match on catch block at 0xc3 in for 0x151
03-19 17:25:24.324 5495 5495 E ArmVmp : Match on catch block at 0xc3 in for 0x159
03-19 17:25:24.328 5495 5495 E ArmVmp : Match on catch block at 0xc3 in for 0x155
03-19 17:25:24.335 5495 5495 E ArmVmp : Match on catch block at 0xc3 in for 0x141
03-19 17:25:24.340 5495 5495 E ArmVmp : Match on catch block at 0xc3 in for 0x159
03-19 17:25:24.350 5495 5495 E ArmVmp : Match on catch block at 0xc3 in for 0x14d
03-19 17:25:24.353 5495 5495 E ArmVmp : Match on catch block at 0xc3 in for 0x149
03-19 17:25:24.360 5495 5495 E ArmVmp : Match on catch block at 0xc3 in for 0x151
03-19 17:25:24.362 5495 5495 E ArmVmp : Match on catch block at 0xc3 in for 0x14d
03-19 17:25:24.372 5495 5495 E ArmVmp : Match on catch block at 0xc3 in for 0x155
03-19 17:25:24.377 5495 5495 E ArmVmp : Match on catch block at 0xc3 in for 0x151
03-19 17:25:24.386 5495 5495 E ArmVmp : Match on catch block at 0xc3 in for 0x159
03-19 17:25:24.390 5495 5495 E ArmVmp : Match on catch block at 0xc3 in for 0x155
03-19 17:25:24.397 5495 5495 E ArmVmp : Match on catch block at 0xc3 in for 0x141
03-19 17:25:24.401 5495 5495 E ArmVmp : Match on catch block at 0xc3 in for 0x159
03-19 17:25:24.408 5495 5495 E ArmVmp : Match on catch block at 0xc3 in for 0x145
03-19 17:25:24.411 5495 5495 E ArmVmp : Match on catch block at 0xc3 in for 0x141
03-19 17:25:24.419 5495 5495 E ArmVmp : Match on catch block at 0xc3 in for 0x149
03-19 17:25:24.421 5495 5495 E ArmVmp : Match on catch block at 0xc3 in for 0x145
03-19 17:25:24.429 5495 5495 E ArmVmp : Match on catch block at 0xc3 in for 0x14d
03-19 17:25:24.432 5495 5495 E ArmVmp : Match on catch block at 0xc3 in for 0x149
03-19 17:25:24.439 5495 5495 E ArmVmp : Match on catch block at 0xc3 in for 0x151
03-19 17:25:24.443 5495 5495 E ArmVmp : Match on catch block at 0xc3 in for 0x14d
03-19 17:25:24.448 5495 5495 E ArmVmp : Match on catch block at 0xc3 in for 0x155
03-19 17:25:24.452 5495 5495 E ArmVmp : Match on catch block at 0xc3 in for 0x151
03-19 17:25:24.458 5495 5495 E ArmVmp : Match on catch block at 0xc3 in for 0x159
03-19 17:25:24.461 5495 5495 E ArmVmp : Match on catch block at 0xc3 in for 0x155
03-19 17:25:24.469 5495 5495 E ArmVmp : Match on catch block at 0xc3 in for 0x141
03-19 17:25:24.473 5495 5495 E ArmVmp : Match on catch block at 0xc3 in for 0x159
03-19 17:25:24.480 5495 5495 E ArmVmp : Match on catch block at 0xc3 in for 0x145
03-19 17:25:24.484 5495 5495 E ArmVmp : Match on catch block at 0xc3 in for 0x141
03-19 17:25:24.491 5495 5495 E ArmVmp : Match on catch block at 0xc3 in for 0x149
03-19 17:25:24.494 5495 5495 E ArmVmp : Match on catch block at 0xc3 in for 0x145
03-19 17:25:24.502 5495 5495 E ArmVmp : Match on catch block at 0xc3 in for 0x14d
03-19 17:25:24.505 5495 5495 E ArmVmp : Match on catch block at 0xc3 in for 0x149
03-19 17:25:24.513 5495 5495 E ArmVmp : Match on catch block at 0xc3 in for 0x151
03-19 17:25:24.517 5495 5495 E ArmVmp : Match on catch block at 0xc3 in for 0x14d
03-19 17:25:24.525 5495 5495 E ArmVmp : Match on catch block at 0xc3 in for 0x155
03-19 17:25:24.529 5495 5495 E ArmVmp : Match on catch block at 0xc3 in for 0x151
03-19 17:25:24.537 5495 5495 E ArmVmp : Match on catch block at 0xc3 in for 0x159
03-19 17:25:24.540 5495 5495 E ArmVmp : Match on catch block at 0xc3 in for 0x155
03-19 17:25:24.547 5495 5495 E ArmVmp : Match on catch block at 0xc3 in for 0x141
03-19 17:25:24.551 5495 5495 E ArmVmp : Match on catch block at 0xc3 in for 0x159
03-19 17:25:24.558 5495 5495 E ArmVmp : Match on catch block at 0xc3 in for 0x145
03-19 17:25:24.561 5495 5495 E ArmVmp : Match on catch block at 0xc3 in for 0x141
03-19 17:25:24.570 5495 5495 E ArmVmp : Match on catch block at 0xc3 in for 0x149
03-19 17:25:24.574 5495 5495 E ArmVmp : Match on catch block at 0xc3 in for 0x145
03-19 17:25:24.586 5495 5495 E ArmVmp : Match on catch block at 0xc3 in for 0x14d
03-19 17:25:24.589 5495 5495 E ArmVmp : Match on catch block at 0xc3 in for 0x149
03-19 17:25:24.594 5495 5495 E ArmVmp : Match on catch block at 0xc3 in for 0x151
03-19 17:25:24.597 5495 5495 E ArmVmp : Match on catch block at 0xc3 in for 0x14d
03-19 17:25:24.603 5495 5495 E ArmVmp : Match on catch block at 0xc3 in for 0x155
03-19 17:25:24.606 5495 5495 E ArmVmp : Match on catch block at 0xc3 in for 0x151
03-19 17:25:24.613 5495 5495 E ArmVmp : Match on catch block at 0xc3 in for 0x159
03-19 17:25:24.617 5495 5495 E ArmVmp : Match on catch block at 0xc3 in for 0x155
03-19 17:25:24.624 5495 5495 E ArmVmp : Match on catch block at 0xc3 in for 0x151
03-19 17:25:24.626 5495 5495 E ArmVmp : Match on catch block at 0xc3 in for 0x14d
03-19 17:25:24.635 5495 5495 E ArmVmp : Match on catch block at 0xc3 in for 0x155
03-19 17:25:24.637 5495 5495 E ArmVmp : Match on catch block at 0xc3 in for 0x151
03-19 17:25:24.646 5495 5495 E ArmVmp : Match on catch block at 0xc3 in for 0x159
03-19 17:25:24.648 5495 5495 E ArmVmp : Match on catch block at 0xc3 in for 0x155
03-19 17:25:24.657 5495 5495 E ArmVmp : Match on catch block at 0xc3 in for 0x141
03-19 17:25:24.659 5495 5495 E ArmVmp : Match on catch block at 0xc3 in for 0x159
03-19 17:25:24.669 5495 5495 E ArmVmp : Match on catch block at 0xc3 in for 0x145
03-19 17:25:24.670 5495 5495 E ArmVmp : Match on catch block at 0xc3 in for 0x141
03-19 17:25:24.682 5495 5495 E ArmVmp : Match on catch block at 0xc3 in for 0x141
03-19 17:25:24.685 5495 5495 E ArmVmp : Match on catch block at 0xc3 in for 0x159
03-19 17:25:24.693 5495 5495 E ArmVmp : Match on catch block at 0xc3 in for 0x145
03-19 17:25:24.694 5495 5495 E ArmVmp : Match on catch block at 0xc3 in for 0x141
03-19 17:25:24.702 5495 5495 E ArmVmp : Match on catch block at 0xc3 in for 0x149
03-19 17:25:24.705 5495 5495 E ArmVmp : Match on catch block at 0xc3 in for 0x145
03-19 17:25:24.713 5495 5495 E ArmVmp : Match on catch block at 0xc3 in for 0x14d
03-19 17:25:24.716 5495 5495 E ArmVmp : Match on catch block at 0xc3 in for 0x149
03-19 17:25:24.725 5495 5495 E ArmVmp : Match on catch block at 0xc3 in for 0x151
03-19 17:25:24.729 5495 5495 E ArmVmp : Match on catch block at 0xc3 in for 0x14d
03-19 17:25:24.739 5495 5495 W OnBackInvokedCallback: OnBackInvokedCallback is not enabled for the application.
03-19 17:25:24.739 5495 5495 W OnBackInvokedCallback: Set 'android:enableOnBackInvokedCallback="true"' in the application manifest.
03-19 17:25:24.741 5495 5495 E ArmVmp : Match on catch block at 0xc3 in for 0x155
03-19 17:25:24.744 5495 5495 E ArmVmp : Match on catch block at 0xc3 in for 0x151
03-19 17:25:24.750 5495 5495 E ArmVmp : Match on catch block at 0xc3 in for 0x159
03-19 17:25:24.753 5495 5495 E ArmVmp : Match on catch block at 0xc3 in for 0x155
03-19 17:25:24.760 5495 5495 E ArmVmp : Match on catch block at 0xc3 in for 0x141
03-19 17:25:24.762 5495 5495 E ArmVmp : Match on catch block at 0xc3 in for 0x159
03-19 17:25:24.769 5495 5495 E ArmVmp : Match on catch block at 0xc3 in for 0x145
03-19 17:25:24.772 5495 5495 E ArmVmp : Match on catch block at 0xc3 in for 0x141
03-19 17:25:24.780 5495 5495 E ArmVmp : Match on catch block at 0xc3 in for 0x149
03-19 17:25:24.782 5495 5495 E ArmVmp : Match on catch block at 0xc3 in for 0x145
03-19 17:25:24.792 5495 5495 E ArmVmp : Match on catch block at 0xc3 in for 0x14d
03-19 17:25:24.795 5495 5495 E ArmVmp : Match on catch block at 0xc3 in for 0x149
03-19 17:25:24.802 5495 5495 E ArmVmp : Match on catch block at 0xc3 in for 0x151
03-19 17:25:24.804 5495 5495 E ArmVmp : Match on catch block at 0xc3 in for 0x14d
03-19 17:25:24.814 5495 5495 E ArmVmp : Match on catch block at 0xc3 in for 0x155
03-19 17:25:24.816 5495 5495 E ArmVmp : Match on catch block at 0xc3 in for 0x151
03-19 17:25:24.829 5495 5495 E ArmVmp : Match on catch block at 0xc3 in for 0x159
03-19 17:25:24.833 5495 5495 E ArmVmp : Match on catch block at 0xc3 in for 0x155
03-19 17:25:24.842 5495 5495 E ArmVmp : Match on catch block at 0xc3 in for 0x141
03-19 17:25:24.844 5495 5495 E ArmVmp : Match on catch block at 0xc3 in for 0x159
03-19 17:25:24.849 5495 5495 E ArmVmp : Match on catch block at 0xc3 in for 0x145
03-19 17:25:24.852 5495 5495 E ArmVmp : Match on catch block at 0xc3 in for 0x141
03-19 17:25:24.859 5495 5495 E ArmVmp : Match on catch block at 0xc3 in for 0x149
03-19 17:25:24.861 5495 5495 E ArmVmp : Match on catch block at 0xc3 in for 0x145
03-19 17:25:24.870 5495 5495 E ArmVmp : Match on catch block at 0xc3 in for 0x14d
03-19 17:25:24.872 5495 5495 E ArmVmp : Match on catch block at 0xc3 in for 0x149
03-19 17:25:24.882 5495 5495 E ArmVmp : Match on catch block at 0xc3 in for 0x151
03-19 17:25:24.884 5495 5495 E ArmVmp : Match on catch block at 0xc3 in for 0x14d
03-19 17:25:24.892 5495 5495 E ArmVmp : Match on catch block at 0xc3 in for 0x155
03-19 17:25:24.893 5495 5495 E ArmVmp : Match on catch block at 0xc3 in for 0x151
03-19 17:25:24.902 5495 5495 E ArmVmp : Match on catch block at 0xc3 in for 0x159
03-19 17:25:24.906 5495 5495 E ArmVmp : Match on catch block at 0xc3 in for 0x155
03-19 17:25:24.914 5495 5495 E ArmVmp : Match on catch block at 0xc3 in for 0x141
03-19 17:25:24.917 5495 5495 E ArmVmp : Match on catch block at 0xc3 in for 0x159
03-19 17:25:24.924 5495 5495 E ArmVmp : Match on catch block at 0xc3 in for 0x145
03-19 17:25:24.926 5495 5495 E ArmVmp : Match on catch block at 0xc3 in for 0x141
03-19 17:25:24.936 5495 5495 E ArmVmp : Match on catch block at 0xc3 in for 0x149
03-19 17:25:24.938 5495 5495 E ArmVmp : Match on catch block at 0xc3 in for 0x145
03-19 17:25:24.948 5495 5495 E ArmVmp : Match on catch block at 0xc3 in for 0x14d
03-19 17:25:24.949 5495 5495 E ArmVmp : Match on catch block at 0xc3 in for 0x149
03-19 17:25:24.958 5495 5495 E ArmVmp : Match on catch block at 0xc3 in for 0x151
03-19 17:25:24.960 5495 5495 E ArmVmp : Match on catch block at 0xc3 in for 0x14d
03-19 17:25:24.969 5495 5495 E ArmVmp : Match on catch block at 0xc3 in for 0x155
03-19 17:25:24.971 5495 5495 E ArmVmp : Match on catch block at 0xc3 in for 0x151
03-19 17:25:24.980 5495 5495 E ArmVmp : Match on catch block at 0xc3 in for 0x159
03-19 17:25:24.982 5495 5495 E ArmVmp : Match on catch block at 0xc3 in for 0x155
03-19 17:25:24.991 5495 5495 E ArmVmp : Match on catch block at 0xc3 in for 0x141
03-19 17:25:24.993 5495 5495 E ArmVmp : Match on catch block at 0xc3 in for 0x159
03-19 17:25:25.003 5495 5495 E ArmVmp : Match on catch block at 0xc3 in for 0x145
03-19 17:25:25.005 5495 5495 E ArmVmp : Match on catch block at 0xc3 in for 0x141
03-19 17:25:25.014 5495 5495 E ArmVmp : Match on catch block at 0xc3 in for 0x149
03-19 17:25:25.015 5495 5495 E ArmVmp : Match on catch block at 0xc3 in for 0x145
03-19 17:25:25.025 5495 5495 E ArmVmp : Match on catch block at 0xc3 in for 0x14d
03-19 17:25:25.027 5495 5495 E ArmVmp : Match on catch block at 0xc3 in for 0x149
03-19 17:25:25.043 5495 5495 E ArmVmp : Match on catch block at 0xc3 in for 0x151
03-19 17:25:25.045 5495 5495 E ArmVmp : Match on catch block at 0xc3 in for 0x14d
03-19 17:25:25.050 5495 5495 E ArmVmp : Match on catch block at 0xc3 in for 0x155
03-19 17:25:25.052 5495 5495 E ArmVmp : Match on catch block at 0xc3 in for 0x151
03-19 17:25:25.058 5495 5495 E ArmVmp : Match on catch block at 0xc3 in for 0x159
03-19 17:25:25.060 5495 5495 E ArmVmp : Match on catch block at 0xc3 in for 0x155
03-19 17:25:25.069 5495 5495 E ArmVmp : Match on catch block at 0xc3 in for 0x141
03-19 17:25:25.071 5495 5495 E ArmVmp : Match on catch block at 0xc3 in for 0x159
03-19 17:25:25.081 5495 5495 E ArmVmp : Match on catch block at 0xc3 in for 0x145
03-19 17:25:25.083 5495 5495 E ArmVmp : Match on catch block at 0xc3 in for 0x141
03-19 17:25:25.092 5495 5495 E ArmVmp : Match on catch block at 0xc3 in for 0x149
03-19 17:25:25.096 5495 5495 E ArmVmp : Match on catch block at 0xc3 in for 0x145
03-19 17:25:25.104 5495 5495 E ArmVmp : Match on catch block at 0xc3 in for 0x14d
03-19 17:25:25.107 5495 5495 E ArmVmp : Match on catch block at 0xc3 in for 0x149
03-19 17:25:25.114 5495 5495 E ArmVmp : Match on catch block at 0xc3 in for 0x151
03-19 17:25:25.118 5495 5495 E ArmVmp : Match on catch block at 0xc3 in for 0x14d
03-19 17:25:25.125 5495 5495 E ArmVmp : Match on catch block at 0xc3 in for 0x155
03-19 17:25:25.128 5495 5495 E ArmVmp : Match on catch block at 0xc3 in for 0x151
03-19 17:25:25.137 5495 5495 E ArmVmp : Match on catch block at 0xc3 in for 0x159
03-19 17:25:25.139 5495 5495 E ArmVmp : Match on catch block at 0xc3 in for 0x155
03-19 17:25:25.149 5495 5495 E ArmVmp : Match on catch block at 0xc3 in for 0x141
03-19 17:25:25.152 5495 5495 E ArmVmp : Match on catch block at 0xc3 in for 0x159
03-19 17:25:25.159 5495 5495 E ArmVmp : Match on catch block at 0xc3 in for 0x145
03-19 17:25:25.162 5495 5495 E ArmVmp : Match on catch block at 0xc3 in for 0x141
03-19 17:25:25.170 5495 5495 E ArmVmp : Match on catch block at 0xc3 in for 0x149
03-19 17:25:25.173 5495 5495 E ArmVmp : Match on catch block at 0xc3 in for 0x145
03-19 17:25:25.183 5495 5495 E ArmVmp : Match on catch block at 0xc3 in for 0x14d
03-19 17:25:25.186 5495 5495 E ArmVmp : Match on catch block at 0xc3 in for 0x149
03-19 17:25:25.193 5495 5495 E ArmVmp : Match on catch block at 0xc3 in for 0x151
