03-27 21:41:02.944 28674 28674 E ArmVmp : Match on catch block at 0xc3 in for 0x7af2265025
03-27 21:41:02.976 28674 28674 E ArmVmp : Match on catch block at 0xc3 in for 0x7af2265025
03-27 21:41:02.978 28674 28674 E ArmVmp : Match on catch block at 0xc3 in for 0x7af2265025
03-27 21:41:03.046 28674 28674 E ArmVmp : Match on catch block at 0xc3 in for 0x7af2265025
03-27 21:41:03.048 28674 28674 E ArmVmp : Match on catch block at 0xc3 in for 0x7af2265025
03-27 21:41:03.056 28674 28674 E ArmVmp : Match on catch block at 0xc3 in for 0x7af2265025
03-27 21:41:03.059 28674 28674 E ArmVmp : Match on catch block at 0xc3 in for 0x7af2265025
03-27 21:41:03.504 28674 28674 E ArmVmp : Match on catch block at 0xc3 in for 0x7af2265025
03-27 21:41:03.507 28674 28674 E ArmVmp : Match on catch block at 0xc3 in for 0x7af2265025
03-27 21:41:03.572 28674 28674 E ArmVmp : Match on catch block at 0xc3 in for 0x7af2265025
03-27 21:41:03.576 28674 28674 E ArmVmp : Match on catch block at 0xc3 in for 0x7af2265025
03-27 21:41:03.603 28674 28674 E ArmVmp : Match on catch block at 0xc3 in for 0x7af2265025
03-27 21:41:03.606 28674 28674 E ArmVmp : Match on catch block at 0xc3 in for 0x7af2265025
03-27 21:41:03.617 28674 28982 E FrameEvents: updateAcquireFence: Did not find frame.
03-27 21:41:03.736 28674 28674 W ResourceType: Bad XML block: header size 18254 or total size 169478669 is larger than data size 231
03-27 21:41:03.740 28674 28674 W ResourceType: Bad XML block: header size 18254 or total size 169478669 is larger than data size 431
03-27 21:41:03.749 28674 28674 W ResourceType: Bad XML block: header size 18254 or total size 169478669 is larger than data size 376
03-27 21:41:03.752 28674 28674 W ResourceType: Bad XML block: header size 18254 or total size 169478669 is larger than data size 168
03-27 21:41:03.759 28674 28674 W ResourceType: Bad XML block: header size 18254 or total size 169478669 is larger than data size 571
03-27 21:41:03.765 28674 28674 W ResourceType: Bad XML block: header size 18254 or total size 169478669 is larger than data size 193
03-27 21:41:03.768 28674 28674 W ResourceType: Bad XML block: header size 18254 or total size 169478669 is larger than data size 363
03-27 21:41:03.772 28674 28674 W ResourceType: Bad XML block: header size 18254 or total size 169478669 is larger than data size 630
03-27 21:41:03.775 28674 28674 W ResourceType: Bad XML block: header size 18254 or total size 169478669 is larger than data size 313
03-27 21:41:03.778 28674 28674 W ResourceType: Bad XML block: header size 18254 or total size 169478669 is larger than data size 630
03-27 21:41:03.782 28674 28674 W ResourceType: Bad XML block: header size 18254 or total size 169478669 is larger than data size 457
03-27 21:41:03.784 28674 28674 W ResourceType: Bad XML block: header size 18254 or total size 169478669 is larger than data size 343
03-27 21:41:03.812 28674 28674 W ResourceType: Bad XML block: header size 18254 or total size 169478669 is larger than data size 325
03-27 21:41:03.815 28674 28674 W ResourceType: Bad XML block: header size 18254 or total size 169478669 is larger than data size 293
03-27 21:41:03.818 28674 28674 W SQLiteLog: (28) double-quoted string literal: "23"
03-27 21:41:03.818 28674 28674 W SQLiteLog: (28) double-quoted string literal: "23"
03-27 21:41:03.853 28674 28674 W ResourceType: Bad XML block: header size 18254 or total size 169478669 is larger than data size 325
03-27 21:41:03.910 28674 28674 W View : requestLayout() improperly called by android.widget.Space{e49e47 I.ED..... ......I. 21,63-28,70 #7f0b00ba app:id/action_tile_spacing} during layout: running second layout pass
03-27 21:41:03.910 28674 28674 W View : requestLayout() improperly called by android.widget.Space{b7b3674 I.ED..... ......I. 21,63-28,70 #7f0b00ba app:id/action_tile_spacing} during layout: running second layout pass
03-27 21:41:03.910 28674 28674 W View : requestLayout() improperly called by android.widget.Space{fc5b79d I.ED..... ......I. 21,63-28,70 #7f0b00ba app:id/action_tile_spacing} during layout: running second layout pass
03-27 21:41:03.910 28674 28674 W View : requestLayout() improperly called by android.widget.Space{58f3412 I.ED..... ......I. 21,63-28,70 #7f0b00ba app:id/action_tile_spacing} during layout: running second layout pass
03-27 21:41:03.916 28674 28674 E ArmVmp : Match on catch block at 0xc3 in for 0x7af2265025
03-27 21:41:03.919 28674 28674 E ArmVmp : Match on catch block at 0xc3 in for 0x7af2265025
03-27 21:41:03.923 28674 28674 W ResourceType: Bad XML block: header size 18254 or total size 169478669 is larger than data size 547
03-27 21:41:03.949 28674 28674 E ArmVmp : Match on catch block at 0xc3 in for 0x7af2265025
03-27 21:41:03.951 28674 28674 E ArmVmp : Match on catch block at 0xc3 in for 0x7af2265025
03-27 21:41:04.037 28674 28674 E ArmVmp : Match on catch block at 0xc3 in for 0x7af2265025
03-27 21:41:04.040 28674 28674 E ArmVmp : Match on catch block at 0xc3 in for 0x7af2265025
03-27 21:41:04.306 28674 28674 E ArmVmp : Match on catch block at 0xc3 in for 0x7af2265025
03-27 21:41:04.309 28674 28674 E ArmVmp : Match on catch block at 0xc3 in for 0x7af2265025
03-27 21:41:05.226 28674 28674 W View : requestLayout() improperly called by com.mbwhatsapp.TextEmojiLabel{ee4d1a5 VFED..C.. ......ID 0,0-378,56 #7f0b06ab app:id/conversation_contact_name} during layout: running second layout pass
03-27 21:41:08.423 28674 28674 W ResourceType: Bad XML block: header size 18254 or total size 169478669 is larger than data size 196
03-27 21:41:08.443 28674 28674 W View : requestLayout() improperly called by com.mbwhatsapp.TextEmojiLabel{ee4d1a5 VFED..C.. ......ID 0,0-378,56 #7f0b06ab app:id/conversation_contact_name} during layout: running second layout pass
03-27 21:41:08.486 28674 28674 W View : requestLayout() improperly called by com.mbwhatsapp.TextEmojiLabel{ee4d1a5 VFED..C.. ......ID 0,0-378,56 #7f0b06ab app:id/conversation_contact_name} during layout: running second layout pass
03-27 21:41:12.061 28674 3269 W SQLiteLog: (28) double-quoted string literal: "5280C1E98371E285EDAE84391C4B0B13"
03-27 21:41:12.061 28674 3269 W SQLiteLog: (28) double-quoted string literal: "A5560D451F4D1B149D1E18EC96B8FE8D"
03-27 21:41:12.473 28674 28764 E SQLiteDatabase: Error inserting dirty_version=-1 version=0 lt_hash=null collection_name=regular_high
03-27 21:41:12.473 28674 28764 E SQLiteDatabase: android.database.sqlite.SQLiteConstraintException: UNIQUE constraint failed: collection_versions.collection_name (code 1555 SQLITE_CONSTRAINT_PRIMARYKEY[1555])
03-27 21:41:12.473 28674 28764 E SQLiteDatabase: at android.database.sqlite.SQLiteConnection.nativeExecuteForLastInsertedRowId(Native Method)
03-27 21:41:12.473 28674 28764 E SQLiteDatabase: at android.database.sqlite.SQLiteConnection.executeForLastInsertedRowId(SQLiteConnecti on.java:1232)
03-27 21:41:12.473 28674 28764 E SQLiteDatabase: at android.database.sqlite.SQLiteSession.executeForLastInsertedRowId(SQLiteSession.jav a:790)
03-27 21:41:12.473 28674 28764 E SQLiteDatabase: at android.database.sqlite.SQLiteStatement.executeInsert(SQLiteStatement.java:89)
03-27 21:41:12.473 28674 28764 E SQLiteDatabase: at android.database.sqlite.SQLiteDatabase.insertWithOnConflict(SQLiteDatabase.java:224 4)
03-27 21:41:12.473 28674 28764 E SQLiteDatabase: at android.database.sqlite.SQLiteDatabase.insert(SQLiteDatabase.java:2113)
03-27 21:41:12.473 28674 28764 E SQLiteDatabase: at X.2tm.A08(Unknown Source:6)
03-27 21:41:12.473 28674 28764 E SQLiteDatabase: at X.2sR.A03(Unknown Source:39)
03-27 21:41:12.473 28674 28764 E SQLiteDatabase: at X.2sR.A05(Unknown Source:14)
03-27 21:41:12.473 28674 28764 E SQLiteDatabase: at X.3eA.run(Unknown Source:2101)
03-27 21:41:12.473 28674 28764 E SQLiteDatabase: at java.util.concurrent.ThreadPoolExecutor.runWorker(ThreadPoolExecutor.java:1145)
03-27 21:41:12.473 28674 28764 E SQLiteDatabase: at java.util.concurrent.ThreadPoolExecutor$Worker.run(ThreadPoolExecutor.java:644)
03-27 21:41:12.473 28674 28764 E SQLiteDatabase: at X.3gH.run(Unknown Source:1548)
03-27 21:41:12.473 28674 28764 E SQLiteDatabase: at java.lang.Thread.run(Thread.java:1012)
03-27 21:41:12.476 28674 28764 E SQLiteDatabase: Error inserting dirty_version=-1 version=0 lt_hash=null collection_name=regular_low
03-27 21:41:12.476 28674 28764 E SQLiteDatabase: android.database.sqlite.SQLiteConstraintException: UNIQUE constraint failed: collection_versions.collection_name (code 1555 SQLITE_CONSTRAINT_PRIMARYKEY[1555])
03-27 21:41:12.476 28674 28764 E SQLiteDatabase: at android.database.sqlite.SQLiteConnection.nativeExecuteForLastInsertedRowId(Native Method)
03-27 21:41:12.476 28674 28764 E SQLiteDatabase: at android.database.sqlite.SQLiteConnection.executeForLastInsertedRowId(SQLiteConnecti on.java:1232)
03-27 21:41:12.476 28674 28764 E SQLiteDatabase: at android.database.sqlite.SQLiteSession.executeForLastInsertedRowId(SQLiteSession.jav a:790)
03-27 21:41:12.476 28674 28764 E SQLiteDatabase: at android.database.sqlite.SQLiteStatement.executeInsert(SQLiteStatement.java:89)
03-27 21:41:12.476 28674 28764 E SQLiteDatabase: at android.database.sqlite.SQLiteDatabase.insertWithOnConflict(SQLiteDatabase.java:224 4)
03-27 21:41:12.476 28674 28764 E SQLiteDatabase: at android.database.sqlite.SQLiteDatabase.insert(SQLiteDatabase.java:2113)
03-27 21:41:12.476 28674 28764 E SQLiteDatabase: at X.2tm.A08(Unknown Source:6)
03-27 21:41:12.476 28674 28764 E SQLiteDatabase: at X.2sR.A03(Unknown Source:39)
03-27 21:41:12.476 28674 28764 E SQLiteDatabase: at X.2sR.A05(Unknown Source:14)
03-27 21:41:12.476 28674 28764 E SQLiteDatabase: at X.3eA.run(Unknown Source:2101)
03-27 21:41:12.476 28674 28764 E SQLiteDatabase: at java.util.concurrent.ThreadPoolExecutor.runWorker(ThreadPoolExecutor.java:1145)
03-27 21:41:12.476 28674 28764 E SQLiteDatabase: at java.util.concurrent.ThreadPoolExecutor$Worker.run(ThreadPoolExecutor.java:644)
03-27 21:41:12.476 28674 28764 E SQLiteDatabase: at X.3gH.run(Unknown Source:1548)
03-27 21:41:12.476 28674 28764 E SQLiteDatabase: at java.lang.Thread.run(Thread.java:1012)
03-27 21:41:14.533 28674 28674 E ArmVmp : Match on catch block at 0x0a in for 0x7af2265035
03-27 21:41:14.540 28674 28674 E ArmVmp : Match on catch block at 0x0a in for 0x7af2265035
03-27 21:41:14.667 28674 28674 E ArmVmp : Match on catch block at 0xc3 in for 0x7af2265021
03-27 21:41:14.669 28674 28674 E ArmVmp : Match on catch block at 0xc3 in for 0x7af2265021
03-27 21:41:14.711 28674 28674 E ArmVmp : Match on catch block at 0xc3 in for 0x7af2265025
03-27 21:41:14.713 28674 28674 E ArmVmp : Match on catch block at 0xc3 in for 0x7af2265025
03-27 21:41:14.755 28674 28674 E ArmVmp : Match on catch block at 0xc3 in for 0x7af2265025
03-27 21:41:14.757 28674 28674 E ArmVmp : Match on catch block at 0xc3 in for 0x7af2265025
03-27 21:41:14.790 28674 28674 E ArmVmp : Match on catch block at 0xc3 in for 0x7af2265025
03-27 21:41:14.792 28674 28674 E ArmVmp : Match on catch block at 0xc3 in for 0x7af2265025
03-27 21:41:14.804 28674 28674 E ArmVmp : Match on catch block at 0xc3 in for 0x7af2265025
03-27 21:41:14.808 28674 28674 E ArmVmp : Match on catch block at 0xc3 in for 0x7af2265025
03-27 21:41:15.369 28674 28674 E ArmVmp : Match on catch block at 0xc3 in for 0x7af2265025
03-27 21:41:15.373 28674 28674 E ArmVmp : Match on catch block at 0xc3 in for 0x7af2265025
03-27 21:41:15.402 28674 28674 E ArmVmp : Match on catch block at 0xc3 in for 0x7af2265025
03-27 21:41:15.404 28674 28674 E ArmVmp : Match on catch block at 0xc3 in for 0x7af2265025
03-27 21:41:15.415 28674 28982 E FrameEvents: updateAcquireFence: Did not find frame.
03-27 21:41:15.543 28674 28674 W ResourceType: Bad XML block: header size 18254 or total size 169478669 is larger than data size 231
03-27 21:41:15.546 28674 28674 W ResourceType: Bad XML block: header size 18254 or total size 169478669 is larger than data size 431
03-27 21:41:15.556 28674 28674 W ResourceType: Bad XML block: header size 18254 or total size 169478669 is larger than data size 376
03-27 21:41:15.559 28674 28674 W ResourceType: Bad XML block: header size 18254 or total size 169478669 is larger than data size 168
03-27 21:41:15.564 28674 28674 W ResourceType: Bad XML block: header size 18254 or total size 169478669 is larger than data size 571
03-27 21:41:15.571 28674 28674 W ResourceType: Bad XML block: header size 18254 or total size 169478669 is larger than data size 193
03-27 21:41:15.574 28674 28674 W ResourceType: Bad XML block: header size 18254 or total size 169478669 is larger than data size 363
03-27 21:41:15.577 28674 28674 W ResourceType: Bad XML block: header size 18254 or total size 169478669 is larger than data size 630
03-27 21:41:15.580 28674 28674 W ResourceType: Bad XML block: header size 18254 or total size 169478669 is larger than data size 313
03-27 21:41:15.583 28674 28674 W ResourceType: Bad XML block: header size 18254 or total size 169478669 is larger than data size 630
03-27 21:41:15.587 28674 28674 W ResourceType: Bad XML block: header size 18254 or total size 169478669 is larger than data size 457
03-27 21:41:15.590 28674 28674 W ResourceType: Bad XML block: header size 18254 or total size 169478669 is larger than data size 343
03-27 21:41:15.617 28674 28674 W ResourceType: Bad XML block: header size 18254 or total size 169478669 is larger than data size 325
03-27 21:41:15.620 28674 28674 W ResourceType: Bad XML block: header size 18254 or total size 169478669 is larger than data size 293
03-27 21:41:15.624 28674 28674 W SQLiteLog: (28) double-quoted string literal: "21"
03-27 21:41:15.624 28674 28674 W SQLiteLog: (28) double-quoted string literal: "21"
03-27 21:41:15.645 28674 28674 W ResourceType: Bad XML block: header size 18254 or total size 169478669 is larger than data size 325
03-27 21:41:15.701 28674 28674 W View : requestLayout() improperly called by android.widget.Space{33757fe I.ED..... ......I. 21,63-28,70 #7f0b00ba app:id/action_tile_spacing} during layout: running second layout pass
03-27 21:41:15.701 28674 28674 W View : requestLayout() improperly called by android.widget.Space{7d40b5f I.ED..... ......I. 21,63-28,70 #7f0b00ba app:id/action_tile_spacing} during layout: running second layout pass
03-27 21:41:15.702 28674 28674 W View : requestLayout() improperly called by android.widget.Space{b39f9ac I.ED..... ......I. 21,63-28,70 #7f0b00ba app:id/action_tile_spacing} during layout: running second layout pass
03-27 21:41:15.707 28674 28674 E ArmVmp : Match on catch block at 0xc3 in for 0x7af2265025
03-27 21:41:15.710 28674 28674 E ArmVmp : Match on catch block at 0xc3 in for 0x7af2265025
03-27 21:41:15.738 28674 28674 E ArmVmp : Match on catch block at 0xc3 in for 0x7af2265025
03-27 21:41:15.740 28674 28674 E ArmVmp : Match on catch block at 0xc3 in for 0x7af2265025
03-27 21:41:15.834 28674 28674 E ArmVmp : Match on catch block at 0xc3 in for 0x7af2265025
03-27 21:41:15.837 28674 28674 E ArmVmp : Match on catch block at 0xc3 in for 0x7af2265025
03-27 21:41:16.100 28674 28674 E ArmVmp : Match on catch block at 0xc3 in for 0x7af2265025
03-27 21:41:16.103 28674 28674 E ArmVmp : Match on catch block at 0xc3 in for 0x7af2265025
03-27 21:41:16.845 28674 28674 W View : requestLayout() improperly called by com.mbwhatsapp.TextEmojiLabel{999641 VFED..C.. ......ID 0,0-234,56 #7f0b06ab app:id/conversation_contact_name} during layout: running second layout pass
03-27 21:41:16.886 28674 28674 W View : requestLayout() improperly called by com.mbwhatsapp.TextEmojiLabel{999641 VFED..C.. ......ID 0,0-234,56 #7f0b06ab app:id/conversation_contact_name} during layout: running second layout pass
03-27 21:41:19.922 28674 28674 W View : requestLayout() improperly called by com.mbwhatsapp.TextEmojiLabel{999641 VFED..C.. ......ID 0,0-234,56 #7f0b06ab app:id/conversation_contact_name} during layout: running second layout pass
03-27 21:41:19.932 28674 28674 W View : requestLayout() improperly called by com.mbwhatsapp.TextEmojiLabel{999641 VFED..C.. ......ID 0,0-234,56 #7f0b06ab app:id/conversation_contact_name} during layout: running second layout pass
03-27 21:41:22.718 28674 28982 E FrameEvents: updateAcquireFence: Did not find frame.
03-27 21:41:23.084 28674 28674 W View : requestLayout() improperly called by com.mbwhatsapp.TextEmojiLabel{999641 VFED..C.. ......ID 0,0-234,56 #7f0b06ab app:id/conversation_contact_name} during layout: running second layout pass
03-27 21:41:23.252 28674 28674 W View : requestLayout() improperly called by com.mbwhatsapp.TextEmojiLabel{999641 VFED..C.. ......ID 0,0-234,56 #7f0b06ab app:id/conversation_contact_name} during layout: running second layout pass
03-27 21:41:24.803 28674 28674 W ResourceType: Bad XML block: header size 18254 or total size 169478669 is larger than data size 196
03-27 21:41:24.826 28674 28674 W View : requestLayout() improperly called by com.mbwhatsapp.TextEmojiLabel{999641 VFED..C.. ......ID 0,0-234,56 #7f0b06ab app:id/conversation_contact_name} during layout: running second layout pass
03-27 21:41:24.897 28674 28674 W View : requestLayout() improperly called by com.mbwhatsapp.TextEmojiLabel{999641 VFED..C.. ......ID 0,0-234,56 #7f0b06ab app:id/conversation_contact_name} during layout: running second layout pass
03-27 21:41:26.193 28674 32441 W SQLiteLog: (28) double-quoted string literal: "37EEE11196CD68E9DE4272A4A363E643"
03-27 21:41:26.193 28674 32441 W SQLiteLog: (28) double-quoted string literal: "714A4E1C05A219C3A511EEC9F2DDC081"
03-27 21:41:26.193 28674 32441 W SQLiteLog: (28) double-quoted string literal: "ACEB8E0319A98F133C3EE19C51E1345C"
03-27 21:41:26.425 28674 1014 E SQLiteDatabase: Error inserting dirty_version=-1 version=0 lt_hash=null collection_name=regular_high
03-27 21:41:26.425 28674 1014 E SQLiteDatabase: android.database.sqlite.SQLiteConstraintException: UNIQUE constraint failed: collection_versions.collection_name (code 1555 SQLITE_CONSTRAINT_PRIMARYKEY[1555])
03-27 21:41:26.425 28674 1014 E SQLiteDatabase: at android.database.sqlite.SQLiteConnection.nativeExecuteForLastInsertedRowId(Native Method)
03-27 21:41:26.425 28674 1014 E SQLiteDatabase: at android.database.sqlite.SQLiteConnection.executeForLastInsertedRowId(SQLiteConnecti on.java:1232)
03-27 21:41:26.425 28674 1014 E SQLiteDatabase: at android.database.sqlite.SQLiteSession.executeForLastInsertedRowId(SQLiteSession.jav a:790)
03-27 21:41:26.425 28674 1014 E SQLiteDatabase: at android.database.sqlite.SQLiteStatement.executeInsert(SQLiteStatement.java:89)
03-27 21:41:26.425 28674 1014 E SQLiteDatabase: at android.database.sqlite.SQLiteDatabase.insertWithOnConflict(SQLiteDatabase.java:224 4)
03-27 21:41:26.425 28674 1014 E SQLiteDatabase: at android.database.sqlite.SQLiteDatabase.insert(SQLiteDatabase.java:2113)
03-27 21:41:26.425 28674 1014 E SQLiteDatabase: at X.2tm.A08(Unknown Source:6)
03-27 21:41:26.425 28674 1014 E SQLiteDatabase: at X.2sR.A03(Unknown Source:39)
03-27 21:41:26.425 28674 1014 E SQLiteDatabase: at X.2sR.A05(Unknown Source:14)
03-27 21:41:26.425 28674 1014 E SQLiteDatabase: at X.3eA.run(Unknown Source:2101)
03-27 21:41:26.425 28674 1014 E SQLiteDatabase: at java.util.concurrent.ThreadPoolExecutor.runWorker(ThreadPoolExecutor.java:1145)
03-27 21:41:26.425 28674 1014 E SQLiteDatabase: at java.util.concurrent.ThreadPoolExecutor$Worker.run(ThreadPoolExecutor.java:644)
03-27 21:41:26.425 28674 1014 E SQLiteDatabase: at X.3gH.run(Unknown Source:1548)
03-27 21:41:26.425 28674 1014 E SQLiteDatabase: at java.lang.Thread.run(Thread.java:1012)
03-27 21:41:26.429 28674 1014 E SQLiteDatabase: Error inserting dirty_version=-1 version=0 lt_hash=null collection_name=regular_low
03-27 21:41:26.429 28674 1014 E SQLiteDatabase: android.database.sqlite.SQLiteConstraintException: UNIQUE constraint failed: collection_versions.collection_name (code 1555 SQLITE_CONSTRAINT_PRIMARYKEY[1555])
03-27 21:41:26.429 28674 1014 E SQLiteDatabase: at android.database.sqlite.SQLiteConnection.nativeExecuteForLastInsertedRowId(Native Method)
03-27 21:41:26.429 28674 1014 E SQLiteDatabase: at android.database.sqlite.SQLiteConnection.executeForLastInsertedRowId(SQLiteConnecti on.java:1232)
03-27 21:41:26.429 28674 1014 E SQLiteDatabase: at android.database.sqlite.SQLiteSession.executeForLastInsertedRowId(SQLiteSession.jav a:790)
03-27 21:41:26.429 28674 1014 E SQLiteDatabase: at android.database.sqlite.SQLiteStatement.executeInsert(SQLiteStatement.java:89)
03-27 21:41:26.429 28674 1014 E SQLiteDatabase: at android.database.sqlite.SQLiteDatabase.insertWithOnConflict(SQLiteDatabase.java:224 4)
03-27 21:41:26.429 28674 1014 E SQLiteDatabase: at android.database.sqlite.SQLiteDatabase.insert(SQLiteDatabase.java:2113)
03-27 21:41:26.429 28674 1014 E SQLiteDatabase: at X.2tm.A08(Unknown Source:6)
03-27 21:41:26.429 28674 1014 E SQLiteDatabase: at X.2sR.A03(Unknown Source:39)
03-27 21:41:26.429 28674 1014 E SQLiteDatabase: at X.2sR.A05(Unknown Source:14)
03-27 21:41:26.429 28674 1014 E SQLiteDatabase: at X.3eA.run(Unknown Source:2101)
03-27 21:41:26.429 28674 1014 E SQLiteDatabase: at java.util.concurrent.ThreadPoolExecutor.runWorker(ThreadPoolExecutor.java:1145)
03-27 21:41:26.429 28674 1014 E SQLiteDatabase: at java.util.concurrent.ThreadPoolExecutor$Worker.run(ThreadPoolExecutor.java:644)
03-27 21:41:26.429 28674 1014 E SQLiteDatabase: at X.3gH.run(Unknown Source:1548)
03-27 21:41:26.429 28674 1014 E SQLiteDatabase: at java.lang.Thread.run(Thread.java:1012)
03-27 21:41:28.117 28674 28674 E ArmVmp : Match on catch block at 0x0a in for 0x7af2265035
03-27 21:41:28.124 28674 28674 E ArmVmp : Match on catch block at 0x0a in for 0x7af2265035
03-27 21:41:28.272 28674 28674 E ArmVmp : Match on catch block at 0xc3 in for 0x7af2265021
03-27 21:41:28.274 28674 28674 E ArmVmp : Match on catch block at 0xc3 in for 0x7af2265021
03-27 21:41:28.334 28674 28674 E ArmVmp : Match on catch block at 0xc3 in for 0x7af2265025
03-27 21:41:28.336 28674 28674 E ArmVmp : Match on catch block at 0xc3 in for 0x7af2265025
03-27 21:41:28.383 28674 28674 E ArmVmp : Match on catch block at 0xc3 in for 0x7af2265025
03-27 21:41:28.386 28674 28674 E ArmVmp : Match on catch block at 0xc3 in for 0x7af2265025
03-27 21:41:28.404 28674 28674 E ArmVmp : Match on catch block at 0xc3 in for 0x7af2265025
03-27 21:41:28.406 28674 28674 E ArmVmp : Match on catch block at 0xc3 in for 0x7af2265025
03-27 21:41:28.896 28674 28674 E ArmVmp : Match on catch block at 0xc3 in for 0x7af2265025
03-27 21:41:28.899 28674 28674 E ArmVmp : Match on catch block at 0xc3 in for 0x7af2265025
03-27 21:41:28.929 28674 28674 E ArmVmp : Match on catch block at 0xc3 in for 0x7af2265025
03-27 21:41:28.931 28674 28674 E ArmVmp : Match on catch block at 0xc3 in for 0x7af2265025
03-27 21:41:28.943 28674 28982 E FrameEvents: updateAcquireFence: Did not find frame.
03-27 21:41:29.092 28674 28674 W ResourceType: Bad XML block: header size 18254 or total size 169478669 is larger than data size 231
03-27 21:41:29.095 28674 28674 W ResourceType: Bad XML block: header size 18254 or total size 169478669 is larger than data size 431
03-27 21:41:29.105 28674 28674 W ResourceType: Bad XML block: header size 18254 or total size 169478669 is larger than data size 376
03-27 21:41:29.109 28674 28674 W ResourceType: Bad XML block: header size 18254 or total size 169478669 is larger than data size 168
03-27 21:41:29.115 28674 28674 W ResourceType: Bad XML block: header size 18254 or total size 169478669 is larger than data size 571
03-27 21:41:29.122 28674 28674 W ResourceType: Bad XML block: header size 18254 or total size 169478669 is larger than data size 193
03-27 21:41:29.125 28674 28674 W ResourceType: Bad XML block: header size 18254 or total size 169478669 is larger than data size 363
03-27 21:41:29.129 28674 28674 W ResourceType: Bad XML block: header size 18254 or total size 169478669 is larger than data size 630
03-27 21:41:29.133 28674 28674 W ResourceType: Bad XML block: header size 18254 or total size 169478669 is larger than data size 313
03-27 21:41:29.136 28674 28674 W ResourceType: Bad XML block: header size 18254 or total size 169478669 is larger than data size 630
03-27 21:41:29.139 28674 28674 W ResourceType: Bad XML block: header size 18254 or total size 169478669 is larger than data size 457
03-27 21:41:29.143 28674 28674 W ResourceType: Bad XML block: header size 18254 or total size 169478669 is larger than data size 343
03-27 21:41:29.168 28674 28674 W ResourceType: Bad XML block: header size 18254 or total size 169478669 is larger than data size 325
03-27 21:41:29.172 28674 28674 W ResourceType: Bad XML block: header size 18254 or total size 169478669 is larger than data size 293
03-27 21:41:29.175 28674 28674 W SQLiteLog: (28) double-quoted string literal: "22"
03-27 21:41:29.175 28674 28674 W SQLiteLog: (28) double-quoted string literal: "22"
03-27 21:41:29.196 28674 28674 W ResourceType: Bad XML block: header size 18254 or total size 169478669 is larger than data size 325
03-27 21:41:29.225 28674 28674 E ArmVmp : Match on catch block at 0xc3 in for 0x7af2265025
03-27 21:41:29.227 28674 28674 E ArmVmp : Match on catch block at 0xc3 in for 0x7af2265025
03-27 21:41:29.256 28674 28674 W View : requestLayout() improperly called by android.widget.Space{74efe18 I.ED..... ......I. 21,63-28,70 #7f0b00ba app:id/action_tile_spacing} during layout: running second layout pass
03-27 21:41:29.256 28674 28674 W View : requestLayout() improperly called by android.widget.Space{c9db071 I.ED..... ......I. 21,63-28,70 #7f0b00ba app:id/action_tile_spacing} during layout: running second layout pass
03-27 21:41:29.256 28674 28674 W View : requestLayout() improperly called by android.widget.Space{34cbe56 I.ED..... ......I. 21,63-28,70 #7f0b00ba app:id/action_tile_spacing} during layout: running second layout pass
03-27 21:41:29.261 28674 28674 W ResourceType: Bad XML block: header size 18254 or total size 169478669 is larger than data size 547
03-27 21:41:29.286 28674 28674 E ArmVmp : Match on catch block at 0xc3 in for 0x7af2265025
03-27 21:41:29.288 28674 28674 E ArmVmp : Match on catch block at 0xc3 in for 0x7af2265025
03-27 21:41:29.381 28674 28674 E ArmVmp : Match on catch block at 0xc3 in for 0x7af2265025
03-27 21:41:29.384 28674 28674 E ArmVmp : Match on catch block at 0xc3 in for 0x7af2265025
03-27 21:41:29.648 28674 28674 E ArmVmp : Match on catch block at 0xc3 in for 0x7af2265025
03-27 21:41:29.652 28674 28674 E ArmVmp : Match on catch block at 0xc3 in for 0x7af2265025
03-27 21:41:30.327 28674 28674 W View : requestLayout() improperly called by com.mbwhatsapp.TextEmojiLabel{7b12ec0 VFED..C.. ......ID 0,0-325,56 #7f0b06ab app:id/conversation_contact_name} during layout: running second layout pass
03-27 21:41:30.461 28674 28674 W View : requestLayout() improperly called by com.mbwhatsapp.TextEmojiLabel{7b12ec0 VFED..C.. ......ID 0,0-325,56 #7f0b06ab app:id/conversation_contact_name} during layout: running second layout pass
03-27 21:41:30.507 28674 28674 W View : requestLayout() improperly called by com.mbwhatsapp.TextEmojiLabel{7b12ec0 VFED..C.. ......ID 0,0-325,56 #7f0b06ab app:id/conversation_contact_name} during layout: running second layout pass
03-27 21:41:33.857 28674 28674 W View : requestLayout() improperly called by com.mbwhatsapp.TextEmojiLabel{7b12ec0 VFED..C.. ......ID 0,0-325,56 #7f0b06ab app:id/conversation_contact_name} during layout: running second layout pass
03-27 21:41:35.417 28674 28982 E FrameEvents: updateAcquireFence: Did not find frame.
03-27 21:41:35.782 28674 28674 W View : requestLayout() improperly called by com.mbwhatsapp.TextEmojiLabel{7b12ec0 VFED..C.. ......ID 0,0-325,56 #7f0b06ab app:id/conversation_contact_name} during layout: running second layout pass
03-27 21:41:35.958 28674 28674 W View : requestLayout() improperly called by com.mbwhatsapp.TextEmojiLabel{7b12ec0 VFED..C.. ......ID 0,0-325,56 #7f0b06ab app:id/conversation_contact_name} during layout: running second layout pass
03-27 21:41:38.872 28674 28674 W View : requestLayout() improperly called by com.mbwhatsapp.TextEmojiLabel{7b12ec0 VFED..C.. ......ID 0,0-325,56 #7f0b06ab app:id/conversation_contact_name} during layout: running second layout pass
03-27 21:41:40.792 28674 28674 W View : requestLayout() improperly called by com.mbwhatsapp.TextEmojiLabel{7b12ec0 VFED..C.. ......ID 0,0-325,56 #7f0b06ab app:id/conversation_contact_name} during layout: running second layout pass
03-27 21:41:41.598 28674 28674 W View : requestLayout() improperly called by com.mbwhatsapp.TextEmojiLabel{7b12ec0 VFED..C.. ......ID 0,0-325,56 #7f0b06ab app:id/conversation_contact_name} during layout: running second layout pass
03-27 21:41:42.788 28674 28674 W View : requestLayout() improperly called by com.mbwhatsapp.TextEmojiLabel{7b12ec0 VFED..C.. ......ID 0,0-325,56 #7f0b06ab app:id/conversation_contact_name} during layout: running second layout pass
03-27 21:41:44.740 28674 28674 W View : requestLayout() improperly called by com.mbwhatsapp.TextEmojiLabel{7b12ec0 VFED..C.. ......ID 0,0-325,56 #7f0b06ab app:id/conversation_contact_name} during layout: running second layout pass
03-27 21:41:44.758 28674 28674 W ResourceType: Bad XML block: header size 18254 or total size 169478669 is larger than data size 196
03-27 21:41:44.789 28674 28674 W View : requestLayout() improperly called by com.mbwhatsapp.TextEmojiLabel{7b12ec0 VFED..C.. ......ID 0,0-325,56 #7f0b06ab app:id/conversation_contact_name} during layout: running second layout pass
03-27 21:41:44.840 28674 28674 W View : requestLayout() improperly called by com.mbwhatsapp.TextEmojiLabel{7b12ec0 VFED..C.. ......ID 0,0-325,56 #7f0b06ab app:id/conversation_contact_name} during layout: running second layout pass
03-27 21:41:46.911 28674 3004 W SQLiteLog: (28) double-quoted string literal: "16B59D2786D78C79EE8C4FCDD8BC16BB"
03-27 21:41:46.911 28674 3004 W SQLiteLog: (28) double-quoted string literal: "C0F4033A8AB92ADCAB034F19B976E7D3"
03-27 21:41:46.911 28674 3004 W SQLiteLog: (28) double-quoted string literal: "9F0DF2C050DC90A336B2A898F0E5A3A5"
03-27 21:41:47.116 28674 28758 E SQLiteDatabase: Error inserting dirty_version=-1 version=0 lt_hash=null collection_name=regular_high
03-27 21:41:47.116 28674 28758 E SQLiteDatabase: android.database.sqlite.SQLiteConstraintException: UNIQUE constraint failed: collection_versions.collection_name (code 1555 SQLITE_CONSTRAINT_PRIMARYKEY[1555])
03-27 21:41:47.116 28674 28758 E SQLiteDatabase: at android.database.sqlite.SQLiteConnection.nativeExecuteForLastInsertedRowId(Native Method)
03-27 21:41:47.116 28674 28758 E SQLiteDatabase: at android.database.sqlite.SQLiteConnection.executeForLastInsertedRowId(SQLiteConnecti on.java:1232)
03-27 21:41:47.116 28674 28758 E SQLiteDatabase: at android.database.sqlite.SQLiteSession.executeForLastInsertedRowId(SQLiteSession.jav a:790)
03-27 21:41:47.116 28674 28758 E SQLiteDatabase: at android.database.sqlite.SQLiteStatement.executeInsert(SQLiteStatement.java:89)
03-27 21:41:47.116 28674 28758 E SQLiteDatabase: at android.database.sqlite.SQLiteDatabase.insertWithOnConflict(SQLiteDatabase.java:224 4)
03-27 21:41:47.116 28674 28758 E SQLiteDatabase: at android.database.sqlite.SQLiteDatabase.insert(SQLiteDatabase.java:2113)
03-27 21:41:47.116 28674 28758 E SQLiteDatabase: at X.2tm.A08(Unknown Source:6)
03-27 21:41:47.116 28674 28758 E SQLiteDatabase: at X.2sR.A03(Unknown Source:39)
03-27 21:41:47.116 28674 28758 E SQLiteDatabase: at X.2sR.A05(Unknown Source:14)
03-27 21:41:47.116 28674 28758 E SQLiteDatabase: at X.3eA.run(Unknown Source:2101)
03-27 21:41:47.116 28674 28758 E SQLiteDatabase: at java.util.concurrent.ThreadPoolExecutor.runWorker(ThreadPoolExecutor.java:1145)
03-27 21:41:47.116 28674 28758 E SQLiteDatabase: at java.util.concurrent.ThreadPoolExecutor$Worker.run(ThreadPoolExecutor.java:644)
03-27 21:41:47.116 28674 28758 E SQLiteDatabase: at X.3gH.run(Unknown Source:1548)
03-27 21:41:47.116 28674 28758 E SQLiteDatabase: at java.lang.Thread.run(Thread.java:1012)
03-27 21:41:47.119 28674 28758 E SQLiteDatabase: Error inserting dirty_version=-1 version=0 lt_hash=null collection_name=regular_low
03-27 21:41:47.119 28674 28758 E SQLiteDatabase: android.database.sqlite.SQLiteConstraintException: UNIQUE constraint failed: collection_versions.collection_name (code 1555 SQLITE_CONSTRAINT_PRIMARYKEY[1555])
03-27 21:41:47.119 28674 28758 E SQLiteDatabase: at android.database.sqlite.SQLiteConnection.nativeExecuteForLastInsertedRowId(Native Method)
03-27 21:41:47.119 28674 28758 E SQLiteDatabase: at android.database.sqlite.SQLiteConnection.executeForLastInsertedRowId(SQLiteConnecti on.java:1232)
03-27 21:41:47.119 28674 28758 E SQLiteDatabase: at android.database.sqlite.SQLiteSession.executeForLastInsertedRowId(SQLiteSession.jav a:790)
03-27 21:41:47.119 28674 28758 E SQLiteDatabase: at android.database.sqlite.SQLiteStatement.executeInsert(SQLiteStatement.java:89)
03-27 21:41:47.119 28674 28758 E SQLiteDatabase: at android.database.sqlite.SQLiteDatabase.insertWithOnConflict(SQLiteDatabase.java:224 4)
03-27 21:41:47.119 28674 28758 E SQLiteDatabase: at android.database.sqlite.SQLiteDatabase.insert(SQLiteDatabase.java:2113)
03-27 21:41:47.119 28674 28758 E SQLiteDatabase: at X.2tm.A08(Unknown Source:6)
03-27 21:41:47.119 28674 28758 E SQLiteDatabase: at X.2sR.A03(Unknown Source:39)
03-27 21:41:47.119 28674 28758 E SQLiteDatabase: at X.2sR.A05(Unknown Source:14)
03-27 21:41:47.119 28674 28758 E SQLiteDatabase: at X.3eA.run(Unknown Source:2101)
03-27 21:41:47.119 28674 28758 E SQLiteDatabase: at java.util.concurrent.ThreadPoolExecutor.runWorker(ThreadPoolExecutor.java:1145)
03-27 21:41:47.119 28674 28758 E SQLiteDatabase: at java.util.concurrent.ThreadPoolExecutor$Worker.run(ThreadPoolExecutor.java:644)
03-27 21:41:47.119 28674 28758 E SQLiteDatabase: at X.3gH.run(Unknown Source:1548)
03-27 21:41:47.119 28674 28758 E SQLiteDatabase: at java.lang.Thread.run(Thread.java:1012)
03-27 21:41:49.702 28674 28674 E ArmVmp : Match on catch block at 0x0a in for 0x7af2265035
03-27 21:41:49.708 28674 28674 E ArmVmp : Match on catch block at 0x0a in for 0x7af2265035
03-27 21:41:49.836 28674 28674 E ArmVmp : Match on catch block at 0xc3 in for 0x7af2265021
03-27 21:41:49.838 28674 28674 E ArmVmp : Match on catch block at 0xc3 in for 0x7af2265021
03-27 21:41:49.896 28674 28674 E ArmVmp : Match on catch block at 0xc3 in for 0x7af2265025
03-27 21:41:49.898 28674 28674 E ArmVmp : Match on catch block at 0xc3 in for 0x7af2265025
03-27 21:41:49.935 28674 28674 E ArmVmp : Match on catch block at 0xc3 in for 0x7af2265025
03-27 21:41:49.937 28674 28674 E ArmVmp : Match on catch block at 0xc3 in for 0x7af2265025
03-27 21:41:49.953 28674 28674 E ArmVmp : Match on catch block at 0xc3 in for 0x7af2265025
03-27 21:41:49.956 28674 28674 E ArmVmp : Match on catch block at 0xc3 in for 0x7af2265025
03-27 21:41:50.859 28674 28674 E ArmVmp : Match on catch block at 0xc3 in for 0x7af2265025
03-27 21:41:50.864 28674 28674 E ArmVmp : Match on catch block at 0xc3 in for 0x7af2265025
03-27 21:41:50.892 28674 28674 E ArmVmp : Match on catch block at 0xc3 in for 0x7af2265025
03-27 21:41:50.894 28674 28674 E ArmVmp : Match on catch block at 0xc3 in for 0x7af2265025
03-27 21:41:50.906 28674 28982 E FrameEvents: updateAcquireFence: Did not find frame.
03-27 21:41:51.032 28674 28674 W ResourceType: Bad XML block: header size 18254 or total size 169478669 is larger than data size 231
03-27 21:41:51.035 28674 28674 W ResourceType: Bad XML block: header size 18254 or total size 169478669 is larger than data size 431
03-27 21:41:51.046 28674 28674 W ResourceType: Bad XML block: header size 18254 or total size 169478669 is larger than data size 376
03-27 21:41:51.050 28674 28674 W ResourceType: Bad XML block: header size 18254 or total size 169478669 is larger than data size 168
03-27 21:41:51.056 28674 28674 W ResourceType: Bad XML block: header size 18254 or total size 169478669 is larger than data size 571
03-27 21:41:51.063 28674 28674 W ResourceType: Bad XML block: header size 18254 or total size 169478669 is larger than data size 193
03-27 21:41:51.067 28674 28674 W ResourceType: Bad XML block: header size 18254 or total size 169478669 is larger than data size 363
03-27 21:41:51.070 28674 28674 W ResourceType: Bad XML block: header size 18254 or total size 169478669 is larger than data size 630
03-27 21:41:51.074 28674 28674 W ResourceType: Bad XML block: header size 18254 or total size 169478669 is larger than data size 313
03-27 21:41:51.078 28674 28674 W ResourceType: Bad XML block: header size 18254 or total size 169478669 is larger than data size 630
03-27 21:41:51.081 28674 28674 W ResourceType: Bad XML block: header size 18254 or total size 169478669 is larger than data size 457
03-27 21:41:51.084 28674 28674 W ResourceType: Bad XML block: header size 18254 or total size 169478669 is larger than data size 343
03-27 21:41:51.111 28674 28674 W ResourceType: Bad XML block: header size 18254 or total size 169478669 is larger than data size 325
03-27 21:41:51.114 28674 28674 W ResourceType: Bad XML block: header size 18254 or total size 169478669 is larger than data size 293
03-27 21:41:51.118 28674 28674 W SQLiteLog: (28) double-quoted string literal: "19"
03-27 21:41:51.118 28674 28674 W SQLiteLog: (28) double-quoted string literal: "19"
03-27 21:41:51.141 28674 28674 W ResourceType: Bad XML block: header size 18254 or total size 169478669 is larger than data size 325
03-27 21:41:51.192 28674 28674 W View : requestLayout() improperly called by android.widget.Space{5145761 I.ED..... ......I. 21,63-28,70 #7f0b00ba app:id/action_tile_spacing} during layout: running second layout pass
03-27 21:41:51.192 28674 28674 W View : requestLayout() improperly called by android.widget.Space{24ef286 I.ED..... ......I. 21,63-28,70 #7f0b00ba app:id/action_tile_spacing} during layout: running second layout pass
03-27 21:41:51.198 28674 28674 E ArmVmp : Match on catch block at 0xc3 in for 0x7af2265025
03-27 21:41:51.200 28674 28674 E ArmVmp : Match on catch block at 0xc3 in for 0x7af2265025
03-27 21:41:51.227 28674 28674 E ArmVmp : Match on catch block at 0xc3 in for 0x7af2265025
03-27 21:41:51.229 28674 28674 E ArmVmp : Match on catch block at 0xc3 in for 0x7af2265025
03-27 21:41:51.307 28674 28674 E ArmVmp : Match on catch block at 0xc3 in for 0x7af2265025
03-27 21:41:51.310 28674 28674 E ArmVmp : Match on catch block at 0xc3 in for 0x7af2265025
03-27 21:41:51.580 28674 28674 E ArmVmp : Match on catch block at 0xc3 in for 0x7af2265025
03-27 21:41:51.583 28674 28674 E ArmVmp : Match on catch block at 0xc3 in for 0x7af2265025
03-27 21:41:52.436 28674 28674 W View : requestLayout() improperly called by com.mbwhatsapp.TextEmojiLabel{cc22570 VFED..C.. ......ID 0,0-371,56 #7f0b06ab app:id/conversation_contact_name} during layout: running second layout pass
03-27 21:41:52.479 28674 28674 W View : requestLayout() improperly called by com.mbwhatsapp.TextEmojiLabel{cc22570 VFED..C.. ......ID 0,0-371,56 #7f0b06ab app:id/conversation_contact_name} during layout: running second layout pass
03-27 21:41:52.530 28674 28674 W View : requestLayout() improperly called by com.mbwhatsapp.TextEmojiLabel{cc22570 VFED..C.. ......ID 0,0-371,56 #7f0b06ab app:id/conversation_contact_name} during layout: running second layout pass
03-27 21:41:52.599 28674 28674 W View : requestLayout() improperly called by com.mbwhatsapp.TextEmojiLabel{cc22570 VFED..C.. ......ID 0,0-371,56 #7f0b06ab app:id/conversation_contact_name} during layout: running second layout pass
03-27 21:41:57.263 28674 28674 E ArmVmp : Match on catch block at 0x0a in for 0x7af2265035
03-27 21:41:57.270 28674 28674 E ArmVmp : Match on catch block at 0x0a in for 0x7af2265035
03-27 21:41:57.322 28674 28674 E ArmVmp : Match on catch block at 0xc3 in for 0x7af2265025
03-27 21:41:57.325 28674 28674 E ArmVmp : Match on catch block at 0xc3 in for 0x7af2265025
03-27 21:41:57.330 28674 28982 E FrameEvents: updateAcquireFence: Did not find frame.
03-27 21:41:57.341 28674 28674 E ArmVmp : Match on catch block at 0xc3 in for 0x7af2265025
03-27 21:41:57.344 28674 28674 E ArmVmp : Match on catch block at 0xc3 in for 0x7af2265025
03-27 21:41:57.364 28674 28674 E ArmVmp : Match on catch block at 0xc3 in for 0x7af2265025
03-27 21:41:57.366 28674 28674 E ArmVmp : Match on catch block at 0xc3 in for 0x7af2265025
03-27 21:41:57.721 28674 28674 E ArmVmp : Match on catch block at 0xc3 in for 0x7af2265025
03-27 21:41:57.724 28674 28674 E ArmVmp : Match on catch block at 0xc3 in for 0x7af2265025
03-27 21:41:57.740 28674 28674 E ArmVmp : Match on catch block at 0xc3 in for 0x7af2265025
03-27 21:41:57.743 28674 28674 E ArmVmp : Match on catch block at 0xc3 in for 0x7af2265025
03-27 21:41:57.759 28674 28674 E ArmVmp : Match on catch block at 0xc3 in for 0x7af2265025
03-27 21:41:57.761 28674 28674 E ArmVmp : Match on catch block at 0xc3 in for 0x7af2265025
03-27 21:41:57.862 28674 28674 E ArmVmp : Match on catch block at 0xc3 in for 0x7af2265025
03-27 21:41:57.864 28674 28674 E ArmVmp : Match on catch block at 0xc3 in for 0x7af2265025
03-27 21:41:57.868 28674 28684 W System : A resource failed to call close.
03-27 21:41:57.868 28674 28684 W System : A resource failed to call close.
03-27 21:41:57.869 28674 28684 W System : A resource failed to call close.
03-27 21:41:57.869 28674 28684 W System : A resource failed to call close.
03-27 21:41:57.871 28674 28684 W System : A resource failed to call close.
03-27 21:41:57.883 28674 28684 W System : A resource failed to call close.
03-27 21:41:57.883 28674 28684 W System : A resource failed to call close.
03-27 21:41:57.928 28674 28674 E ArmVmp : Match on catch block at 0xc3 in for 0x7af2265025
03-27 21:41:57.931 28674 28674 E ArmVmp : Match on catch block at 0xc3 in for 0x7af2265025
03-27 21:41:57.938 28674 28674 E ArmVmp : Match on catch block at 0xc3 in for 0x7af2265025
03-27 21:41:57.941 28674 28674 E ArmVmp : Match on catch block at 0xc3 in for 0x7af2265025
03-27 21:41:58.386 28674 28674 E ArmVmp : Match on catch block at 0xc3 in for 0x7af2265025
03-27 21:41:58.389 28674 28674 E ArmVmp : Match on catch block at 0xc3 in for 0x7af2265025
03-27 21:42:00.072 28674 28674 E ArmVmp : Match on catch block at 0x0a in for 0x7af2265035
03-27 21:42:00.079 28674 28674 E ArmVmp : Match on catch block at 0x0a in for 0x7af2265035
03-27 21:42:00.188 28674 28674 E ArmVmp : Match on catch block at 0xc3 in for 0x7af2265021
03-27 21:42:00.191 28674 28674 E ArmVmp : Match on catch block at 0xc3 in for 0x7af2265021
03-27 21:42:00.274 28674 28674 E ArmVmp : Match on catch block at 0xc3 in for 0x7af2265025
03-27 21:42:00.276 28674 28674 E ArmVmp : Match on catch block at 0xc3 in for 0x7af2265025
03-27 21:42:00.346 28674 28674 E ArmVmp : Match on catch block at 0xc3 in for 0x7af2265025
03-27 21:42:00.348 28674 28674 E ArmVmp : Match on catch block at 0xc3 in for 0x7af2265025
03-27 21:42:00.365 28674 28674 E ArmVmp : Match on catch block at 0xc3 in for 0x7af2265025
03-27 21:42:00.367 28674 28674 E ArmVmp : Match on catch block at 0xc3 in for 0x7af2265025
03-27 21:42:00.802 28674 28674 E ArmVmp : Match on catch block at 0xc3 in for 0x7af2265025
03-27 21:42:00.805 28674 28674 E ArmVmp : Match on catch block at 0xc3 in for 0x7af2265025
03-27 21:42:01.004 28674 28674 E ArmVmp : Match on catch block at 0xc3 in for 0x7af2265025
03-27 21:42:01.007 28674 28674 E ArmVmp : Match on catch block at 0xc3 in for 0x7af2265025
03-27 21:42:01.035 28674 28674 E ArmVmp : Match on catch block at 0xc3 in for 0x7af2265025
03-27 21:42:01.037 28674 28674 E ArmVmp : Match on catch block at 0xc3 in for 0x7af2265025
03-27 21:42:01.048 28674 28982 E FrameEvents: updateAcquireFence: Did not find frame.
03-27 21:42:01.173 28674 28674 W ResourceType: Bad XML block: header size 18254 or total size 169478669 is larger than data size 231
03-27 21:42:01.177 28674 28674 W ResourceType: Bad XML block: header size 18254 or total size 169478669 is larger than data size 431
03-27 21:42:01.187 28674 28674 W ResourceType: Bad XML block: header size 18254 or total size 169478669 is larger than data size 376
03-27 21:42:01.191 28674 28674 W ResourceType: Bad XML block: header size 18254 or total size 169478669 is larger than data size 168
03-27 21:42:01.197 28674 28674 W ResourceType: Bad XML block: header size 18254 or total size 169478669 is larger than data size 571
03-27 21:42:01.204 28674 28674 W ResourceType: Bad XML block: header size 18254 or total size 169478669 is larger than data size 193
03-27 21:42:01.208 28674 28674 W ResourceType: Bad XML block: header size 18254 or total size 169478669 is larger than data size 363
03-27 21:42:01.211 28674 28674 W ResourceType: Bad XML block: header size 18254 or total size 169478669 is larger than data size 630
03-27 21:42:01.215 28674 28674 W ResourceType: Bad XML block: header size 18254 or total size 169478669 is larger than data size 313
03-27 21:42:01.218 28674 28674 W ResourceType: Bad XML block: header size 18254 or total size 169478669 is larger than data size 630
03-27 21:42:01.221 28674 28674 W ResourceType: Bad XML block: header size 18254 or total size 169478669 is larger than data size 457
03-27 21:42:01.225 28674 28674 W ResourceType: Bad XML block: header size 18254 or total size 169478669 is larger than data size 343
03-27 21:42:01.252 28674 28674 W ResourceType: Bad XML block: header size 18254 or total size 169478669 is larger than data size 325
03-27 21:42:01.256 28674 28674 W ResourceType: Bad XML block: header size 18254 or total size 169478669 is larger than data size 293
03-27 21:42:01.259 28674 28674 W SQLiteLog: (28) double-quoted string literal: "25"
03-27 21:42:01.259 28674 28674 W SQLiteLog: (28) double-quoted string literal: "25"
03-27 21:42:01.300 28674 28674 W ResourceType: Bad XML block: header size 18254 or total size 169478669 is larger than data size 325
03-27 21:42:01.330 28674 28674 E ArmVmp : Match on catch block at 0xc3 in for 0x7af2265025
03-27 21:42:01.332 28674 28674 E ArmVmp : Match on catch block at 0xc3 in for 0x7af2265025
03-27 21:42:01.369 28674 28674 W View : requestLayout() improperly called by android.widget.Space{c1e9855 I.ED..... ......I. 21,63-28,70 #7f0b00ba app:id/action_tile_spacing} during layout: running second layout pass
03-27 21:42:01.369 28674 28674 W View : requestLayout() improperly called by android.widget.Space{22ef26a I.ED..... ......I. 21,63-28,70 #7f0b00ba app:id/action_tile_spacing} during layout: running second layout pass
03-27 21:42:01.396 28674 28674 E ArmVmp : Match on catch block at 0xc3 in for 0x7af2265025
03-27 21:42:01.399 28674 28674 E ArmVmp : Match on catch block at 0xc3 in for 0x7af2265025
03-27 21:42:01.471 28674 28674 E ArmVmp : Match on catch block at 0xc3 in for 0x7af2265025
03-27 21:42:01.474 28674 28674 E ArmVmp : Match on catch block at 0xc3 in for 0x7af2265025
03-27 21:42:01.763 28674 28674 E ArmVmp : Match on catch block at 0xc3 in for 0x7af2265025
03-27 21:42:01.766 28674 28674 E ArmVmp : Match on catch block at 0xc3 in for 0x7af2265025
03-27 21:42:02.652 28674 28674 W View : requestLayout() improperly called by com.mbwhatsapp.TextEmojiLabel{c0fdcd2 VFED..C.. ......ID 0,0-75,56 #7f0b06ab app:id/conversation_contact_name} during layout: running second layout pass
03-27 21:42:02.699 28674 28674 W View : requestLayout() improperly called by com.mbwhatsapp.TextEmojiLabel{c0fdcd2 VFED..C.. ......ID 0,0-75,56 #7f0b06ab app:id/conversation_contact_name} during layout: running second layout pass
03-27 21:42:02.744 28674 28674 W View : requestLayout() improperly called by com.mbwhatsapp.TextEmojiLabel{c0fdcd2 VFED..C.. ......ID 0,0-75,56 #7f0b06ab app:id/conversation_contact_name} during layout: running second layout pass
03-27 21:42:02.798 28674 28674 W View : requestLayout() improperly called by com.mbwhatsapp.TextEmojiLabel{c0fdcd2 VFED..C.. ......ID 0,0-75,56 #7f0b06ab app:id/conversation_contact_name} during layout: running second layout pass
03-27 21:42:04.591 28674 28674 W ResourceType: Bad XML block: header size 18254 or total size 169478669 is larger than data size 196
03-27 21:42:04.612 28674 28674 W View : requestLayout() improperly called by com.mbwhatsapp.TextEmojiLabel{c0fdcd2 VFED..C.. ......ID 0,0-75,56 #7f0b06ab app:id/conversation_contact_name} during layout: running second layout pass
03-27 21:42:04.691 28674 28674 W View : requestLayout() improperly called by com.mbwhatsapp.TextEmojiLabel{c0fdcd2 VFED..C.. ......ID 0,0-75,56 #7f0b06ab app:id/conversation_contact_name} during layout: running second layout pass
03-27 21:42:04.890 28674 28674 W View : requestLayout() improperly called by com.mbwhatsapp.TextEmojiLabel{c0fdcd2 VFED..C.. ......ID 0,0-75,56 #7f0b06ab app:id/conversation_contact_name} during layout: running second layout pass
03-27 21:42:06.617 28674 3150 W SQLiteLog: (28) double-quoted string literal: "67D9C46F742A13F28224ECD3DF45CC66"
03-27 21:42:06.617 28674 3150 W SQLiteLog: (28) double-quoted string literal: "01EC189A4374263C9EAE53916A8CBE6D"
03-27 21:42:06.865 28674 28749 E SQLiteDatabase: Error inserting dirty_version=-1 version=0 lt_hash=null collection_name=regular_high
03-27 21:42:06.865 28674 28749 E SQLiteDatabase: android.database.sqlite.SQLiteConstraintException: UNIQUE constraint failed: collection_versions.collection_name (code 1555 SQLITE_CONSTRAINT_PRIMARYKEY[1555])
03-27 21:42:06.865 28674 28749 E SQLiteDatabase: at android.database.sqlite.SQLiteConnection.nativeExecuteForLastInsertedRowId(Native Method)
03-27 21:42:06.865 28674 28749 E SQLiteDatabase: at android.database.sqlite.SQLiteConnection.executeForLastInsertedRowId(SQLiteConnecti on.java:1232)
03-27 21:42:06.865 28674 28749 E SQLiteDatabase: at android.database.sqlite.SQLiteSession.executeForLastInsertedRowId(SQLiteSession.jav a:790)
03-27 21:42:06.865 28674 28749 E SQLiteDatabase: at android.database.sqlite.SQLiteStatement.executeInsert(SQLiteStatement.java:89)
03-27 21:42:06.865 28674 28749 E SQLiteDatabase: at android.database.sqlite.SQLiteDatabase.insertWithOnConflict(SQLiteDatabase.java:224 4)
