03-27 21:39:07.248 28674 1014 E SQLiteDatabase: at android.database.sqlite.SQLiteSession.executeForLastInsertedRowId(SQLiteSession.jav a:790)
03-27 21:39:07.248 28674 1014 E SQLiteDatabase: at android.database.sqlite.SQLiteStatement.executeInsert(SQLiteStatement.java:89)
03-27 21:39:07.248 28674 1014 E SQLiteDatabase: at android.database.sqlite.SQLiteDatabase.insertWithOnConflict(SQLiteDatabase.java:224 4)
03-27 21:39:07.248 28674 1014 E SQLiteDatabase: at android.database.sqlite.SQLiteDatabase.insert(SQLiteDatabase.java:2113)
03-27 21:39:07.248 28674 1014 E SQLiteDatabase: at X.2tm.A08(Unknown Source:6)
03-27 21:39:07.248 28674 1014 E SQLiteDatabase: at X.2sR.A03(Unknown Source:39)
03-27 21:39:07.248 28674 1014 E SQLiteDatabase: at X.2sR.A05(Unknown Source:14)
03-27 21:39:07.248 28674 1014 E SQLiteDatabase: at X.3eA.run(Unknown Source:2101)
03-27 21:39:07.248 28674 1014 E SQLiteDatabase: at java.util.concurrent.ThreadPoolExecutor.runWorker(ThreadPoolExecutor.java:1145)
03-27 21:39:07.248 28674 1014 E SQLiteDatabase: at java.util.concurrent.ThreadPoolExecutor$Worker.run(ThreadPoolExecutor.java:644)
03-27 21:39:07.248 28674 1014 E SQLiteDatabase: at X.3gH.run(Unknown Source:1548)
03-27 21:39:07.248 28674 1014 E SQLiteDatabase: at java.lang.Thread.run(Thread.java:1012)
03-27 21:39:10.121 28674 28674 E ArmVmp : Match on catch block at 0x0a in for 0x7af2265035
03-27 21:39:10.128 28674 28674 E ArmVmp : Match on catch block at 0x0a in for 0x7af2265035
03-27 21:39:10.247 28674 28674 E ArmVmp : Match on catch block at 0xc3 in for 0x7af2265021
03-27 21:39:10.249 28674 28674 E ArmVmp : Match on catch block at 0xc3 in for 0x7af2265021
03-27 21:39:10.309 28674 28674 E ArmVmp : Match on catch block at 0xc3 in for 0x7af2265025
03-27 21:39:10.311 28674 28674 E ArmVmp : Match on catch block at 0xc3 in for 0x7af2265025
03-27 21:39:10.333 28674 28674 E ArmVmp : Match on catch block at 0xc3 in for 0x7af2265025
03-27 21:39:10.336 28674 28674 E ArmVmp : Match on catch block at 0xc3 in for 0x7af2265025
03-27 21:39:10.415 28674 28674 E ArmVmp : Match on catch block at 0xc3 in for 0x7af2265025
03-27 21:39:10.417 28674 28674 E ArmVmp : Match on catch block at 0xc3 in for 0x7af2265025
03-27 21:39:10.426 28674 28674 E ArmVmp : Match on catch block at 0xc3 in for 0x7af2265025
03-27 21:39:10.428 28674 28674 E ArmVmp : Match on catch block at 0xc3 in for 0x7af2265025
03-27 21:39:10.884 28674 28674 E ArmVmp : Match on catch block at 0xc3 in for 0x7af2265025
03-27 21:39:10.887 28674 28674 E ArmVmp : Match on catch block at 0xc3 in for 0x7af2265025
03-27 21:39:11.088 28674 28674 E ArmVmp : Match on catch block at 0xc3 in for 0x7af2265025
03-27 21:39:11.092 28674 28674 E ArmVmp : Match on catch block at 0xc3 in for 0x7af2265025
03-27 21:39:11.121 28674 28674 E ArmVmp : Match on catch block at 0xc3 in for 0x7af2265025
03-27 21:39:11.123 28674 28674 E ArmVmp : Match on catch block at 0xc3 in for 0x7af2265025
03-27 21:39:11.135 28674 28982 E FrameEvents: updateAcquireFence: Did not find frame.
03-27 21:39:11.268 28674 28674 W ResourceType: Bad XML block: header size 18254 or total size 169478669 is larger than data size 231
03-27 21:39:11.272 28674 28674 W ResourceType: Bad XML block: header size 18254 or total size 169478669 is larger than data size 431
03-27 21:39:11.283 28674 28674 W ResourceType: Bad XML block: header size 18254 or total size 169478669 is larger than data size 376
03-27 21:39:11.287 28674 28674 W ResourceType: Bad XML block: header size 18254 or total size 169478669 is larger than data size 168
03-27 21:39:11.294 28674 28674 W ResourceType: Bad XML block: header size 18254 or total size 169478669 is larger than data size 571
03-27 21:39:11.301 28674 28674 W ResourceType: Bad XML block: header size 18254 or total size 169478669 is larger than data size 193
03-27 21:39:11.306 28674 28674 W ResourceType: Bad XML block: header size 18254 or total size 169478669 is larger than data size 363
03-27 21:39:11.311 28674 28674 W ResourceType: Bad XML block: header size 18254 or total size 169478669 is larger than data size 630
03-27 21:39:11.316 28674 28674 W ResourceType: Bad XML block: header size 18254 or total size 169478669 is larger than data size 313
03-27 21:39:11.321 28674 28674 W ResourceType: Bad XML block: header size 18254 or total size 169478669 is larger than data size 630
03-27 21:39:11.326 28674 28674 W ResourceType: Bad XML block: header size 18254 or total size 169478669 is larger than data size 457
03-27 21:39:11.331 28674 28674 W ResourceType: Bad XML block: header size 18254 or total size 169478669 is larger than data size 343
03-27 21:39:11.371 28674 28674 W ResourceType: Bad XML block: header size 18254 or total size 169478669 is larger than data size 325
03-27 21:39:11.376 28674 28674 W ResourceType: Bad XML block: header size 18254 or total size 169478669 is larger than data size 293
03-27 21:39:11.381 28674 28674 W SQLiteLog: (28) double-quoted string literal: "32"
03-27 21:39:11.381 28674 28674 W SQLiteLog: (28) double-quoted string literal: "32"
03-27 21:39:11.428 28674 28674 W ResourceType: Bad XML block: header size 18254 or total size 169478669 is larger than data size 325
03-27 21:39:11.490 28674 28674 W View : requestLayout() improperly called by android.widget.Space{8894fd5 I.ED..... ......I. 21,63-28,70 #7f0b00ba app:id/action_tile_spacing} during layout: running second layout pass
03-27 21:39:11.490 28674 28674 W View : requestLayout() improperly called by android.widget.Space{c8813ea I.ED..... ......I. 21,63-28,70 #7f0b00ba app:id/action_tile_spacing} during layout: running second layout pass
03-27 21:39:11.490 28674 28674 W View : requestLayout() improperly called by android.widget.Space{cfdf6db I.ED..... ......I. 21,63-28,70 #7f0b00ba app:id/action_tile_spacing} during layout: running second layout pass
03-27 21:39:11.490 28674 28674 W View : requestLayout() improperly called by android.widget.Space{1bb0578 I.ED..... ......I. 21,63-28,70 #7f0b00ba app:id/action_tile_spacing} during layout: running second layout pass
03-27 21:39:11.496 28674 28674 E ArmVmp : Match on catch block at 0xc3 in for 0x7af2265025
03-27 21:39:11.498 28674 28674 E ArmVmp : Match on catch block at 0xc3 in for 0x7af2265025
03-27 21:39:11.502 28674 28674 W ResourceType: Bad XML block: header size 18254 or total size 169478669 is larger than data size 547
03-27 21:39:11.528 28674 28674 E ArmVmp : Match on catch block at 0xc3 in for 0x7af2265025
03-27 21:39:11.530 28674 28674 E ArmVmp : Match on catch block at 0xc3 in for 0x7af2265025
03-27 21:39:11.621 28674 28674 E ArmVmp : Match on catch block at 0xc3 in for 0x7af2265025
03-27 21:39:11.624 28674 28674 E ArmVmp : Match on catch block at 0xc3 in for 0x7af2265025
03-27 21:39:11.890 28674 28674 E ArmVmp : Match on catch block at 0xc3 in for 0x7af2265025
03-27 21:39:11.893 28674 28674 E ArmVmp : Match on catch block at 0xc3 in for 0x7af2265025
03-27 21:39:16.744 28674 28674 W ResourceType: Bad XML block: header size 18254 or total size 169478669 is larger than data size 196
03-27 21:39:16.774 28674 28674 W View : requestLayout() improperly called by android.widget.FrameLayout{faf3fd9 V.E...... ......ID 0,0-720,98 #7f0b194b app:id/subject_layout} during layout: running second layout pass
03-27 21:39:16.774 28674 28674 W View : requestLayout() improperly called by android.widget.FrameLayout{659b3f2 V.E...... ......ID 0,0-720,98 #7f0b0c0c app:id/header} during layout: running second layout pass
03-27 21:39:16.774 28674 28674 W View : requestLayout() improperly called by com.mbwhatsapp.WaImageView{d8ff9fa V.ED..... ......I. 0,0-720,98 #7f0b1319 app:id/picture} during layout: running second layout pass
03-27 21:39:16.775 28674 28674 W View : requestLayout() improperly called by android.view.View{8757da1 V.ED..... ......ID 0,0-720,98 #7f0b1304 app:id/photo_overlay} during layout: running second layout pass
03-27 21:39:18.354 28674 3150 W SQLiteLog: (28) double-quoted string literal: "4F0449B022E8BB235E62537ECEFE4033"
03-27 21:39:18.354 28674 3150 W SQLiteLog: (28) double-quoted string literal: "C9A986D803875990EC346066CB141AC7"
03-27 21:39:18.653 28674 28764 E SQLiteDatabase: Error inserting dirty_version=-1 version=0 lt_hash=null collection_name=regular_high
03-27 21:39:18.653 28674 28764 E SQLiteDatabase: android.database.sqlite.SQLiteConstraintException: UNIQUE constraint failed: collection_versions.collection_name (code 1555 SQLITE_CONSTRAINT_PRIMARYKEY[1555])
03-27 21:39:18.653 28674 28764 E SQLiteDatabase: at android.database.sqlite.SQLiteConnection.nativeExecuteForLastInsertedRowId(Native Method)
03-27 21:39:18.653 28674 28764 E SQLiteDatabase: at android.database.sqlite.SQLiteConnection.executeForLastInsertedRowId(SQLiteConnecti on.java:1232)
03-27 21:39:18.653 28674 28764 E SQLiteDatabase: at android.database.sqlite.SQLiteSession.executeForLastInsertedRowId(SQLiteSession.jav a:790)
03-27 21:39:18.653 28674 28764 E SQLiteDatabase: at android.database.sqlite.SQLiteStatement.executeInsert(SQLiteStatement.java:89)
03-27 21:39:18.653 28674 28764 E SQLiteDatabase: at android.database.sqlite.SQLiteDatabase.insertWithOnConflict(SQLiteDatabase.java:224 4)
03-27 21:39:18.653 28674 28764 E SQLiteDatabase: at android.database.sqlite.SQLiteDatabase.insert(SQLiteDatabase.java:2113)
03-27 21:39:18.653 28674 28764 E SQLiteDatabase: at X.2tm.A08(Unknown Source:6)
03-27 21:39:18.653 28674 28764 E SQLiteDatabase: at X.2sR.A03(Unknown Source:39)
03-27 21:39:18.653 28674 28764 E SQLiteDatabase: at X.2sR.A05(Unknown Source:14)
03-27 21:39:18.653 28674 28764 E SQLiteDatabase: at X.3eA.run(Unknown Source:2101)
03-27 21:39:18.653 28674 28764 E SQLiteDatabase: at java.util.concurrent.ThreadPoolExecutor.runWorker(ThreadPoolExecutor.java:1145)
03-27 21:39:18.653 28674 28764 E SQLiteDatabase: at java.util.concurrent.ThreadPoolExecutor$Worker.run(ThreadPoolExecutor.java:644)
03-27 21:39:18.653 28674 28764 E SQLiteDatabase: at X.3gH.run(Unknown Source:1548)
03-27 21:39:18.653 28674 28764 E SQLiteDatabase: at java.lang.Thread.run(Thread.java:1012)
03-27 21:39:18.660 28674 28764 E SQLiteDatabase: Error inserting dirty_version=-1 version=0 lt_hash=null collection_name=regular_low
03-27 21:39:18.660 28674 28764 E SQLiteDatabase: android.database.sqlite.SQLiteConstraintException: UNIQUE constraint failed: collection_versions.collection_name (code 1555 SQLITE_CONSTRAINT_PRIMARYKEY[1555])
03-27 21:39:18.660 28674 28764 E SQLiteDatabase: at android.database.sqlite.SQLiteConnection.nativeExecuteForLastInsertedRowId(Native Method)
03-27 21:39:18.660 28674 28764 E SQLiteDatabase: at android.database.sqlite.SQLiteConnection.executeForLastInsertedRowId(SQLiteConnecti on.java:1232)
03-27 21:39:18.660 28674 28764 E SQLiteDatabase: at android.database.sqlite.SQLiteSession.executeForLastInsertedRowId(SQLiteSession.jav a:790)
03-27 21:39:18.660 28674 28764 E SQLiteDatabase: at android.database.sqlite.SQLiteStatement.executeInsert(SQLiteStatement.java:89)
03-27 21:39:18.660 28674 28764 E SQLiteDatabase: at android.database.sqlite.SQLiteDatabase.insertWithOnConflict(SQLiteDatabase.java:224 4)
03-27 21:39:18.660 28674 28764 E SQLiteDatabase: at android.database.sqlite.SQLiteDatabase.insert(SQLiteDatabase.java:2113)
03-27 21:39:18.660 28674 28764 E SQLiteDatabase: at X.2tm.A08(Unknown Source:6)
03-27 21:39:18.660 28674 28764 E SQLiteDatabase: at X.2sR.A03(Unknown Source:39)
03-27 21:39:18.660 28674 28764 E SQLiteDatabase: at X.2sR.A05(Unknown Source:14)
03-27 21:39:18.660 28674 28764 E SQLiteDatabase: at X.3eA.run(Unknown Source:2101)
03-27 21:39:18.660 28674 28764 E SQLiteDatabase: at java.util.concurrent.ThreadPoolExecutor.runWorker(ThreadPoolExecutor.java:1145)
03-27 21:39:18.660 28674 28764 E SQLiteDatabase: at java.util.concurrent.ThreadPoolExecutor$Worker.run(ThreadPoolExecutor.java:644)
03-27 21:39:18.660 28674 28764 E SQLiteDatabase: at X.3gH.run(Unknown Source:1548)
03-27 21:39:18.660 28674 28764 E SQLiteDatabase: at java.lang.Thread.run(Thread.java:1012)
03-27 21:39:21.379 28674 28674 E ArmVmp : Match on catch block at 0x0a in for 0x7af2265035
03-27 21:39:21.386 28674 28674 E ArmVmp : Match on catch block at 0x0a in for 0x7af2265035
03-27 21:39:21.517 28674 28674 E ArmVmp : Match on catch block at 0xc3 in for 0x7af2265021
03-27 21:39:21.519 28674 28674 E ArmVmp : Match on catch block at 0xc3 in for 0x7af2265021
03-27 21:39:21.557 28674 28674 E ArmVmp : Match on catch block at 0xc3 in for 0x7af2265025
03-27 21:39:21.560 28674 28674 E ArmVmp : Match on catch block at 0xc3 in for 0x7af2265025
03-27 21:39:21.595 28674 28674 E ArmVmp : Match on catch block at 0xc3 in for 0x7af2265025
03-27 21:39:21.598 28674 28674 E ArmVmp : Match on catch block at 0xc3 in for 0x7af2265025
03-27 21:39:21.669 28674 28674 E ArmVmp : Match on catch block at 0xc3 in for 0x7af2265025
03-27 21:39:21.671 28674 28674 E ArmVmp : Match on catch block at 0xc3 in for 0x7af2265025
03-27 21:39:21.679 28674 28674 E ArmVmp : Match on catch block at 0xc3 in for 0x7af2265025
03-27 21:39:21.682 28674 28674 E ArmVmp : Match on catch block at 0xc3 in for 0x7af2265025
03-27 21:39:22.132 28674 28674 E ArmVmp : Match on catch block at 0xc3 in for 0x7af2265025
03-27 21:39:22.135 28674 28674 E ArmVmp : Match on catch block at 0xc3 in for 0x7af2265025
03-27 21:39:22.166 28674 28674 E ArmVmp : Match on catch block at 0xc3 in for 0x7af2265025
03-27 21:39:22.168 28674 28674 E ArmVmp : Match on catch block at 0xc3 in for 0x7af2265025
03-27 21:39:22.193 28674 28674 E ArmVmp : Match on catch block at 0xc3 in for 0x7af2265025
03-27 21:39:22.195 28674 28674 E ArmVmp : Match on catch block at 0xc3 in for 0x7af2265025
03-27 21:39:22.207 28674 28982 E FrameEvents: updateAcquireFence: Did not find frame.
03-27 21:39:22.332 28674 28674 W ResourceType: Bad XML block: header size 18254 or total size 169478669 is larger than data size 231
03-27 21:39:22.336 28674 28674 W ResourceType: Bad XML block: header size 18254 or total size 169478669 is larger than data size 431
03-27 21:39:22.347 28674 28674 W ResourceType: Bad XML block: header size 18254 or total size 169478669 is larger than data size 376
03-27 21:39:22.351 28674 28674 W ResourceType: Bad XML block: header size 18254 or total size 169478669 is larger than data size 168
03-27 21:39:22.358 28674 28674 W ResourceType: Bad XML block: header size 18254 or total size 169478669 is larger than data size 571
03-27 21:39:22.365 28674 28674 W ResourceType: Bad XML block: header size 18254 or total size 169478669 is larger than data size 193
03-27 21:39:22.369 28674 28674 W ResourceType: Bad XML block: header size 18254 or total size 169478669 is larger than data size 363
03-27 21:39:22.373 28674 28674 W ResourceType: Bad XML block: header size 18254 or total size 169478669 is larger than data size 630
03-27 21:39:22.376 28674 28674 W ResourceType: Bad XML block: header size 18254 or total size 169478669 is larger than data size 313
03-27 21:39:22.379 28674 28674 W ResourceType: Bad XML block: header size 18254 or total size 169478669 is larger than data size 630
03-27 21:39:22.382 28674 28674 W ResourceType: Bad XML block: header size 18254 or total size 169478669 is larger than data size 457
03-27 21:39:22.386 28674 28674 W ResourceType: Bad XML block: header size 18254 or total size 169478669 is larger than data size 343
03-27 21:39:22.425 28674 28674 W ResourceType: Bad XML block: header size 18254 or total size 169478669 is larger than data size 325
03-27 21:39:22.430 28674 28674 W ResourceType: Bad XML block: header size 18254 or total size 169478669 is larger than data size 293
03-27 21:39:22.439 28674 28674 W SQLiteLog: (28) double-quoted string literal: "33"
03-27 21:39:22.439 28674 28674 W SQLiteLog: (28) double-quoted string literal: "33"
03-27 21:39:22.506 28674 28674 W ResourceType: Bad XML block: header size 18254 or total size 169478669 is larger than data size 325
03-27 21:39:22.571 28674 28674 W View : requestLayout() improperly called by android.widget.Space{8bc002d I.ED..... ......I. 21,63-28,70 #7f0b00ba app:id/action_tile_spacing} during layout: running second layout pass
03-27 21:39:22.571 28674 28674 W View : requestLayout() improperly called by android.widget.Space{fe7f962 I.ED..... ......I. 21,63-28,70 #7f0b00ba app:id/action_tile_spacing} during layout: running second layout pass
03-27 21:39:22.571 28674 28674 W View : requestLayout() improperly called by android.widget.Space{78d3af3 I.ED..... ......I. 21,63-28,70 #7f0b00ba app:id/action_tile_spacing} during layout: running second layout pass
03-27 21:39:22.571 28674 28674 W View : requestLayout() improperly called by android.widget.Space{a0a53b0 I.ED..... ......I. 21,63-28,70 #7f0b00ba app:id/action_tile_spacing} during layout: running second layout pass
03-27 21:39:22.577 28674 28674 E ArmVmp : Match on catch block at 0xc3 in for 0x7af2265025
03-27 21:39:22.579 28674 28674 E ArmVmp : Match on catch block at 0xc3 in for 0x7af2265025
03-27 21:39:22.583 28674 28674 W ResourceType: Bad XML block: header size 18254 or total size 169478669 is larger than data size 547
03-27 21:39:22.609 28674 28674 E ArmVmp : Match on catch block at 0xc3 in for 0x7af2265025
03-27 21:39:22.611 28674 28674 E ArmVmp : Match on catch block at 0xc3 in for 0x7af2265025
03-27 21:39:22.700 28674 28674 E ArmVmp : Match on catch block at 0xc3 in for 0x7af2265025
03-27 21:39:22.703 28674 28674 E ArmVmp : Match on catch block at 0xc3 in for 0x7af2265025
03-27 21:39:22.973 28674 28674 E ArmVmp : Match on catch block at 0xc3 in for 0x7af2265025
03-27 21:39:22.976 28674 28674 E ArmVmp : Match on catch block at 0xc3 in for 0x7af2265025
03-27 21:39:26.128 28674 28674 W ResourceType: Bad XML block: header size 18254 or total size 169478669 is larger than data size 196
03-27 21:39:26.155 28674 28674 W View : requestLayout() improperly called by com.mbwhatsapp.TextEmojiLabel{e5774ca VFED..C.. ......ID 0,0-165,56 #7f0b06ab app:id/conversation_contact_name} during layout: running second layout pass
03-27 21:39:26.204 28674 28674 W View : requestLayout() improperly called by com.mbwhatsapp.TextEmojiLabel{e5774ca VFED..C.. ......ID 0,0-165,56 #7f0b06ab app:id/conversation_contact_name} during layout: running second layout pass
03-27 21:39:26.214 28674 28674 W View : requestLayout() improperly called by com.mbwhatsapp.TextEmojiLabel{e5774ca VFED..C.. ......ID 0,0-165,56 #7f0b06ab app:id/conversation_contact_name} during layout: running second layout pass
03-27 21:39:27.676 28674 3269 W SQLiteLog: (28) double-quoted string literal: "47CA0318CD87722DD144CD5B13EBB5E7"
03-27 21:39:27.676 28674 3269 W SQLiteLog: (28) double-quoted string literal: "68944D561EFE886D8D41D5B89C6C4C6F"
03-27 21:39:27.676 28674 3269 W SQLiteLog: (28) double-quoted string literal: "ED72ACE197E9C5CD40F02539FF6E99BA"
03-27 21:39:27.966 28674 1014 E SQLiteDatabase: Error inserting dirty_version=-1 version=0 lt_hash=null collection_name=regular_high
03-27 21:39:27.966 28674 1014 E SQLiteDatabase: android.database.sqlite.SQLiteConstraintException: UNIQUE constraint failed: collection_versions.collection_name (code 1555 SQLITE_CONSTRAINT_PRIMARYKEY[1555])
03-27 21:39:27.966 28674 1014 E SQLiteDatabase: at android.database.sqlite.SQLiteConnection.nativeExecuteForLastInsertedRowId(Native Method)
03-27 21:39:27.966 28674 1014 E SQLiteDatabase: at android.database.sqlite.SQLiteConnection.executeForLastInsertedRowId(SQLiteConnecti on.java:1232)
03-27 21:39:27.966 28674 1014 E SQLiteDatabase: at android.database.sqlite.SQLiteSession.executeForLastInsertedRowId(SQLiteSession.jav a:790)
03-27 21:39:27.966 28674 1014 E SQLiteDatabase: at android.database.sqlite.SQLiteStatement.executeInsert(SQLiteStatement.java:89)
03-27 21:39:27.966 28674 1014 E SQLiteDatabase: at android.database.sqlite.SQLiteDatabase.insertWithOnConflict(SQLiteDatabase.java:224 4)
03-27 21:39:27.966 28674 1014 E SQLiteDatabase: at android.database.sqlite.SQLiteDatabase.insert(SQLiteDatabase.java:2113)
03-27 21:39:27.966 28674 1014 E SQLiteDatabase: at X.2tm.A08(Unknown Source:6)
03-27 21:39:27.966 28674 1014 E SQLiteDatabase: at X.2sR.A03(Unknown Source:39)
03-27 21:39:27.966 28674 1014 E SQLiteDatabase: at X.2sR.A05(Unknown Source:14)
03-27 21:39:27.966 28674 1014 E SQLiteDatabase: at X.3eA.run(Unknown Source:2101)
03-27 21:39:27.966 28674 1014 E SQLiteDatabase: at java.util.concurrent.ThreadPoolExecutor.runWorker(ThreadPoolExecutor.java:1145)
03-27 21:39:27.966 28674 1014 E SQLiteDatabase: at java.util.concurrent.ThreadPoolExecutor$Worker.run(ThreadPoolExecutor.java:644)
03-27 21:39:27.966 28674 1014 E SQLiteDatabase: at X.3gH.run(Unknown Source:1548)
03-27 21:39:27.966 28674 1014 E SQLiteDatabase: at java.lang.Thread.run(Thread.java:1012)
03-27 21:39:27.972 28674 1014 E SQLiteDatabase: Error inserting dirty_version=-1 version=0 lt_hash=null collection_name=regular_low
03-27 21:39:27.972 28674 1014 E SQLiteDatabase: android.database.sqlite.SQLiteConstraintException: UNIQUE constraint failed: collection_versions.collection_name (code 1555 SQLITE_CONSTRAINT_PRIMARYKEY[1555])
03-27 21:39:27.972 28674 1014 E SQLiteDatabase: at android.database.sqlite.SQLiteConnection.nativeExecuteForLastInsertedRowId(Native Method)
03-27 21:39:27.972 28674 1014 E SQLiteDatabase: at android.database.sqlite.SQLiteConnection.executeForLastInsertedRowId(SQLiteConnecti on.java:1232)
03-27 21:39:27.972 28674 1014 E SQLiteDatabase: at android.database.sqlite.SQLiteSession.executeForLastInsertedRowId(SQLiteSession.jav a:790)
03-27 21:39:27.972 28674 1014 E SQLiteDatabase: at android.database.sqlite.SQLiteStatement.executeInsert(SQLiteStatement.java:89)
03-27 21:39:27.972 28674 1014 E SQLiteDatabase: at android.database.sqlite.SQLiteDatabase.insertWithOnConflict(SQLiteDatabase.java:224 4)
03-27 21:39:27.972 28674 1014 E SQLiteDatabase: at android.database.sqlite.SQLiteDatabase.insert(SQLiteDatabase.java:2113)
03-27 21:39:27.972 28674 1014 E SQLiteDatabase: at X.2tm.A08(Unknown Source:6)
03-27 21:39:27.972 28674 1014 E SQLiteDatabase: at X.2sR.A03(Unknown Source:39)
03-27 21:39:27.972 28674 1014 E SQLiteDatabase: at X.2sR.A05(Unknown Source:14)
03-27 21:39:27.972 28674 1014 E SQLiteDatabase: at X.3eA.run(Unknown Source:2101)
03-27 21:39:27.972 28674 1014 E SQLiteDatabase: at java.util.concurrent.ThreadPoolExecutor.runWorker(ThreadPoolExecutor.java:1145)
03-27 21:39:27.972 28674 1014 E SQLiteDatabase: at java.util.concurrent.ThreadPoolExecutor$Worker.run(ThreadPoolExecutor.java:644)
03-27 21:39:27.972 28674 1014 E SQLiteDatabase: at X.3gH.run(Unknown Source:1548)
03-27 21:39:27.972 28674 1014 E SQLiteDatabase: at java.lang.Thread.run(Thread.java:1012)
03-27 21:39:32.535 28674 28674 E ArmVmp : Match on catch block at 0x0a in for 0x7af2265035
03-27 21:39:32.542 28674 28674 E ArmVmp : Match on catch block at 0x0a in for 0x7af2265035
03-27 21:39:32.683 28674 28674 E ArmVmp : Match on catch block at 0xc3 in for 0x7af2265021
03-27 21:39:32.685 28674 28674 E ArmVmp : Match on catch block at 0xc3 in for 0x7af2265021
03-27 21:39:32.772 28674 28674 E ArmVmp : Match on catch block at 0xc3 in for 0x7af2265025
03-27 21:39:32.774 28674 28674 E ArmVmp : Match on catch block at 0xc3 in for 0x7af2265025
03-27 21:39:32.855 28674 28674 E ArmVmp : Match on catch block at 0xc3 in for 0x7af2265025
03-27 21:39:32.858 28674 28674 E ArmVmp : Match on catch block at 0xc3 in for 0x7af2265025
03-27 21:39:32.880 28674 28674 E ArmVmp : Match on catch block at 0xc3 in for 0x7af2265025
03-27 21:39:32.884 28674 28674 E ArmVmp : Match on catch block at 0xc3 in for 0x7af2265025
03-27 21:39:32.936 28674 28684 W System : A resource failed to call close.
03-27 21:39:33.312 28674 28674 E ArmVmp : Match on catch block at 0xc3 in for 0x7af2265025
03-27 21:39:33.315 28674 28674 E ArmVmp : Match on catch block at 0xc3 in for 0x7af2265025
03-27 21:39:33.329 28674 28674 E ArmVmp : Match on catch block at 0xc3 in for 0x7af2265025
03-27 21:39:33.332 28674 28674 E ArmVmp : Match on catch block at 0xc3 in for 0x7af2265025
03-27 21:39:33.357 28674 28674 E ArmVmp : Match on catch block at 0xc3 in for 0x7af2265025
03-27 21:39:33.359 28674 28674 E ArmVmp : Match on catch block at 0xc3 in for 0x7af2265025
03-27 21:39:33.371 28674 28982 E FrameEvents: updateAcquireFence: Did not find frame.
03-27 21:39:33.525 28674 28674 W ResourceType: Bad XML block: header size 18254 or total size 169478669 is larger than data size 231
03-27 21:39:33.529 28674 28674 W ResourceType: Bad XML block: header size 18254 or total size 169478669 is larger than data size 431
03-27 21:39:33.540 28674 28674 W ResourceType: Bad XML block: header size 18254 or total size 169478669 is larger than data size 376
03-27 21:39:33.544 28674 28674 W ResourceType: Bad XML block: header size 18254 or total size 169478669 is larger than data size 168
03-27 21:39:33.551 28674 28674 W ResourceType: Bad XML block: header size 18254 or total size 169478669 is larger than data size 571
03-27 21:39:33.558 28674 28674 W ResourceType: Bad XML block: header size 18254 or total size 169478669 is larger than data size 193
03-27 21:39:33.562 28674 28674 W ResourceType: Bad XML block: header size 18254 or total size 169478669 is larger than data size 363
03-27 21:39:33.566 28674 28674 W ResourceType: Bad XML block: header size 18254 or total size 169478669 is larger than data size 630
03-27 21:39:33.569 28674 28674 W ResourceType: Bad XML block: header size 18254 or total size 169478669 is larger than data size 313
03-27 21:39:33.573 28674 28674 W ResourceType: Bad XML block: header size 18254 or total size 169478669 is larger than data size 630
03-27 21:39:33.576 28674 28674 W ResourceType: Bad XML block: header size 18254 or total size 169478669 is larger than data size 457
03-27 21:39:33.579 28674 28674 W ResourceType: Bad XML block: header size 18254 or total size 169478669 is larger than data size 343
03-27 21:39:33.606 28674 28674 W ResourceType: Bad XML block: header size 18254 or total size 169478669 is larger than data size 325
03-27 21:39:33.610 28674 28674 W ResourceType: Bad XML block: header size 18254 or total size 169478669 is larger than data size 293
03-27 21:39:33.615 28674 28674 W SQLiteLog: (28) double-quoted string literal: "35"
03-27 21:39:33.615 28674 28674 W SQLiteLog: (28) double-quoted string literal: "35"
03-27 21:39:33.638 28674 28674 W ResourceType: Bad XML block: header size 18254 or total size 169478669 is larger than data size 325
03-27 21:39:33.694 28674 28674 W View : requestLayout() improperly called by android.widget.Space{f024149 I.ED..... ......I. 21,63-28,70 #7f0b00ba app:id/action_tile_spacing} during layout: running second layout pass
03-27 21:39:33.694 28674 28674 W View : requestLayout() improperly called by android.widget.Space{b503a4e I.ED..... ......I. 21,63-28,70 #7f0b00ba app:id/action_tile_spacing} during layout: running second layout pass
03-27 21:39:33.694 28674 28674 W View : requestLayout() improperly called by android.widget.Space{940c76f I.ED..... ......I. 21,63-28,70 #7f0b00ba app:id/action_tile_spacing} during layout: running second layout pass
03-27 21:39:33.700 28674 28674 E ArmVmp : Match on catch block at 0xc3 in for 0x7af2265025
03-27 21:39:33.702 28674 28674 E ArmVmp : Match on catch block at 0xc3 in for 0x7af2265025
03-27 21:39:33.706 28674 28674 W ResourceType: Bad XML block: header size 18254 or total size 169478669 is larger than data size 547
03-27 21:39:33.734 28674 28674 E ArmVmp : Match on catch block at 0xc3 in for 0x7af2265025
03-27 21:39:33.736 28674 28674 E ArmVmp : Match on catch block at 0xc3 in for 0x7af2265025
03-27 21:39:33.829 28674 28674 E ArmVmp : Match on catch block at 0xc3 in for 0x7af2265025
03-27 21:39:33.832 28674 28674 E ArmVmp : Match on catch block at 0xc3 in for 0x7af2265025
03-27 21:39:34.099 28674 28674 E ArmVmp : Match on catch block at 0xc3 in for 0x7af2265025
03-27 21:39:34.102 28674 28674 E ArmVmp : Match on catch block at 0xc3 in for 0x7af2265025
03-27 21:39:34.809 28674 28674 W View : requestLayout() improperly called by com.mbwhatsapp.TextEmojiLabel{58958a4 VFED..C.. ......ID 0,0-348,56 #7f0b06ab app:id/conversation_contact_name} during layout: running second layout pass
03-27 21:39:34.848 28674 28674 W View : requestLayout() improperly called by com.mbwhatsapp.TextEmojiLabel{58958a4 VFED..C.. ......ID 0,0-348,56 #7f0b06ab app:id/conversation_contact_name} during layout: running second layout pass
03-27 21:39:34.880 28674 28674 W View : requestLayout() improperly called by com.mbwhatsapp.TextEmojiLabel{58958a4 VFED..C.. ......ID 0,0-348,56 #7f0b06ab app:id/conversation_contact_name} during layout: running second layout pass
03-27 21:39:42.621 28674 28674 W ResourceType: Bad XML block: header size 18254 or total size 169478669 is larger than data size 196
03-27 21:39:42.645 28674 28674 W View : requestLayout() improperly called by com.mbwhatsapp.TextEmojiLabel{58958a4 VFED..C.. ......ID 0,0-348,56 #7f0b06ab app:id/conversation_contact_name} during layout: running second layout pass
03-27 21:39:42.702 28674 28674 W View : requestLayout() improperly called by com.mbwhatsapp.TextEmojiLabel{58958a4 VFED..C.. ......ID 0,0-348,56 #7f0b06ab app:id/conversation_contact_name} during layout: running second layout pass
03-27 21:39:44.095 28674 32441 W SQLiteLog: (28) double-quoted string literal: "53C966D5B5AA38D0BC099C3F3C9FBF93"
03-27 21:39:44.095 28674 32441 W SQLiteLog: (28) double-quoted string literal: "7E7F4BBF12DBCC00FB0AFC7FCD0658B5"
03-27 21:39:44.095 28674 32441 W SQLiteLog: (28) double-quoted string literal: "9BC2BB558DE84B88522DC7F02EC6BE93"
03-27 21:39:44.299 28674 28749 E SQLiteDatabase: Error inserting dirty_version=-1 version=0 lt_hash=null collection_name=regular_high
03-27 21:39:44.299 28674 28749 E SQLiteDatabase: android.database.sqlite.SQLiteConstraintException: UNIQUE constraint failed: collection_versions.collection_name (code 1555 SQLITE_CONSTRAINT_PRIMARYKEY[1555])
03-27 21:39:44.299 28674 28749 E SQLiteDatabase: at android.database.sqlite.SQLiteConnection.nativeExecuteForLastInsertedRowId(Native Method)
03-27 21:39:44.299 28674 28749 E SQLiteDatabase: at android.database.sqlite.SQLiteConnection.executeForLastInsertedRowId(SQLiteConnecti on.java:1232)
03-27 21:39:44.299 28674 28749 E SQLiteDatabase: at android.database.sqlite.SQLiteSession.executeForLastInsertedRowId(SQLiteSession.jav a:790)
03-27 21:39:44.299 28674 28749 E SQLiteDatabase: at android.database.sqlite.SQLiteStatement.executeInsert(SQLiteStatement.java:89)
03-27 21:39:44.299 28674 28749 E SQLiteDatabase: at android.database.sqlite.SQLiteDatabase.insertWithOnConflict(SQLiteDatabase.java:224 4)
03-27 21:39:44.299 28674 28749 E SQLiteDatabase: at android.database.sqlite.SQLiteDatabase.insert(SQLiteDatabase.java:2113)
03-27 21:39:44.299 28674 28749 E SQLiteDatabase: at X.2tm.A08(Unknown Source:6)
03-27 21:39:44.299 28674 28749 E SQLiteDatabase: at X.2sR.A03(Unknown Source:39)
03-27 21:39:44.299 28674 28749 E SQLiteDatabase: at X.2sR.A05(Unknown Source:14)
03-27 21:39:44.299 28674 28749 E SQLiteDatabase: at X.3eA.run(Unknown Source:2101)
03-27 21:39:44.299 28674 28749 E SQLiteDatabase: at java.util.concurrent.ThreadPoolExecutor.runWorker(ThreadPoolExecutor.java:1145)
03-27 21:39:44.299 28674 28749 E SQLiteDatabase: at java.util.concurrent.ThreadPoolExecutor$Worker.run(ThreadPoolExecutor.java:644)
03-27 21:39:44.299 28674 28749 E SQLiteDatabase: at X.3gH.run(Unknown Source:1548)
03-27 21:39:44.299 28674 28749 E SQLiteDatabase: at java.lang.Thread.run(Thread.java:1012)
03-27 21:39:44.303 28674 28749 E SQLiteDatabase: Error inserting dirty_version=-1 version=0 lt_hash=null collection_name=regular_low
03-27 21:39:44.303 28674 28749 E SQLiteDatabase: android.database.sqlite.SQLiteConstraintException: UNIQUE constraint failed: collection_versions.collection_name (code 1555 SQLITE_CONSTRAINT_PRIMARYKEY[1555])
03-27 21:39:44.303 28674 28749 E SQLiteDatabase: at android.database.sqlite.SQLiteConnection.nativeExecuteForLastInsertedRowId(Native Method)
03-27 21:39:44.303 28674 28749 E SQLiteDatabase: at android.database.sqlite.SQLiteConnection.executeForLastInsertedRowId(SQLiteConnecti on.java:1232)
03-27 21:39:44.303 28674 28749 E SQLiteDatabase: at android.database.sqlite.SQLiteSession.executeForLastInsertedRowId(SQLiteSession.jav a:790)
03-27 21:39:44.303 28674 28749 E SQLiteDatabase: at android.database.sqlite.SQLiteStatement.executeInsert(SQLiteStatement.java:89)
03-27 21:39:44.303 28674 28749 E SQLiteDatabase: at android.database.sqlite.SQLiteDatabase.insertWithOnConflict(SQLiteDatabase.java:224 4)
03-27 21:39:44.303 28674 28749 E SQLiteDatabase: at android.database.sqlite.SQLiteDatabase.insert(SQLiteDatabase.java:2113)
03-27 21:39:44.303 28674 28749 E SQLiteDatabase: at X.2tm.A08(Unknown Source:6)
03-27 21:39:44.303 28674 28749 E SQLiteDatabase: at X.2sR.A03(Unknown Source:39)
03-27 21:39:44.303 28674 28749 E SQLiteDatabase: at X.2sR.A05(Unknown Source:14)
03-27 21:39:44.303 28674 28749 E SQLiteDatabase: at X.3eA.run(Unknown Source:2101)
03-27 21:39:44.303 28674 28749 E SQLiteDatabase: at java.util.concurrent.ThreadPoolExecutor.runWorker(ThreadPoolExecutor.java:1145)
03-27 21:39:44.303 28674 28749 E SQLiteDatabase: at java.util.concurrent.ThreadPoolExecutor$Worker.run(ThreadPoolExecutor.java:644)
03-27 21:39:44.303 28674 28749 E SQLiteDatabase: at X.3gH.run(Unknown Source:1548)
03-27 21:39:44.303 28674 28749 E SQLiteDatabase: at java.lang.Thread.run(Thread.java:1012)
03-27 21:39:45.976 28674 28674 E ArmVmp : Match on catch block at 0x0a in for 0x7af2265035
03-27 21:39:45.983 28674 28674 E ArmVmp : Match on catch block at 0x0a in for 0x7af2265035
03-27 21:39:46.113 28674 28674 E ArmVmp : Match on catch block at 0xc3 in for 0x7af2265021
03-27 21:39:46.116 28674 28674 E ArmVmp : Match on catch block at 0xc3 in for 0x7af2265021
03-27 21:39:46.174 28674 28674 E ArmVmp : Match on catch block at 0xc3 in for 0x7af2265025
03-27 21:39:46.177 28674 28674 E ArmVmp : Match on catch block at 0xc3 in for 0x7af2265025
03-27 21:39:46.248 28674 28674 E ArmVmp : Match on catch block at 0xc3 in for 0x7af2265025
03-27 21:39:46.250 28674 28674 E ArmVmp : Match on catch block at 0xc3 in for 0x7af2265025
03-27 21:39:46.265 28674 28674 E ArmVmp : Match on catch block at 0xc3 in for 0x7af2265025
03-27 21:39:46.268 28674 28674 E ArmVmp : Match on catch block at 0xc3 in for 0x7af2265025
03-27 21:39:46.707 28674 28674 E ArmVmp : Match on catch block at 0xc3 in for 0x7af2265025
03-27 21:39:46.710 28674 28674 E ArmVmp : Match on catch block at 0xc3 in for 0x7af2265025
03-27 21:39:46.809 28674 28674 E ArmVmp : Match on catch block at 0xc3 in for 0x7af2265025
03-27 21:39:46.813 28674 28674 E ArmVmp : Match on catch block at 0xc3 in for 0x7af2265025
03-27 21:39:46.842 28674 28674 E ArmVmp : Match on catch block at 0xc3 in for 0x7af2265025
03-27 21:39:46.844 28674 28674 E ArmVmp : Match on catch block at 0xc3 in for 0x7af2265025
03-27 21:39:46.856 28674 28982 E FrameEvents: updateAcquireFence: Did not find frame.
03-27 21:39:46.974 28674 28674 W ResourceType: Bad XML block: header size 18254 or total size 169478669 is larger than data size 231
03-27 21:39:46.978 28674 28674 W ResourceType: Bad XML block: header size 18254 or total size 169478669 is larger than data size 431
03-27 21:39:46.987 28674 28674 W ResourceType: Bad XML block: header size 18254 or total size 169478669 is larger than data size 376
03-27 21:39:46.991 28674 28674 W ResourceType: Bad XML block: header size 18254 or total size 169478669 is larger than data size 168
03-27 21:39:46.997 28674 28674 W ResourceType: Bad XML block: header size 18254 or total size 169478669 is larger than data size 571
03-27 21:39:47.004 28674 28674 W ResourceType: Bad XML block: header size 18254 or total size 169478669 is larger than data size 193
03-27 21:39:47.007 28674 28674 W ResourceType: Bad XML block: header size 18254 or total size 169478669 is larger than data size 363
03-27 21:39:47.010 28674 28674 W ResourceType: Bad XML block: header size 18254 or total size 169478669 is larger than data size 630
03-27 21:39:47.014 28674 28674 W ResourceType: Bad XML block: header size 18254 or total size 169478669 is larger than data size 313
03-27 21:39:47.017 28674 28674 W ResourceType: Bad XML block: header size 18254 or total size 169478669 is larger than data size 630
03-27 21:39:47.020 28674 28674 W ResourceType: Bad XML block: header size 18254 or total size 169478669 is larger than data size 457
03-27 21:39:47.023 28674 28674 W ResourceType: Bad XML block: header size 18254 or total size 169478669 is larger than data size 343
03-27 21:39:47.052 28674 28674 W ResourceType: Bad XML block: header size 18254 or total size 169478669 is larger than data size 325
03-27 21:39:47.055 28674 28674 W ResourceType: Bad XML block: header size 18254 or total size 169478669 is larger than data size 293
03-27 21:39:47.058 28674 28674 W SQLiteLog: (28) double-quoted string literal: "31"
03-27 21:39:47.058 28674 28674 W SQLiteLog: (28) double-quoted string literal: "31"
03-27 21:39:47.080 28674 28674 W ResourceType: Bad XML block: header size 18254 or total size 169478669 is larger than data size 325
03-27 21:39:47.110 28674 28674 E ArmVmp : Match on catch block at 0xc3 in for 0x7af2265025
03-27 21:39:47.112 28674 28674 E ArmVmp : Match on catch block at 0xc3 in for 0x7af2265025
03-27 21:39:47.142 28674 28674 W View : requestLayout() improperly called by android.widget.Space{650468c I.ED..... ......I. 21,63-28,70 #7f0b00ba app:id/action_tile_spacing} during layout: running second layout pass
03-27 21:39:47.142 28674 28674 W View : requestLayout() improperly called by android.widget.Space{1f4e1d5 I.ED..... ......I. 21,63-28,70 #7f0b00ba app:id/action_tile_spacing} during layout: running second layout pass
03-27 21:39:47.142 28674 28674 W View : requestLayout() improperly called by android.widget.Space{1d13dea I.ED..... ......I. 21,63-28,70 #7f0b00ba app:id/action_tile_spacing} during layout: running second layout pass
03-27 21:39:47.142 28674 28674 W View : requestLayout() improperly called by android.widget.Space{3f0d8db I.ED..... ......I. 21,63-28,70 #7f0b00ba app:id/action_tile_spacing} during layout: running second layout pass
03-27 21:39:47.149 28674 28674 W ResourceType: Bad XML block: header size 18254 or total size 169478669 is larger than data size 547
03-27 21:39:47.177 28674 28674 E ArmVmp : Match on catch block at 0xc3 in for 0x7af2265025
03-27 21:39:47.179 28674 28674 E ArmVmp : Match on catch block at 0xc3 in for 0x7af2265025
03-27 21:39:47.259 28674 28674 E ArmVmp : Match on catch block at 0xc3 in for 0x7af2265025
03-27 21:39:47.262 28674 28674 E ArmVmp : Match on catch block at 0xc3 in for 0x7af2265025
03-27 21:39:47.530 28674 28674 E ArmVmp : Match on catch block at 0xc3 in for 0x7af2265025
03-27 21:39:47.534 28674 28674 E ArmVmp : Match on catch block at 0xc3 in for 0x7af2265025
03-27 21:39:48.333 28674 28674 W View : requestLayout() improperly called by com.mbwhatsapp.TextEmojiLabel{4d7b852 VFED..C.. ......ID 0,0-307,56 #7f0b06ab app:id/conversation_contact_name} during layout: running second layout pass
03-27 21:39:51.093 28674 28674 W View : requestLayout() improperly called by com.mbwhatsapp.TextEmojiLabel{4d7b852 VFED..C.. ......ID 0,0-307,56 #7f0b06ab app:id/conversation_contact_name} during layout: running second layout pass
03-27 21:39:51.115 28674 28674 W ResourceType: Bad XML block: header size 18254 or total size 169478669 is larger than data size 196
03-27 21:39:51.166 28674 28674 W View : requestLayout() improperly called by com.mbwhatsapp.TextEmojiLabel{4d7b852 VFED..C.. ......ID 0,0-307,56 #7f0b06ab app:id/conversation_contact_name} during layout: running second layout pass
03-27 21:39:51.179 28674 28674 W View : requestLayout() improperly called by com.mbwhatsapp.TextEmojiLabel{4d7b852 VFED..C.. ......ID 0,0-307,56 #7f0b06ab app:id/conversation_contact_name} during layout: running second layout pass
03-27 21:39:52.821 28674 3004 W SQLiteLog: (28) double-quoted string literal: "B7019E6CD310A6591DA404BB4B06633F"
03-27 21:39:52.821 28674 3004 W SQLiteLog: (28) double-quoted string literal: "E3902DA73CB43D69F98BE986A36D16D5"
03-27 21:39:52.821 28674 3004 W SQLiteLog: (28) double-quoted string literal: "0537E0D0E64A6EA3B1CF3F78A5E50945"
03-27 21:39:53.039 28674 1014 E SQLiteDatabase: Error inserting dirty_version=-1 version=0 lt_hash=null collection_name=regular_high
03-27 21:39:53.039 28674 1014 E SQLiteDatabase: android.database.sqlite.SQLiteConstraintException: UNIQUE constraint failed: collection_versions.collection_name (code 1555 SQLITE_CONSTRAINT_PRIMARYKEY[1555])
03-27 21:39:53.039 28674 1014 E SQLiteDatabase: at android.database.sqlite.SQLiteConnection.nativeExecuteForLastInsertedRowId(Native Method)
03-27 21:39:53.039 28674 1014 E SQLiteDatabase: at android.database.sqlite.SQLiteConnection.executeForLastInsertedRowId(SQLiteConnecti on.java:1232)
03-27 21:39:53.039 28674 1014 E SQLiteDatabase: at android.database.sqlite.SQLiteSession.executeForLastInsertedRowId(SQLiteSession.jav a:790)
03-27 21:39:53.039 28674 1014 E SQLiteDatabase: at android.database.sqlite.SQLiteStatement.executeInsert(SQLiteStatement.java:89)
03-27 21:39:53.039 28674 1014 E SQLiteDatabase: at android.database.sqlite.SQLiteDatabase.insertWithOnConflict(SQLiteDatabase.java:224 4)
03-27 21:39:53.039 28674 1014 E SQLiteDatabase: at android.database.sqlite.SQLiteDatabase.insert(SQLiteDatabase.java:2113)
03-27 21:39:53.039 28674 1014 E SQLiteDatabase: at X.2tm.A08(Unknown Source:6)
03-27 21:39:53.039 28674 1014 E SQLiteDatabase: at X.2sR.A03(Unknown Source:39)
03-27 21:39:53.039 28674 1014 E SQLiteDatabase: at X.2sR.A05(Unknown Source:14)
03-27 21:39:53.039 28674 1014 E SQLiteDatabase: at X.3eA.run(Unknown Source:2101)
03-27 21:39:53.039 28674 1014 E SQLiteDatabase: at java.util.concurrent.ThreadPoolExecutor.runWorker(ThreadPoolExecutor.java:1145)
03-27 21:39:53.039 28674 1014 E SQLiteDatabase: at java.util.concurrent.ThreadPoolExecutor$Worker.run(ThreadPoolExecutor.java:644)
03-27 21:39:53.039 28674 1014 E SQLiteDatabase: at X.3gH.run(Unknown Source:1548)
03-27 21:39:53.039 28674 1014 E SQLiteDatabase: at java.lang.Thread.run(Thread.java:1012)
03-27 21:39:53.043 28674 1014 E SQLiteDatabase: Error inserting dirty_version=-1 version=0 lt_hash=null collection_name=regular_low
03-27 21:39:53.043 28674 1014 E SQLiteDatabase: android.database.sqlite.SQLiteConstraintException: UNIQUE constraint failed: collection_versions.collection_name (code 1555 SQLITE_CONSTRAINT_PRIMARYKEY[1555])
03-27 21:39:53.043 28674 1014 E SQLiteDatabase: at android.database.sqlite.SQLiteConnection.nativeExecuteForLastInsertedRowId(Native Method)
03-27 21:39:53.043 28674 1014 E SQLiteDatabase: at android.database.sqlite.SQLiteConnection.executeForLastInsertedRowId(SQLiteConnecti on.java:1232)
03-27 21:39:53.043 28674 1014 E SQLiteDatabase: at android.database.sqlite.SQLiteSession.executeForLastInsertedRowId(SQLiteSession.jav a:790)
03-27 21:39:53.043 28674 1014 E SQLiteDatabase: at android.database.sqlite.SQLiteStatement.executeInsert(SQLiteStatement.java:89)
03-27 21:39:53.043 28674 1014 E SQLiteDatabase: at android.database.sqlite.SQLiteDatabase.insertWithOnConflict(SQLiteDatabase.java:224 4)
03-27 21:39:53.043 28674 1014 E SQLiteDatabase: at android.database.sqlite.SQLiteDatabase.insert(SQLiteDatabase.java:2113)
03-27 21:39:53.043 28674 1014 E SQLiteDatabase: at X.2tm.A08(Unknown Source:6)
03-27 21:39:53.043 28674 1014 E SQLiteDatabase: at X.2sR.A03(Unknown Source:39)
03-27 21:39:53.043 28674 1014 E SQLiteDatabase: at X.2sR.A05(Unknown Source:14)
03-27 21:39:53.043 28674 1014 E SQLiteDatabase: at X.3eA.run(Unknown Source:2101)
03-27 21:39:53.043 28674 1014 E SQLiteDatabase: at java.util.concurrent.ThreadPoolExecutor.runWorker(ThreadPoolExecutor.java:1145)
03-27 21:39:53.043 28674 1014 E SQLiteDatabase: at java.util.concurrent.ThreadPoolExecutor$Worker.run(ThreadPoolExecutor.java:644)
03-27 21:39:53.043 28674 1014 E SQLiteDatabase: at X.3gH.run(Unknown Source:1548)
03-27 21:39:53.043 28674 1014 E SQLiteDatabase: at java.lang.Thread.run(Thread.java:1012)
03-27 21:39:55.096 28674 28674 E ArmVmp : Match on catch block at 0x0a in for 0x7af2265035
03-27 21:39:55.103 28674 28674 E ArmVmp : Match on catch block at 0x0a in for 0x7af2265035
03-27 21:39:55.230 28674 28674 E ArmVmp : Match on catch block at 0xc3 in for 0x7af2265021
03-27 21:39:55.232 28674 28674 E ArmVmp : Match on catch block at 0xc3 in for 0x7af2265021
03-27 21:39:55.293 28674 28674 E ArmVmp : Match on catch block at 0xc3 in for 0x7af2265025
03-27 21:39:55.295 28674 28674 E ArmVmp : Match on catch block at 0xc3 in for 0x7af2265025
03-27 21:39:55.364 28674 28674 E ArmVmp : Match on catch block at 0xc3 in for 0x7af2265025
03-27 21:39:55.366 28674 28674 E ArmVmp : Match on catch block at 0xc3 in for 0x7af2265025
03-27 21:39:55.384 28674 28674 E ArmVmp : Match on catch block at 0xc3 in for 0x7af2265025
03-27 21:39:55.386 28674 28674 E ArmVmp : Match on catch block at 0xc3 in for 0x7af2265025
03-27 21:39:55.823 28674 28674 E ArmVmp : Match on catch block at 0xc3 in for 0x7af2265025
03-27 21:39:55.826 28674 28674 E ArmVmp : Match on catch block at 0xc3 in for 0x7af2265025
03-27 21:39:55.839 28674 28674 E ArmVmp : Match on catch block at 0xc3 in for 0x7af2265025
03-27 21:39:55.842 28674 28674 E ArmVmp : Match on catch block at 0xc3 in for 0x7af2265025
03-27 21:39:55.871 28674 28674 E ArmVmp : Match on catch block at 0xc3 in for 0x7af2265025
03-27 21:39:55.873 28674 28674 E ArmVmp : Match on catch block at 0xc3 in for 0x7af2265025
03-27 21:39:55.884 28674 28982 E FrameEvents: updateAcquireFence: Did not find frame.
03-27 21:39:56.014 28674 28674 W ResourceType: Bad XML block: header size 18254 or total size 169478669 is larger than data size 231
03-27 21:39:56.018 28674 28674 W ResourceType: Bad XML block: header size 18254 or total size 169478669 is larger than data size 431
03-27 21:39:56.029 28674 28674 W ResourceType: Bad XML block: header size 18254 or total size 169478669 is larger than data size 376
03-27 21:39:56.033 28674 28674 W ResourceType: Bad XML block: header size 18254 or total size 169478669 is larger than data size 168
03-27 21:39:56.039 28674 28674 W ResourceType: Bad XML block: header size 18254 or total size 169478669 is larger than data size 571
03-27 21:39:56.047 28674 28674 W ResourceType: Bad XML block: header size 18254 or total size 169478669 is larger than data size 193
03-27 21:39:56.050 28674 28674 W ResourceType: Bad XML block: header size 18254 or total size 169478669 is larger than data size 363
03-27 21:39:56.054 28674 28674 W ResourceType: Bad XML block: header size 18254 or total size 169478669 is larger than data size 630
03-27 21:39:56.057 28674 28674 W ResourceType: Bad XML block: header size 18254 or total size 169478669 is larger than data size 313
03-27 21:39:56.062 28674 28674 W ResourceType: Bad XML block: header size 18254 or total size 169478669 is larger than data size 630
03-27 21:39:56.065 28674 28674 W ResourceType: Bad XML block: header size 18254 or total size 169478669 is larger than data size 457
03-27 21:39:56.068 28674 28674 W ResourceType: Bad XML block: header size 18254 or total size 169478669 is larger than data size 343
03-27 21:39:56.096 28674 28674 W ResourceType: Bad XML block: header size 18254 or total size 169478669 is larger than data size 325
03-27 21:39:56.099 28674 28674 W ResourceType: Bad XML block: header size 18254 or total size 169478669 is larger than data size 293
03-27 21:39:56.103 28674 28674 W SQLiteLog: (28) double-quoted string literal: "30"
03-27 21:39:56.103 28674 28674 W SQLiteLog: (28) double-quoted string literal: "30"
03-27 21:39:56.124 28674 28674 W ResourceType: Bad XML block: header size 18254 or total size 169478669 is larger than data size 325
03-27 21:39:56.181 28674 28674 W View : requestLayout() improperly called by android.widget.Space{4f4278d I.ED..... ......I. 21,63-28,70 #7f0b00ba app:id/action_tile_spacing} during layout: running second layout pass
03-27 21:39:56.181 28674 28674 W View : requestLayout() improperly called by android.widget.Space{40ffd42 I.ED..... ......I. 21,63-28,70 #7f0b00ba app:id/action_tile_spacing} during layout: running second layout pass
03-27 21:39:56.182 28674 28674 W View : requestLayout() improperly called by android.widget.Space{d052153 I.ED..... ......I. 21,63-28,70 #7f0b00ba app:id/action_tile_spacing} during layout: running second layout pass
03-27 21:39:56.187 28674 28674 E ArmVmp : Match on catch block at 0xc3 in for 0x7af2265025
03-27 21:39:56.190 28674 28674 E ArmVmp : Match on catch block at 0xc3 in for 0x7af2265025
03-27 21:39:56.199 28674 28674 W ResourceType: Bad XML block: header size 18254 or total size 169478669 is larger than data size 547
03-27 21:39:56.220 28674 28674 E ArmVmp : Match on catch block at 0xc3 in for 0x7af2265025
03-27 21:39:56.223 28674 28674 E ArmVmp : Match on catch block at 0xc3 in for 0x7af2265025
03-27 21:39:56.307 28674 28674 E ArmVmp : Match on catch block at 0xc3 in for 0x7af2265025
03-27 21:39:56.310 28674 28674 E ArmVmp : Match on catch block at 0xc3 in for 0x7af2265025
03-27 21:39:56.592 28674 28674 E ArmVmp : Match on catch block at 0xc3 in for 0x7af2265025
03-27 21:39:56.595 28674 28674 E ArmVmp : Match on catch block at 0xc3 in for 0x7af2265025
03-27 21:39:57.333 28674 28674 W View : requestLayout() improperly called by com.mbwhatsapp.TextEmojiLabel{88cbcaa VFED..C.. ......ID 0,0-295,56 #7f0b06ab app:id/conversation_contact_name} during layout: running second layout pass
03-27 21:39:57.466 28674 28674 W View : requestLayout() improperly called by com.mbwhatsapp.TextEmojiLabel{88cbcaa VFED..C.. ......ID 0,0-295,56 #7f0b06ab app:id/conversation_contact_name} during layout: running second layout pass
03-27 21:40:02.380 28674 28674 W View : requestLayout() improperly called by com.mbwhatsapp.TextEmojiLabel{88cbcaa VFED..C.. ......ID 0,0-295,56 #7f0b06ab app:id/conversation_contact_name} during layout: running second layout pass
