03-27 21:42:06.865 28674 28749 E SQLiteDatabase: at android.database.sqlite.SQLiteDatabase.insert(SQLiteDatabase.java:2113)
03-27 21:42:06.865 28674 28749 E SQLiteDatabase: at X.2tm.A08(Unknown Source:6)
03-27 21:42:06.865 28674 28749 E SQLiteDatabase: at X.2sR.A03(Unknown Source:39)
03-27 21:42:06.865 28674 28749 E SQLiteDatabase: at X.2sR.A05(Unknown Source:14)
03-27 21:42:06.865 28674 28749 E SQLiteDatabase: at X.3eA.run(Unknown Source:2101)
03-27 21:42:06.865 28674 28749 E SQLiteDatabase: at java.util.concurrent.ThreadPoolExecutor.runWorker(ThreadPoolExecutor.java:1145)
03-27 21:42:06.865 28674 28749 E SQLiteDatabase: at java.util.concurrent.ThreadPoolExecutor$Worker.run(ThreadPoolExecutor.java:644)
03-27 21:42:06.865 28674 28749 E SQLiteDatabase: at X.3gH.run(Unknown Source:1548)
03-27 21:42:06.865 28674 28749 E SQLiteDatabase: at java.lang.Thread.run(Thread.java:1012)
03-27 21:42:06.868 28674 28749 E SQLiteDatabase: Error inserting dirty_version=-1 version=0 lt_hash=null collection_name=regular_low
03-27 21:42:06.868 28674 28749 E SQLiteDatabase: android.database.sqlite.SQLiteConstraintException: UNIQUE constraint failed: collection_versions.collection_name (code 1555 SQLITE_CONSTRAINT_PRIMARYKEY[1555])
03-27 21:42:06.868 28674 28749 E SQLiteDatabase: at android.database.sqlite.SQLiteConnection.nativeExecuteForLastInsertedRowId(Native Method)
03-27 21:42:06.868 28674 28749 E SQLiteDatabase: at android.database.sqlite.SQLiteConnection.executeForLastInsertedRowId(SQLiteConnecti on.java:1232)
03-27 21:42:06.868 28674 28749 E SQLiteDatabase: at android.database.sqlite.SQLiteSession.executeForLastInsertedRowId(SQLiteSession.jav a:790)
03-27 21:42:06.868 28674 28749 E SQLiteDatabase: at android.database.sqlite.SQLiteStatement.executeInsert(SQLiteStatement.java:89)
03-27 21:42:06.868 28674 28749 E SQLiteDatabase: at android.database.sqlite.SQLiteDatabase.insertWithOnConflict(SQLiteDatabase.java:224 4)
03-27 21:42:06.868 28674 28749 E SQLiteDatabase: at android.database.sqlite.SQLiteDatabase.insert(SQLiteDatabase.java:2113)
03-27 21:42:06.868 28674 28749 E SQLiteDatabase: at X.2tm.A08(Unknown Source:6)
03-27 21:42:06.868 28674 28749 E SQLiteDatabase: at X.2sR.A03(Unknown Source:39)
03-27 21:42:06.868 28674 28749 E SQLiteDatabase: at X.2sR.A05(Unknown Source:14)
03-27 21:42:06.868 28674 28749 E SQLiteDatabase: at X.3eA.run(Unknown Source:2101)
03-27 21:42:06.868 28674 28749 E SQLiteDatabase: at java.util.concurrent.ThreadPoolExecutor.runWorker(ThreadPoolExecutor.java:1145)
03-27 21:42:06.868 28674 28749 E SQLiteDatabase: at java.util.concurrent.ThreadPoolExecutor$Worker.run(ThreadPoolExecutor.java:644)
03-27 21:42:06.868 28674 28749 E SQLiteDatabase: at X.3gH.run(Unknown Source:1548)
03-27 21:42:06.868 28674 28749 E SQLiteDatabase: at java.lang.Thread.run(Thread.java:1012)
03-27 21:42:27.703 28674 28674 E ArmVmp : Match on catch block at 0x0a in for 0x7af2265035
03-27 21:42:27.710 28674 28674 E ArmVmp : Match on catch block at 0x0a in for 0x7af2265035
03-27 21:42:27.832 28674 28674 E ArmVmp : Match on catch block at 0xc3 in for 0x7af2265021
03-27 21:42:27.834 28674 28674 E ArmVmp : Match on catch block at 0xc3 in for 0x7af2265021
03-27 21:42:27.889 28674 28674 E ArmVmp : Match on catch block at 0xc3 in for 0x7af2265025
03-27 21:42:27.891 28674 28674 E ArmVmp : Match on catch block at 0xc3 in for 0x7af2265025
03-27 21:42:27.930 28674 28674 E ArmVmp : Match on catch block at 0xc3 in for 0x7af2265025
03-27 21:42:27.933 28674 28674 E ArmVmp : Match on catch block at 0xc3 in for 0x7af2265025
03-27 21:42:27.952 28674 28674 E ArmVmp : Match on catch block at 0xc3 in for 0x7af2265025
03-27 21:42:27.955 28674 28674 E ArmVmp : Match on catch block at 0xc3 in for 0x7af2265025
03-27 21:42:28.666 28674 28674 E ArmVmp : Match on catch block at 0xc3 in for 0x7af2265025
03-27 21:42:28.669 28674 28674 E ArmVmp : Match on catch block at 0xc3 in for 0x7af2265025
03-27 21:42:28.695 28674 28674 E ArmVmp : Match on catch block at 0xc3 in for 0x7af2265025
03-27 21:42:28.698 28674 28674 E ArmVmp : Match on catch block at 0xc3 in for 0x7af2265025
03-27 21:42:28.709 28674 28982 E FrameEvents: updateAcquireFence: Did not find frame.
03-27 21:42:28.826 28674 28674 W ResourceType: Bad XML block: header size 18254 or total size 169478669 is larger than data size 231
03-27 21:42:28.829 28674 28674 W ResourceType: Bad XML block: header size 18254 or total size 169478669 is larger than data size 431
03-27 21:42:28.839 28674 28674 W ResourceType: Bad XML block: header size 18254 or total size 169478669 is larger than data size 376
03-27 21:42:28.842 28674 28674 W ResourceType: Bad XML block: header size 18254 or total size 169478669 is larger than data size 168
03-27 21:42:28.848 28674 28674 W ResourceType: Bad XML block: header size 18254 or total size 169478669 is larger than data size 571
03-27 21:42:28.855 28674 28674 W ResourceType: Bad XML block: header size 18254 or total size 169478669 is larger than data size 193
03-27 21:42:28.858 28674 28674 W ResourceType: Bad XML block: header size 18254 or total size 169478669 is larger than data size 363
03-27 21:42:28.861 28674 28674 W ResourceType: Bad XML block: header size 18254 or total size 169478669 is larger than data size 630
03-27 21:42:28.864 28674 28674 W ResourceType: Bad XML block: header size 18254 or total size 169478669 is larger than data size 313
03-27 21:42:28.868 28674 28674 W ResourceType: Bad XML block: header size 18254 or total size 169478669 is larger than data size 630
03-27 21:42:28.871 28674 28674 W ResourceType: Bad XML block: header size 18254 or total size 169478669 is larger than data size 457
03-27 21:42:28.874 28674 28674 W ResourceType: Bad XML block: header size 18254 or total size 169478669 is larger than data size 343
03-27 21:42:28.905 28674 28674 W ResourceType: Bad XML block: header size 18254 or total size 169478669 is larger than data size 325
03-27 21:42:28.908 28674 28674 W ResourceType: Bad XML block: header size 18254 or total size 169478669 is larger than data size 293
03-27 21:42:28.911 28674 28674 W SQLiteLog: (28) double-quoted string literal: "26"
03-27 21:42:28.911 28674 28674 W SQLiteLog: (28) double-quoted string literal: "26"
03-27 21:42:28.932 28674 28674 W ResourceType: Bad XML block: header size 18254 or total size 169478669 is larger than data size 325
03-27 21:42:28.987 28674 28674 W View : requestLayout() improperly called by android.widget.Space{e4e80ee I.ED..... ......I. 21,63-28,70 #7f0b00ba app:id/action_tile_spacing} during layout: running second layout pass
03-27 21:42:28.987 28674 28674 W View : requestLayout() improperly called by android.widget.Space{8c9998f I.ED..... ......I. 21,63-28,70 #7f0b00ba app:id/action_tile_spacing} during layout: running second layout pass
03-27 21:42:28.987 28674 28674 W View : requestLayout() improperly called by android.widget.Space{e3a241c I.ED..... ......I. 21,63-28,70 #7f0b00ba app:id/action_tile_spacing} during layout: running second layout pass
03-27 21:42:28.996 28674 28674 W ResourceType: Bad XML block: header size 18254 or total size 169478669 is larger than data size 547
03-27 21:42:29.028 28674 28674 E ArmVmp : Match on catch block at 0xc3 in for 0x7af2265025
03-27 21:42:29.030 28674 28674 E ArmVmp : Match on catch block at 0xc3 in for 0x7af2265025
03-27 21:42:29.113 28674 28674 E ArmVmp : Match on catch block at 0xc3 in for 0x7af2265025
03-27 21:42:29.116 28674 28674 E ArmVmp : Match on catch block at 0xc3 in for 0x7af2265025
03-27 21:42:29.385 28674 28674 E ArmVmp : Match on catch block at 0xc3 in for 0x7af2265025
03-27 21:42:29.388 28674 28674 E ArmVmp : Match on catch block at 0xc3 in for 0x7af2265025
03-27 21:42:32.583 28674 28674 W ResourceType: Bad XML block: header size 18254 or total size 169478669 is larger than data size 196
03-27 21:42:32.619 28674 28674 W View : requestLayout() improperly called by com.mbwhatsapp.TextEmojiLabel{5eadc44 VFED..C.. ......ID 0,0-485,56 #7f0b06ab app:id/conversation_contact_name} during layout: running second layout pass
03-27 21:42:32.653 28674 28674 W View : requestLayout() improperly called by com.mbwhatsapp.TextEmojiLabel{5eadc44 VFED..C.. ......ID 0,0-485,56 #7f0b06ab app:id/conversation_contact_name} during layout: running second layout pass
03-27 21:42:34.297 28674 3269 W SQLiteLog: (28) double-quoted string literal: "5994DCE74825B729B523CC5B27655487"
03-27 21:42:34.297 28674 3269 W SQLiteLog: (28) double-quoted string literal: "D26EA67E925CA68A89528E752710A37A"
03-27 21:42:34.297 28674 3269 W SQLiteLog: (28) double-quoted string literal: "D669C5D008A098149DBDCB87BF4A37F8"
03-27 21:42:34.702 28674 28764 E SQLiteDatabase: Error inserting dirty_version=-1 version=0 lt_hash=null collection_name=regular_high
03-27 21:42:34.702 28674 28764 E SQLiteDatabase: android.database.sqlite.SQLiteConstraintException: UNIQUE constraint failed: collection_versions.collection_name (code 1555 SQLITE_CONSTRAINT_PRIMARYKEY[1555])
03-27 21:42:34.702 28674 28764 E SQLiteDatabase: at android.database.sqlite.SQLiteConnection.nativeExecuteForLastInsertedRowId(Native Method)
03-27 21:42:34.702 28674 28764 E SQLiteDatabase: at android.database.sqlite.SQLiteConnection.executeForLastInsertedRowId(SQLiteConnecti on.java:1232)
03-27 21:42:34.702 28674 28764 E SQLiteDatabase: at android.database.sqlite.SQLiteSession.executeForLastInsertedRowId(SQLiteSession.jav a:790)
03-27 21:42:34.702 28674 28764 E SQLiteDatabase: at android.database.sqlite.SQLiteStatement.executeInsert(SQLiteStatement.java:89)
03-27 21:42:34.702 28674 28764 E SQLiteDatabase: at android.database.sqlite.SQLiteDatabase.insertWithOnConflict(SQLiteDatabase.java:224 4)
03-27 21:42:34.702 28674 28764 E SQLiteDatabase: at android.database.sqlite.SQLiteDatabase.insert(SQLiteDatabase.java:2113)
03-27 21:42:34.702 28674 28764 E SQLiteDatabase: at X.2tm.A08(Unknown Source:6)
03-27 21:42:34.702 28674 28764 E SQLiteDatabase: at X.2sR.A03(Unknown Source:39)
03-27 21:42:34.702 28674 28764 E SQLiteDatabase: at X.2sR.A05(Unknown Source:14)
03-27 21:42:34.702 28674 28764 E SQLiteDatabase: at X.3eA.run(Unknown Source:2101)
03-27 21:42:34.702 28674 28764 E SQLiteDatabase: at java.util.concurrent.ThreadPoolExecutor.runWorker(ThreadPoolExecutor.java:1145)
03-27 21:42:34.702 28674 28764 E SQLiteDatabase: at java.util.concurrent.ThreadPoolExecutor$Worker.run(ThreadPoolExecutor.java:644)
03-27 21:42:34.702 28674 28764 E SQLiteDatabase: at X.3gH.run(Unknown Source:1548)
03-27 21:42:34.702 28674 28764 E SQLiteDatabase: at java.lang.Thread.run(Thread.java:1012)
03-27 21:42:34.705 28674 28764 E SQLiteDatabase: Error inserting dirty_version=-1 version=0 lt_hash=null collection_name=regular_low
03-27 21:42:34.705 28674 28764 E SQLiteDatabase: android.database.sqlite.SQLiteConstraintException: UNIQUE constraint failed: collection_versions.collection_name (code 1555 SQLITE_CONSTRAINT_PRIMARYKEY[1555])
03-27 21:42:34.705 28674 28764 E SQLiteDatabase: at android.database.sqlite.SQLiteConnection.nativeExecuteForLastInsertedRowId(Native Method)
03-27 21:42:34.705 28674 28764 E SQLiteDatabase: at android.database.sqlite.SQLiteConnection.executeForLastInsertedRowId(SQLiteConnecti on.java:1232)
03-27 21:42:34.705 28674 28764 E SQLiteDatabase: at android.database.sqlite.SQLiteSession.executeForLastInsertedRowId(SQLiteSession.jav a:790)
03-27 21:42:34.705 28674 28764 E SQLiteDatabase: at android.database.sqlite.SQLiteStatement.executeInsert(SQLiteStatement.java:89)
03-27 21:42:34.705 28674 28764 E SQLiteDatabase: at android.database.sqlite.SQLiteDatabase.insertWithOnConflict(SQLiteDatabase.java:224 4)
03-27 21:42:34.705 28674 28764 E SQLiteDatabase: at android.database.sqlite.SQLiteDatabase.insert(SQLiteDatabase.java:2113)
03-27 21:42:34.705 28674 28764 E SQLiteDatabase: at X.2tm.A08(Unknown Source:6)
03-27 21:42:34.705 28674 28764 E SQLiteDatabase: at X.2sR.A03(Unknown Source:39)
03-27 21:42:34.705 28674 28764 E SQLiteDatabase: at X.2sR.A05(Unknown Source:14)
03-27 21:42:34.705 28674 28764 E SQLiteDatabase: at X.3eA.run(Unknown Source:2101)
03-27 21:42:34.705 28674 28764 E SQLiteDatabase: at java.util.concurrent.ThreadPoolExecutor.runWorker(ThreadPoolExecutor.java:1145)
03-27 21:42:34.705 28674 28764 E SQLiteDatabase: at java.util.concurrent.ThreadPoolExecutor$Worker.run(ThreadPoolExecutor.java:644)
03-27 21:42:34.705 28674 28764 E SQLiteDatabase: at X.3gH.run(Unknown Source:1548)
03-27 21:42:34.705 28674 28764 E SQLiteDatabase: at java.lang.Thread.run(Thread.java:1012)
03-27 21:42:36.029 28674 28674 E ArmVmp : Match on catch block at 0x0a in for 0x7af2265035
03-27 21:42:36.036 28674 28674 E ArmVmp : Match on catch block at 0x0a in for 0x7af2265035
03-27 21:42:36.161 28674 28674 E ArmVmp : Match on catch block at 0xc3 in for 0x7af2265021
03-27 21:42:36.164 28674 28674 E ArmVmp : Match on catch block at 0xc3 in for 0x7af2265021
03-27 21:42:36.222 28674 28674 E ArmVmp : Match on catch block at 0xc3 in for 0x7af2265025
03-27 21:42:36.224 28674 28674 E ArmVmp : Match on catch block at 0xc3 in for 0x7af2265025
03-27 21:42:36.267 28674 28674 E ArmVmp : Match on catch block at 0xc3 in for 0x7af2265025
03-27 21:42:36.269 28674 28674 E ArmVmp : Match on catch block at 0xc3 in for 0x7af2265025
03-27 21:42:36.284 28674 28674 E ArmVmp : Match on catch block at 0xc3 in for 0x7af2265025
03-27 21:42:36.287 28674 28674 E ArmVmp : Match on catch block at 0xc3 in for 0x7af2265025
03-27 21:42:36.693 28674 28674 E ArmVmp : Match on catch block at 0xc3 in for 0x7af2265025
03-27 21:42:36.696 28674 28674 E ArmVmp : Match on catch block at 0xc3 in for 0x7af2265025
03-27 21:42:36.723 28674 28674 E ArmVmp : Match on catch block at 0xc3 in for 0x7af2265025
03-27 21:42:36.726 28674 28674 E ArmVmp : Match on catch block at 0xc3 in for 0x7af2265025
03-27 21:42:36.737 28674 28982 E FrameEvents: updateAcquireFence: Did not find frame.
03-27 21:42:36.865 28674 28674 W ResourceType: Bad XML block: header size 18254 or total size 169478669 is larger than data size 231
03-27 21:42:36.868 28674 28674 W ResourceType: Bad XML block: header size 18254 or total size 169478669 is larger than data size 431
03-27 21:42:36.879 28674 28674 W ResourceType: Bad XML block: header size 18254 or total size 169478669 is larger than data size 376
03-27 21:42:36.882 28674 28674 W ResourceType: Bad XML block: header size 18254 or total size 169478669 is larger than data size 168
03-27 21:42:36.888 28674 28674 W ResourceType: Bad XML block: header size 18254 or total size 169478669 is larger than data size 571
03-27 21:42:36.896 28674 28674 W ResourceType: Bad XML block: header size 18254 or total size 169478669 is larger than data size 193
03-27 21:42:36.899 28674 28674 W ResourceType: Bad XML block: header size 18254 or total size 169478669 is larger than data size 363
03-27 21:42:36.903 28674 28674 W ResourceType: Bad XML block: header size 18254 or total size 169478669 is larger than data size 630
03-27 21:42:36.906 28674 28674 W ResourceType: Bad XML block: header size 18254 or total size 169478669 is larger than data size 313
03-27 21:42:36.910 28674 28674 W ResourceType: Bad XML block: header size 18254 or total size 169478669 is larger than data size 630
03-27 21:42:36.914 28674 28674 W ResourceType: Bad XML block: header size 18254 or total size 169478669 is larger than data size 457
03-27 21:42:36.917 28674 28674 W ResourceType: Bad XML block: header size 18254 or total size 169478669 is larger than data size 343
03-27 21:42:36.944 28674 28674 W ResourceType: Bad XML block: header size 18254 or total size 169478669 is larger than data size 325
03-27 21:42:36.947 28674 28674 W ResourceType: Bad XML block: header size 18254 or total size 169478669 is larger than data size 293
03-27 21:42:36.951 28674 28674 W SQLiteLog: (28) double-quoted string literal: "20"
03-27 21:42:36.951 28674 28674 W SQLiteLog: (28) double-quoted string literal: "20"
03-27 21:42:36.974 28674 28674 W ResourceType: Bad XML block: header size 18254 or total size 169478669 is larger than data size 325
03-27 21:42:37.003 28674 28674 E ArmVmp : Match on catch block at 0xc3 in for 0x7af2265025
03-27 21:42:37.005 28674 28674 E ArmVmp : Match on catch block at 0xc3 in for 0x7af2265025
03-27 21:42:37.034 28674 28674 W View : requestLayout() improperly called by android.widget.Space{cdc8466 I.ED..... ......I. 21,63-28,70 #7f0b00ba app:id/action_tile_spacing} during layout: running second layout pass
03-27 21:42:37.034 28674 28674 W View : requestLayout() improperly called by android.widget.Space{71fa3a7 I.ED..... ......I. 21,63-28,70 #7f0b00ba app:id/action_tile_spacing} during layout: running second layout pass
03-27 21:42:37.034 28674 28674 W View : requestLayout() improperly called by android.widget.Space{67fc054 I.ED..... ......I. 21,63-28,70 #7f0b00ba app:id/action_tile_spacing} during layout: running second layout pass
03-27 21:42:37.044 28674 28674 W ResourceType: Bad XML block: header size 18254 or total size 169478669 is larger than data size 547
03-27 21:42:37.065 28674 28674 E ArmVmp : Match on catch block at 0xc3 in for 0x7af2265025
03-27 21:42:37.067 28674 28674 E ArmVmp : Match on catch block at 0xc3 in for 0x7af2265025
03-27 21:42:37.215 28674 28674 E ArmVmp : Match on catch block at 0xc3 in for 0x7af2265025
03-27 21:42:37.218 28674 28674 E ArmVmp : Match on catch block at 0xc3 in for 0x7af2265025
03-27 21:42:37.435 28674 28674 E ArmVmp : Match on catch block at 0xc3 in for 0x7af2265025
03-27 21:42:37.438 28674 28674 E ArmVmp : Match on catch block at 0xc3 in for 0x7af2265025
03-27 21:42:38.180 28674 28674 W View : requestLayout() improperly called by com.mbwhatsapp.TextEmojiLabel{1bf2a5a VFED..C.. ......ID 0,0-422,56 #7f0b06ab app:id/conversation_contact_name} during layout: running second layout pass
03-27 21:42:38.220 28674 28674 W View : requestLayout() improperly called by com.mbwhatsapp.TextEmojiLabel{1bf2a5a VFED..C.. ......ID 0,0-422,56 #7f0b06ab app:id/conversation_contact_name} during layout: running second layout pass
03-27 21:42:38.262 28674 28674 W View : requestLayout() improperly called by com.mbwhatsapp.TextEmojiLabel{1bf2a5a VFED..C.. ......ID 0,0-422,56 #7f0b06ab app:id/conversation_contact_name} during layout: running second layout pass
03-27 21:42:41.595 28674 28674 W ResourceType: Bad XML block: header size 18254 or total size 169478669 is larger than data size 196
03-27 21:42:41.632 28674 28684 W System : A resource failed to call close.
03-27 21:42:41.632 28674 28684 W System : A resource failed to call close.
03-27 21:42:41.646 28674 28684 W System : A resource failed to call close.
03-27 21:42:41.646 28674 28684 W System : A resource failed to call close.
03-27 21:42:41.650 28674 28684 W System : A resource failed to call close.
03-27 21:42:41.650 28674 28684 W System : A resource failed to call close.
03-27 21:42:41.654 28674 28684 W System : A resource failed to call close.
03-27 21:42:41.654 28674 28684 W System : A resource failed to call close.
03-27 21:42:41.658 28674 28684 W System : A resource failed to call close.
03-27 21:42:41.658 28674 28684 W System : A resource failed to call close.
03-27 21:42:41.661 28674 28684 W System : A resource failed to call close.
03-27 21:42:41.661 28674 28684 W System : A resource failed to call close.
03-27 21:42:41.667 28674 28674 W View : requestLayout() improperly called by com.mbwhatsapp.TextEmojiLabel{1bf2a5a VFED..C.. ......ID 0,0-422,56 #7f0b06ab app:id/conversation_contact_name} during layout: running second layout pass
03-27 21:42:42.979 28674 32441 W SQLiteLog: (28) double-quoted string literal: "2A6DB1BB606B35BB2D64452942F85638"
03-27 21:42:42.979 28674 32441 W SQLiteLog: (28) double-quoted string literal: "C7FF2C6449361217A4D8478691C56A59"
03-27 21:42:42.979 28674 32441 W SQLiteLog: (28) double-quoted string literal: "4237D9586B4084C275E71ECF5338DAF8"
03-27 21:42:43.162 28674 28764 E SQLiteDatabase: Error inserting dirty_version=-1 version=0 lt_hash=null collection_name=regular_high
03-27 21:42:43.162 28674 28764 E SQLiteDatabase: android.database.sqlite.SQLiteConstraintException: UNIQUE constraint failed: collection_versions.collection_name (code 1555 SQLITE_CONSTRAINT_PRIMARYKEY[1555])
03-27 21:42:43.162 28674 28764 E SQLiteDatabase: at android.database.sqlite.SQLiteConnection.nativeExecuteForLastInsertedRowId(Native Method)
03-27 21:42:43.162 28674 28764 E SQLiteDatabase: at android.database.sqlite.SQLiteConnection.executeForLastInsertedRowId(SQLiteConnecti on.java:1232)
03-27 21:42:43.162 28674 28764 E SQLiteDatabase: at android.database.sqlite.SQLiteSession.executeForLastInsertedRowId(SQLiteSession.jav a:790)
03-27 21:42:43.162 28674 28764 E SQLiteDatabase: at android.database.sqlite.SQLiteStatement.executeInsert(SQLiteStatement.java:89)
03-27 21:42:43.162 28674 28764 E SQLiteDatabase: at android.database.sqlite.SQLiteDatabase.insertWithOnConflict(SQLiteDatabase.java:224 4)
03-27 21:42:43.162 28674 28764 E SQLiteDatabase: at android.database.sqlite.SQLiteDatabase.insert(SQLiteDatabase.java:2113)
03-27 21:42:43.162 28674 28764 E SQLiteDatabase: at X.2tm.A08(Unknown Source:6)
03-27 21:42:43.162 28674 28764 E SQLiteDatabase: at X.2sR.A03(Unknown Source:39)
03-27 21:42:43.162 28674 28764 E SQLiteDatabase: at X.2sR.A05(Unknown Source:14)
03-27 21:42:43.162 28674 28764 E SQLiteDatabase: at X.3eA.run(Unknown Source:2101)
03-27 21:42:43.162 28674 28764 E SQLiteDatabase: at java.util.concurrent.ThreadPoolExecutor.runWorker(ThreadPoolExecutor.java:1145)
03-27 21:42:43.162 28674 28764 E SQLiteDatabase: at java.util.concurrent.ThreadPoolExecutor$Worker.run(ThreadPoolExecutor.java:644)
03-27 21:42:43.162 28674 28764 E SQLiteDatabase: at X.3gH.run(Unknown Source:1548)
03-27 21:42:43.162 28674 28764 E SQLiteDatabase: at java.lang.Thread.run(Thread.java:1012)
03-27 21:42:43.166 28674 28764 E SQLiteDatabase: Error inserting dirty_version=-1 version=0 lt_hash=null collection_name=regular_low
03-27 21:42:43.166 28674 28764 E SQLiteDatabase: android.database.sqlite.SQLiteConstraintException: UNIQUE constraint failed: collection_versions.collection_name (code 1555 SQLITE_CONSTRAINT_PRIMARYKEY[1555])
03-27 21:42:43.166 28674 28764 E SQLiteDatabase: at android.database.sqlite.SQLiteConnection.nativeExecuteForLastInsertedRowId(Native Method)
03-27 21:42:43.166 28674 28764 E SQLiteDatabase: at android.database.sqlite.SQLiteConnection.executeForLastInsertedRowId(SQLiteConnecti on.java:1232)
03-27 21:42:43.166 28674 28764 E SQLiteDatabase: at android.database.sqlite.SQLiteSession.executeForLastInsertedRowId(SQLiteSession.jav a:790)
03-27 21:42:43.166 28674 28764 E SQLiteDatabase: at android.database.sqlite.SQLiteStatement.executeInsert(SQLiteStatement.java:89)
03-27 21:42:43.166 28674 28764 E SQLiteDatabase: at android.database.sqlite.SQLiteDatabase.insertWithOnConflict(SQLiteDatabase.java:224 4)
03-27 21:42:43.166 28674 28764 E SQLiteDatabase: at android.database.sqlite.SQLiteDatabase.insert(SQLiteDatabase.java:2113)
03-27 21:42:43.166 28674 28764 E SQLiteDatabase: at X.2tm.A08(Unknown Source:6)
03-27 21:42:43.166 28674 28764 E SQLiteDatabase: at X.2sR.A03(Unknown Source:39)
03-27 21:42:43.166 28674 28764 E SQLiteDatabase: at X.2sR.A05(Unknown Source:14)
03-27 21:42:43.166 28674 28764 E SQLiteDatabase: at X.3eA.run(Unknown Source:2101)
03-27 21:42:43.166 28674 28764 E SQLiteDatabase: at java.util.concurrent.ThreadPoolExecutor.runWorker(ThreadPoolExecutor.java:1145)
03-27 21:42:43.166 28674 28764 E SQLiteDatabase: at java.util.concurrent.ThreadPoolExecutor$Worker.run(ThreadPoolExecutor.java:644)
03-27 21:42:43.166 28674 28764 E SQLiteDatabase: at X.3gH.run(Unknown Source:1548)
03-27 21:42:43.166 28674 28764 E SQLiteDatabase: at java.lang.Thread.run(Thread.java:1012)
03-27 21:42:56.408 28674 28674 E ArmVmp : Match on catch block at 0x0a in for 0x7af2265035
03-27 21:42:56.415 28674 28674 E ArmVmp : Match on catch block at 0x0a in for 0x7af2265035
03-27 21:42:56.537 28674 28674 E ArmVmp : Match on catch block at 0xc3 in for 0x7af2265021
03-27 21:42:56.540 28674 28674 E ArmVmp : Match on catch block at 0xc3 in for 0x7af2265021
03-27 21:42:56.598 28674 28674 E ArmVmp : Match on catch block at 0xc3 in for 0x7af2265025
03-27 21:42:56.600 28674 28674 E ArmVmp : Match on catch block at 0xc3 in for 0x7af2265025
03-27 21:42:56.674 28674 28674 E ArmVmp : Match on catch block at 0xc3 in for 0x7af2265025
03-27 21:42:56.676 28674 28674 E ArmVmp : Match on catch block at 0xc3 in for 0x7af2265025
03-27 21:42:56.691 28674 28674 E ArmVmp : Match on catch block at 0xc3 in for 0x7af2265025
03-27 21:42:56.693 28674 28674 E ArmVmp : Match on catch block at 0xc3 in for 0x7af2265025
03-27 21:42:57.137 28674 28674 E ArmVmp : Match on catch block at 0xc3 in for 0x7af2265025
03-27 21:42:57.140 28674 28674 E ArmVmp : Match on catch block at 0xc3 in for 0x7af2265025
03-27 21:42:57.638 28674 28674 E ArmVmp : Match on catch block at 0xc3 in for 0x7af2265025
03-27 21:42:57.642 28674 28674 E ArmVmp : Match on catch block at 0xc3 in for 0x7af2265025
03-27 21:42:57.689 28674 28674 E ArmVmp : Match on catch block at 0xc3 in for 0x7af2265025
03-27 21:42:57.693 28674 28674 E ArmVmp : Match on catch block at 0xc3 in for 0x7af2265025
03-27 21:42:57.721 28674 28674 E ArmVmp : Match on catch block at 0xc3 in for 0x7af2265025
03-27 21:42:57.723 28674 28674 E ArmVmp : Match on catch block at 0xc3 in for 0x7af2265025
03-27 21:42:57.736 28674 28982 E FrameEvents: updateAcquireFence: Did not find frame.
03-27 21:42:57.881 28674 28674 W ResourceType: Bad XML block: header size 18254 or total size 169478669 is larger than data size 231
03-27 21:42:57.884 28674 28674 W ResourceType: Bad XML block: header size 18254 or total size 169478669 is larger than data size 431
03-27 21:42:57.895 28674 28674 W ResourceType: Bad XML block: header size 18254 or total size 169478669 is larger than data size 376
03-27 21:42:57.899 28674 28674 W ResourceType: Bad XML block: header size 18254 or total size 169478669 is larger than data size 168
03-27 21:42:57.905 28674 28674 W ResourceType: Bad XML block: header size 18254 or total size 169478669 is larger than data size 571
03-27 21:42:57.913 28674 28674 W ResourceType: Bad XML block: header size 18254 or total size 169478669 is larger than data size 193
03-27 21:42:57.916 28674 28674 W ResourceType: Bad XML block: header size 18254 or total size 169478669 is larger than data size 363
03-27 21:42:57.920 28674 28674 W ResourceType: Bad XML block: header size 18254 or total size 169478669 is larger than data size 630
03-27 21:42:57.925 28674 28674 W ResourceType: Bad XML block: header size 18254 or total size 169478669 is larger than data size 313
03-27 21:42:57.929 28674 28674 W ResourceType: Bad XML block: header size 18254 or total size 169478669 is larger than data size 630
03-27 21:42:57.933 28674 28674 W ResourceType: Bad XML block: header size 18254 or total size 169478669 is larger than data size 457
03-27 21:42:57.937 28674 28674 W ResourceType: Bad XML block: header size 18254 or total size 169478669 is larger than data size 343
03-27 21:42:57.963 28674 28674 W ResourceType: Bad XML block: header size 18254 or total size 169478669 is larger than data size 325
03-27 21:42:57.967 28674 28674 W ResourceType: Bad XML block: header size 18254 or total size 169478669 is larger than data size 293
03-27 21:42:57.970 28674 28674 W SQLiteLog: (28) double-quoted string literal: "16"
03-27 21:42:57.970 28674 28674 W SQLiteLog: (28) double-quoted string literal: "16"
03-27 21:42:57.992 28674 28674 W ResourceType: Bad XML block: header size 18254 or total size 169478669 is larger than data size 325
03-27 21:42:58.020 28674 28674 E ArmVmp : Match on catch block at 0xc3 in for 0x7af2265025
03-27 21:42:58.022 28674 28674 E ArmVmp : Match on catch block at 0xc3 in for 0x7af2265025
03-27 21:42:58.048 28674 28674 W View : requestLayout() improperly called by android.widget.Space{ef267fa I.ED..... ......I. 21,63-28,70 #7f0b00ba app:id/action_tile_spacing} during layout: running second layout pass
03-27 21:42:58.048 28674 28674 W View : requestLayout() improperly called by android.widget.Space{e40a1ab I.ED..... ......I. 21,63-28,70 #7f0b00ba app:id/action_tile_spacing} during layout: running second layout pass
03-27 21:42:58.048 28674 28674 W View : requestLayout() improperly called by android.widget.Space{8092008 I.ED..... ......I. 21,63-28,70 #7f0b00ba app:id/action_tile_spacing} during layout: running second layout pass
03-27 21:42:58.054 28674 28674 W ResourceType: Bad XML block: header size 18254 or total size 169478669 is larger than data size 547
03-27 21:42:58.078 28674 28674 E ArmVmp : Match on catch block at 0xc3 in for 0x7af2265025
03-27 21:42:58.080 28674 28674 E ArmVmp : Match on catch block at 0xc3 in for 0x7af2265025
03-27 21:42:58.171 28674 28674 E ArmVmp : Match on catch block at 0xc3 in for 0x7af2265025
03-27 21:42:58.174 28674 28674 E ArmVmp : Match on catch block at 0xc3 in for 0x7af2265025
03-27 21:42:58.445 28674 28674 E ArmVmp : Match on catch block at 0xc3 in for 0x7af2265025
03-27 21:42:58.448 28674 28674 E ArmVmp : Match on catch block at 0xc3 in for 0x7af2265025
03-27 21:42:59.655 28674 28674 W View : requestLayout() improperly called by com.mbwhatsapp.TextEmojiLabel{264c062 VFED..C.. ......ID 0,0-237,56 #7f0b06ab app:id/conversation_contact_name} during layout: running second layout pass
03-27 21:42:59.699 28674 28674 W View : requestLayout() improperly called by com.mbwhatsapp.TextEmojiLabel{264c062 VFED..C.. ......ID 0,0-237,56 #7f0b06ab app:id/conversation_contact_name} during layout: running second layout pass
03-27 21:42:59.890 28674 28674 W View : requestLayout() improperly called by com.mbwhatsapp.TextEmojiLabel{264c062 VFED..C.. ......ID 0,0-237,56 #7f0b06ab app:id/conversation_contact_name} during layout: running second layout pass
03-27 21:43:00.388 28674 28674 E ArmVmp : Match on catch block at 0x0a in for 0x7af2265035
03-27 21:43:00.396 28674 28674 E ArmVmp : Match on catch block at 0x0a in for 0x7af2265035
03-27 21:43:00.447 28674 28674 E ArmVmp : Match on catch block at 0xc3 in for 0x7af2265025
03-27 21:43:00.452 28674 28674 E ArmVmp : Match on catch block at 0xc3 in for 0x7af2265025
03-27 21:43:00.458 28674 28982 E FrameEvents: updateAcquireFence: Did not find frame.
03-27 21:43:00.472 28674 28674 E ArmVmp : Match on catch block at 0xc3 in for 0x7af2265025
03-27 21:43:00.475 28674 28674 E ArmVmp : Match on catch block at 0xc3 in for 0x7af2265025
03-27 21:43:00.500 28674 28674 E ArmVmp : Match on catch block at 0xc3 in for 0x7af2265025
03-27 21:43:00.503 28674 28674 E ArmVmp : Match on catch block at 0xc3 in for 0x7af2265025
03-27 21:43:00.836 28674 28674 E ArmVmp : Match on catch block at 0xc3 in for 0x7af2265025
03-27 21:43:00.839 28674 28674 E ArmVmp : Match on catch block at 0xc3 in for 0x7af2265025
03-27 21:43:00.854 28674 28674 E ArmVmp : Match on catch block at 0xc3 in for 0x7af2265025
03-27 21:43:00.857 28674 28674 E ArmVmp : Match on catch block at 0xc3 in for 0x7af2265025
03-27 21:43:00.872 28674 28674 E ArmVmp : Match on catch block at 0xc3 in for 0x7af2265025
03-27 21:43:00.876 28674 28674 E ArmVmp : Match on catch block at 0xc3 in for 0x7af2265025
03-27 21:43:00.978 28674 28674 E ArmVmp : Match on catch block at 0xc3 in for 0x7af2265025
03-27 21:43:00.981 28674 28674 E ArmVmp : Match on catch block at 0xc3 in for 0x7af2265025
03-27 21:43:01.105 28674 28674 E ArmVmp : Match on catch block at 0xc3 in for 0x7af2265025
03-27 21:43:01.107 28674 28674 E ArmVmp : Match on catch block at 0xc3 in for 0x7af2265025
03-27 21:43:01.118 28674 28674 E ArmVmp : Match on catch block at 0xc3 in for 0x7af2265025
03-27 21:43:01.121 28674 28674 E ArmVmp : Match on catch block at 0xc3 in for 0x7af2265025
03-27 21:43:01.269 28674 28674 E ArmVmp : Match on catch block at 0xc3 in for 0x7af2265025
03-27 21:43:01.273 28674 28674 E ArmVmp : Match on catch block at 0xc3 in for 0x7af2265025
03-27 21:43:06.576 28674 28674 E ArmVmp : Match on catch block at 0x0a in for 0x7af2265035
03-27 21:43:06.583 28674 28674 E ArmVmp : Match on catch block at 0x0a in for 0x7af2265035
03-27 21:43:06.702 28674 28674 E ArmVmp : Match on catch block at 0xc3 in for 0x7af2265021
03-27 21:43:06.704 28674 28674 E ArmVmp : Match on catch block at 0xc3 in for 0x7af2265021
03-27 21:43:06.761 28674 28674 E ArmVmp : Match on catch block at 0xc3 in for 0x7af2265025
03-27 21:43:06.763 28674 28674 E ArmVmp : Match on catch block at 0xc3 in for 0x7af2265025
03-27 21:43:06.837 28674 28674 E ArmVmp : Match on catch block at 0xc3 in for 0x7af2265025
03-27 21:43:06.841 28674 28674 E ArmVmp : Match on catch block at 0xc3 in for 0x7af2265025
03-27 21:43:06.857 28674 28674 E ArmVmp : Match on catch block at 0xc3 in for 0x7af2265025
03-27 21:43:06.859 28674 28674 E ArmVmp : Match on catch block at 0xc3 in for 0x7af2265025
03-27 21:43:07.301 28674 28674 E ArmVmp : Match on catch block at 0xc3 in for 0x7af2265025
03-27 21:43:07.304 28674 28674 E ArmVmp : Match on catch block at 0xc3 in for 0x7af2265025
03-27 21:43:07.550 28674 28674 E ArmVmp : Match on catch block at 0xc3 in for 0x7af2265025
03-27 21:43:07.553 28674 28674 E ArmVmp : Match on catch block at 0xc3 in for 0x7af2265025
03-27 21:43:07.590 28674 28674 E ArmVmp : Match on catch block at 0xc3 in for 0x7af2265025
03-27 21:43:07.593 28674 28674 E ArmVmp : Match on catch block at 0xc3 in for 0x7af2265025
03-27 21:43:07.607 28674 28982 E FrameEvents: updateAcquireFence: Did not find frame.
03-27 21:43:07.726 28674 28674 W ResourceType: Bad XML block: header size 18254 or total size 169478669 is larger than data size 231
03-27 21:43:07.729 28674 28674 W ResourceType: Bad XML block: header size 18254 or total size 169478669 is larger than data size 431
03-27 21:43:07.740 28674 28674 W ResourceType: Bad XML block: header size 18254 or total size 169478669 is larger than data size 376
03-27 21:43:07.743 28674 28674 W ResourceType: Bad XML block: header size 18254 or total size 169478669 is larger than data size 168
03-27 21:43:07.749 28674 28674 W ResourceType: Bad XML block: header size 18254 or total size 169478669 is larger than data size 571
03-27 21:43:07.757 28674 28674 W ResourceType: Bad XML block: header size 18254 or total size 169478669 is larger than data size 193
03-27 21:43:07.760 28674 28674 W ResourceType: Bad XML block: header size 18254 or total size 169478669 is larger than data size 363
03-27 21:43:07.763 28674 28674 W ResourceType: Bad XML block: header size 18254 or total size 169478669 is larger than data size 630
03-27 21:43:07.767 28674 28674 W ResourceType: Bad XML block: header size 18254 or total size 169478669 is larger than data size 313
03-27 21:43:07.771 28674 28674 W ResourceType: Bad XML block: header size 18254 or total size 169478669 is larger than data size 630
03-27 21:43:07.774 28674 28674 W ResourceType: Bad XML block: header size 18254 or total size 169478669 is larger than data size 457
03-27 21:43:07.777 28674 28674 W ResourceType: Bad XML block: header size 18254 or total size 169478669 is larger than data size 343
03-27 21:43:07.804 28674 28674 W ResourceType: Bad XML block: header size 18254 or total size 169478669 is larger than data size 325
03-27 21:43:07.807 28674 28674 W ResourceType: Bad XML block: header size 18254 or total size 169478669 is larger than data size 293
03-27 21:43:07.810 28674 28674 W SQLiteLog: (28) double-quoted string literal: "13"
03-27 21:43:07.810 28674 28674 W SQLiteLog: (28) double-quoted string literal: "13"
03-27 21:43:07.832 28674 28674 W ResourceType: Bad XML block: header size 18254 or total size 169478669 is larger than data size 325
03-27 21:43:07.883 28674 28674 W View : requestLayout() improperly called by android.widget.Space{5452e86 I.ED..... ......I. 21,63-28,70 #7f0b00ba app:id/action_tile_spacing} during layout: running second layout pass
03-27 21:43:07.883 28674 28674 W View : requestLayout() improperly called by android.widget.Space{445d347 I.ED..... ......I. 21,63-28,70 #7f0b00ba app:id/action_tile_spacing} during layout: running second layout pass
03-27 21:43:07.883 28674 28674 W View : requestLayout() improperly called by android.widget.Space{804c774 I.ED..... ......I. 21,63-28,70 #7f0b00ba app:id/action_tile_spacing} during layout: running second layout pass
03-27 21:43:07.883 28674 28674 W View : requestLayout() improperly called by android.widget.Space{686749d I.ED..... ......I. 21,63-28,70 #7f0b00ba app:id/action_tile_spacing} during layout: running second layout pass
03-27 21:43:07.889 28674 28674 W ResourceType: Bad XML block: header size 18254 or total size 169478669 is larger than data size 547
03-27 21:43:07.914 28674 28674 E ArmVmp : Match on catch block at 0xc3 in for 0x7af2265025
03-27 21:43:07.916 28674 28674 E ArmVmp : Match on catch block at 0xc3 in for 0x7af2265025
03-27 21:43:08.002 28674 28674 E ArmVmp : Match on catch block at 0xc3 in for 0x7af2265025
03-27 21:43:08.006 28674 28674 E ArmVmp : Match on catch block at 0xc3 in for 0x7af2265025
03-27 21:43:08.275 28674 28674 E ArmVmp : Match on catch block at 0xc3 in for 0x7af2265025
03-27 21:43:08.278 28674 28674 E ArmVmp : Match on catch block at 0xc3 in for 0x7af2265025
03-27 21:43:09.136 28674 28674 W View : requestLayout() improperly called by com.mbwhatsapp.TextEmojiLabel{4b7449c VFED..C.. ......ID 0,0-137,56 #7f0b06ab app:id/conversation_contact_name} during layout: running second layout pass
03-27 21:43:09.165 28674 28674 W View : requestLayout() improperly called by com.mbwhatsapp.TextEmojiLabel{4b7449c VFED..C.. ......ID 0,0-137,56 #7f0b06ab app:id/conversation_contact_name} during layout: running second layout pass
03-27 21:43:09.216 28674 28674 W View : requestLayout() improperly called by com.mbwhatsapp.TextEmojiLabel{4b7449c VFED..C.. ......ID 0,0-137,56 #7f0b06ab app:id/conversation_contact_name} during layout: running second layout pass
03-27 21:43:13.016 28674 28674 E ArmVmp : Match on catch block at 0x0a in for 0x7af2265035
03-27 21:43:13.024 28674 28674 E ArmVmp : Match on catch block at 0x0a in for 0x7af2265035
03-27 21:43:13.079 28674 28674 E ArmVmp : Match on catch block at 0xc3 in for 0x7af2265025
03-27 21:43:13.082 28674 28674 E ArmVmp : Match on catch block at 0xc3 in for 0x7af2265025
03-27 21:43:13.088 28674 28982 E FrameEvents: updateAcquireFence: Did not find frame.
03-27 21:43:13.097 28674 28674 E ArmVmp : Match on catch block at 0xc3 in for 0x7af2265025
03-27 21:43:13.100 28674 28674 E ArmVmp : Match on catch block at 0xc3 in for 0x7af2265025
03-27 21:43:13.123 28674 28674 E ArmVmp : Match on catch block at 0xc3 in for 0x7af2265025
03-27 21:43:13.126 28674 28674 E ArmVmp : Match on catch block at 0xc3 in for 0x7af2265025
03-27 21:43:13.450 28674 28674 E ArmVmp : Match on catch block at 0xc3 in for 0x7af2265025
03-27 21:43:13.454 28674 28674 E ArmVmp : Match on catch block at 0xc3 in for 0x7af2265025
03-27 21:43:13.471 28674 28674 E ArmVmp : Match on catch block at 0xc3 in for 0x7af2265025
03-27 21:43:13.474 28674 28674 E ArmVmp : Match on catch block at 0xc3 in for 0x7af2265025
03-27 21:43:13.492 28674 28674 E ArmVmp : Match on catch block at 0xc3 in for 0x7af2265025
03-27 21:43:13.495 28674 28674 E ArmVmp : Match on catch block at 0xc3 in for 0x7af2265025
03-27 21:43:13.609 28674 28674 E ArmVmp : Match on catch block at 0xc3 in for 0x7af2265025
03-27 21:43:13.611 28674 28674 E ArmVmp : Match on catch block at 0xc3 in for 0x7af2265025
03-27 21:43:13.688 28674 28674 E ArmVmp : Match on catch block at 0xc3 in for 0x7af2265025
03-27 21:43:13.690 28674 28674 E ArmVmp : Match on catch block at 0xc3 in for 0x7af2265025
03-27 21:43:13.698 28674 28674 E ArmVmp : Match on catch block at 0xc3 in for 0x7af2265025
03-27 21:43:13.702 28674 28674 E ArmVmp : Match on catch block at 0xc3 in for 0x7af2265025
03-27 21:43:13.868 28674 28674 E ArmVmp : Match on catch block at 0xc3 in for 0x7af2265025
03-27 21:43:13.872 28674 28674 E ArmVmp : Match on catch block at 0xc3 in for 0x7af2265025
03-27 21:43:13.919 28674 28674 E ArmVmp : Match on catch block at 0xc3 in for 0x7af2265025
03-27 21:43:13.923 28674 28674 E ArmVmp : Match on catch block at 0xc3 in for 0x7af2265025
03-27 21:43:50.652 28674 28674 E ArmVmp : Match on catch block at 0x0a in for 0x7af2265031
03-27 21:43:50.692 28674 28674 E ArmVmp : Match on catch block at 0x0a in for 0x7af226504d
03-27 21:43:50.829 28674 4235 W com.mbwhatsapp: Accessing hidden method Lcom/android/org/conscrypt/ConscryptEngineSocket;->setUseSessionTickets(Z)V (max- target-q,core-platform-api, reflection, denied)
03-27 21:43:50.829 28674 4235 W com.mbwhatsapp: Accessing hidden method Lcom/android/org/conscrypt/OpenSSLSocketImpl;->setUseSessionTickets(Z)V (max- target-q,core-platform-api, reflection, denied)
03-27 21:43:50.829 28674 4235 W com.mbwhatsapp: Accessing hidden method Lcom/android/org/conscrypt/AbstractConscryptSocket;->setUseSessionTickets(Z)V (max- target-q, reflection, denied)
03-27 21:43:50.829 28674 4235 W com.mbwhatsapp: Accessing hidden method Lcom/android/org/conscrypt/ConscryptEngineSocket;->setHostname(Ljava/lang/String;)V (max-target-q,core-platform-api, reflection, denied)
03-27 21:43:50.829 28674 4235 W com.mbwhatsapp: Accessing hidden method Lcom/android/org/conscrypt/OpenSSLSocketImpl;->setHostname(Ljava/lang/String;)V (max-target-q,core-platform-api, reflection, denied)
03-27 21:43:50.829 28674 4235 W com.mbwhatsapp: Accessing hidden method Lcom/android/org/conscrypt/AbstractConscryptSocket;->setHostname(Ljava/lang/ String;)V (max-target-q, reflection, denied)
03-27 21:43:50.830 28674 4235 W com.mbwhatsapp: Accessing hidden method Lcom/android/org/conscrypt/OpenSSLSocketImpl;->setAlpnProtocols([B)V (max-target- q,core-platform-api, reflection, denied)
03-27 21:43:50.830 28674 4235 W com.mbwhatsapp: Accessing hidden method Lcom/android/org/conscrypt/AbstractConscryptSocket;->setAlpnProtocols([B)V (max- target-q, reflection, denied)
03-27 21:43:50.935 28674 4235 W com.mbwhatsapp: Accessing hidden method Lcom/android/org/conscrypt/OpenSSLSocketImpl;->getAlpnSelectedProtocol()[B (max- target-q,core-platform-api, reflection, denied)
03-27 21:43:50.935 28674 4235 W com.mbwhatsapp: Accessing hidden method Lcom/android/org/conscrypt/AbstractConscryptSocket;->getAlpnSelectedProtocol()[B (max-target-q, reflection, denied)
03-27 21:43:51.778 28674 28674 E ArmVmp : Match on catch block at 0x0a in for 0x7af2265035
03-27 21:43:57.817 28674 28674 E ArmVmp : Match on catch block at 0x0a in for 0x7af226505d
03-27 21:43:57.938 28674 28674 W IInputConnectionWrapper: requestCursorAnchorInfo on inactive InputConnection
03-27 21:44:05.887 28674 28674 E ArmVmp : Match on catch block at 0x0a in for 0x7af226505d
03-27 21:44:06.031 28674 28674 W IInputConnectionWrapper: requestCursorAnchorInfo on inactive InputConnection
03-27 21:44:16.028 28674 28674 E ArmVmp : Match on catch block at 0x0a in for 0x7af2265031
03-27 21:44:16.068 28674 28674 E ArmVmp : Match on catch block at 0x0a in for 0x7af226504d
03-27 21:44:17.039 28674 28674 E ArmVmp : Match on catch block at 0x0a in for 0x7af2265035
03-27 21:44:52.820 28674 28674 E ArmVmp : Match on catch block at 0x0a in for 0x7af2265035
03-27 21:44:52.827 28674 28674 E ArmVmp : Match on catch block at 0x0a in for 0x7af2265035
03-27 21:44:52.952 28674 28674 E ArmVmp : Match on catch block at 0xc3 in for 0x7af2265021
03-27 21:44:52.955 28674 28674 E ArmVmp : Match on catch block at 0xc3 in for 0x7af2265021
03-27 21:44:53.045 28674 28674 E ArmVmp : Match on catch block at 0xc3 in for 0x7af2265025
03-27 21:44:53.047 28674 28674 E ArmVmp : Match on catch block at 0xc3 in for 0x7af2265025
03-27 21:44:53.066 28674 28674 E ArmVmp : Match on catch block at 0xc3 in for 0x7af2265025
03-27 21:44:53.068 28674 28674 E ArmVmp : Match on catch block at 0xc3 in for 0x7af2265025
03-27 21:44:53.115 28674 28674 E ArmVmp : Match on catch block at 0xc3 in for 0x7af2265025
03-27 21:44:53.118 28674 28674 E ArmVmp : Match on catch block at 0xc3 in for 0x7af2265025
03-27 21:44:53.124 28674 28674 W IInputConnectionWrapper: requestCursorAnchorInfo on inactive InputConnection
03-27 21:44:53.127 28674 28674 E ArmVmp : Match on catch block at 0xc3 in for 0x7af2265025
03-27 21:44:53.130 28674 28674 E ArmVmp : Match on catch block at 0xc3 in for 0x7af2265025
03-27 21:44:53.149 28674 28674 E ArmVmp : Match on catch block at 0xc3 in for 0x7af2265025
03-27 21:44:53.152 28674 28674 E ArmVmp : Match on catch block at 0xc3 in for 0x7af2265025
03-27 21:44:53.174 28674 28674 E ArmVmp : Match on catch block at 0xc3 in for 0x7af2265025
03-27 21:44:53.178 28674 28674 E ArmVmp : Match on catch block at 0xc3 in for 0x7af2265025
03-27 21:44:53.198 28674 28674 E ArmVmp : Match on catch block at 0xc3 in for 0x7af2265025
03-27 21:44:53.200 28674 28674 E ArmVmp : Match on catch block at 0xc3 in for 0x7af2265025
03-27 21:44:53.220 28674 28674 E ArmVmp : Match on catch block at 0xc3 in for 0x7af2265025
03-27 21:44:53.222 28674 28674 E ArmVmp : Match on catch block at 0xc3 in for 0x7af2265025
03-27 21:44:53.236 28674 28674 E ArmVmp : Match on catch block at 0xc3 in for 0x7af2265025
03-27 21:44:53.239 28674 28674 E ArmVmp : Match on catch block at 0xc3 in for 0x7af2265025
03-27 21:44:53.253 28674 28674 E ArmVmp : Match on catch block at 0xc3 in for 0x7af2265025
03-27 21:44:53.256 28674 28674 E ArmVmp : Match on catch block at 0xc3 in for 0x7af2265025
03-27 21:44:53.280 28674 28674 E ArmVmp : Match on catch block at 0xc3 in for 0x7af2265025
03-27 21:44:53.282 28674 28674 E ArmVmp : Match on catch block at 0xc3 in for 0x7af2265025
03-27 21:44:53.303 28674 28674 E ArmVmp : Match on catch block at 0xc3 in for 0x7af2265025
03-27 21:44:53.306 28674 28674 E ArmVmp : Match on catch block at 0xc3 in for 0x7af2265025
03-27 21:44:53.320 28674 28674 E ArmVmp : Match on catch block at 0xc3 in for 0x7af2265025
03-27 21:44:53.322 28674 28674 E ArmVmp : Match on catch block at 0xc3 in for 0x7af2265025
03-27 21:44:53.336 28674 28674 E ArmVmp : Match on catch block at 0xc3 in for 0x7af2265025
03-27 21:44:53.339 28674 28674 E ArmVmp : Match on catch block at 0xc3 in for 0x7af2265025
03-27 21:44:53.353 28674 28674 E ArmVmp : Match on catch block at 0xc3 in for 0x7af2265025
03-27 21:44:53.356 28674 28674 E ArmVmp : Match on catch block at 0xc3 in for 0x7af2265025
03-27 21:44:53.604 28674 28674 E ArmVmp : Match on catch block at 0xc3 in for 0x7af2265025
03-27 21:44:53.607 28674 28674 E ArmVmp : Match on catch block at 0xc3 in for 0x7af2265025
03-27 21:44:54.106 28674 28674 E ArmVmp : Match on catch block at 0xc3 in for 0x7af2265025
03-27 21:44:54.111 28674 28674 E ArmVmp : Match on catch block at 0xc3 in for 0x7af2265025
03-27 21:44:54.603 28674 28674 E ArmVmp : Match on catch block at 0xc3 in for 0x7af2265025
03-27 21:44:54.606 28674 28674 E ArmVmp : Match on catch block at 0xc3 in for 0x7af2265025
03-27 21:44:54.827 28674 28674 E ArmVmp : Match on catch block at 0xc3 in for 0x7af2265025
03-27 21:44:54.830 28674 28674 E ArmVmp : Match on catch block at 0xc3 in for 0x7af2265025
03-27 21:44:54.840 28674 28674 E ArmVmp : Match on catch block at 0xc3 in for 0x7af2265025
03-27 21:44:54.844 28674 28674 E ArmVmp : Match on catch block at 0xc3 in for 0x7af2265025
03-27 21:44:55.104 28674 28674 E ArmVmp : Match on catch block at 0xc3 in for 0x7af2265025
03-27 21:44:55.108 28674 28674 E ArmVmp : Match on catch block at 0xc3 in for 0x7af2265025
03-27 21:44:55.605 28674 28674 E ArmVmp : Match on catch block at 0xc3 in for 0x7af2265025
03-27 21:44:55.613 28674 28674 E ArmVmp : Match on catch block at 0xc3 in for 0x7af2265025
03-27 21:44:55.658 28674 28674 W SoundPool: Use of stream types is deprecated for operations other than volume control
03-27 21:44:55.658 28674 28674 W SoundPool: See the documentation of SoundPool() for what to use instead with android.media.AudioAttributes to qualify your playback use case
03-27 21:44:55.672 28674 28674 E ArmVmp : Match on catch block at 0xc3 in for 0x7af2265025
03-27 21:44:55.676 28674 28674 E ArmVmp : Match on catch block at 0xc3 in for 0x7af2265025
03-27 21:44:55.952 28674 28674 E ArmVmp : Match on catch block at 0xc3 in for 0x7af2265025
03-27 21:44:55.956 28674 28674 E ArmVmp : Match on catch block at 0xc3 in for 0x7af2265025
03-27 21:44:57.413 28674 28674 E ArmVmp : Match on catch block at 0xc3 in for 0x7af2265025
03-27 21:44:57.415 28674 28674 E ArmVmp : Match on catch block at 0xc3 in for 0x7af2265025
03-27 21:44:57.447 28674 28674 E ArmVmp : Match on catch block at 0xc3 in for 0x7af2265025
03-27 21:44:57.451 28674 28674 E ArmVmp : Match on catch block at 0xc3 in for 0x7af2265025
03-27 21:44:57.459 28674 28674 E ArmVmp : Match on catch block at 0xc3 in for 0x7af2265025
03-27 21:44:57.467 28674 28674 E ArmVmp : Match on catch block at 0xc3 in for 0x7af2265025
03-27 21:44:57.777 28674 28674 E ArmVmp : Match on catch block at 0xc3 in for 0x7af2265025
03-27 21:44:57.780 28674 28674 E ArmVmp : Match on catch block at 0xc3 in for 0x7af2265025
03-27 21:44:57.802 28674 28674 E ArmVmp : Match on catch block at 0xc3 in for 0x7af2265025
03-27 21:44:57.806 28674 28674 E ArmVmp : Match on catch block at 0xc3 in for 0x7af2265025
03-27 21:44:57.936 28674 28674 E ArmVmp : Match on catch block at 0xc3 in for 0x7af2265025
03-27 21:44:57.941 28674 28674 E ArmVmp : Match on catch block at 0xc3 in for 0x7af2265025
03-27 21:44:58.437 28674 28674 E ArmVmp : Match on catch block at 0xc3 in for 0x7af2265025
03-27 21:44:58.443 28674 28674 E ArmVmp : Match on catch block at 0xc3 in for 0x7af2265025
03-27 21:44:58.802 28674 28674 W AudioManager: Use of stream types is deprecated for operations other than volume control
03-27 21:44:58.802 28674 28674 W AudioManager: See the documentation of requestAudioFocus() for what to use instead with android.media.AudioAttributes to qualify your playback use case
03-27 21:44:59.081 28674 28674 W libOpenSLES: Conversion from OpenSL ES positional channel mask 0x4 to Android mask 0 loses channels
03-27 21:44:59.156 28674 28674 E ArmVmp : Match on catch block at 0xc3 in for 0x7af2265025
