03-27 21:40:03.779 28674 28674 W View : requestLayout() improperly called by com.mbwhatsapp.TextEmojiLabel{88cbcaa VFED..C.. ......ID 0,0-295,56 #7f0b06ab app:id/conversation_contact_name} during layout: running second layout pass
03-27 21:40:07.418 28674 28674 W ResourceType: Bad XML block: header size 18254 or total size 169478669 is larger than data size 196
03-27 21:40:07.444 28674 28674 W View : requestLayout() improperly called by com.mbwhatsapp.TextEmojiLabel{88cbcaa VFED..C.. ......ID 0,0-295,56 #7f0b06ab app:id/conversation_contact_name} during layout: running second layout pass
03-27 21:40:07.491 28674 28674 W View : requestLayout() improperly called by com.mbwhatsapp.TextEmojiLabel{88cbcaa VFED..C.. ......ID 0,0-295,56 #7f0b06ab app:id/conversation_contact_name} during layout: running second layout pass
03-27 21:40:09.715 28674 3150 W SQLiteLog: (28) double-quoted string literal: "0D421E5D48F18CD0763EC9E740562B12"
03-27 21:40:09.715 28674 3150 W SQLiteLog: (28) double-quoted string literal: "77A73D8B7BFD42F68079BF443F4A5874"
03-27 21:40:09.715 28674 3150 W SQLiteLog: (28) double-quoted string literal: "49F28AC22C3C74CB46270439B8BB1131"
03-27 21:40:09.982 28674 28749 E SQLiteDatabase: Error inserting dirty_version=-1 version=0 lt_hash=null collection_name=regular_high
03-27 21:40:09.982 28674 28749 E SQLiteDatabase: android.database.sqlite.SQLiteConstraintException: UNIQUE constraint failed: collection_versions.collection_name (code 1555 SQLITE_CONSTRAINT_PRIMARYKEY[1555])
03-27 21:40:09.982 28674 28749 E SQLiteDatabase: at android.database.sqlite.SQLiteConnection.nativeExecuteForLastInsertedRowId(Native Method)
03-27 21:40:09.982 28674 28749 E SQLiteDatabase: at android.database.sqlite.SQLiteConnection.executeForLastInsertedRowId(SQLiteConnecti on.java:1232)
03-27 21:40:09.982 28674 28749 E SQLiteDatabase: at android.database.sqlite.SQLiteSession.executeForLastInsertedRowId(SQLiteSession.jav a:790)
03-27 21:40:09.982 28674 28749 E SQLiteDatabase: at android.database.sqlite.SQLiteStatement.executeInsert(SQLiteStatement.java:89)
03-27 21:40:09.982 28674 28749 E SQLiteDatabase: at android.database.sqlite.SQLiteDatabase.insertWithOnConflict(SQLiteDatabase.java:224 4)
03-27 21:40:09.982 28674 28749 E SQLiteDatabase: at android.database.sqlite.SQLiteDatabase.insert(SQLiteDatabase.java:2113)
03-27 21:40:09.982 28674 28749 E SQLiteDatabase: at X.2tm.A08(Unknown Source:6)
03-27 21:40:09.982 28674 28749 E SQLiteDatabase: at X.2sR.A03(Unknown Source:39)
03-27 21:40:09.982 28674 28749 E SQLiteDatabase: at X.2sR.A05(Unknown Source:14)
03-27 21:40:09.982 28674 28749 E SQLiteDatabase: at X.3eA.run(Unknown Source:2101)
03-27 21:40:09.982 28674 28749 E SQLiteDatabase: at java.util.concurrent.ThreadPoolExecutor.runWorker(ThreadPoolExecutor.java:1145)
03-27 21:40:09.982 28674 28749 E SQLiteDatabase: at java.util.concurrent.ThreadPoolExecutor$Worker.run(ThreadPoolExecutor.java:644)
03-27 21:40:09.982 28674 28749 E SQLiteDatabase: at X.3gH.run(Unknown Source:1548)
03-27 21:40:09.982 28674 28749 E SQLiteDatabase: at java.lang.Thread.run(Thread.java:1012)
03-27 21:40:09.985 28674 28749 E SQLiteDatabase: Error inserting dirty_version=-1 version=0 lt_hash=null collection_name=regular_low
03-27 21:40:09.985 28674 28749 E SQLiteDatabase: android.database.sqlite.SQLiteConstraintException: UNIQUE constraint failed: collection_versions.collection_name (code 1555 SQLITE_CONSTRAINT_PRIMARYKEY[1555])
03-27 21:40:09.985 28674 28749 E SQLiteDatabase: at android.database.sqlite.SQLiteConnection.nativeExecuteForLastInsertedRowId(Native Method)
03-27 21:40:09.985 28674 28749 E SQLiteDatabase: at android.database.sqlite.SQLiteConnection.executeForLastInsertedRowId(SQLiteConnecti on.java:1232)
03-27 21:40:09.985 28674 28749 E SQLiteDatabase: at android.database.sqlite.SQLiteSession.executeForLastInsertedRowId(SQLiteSession.jav a:790)
03-27 21:40:09.985 28674 28749 E SQLiteDatabase: at android.database.sqlite.SQLiteStatement.executeInsert(SQLiteStatement.java:89)
03-27 21:40:09.985 28674 28749 E SQLiteDatabase: at android.database.sqlite.SQLiteDatabase.insertWithOnConflict(SQLiteDatabase.java:224 4)
03-27 21:40:09.985 28674 28749 E SQLiteDatabase: at android.database.sqlite.SQLiteDatabase.insert(SQLiteDatabase.java:2113)
03-27 21:40:09.985 28674 28749 E SQLiteDatabase: at X.2tm.A08(Unknown Source:6)
03-27 21:40:09.985 28674 28749 E SQLiteDatabase: at X.2sR.A03(Unknown Source:39)
03-27 21:40:09.985 28674 28749 E SQLiteDatabase: at X.2sR.A05(Unknown Source:14)
03-27 21:40:09.985 28674 28749 E SQLiteDatabase: at X.3eA.run(Unknown Source:2101)
03-27 21:40:09.985 28674 28749 E SQLiteDatabase: at java.util.concurrent.ThreadPoolExecutor.runWorker(ThreadPoolExecutor.java:1145)
03-27 21:40:09.985 28674 28749 E SQLiteDatabase: at java.util.concurrent.ThreadPoolExecutor$Worker.run(ThreadPoolExecutor.java:644)
03-27 21:40:09.985 28674 28749 E SQLiteDatabase: at X.3gH.run(Unknown Source:1548)
03-27 21:40:09.985 28674 28749 E SQLiteDatabase: at java.lang.Thread.run(Thread.java:1012)
03-27 21:40:12.079 28674 28674 E ArmVmp : Match on catch block at 0x0a in for 0x7af2265035
03-27 21:40:12.086 28674 28674 E ArmVmp : Match on catch block at 0x0a in for 0x7af2265035
03-27 21:40:12.209 28674 28674 E ArmVmp : Match on catch block at 0xc3 in for 0x7af2265021
03-27 21:40:12.212 28674 28674 E ArmVmp : Match on catch block at 0xc3 in for 0x7af2265021
03-27 21:40:12.272 28674 28674 E ArmVmp : Match on catch block at 0xc3 in for 0x7af2265025
03-27 21:40:12.274 28674 28674 E ArmVmp : Match on catch block at 0xc3 in for 0x7af2265025
03-27 21:40:12.360 28674 28674 E ArmVmp : Match on catch block at 0xc3 in for 0x7af2265025
03-27 21:40:12.363 28674 28674 E ArmVmp : Match on catch block at 0xc3 in for 0x7af2265025
03-27 21:40:12.381 28674 28674 E ArmVmp : Match on catch block at 0xc3 in for 0x7af2265025
03-27 21:40:12.384 28674 28674 E ArmVmp : Match on catch block at 0xc3 in for 0x7af2265025
03-27 21:40:12.817 28674 28674 E ArmVmp : Match on catch block at 0xc3 in for 0x7af2265025
03-27 21:40:12.821 28674 28674 E ArmVmp : Match on catch block at 0xc3 in for 0x7af2265025
03-27 21:40:12.951 28674 28674 E ArmVmp : Match on catch block at 0xc3 in for 0x7af2265025
03-27 21:40:12.954 28674 28674 E ArmVmp : Match on catch block at 0xc3 in for 0x7af2265025
03-27 21:40:12.984 28674 28674 E ArmVmp : Match on catch block at 0xc3 in for 0x7af2265025
03-27 21:40:12.986 28674 28674 E ArmVmp : Match on catch block at 0xc3 in for 0x7af2265025
03-27 21:40:12.998 28674 28982 E FrameEvents: updateAcquireFence: Did not find frame.
03-27 21:40:13.116 28674 28674 W ResourceType: Bad XML block: header size 18254 or total size 169478669 is larger than data size 231
03-27 21:40:13.120 28674 28674 W ResourceType: Bad XML block: header size 18254 or total size 169478669 is larger than data size 431
03-27 21:40:13.134 28674 28674 W ResourceType: Bad XML block: header size 18254 or total size 169478669 is larger than data size 376
03-27 21:40:13.138 28674 28674 W ResourceType: Bad XML block: header size 18254 or total size 169478669 is larger than data size 168
03-27 21:40:13.148 28674 28674 W ResourceType: Bad XML block: header size 18254 or total size 169478669 is larger than data size 571
03-27 21:40:13.157 28674 28674 W ResourceType: Bad XML block: header size 18254 or total size 169478669 is larger than data size 193
03-27 21:40:13.161 28674 28674 W ResourceType: Bad XML block: header size 18254 or total size 169478669 is larger than data size 363
03-27 21:40:13.164 28674 28674 W ResourceType: Bad XML block: header size 18254 or total size 169478669 is larger than data size 630
03-27 21:40:13.169 28674 28674 W ResourceType: Bad XML block: header size 18254 or total size 169478669 is larger than data size 313
03-27 21:40:13.173 28674 28674 W ResourceType: Bad XML block: header size 18254 or total size 169478669 is larger than data size 630
03-27 21:40:13.177 28674 28674 W ResourceType: Bad XML block: header size 18254 or total size 169478669 is larger than data size 457
03-27 21:40:13.181 28674 28674 W ResourceType: Bad XML block: header size 18254 or total size 169478669 is larger than data size 343
03-27 21:40:13.217 28674 28674 W ResourceType: Bad XML block: header size 18254 or total size 169478669 is larger than data size 325
03-27 21:40:13.237 28674 28674 W ResourceType: Bad XML block: header size 18254 or total size 169478669 is larger than data size 293
03-27 21:40:13.241 28674 28674 W SQLiteLog: (28) double-quoted string literal: "29"
03-27 21:40:13.241 28674 28674 W SQLiteLog: (28) double-quoted string literal: "29"
03-27 21:40:13.265 28674 28674 W ResourceType: Bad XML block: header size 18254 or total size 169478669 is larger than data size 325
03-27 21:40:13.303 28674 28674 E ArmVmp : Match on catch block at 0xc3 in for 0x7af2265025
03-27 21:40:13.305 28674 28674 E ArmVmp : Match on catch block at 0xc3 in for 0x7af2265025
03-27 21:40:13.334 28674 28674 W View : requestLayout() improperly called by android.widget.Space{5b253fa I.ED..... ......I. 21,63-28,70 #7f0b00ba app:id/action_tile_spacing} during layout: running second layout pass
03-27 21:40:13.335 28674 28674 W View : requestLayout() improperly called by android.widget.Space{fe01dab I.ED..... ......I. 21,63-28,70 #7f0b00ba app:id/action_tile_spacing} during layout: running second layout pass
03-27 21:40:13.335 28674 28674 W View : requestLayout() improperly called by android.widget.Space{8b8ec08 I.ED..... ......I. 21,63-28,70 #7f0b00ba app:id/action_tile_spacing} during layout: running second layout pass
03-27 21:40:13.341 28674 28674 W ResourceType: Bad XML block: header size 18254 or total size 169478669 is larger than data size 547
03-27 21:40:13.371 28674 28674 E ArmVmp : Match on catch block at 0xc3 in for 0x7af2265025
03-27 21:40:13.373 28674 28674 E ArmVmp : Match on catch block at 0xc3 in for 0x7af2265025
03-27 21:40:13.455 28674 28674 E ArmVmp : Match on catch block at 0xc3 in for 0x7af2265025
03-27 21:40:13.458 28674 28674 E ArmVmp : Match on catch block at 0xc3 in for 0x7af2265025
03-27 21:40:13.724 28674 28674 E ArmVmp : Match on catch block at 0xc3 in for 0x7af2265025
03-27 21:40:13.728 28674 28674 E ArmVmp : Match on catch block at 0xc3 in for 0x7af2265025
03-27 21:40:14.667 28674 28674 W View : requestLayout() improperly called by com.mbwhatsapp.TextEmojiLabel{2b7f1f3 VFED..C.. ......ID 0,0-130,56 #7f0b06ab app:id/conversation_contact_name} during layout: running second layout pass
03-27 21:40:14.697 28674 28674 W View : requestLayout() improperly called by com.mbwhatsapp.TextEmojiLabel{2b7f1f3 VFED..C.. ......ID 0,0-130,56 #7f0b06ab app:id/conversation_contact_name} during layout: running second layout pass
03-27 21:40:19.985 28674 28674 W ResourceType: Bad XML block: header size 18254 or total size 169478669 is larger than data size 196
03-27 21:40:20.005 28674 28674 W View : requestLayout() improperly called by com.mbwhatsapp.TextEmojiLabel{2b7f1f3 VFED..C.. ......ID 0,0-130,56 #7f0b06ab app:id/conversation_contact_name} during layout: running second layout pass
03-27 21:40:20.067 28674 28674 W View : requestLayout() improperly called by com.mbwhatsapp.TextEmojiLabel{2b7f1f3 VFED..C.. ......ID 0,0-130,56 #7f0b06ab app:id/conversation_contact_name} during layout: running second layout pass
03-27 21:40:21.277 28674 3269 W SQLiteLog: (28) double-quoted string literal: "653F51C56D7A697F88199A65BE4078FB"
03-27 21:40:21.277 28674 3269 W SQLiteLog: (28) double-quoted string literal: "B74B8BA03EF7578061C3B761FB9F70A3"
03-27 21:40:21.277 28674 3269 W SQLiteLog: (28) double-quoted string literal: "E79CF99452640D4757817E1A26FE48D5"
03-27 21:40:21.492 28674 1014 E SQLiteDatabase: Error inserting dirty_version=-1 version=0 lt_hash=null collection_name=regular_high
03-27 21:40:21.492 28674 1014 E SQLiteDatabase: android.database.sqlite.SQLiteConstraintException: UNIQUE constraint failed: collection_versions.collection_name (code 1555 SQLITE_CONSTRAINT_PRIMARYKEY[1555])
03-27 21:40:21.492 28674 1014 E SQLiteDatabase: at android.database.sqlite.SQLiteConnection.nativeExecuteForLastInsertedRowId(Native Method)
03-27 21:40:21.492 28674 1014 E SQLiteDatabase: at android.database.sqlite.SQLiteConnection.executeForLastInsertedRowId(SQLiteConnecti on.java:1232)
03-27 21:40:21.492 28674 1014 E SQLiteDatabase: at android.database.sqlite.SQLiteSession.executeForLastInsertedRowId(SQLiteSession.jav a:790)
03-27 21:40:21.492 28674 1014 E SQLiteDatabase: at android.database.sqlite.SQLiteStatement.executeInsert(SQLiteStatement.java:89)
03-27 21:40:21.492 28674 1014 E SQLiteDatabase: at android.database.sqlite.SQLiteDatabase.insertWithOnConflict(SQLiteDatabase.java:224 4)
03-27 21:40:21.492 28674 1014 E SQLiteDatabase: at android.database.sqlite.SQLiteDatabase.insert(SQLiteDatabase.java:2113)
03-27 21:40:21.492 28674 1014 E SQLiteDatabase: at X.2tm.A08(Unknown Source:6)
03-27 21:40:21.492 28674 1014 E SQLiteDatabase: at X.2sR.A03(Unknown Source:39)
03-27 21:40:21.492 28674 1014 E SQLiteDatabase: at X.2sR.A05(Unknown Source:14)
03-27 21:40:21.492 28674 1014 E SQLiteDatabase: at X.3eA.run(Unknown Source:2101)
03-27 21:40:21.492 28674 1014 E SQLiteDatabase: at java.util.concurrent.ThreadPoolExecutor.runWorker(ThreadPoolExecutor.java:1145)
03-27 21:40:21.492 28674 1014 E SQLiteDatabase: at java.util.concurrent.ThreadPoolExecutor$Worker.run(ThreadPoolExecutor.java:644)
03-27 21:40:21.492 28674 1014 E SQLiteDatabase: at X.3gH.run(Unknown Source:1548)
03-27 21:40:21.492 28674 1014 E SQLiteDatabase: at java.lang.Thread.run(Thread.java:1012)
03-27 21:40:21.495 28674 1014 E SQLiteDatabase: Error inserting dirty_version=-1 version=0 lt_hash=null collection_name=regular_low
03-27 21:40:21.495 28674 1014 E SQLiteDatabase: android.database.sqlite.SQLiteConstraintException: UNIQUE constraint failed: collection_versions.collection_name (code 1555 SQLITE_CONSTRAINT_PRIMARYKEY[1555])
03-27 21:40:21.495 28674 1014 E SQLiteDatabase: at android.database.sqlite.SQLiteConnection.nativeExecuteForLastInsertedRowId(Native Method)
03-27 21:40:21.495 28674 1014 E SQLiteDatabase: at android.database.sqlite.SQLiteConnection.executeForLastInsertedRowId(SQLiteConnecti on.java:1232)
03-27 21:40:21.495 28674 1014 E SQLiteDatabase: at android.database.sqlite.SQLiteSession.executeForLastInsertedRowId(SQLiteSession.jav a:790)
03-27 21:40:21.495 28674 1014 E SQLiteDatabase: at android.database.sqlite.SQLiteStatement.executeInsert(SQLiteStatement.java:89)
03-27 21:40:21.495 28674 1014 E SQLiteDatabase: at android.database.sqlite.SQLiteDatabase.insertWithOnConflict(SQLiteDatabase.java:224 4)
03-27 21:40:21.495 28674 1014 E SQLiteDatabase: at android.database.sqlite.SQLiteDatabase.insert(SQLiteDatabase.java:2113)
03-27 21:40:21.495 28674 1014 E SQLiteDatabase: at X.2tm.A08(Unknown Source:6)
03-27 21:40:21.495 28674 1014 E SQLiteDatabase: at X.2sR.A03(Unknown Source:39)
03-27 21:40:21.495 28674 1014 E SQLiteDatabase: at X.2sR.A05(Unknown Source:14)
03-27 21:40:21.495 28674 1014 E SQLiteDatabase: at X.3eA.run(Unknown Source:2101)
03-27 21:40:21.495 28674 1014 E SQLiteDatabase: at java.util.concurrent.ThreadPoolExecutor.runWorker(ThreadPoolExecutor.java:1145)
03-27 21:40:21.495 28674 1014 E SQLiteDatabase: at java.util.concurrent.ThreadPoolExecutor$Worker.run(ThreadPoolExecutor.java:644)
03-27 21:40:21.495 28674 1014 E SQLiteDatabase: at X.3gH.run(Unknown Source:1548)
03-27 21:40:21.495 28674 1014 E SQLiteDatabase: at java.lang.Thread.run(Thread.java:1012)
03-27 21:40:23.099 28674 28674 E ArmVmp : Match on catch block at 0x0a in for 0x7af2265035
03-27 21:40:23.105 28674 28674 E ArmVmp : Match on catch block at 0x0a in for 0x7af2265035
03-27 21:40:23.218 28674 28674 E ArmVmp : Match on catch block at 0xc3 in for 0x7af2265021
03-27 21:40:23.221 28674 28674 E ArmVmp : Match on catch block at 0xc3 in for 0x7af2265021
03-27 21:40:23.277 28674 28674 E ArmVmp : Match on catch block at 0xc3 in for 0x7af2265025
03-27 21:40:23.279 28674 28674 E ArmVmp : Match on catch block at 0xc3 in for 0x7af2265025
03-27 21:40:23.351 28674 28674 E ArmVmp : Match on catch block at 0xc3 in for 0x7af2265025
03-27 21:40:23.354 28674 28674 E ArmVmp : Match on catch block at 0xc3 in for 0x7af2265025
03-27 21:40:23.368 28674 28674 E ArmVmp : Match on catch block at 0xc3 in for 0x7af2265025
03-27 21:40:23.371 28674 28674 E ArmVmp : Match on catch block at 0xc3 in for 0x7af2265025
03-27 21:40:23.815 28674 28674 E ArmVmp : Match on catch block at 0xc3 in for 0x7af2265025
03-27 21:40:23.818 28674 28674 E ArmVmp : Match on catch block at 0xc3 in for 0x7af2265025
03-27 21:40:23.831 28674 28674 E ArmVmp : Match on catch block at 0xc3 in for 0x7af2265025
03-27 21:40:23.834 28674 28674 E ArmVmp : Match on catch block at 0xc3 in for 0x7af2265025
03-27 21:40:23.862 28674 28674 E ArmVmp : Match on catch block at 0xc3 in for 0x7af2265025
03-27 21:40:23.865 28674 28674 E ArmVmp : Match on catch block at 0xc3 in for 0x7af2265025
03-27 21:40:23.875 28674 28982 E FrameEvents: updateAcquireFence: Did not find frame.
03-27 21:40:23.997 28674 28674 W ResourceType: Bad XML block: header size 18254 or total size 169478669 is larger than data size 231
03-27 21:40:24.000 28674 28674 W ResourceType: Bad XML block: header size 18254 or total size 169478669 is larger than data size 431
03-27 21:40:24.012 28674 28674 W ResourceType: Bad XML block: header size 18254 or total size 169478669 is larger than data size 376
03-27 21:40:24.016 28674 28674 W ResourceType: Bad XML block: header size 18254 or total size 169478669 is larger than data size 168
03-27 21:40:24.023 28674 28674 W ResourceType: Bad XML block: header size 18254 or total size 169478669 is larger than data size 571
03-27 21:40:24.031 28674 28674 W ResourceType: Bad XML block: header size 18254 or total size 169478669 is larger than data size 193
03-27 21:40:24.034 28674 28674 W ResourceType: Bad XML block: header size 18254 or total size 169478669 is larger than data size 363
03-27 21:40:24.038 28674 28674 W ResourceType: Bad XML block: header size 18254 or total size 169478669 is larger than data size 630
03-27 21:40:24.041 28674 28674 W ResourceType: Bad XML block: header size 18254 or total size 169478669 is larger than data size 313
03-27 21:40:24.044 28674 28674 W ResourceType: Bad XML block: header size 18254 or total size 169478669 is larger than data size 630
03-27 21:40:24.048 28674 28674 W ResourceType: Bad XML block: header size 18254 or total size 169478669 is larger than data size 457
03-27 21:40:24.051 28674 28674 W ResourceType: Bad XML block: header size 18254 or total size 169478669 is larger than data size 343
03-27 21:40:24.080 28674 28674 W ResourceType: Bad XML block: header size 18254 or total size 169478669 is larger than data size 325
03-27 21:40:24.084 28674 28674 W ResourceType: Bad XML block: header size 18254 or total size 169478669 is larger than data size 293
03-27 21:40:24.087 28674 28674 W SQLiteLog: (28) double-quoted string literal: "27"
03-27 21:40:24.087 28674 28674 W SQLiteLog: (28) double-quoted string literal: "27"
03-27 21:40:24.109 28674 28674 W ResourceType: Bad XML block: header size 18254 or total size 169478669 is larger than data size 325
03-27 21:40:24.179 28674 28674 W View : requestLayout() improperly called by android.widget.Space{30e302a I.ED..... ......I. 21,63-28,70 #7f0b00ba app:id/action_tile_spacing} during layout: running second layout pass
03-27 21:40:24.179 28674 28674 W View : requestLayout() improperly called by android.widget.Space{a337e1b I.ED..... ......I. 21,63-28,70 #7f0b00ba app:id/action_tile_spacing} during layout: running second layout pass
03-27 21:40:24.179 28674 28674 W View : requestLayout() improperly called by android.widget.Space{c3b1bb8 I.ED..... ......I. 21,63-28,70 #7f0b00ba app:id/action_tile_spacing} during layout: running second layout pass
03-27 21:40:24.179 28674 28674 W View : requestLayout() improperly called by android.widget.Space{fed0d91 I.ED..... ......I. 21,63-28,70 #7f0b00ba app:id/action_tile_spacing} during layout: running second layout pass
03-27 21:40:24.187 28674 28674 E ArmVmp : Match on catch block at 0xc3 in for 0x7af2265025
03-27 21:40:24.189 28674 28674 E ArmVmp : Match on catch block at 0xc3 in for 0x7af2265025
03-27 21:40:24.194 28674 28674 W ResourceType: Bad XML block: header size 18254 or total size 169478669 is larger than data size 547
03-27 21:40:24.223 28674 28674 E ArmVmp : Match on catch block at 0xc3 in for 0x7af2265025
03-27 21:40:24.225 28674 28674 E ArmVmp : Match on catch block at 0xc3 in for 0x7af2265025
03-27 21:40:24.315 28674 28674 E ArmVmp : Match on catch block at 0xc3 in for 0x7af2265025
03-27 21:40:24.318 28674 28674 E ArmVmp : Match on catch block at 0xc3 in for 0x7af2265025
03-27 21:40:24.412 28674 28684 W System : A resource failed to call close.
03-27 21:40:24.412 28674 28684 W System : A resource failed to call close.
03-27 21:40:24.433 28674 28684 W System : A resource failed to call close.
03-27 21:40:24.434 28674 28684 W System : A resource failed to call close.
03-27 21:40:24.601 28674 28674 E ArmVmp : Match on catch block at 0xc3 in for 0x7af2265025
03-27 21:40:24.603 28674 28674 E ArmVmp : Match on catch block at 0xc3 in for 0x7af2265025
03-27 21:40:27.959 28674 28674 W ResourceType: Bad XML block: header size 18254 or total size 169478669 is larger than data size 196
03-27 21:40:27.989 28674 28674 W View : requestLayout() improperly called by android.widget.FrameLayout{a6a0f4 V.E...... ......ID 0,0-720,98 #7f0b194b app:id/subject_layout} during layout: running second layout pass
03-27 21:40:27.989 28674 28674 W View : requestLayout() improperly called by android.widget.FrameLayout{b88e2e8 V.E...... ......ID 0,0-720,98 #7f0b0c0c app:id/header} during layout: running second layout pass
03-27 21:40:27.989 28674 28674 W View : requestLayout() improperly called by com.mbwhatsapp.WaImageView{696ba9 V.ED..... ......I. 0,0-720,98 #7f0b1319 app:id/picture} during layout: running second layout pass
03-27 21:40:27.989 28674 28674 W View : requestLayout() improperly called by android.view.View{e22625c V.ED..... ......ID 0,0-720,98 #7f0b1304 app:id/photo_overlay} during layout: running second layout pass
03-27 21:40:29.303 28674 32441 W SQLiteLog: (28) double-quoted string literal: "6D74CF01A3200F1BC0EB95F651FFE0A0"
03-27 21:40:29.304 28674 32441 W SQLiteLog: (28) double-quoted string literal: "54D6435E098912874AB6D0226428BF9B"
03-27 21:40:29.553 28674 1014 E SQLiteDatabase: Error inserting dirty_version=-1 version=0 lt_hash=null collection_name=regular_high
03-27 21:40:29.553 28674 1014 E SQLiteDatabase: android.database.sqlite.SQLiteConstraintException: UNIQUE constraint failed: collection_versions.collection_name (code 1555 SQLITE_CONSTRAINT_PRIMARYKEY[1555])
03-27 21:40:29.553 28674 1014 E SQLiteDatabase: at android.database.sqlite.SQLiteConnection.nativeExecuteForLastInsertedRowId(Native Method)
03-27 21:40:29.553 28674 1014 E SQLiteDatabase: at android.database.sqlite.SQLiteConnection.executeForLastInsertedRowId(SQLiteConnecti on.java:1232)
03-27 21:40:29.553 28674 1014 E SQLiteDatabase: at android.database.sqlite.SQLiteSession.executeForLastInsertedRowId(SQLiteSession.jav a:790)
03-27 21:40:29.553 28674 1014 E SQLiteDatabase: at android.database.sqlite.SQLiteStatement.executeInsert(SQLiteStatement.java:89)
03-27 21:40:29.553 28674 1014 E SQLiteDatabase: at android.database.sqlite.SQLiteDatabase.insertWithOnConflict(SQLiteDatabase.java:224 4)
03-27 21:40:29.553 28674 1014 E SQLiteDatabase: at android.database.sqlite.SQLiteDatabase.insert(SQLiteDatabase.java:2113)
03-27 21:40:29.553 28674 1014 E SQLiteDatabase: at X.2tm.A08(Unknown Source:6)
03-27 21:40:29.553 28674 1014 E SQLiteDatabase: at X.2sR.A03(Unknown Source:39)
03-27 21:40:29.553 28674 1014 E SQLiteDatabase: at X.2sR.A05(Unknown Source:14)
03-27 21:40:29.553 28674 1014 E SQLiteDatabase: at X.3eA.run(Unknown Source:2101)
03-27 21:40:29.553 28674 1014 E SQLiteDatabase: at java.util.concurrent.ThreadPoolExecutor.runWorker(ThreadPoolExecutor.java:1145)
03-27 21:40:29.553 28674 1014 E SQLiteDatabase: at java.util.concurrent.ThreadPoolExecutor$Worker.run(ThreadPoolExecutor.java:644)
03-27 21:40:29.553 28674 1014 E SQLiteDatabase: at X.3gH.run(Unknown Source:1548)
03-27 21:40:29.553 28674 1014 E SQLiteDatabase: at java.lang.Thread.run(Thread.java:1012)
03-27 21:40:29.556 28674 1014 E SQLiteDatabase: Error inserting dirty_version=-1 version=0 lt_hash=null collection_name=regular_low
03-27 21:40:29.556 28674 1014 E SQLiteDatabase: android.database.sqlite.SQLiteConstraintException: UNIQUE constraint failed: collection_versions.collection_name (code 1555 SQLITE_CONSTRAINT_PRIMARYKEY[1555])
03-27 21:40:29.556 28674 1014 E SQLiteDatabase: at android.database.sqlite.SQLiteConnection.nativeExecuteForLastInsertedRowId(Native Method)
03-27 21:40:29.556 28674 1014 E SQLiteDatabase: at android.database.sqlite.SQLiteConnection.executeForLastInsertedRowId(SQLiteConnecti on.java:1232)
03-27 21:40:29.556 28674 1014 E SQLiteDatabase: at android.database.sqlite.SQLiteSession.executeForLastInsertedRowId(SQLiteSession.jav a:790)
03-27 21:40:29.556 28674 1014 E SQLiteDatabase: at android.database.sqlite.SQLiteStatement.executeInsert(SQLiteStatement.java:89)
03-27 21:40:29.556 28674 1014 E SQLiteDatabase: at android.database.sqlite.SQLiteDatabase.insertWithOnConflict(SQLiteDatabase.java:224 4)
03-27 21:40:29.556 28674 1014 E SQLiteDatabase: at android.database.sqlite.SQLiteDatabase.insert(SQLiteDatabase.java:2113)
03-27 21:40:29.556 28674 1014 E SQLiteDatabase: at X.2tm.A08(Unknown Source:6)
03-27 21:40:29.556 28674 1014 E SQLiteDatabase: at X.2sR.A03(Unknown Source:39)
03-27 21:40:29.556 28674 1014 E SQLiteDatabase: at X.2sR.A05(Unknown Source:14)
03-27 21:40:29.556 28674 1014 E SQLiteDatabase: at X.3eA.run(Unknown Source:2101)
03-27 21:40:29.556 28674 1014 E SQLiteDatabase: at java.util.concurrent.ThreadPoolExecutor.runWorker(ThreadPoolExecutor.java:1145)
03-27 21:40:29.556 28674 1014 E SQLiteDatabase: at java.util.concurrent.ThreadPoolExecutor$Worker.run(ThreadPoolExecutor.java:644)
03-27 21:40:29.556 28674 1014 E SQLiteDatabase: at X.3gH.run(Unknown Source:1548)
03-27 21:40:29.556 28674 1014 E SQLiteDatabase: at java.lang.Thread.run(Thread.java:1012)
03-27 21:40:33.427 28674 28674 E ArmVmp : Match on catch block at 0x0a in for 0x7af2265035
03-27 21:40:33.434 28674 28674 E ArmVmp : Match on catch block at 0x0a in for 0x7af2265035
03-27 21:40:33.565 28674 28674 E ArmVmp : Match on catch block at 0xc3 in for 0x7af2265021
03-27 21:40:33.567 28674 28674 E ArmVmp : Match on catch block at 0xc3 in for 0x7af2265021
03-27 21:40:33.630 28674 28674 E ArmVmp : Match on catch block at 0xc3 in for 0x7af2265025
03-27 21:40:33.632 28674 28674 E ArmVmp : Match on catch block at 0xc3 in for 0x7af2265025
03-27 21:40:33.673 28674 28674 E ArmVmp : Match on catch block at 0xc3 in for 0x7af2265025
03-27 21:40:33.675 28674 28674 E ArmVmp : Match on catch block at 0xc3 in for 0x7af2265025
03-27 21:40:33.692 28674 28674 E ArmVmp : Match on catch block at 0xc3 in for 0x7af2265025
03-27 21:40:33.695 28674 28674 E ArmVmp : Match on catch block at 0xc3 in for 0x7af2265025
03-27 21:40:34.412 28674 28674 E ArmVmp : Match on catch block at 0xc3 in for 0x7af2265025
03-27 21:40:34.416 28674 28674 E ArmVmp : Match on catch block at 0xc3 in for 0x7af2265025
03-27 21:40:34.444 28674 28674 E ArmVmp : Match on catch block at 0xc3 in for 0x7af2265025
03-27 21:40:34.447 28674 28674 E ArmVmp : Match on catch block at 0xc3 in for 0x7af2265025
03-27 21:40:34.459 28674 28982 E FrameEvents: updateAcquireFence: Did not find frame.
03-27 21:40:34.587 28674 28674 W ResourceType: Bad XML block: header size 18254 or total size 169478669 is larger than data size 231
03-27 21:40:34.590 28674 28674 W ResourceType: Bad XML block: header size 18254 or total size 169478669 is larger than data size 431
03-27 21:40:34.602 28674 28674 W ResourceType: Bad XML block: header size 18254 or total size 169478669 is larger than data size 376
03-27 21:40:34.605 28674 28674 W ResourceType: Bad XML block: header size 18254 or total size 169478669 is larger than data size 168
03-27 21:40:34.612 28674 28674 W ResourceType: Bad XML block: header size 18254 or total size 169478669 is larger than data size 571
03-27 21:40:34.619 28674 28674 W ResourceType: Bad XML block: header size 18254 or total size 169478669 is larger than data size 193
03-27 21:40:34.623 28674 28674 W ResourceType: Bad XML block: header size 18254 or total size 169478669 is larger than data size 363
03-27 21:40:34.626 28674 28674 W ResourceType: Bad XML block: header size 18254 or total size 169478669 is larger than data size 630
03-27 21:40:34.630 28674 28674 W ResourceType: Bad XML block: header size 18254 or total size 169478669 is larger than data size 313
03-27 21:40:34.634 28674 28674 W ResourceType: Bad XML block: header size 18254 or total size 169478669 is larger than data size 630
03-27 21:40:34.637 28674 28674 W ResourceType: Bad XML block: header size 18254 or total size 169478669 is larger than data size 457
03-27 21:40:34.640 28674 28674 W ResourceType: Bad XML block: header size 18254 or total size 169478669 is larger than data size 343
03-27 21:40:34.668 28674 28674 W ResourceType: Bad XML block: header size 18254 or total size 169478669 is larger than data size 325
03-27 21:40:34.671 28674 28674 W ResourceType: Bad XML block: header size 18254 or total size 169478669 is larger than data size 293
03-27 21:40:34.675 28674 28674 W SQLiteLog: (28) double-quoted string literal: "28"
03-27 21:40:34.675 28674 28674 W SQLiteLog: (28) double-quoted string literal: "28"
03-27 21:40:34.699 28674 28674 W ResourceType: Bad XML block: header size 18254 or total size 169478669 is larger than data size 325
03-27 21:40:34.728 28674 28674 E ArmVmp : Match on catch block at 0xc3 in for 0x7af2265025
03-27 21:40:34.730 28674 28674 E ArmVmp : Match on catch block at 0xc3 in for 0x7af2265025
03-27 21:40:34.758 28674 28674 W View : requestLayout() improperly called by android.widget.Space{3e62ede I.ED..... ......I. 21,63-28,70 #7f0b00ba app:id/action_tile_spacing} during layout: running second layout pass
03-27 21:40:34.758 28674 28674 W View : requestLayout() improperly called by android.widget.Space{8fdc8bf I.ED..... ......I. 21,63-28,70 #7f0b00ba app:id/action_tile_spacing} during layout: running second layout pass
03-27 21:40:34.758 28674 28674 W View : requestLayout() improperly called by android.widget.Space{9f2db8c I.ED..... ......I. 21,63-28,70 #7f0b00ba app:id/action_tile_spacing} during layout: running second layout pass
03-27 21:40:34.764 28674 28674 W ResourceType: Bad XML block: header size 18254 or total size 169478669 is larger than data size 547
03-27 21:40:34.789 28674 28674 E ArmVmp : Match on catch block at 0xc3 in for 0x7af2265025
03-27 21:40:34.791 28674 28674 E ArmVmp : Match on catch block at 0xc3 in for 0x7af2265025
03-27 21:40:34.879 28674 28674 E ArmVmp : Match on catch block at 0xc3 in for 0x7af2265025
03-27 21:40:34.882 28674 28674 E ArmVmp : Match on catch block at 0xc3 in for 0x7af2265025
03-27 21:40:35.147 28674 28674 E ArmVmp : Match on catch block at 0xc3 in for 0x7af2265025
03-27 21:40:35.150 28674 28674 E ArmVmp : Match on catch block at 0xc3 in for 0x7af2265025
03-27 21:40:35.975 28674 28674 W View : requestLayout() improperly called by com.mbwhatsapp.TextEmojiLabel{bc1f0a1 VFED..C.. ......ID 0,0-527,56 #7f0b06ab app:id/conversation_contact_name} during layout: running second layout pass
03-27 21:40:36.024 28674 28674 W View : requestLayout() improperly called by com.mbwhatsapp.TextEmojiLabel{bc1f0a1 VFED..C.. ......ID 0,0-527,56 #7f0b06ab app:id/conversation_contact_name} during layout: running second layout pass
03-27 21:40:36.072 28674 28674 W View : requestLayout() improperly called by com.mbwhatsapp.TextEmojiLabel{bc1f0a1 VFED..C.. ......ID 0,0-527,56 #7f0b06ab app:id/conversation_contact_name} during layout: running second layout pass
03-27 21:40:36.138 28674 28674 W View : requestLayout() improperly called by com.mbwhatsapp.TextEmojiLabel{bc1f0a1 VFED..C.. ......ID 0,0-527,56 #7f0b06ab app:id/conversation_contact_name} during layout: running second layout pass
03-27 21:40:36.223 28674 28674 W View : requestLayout() improperly called by com.mbwhatsapp.TextEmojiLabel{bc1f0a1 VFED..C.. ......ID 0,0-527,56 #7f0b06ab app:id/conversation_contact_name} during layout: running second layout pass
03-27 21:40:45.695 28674 28674 W View : requestLayout() improperly called by com.mbwhatsapp.TextEmojiLabel{bc1f0a1 VFED..C.. ......ID 0,0-527,56 #7f0b06ab app:id/conversation_contact_name} during layout: running second layout pass
03-27 21:40:47.354 28674 28674 W View : requestLayout() improperly called by com.mbwhatsapp.TextEmojiLabel{bc1f0a1 VFED..C.. ......ID 0,0-527,56 #7f0b06ab app:id/conversation_contact_name} during layout: running second layout pass
03-27 21:40:49.263 28674 28674 W View : requestLayout() improperly called by com.mbwhatsapp.TextEmojiLabel{bc1f0a1 VFED..C.. ......ID 0,0-527,56 #7f0b06ab app:id/conversation_contact_name} during layout: running second layout pass
03-27 21:40:49.280 28674 28674 W ResourceType: Bad XML block: header size 18254 or total size 169478669 is larger than data size 196
03-27 21:40:49.356 28674 28674 W View : requestLayout() improperly called by com.mbwhatsapp.TextEmojiLabel{bc1f0a1 VFED..C.. ......ID 0,0-527,56 #7f0b06ab app:id/conversation_contact_name} during layout: running second layout pass
03-27 21:40:50.739 28674 3004 W SQLiteLog: (28) double-quoted string literal: "937B8FD205AB26B9449ED00CA416093A"
03-27 21:40:50.739 28674 3004 W SQLiteLog: (28) double-quoted string literal: "84311E5443B7AE85749147DFB9B5CD8E"
03-27 21:40:50.739 28674 3004 W SQLiteLog: (28) double-quoted string literal: "AA2006402F13CB05B98E2DAE1C4C7987"
03-27 21:40:51.015 28674 28758 E SQLiteDatabase: Error inserting dirty_version=-1 version=0 lt_hash=null collection_name=regular_high
03-27 21:40:51.015 28674 28758 E SQLiteDatabase: android.database.sqlite.SQLiteConstraintException: UNIQUE constraint failed: collection_versions.collection_name (code 1555 SQLITE_CONSTRAINT_PRIMARYKEY[1555])
03-27 21:40:51.015 28674 28758 E SQLiteDatabase: at android.database.sqlite.SQLiteConnection.nativeExecuteForLastInsertedRowId(Native Method)
03-27 21:40:51.015 28674 28758 E SQLiteDatabase: at android.database.sqlite.SQLiteConnection.executeForLastInsertedRowId(SQLiteConnecti on.java:1232)
03-27 21:40:51.015 28674 28758 E SQLiteDatabase: at android.database.sqlite.SQLiteSession.executeForLastInsertedRowId(SQLiteSession.jav a:790)
03-27 21:40:51.015 28674 28758 E SQLiteDatabase: at android.database.sqlite.SQLiteStatement.executeInsert(SQLiteStatement.java:89)
03-27 21:40:51.015 28674 28758 E SQLiteDatabase: at android.database.sqlite.SQLiteDatabase.insertWithOnConflict(SQLiteDatabase.java:224 4)
03-27 21:40:51.015 28674 28758 E SQLiteDatabase: at android.database.sqlite.SQLiteDatabase.insert(SQLiteDatabase.java:2113)
03-27 21:40:51.015 28674 28758 E SQLiteDatabase: at X.2tm.A08(Unknown Source:6)
03-27 21:40:51.015 28674 28758 E SQLiteDatabase: at X.2sR.A03(Unknown Source:39)
03-27 21:40:51.015 28674 28758 E SQLiteDatabase: at X.2sR.A05(Unknown Source:14)
03-27 21:40:51.015 28674 28758 E SQLiteDatabase: at X.3eA.run(Unknown Source:2101)
03-27 21:40:51.015 28674 28758 E SQLiteDatabase: at java.util.concurrent.ThreadPoolExecutor.runWorker(ThreadPoolExecutor.java:1145)
03-27 21:40:51.015 28674 28758 E SQLiteDatabase: at java.util.concurrent.ThreadPoolExecutor$Worker.run(ThreadPoolExecutor.java:644)
03-27 21:40:51.015 28674 28758 E SQLiteDatabase: at X.3gH.run(Unknown Source:1548)
03-27 21:40:51.015 28674 28758 E SQLiteDatabase: at java.lang.Thread.run(Thread.java:1012)
03-27 21:40:51.018 28674 28758 E SQLiteDatabase: Error inserting dirty_version=-1 version=0 lt_hash=null collection_name=regular_low
03-27 21:40:51.018 28674 28758 E SQLiteDatabase: android.database.sqlite.SQLiteConstraintException: UNIQUE constraint failed: collection_versions.collection_name (code 1555 SQLITE_CONSTRAINT_PRIMARYKEY[1555])
03-27 21:40:51.018 28674 28758 E SQLiteDatabase: at android.database.sqlite.SQLiteConnection.nativeExecuteForLastInsertedRowId(Native Method)
03-27 21:40:51.018 28674 28758 E SQLiteDatabase: at android.database.sqlite.SQLiteConnection.executeForLastInsertedRowId(SQLiteConnecti on.java:1232)
03-27 21:40:51.018 28674 28758 E SQLiteDatabase: at android.database.sqlite.SQLiteSession.executeForLastInsertedRowId(SQLiteSession.jav a:790)
03-27 21:40:51.018 28674 28758 E SQLiteDatabase: at android.database.sqlite.SQLiteStatement.executeInsert(SQLiteStatement.java:89)
03-27 21:40:51.018 28674 28758 E SQLiteDatabase: at android.database.sqlite.SQLiteDatabase.insertWithOnConflict(SQLiteDatabase.java:224 4)
03-27 21:40:51.018 28674 28758 E SQLiteDatabase: at android.database.sqlite.SQLiteDatabase.insert(SQLiteDatabase.java:2113)
03-27 21:40:51.018 28674 28758 E SQLiteDatabase: at X.2tm.A08(Unknown Source:6)
03-27 21:40:51.018 28674 28758 E SQLiteDatabase: at X.2sR.A03(Unknown Source:39)
03-27 21:40:51.018 28674 28758 E SQLiteDatabase: at X.2sR.A05(Unknown Source:14)
03-27 21:40:51.018 28674 28758 E SQLiteDatabase: at X.3eA.run(Unknown Source:2101)
03-27 21:40:51.018 28674 28758 E SQLiteDatabase: at java.util.concurrent.ThreadPoolExecutor.runWorker(ThreadPoolExecutor.java:1145)
03-27 21:40:51.018 28674 28758 E SQLiteDatabase: at java.util.concurrent.ThreadPoolExecutor$Worker.run(ThreadPoolExecutor.java:644)
03-27 21:40:51.018 28674 28758 E SQLiteDatabase: at X.3gH.run(Unknown Source:1548)
03-27 21:40:51.018 28674 28758 E SQLiteDatabase: at java.lang.Thread.run(Thread.java:1012)
03-27 21:40:52.910 28674 28674 E ArmVmp : Match on catch block at 0x0a in for 0x7af2265035
03-27 21:40:52.917 28674 28674 E ArmVmp : Match on catch block at 0x0a in for 0x7af2265035
03-27 21:40:53.046 28674 28674 E ArmVmp : Match on catch block at 0xc3 in for 0x7af2265021
03-27 21:40:53.048 28674 28674 E ArmVmp : Match on catch block at 0xc3 in for 0x7af2265021
03-27 21:40:53.092 28674 28674 E ArmVmp : Match on catch block at 0xc3 in for 0x7af2265025
03-27 21:40:53.094 28674 28674 E ArmVmp : Match on catch block at 0xc3 in for 0x7af2265025
03-27 21:40:53.127 28674 28674 E ArmVmp : Match on catch block at 0xc3 in for 0x7af2265025
03-27 21:40:53.130 28674 28674 E ArmVmp : Match on catch block at 0xc3 in for 0x7af2265025
03-27 21:40:53.195 28674 28674 E ArmVmp : Match on catch block at 0xc3 in for 0x7af2265025
03-27 21:40:53.197 28674 28674 E ArmVmp : Match on catch block at 0xc3 in for 0x7af2265025
03-27 21:40:53.208 28674 28674 E ArmVmp : Match on catch block at 0xc3 in for 0x7af2265025
03-27 21:40:53.211 28674 28674 E ArmVmp : Match on catch block at 0xc3 in for 0x7af2265025
03-27 21:40:53.622 28674 28674 E ArmVmp : Match on catch block at 0xc3 in for 0x7af2265025
03-27 21:40:53.625 28674 28674 E ArmVmp : Match on catch block at 0xc3 in for 0x7af2265025
03-27 21:40:53.651 28674 28674 E ArmVmp : Match on catch block at 0xc3 in for 0x7af2265025
03-27 21:40:53.653 28674 28674 E ArmVmp : Match on catch block at 0xc3 in for 0x7af2265025
03-27 21:40:53.665 28674 28982 E FrameEvents: updateAcquireFence: Did not find frame.
03-27 21:40:53.685 28674 28674 E ArmVmp : Match on catch block at 0xc3 in for 0x7af2265025
03-27 21:40:53.687 28674 28674 E ArmVmp : Match on catch block at 0xc3 in for 0x7af2265025
03-27 21:40:53.801 28674 28674 W ResourceType: Bad XML block: header size 18254 or total size 169478669 is larger than data size 231
03-27 21:40:53.806 28674 28674 W ResourceType: Bad XML block: header size 18254 or total size 169478669 is larger than data size 431
03-27 21:40:53.820 28674 28674 W ResourceType: Bad XML block: header size 18254 or total size 169478669 is larger than data size 376
03-27 21:40:53.825 28674 28674 W ResourceType: Bad XML block: header size 18254 or total size 169478669 is larger than data size 168
03-27 21:40:53.834 28674 28674 W ResourceType: Bad XML block: header size 18254 or total size 169478669 is larger than data size 571
03-27 21:40:53.846 28674 28674 W ResourceType: Bad XML block: header size 18254 or total size 169478669 is larger than data size 193
03-27 21:40:53.849 28674 28674 W ResourceType: Bad XML block: header size 18254 or total size 169478669 is larger than data size 363
03-27 21:40:53.854 28674 28674 W ResourceType: Bad XML block: header size 18254 or total size 169478669 is larger than data size 630
03-27 21:40:53.858 28674 28674 W ResourceType: Bad XML block: header size 18254 or total size 169478669 is larger than data size 313
03-27 21:40:53.862 28674 28674 W ResourceType: Bad XML block: header size 18254 or total size 169478669 is larger than data size 630
03-27 21:40:53.866 28674 28674 W ResourceType: Bad XML block: header size 18254 or total size 169478669 is larger than data size 457
03-27 21:40:53.871 28674 28674 W ResourceType: Bad XML block: header size 18254 or total size 169478669 is larger than data size 343
03-27 21:40:53.906 28674 28674 W ResourceType: Bad XML block: header size 18254 or total size 169478669 is larger than data size 325
03-27 21:40:53.911 28674 28674 W ResourceType: Bad XML block: header size 18254 or total size 169478669 is larger than data size 293
03-27 21:40:53.953 28674 28674 W SQLiteLog: (28) double-quoted string literal: "24"
03-27 21:40:53.953 28674 28674 W SQLiteLog: (28) double-quoted string literal: "24"
03-27 21:40:53.977 28674 28674 W ResourceType: Bad XML block: header size 18254 or total size 169478669 is larger than data size 325
03-27 21:40:54.019 28674 28674 E ArmVmp : Match on catch block at 0xc3 in for 0x7af2265025
03-27 21:40:54.022 28674 28674 E ArmVmp : Match on catch block at 0xc3 in for 0x7af2265025
03-27 21:40:54.051 28674 28674 W View : requestLayout() improperly called by android.widget.Space{9fc847 I.ED..... ......I. 21,63-28,70 #7f0b00ba app:id/action_tile_spacing} during layout: running second layout pass
03-27 21:40:54.051 28674 28674 W View : requestLayout() improperly called by android.widget.Space{f81874 I.ED..... ......I. 21,63-28,70 #7f0b00ba app:id/action_tile_spacing} during layout: running second layout pass
03-27 21:40:54.051 28674 28674 W View : requestLayout() improperly called by android.widget.Space{ecdf19d I.ED..... ......I. 21,63-28,70 #7f0b00ba app:id/action_tile_spacing} during layout: running second layout pass
03-27 21:40:54.057 28674 28674 W ResourceType: Bad XML block: header size 18254 or total size 169478669 is larger than data size 547
03-27 21:40:54.080 28674 28674 E ArmVmp : Match on catch block at 0xc3 in for 0x7af2265025
03-27 21:40:54.082 28674 28674 E ArmVmp : Match on catch block at 0xc3 in for 0x7af2265025
03-27 21:40:54.174 28674 28674 E ArmVmp : Match on catch block at 0xc3 in for 0x7af2265025
03-27 21:40:54.177 28674 28674 E ArmVmp : Match on catch block at 0xc3 in for 0x7af2265025
03-27 21:40:54.441 28674 28674 E ArmVmp : Match on catch block at 0xc3 in for 0x7af2265025
03-27 21:40:54.444 28674 28674 E ArmVmp : Match on catch block at 0xc3 in for 0x7af2265025
03-27 21:40:55.322 28674 28674 W View : requestLayout() improperly called by com.mbwhatsapp.TextEmojiLabel{7bb166e VFED..C.. ......ID 0,0-309,56 #7f0b06ab app:id/conversation_contact_name} during layout: running second layout pass
03-27 21:40:55.369 28674 28674 W View : requestLayout() improperly called by com.mbwhatsapp.TextEmojiLabel{7bb166e VFED..C.. ......ID 0,0-309,56 #7f0b06ab app:id/conversation_contact_name} during layout: running second layout pass
03-27 21:40:55.414 28674 28674 W View : requestLayout() improperly called by com.mbwhatsapp.TextEmojiLabel{7bb166e VFED..C.. ......ID 0,0-309,56 #7f0b06ab app:id/conversation_contact_name} during layout: running second layout pass
03-27 21:40:55.446 28674 28674 W View : requestLayout() improperly called by com.mbwhatsapp.TextEmojiLabel{7bb166e VFED..C.. ......ID 0,0-309,56 #7f0b06ab app:id/conversation_contact_name} during layout: running second layout pass
03-27 21:40:55.493 28674 28674 W View : requestLayout() improperly called by com.mbwhatsapp.TextEmojiLabel{7bb166e VFED..C.. ......ID 0,0-309,56 #7f0b06ab app:id/conversation_contact_name} during layout: running second layout pass
03-27 21:40:55.526 28674 28674 W View : requestLayout() improperly called by com.mbwhatsapp.TextEmojiLabel{7bb166e VFED..C.. ......ID 0,0-309,56 #7f0b06ab app:id/conversation_contact_name} during layout: running second layout pass
03-27 21:40:58.466 28674 28674 W ResourceType: Bad XML block: header size 18254 or total size 169478669 is larger than data size 196
03-27 21:40:58.484 28674 28674 W View : requestLayout() improperly called by com.mbwhatsapp.TextEmojiLabel{7bb166e VFED..C.. ......ID 0,0-309,56 #7f0b06ab app:id/conversation_contact_name} during layout: running second layout pass
03-27 21:40:58.555 28674 28674 W View : requestLayout() improperly called by com.mbwhatsapp.TextEmojiLabel{7bb166e VFED..C.. ......ID 0,0-309,56 #7f0b06ab app:id/conversation_contact_name} during layout: running second layout pass
03-27 21:40:58.777 28674 28674 W View : requestLayout() improperly called by com.mbwhatsapp.TextEmojiLabel{7bb166e VFED..C.. ......ID 0,0-309,56 #7f0b06ab app:id/conversation_contact_name} during layout: running second layout pass
03-27 21:41:00.122 28674 3150 W SQLiteLog: (28) double-quoted string literal: "62A0D579427CCBD9F4F079D13F7A9FAC"
03-27 21:41:00.122 28674 3150 W SQLiteLog: (28) double-quoted string literal: "B11BA10945C174042172CD76F1F63D88"
03-27 21:41:00.122 28674 3150 W SQLiteLog: (28) double-quoted string literal: "274502E0A639CAC854E88E0B691DF420"
03-27 21:41:00.383 28674 1013 E SQLiteDatabase: Error inserting dirty_version=-1 version=0 lt_hash=null collection_name=regular_high
03-27 21:41:00.383 28674 1013 E SQLiteDatabase: android.database.sqlite.SQLiteConstraintException: UNIQUE constraint failed: collection_versions.collection_name (code 1555 SQLITE_CONSTRAINT_PRIMARYKEY[1555])
03-27 21:41:00.383 28674 1013 E SQLiteDatabase: at android.database.sqlite.SQLiteConnection.nativeExecuteForLastInsertedRowId(Native Method)
03-27 21:41:00.383 28674 1013 E SQLiteDatabase: at android.database.sqlite.SQLiteConnection.executeForLastInsertedRowId(SQLiteConnecti on.java:1232)
03-27 21:41:00.383 28674 1013 E SQLiteDatabase: at android.database.sqlite.SQLiteSession.executeForLastInsertedRowId(SQLiteSession.jav a:790)
03-27 21:41:00.383 28674 1013 E SQLiteDatabase: at android.database.sqlite.SQLiteStatement.executeInsert(SQLiteStatement.java:89)
03-27 21:41:00.383 28674 1013 E SQLiteDatabase: at android.database.sqlite.SQLiteDatabase.insertWithOnConflict(SQLiteDatabase.java:224 4)
03-27 21:41:00.383 28674 1013 E SQLiteDatabase: at android.database.sqlite.SQLiteDatabase.insert(SQLiteDatabase.java:2113)
03-27 21:41:00.383 28674 1013 E SQLiteDatabase: at X.2tm.A08(Unknown Source:6)
03-27 21:41:00.383 28674 1013 E SQLiteDatabase: at X.2sR.A03(Unknown Source:39)
03-27 21:41:00.383 28674 1013 E SQLiteDatabase: at X.2sR.A05(Unknown Source:14)
03-27 21:41:00.383 28674 1013 E SQLiteDatabase: at X.3eA.run(Unknown Source:2101)
03-27 21:41:00.383 28674 1013 E SQLiteDatabase: at java.util.concurrent.ThreadPoolExecutor.runWorker(ThreadPoolExecutor.java:1145)
03-27 21:41:00.383 28674 1013 E SQLiteDatabase: at java.util.concurrent.ThreadPoolExecutor$Worker.run(ThreadPoolExecutor.java:644)
03-27 21:41:00.383 28674 1013 E SQLiteDatabase: at X.3gH.run(Unknown Source:1548)
03-27 21:41:00.383 28674 1013 E SQLiteDatabase: at java.lang.Thread.run(Thread.java:1012)
03-27 21:41:00.386 28674 1013 E SQLiteDatabase: Error inserting dirty_version=-1 version=0 lt_hash=null collection_name=regular_low
03-27 21:41:00.386 28674 1013 E SQLiteDatabase: android.database.sqlite.SQLiteConstraintException: UNIQUE constraint failed: collection_versions.collection_name (code 1555 SQLITE_CONSTRAINT_PRIMARYKEY[1555])
03-27 21:41:00.386 28674 1013 E SQLiteDatabase: at android.database.sqlite.SQLiteConnection.nativeExecuteForLastInsertedRowId(Native Method)
03-27 21:41:00.386 28674 1013 E SQLiteDatabase: at android.database.sqlite.SQLiteConnection.executeForLastInsertedRowId(SQLiteConnecti on.java:1232)
03-27 21:41:00.386 28674 1013 E SQLiteDatabase: at android.database.sqlite.SQLiteSession.executeForLastInsertedRowId(SQLiteSession.jav a:790)
03-27 21:41:00.386 28674 1013 E SQLiteDatabase: at android.database.sqlite.SQLiteStatement.executeInsert(SQLiteStatement.java:89)
03-27 21:41:00.386 28674 1013 E SQLiteDatabase: at android.database.sqlite.SQLiteDatabase.insertWithOnConflict(SQLiteDatabase.java:224 4)
03-27 21:41:00.386 28674 1013 E SQLiteDatabase: at android.database.sqlite.SQLiteDatabase.insert(SQLiteDatabase.java:2113)
03-27 21:41:00.386 28674 1013 E SQLiteDatabase: at X.2tm.A08(Unknown Source:6)
03-27 21:41:00.386 28674 1013 E SQLiteDatabase: at X.2sR.A03(Unknown Source:39)
03-27 21:41:00.386 28674 1013 E SQLiteDatabase: at X.2sR.A05(Unknown Source:14)
03-27 21:41:00.386 28674 1013 E SQLiteDatabase: at X.3eA.run(Unknown Source:2101)
03-27 21:41:00.386 28674 1013 E SQLiteDatabase: at java.util.concurrent.ThreadPoolExecutor.runWorker(ThreadPoolExecutor.java:1145)
03-27 21:41:00.386 28674 1013 E SQLiteDatabase: at java.util.concurrent.ThreadPoolExecutor$Worker.run(ThreadPoolExecutor.java:644)
03-27 21:41:00.386 28674 1013 E SQLiteDatabase: at X.3gH.run(Unknown Source:1548)
03-27 21:41:00.386 28674 1013 E SQLiteDatabase: at java.lang.Thread.run(Thread.java:1012)
03-27 21:41:02.772 28674 28674 E ArmVmp : Match on catch block at 0x0a in for 0x7af2265035
03-27 21:41:02.779 28674 28674 E ArmVmp : Match on catch block at 0x0a in for 0x7af2265035
03-27 21:41:02.900 28674 28674 E ArmVmp : Match on catch block at 0xc3 in for 0x7af2265021
03-27 21:41:02.902 28674 28674 E ArmVmp : Match on catch block at 0xc3 in for 0x7af2265021
03-27 21:41:02.941 28674 28674 E ArmVmp : Match on catch block at 0xc3 in for 0x7af2265025
