We take content rights seriously. If you suspect this is your content, claim it here.
Available Formats
Download as TXT, PDF, TXT or read online on Scribd
You are on page 1/ 8508
--------- beginning of main
04-09 16:34:39.752 12499 12499 E com.mbwhatsapp: Not starting debugger since
process cannot load the jdwp agent.
04-09 16:34:39.879 12499 12499 W System.err: java.lang.ClassNotFoundException: mbmodsd.mbmodsw.ui.views.btn.BtnBK
04-09 16:34:39.879 12499 12499 W System.err: at java.lang.Runtime.nativeLoad(Native Method)
04-09 16:34:39.879 12499 12499 W System.err: at java.lang.Runtime.nativeLoad(Runtime.java:1126)
04-09 16:34:39.879 12499 12499 W System.err: at java.lang.Runtime.loadLibrary0(Runtime.java:1080)
04-09 16:34:39.879 12499 12499 W System.err: at java.lang.Runtime.loadLibrary0(Runtime.java:1003)
04-09 16:34:39.879 12499 12499 W System.err: at java.lang.System.loadLibrary(System.java:1661)
04-09 16:34:39.879 12499 12499 W System.err: at arm.EpicVm.<clinit>(Unknown Source:2)
04-09 16:34:39.879 12499 12499 W System.err: at java.lang.Class.newInstance(Native Method)
04-09 16:34:39.879 12499 12499 W System.err: at android.app.AppComponentFactory.instantiateApplication(AppComponentFactory.java:76)
04-09 16:34:39.879 12499 12499 W System.err: at androidx.core.app.CoreComponentFactory.instantiateApplication(Unknown Source:0)
04-09 16:34:39.879 12499 12499 W System.err: at android.app.Instrumentation.newApplication(Instrumentation.java:1232)
04-09 16:34:39.879 12499 12499 W System.err: at android.app.LoadedApk.makeApplicationInner(LoadedApk.java:1566)
04-09 16:34:39.879 12499 12499 W System.err: at android.app.LoadedApk.makeApplicationInner(LoadedApk.java:1503)
04-09 16:34:39.879 12499 12499 W System.err: at android.app.ActivityThread.handleBindApplication(ActivityThread.java:7575)
04-09 16:34:39.879 12499 12499 W System.err: at android.app.ActivityThread.-$ $Nest$mhandleBindApplication(Unknown Source:0)
04-09 16:34:39.879 12499 12499 W System.err: at android.app.ActivityThread$H.handleMessage(ActivityThread.java:2400)
04-09 16:34:39.879 12499 12499 W System.err: at android.os.Handler.dispatchMessage(Handler.java:106)
04-09 16:34:39.879 12499 12499 W System.err: at android.os.Looper.loopOnce(Looper.java:226)
04-09 16:34:39.880 12499 12499 W System.err: at android.os.Looper.loop(Looper.java:313)
04-09 16:34:39.880 12499 12499 W System.err: at android.app.ActivityThread.main(ActivityThread.java:8779)
04-09 16:34:39.880 12499 12499 W System.err: at java.lang.reflect.Method.invoke(Native Method)
04-09 16:34:39.880 12499 12499 W System.err: at com.android.internal.os.RuntimeInit$MethodAndArgsCaller.run(RuntimeInit.java:604)
04-09 16:34:39.880 12499 12499 W System.err: at com.android.internal.os.ZygoteInit.main(ZygoteInit.java:1067)
04-09 16:34:39.913 12499 12499 E CustomActivityOnCrash: IMPORTANT WARNING! You already have an UncaughtExceptionHandler, are you sure this is correct? If you use a custom UncaughtExceptionHandler, you must initialize it AFTER CustomActivityOnCrash! Installing anyway, but your original handler will not be called.
04-09 16:34:40.253 12542 12542 E com.mbwhatsapp: Not starting debugger since process cannot load the jdwp agent.
04-09 16:34:40.325 12542 12542 W System.err: java.lang.ClassNotFoundException: mbmodsd.mbmodsw.ui.views.btn.BtnBK
04-09 16:34:40.325 12542 12542 W System.err: at java.lang.Runtime.nativeLoad(Native Method)
04-09 16:34:40.325 12542 12542 W System.err: at java.lang.Runtime.nativeLoad(Runtime.java:1126)
04-09 16:34:40.325 12542 12542 W System.err: at java.lang.Runtime.loadLibrary0(Runtime.java:1080)
04-09 16:34:40.325 12542 12542 W System.err: at java.lang.Runtime.loadLibrary0(Runtime.java:1003)
04-09 16:34:40.325 12542 12542 W System.err: at java.lang.System.loadLibrary(System.java:1661)
04-09 16:34:40.325 12542 12542 W System.err: at arm.EpicVm.<clinit>(Unknown Source:2)
04-09 16:34:40.325 12542 12542 W System.err: at java.lang.Class.newInstance(Native Method)
04-09 16:34:40.325 12542 12542 W System.err: at android.app.AppComponentFactory.instantiateApplication(AppComponentFactory.java:76)
04-09 16:34:40.325 12542 12542 W System.err: at androidx.core.app.CoreComponentFactory.instantiateApplication(Unknown Source:0)
04-09 16:34:40.325 12542 12542 W System.err: at android.app.Instrumentation.newApplication(Instrumentation.java:1232)
04-09 16:34:40.325 12542 12542 W System.err: at android.app.LoadedApk.makeApplicationInner(LoadedApk.java:1566)
04-09 16:34:40.325 12542 12542 W System.err: at android.app.LoadedApk.makeApplicationInner(LoadedApk.java:1503)
04-09 16:34:40.325 12542 12542 W System.err: at android.app.ActivityThread.handleBindApplication(ActivityThread.java:7575)
04-09 16:34:40.325 12542 12542 W System.err: at android.app.ActivityThread.-$ $Nest$mhandleBindApplication(Unknown Source:0)
04-09 16:34:40.325 12542 12542 W System.err: at android.app.ActivityThread$H.handleMessage(ActivityThread.java:2400)
04-09 16:34:40.325 12542 12542 W System.err: at android.os.Handler.dispatchMessage(Handler.java:106)
04-09 16:34:40.325 12542 12542 W System.err: at android.os.Looper.loopOnce(Looper.java:226)
04-09 16:34:40.325 12542 12542 W System.err: at android.os.Looper.loop(Looper.java:313)
04-09 16:34:40.325 12542 12542 W System.err: at android.app.ActivityThread.main(ActivityThread.java:8779)
04-09 16:34:40.325 12542 12542 W System.err: at java.lang.reflect.Method.invoke(Native Method)
04-09 16:34:40.325 12542 12542 W System.err: at com.android.internal.os.RuntimeInit$MethodAndArgsCaller.run(RuntimeInit.java:604)
04-09 16:34:40.325 12542 12542 W System.err: at com.android.internal.os.ZygoteInit.main(ZygoteInit.java:1067)
04-09 16:34:40.378 12542 12542 E CustomActivityOnCrash: IMPORTANT WARNING! You already have an UncaughtExceptionHandler, are you sure this is correct? If you use a custom UncaughtExceptionHandler, you must initialize it AFTER CustomActivityOnCrash! Installing anyway, but your original handler will not be called.
04-09 16:34:40.536 12542 12542 W com.mbwhatsapp: Accessing hidden method Lcom/android/org/conscrypt/OpenSSLSocketImpl;->setUseSessionTickets(Z)V (max- target-q,core-platform-api, reflection, denied)
04-09 16:34:40.536 12542 12542 W com.mbwhatsapp: Accessing hidden method Lcom/android/org/conscrypt/AbstractConscryptSocket;->setUseSessionTickets(Z)V (max- target-q, reflection, denied)
04-09 16:34:40.542 12578 12578 W libprocessgroup: JoinCgroup: controller schedtune is not found
04-09 16:34:41.317 12542 12596 W com.mbwhatsapp: Method void X.2rL.A03(java.lang.Integer) failed lock verification and will run slower.
04-09 16:34:41.317 12542 12596 W com.mbwhatsapp: Common causes for lock verification issues are non-optimized dex code
04-09 16:34:41.317 12542 12596 W com.mbwhatsapp: and incorrect proguard optimizations.
04-09 16:34:41.321 12542 12542 W com.mbwhatsapp: Method void X.0eU.A0h(X.0tK, boolean) failed lock verification and will run slower.
04-09 16:34:41.518 12542 12542 E com.mbwhatsapp: Invalid ID 0x00000000.
04-09 16:34:41.519 12542 12542 W System.err: android.content.res.Resources$NotFoundException: String resource ID #0x0
04-09 16:34:41.519 12542 12542 W System.err: at android.content.res.Resources.getText(Resources.java:512)
04-09 16:34:41.519 12542 12542 W System.err: at android.content.res.Resources.getString(Resources.java:605)
04-09 16:34:41.519 12542 12542 W System.err: at X.35t.A0E(Unknown Source:46)
04-09 16:34:41.519 12542 12542 W System.err: at com.mbwhatsapp.yo.yo.getString(Native Method)
04-09 16:34:41.519 12542 12542 W System.err: at com.mbwhatsapp.yo.yo.getString(Native Method)
04-09 16:34:41.519 12542 12542 W System.err: at com.mbwhatsapp.youbasha.task.utils.requestAllFilesAccess14(Native Method)
04-09 16:34:41.519 12542 12542 W System.err: at com.mbwhatsapp.yo.dep.showStoragePermissionRequest(Native Method)
04-09 16:34:41.519 12542 12542 W System.err: at com.mbwhatsapp.registration.EULA.onCreate(Unknown Source:248)
04-09 16:34:41.519 12542 12542 W System.err: at android.app.Activity.performCreate(Activity.java:8591)
04-09 16:34:41.519 12542 12542 W System.err: at android.app.Activity.performCreate(Activity.java:8570)
04-09 16:34:41.519 12542 12542 W System.err: at android.app.Instrumentation.callActivityOnCreate(Instrumentation.java:1384)
04-09 16:34:41.519 12542 12542 W System.err: at android.app.ActivityThread.performLaunchActivity(ActivityThread.java:4150)
04-09 16:34:41.519 12542 12542 W System.err: at android.app.ActivityThread.handleLaunchActivity(ActivityThread.java:4325)
04-09 16:34:41.519 12542 12542 W System.err: at android.app.servertransaction.LaunchActivityItem.execute(LaunchActivityItem.java:10 1)
04-09 16:34:41.519 12542 12542 W System.err: at android.app.servertransaction.TransactionExecutor.executeCallbacks(TransactionExecu tor.java:135)
04-09 16:34:41.520 12542 12542 W System.err: at android.app.servertransaction.TransactionExecutor.execute(TransactionExecutor.java: 95)
04-09 16:34:41.520 12542 12542 W System.err: at android.app.ActivityThread$H.handleMessage(ActivityThread.java:2574)
04-09 16:34:41.520 12542 12542 W System.err: at android.os.Handler.dispatchMessage(Handler.java:106)
04-09 16:34:41.520 12542 12542 W System.err: at android.os.Looper.loopOnce(Looper.java:226)
04-09 16:34:41.520 12542 12542 W System.err: at android.os.Looper.loop(Looper.java:313)
04-09 16:34:41.520 12542 12542 W System.err: at android.app.ActivityThread.main(ActivityThread.java:8779)
04-09 16:34:41.520 12542 12542 W System.err: at java.lang.reflect.Method.invoke(Native Method)
04-09 16:34:41.520 12542 12542 W System.err: at com.android.internal.os.RuntimeInit$MethodAndArgsCaller.run(RuntimeInit.java:604)
04-09 16:34:41.520 12542 12542 W System.err: at com.android.internal.os.ZygoteInit.main(ZygoteInit.java:1067)
04-09 16:34:41.563 12542 12542 W Activity: Can request only one set of permissions at a time
04-09 16:34:41.606 12542 12614 E RenderScript: Failed to find hal setup entry points: undefined symbol: rsdHalAbort
04-09 16:34:41.606 12542 12614 E RenderScript: Failed to load runtime , loading default
04-09 16:34:41.644 12542 12542 E ArmVmp : Match on catch block at 0x0a in for 0x7b7955804d
04-09 16:34:41.739 12542 12542 E BufferQueueProducer: Unable to open libpenguin.so: dlopen failed: library "libpenguin.so" not found.
04-09 16:34:42.818 12542 12550 W com.mbwhatsapp: Cleared Reference was only reachable from finalizer (only reported once)
04-09 16:34:42.874 12542 12542 E com.mbwhatsapp: Invalid ID 0x00000000.
04-09 16:34:42.874 12542 12542 E com.mbwhatsapp: Invalid ID 0x00000000.
04-09 16:34:42.875 12542 12542 E com.mbwhatsapp: Invalid ID 0x00000000.
04-09 16:34:42.875 12542 12542 E com.mbwhatsapp: Invalid ID 0x00000000.
04-09 16:34:42.876 12542 12542 E com.mbwhatsapp: Invalid ID 0x00000000.
04-09 16:34:42.876 12542 12542 E com.mbwhatsapp: Invalid ID 0x00000000.
04-09 16:34:42.877 12542 12542 E com.mbwhatsapp: Invalid ID 0x00000000.
04-09 16:34:42.877 12542 12542 E com.mbwhatsapp: Invalid ID 0x00000000.
04-09 16:34:44.659 12542 12542 W Activity: Can request only one set of permissions at a time
04-09 16:34:44.659 12542 12542 W Activity: Can request only one set of permissions at a time
04-09 16:34:48.251 12542 12734 E ShortcutInfoCompatSaver: Failed to load saved values from file /data/user/0/com.mbwhatsapp/files/ShortcutInfoCompatSaver_share_targets/ targets.xml. Old state removed, new added
04-09 16:34:48.251 12542 12734 E ShortcutInfoCompatSaver: java.io.FileNotFoundException: /data/user/0/com.mbwhatsapp/files/ShortcutInfoCompatSaver_share_targets/ targets.xml: open failed: ENOENT (No such file or directory)
04-09 16:34:48.251 12542 12734 E ShortcutInfoCompatSaver: at libcore.io.IoBridge.open(IoBridge.java:574)
04-09 16:34:48.251 12542 12734 E ShortcutInfoCompatSaver: at java.io.FileInputStream.<init>(FileInputStream.java:160)
04-09 16:34:48.251 12542 12734 E ShortcutInfoCompatSaver: at X.0nz.run(Unknown Source:82)
04-09 16:34:48.251 12542 12734 E ShortcutInfoCompatSaver: at java.util.concurrent.Executors$RunnableAdapter.call(Executors.java:487)
04-09 16:34:48.251 12542 12734 E ShortcutInfoCompatSaver: at java.util.concurrent.FutureTask.run(FutureTask.java:264)
04-09 16:34:48.251 12542 12734 E ShortcutInfoCompatSaver: at java.util.concurrent.ThreadPoolExecutor.runWorker(ThreadPoolExecutor.java:1145)
04-09 16:34:48.251 12542 12734 E ShortcutInfoCompatSaver: at java.util.co--------- beginning of main
04-09 16:34:48.278 12542 12609 E FrameEvents: updateAcquireFence: Did not find frame.
04-09 16:34:48.290 12542 12609 E FrameEvents: updateAcquireFence: Did not find frame.
04-09 16:34:48.305 12542 12609 E FrameEvents: updateAcquireFence: Did not find frame.
04-09 16:34:59.167 12542 12564 W LibraryVersion: Failed to get app version for libraryName: firebase-iid
04-09 16:35:08.121 12542 12542 W OnBackInvokedCallback: OnBackInvokedCallback is not enabled for the application.
04-09 16:35:08.121 12542 12542 W OnBackInvokedCallback: Set 'android:enableOnBackInvokedCallback="true"' in the application manifest.
04-09 17:19:47.845 12542 12542 W OnBackInvokedCallback: OnBackInvokedCallback is not enabled for the application.
04-09 17:19:47.845 12542 12542 W OnBackInvokedCallback: Set 'android:enableOnBackInvokedCallback="true"' in the application manifest.
04-09 17:19:52.112 12542 12542 W OnBackInvokedCallback: OnBackInvokedCallback is not enabled for the application.
04-09 17:19:52.112 12542 12542 W OnBackInvokedCallback: Set 'android:enableOnBackInvokedCallback="true"' in the application manifest.
04-09 17:19:52.190 12542 12542 W RemoteInputConnectionImpl: requestCursorAnchorInfo on inactive InputConnection
04-09 17:21:08.647 16652 16652 E com.mbwhatsapp: Not starting debugger since process cannot load the jdwp agent.
04-09 17:21:08.808 16652 16652 W System.err: java.lang.ClassNotFoundException: mbmodsd.mbmodsw.ui.views.btn.BtnBK
04-09 17:21:08.810 16652 16652 W System.err: at java.lang.Runtime.nativeLoad(Native Method)
04-09 17:21:08.811 16652 16652 W System.err: at java.lang.Runtime.nativeLoad(Runtime.java:1126)
04-09 17:21:08.811 16652 16652 W System.err: at java.lang.Runtime.loadLibrary0(Runtime.java:1080)
04-09 17:21:08.811 16652 16652 W System.err: at java.lang.Runtime.loadLibrary0(Runtime.java:1003)
04-09 17:21:08.811 16652 16652 W System.err: at java.lang.System.loadLibrary(System.java:1661)
04-09 17:21:08.811 16652 16652 W System.err: at arm.EpicVm.<clinit>(Unknown Source:2)
04-09 17:21:08.811 16652 16652 W System.err: at java.lang.Class.newInstance(Native Method)
04-09 17:21:08.811 16652 16652 W System.err: at android.app.AppComponentFactory.instantiateApplication(AppComponentFactory.java:76)
04-09 17:21:08.811 16652 16652 W System.err: at androidx.core.app.CoreComponentFactory.instantiateApplication(Unknown Source:0)
04-09 17:21:08.811 16652 16652 W System.err: at android.app.Instrumentation.newApplication(Instrumentation.java:1232)
04-09 17:21:08.811 16652 16652 W System.err: at android.app.LoadedApk.makeApplicationInner(LoadedApk.java:1566)
04-09 17:21:08.811 16652 16652 W System.err: at android.app.LoadedApk.makeApplicationInner(LoadedApk.java:1503)
04-09 17:21:08.811 16652 16652 W System.err: at android.app.ActivityThread.handleBindApplication(ActivityThread.java:7575)
04-09 17:21:08.811 16652 16652 W System.err: at android.app.ActivityThread.-$ $Nest$mhandleBindApplication(Unknown Source:0)
04-09 17:21:08.811 16652 16652 W System.err: at android.app.ActivityThread$H.handleMessage(ActivityThread.java:2400)
04-09 17:21:08.811 16652 16652 W System.err: at android.os.Handler.dispatchMessage(Handler.java:106)
04-09 17:21:08.811 16652 16652 W System.err: at android.os.Looper.loopOnce(Looper.java:226)
04-09 17:21:08.811 16652 16652 W System.err: at android.os.Looper.loop(Looper.java:313)
04-09 17:21:08.811 16652 16652 W System.err: at android.app.ActivityThread.main(ActivityThread.java:8779)
04-09 17:21:08.811 16652 16652 W System.err: at java.lang.reflect.Method.invoke(Native Method)
04-09 17:21:08.811 16652 16652 W System.err: at com.android.internal.os.RuntimeInit$MethodAndArgsCaller.run(RuntimeInit.java:604)
04-09 17:21:08.811 16652 16652 W System.err: at com.android.internal.os.ZygoteInit.main(ZygoteInit.java:1067)
04-09 17:21:08.828 16652 16652 E CustomActivityOnCrash: IMPORTANT WARNING! You already have an UncaughtExceptionHandler, are you sure this is correct? If you use a custom UncaughtExceptionHandler, you must initialize it AFTER CustomActivityOnCrash! Install--------- beginning of main
04-09 17:21:09.428 16652 16652 W com.mbwhatsapp: Accessing hidden method Lcom/android/org/conscrypt/OpenSSLSocketImpl;->setUseSessionTickets(Z)V (max- target-q,core-platform-api, reflection, denied)
04-09 17:21:09.428 16652 16652 W com.mbwhatsapp: Accessing hidden method Lcom/android/org/conscrypt/AbstractConscryptSocket;->setUseSessionTickets(Z)V (max- target-q, reflection, denied)
04-09 17:21:09.441 16687 16687 W libprocessgroup: JoinCgroup: controller schedtune is not found
04-09 18:33:48.027 17901 17901 E com.mbwhatsapp: Not starting debugger since process cannot load the jdwp agent.
04-09 18:33:48.135 17901 17901 W System.err: java.lang.ClassNotFoundException: mbmodsd.mbmodsw.ui.views.btn.BtnBK
04-09 18:33:48.136 17901 17901 W System.err: at java.lang.Runtime.nativeLoad(Native Method)
04-09 18:33:48.136 17901 17901 W System.err: at java.lang.Runtime.nativeLoad(Runtime.java:1126)
04-09 18:33:48.136 17901 17901 W System.err: at java.lang.Runtime.loadLibrary0(Runtime.java:1080)
04-09 18:33:48.136 17901 17901 W System.err: at java.lang.Runtime.loadLibrary0(Runtime.java:1003)
04-09 18:33:48.136 17901 17901 W System.err: at java.lang.System.loadLibrary(System.java:1661)
04-09 18:33:48.136 17901 17901 W System.err: at arm.EpicVm.<clinit>(Unknown Source:2)
04-09 18:33:48.136 17901 17901 W System.err: at java.lang.Class.newInstance(Native Method)
04-09 18:33:48.136 17901 17901 W System.err: at android.app.AppComponentFactory.instantiateApplication(AppComponentFactory.java:76)
04-09 18:33:48.136 17901 17901 W System.err: at androidx.core.app.CoreComponentFactory.instantiateApplication(Unknown Source:0)
04-09 18:33:48.136 17901 17901 W System.err: at android.app.Instrumentation.newApplication(Instrumentation.java:1232)
04-09 18:33:48.136 17901 17901 W System.err: at android.app.LoadedApk.makeApplicationInner(LoadedApk.java:1566)
04-09 18:33:48.136 17901 17901 W System.err: at android.app.LoadedApk.makeApplicationInner(LoadedApk.java:1503)
04-09 18:33:48.136 17901 17901 W System.err: at android.app.ActivityThread.handleBindApplication(ActivityThread.java:7575)
04-09 18:33:48.136 17901 17901 W System.err: at android.app.ActivityThread.-$ $Nest$mhandleBindApplication(Unknown Source:0)
04-09 18:33:48.136 17901 17901 W System.err: at android.app.ActivityThread$H.handleMessage(ActivityThread.java:2400)
04-09 18:33:48.136 17901 17901 W System.err: at android.os.Handler.dispatchMessage(Handler.java:106)
04-09 18:33:48.136 17901 17901 W System.err: at android.os.Looper.loopOnce(Looper.java:226)
04-09 18:33:48.136 17901 17901 W System.err: at android.os.Looper.loop(Looper.java:313)
04-09 18:33:48.136 17901 17901 W System.err: at android.app.ActivityThread.main(ActivityThread.java:8779)
04-09 18:33:48.136 17901 17901 W System.err: at java.lang.reflect.Method.invoke(Native Method)
04-09 18:33:48.136 17901 17901 W System.err: at com.android.internal.os.RuntimeInit$MethodAndArgsCaller.run(RuntimeInit.java:604)
04-09 18:33:48.136 17901 17901 W System.err: at com.android.internal.os.ZygoteInit.main(ZygoteInit.java:1067)
04-09 18:33:48.142 17901 17901 E CustomActivityOnCrash: IMPORTANT WARNING! You already have an UncaughtExceptionHandler, are you sure this is correct? If you use a custom UncaughtExceptionHandler, you must initialize it AFTER CustomActivityOnCrash! Installing anyway, but your original handler will not be called.
04-09 18:33:48.250 17901 17901 W com.mbwhatsapp: Accessing hidden method Lcom/android/org/conscrypt/OpenSSLSocketImpl;->setUseSessionTickets(Z)V (max- target-q,core-platform-api, reflection, denied)
04-09 18:33:48.250 17901 17901 W com.mbwhatsapp: Accessing hidden method Lcom/android/org/conscrypt/AbstractConscryptSocket;->setUseSessionTickets(Z)V (max- target-q, reflection, denied)
04-09 18:33:48.254 17943 17943 W libprocessgroup: JoinCgroup: controller schedtune is not found
04-09 18:33:48.544 17901 17901 W Activity: Can request only one set of permissions at a time
04-09 18:33:48.618 17901 17901 E BufferQueueProducer: Unable to open libpenguin.so: dlopen failed: library "libpenguin.so" not found.
04-09 18:33:56.891 17901 17901 W OnBackInvokedCallback: OnBackInvokedCallback is not enabled for the application.
04-09 18:33:56.891 17901 17901 W OnBackInvokedCallback: Set 'android:enableOnBackInvokedCallback="true"' in the application manifest.
04-09 18:33:59.956 17901 17910 W com.mbwhatsapp: Cleared Reference was only reachable from finalizer (only reported once)
04-09 18:35:49.053 17901 17901 W OnBackInvokedCallback: OnBackInvokedCallback is not enabled for the application.
04-09 18:35:49.053 17901 17901 W OnBackInvokedCallback: Set 'android:enableOnBackInvokedCallback="true"' in the application manifest.
04-09 18:36:01.278 17901 17901 W Settings: Setting show_button_background has moved from android.provider.Settings.System to android.provider.Settings.Global, returning read-only value.
04-09 18:36:06.750 17901 18866 E PlayCore: UID: [10270] PID: [17901] StandardIntegrity : Phonesky is not installed.
04-09 18:36:06.775 17901 17971 W ziparchive: Unable to open '/system_ext/framework/org.carconnectivity.android.digitalkey.timesync.dm': No such file or directory
04-09 18:36:06.775 17901 17971 W ziparchive: Unable to open '/system_ext/framework/org.carconnectivity.android.digitalkey.timesync.dm': No such file or directory
04-09 18:36:16.338 17901 17901 W OnBackInvokedCallback: OnBackInvokedCallback is not enabled for the application.
04-09 18:36:16.338 17901 17901 W OnBackInvokedCallback: Set 'android:enableOnBackInvokedCallback="true"' in the application manifest.
04-09 18:36:16.527 17901 17901 W OnBackInvokedCallback: OnBackInvokedCallback is not enabled for the application.
04-09 18:36:16.527 17901 17901 W OnBackInvokedCallback: Set 'android:enableOnBackInvokedCallback="true"' in the application manifest.
04-09 18:36:16.563 17901 17901 W RemoteInputConnectionImpl: requestCursorAnchorInfo on inactive InputConnection
04-09 18:36:22.015 17901 17901 W Settings: Setting show_button_background has moved from android.provider.Settings.System to android.provider.Settings.Global, returning read-only value.
04-09 18:36:35.836 17901 17901 W Settings: Setting show_button_background has moved from android.provider.Settings.System to android.provider.Settings.Global, returning read-only value.
04-09 18:36:37.613 17901 17901 W OnBackInvokedCallback: OnBackInvokedCallback is not enabled for the application.
04-09 18:36:37.613 17901 17901 W OnBackInvokedCallback: Set 'android:enableOnBackInvokedCallback="true"' in the application manifest.
04-09 18:36:39.078 17901 17901 W OnBackInvokedCallback: OnBackInvokedCallback is not enabled for the application.
04-09 18:36:39.078 17901 17901 W OnBackInvokedCallback: Set 'android:enableOnBackInvokedCallback="true"' in the application manifest.
04-09 18:36:39.115 17901 17901 W RemoteInputConnectionImpl: requestCursorAnchorInfo on inactive InputConnection
04-09 18:36:43.609 17901 17901 W Settings: Setting show_button_background has moved from android.provider.Settings.System to android.provider.Settings.Global, returning read-only value.
04-09 18:36:44.355 17901 17901 W RemoteInputConnectionImpl: getExtractedText on inactive InputConnection
04-09 18:36:44.389 17901 17901 W RemoteInputConnectionImpl: requestCursorAnchorInfo on inactive InputConnection
04-09 18:36:44.416 17901 17901 W OnBackInvokedCallback: OnBackInvokedCallback is not enabled for the application.
04-09 18:36:44.416 17901 17901 W OnBackInvokedCallback: Set 'android:enableOnBackInvokedCallback="true"' in the application manifest.
04-09 18:36:44.727 17901 17901 W OnBackInvokedCallback: OnBackInvokedCallback is not enabled for the application.
04-09 18:36:44.727 17901 17901 W OnBackInvokedCallback: Set 'android:enableOnBackInvokedCallback="true"' in the application manifest.
04-09 18:36:44.821 17901 17901 W RemoteInputConnectionImpl: requestCursorAnchorInfo on inactive InputConnection
04-09 18:36:45.056 17901 17901 W OnBackInvokedCallback: OnBackInvokedCallback is not enabled for the application.
04-09 18:36:45.056 17901 17901 W OnBackInvokedCallback: Set 'android:enableOnBackInvokedCallback="true"' in the application manifest.
04-09 18:37:08.390 17901 17901 W OnBackInvokedCallback: OnBackInvokedCallback is not enabled for the application.
04-09 18:37:08.390 17901 17901 W OnBackInvokedCallback: Set 'android:enableOnBackInvokedCallback="true"' in the application manifest.
04-09 18:37:08.418 17901 17901 W RemoteInputConnectionImpl: requestCursorAnchorInfo on inactive InputConnection
04-09 18:37:09.212 17901 17901 W com.mbwhatsapp: Method void com.mbwhatsapp.HomeActivity.A6e() failed lock verification and will run slower.
04-09 18:37:09.212 17901 17901 W com.mbwhatsapp: Common causes for lock verification issues are non-optimized dex code
04-09 18:37:09.212 17901 17901 W com.mbwhatsapp: and incorrect proguard optimizations.
04-09 18:37:09.478 17901 17961 W MediaCodec-JNI: try to release MediaCodec from JMediaCodec::~JMediaCodec()...
04-09 18:37:09.478 17901 17961 W MediaCodec-JNI: done releasing MediaCodec from JMediaCodec::~JMediaCodec().
04-09 18:37:09.558 17901 17901 E ArmVmp : Match on catch block at 0x0a in for 0x7b79558031
04-09 18:37:09.581 17901 17901 E ArmVmp : Match on catch block at 0x0a in for 0x7b7955804d
04-09 18:37:09.601 17901 20686 W ColorUtils: expected specified color aspects (0:0:255:255)
04-09 18:37:09.618 17901 17901 W Activity: Can request only one set of permissions at a time
04-09 18:37:09.712 17901 20702 W ColorUtils: expected specified color aspects (2:0:0:0)
04-09 18:37:09.719 17901 20691 W com.mbwhatsapp: Accessing hidden method Lcom/android/org/conscrypt/ConscryptEngineSocket;->setUseSessionTickets(Z)V (max- target-q,core-platform-api, reflection, denied)
04-09 18:37:09.719 17901 20691 W com.mbwhatsapp: Accessing hidden method Lcom/android/org/conscrypt/OpenSSLSocketImpl;->setUseSessionTickets(Z)V (max- target-q,core-platform-api, reflection, denied)
04-09 18:37:09.719 17901 20691 W com.mbwhatsapp: Accessing hidden method Lcom/android/org/conscrypt/AbstractConscryptSocket;->setUseSessionTickets(Z)V (max- target-q, reflection, denied)
04-09 18:37:09.719 17901 20691 W com.mbwhatsapp: Accessing hidden method Lcom/android/org/conscrypt/ConscryptEngineSocket;->setHostname(Ljava/lang/String;)V (max-target-q,core-platform-api, reflection, denied)
04-09 18:37:09.719 17901 20691 W com.mbwhatsapp: Accessing hidden method Lcom/android/org/conscrypt/OpenSSLSocketImpl;->setHostname(Ljava/lang/String;)V (max-target-q,core-platform-api, reflection, denied)
04-09 18:37:09.719 17901 20691 W com.mbwhatsapp: Accessing hidden method Lcom/android/org/conscrypt/AbstractConscryptSocket;->setHostname(Ljava/lang/ String;)V (max-target-q, reflection, denied)
04-09 18:37:09.719 17901 20691 W com.mbwhatsapp: Accessing hidden method Lcom/android/org/conscrypt/OpenSSLSocketImpl;->setAlpnProtocols([B)V (max-target- q,core-platform-api, reflection, denied)
04-09 18:37:09.719 17901 20691 W com.mbwhatsapp: Accessing hidden method Lcom/android/org/conscrypt/AbstractConscryptSocket;->setAlpnProtocols([B)V (max- target-q, reflection, denied)
04-09 18:37:09.739 17901 20715 W ColorUtils: expected specified color aspects (0:0:255:255)
04-09 18:37:09.752 17901 17961 W AudioCapabilities: Unsupported mime audio/x-ima
04-09 18:37:09.752 17901 17961 W AudioCapabilities: Unsupported mime audio/mpeg-L1
04-09 18:37:09.752 17901 17961 W AudioCapabilities: Unsupported mime audio/mpeg-L2
04-09 18:37:09.752 17901 17961 W VideoCapabilities: Unsupported mime video/wvc1
04-09 18:37:09.753 17901 17961 W VideoCapabilities: Unsupported mime video/x-ms-wmv
04-09 18:37:09.762 17901 17961 W VideoCapabilities: Unsupported mime image/vnd.android.heic
04-09 18:37:09.762 17901 17961 W VideoCapabilities: Unsupported mime image/vnd.android.heic
04-09 18:37:09.763 17901 17961 W VideoCapabilities: Unrecognized profile/level 32768/256 for video/mp4v-es
04-09 18:37:09.943 17901 17912 W System : A resource failed to call end.
04-09 18:37:09.953 17901 20691 W com.mbwhatsapp: Accessing hidden method Lcom/android/org/conscrypt/OpenSSLSocketImpl;->getAlpnSelectedProtocol()[B (max- target-q,core-platform-api, reflection, denied)
04-09 18:37:09.953 17901 20691 W com.mbwhatsapp: Accessing hidden method Lcom/android/org/conscrypt/AbstractConscryptSocket;->getAlpnSelectedProtocol()[B (max-target-q, reflection, denied)
04-09 18:37:10.077 17901 17901 E RecyclerView: No adapter attached; skipping layout
04-09 18:37:10.160 17901 17901 E ArmVmp : Match on catch block at 0x0a in for 0x7b79558035
04-09 18:37:10.208 17901 17901 E RecyclerView: No adapter attached; skipping layout
04-09 18:37:10.411 17901 20736 W LOTTIE : Animation contains merge paths. Merge paths are only supported on KitKat+ and must be manually enabled by calling enableMergePathsForKitKatAndAbove().
04-09 18:37:10.543 17901 17901 W LOTTIE : Animation contains merge paths but they are disabled.
04-09 18:37:14.145 17901 17901 E ArmVmp : Match on catch block at 0x0a in for 0x7b79558049
04-09 18:37:15.206 17901 17901 W InputEventReceiver: Attempted to finish an input event but the input event receiver has already been disposed.
04-09 18:37:22.032 17901 17901 W InputEventReceiver: Attempted to finish an input event but the input event receiver has already been disposed. --------- beginning of system
04-09 18:37:22.033 17901 17901 W ViewRootImpl@7b2195e[PopupWindow:bf2f299]: Dropping event due to root view being removed: MotionEvent { action=ACTION_MOVE, actionButton=0, id[0]=0, x[0]=463.0, y[0]=429.0, toolType[0]=TOOL_TYPE_FINGER, buttonState=0, classification=NONE, metaState=0, flags=0x0, edgeFlags=0x0, pointerCount=1, historySize=0, eventTime=4311341, downTime=4311337, deviceId=6, source=0x1002, displayId=0, eventId=388832946 }
04-09 18:37:22.033 17901 17901 E ViewRootImpl@7b2195e[PopupWindow:bf2f299]: mStopped=false mHasWindowFocus=true mPausedForTransition=false
04-09 18:37:22.033 17901 17901 W InputEventReceiver: Attempted to finish an input event but the input event receiver has already been disposed.
04-09 18:37:23.117 17901 17901 W InputEventReceiver: Attempted to finish an input event but the input event receiver has already been disposed.
04-09 18:37:23.117 17901 17901 W ViewRootImpl@b49051a[PopupWindow:3bf87c5]: Dropping event due to root view being removed: MotionEvent { action=ACTION_MOVE, actionButton=0, id[0]=0, x[0]=243.0, y[0]=451.0, toolType[0]=TOOL_TYPE_FINGER, buttonState=0, classification=NONE, metaState=0, flags=0x0, edgeFlags=0x0, pointerCount=1, historySize=0, eventTime=4312427, downTime=4312423, deviceId=6, source=0x1002, displayId=0, eventId=91703078 }
04-09 18:37:23.117 17901 17901 E ViewRootImpl@b49051a[PopupWindow:3bf87c5]: mStopped=false mHasWindowFocus=true mPausedForTransition=false
04-09 18:37:23.117 17901 17901 W InputEventReceiver: Attempted to finish an input event but the input event receiver has already been disposed.
04-09 18:37:25.212 17901 17901 W InputEventReceiver: Attempted to finish an input event but the input event receiver has already been disposed.
04-09 18:38:17.890 17901 17901 W OnBackInvokedCallback: OnBackInvokedCallback is not enabled for the application.
04-09 18:38:17.890 17901 17901 W OnBackInvokedCallback: Set 'android:enableOnBackInvokedCallback="true"' in the application manifest.
04-09 18:38:26.656 17901 21019 E ActivityThread: Failed to find provider info for androidx.car.app.connection
04-09 18:38:26.681 17901 17901 W CarApp.Conn: Null response from content provider when checking connection to the car, treating as disconnected
04-09 18:38:42.710 17901 17901 W InputEventReceiver: Attempted to finish an input event but the input event receiver has already been disposed.
04-09 18:38:50.634 17901 17901 W OnBackInvokedCallback: OnBackInvokedCallback is not enabled for the application.
04-09 18:38:50.634 17901 17901 W OnBackInvokedCallback: Set 'android:enableOnBackInvokedCallback="true"' in the application manifest.
04-09 18:38:57.542 17901 21019 E ActivityThread: Failed to find provider info for androidx.car.app.connection
04-09 18:38:57.555 17901 17901 W CarApp.Conn: Null response from content provider when checking connection to the car, treating as disconnected
04-09 18:40:18.652 17901 22033 W LibraryVersion: Failed to get app version for libraryName: firebase-iid
04-09 18:40:20.169 17901 17901 W InputEventReceiver: Attempted to finish an input event but the input event receiver has already been disposed.
04-09 18:40:20.169 17901 17901 W ViewRootImpl@9092156[PopupWindow:9d1bf71]: Dropping event due to root view being removed: MotionEvent { action=ACTION_MOVE, actionButton=0, id[0]=0, x[0]=536.0, y[0]=449.0, toolType[0]=TOOL_TYPE_FINGER, buttonState=0, classification=NONE, metaState=0, flags=0x0, edgeFlags=0x0, pointerCount=1, historySize=0, eventTime=4489485, downTime=4489477, deviceId=6, source=0x1002, displayId=0, eventId=486112246 }
04-09 18:40:20.169 17901 17901 E ViewRootImpl@9092156[PopupWindow:9d1bf71]: mStopped=false mHasWindowFocus=true mPausedForTransition=false
04-09 18:40:20.169 17901 17901 W InputEventReceiver: Attempted to finish an input event but the input event receiver has already been disposed.
04-09 18:40:21.209 17901 17901 W InputEventReceiver: Attempted to finish an input event but the input event receiver has already been disposed.
04-09 18:40:21.209 17901 17901 W ViewRootImpl@9e115de[PopupWindow:2c61119]: Dropping event due to root view being removed: MotionEvent { action=ACTION_MOVE, actionButton=0, id[0]=0, x[0]=274.0, y[0]=438.0, toolType[0]=TOOL_TYPE_FINGER, buttonState=0, classification=NONE, metaState=0, flags=0x0, edgeFlags=0x0, pointerCount=1, historySize=0, eventTime=4490521, downTime=4490519, deviceId=6, source=0x1002, displayId=0, eventId=394233317 }
04-09 18:40:21.209 17901 17901 E ViewRootImpl@9e115de[PopupWindow:2c61119]: mStopped=false mHasWindowFocus=true mPausedForTransition=false
04-09 18:40:21.209 17901 17901 W InputEventReceiver: Attempted to finish an input event but the input event receiver has already been disposed.
04-09 18:40:31.580 17901 22102 E RenderScript: Failed to find hal setup entry points: undefined symbol: rsdHalAbort
04-09 18:40:31.581 17901 22102 E RenderScript: Failed to load runtime , loading default
04-09 18:40:31.707 17901 22112 W LOTTIE : Unknown shape type rd
04-09 18:40:31.707 17901 22111 W LOTTIE : Unknown shape type rd
04-09 18:40:31.795 17901 17901 E ArmVmp : Match on catch block at 0x0a in for 0x7b79558035
04-09 18:40:31.801 17901 17901 E ArmVmp : Match on catch block at 0x0a in for 0x7b79558035
04-09 18:40:31.830 17901 17901 E ArmVmp : Match on catch block at 0x0a in for 0x7b79558071
04-09 18:40:32.013 17901 17901 E ArmVmp : Match on catch block at 0xc3 in for 0x7b79558021
04-09 18:40:32.014 17901 17901 E ArmVmp : Match on catch block at 0xc3 in for 0x7b79558021
04-09 18:40:32.165 17901 17901 E ArmVmp : Match on catch block at 0xc3 in for 0x7b79558025
04-09 18:40:32.168 17901 17901 E ArmVmp : Match on catch block at 0xc3 in for 0x7b79558025
04-09 18:40:32.321 17901 17901 E ArmVmp : Match on catch block at 0xc3 in for 0x7b79558025
04-09 18:40:32.324 17901 17901 E ArmVmp : Match on catch block at 0xc3 in for 0x7b79558025
04-09 18:40:32.460 17901 17901 E ArmVmp : Match on catch block at 0xc3 in for 0x7b79558025
04-09 18:40:32.463 17901 17901 E ArmVmp : Match on catch block at 0xc3 in for 0x7b79558025
04-09 18:40:32.509 17901 17901 E ArmVmp : Match on catch block at 0xc3 in for 0x7b79558025
04-09 18:40:32.512 17901 17901 E ArmVmp : Match on catch block at 0xc3 in for 0x7b79558025
04-09 18:40:32.558 17901 17901 E ArmVmp : Match on catch block at 0xc3 in for 0x7b79558025
04-09 18:40:32.560 17901 17901 E ArmVmp : Match on catch block at 0xc3 in for 0x7b79558025
04-09 18:40:32.608 17901 17901 E ArmVmp : Match on catch block at 0xc3 in for 0x7b79558025
04-09 18:40:32.610 17901 17901 E ArmVmp : Match on catch block at 0xc3 in for 0x7b79558025
04-09 18:40:32.672 17901 17901 E ArmVmp : Match on catch block at 0xc3 in for 0x7b79558025
04-09 18:40:32.674 17901 17901 E ArmVmp : Match on catch block at 0xc3 in for 0x7b79558025
04-09 18:40:32.703 17901 17901 E ArmVmp : Match on catch block at 0xc3 in for 0x7b79558025
04-09 18:40:32.705 17901 17901 E ArmVmp : Match on catch block at 0xc3 in for 0x7b79558025
04-09 18:40:32.735 17901 17901 E ArmVmp : Match on catch block at 0xc3 in for 0x7b79558025
04-09 18:40:32.737 17901 17901 E ArmVmp : Match on catch block at 0xc3 in for 0x7b79558025
04-09 18:40:32.768 17901 17901 E ArmVmp : Match on catch block at 0xc3 in for 0x7b79558025
04-09 18:40:32.770 17901 17901 E ArmVmp : Match on catch block at 0xc3 in for 0x7b79558025
04-09 18:40:32.801 17901 17901 E ArmVmp : Match on catch block at 0xc3 in for 0x7b79558025
04-09 18:40:32.803 17901 17901 E ArmVmp : Match on catch block at 0xc3 in for 0x7b79558025
04-09 18:40:32.834 17901 17901 E ArmVmp : Match on catch block at 0xc3 in for 0x7b79558025
04-09 18:40:32.835 17901 17901 E ArmVmp : Match on catch block at 0xc3 in for 0x7b79558025
04-09 18:40:32.865 17901 17901 E ArmVmp : Match on catch block at 0xc3 in for 0x7b79558025
04-09 18:40:32.867 17901 17901 E ArmVmp : Match on catch block at 0xc3 in for 0x7b79558025
04-09 18:40:32.895 17901 17901 E ArmVmp : Match on catch block at 0xc3 in for 0x7b79558025
04-09 18:40:32.896 17901 17901 E ArmVmp : Match on catch block at 0xc3 in for 0x7b79558025
04-09 18:40:32.927 17901 17901 E ArmVmp : Match on catch block at 0xc3 in for 0x7b79558025
04-09 18:40:32.929 17901 17901 E ArmVmp : Match on catch block at 0xc3 in for 0x7b79558025
04-09 18:40:32.957 17901 17901 E ArmVmp : Match on catch block at 0xc3 in for 0x7b79558025
04-09 18:40:32.959 17901 17901 E ArmVmp : Match on catch block at 0xc3 in for 0x7b79558025
04-09 18:40:32.987 17901 17901 E ArmVmp : Match on catch block at 0xc3 in for 0x7b79558025
04-09 18:40:32.989 17901 17901 E ArmVmp : Match on catch block at 0xc3 in for 0x7b79558025
04-09 18:40:33.017 17901 17901 E ArmVmp : Match on catch block at 0xc3 in for 0x7b79558025
04-09 18:40:33.019 17901 17901 E ArmVmp : Match on catch block at 0xc3 in for 0x7b79558025
04-09 18:40:33.046 17901 17901 E ArmVmp : Match on catch block at 0xc3 in for 0x7b79558025
04-09 18:40:33.048 17901 17901 E ArmVmp : Match on catch block at 0xc3 in for 0x7b79558025
04-09 18:40:33.076 17901 17901 E ArmVmp : Match on catch block at 0xc3 in for 0x7b79558025
04-09 18:40:33.078 17901 17901 E ArmVmp : Match on catch block at 0xc3 in for 0x7b79558025
04-09 18:40:33.107 17901 17901 E ArmVmp : Match on catch block at 0xc3 in for 0x7b79558025
04-09 18:40:33.108 17901 17901 E ArmVmp : Match on catch block at 0xc3 in for 0x7b79558025
04-09 18:40:33.136 17901 17901 E ArmVmp : Match on catch block at 0xc3 in for 0x7b79558025
04-09 18:40:33.137 17901 17901 E ArmVmp : Match on catch block at 0xc3 in for 0x7b79558025
04-09 18:40:33.165 17901 17901 E ArmVmp : Match on catch block at 0xc3 in for 0x7b79558025
04-09 18:40:33.167 17901 17901 E ArmVmp : Match on catch block at 0xc3 in for 0x7b79558025
04-09 18:40:33.197 17901 17901 E ArmVmp : Match on catch block at 0xc3 in for 0x7b79558025
04-09 18:40:33.200 17901 17901 E ArmVmp : Match on catch block at 0xc3 in for 0x7b79558025
04-09 18:40:33.232 17901 17901 E ArmVmp : Match on catch block at 0xc3 in for 0x7b79558025
04-09 18:40:33.234 17901 17901 E ArmVmp : Match on catch block at 0xc3 in for 0x7b79558025
04-09 18:40:33.264 17901 17901 E ArmVmp : Match on catch block at 0xc3 in for 0x7b79558025
04-09 18:40:33.266 17901 17901 E ArmVmp : Match on catch block at 0xc3 in for 0x7b79558025
04-09 18:40:33.296 17901 17901 E ArmVmp : Match on catch block at 0xc3 in for 0x7b79558025
04-09 18:40:33.298 17901 17901 E ArmVmp : Match on catch block at 0xc3 in for 0x7b79558025
04-09 18:40:33.328 17901 17901 E ArmVmp : Match on catch block at 0xc3 in for 0x7b79558025
04-09 18:40:33.331 17901 17901 E ArmVmp : Match on catch block at 0xc3 in for 0x7b79558025
04-09 18:40:33.361 17901 17901 E ArmVmp : Match on catch block at 0xc3 in for 0x7b79558025
04-09 18:40:33.363 17901 17901 E ArmVmp : Match on catch block at 0xc3 in for 0x7b79558025
04-09 18:40:33.393 17901 17901 E ArmVmp : Match on catch block at 0xc3 in for 0x7b79558025
04-09 18:40:33.395 17901 17901 E ArmVmp : Match on catch block at 0xc3 in for 0x7b79558025
04-09 18:40:33.425 17901 17901 E ArmVmp : Match on catch block at 0xc3 in for 0x7b79558025
04-09 18:40:33.427 17901 17901 E ArmVmp : Match on catch block at 0xc3 in for 0x7b79558025
04-09 18:40:33.458 17901 17901 E ArmVmp : Match on catch block at 0xc3 in for 0x7b79558025
04-09 18:40:33.460 17901 17901 E ArmVmp : Match on catch block at 0xc3 in for 0x7b79558025
04-09 18:40:33.493 17901 17901 E ArmVmp : Match on catch block at 0xc3 in for 0x7b79558025
04-09 18:40:33.495 17901 17901 E ArmVmp : Match on catch block at 0xc3 in for 0x7b79558025
04-09 18:40:33.526 17901 17901 E ArmVmp : Match on catch block at 0xc3 in for 0x7b79558025
04-09 18:40:33.527 17901 17901 E ArmVmp : Match on catch block at 0xc3 in for 0x7b79558025
04-09 18:40:33.557 17901 17901 E ArmVmp : Match on catch block at 0xc3 in for 0x7b79558025
04-09 18:40:33.559 17901 17901 E ArmVmp : Match on catch block at 0xc3 in for 0x7b79558025
04-09 18:40:33.588 17901 17901 E ArmVmp : Match on catch block at 0xc3 in for 0x7b79558025
04-09 18:40:33.590 17901 17901 E ArmVmp : Match on catch block at 0xc3 in for 0x7b79558025
04-09 18:40:33.619 17901 17901 E ArmVmp : Match on catch block at 0xc3 in for 0x7b79558025
04-09 18:40:33.622 17901 17901 E ArmVmp : Match on catch block at 0xc3 in for 0x7b79558025
04-09 18:40:33.651 17901 17901 E ArmVmp : Match on catch block at 0xc3 in for 0x7b79558025
04-09 18:40:33.654 17901 17901 E ArmVmp : Match on catch block at 0xc3 in for 0x7b79558025
04-09 18:40:33.683 17901 17901 E ArmVmp : Match on catch block at 0xc3 in for 0x7b79558025
04-09 18:40:33.686 17901 17901 E ArmVmp : Match on catch block at 0xc3 in for 0x7b79558025
04-09 18:40:33.712 17901 17901 E ArmVmp : Match on catch block at 0x0a in for 0x7b7955807d
04-09 18:40:33.789 17901 17901 E ArmVmp : Match on catch block at 0xc3 in for 0x7b79558025
04-09 18:40:33.791 17901 17901 E ArmVmp : Match on catch block at 0xc3 in for 0x7b79558025
04-09 18:40:33.848 17901 17901 E ArmVmp : Match on catch block at 0xc3 in for 0x7b79558025
04-09 18:40:33.851 17901 17901 E ArmVmp : Match on catch block at 0xc3 in for 0x7b79558025
04-09 18:40:33.899 17901 17901 E ArmVmp : Match on catch block at 0xc3 in for 0x7b79558025
04-09 18:40:33.901 17901 17901 E ArmVmp : Match on catch block at 0xc3 in for 0x7b79558025
04-09 18:40:33.956 17901 17901 E ArmVmp : Match on catch block at 0xc3 in for 0x7b79558025
04-09 18:40:33.958 17901 17901 E ArmVmp : Match on catch block at 0xc3 in for 0x7b79558025
04-09 18:40:34.004 17901 17901 E ArmVmp : Match on catch block at 0xc3 in for 0x7b79558025
04-09 18:40:34.006 17901 17901 E ArmVmp : Match on catch block at 0xc3 in for 0x7b79558025
04-09 18:40:34.057 17901 17901 E ArmVmp : Match on catch block at 0xc3 in for 0x7b79558025
04-09 18:40:34.060 17901 17901 E ArmVmp : Match on catch block at 0xc3 in for 0x7b79558025
04-09 18:40:34.113 17901 17901 E ArmVmp : Match on catch block at 0xc3 in for 0x7b79558025
04-09 18:40:34.116 17901 17901 E ArmVmp : Match on catch block at 0xc3 in for 0x7b79558025
04-09 18:40:34.165 17901 17901 E ArmVmp : Match on catch block at 0xc3 in for 0x7b79558025
04-09 18:40:34.167 17901 17901 E ArmVmp : Match on catch block at 0xc3 in for 0x7b79558025
04-09 18:40:34.216 17901 17901 E ArmVmp : Match on catch block at 0xc3 in for 0x7b79558025
04-09 18:40:34.217 17901 17901 E ArmVmp : Match on catch block at 0xc3 in for 0x7b79558025
04-09 18:40:34.684 17901 17901 E ArmVmp : Match on catch block at 0xc3 in for 0x7b79558025
04-09 18:40:34.687 17901 17901 E ArmVmp : Match on catch block at 0xc3 in for 0x7b79558025
04-09 18:40:35.186 17901 17901 E ArmVmp : Match on catch block at 0xc3 in for 0x7b79558025
04-09 18:40:35.188 17901 17901 E ArmVmp : Match on catch block at 0xc3 in for 0x7b79558025
04-09 18:40:35.687 17901 17901 E ArmVmp : Match on catch block at 0xc3 in for 0x7b79558025
04-09 18:40:35.690 17901 17901 E ArmVmp : Match on catch block at 0xc3 in for 0x7b79558025
04-09 18:40:36.199 17901 17901 E ArmVmp : Match on catch block at 0xc3 in for 0x7b79558025
04-09 18:40:36.201 17901 17901 E ArmVmp : Match on catch block at 0xc3 in for 0x7b79558025
04-09 18:40:36.691 17901 17901 E ArmVmp : Match on catch block at 0xc3 in for 0x7b79558025
04-09 18:40:36.694 17901 17901 E ArmVmp : Match on catch block at 0xc3 in for 0x7b79558025
04-09 18:40:37.190 17901 17901 E ArmVmp : Match on catch block at 0xc3 in for 0x7b79558025
04-09 18:40:37.193 17901 17901 E ArmVmp : Match on catch block at 0xc3 in for 0x7b79558025
04-09 18:40:37.691 17901 17901 E ArmVmp : Match on catch block at 0xc3 in for 0x7b79558025
04-09 18:40:37.693 17901 17901 E ArmVmp : Match on catch block at 0xc3 in for 0x7b79558025
04-09 18:40:38.193 17901 17901 E ArmVmp : Match on catch block at 0xc3 in for 0x7b79558025
04-09 18:40:38.195 17901 17901 E ArmVmp : Match on catch block at 0xc3 in for 0x7b79558025
04-09 18:40:38.694 17901 17901 E ArmVmp : Match on catch block at 0xc3 in for 0x7b79558025
04-09 18:40:38.697 17901 17901 E ArmVmp : Match on catch block at 0xc3 in for 0x7b79558025
04-09 18:40:39.149 17901 17901 E ArmVmp : Match on catch block at 0xc3 in for 0x7b79558025
04-09 18:40:39.151 17901 17901 E ArmVmp : Match on catch block at 0xc3 in for 0x7b79558025
04-09 18:40:39.167 17901 17901 E ArmVmp : Match on catch block at 0xc3 in for 0x7b79558025
04-09 18:40:39.169 17901 17901 E ArmVmp : Match on catch block at 0xc3 in for 0x7b79558025
04-09 18:40:39.635 17901 17901 E ArmVmp : Match on catch block at 0xc3 in for 0x7b79558025
04-09 18:40:39.638 17901 17901 E ArmVmp : Match on catch block at 0xc3 in for 0x7b79558025
04-09 18:40:40.136 17901 17901 E ArmVmp : Match on catch block at 0xc3 in for 0x7b79558025
04-09 18:40:40.139 17901 17901 E ArmVmp : Match on catch block at 0xc3 in for 0x7b79558025
04-09 18:40:40.637 17901 17901 E ArmVmp : Match on catch block at 0xc3 in for 0x7b79558025
04-09 18:40:40.640 17901 17901 E ArmVmp : Match on catch block at 0xc3 in for 0x7b79558025
04-09 18:40:40.851 17901 17901 E ArmVmp : Match on catch block at 0xc3 in for 0x7b79558025
04-09 18:40:40.853 17901 17901 E ArmVmp : Match on catch block at 0xc3 in for 0x7b79558025
04-09 18:40:40.860 17901 17901 E ArmVmp : Match on catch block at 0xc3 in for 0x7b79558025
04-09 18:40:40.863 17901 17901 E ArmVmp : Match on catch block at 0xc3 in for 0x7b79558025
04-09 18:40:41.139 17901 17901 E ArmVmp : Match on catch block at 0xc3 in for 0x7b79558025
04-09 18:40:41.141 17901 17901 E ArmVmp : Match on catch block at 0xc3 in for 0x7b79558025
04-09 18:40:41.641 17901 17901 E ArmVmp : Match on catch block at 0xc3 in for 0x7b79558025
04-09 18:40:41.645 17901 17901 E ArmVmp : Match on catch block at 0xc3 in for 0x7b79558025
04-09 18:40:42.142 17901 17901 E ArmVmp : Match on catch block at 0xc3 in for 0x7b79558025
04-09 18:40:42.146 17901 17901 E ArmVmp : Match on catch block at 0xc3 in for 0x7b79558025
04-09 18:40:42.644 17901 17901 E ArmVmp : Match on catch block at 0xc3 in for 0x7b79558025
04-09 18:40:42.650 17901 17901 E ArmVmp : Match on catch block at 0xc3 in for 0x7b79558025
04-09 18:40:42.778 17901 17901 E ArmVmp : Match on catch block at 0xc3 in for 0x7b79558025
04-09 18:40:42.782 17901 17901 E ArmVmp : Match on catch block at 0xc3 in for 0x7b79558025
04-09 18:40:42.788 17901 17901 E ArmVmp : Match on catch block at 0xc3 in for 0x7b79558025
04-09 18:40:42.791 17901 17901 E ArmVmp : Match on catch block at 0xc3 in for 0x7b79558025
04-09 18:40:42.860 17901 17901 E ArmVmp : Match on catch block at 0xc3 in for 0x7b79558025
04-09 18:40:42.864 17901 17901 E ArmVmp : Match on catch block at 0xc3 in for 0x7b79558025
04-09 18:40:43.032 17901 17901 E ArmVmp : Match on catch block at 0xc3 in for 0x7b79558025
04-09 18:40:43.036 17901 17901 E ArmVmp : Match on catch block at 0xc3 in for 0x7b79558025
04-09 18:40:43.363 17901 17901 E ArmVmp : Match on catch block at 0xc3 in for 0x7b79558025
04-09 18:40:43.365 17901 17901 E ArmVmp : Match on catch block at 0xc3 in for 0x7b79558025
04-09 18:40:44.183 17901 17901 E ArmVmp : Match on catch block at 0x0a in for 0x7b79558035
04-09 18:40:44.186 17901 17901 E ArmVmp : Match on catch block at 0x0a in for 0x7b79558035
04-09 18:40:44.269 17901 17901 E ArmVmp : Match on catch block at 0xc3 in for 0x7b79558021
04-09 18:40:44.270 17901 17901 E ArmVmp : Match on catch block at 0xc3 in for 0x7b79558021
04-09 18:40:44.297 17901 17901 E ArmVmp : Match on catch block at 0xc3 in for 0x7b79558025
04-09 18:40:44.299 17901 17901 E ArmVmp : Match on catch block at 0xc3 in for 0x7b79558025
04-09 18:40:44.331 17901 17901 E ArmVmp : Match on catch block at 0xc3 in for 0x7b79558025
04-09 18:40:44.333 17901 17901 E ArmVmp : Match on catch block at 0xc3 in for 0x7b79558025
04-09 18:40:44.346 17901 17901 E ArmVmp : Match on catch block at 0xc3 in for 0x7b79558025
04-09 18:40:44.347 17901 17901 E ArmVmp : Match on catch block at 0xc3 in for 0x7b79558025
04-09 18:40:44.357 17901 17901 E ArmVmp : Match on catch block at 0xc3 in for 0x7b79558025
04-09 18:40:44.359 17901 17901 E ArmVmp : Match on catch block at 0xc3 in for 0x7b79558025
04-09 18:40:44.386 17901 17901 E ArmVmp : Match on catch block at 0xc3 in for 0x7b79558025
