04-09 18:44:39.356 22814 22814 E ArmVmp : Match on catch block at 0xc3 in for 0x7b79558025
04-09 18:44:39.359 22814 22814 E ArmVmp : Match on catch block at 0xc3 in for 0x7b79558025
04-09 18:44:39.368 22814 22814 E ArmVmp : Match on catch block at 0xc3 in for 0x7b79558025
04-09 18:44:39.371 22814 22814 E ArmVmp : Match on catch block at 0xc3 in for 0x7b79558025
04-09 18:44:39.379 22814 22814 E ArmVmp : Match on catch block at 0xc3 in for 0x7b79558025
04-09 18:44:39.382 22814 22814 E ArmVmp : Match on catch block at 0xc3 in for 0x7b79558025
04-09 18:44:39.390 22814 22814 E ArmVmp : Match on catch block at 0xc3 in for 0x7b79558025
04-09 18:44:39.394 22814 22814 E ArmVmp : Match on catch block at 0xc3 in for 0x7b79558025
04-09 18:44:39.402 22814 22814 E ArmVmp : Match on catch block at 0xc3 in for 0x7b79558025
04-09 18:44:39.406 22814 22814 E ArmVmp : Match on catch block at 0xc3 in for 0x7b79558025
04-09 18:44:39.414 22814 22814 E ArmVmp : Match on catch block at 0xc3 in for 0x7b79558025
04-09 18:44:39.418 22814 22814 E ArmVmp : Match on catch block at 0xc3 in for 0x7b79558025
04-09 18:44:39.424 22814 22814 E ArmVmp : Match on catch block at 0xc3 in for 0x7b79558025
04-09 18:44:39.428 22814 22814 E ArmVmp : Match on catch block at 0xc3 in for 0x7b79558025
04-09 18:44:39.435 22814 22814 E ArmVmp : Match on catch block at 0xc3 in for 0x7b79558025
04-09 18:44:39.439 22814 22814 E ArmVmp : Match on catch block at 0xc3 in for 0x7b79558025
04-09 18:44:39.447 22814 22814 E ArmVmp : Match on catch block at 0xc3 in for 0x7b79558025
04-09 18:44:39.451 22814 22814 E ArmVmp : Match on catch block at 0xc3 in for 0x7b79558025
04-09 18:44:39.457 22814 22814 E ArmVmp : Match on catch block at 0xc3 in for 0x7b79558025
04-09 18:44:39.461 22814 22814 E ArmVmp : Match on catch block at 0xc3 in for 0x7b79558025
04-09 18:44:39.468 22814 22814 E ArmVmp : Match on catch block at 0xc3 in for 0x7b79558025
04-09 18:44:39.471 22814 22814 E ArmVmp : Match on catch block at 0xc3 in for 0x7b79558025
04-09 18:44:39.479 22814 22814 E ArmVmp : Match on catch block at 0xc3 in for 0x7b79558025
04-09 18:44:39.482 22814 22814 E ArmVmp : Match on catch block at 0xc3 in for 0x7b79558025
04-09 18:44:39.490 22814 22814 E ArmVmp : Match on catch block at 0xc3 in for 0x7b79558025
04-09 18:44:39.492 22814 22814 E ArmVmp : Match on catch block at 0xc3 in for 0x7b79558025
04-09 18:44:39.757 22814 22814 E ArmVmp : Match on catch block at 0xc3 in for 0x7b79558025
04-09 18:44:39.760 22814 22814 E ArmVmp : Match on catch block at 0xc3 in for 0x7b79558025
04-09 18:44:40.258 22814 22814 E ArmVmp : Match on catch block at 0xc3 in for 0x7b79558025
04-09 18:44:40.261 22814 22814 E ArmVmp : Match on catch block at 0xc3 in for 0x7b79558025
04-09 18:44:40.759 22814 22814 E ArmVmp : Match on catch block at 0xc3 in for 0x7b79558025
04-09 18:44:40.763 22814 22814 E ArmVmp : Match on catch block at 0xc3 in for 0x7b79558025
04-09 18:44:41.272 22814 22814 E ArmVmp : Match on catch block at 0xc3 in for 0x7b79558025
04-09 18:44:41.275 22814 22814 E ArmVmp : Match on catch block at 0xc3 in for 0x7b79558025
04-09 18:44:41.419 22814 22814 E ArmVmp : Match on catch block at 0xc3 in for 0x7b79558025
04-09 18:44:41.423 22814 22814 E ArmVmp : Match on catch block at 0xc3 in for 0x7b79558025
04-09 18:44:41.440 22814 22814 E ArmVmp : Match on catch block at 0xc3 in for 0x7b79558025
04-09 18:44:41.443 22814 22814 E ArmVmp : Match on catch block at 0xc3 in for 0x7b79558025
04-09 18:44:41.450 22814 22814 E ArmVmp : Match on catch block at 0xc3 in for 0x7b79558025
04-09 18:44:41.453 22814 22814 E ArmVmp : Match on catch block at 0xc3 in for 0x7b79558025
04-09 18:44:41.461 22814 22814 E ArmVmp : Match on catch block at 0xc3 in for 0x7b79558025
04-09 18:44:41.464 22814 22814 E ArmVmp : Match on catch block at 0xc3 in for 0x7b79558025
04-09 18:44:41.472 22814 22814 E ArmVmp : Match on catch block at 0xc3 in for 0x7b79558025
04-09 18:44:41.475 22814 22814 E ArmVmp : Match on catch block at 0xc3 in for 0x7b79558025
04-09 18:44:41.483 22814 22814 E ArmVmp : Match on catch block at 0xc3 in for 0x7b79558025
04-09 18:44:41.486 22814 22814 E ArmVmp : Match on catch block at 0xc3 in for 0x7b79558025
04-09 18:44:41.494 22814 22814 E ArmVmp : Match on catch block at 0xc3 in for 0x7b79558025
04-09 18:44:41.497 22814 22814 E ArmVmp : Match on catch block at 0xc3 in for 0x7b79558025
04-09 18:44:41.506 22814 22814 E ArmVmp : Match on catch block at 0xc3 in for 0x7b79558025
04-09 18:44:41.509 22814 22814 E ArmVmp : Match on catch block at 0xc3 in for 0x7b79558025
04-09 18:44:41.516 22814 22814 E ArmVmp : Match on catch block at 0xc3 in for 0x7b79558025
04-09 18:44:41.519 22814 22814 E ArmVmp : Match on catch block at 0xc3 in for 0x7b79558025
04-09 18:44:41.529 22814 22814 E ArmVmp : Match on catch block at 0xc3 in for 0x7b79558025
04-09 18:44:41.533 22814 22814 E ArmVmp : Match on catch block at 0xc3 in for 0x7b79558025
04-09 18:44:41.541 22814 22814 E ArmVmp : Match on catch block at 0xc3 in for 0x7b79558025
04-09 18:44:41.543 22814 22814 E ArmVmp : Match on catch block at 0xc3 in for 0x7b79558025
04-09 18:44:41.550 22814 22814 E ArmVmp : Match on catch block at 0xc3 in for 0x7b79558025
04-09 18:44:41.552 22814 22814 E ArmVmp : Match on catch block at 0xc3 in for 0x7b79558025
04-09 18:44:41.561 22814 22814 E ArmVmp : Match on catch block at 0xc3 in for 0x7b79558025
04-09 18:44:41.563 22814 22814 E ArmVmp : Match on catch block at 0xc3 in for 0x7b79558025
04-09 18:44:41.573 22814 22814 E ArmVmp : Match on catch block at 0xc3 in for 0x7b79558025
04-09 18:44:41.576 22814 22814 E ArmVmp : Match on catch block at 0xc3 in for 0x7b79558025
04-09 18:44:41.584 22814 22814 E ArmVmp : Match on catch block at 0xc3 in for 0x7b79558025
04-09 18:44:41.587 22814 22814 E ArmVmp : Match on catch block at 0xc3 in for 0x7b79558025
04-09 18:44:41.597 22814 22814 E ArmVmp : Match on catch block at 0xc3 in for 0x7b79558025
04-09 18:44:41.601 22814 22814 E ArmVmp : Match on catch block at 0xc3 in for 0x7b79558025
04-09 18:44:41.608 22814 22814 E ArmVmp : Match on catch block at 0xc3 in for 0x7b79558025
04-09 18:44:41.613 22814 22814 E ArmVmp : Match on catch block at 0xc3 in for 0x7b79558025
04-09 18:44:41.833 22814 22814 E ArmVmp : Match on catch block at 0xc3 in for 0x7b79558025
04-09 18:44:41.835 22814 22814 E ArmVmp : Match on catch block at 0xc3 in for 0x7b79558025
04-09 18:44:41.839 22814 22814 E ArmVmp : Match on catch block at 0xc3 in for 0x7b79558025
04-09 18:44:41.843 22814 22814 E ArmVmp : Match on catch block at 0xc3 in for 0x7b79558025
04-09 18:44:41.850 22814 22814 E ArmVmp : Match on catch block at 0xc3 in for 0x7b79558025
04-09 18:44:41.853 22814 22814 E ArmVmp : Match on catch block at 0xc3 in for 0x7b79558025
04-09 18:44:41.861 22814 22814 E ArmVmp : Match on catch block at 0xc3 in for 0x7b79558025
04-09 18:44:41.864 22814 22814 E ArmVmp : Match on catch block at 0xc3 in for 0x7b79558025
04-09 18:44:41.873 22814 22814 E ArmVmp : Match on catch block at 0xc3 in for 0x7b79558025
04-09 18:44:41.877 22814 22814 E ArmVmp : Match on catch block at 0xc3 in for 0x7b79558025
04-09 18:44:41.884 22814 22814 E ArmVmp : Match on catch block at 0xc3 in for 0x7b79558025
04-09 18:44:41.887 22814 22814 E ArmVmp : Match on catch block at 0xc3 in for 0x7b79558025
04-09 18:44:41.895 22814 22814 E ArmVmp : Match on catch block at 0xc3 in for 0x7b79558025
04-09 18:44:41.898 22814 22814 E ArmVmp : Match on catch block at 0xc3 in for 0x7b79558025
04-09 18:44:41.906 22814 22814 E ArmVmp : Match on catch block at 0xc3 in for 0x7b79558025
04-09 18:44:41.909 22814 22814 E ArmVmp : Match on catch block at 0xc3 in for 0x7b79558025
04-09 18:44:41.917 22814 22814 E ArmVmp : Match on catch block at 0xc3 in for 0x7b79558025
04-09 18:44:41.920 22814 22814 E ArmVmp : Match on catch block at 0xc3 in for 0x7b79558025
04-09 18:44:41.929 22814 22814 E ArmVmp : Match on catch block at 0xc3 in for 0x7b79558025
04-09 18:44:41.931 22814 22814 E ArmVmp : Match on catch block at 0xc3 in for 0x7b79558025
04-09 18:44:41.940 22814 22814 E ArmVmp : Match on catch block at 0xc3 in for 0x7b79558025
04-09 18:44:41.943 22814 22814 E ArmVmp : Match on catch block at 0xc3 in for 0x7b79558025
04-09 18:44:41.951 22814 22814 E ArmVmp : Match on catch block at 0xc3 in for 0x7b79558025
04-09 18:44:41.954 22814 22814 E ArmVmp : Match on catch block at 0xc3 in for 0x7b79558025
04-09 18:44:41.961 22814 22814 E ArmVmp : Match on catch block at 0xc3 in for 0x7b79558025
04-09 18:44:41.964 22814 22814 E ArmVmp : Match on catch block at 0xc3 in for 0x7b79558025
04-09 18:44:41.973 22814 22814 E ArmVmp : Match on catch block at 0xc3 in for 0x7b79558025
04-09 18:44:41.976 22814 22814 E ArmVmp : Match on catch block at 0xc3 in for 0x7b79558025
04-09 18:44:41.984 22814 22814 E ArmVmp : Match on catch block at 0xc3 in for 0x7b79558025
04-09 18:44:41.987 22814 22814 E ArmVmp : Match on catch block at 0xc3 in for 0x7b79558025
04-09 18:44:41.998 22814 22814 E ArmVmp : Match on catch block at 0xc3 in for 0x7b79558025
04-09 18:44:42.002 22814 22814 E ArmVmp : Match on catch block at 0xc3 in for 0x7b79558025
04-09 18:44:42.019 22814 22814 E ArmVmp : Match on catch block at 0xc3 in for 0x7b79558025
04-09 18:44:42.021 22814 22814 E ArmVmp : Match on catch block at 0xc3 in for 0x7b79558025
04-09 18:44:42.026 22814 22814 E ArmVmp : Match on catch block at 0xc3 in for 0x7b79558025
04-09 18:44:42.028 22814 22814 E ArmVmp : Match on catch block at 0xc3 in for 0x7b79558025
04-09 18:44:42.065 22814 22814 E ArmVmp : Match on catch block at 0xc3 in for 0x7b79558025
04-09 18:44:42.068 22814 22814 E ArmVmp : Match on catch block at 0xc3 in for 0x7b79558025
04-09 18:44:42.079 22814 22814 E ArmVmp : Match on catch block at 0xc3 in for 0x7b79558025
04-09 18:44:42.082 22814 22814 E ArmVmp : Match on catch block at 0xc3 in for 0x7b79558025
04-09 18:44:42.093 22814 22814 E ArmVmp : Match on catch block at 0xc3 in for 0x7b79558025
04-09 18:44:42.096 22814 22814 E ArmVmp : Match on catch block at 0xc3 in for 0x7b79558025
04-09 18:44:42.100 22814 22814 E ArmVmp : Match on catch block at 0xc3 in for 0x7b79558025
04-09 18:44:42.104 22814 22814 E ArmVmp : Match on catch block at 0xc3 in for 0x7b79558025
04-09 18:44:42.108 22814 22814 E ArmVmp : Match on catch block at 0xc3 in for 0x7b79558025
04-09 18:44:42.111 22814 22814 E ArmVmp : Match on catch block at 0xc3 in for 0x7b79558025
04-09 18:44:42.119 22814 22814 E ArmVmp : Match on catch block at 0xc3 in for 0x7b79558025
04-09 18:44:42.122 22814 22814 E ArmVmp : Match on catch block at 0xc3 in for 0x7b79558025
04-09 18:44:42.129 22814 22814 E ArmVmp : Match on catch block at 0xc3 in for 0x7b79558025
04-09 18:44:42.132 22814 22814 E ArmVmp : Match on catch block at 0xc3 in for 0x7b79558025
04-09 18:44:42.140 22814 22814 E ArmVmp : Match on catch block at 0xc3 in for 0x7b79558025
04-09 18:44:42.142 22814 22814 E ArmVmp : Match on catch block at 0xc3 in for 0x7b79558025
04-09 18:44:42.151 22814 22814 E ArmVmp : Match on catch block at 0xc3 in for 0x7b79558025
04-09 18:44:42.153 22814 22814 E ArmVmp : Match on catch block at 0xc3 in for 0x7b79558025
04-09 18:44:42.162 22814 22814 E ArmVmp : Match on catch block at 0xc3 in for 0x7b79558025
04-09 18:44:42.165 22814 22814 E ArmVmp : Match on catch block at 0xc3 in for 0x7b79558025
04-09 18:44:42.173 22814 22814 E ArmVmp : Match on catch block at 0xc3 in for 0x7b79558025
04-09 18:44:42.176 22814 22814 E ArmVmp : Match on catch block at 0xc3 in for 0x7b79558025
04-09 18:44:42.184 22814 22814 E ArmVmp : Match on catch block at 0xc3 in for 0x7b79558025
04-09 18:44:42.187 22814 22814 E ArmVmp : Match on catch block at 0xc3 in for 0x7b79558025
04-09 18:44:42.332 22814 22814 E ArmVmp : Match on catch block at 0xc3 in for 0x7b79558025
04-09 18:44:42.335 22814 22814 E ArmVmp : Match on catch block at 0xc3 in for 0x7b79558025
04-09 18:44:42.340 22814 22899 W MediaPlayer: Use of stream types is deprecated for operations other than volume control
04-09 18:44:42.340 22814 22899 W MediaPlayer: See the documentation of setAudioStreamType() for what to use instead with android.media.AudioAttributes to qualify your playback use case
04-09 18:44:42.364 22814 22931 W MediaPlayerNative: info/warning (10973, 0)
04-09 18:44:42.499 22814 22814 E ArmVmp : Match on catch block at 0xc3 in for 0x7b79558025
04-09 18:44:42.504 22814 22814 E ArmVmp : Match on catch block at 0xc3 in for 0x7b79558025
04-09 18:44:42.543 22814 22814 E ArmVmp : Match on catch block at 0xc3 in for 0x7b79558025
04-09 18:44:42.547 22814 22814 E ArmVmp : Match on catch block at 0xc3 in for 0x7b79558025
04-09 18:44:42.581 22814 22814 E ArmVmp : Match on catch block at 0xc3 in for 0x7b79558025
04-09 18:44:42.584 22814 22814 E ArmVmp : Match on catch block at 0xc3 in for 0x7b79558025
04-09 18:44:42.599 22814 22814 E ArmVmp : Match on catch block at 0xc3 in for 0x7b79558025
04-09 18:44:42.603 22814 22814 E ArmVmp : Match on catch block at 0xc3 in for 0x7b79558025
04-09 18:44:42.611 22814 22814 E ArmVmp : Match on catch block at 0xc3 in for 0x7b79558025
04-09 18:44:42.614 22814 22814 E ArmVmp : Match on catch block at 0xc3 in for 0x7b79558025
04-09 18:44:42.619 22814 22814 E ArmVmp : Match on catch block at 0xc3 in for 0x7b79558025
04-09 18:44:42.622 22814 22814 E ArmVmp : Match on catch block at 0xc3 in for 0x7b79558025
04-09 18:44:42.630 22814 22814 E ArmVmp : Match on catch block at 0xc3 in for 0x7b79558025
04-09 18:44:42.632 22814 22814 E ArmVmp : Match on catch block at 0xc3 in for 0x7b79558025
04-09 18:44:42.641 22814 22814 E ArmVmp : Match on catch block at 0xc3 in for 0x7b79558025
04-09 18:44:42.644 22814 22814 E ArmVmp : Match on catch block at 0xc3 in for 0x7b79558025
04-09 18:44:42.652 22814 22814 E ArmVmp : Match on catch block at 0xc3 in for 0x7b79558025
04-09 18:44:42.655 22814 22814 E ArmVmp : Match on catch block at 0xc3 in for 0x7b79558025
04-09 18:44:42.664 22814 22814 E ArmVmp : Match on catch block at 0xc3 in for 0x7b79558025
04-09 18:44:42.666 22814 22814 E ArmVmp : Match on catch block at 0xc3 in for 0x7b79558025
04-09 18:44:42.675 22814 22814 E ArmVmp : Match on catch block at 0xc3 in for 0x7b79558025
04-09 18:44:42.678 22814 22814 E ArmVmp : Match on catch block at 0xc3 in for 0x7b79558025
04-09 18:44:42.686 22814 22814 E ArmVmp : Match on catch block at 0xc3 in for 0x7b79558025
04-09 18:44:42.689 22814 22814 E ArmVmp : Match on catch block at 0xc3 in for 0x7b79558025
04-09 18:44:42.697 22814 22814 E ArmVmp : Match on catch block at 0xc3 in for 0x7b79558025
04-09 18:44:42.700 22814 22814 E ArmVmp : Match on catch block at 0xc3 in for 0x7b79558025
04-09 18:44:42.708 22814 22814 E ArmVmp : Match on catch block at 0xc3 in for 0x7b79558025
04-09 18:44:42.712 22814 22814 E ArmVmp : Match on catch block at 0xc3 in for 0x7b79558025
04-09 18:44:42.719 22814 22814 E ArmVmp : Match on catch block at 0xc3 in for 0x7b79558025
04-09 18:44:42.722 22814 22814 E ArmVmp : Match on catch block at 0xc3 in for 0x7b79558025
04-09 18:44:42.730 22814 22814 E ArmVmp : Match on catch block at 0xc3 in for 0x7b79558025
04-09 18:44:42.734 22814 22814 E ArmVmp : Match on catch block at 0xc3 in for 0x7b79558025
04-09 18:44:42.742 22814 22814 E ArmVmp : Match on catch block at 0xc3 in for 0x7b79558025
04-09 18:44:42.745 22814 22814 E ArmVmp : Match on catch block at 0xc3 in for 0x7b79558025
04-09 18:44:42.752 22814 22814 E ArmVmp : Match on catch block at 0xc3 in for 0x7b79558025
04-09 18:44:42.756 22814 22814 E ArmVmp : Match on catch block at 0xc3 in for 0x7b79558025
04-09 18:44:42.764 22814 22814 E ArmVmp : Match on catch block at 0xc3 in for 0x7b79558025
04-09 18:44:42.766 22814 22814 E ArmVmp : Match on catch block at 0xc3 in for 0x7b79558025
04-09 18:44:42.775 22814 22814 E ArmVmp : Match on catch block at 0xc3 in for 0x7b79558025
04-09 18:44:42.778 22814 22814 E ArmVmp : Match on catch block at 0xc3 in for 0x7b79558025
04-09 18:44:42.786 22814 22814 E ArmVmp : Match on catch block at 0xc3 in for 0x7b79558025
04-09 18:44:42.789 22814 22814 E ArmVmp : Match on catch block at 0xc3 in for 0x7b79558025
04-09 18:44:42.797 22814 22814 E ArmVmp : Match on catch block at 0xc3 in for 0x7b79558025
04-09 18:44:42.800 22814 22814 E ArmVmp : Match on catch block at 0xc3 in for 0x7b79558025
04-09 18:44:42.808 22814 22814 E ArmVmp : Match on catch block at 0xc3 in for 0x7b79558025
04-09 18:44:42.812 22814 22814 E ArmVmp : Match on catch block at 0xc3 in for 0x7b79558025
04-09 18:44:42.820 22814 22814 E ArmVmp : Match on catch block at 0xc3 in for 0x7b79558025
04-09 18:44:42.823 22814 22814 E ArmVmp : Match on catch block at 0xc3 in for 0x7b79558025
04-09 18:44:42.830 22814 22814 E ArmVmp : Match on catch block at 0xc3 in for 0x7b79558025
04-09 18:44:42.833 22814 22814 E ArmVmp : Match on catch block at 0xc3 in for 0x7b79558025
04-09 18:44:42.841 22814 22814 E ArmVmp : Match on catch block at 0xc3 in for 0x7b79558025
04-09 18:44:42.844 22814 22814 E ArmVmp : Match on catch block at 0xc3 in for 0x7b79558025
04-09 18:44:42.853 22814 22814 E ArmVmp : Match on catch block at 0xc3 in for 0x7b79558025
04-09 18:44:42.856 22814 22814 E ArmVmp : Match on catch block at 0xc3 in for 0x7b79558025
04-09 18:44:42.864 22814 22814 E ArmVmp : Match on catch block at 0xc3 in for 0x7b79558025
04-09 18:44:42.867 22814 22814 E ArmVmp : Match on catch block at 0xc3 in for 0x7b79558025
04-09 18:44:42.875 22814 22814 E ArmVmp : Match on catch block at 0xc3 in for 0x7b79558025
04-09 18:44:42.878 22814 22814 E ArmVmp : Match on catch block at 0xc3 in for 0x7b79558025
04-09 18:44:42.886 22814 22814 E ArmVmp : Match on catch block at 0xc3 in for 0x7b79558025
04-09 18:44:42.889 22814 22814 E ArmVmp : Match on catch block at 0xc3 in for 0x7b79558025
04-09 18:44:42.897 22814 22814 E ArmVmp : Match on catch block at 0xc3 in for 0x7b79558025
04-09 18:44:42.900 22814 22814 E ArmVmp : Match on catch block at 0xc3 in for 0x7b79558025
04-09 18:44:42.908 22814 22814 E ArmVmp : Match on catch block at 0xc3 in for 0x7b79558025
04-09 18:44:42.911 22814 22814 E ArmVmp : Match on catch block at 0xc3 in for 0x7b79558025
04-09 18:44:42.920 22814 22814 E ArmVmp : Match on catch block at 0xc3 in for 0x7b79558025
04-09 18:44:42.923 22814 22814 E ArmVmp : Match on catch block at 0xc3 in for 0x7b79558025
04-09 18:44:42.931 22814 22814 E ArmVmp : Match on catch block at 0xc3 in for 0x7b79558025
04-09 18:44:42.934 22814 22814 E ArmVmp : Match on catch block at 0xc3 in for 0x7b79558025
04-09 18:44:42.942 22814 22814 E ArmVmp : Match on catch block at 0xc3 in for 0x7b79558025
04-09 18:44:42.945 22814 22814 E ArmVmp : Match on catch block at 0xc3 in for 0x7b79558025
04-09 18:44:42.953 22814 22814 E ArmVmp : Match on catch block at 0xc3 in for 0x7b79558025
04-09 18:44:42.956 22814 22814 E ArmVmp : Match on catch block at 0xc3 in for 0x7b79558025
04-09 18:44:42.964 22814 22814 E ArmVmp : Match on catch block at 0xc3 in for 0x7b79558025
04-09 18:44:42.967 22814 22814 E ArmVmp : Match on catch block at 0xc3 in for 0x7b79558025
04-09 18:44:42.998 22814 22814 E ArmVmp : Match on catch block at 0xc3 in for 0x7b79558025
04-09 18:44:43.001 22814 22814 E ArmVmp : Match on catch block at 0xc3 in for 0x7b79558025
04-09 18:44:43.511 22814 22814 E ArmVmp : Match on catch block at 0xc3 in for 0x7b79558025
04-09 18:44:43.514 22814 22814 E ArmVmp : Match on catch block at 0xc3 in for 0x7b79558025
04-09 18:44:44.011 22814 22814 E ArmVmp : Match on catch block at 0xc3 in for 0x7b79558025
04-09 18:44:44.014 22814 22814 E ArmVmp : Match on catch block at 0xc3 in for 0x7b79558025
04-09 18:44:44.513 22814 22814 E ArmVmp : Match on catch block at 0xc3 in for 0x7b79558025
04-09 18:44:44.516 22814 22814 E ArmVmp : Match on catch block at 0xc3 in for 0x7b79558025
04-09 18:44:45.002 22814 22814 E ArmVmp : Match on catch block at 0xc3 in for 0x7b79558025
04-09 18:44:45.005 22814 22814 E ArmVmp : Match on catch block at 0xc3 in for 0x7b79558025
04-09 18:44:45.520 22814 22814 E ArmVmp : Match on catch block at 0xc3 in for 0x7b79558025
04-09 18:44:45.524 22814 22814 E ArmVmp : Match on catch block at 0xc3 in for 0x7b79558025
04-09 18:44:46.016 22814 22814 E ArmVmp : Match on catch block at 0xc3 in for 0x7b79558025
04-09 18:44:46.019 22814 22814 E ArmVmp : Match on catch block at 0xc3 in for 0x7b79558025
04-09 18:44:46.418 22814 22814 E ArmVmp : Match on catch block at 0xc3 in for 0x7b79558025
04-09 18:44:46.421 22814 22814 E ArmVmp : Match on catch block at 0xc3 in for 0x7b79558025
04-09 18:44:46.426 22814 22899 W MediaPlayer: Use of stream types is deprecated for operations other than volume control
04-09 18:44:46.426 22814 22899 W MediaPlayer: See the documentation of setAudioStreamType() for what to use instead with android.media.AudioAttributes to qualify your playback use case
04-09 18:44:46.435 22814 22814 E ArmVmp : Match on catch block at 0xc3 in for 0x7b79558025
04-09 18:44:46.438 22814 22814 E ArmVmp : Match on catch block at 0xc3 in for 0x7b79558025
04-09 18:44:46.447 22814 22814 E ArmVmp : Match on catch block at 0xc3 in for 0x7b79558025
04-09 18:44:46.450 22814 22814 E ArmVmp : Match on catch block at 0xc3 in for 0x7b79558025
04-09 18:44:46.453 22814 22814 E ArmVmp : Match on catch block at 0xc3 in for 0x7b79558025
04-09 18:44:46.457 22814 22814 E ArmVmp : Match on catch block at 0xc3 in for 0x7b79558025
04-09 18:44:46.461 22814 22814 E ArmVmp : Match on catch block at 0xc3 in for 0x7b79558025
04-09 18:44:46.462 22814 23319 W MediaPlayerNative: info/warning (10973, 0)
04-09 18:44:46.464 22814 22814 E ArmVmp : Match on catch block at 0xc3 in for 0x7b79558025
04-09 18:44:46.472 22814 22814 E ArmVmp : Match on catch block at 0xc3 in for 0x7b79558025
04-09 18:44:46.475 22814 22814 E ArmVmp : Match on catch block at 0xc3 in for 0x7b79558025
04-09 18:44:46.483 22814 22814 E ArmVmp : Match on catch block at 0xc3 in for 0x7b79558025
04-09 18:44:46.486 22814 22814 E ArmVmp : Match on catch block at 0xc3 in for 0x7b79558025
04-09 18:44:46.512 22814 22814 E ArmVmp : Match on catch block at 0xc3 in for 0x7b79558025
04-09 18:44:46.515 22814 22814 E ArmVmp : Match on catch block at 0xc3 in for 0x7b79558025
04-09 18:44:46.519 22814 22814 E ArmVmp : Match on catch block at 0xc3 in for 0x7b79558025
04-09 18:44:46.522 22814 22814 E ArmVmp : Match on catch block at 0xc3 in for 0x7b79558025
04-09 18:44:46.529 22814 22814 E ArmVmp : Match on catch block at 0xc3 in for 0x7b79558025
04-09 18:44:46.531 22814 22814 E ArmVmp : Match on catch block at 0xc3 in for 0x7b79558025
04-09 18:44:46.539 22814 22814 E ArmVmp : Match on catch block at 0xc3 in for 0x7b79558025
04-09 18:44:46.543 22814 22814 E ArmVmp : Match on catch block at 0xc3 in for 0x7b79558025
04-09 18:44:46.554 22814 22814 E ArmVmp : Match on catch block at 0xc3 in for 0x7b79558025
04-09 18:44:46.557 22814 22814 E ArmVmp : Match on catch block at 0xc3 in for 0x7b79558025
04-09 18:44:46.562 22814 22814 E ArmVmp : Match on catch block at 0xc3 in for 0x7b79558025
04-09 18:44:46.565 22814 22814 E ArmVmp : Match on catch block at 0xc3 in for 0x7b79558025
04-09 18:44:46.573 22814 22814 E ArmVmp : Match on catch block at 0xc3 in for 0x7b79558025
04-09 18:44:46.576 22814 22814 E ArmVmp : Match on catch block at 0xc3 in for 0x7b79558025
04-09 18:44:46.583 22814 22814 E ArmVmp : Match on catch block at 0xc3 in for 0x7b79558025
04-09 18:44:46.586 22814 22814 E ArmVmp : Match on catch block at 0xc3 in for 0x7b79558025
04-09 18:44:46.595 22814 22814 E ArmVmp : Match on catch block at 0xc3 in for 0x7b79558025
04-09 18:44:46.597 22814 22814 E ArmVmp : Match on catch block at 0xc3 in for 0x7b79558025
04-09 18:44:46.607 22814 22814 E ArmVmp : Match on catch block at 0xc3 in for 0x7b79558025
04-09 18:44:46.609 22814 22814 E ArmVmp : Match on catch block at 0xc3 in for 0x7b79558025
04-09 18:44:46.617 22814 22814 E ArmVmp : Match on catch block at 0xc3 in for 0x7b79558025
04-09 18:44:46.620 22814 22814 E ArmVmp : Match on catch block at 0xc3 in for 0x7b79558025
04-09 18:44:46.629 22814 22814 E ArmVmp : Match on catch block at 0xc3 in for 0x7b79558025
04-09 18:44:46.631 22814 22814 E ArmVmp : Match on catch block at 0xc3 in for 0x7b79558025
04-09 18:44:46.640 22814 22814 E ArmVmp : Match on catch block at 0xc3 in for 0x7b79558025
04-09 18:44:46.643 22814 22814 E ArmVmp : Match on catch block at 0xc3 in for 0x7b79558025
04-09 18:44:46.651 22814 22814 E ArmVmp : Match on catch block at 0xc3 in for 0x7b79558025
04-09 18:44:46.654 22814 22814 E ArmVmp : Match on catch block at 0xc3 in for 0x7b79558025
04-09 18:44:46.662 22814 22814 E ArmVmp : Match on catch block at 0xc3 in for 0x7b79558025
04-09 18:44:46.665 22814 22814 E ArmVmp : Match on catch block at 0xc3 in for 0x7b79558025
04-09 18:44:46.673 22814 22814 E ArmVmp : Match on catch block at 0xc3 in for 0x7b79558025
04-09 18:44:46.676 22814 22814 E ArmVmp : Match on catch block at 0xc3 in for 0x7b79558025
04-09 18:44:46.685 22814 22814 E ArmVmp : Match on catch block at 0xc3 in for 0x7b79558025
04-09 18:44:46.687 22814 22814 E ArmVmp : Match on catch block at 0xc3 in for 0x7b79558025
04-09 18:44:46.696 22814 22814 E ArmVmp : Match on catch block at 0xc3 in for 0x7b79558025
04-09 18:44:46.699 22814 22814 E ArmVmp : Match on catch block at 0xc3 in for 0x7b79558025
04-09 18:44:46.729 22814 22814 E ArmVmp : Match on catch block at 0xc3 in for 0x7b79558025
04-09 18:44:46.732 22814 22814 E ArmVmp : Match on catch block at 0xc3 in for 0x7b79558025
04-09 18:44:47.030 22814 22814 E ArmVmp : Match on catch block at 0xc3 in for 0x7b79558025
04-09 18:44:47.033 22814 22814 E ArmVmp : Match on catch block at 0xc3 in for 0x7b79558025
04-09 18:44:47.531 22814 22814 E ArmVmp : Match on catch block at 0xc3 in for 0x7b79558025
04-09 18:44:47.535 22814 22814 E ArmVmp : Match on catch block at 0xc3 in for 0x7b79558025
04-09 18:44:48.021 22814 22814 E ArmVmp : Match on catch block at 0xc3 in for 0x7b79558025
04-09 18:44:48.024 22814 22814 E ArmVmp : Match on catch block at 0xc3 in for 0x7b79558025
04-09 18:44:48.522 22814 22814 E ArmVmp : Match on catch block at 0xc3 in for 0x7b79558025
04-09 18:44:48.525 22814 22814 E ArmVmp : Match on catch block at 0xc3 in for 0x7b79558025
04-09 18:44:49.023 22814 22814 E ArmVmp : Match on catch block at 0xc3 in for 0x7b79558025
04-09 18:44:49.027 22814 22814 E ArmVmp : Match on catch block at 0xc3 in for 0x7b79558025
04-09 18:44:49.524 22814 22814 E ArmVmp : Match on catch block at 0xc3 in for 0x7b79558025
04-09 18:44:49.528 22814 22814 E ArmVmp : Match on catch block at 0xc3 in for 0x7b79558025
04-09 18:44:50.026 22814 22814 E ArmVmp : Match on catch block at 0xc3 in for 0x7b79558025
04-09 18:44:50.029 22814 22814 E ArmVmp : Match on catch block at 0xc3 in for 0x7b79558025
04-09 18:44:50.527 22814 22814 E ArmVmp : Match on catch block at 0xc3 in for 0x7b79558025
04-09 18:44:50.531 22814 22814 E ArmVmp : Match on catch block at 0xc3 in for 0x7b79558025
04-09 18:44:51.028 22814 22814 E ArmVmp : Match on catch block at 0xc3 in for 0x7b79558025
04-09 18:44:51.031 22814 22814 E ArmVmp : Match on catch block at 0xc3 in for 0x7b79558025
04-09 18:44:51.529 22814 22814 E ArmVmp : Match on catch block at 0xc3 in for 0x7b79558025
04-09 18:44:51.532 22814 22814 E ArmVmp : Match on catch block at 0xc3 in for 0x7b79558025
04-09 18:44:51.866 22814 22814 E ArmVmp : Match on catch block at 0xc3 in for 0x7b79558025
04-09 18:44:51.869 22814 22814 E ArmVmp : Match on catch block at 0xc3 in for 0x7b79558025
04-09 18:44:51.878 22814 22814 E ArmVmp : Match on catch block at 0xc3 in for 0x7b79558025
04-09 18:44:51.882 22814 22814 E ArmVmp : Match on catch block at 0xc3 in for 0x7b79558025
04-09 18:44:51.889 22814 22814 E ArmVmp : Match on catch block at 0xc3 in for 0x7b79558025
04-09 18:44:51.893 22814 22814 E ArmVmp : Match on catch block at 0xc3 in for 0x7b79558025
04-09 18:44:51.899 22814 22814 E ArmVmp : Match on catch block at 0xc3 in for 0x7b79558025
04-09 18:44:51.904 22814 22814 E ArmVmp : Match on catch block at 0xc3 in for 0x7b79558025
04-09 18:44:51.911 22814 22814 E ArmVmp : Match on catch block at 0xc3 in for 0x7b79558025
04-09 18:44:51.916 22814 22814 E ArmVmp : Match on catch block at 0xc3 in for 0x7b79558025
04-09 18:44:51.923 22814 22814 E ArmVmp : Match on catch block at 0xc3 in for 0x7b79558025
04-09 18:44:51.928 22814 22814 E ArmVmp : Match on catch block at 0xc3 in for 0x7b79558025
04-09 18:44:51.934 22814 22814 E ArmVmp : Match on catch block at 0xc3 in for 0x7b79558025
04-09 18:44:51.937 22814 22814 E ArmVmp : Match on catch block at 0xc3 in for 0x7b79558025
04-09 18:44:51.943 22814 22814 E ArmVmp : Match on catch block at 0xc3 in for 0x7b79558025
04-09 18:44:51.946 22814 22814 E ArmVmp : Match on catch block at 0xc3 in for 0x7b79558025
04-09 18:44:51.953 22814 22814 E ArmVmp : Match on catch block at 0xc3 in for 0x7b79558025
04-09 18:44:51.955 22814 22814 E ArmVmp : Match on catch block at 0xc3 in for 0x7b79558025
04-09 18:44:51.964 22814 22814 E ArmVmp : Match on catch block at 0xc3 in for 0x7b79558025
04-09 18:44:51.966 22814 22814 E ArmVmp : Match on catch block at 0xc3 in for 0x7b79558025
04-09 18:44:51.975 22814 22814 E ArmVmp : Match on catch block at 0xc3 in for 0x7b79558025
04-09 18:44:51.978 22814 22814 E ArmVmp : Match on catch block at 0xc3 in for 0x7b79558025
04-09 18:44:51.986 22814 22814 E ArmVmp : Match on catch block at 0xc3 in for 0x7b79558025
04-09 18:44:51.989 22814 22814 E ArmVmp : Match on catch block at 0xc3 in for 0x7b79558025
04-09 18:44:51.998 22814 22814 E ArmVmp : Match on catch block at 0xc3 in for 0x7b79558025
04-09 18:44:52.001 22814 22814 E ArmVmp : Match on catch block at 0xc3 in for 0x7b79558025
04-09 18:44:52.009 22814 22814 E ArmVmp : Match on catch block at 0xc3 in for 0x7b79558025
04-09 18:44:52.012 22814 22814 E ArmVmp : Match on catch block at 0xc3 in for 0x7b79558025
04-09 18:44:52.020 22814 22814 E ArmVmp : Match on catch block at 0xc3 in for 0x7b79558025
04-09 18:44:52.022 22814 22814 E ArmVmp : Match on catch block at 0xc3 in for 0x7b79558025
04-09 18:44:52.031 22814 22814 E ArmVmp : Match on catch block at 0xc3 in for 0x7b79558025
04-09 18:44:52.033 22814 22814 E ArmVmp : Match on catch block at 0xc3 in for 0x7b79558025
04-09 18:44:52.042 22814 22814 E ArmVmp : Match on catch block at 0xc3 in for 0x7b79558025
04-09 18:44:52.045 22814 22814 E ArmVmp : Match on catch block at 0xc3 in for 0x7b79558025
04-09 18:44:52.053 22814 22814 E ArmVmp : Match on catch block at 0xc3 in for 0x7b79558025
04-09 18:44:52.055 22814 22814 E ArmVmp : Match on catch block at 0xc3 in for 0x7b79558025
04-09 18:44:52.064 22814 22814 E ArmVmp : Match on catch block at 0xc3 in for 0x7b79558025
04-09 18:44:52.067 22814 22814 E ArmVmp : Match on catch block at 0xc3 in for 0x7b79558025
04-09 18:44:52.075 22814 22814 E ArmVmp : Match on catch block at 0xc3 in for 0x7b79558025
04-09 18:44:52.078 22814 22814 E ArmVmp : Match on catch block at 0xc3 in for 0x7b79558025
04-09 18:44:52.086 22814 22814 E ArmVmp : Match on catch block at 0xc3 in for 0x7b79558025
04-09 18:44:52.089 22814 22814 E ArmVmp : Match on catch block at 0xc3 in for 0x7b79558025
04-09 18:44:52.097 22814 22814 E ArmVmp : Match on catch block at 0xc3 in for 0x7b79558025
04-09 18:44:52.101 22814 22814 E ArmVmp : Match on catch block at 0xc3 in for 0x7b79558025
04-09 18:44:52.108 22814 22814 E ArmVmp : Match on catch block at 0xc3 in for 0x7b79558025
04-09 18:44:52.112 22814 22814 E ArmVmp : Match on catch block at 0xc3 in for 0x7b79558025
04-09 18:44:52.120 22814 22814 E ArmVmp : Match on catch block at 0xc3 in for 0x7b79558025
04-09 18:44:52.123 22814 22814 E ArmVmp : Match on catch block at 0xc3 in for 0x7b79558025
04-09 18:44:52.131 22814 22814 E ArmVmp : Match on catch block at 0xc3 in for 0x7b79558025
04-09 18:44:52.134 22814 22814 E ArmVmp : Match on catch block at 0xc3 in for 0x7b79558025
04-09 18:44:52.142 22814 22814 E ArmVmp : Match on catch block at 0xc3 in for 0x7b79558025
04-09 18:44:52.145 22814 22814 E ArmVmp : Match on catch block at 0xc3 in for 0x7b79558025
04-09 18:44:52.176 22814 22814 E ArmVmp : Match on catch block at 0xc3 in for 0x7b79558025
04-09 18:44:52.179 22814 22814 E ArmVmp : Match on catch block at 0xc3 in for 0x7b79558025
04-09 18:44:52.548 22814 22814 E ArmVmp : Match on catch block at 0xc3 in for 0x7b79558025
04-09 18:44:52.552 22814 22814 E ArmVmp : Match on catch block at 0xc3 in for 0x7b79558025
04-09 18:44:53.044 22814 22814 E ArmVmp : Match on catch block at 0xc3 in for 0x7b79558025
04-09 18:44:53.048 22814 22814 E ArmVmp : Match on catch block at 0xc3 in for 0x7b79558025
04-09 18:44:53.545 22814 22814 E ArmVmp : Match on catch block at 0xc3 in for 0x7b79558025
04-09 18:44:53.548 22814 22814 E ArmVmp : Match on catch block at 0xc3 in for 0x7b79558025
04-09 18:44:54.046 22814 22814 E ArmVmp : Match on catch block at 0xc3 in for 0x7b79558025
04-09 18:44:54.050 22814 22814 E ArmVmp : Match on catch block at 0xc3 in for 0x7b79558025
04-09 18:44:54.548 22814 22814 E ArmVmp : Match on catch block at 0xc3 in for 0x7b79558025
04-09 18:44:54.551 22814 22814 E ArmVmp : Match on catch block at 0xc3 in for 0x7b79558025
04-09 18:44:55.057 22814 22814 E ArmVmp : Match on catch block at 0xc3 in for 0x7b79558025
04-09 18:44:55.061 22814 22814 E ArmVmp : Match on catch block at 0xc3 in for 0x7b79558025
04-09 18:44:55.068 22814 22899 W MediaPlayer: Use of stream types is deprecated for operations other than volume control
04-09 18:44:55.068 22814 22899 W MediaPlayer: See the documentation of setAudioStreamType() for what to use instead with android.media.AudioAttributes to qualify your playback use case
04-09 18:44:55.075 22814 22814 E ArmVmp : Match on catch block at 0xc3 in for 0x7b79558025
04-09 18:44:55.077 22814 22814 E ArmVmp : Match on catch block at 0xc3 in for 0x7b79558025
04-09 18:44:55.085 22814 22814 E ArmVmp : Match on catch block at 0xc3 in for 0x7b79558025
04-09 18:44:55.088 22814 22814 E ArmVmp : Match on catch block at 0xc3 in for 0x7b79558025
04-09 18:44:55.093 22814 22814 E ArmVmp : Match on catch block at 0xc3 in for 0x7b79558025
04-09 18:44:55.096 22814 22814 E ArmVmp : Match on catch block at 0xc3 in for 0x7b79558025
04-09 18:44:55.103 22814 23319 W MediaPlayerNative: info/warning (10973, 0)
04-09 18:44:55.104 22814 22814 E ArmVmp : Match on catch block at 0xc3 in for 0x7b79558025
04-09 18:44:55.107 22814 22814 E ArmVmp : Match on catch block at 0xc3 in for 0x7b79558025
04-09 18:44:55.115 22814 22814 E ArmVmp : Match on catch block at 0xc3 in for 0x7b79558025
04-09 18:44:55.118 22814 22814 E ArmVmp : Match on catch block at 0xc3 in for 0x7b79558025
04-09 18:44:55.126 22814 22814 E ArmVmp : Match on catch block at 0xc3 in for 0x7b79558025
04-09 18:44:55.129 22814 22814 E ArmVmp : Match on catch block at 0xc3 in for 0x7b79558025
04-09 18:44:55.149 22814 22814 E ArmVmp : Match on catch block at 0xc3 in for 0x7b79558025
04-09 18:44:55.152 22814 22814 E ArmVmp : Match on catch block at 0xc3 in for 0x7b79558025
04-09 18:44:55.160 22814 22814 E ArmVmp : Match on catch block at 0xc3 in for 0x7b79558025
04-09 18:44:55.163 22814 22814 E ArmVmp : Match on catch block at 0xc3 in for 0x7b79558025
04-09 18:44:55.171 22814 22814 E ArmVmp : Match on catch block at 0xc3 in for 0x7b79558025
04-09 18:44:55.174 22814 22814 E ArmVmp : Match on catch block at 0xc3 in for 0x7b79558025
04-09 18:44:55.182 22814 22814 E ArmVmp : Match on catch block at 0xc3 in for 0x7b79558025
04-09 18:44:55.184 22814 22814 E ArmVmp : Match on catch block at 0xc3 in for 0x7b79558025
04-09 18:44:55.193 22814 22814 E ArmVmp : Match on catch block at 0xc3 in for 0x7b79558025
04-09 18:44:55.197 22814 22814 E ArmVmp : Match on catch block at 0xc3 in for 0x7b79558025
04-09 18:44:55.205 22814 22814 E ArmVmp : Match on catch block at 0xc3 in for 0x7b79558025
04-09 18:44:55.208 22814 22814 E ArmVmp : Match on catch block at 0xc3 in for 0x7b79558025
04-09 18:44:55.216 22814 22814 E ArmVmp : Match on catch block at 0xc3 in for 0x7b79558025
04-09 18:44:55.219 22814 22814 E ArmVmp : Match on catch block at 0xc3 in for 0x7b79558025
04-09 18:44:55.226 22814 22814 E ArmVmp : Match on catch block at 0xc3 in for 0x7b79558025
04-09 18:44:55.229 22814 22814 E ArmVmp : Match on catch block at 0xc3 in for 0x7b79558025
04-09 18:44:55.238 22814 22814 E ArmVmp : Match on catch block at 0xc3 in for 0x7b79558025
04-09 18:44:55.241 22814 22814 E ArmVmp : Match on catch block at 0xc3 in for 0x7b79558025
04-09 18:44:55.249 22814 22814 E ArmVmp : Match on catch block at 0xc3 in for 0x7b79558025
04-09 18:44:55.252 22814 22814 E ArmVmp : Match on catch block at 0xc3 in for 0x7b79558025
04-09 18:44:55.260 22814 22814 E ArmVmp : Match on catch block at 0xc3 in for 0x7b79558025
04-09 18:44:55.263 22814 22814 E ArmVmp : Match on catch block at 0xc3 in for 0x7b79558025
04-09 18:44:55.272 22814 22814 E ArmVmp : Match on catch block at 0xc3 in for 0x7b79558025
04-09 18:44:55.275 22814 22814 E ArmVmp : Match on catch block at 0xc3 in for 0x7b79558025
04-09 18:44:55.283 22814 22814 E ArmVmp : Match on catch block at 0xc3 in for 0x7b79558025
04-09 18:44:55.286 22814 22814 E ArmVmp : Match on catch block at 0xc3 in for 0x7b79558025
04-09 18:44:55.294 22814 22814 E ArmVmp : Match on catch block at 0xc3 in for 0x7b79558025
04-09 18:44:55.297 22814 22814 E ArmVmp : Match on catch block at 0xc3 in for 0x7b79558025
04-09 18:44:55.305 22814 22814 E ArmVmp : Match on catch block at 0xc3 in for 0x7b79558025
04-09 18:44:55.308 22814 22814 E ArmVmp : Match on catch block at 0xc3 in for 0x7b79558025
04-09 18:44:55.316 22814 22814 E ArmVmp : Match on catch block at 0xc3 in for 0x7b79558025
04-09 18:44:55.320 22814 22814 E ArmVmp : Match on catch block at 0xc3 in for 0x7b79558025
04-09 18:44:55.327 22814 22814 E ArmVmp : Match on catch block at 0xc3 in for 0x7b79558025
04-09 18:44:55.330 22814 22814 E ArmVmp : Match on catch block at 0xc3 in for 0x7b79558025
04-09 18:44:55.339 22814 22814 E ArmVmp : Match on catch block at 0xc3 in for 0x7b79558025
04-09 18:44:55.342 22814 22814 E ArmVmp : Match on catch block at 0xc3 in for 0x7b79558025
04-09 18:44:55.361 22814 22814 E ArmVmp : Match on catch block at 0xc3 in for 0x7b79558025
04-09 18:44:55.364 22814 22814 E ArmVmp : Match on catch block at 0xc3 in for 0x7b79558025
04-09 18:44:55.572 22814 22814 E ArmVmp : Match on catch block at 0xc3 in for 0x7b79558025
04-09 18:44:55.575 22814 22814 E ArmVmp : Match on catch block at 0xc3 in for 0x7b79558025
04-09 18:44:56.073 22814 22814 E ArmVmp : Match on catch block at 0xc3 in for 0x7b79558025
04-09 18:44:56.077 22814 22814 E ArmVmp : Match on catch block at 0xc3 in for 0x7b79558025
04-09 18:44:56.575 22814 22814 E ArmVmp : Match on catch block at 0xc3 in for 0x7b79558025
04-09 18:44:56.578 22814 22814 E ArmVmp : Match on catch block at 0xc3 in for 0x7b79558025
04-09 18:44:57.077 22814 22814 E ArmVmp : Match on catch block at 0xc3 in for 0x7b79558025
04-09 18:44:57.082 22814 22814 E ArmVmp : Match on catch block at 0xc3 in for 0x7b79558025
04-09 18:44:57.578 22814 22814 E ArmVmp : Match on catch block at 0xc3 in for 0x7b79558025
04-09 18:44:57.583 22814 22814 E ArmVmp : Match on catch block at 0xc3 in for 0x7b79558025
04-09 18:44:58.079 22814 22814 E ArmVmp : Match on catch block at 0xc3 in for 0x7b79558025
04-09 18:44:58.085 22814 22814 E ArmVmp : Match on catch block at 0xc3 in for 0x7b79558025
04-09 18:44:58.315 22814 22814 E ArmVmp : Match on catch block at 0xc3 in for 0x7b79558025
04-09 18:44:58.320 22814 22814 E ArmVmp : Match on catch block at 0xc3 in for 0x7b79558025
04-09 18:44:58.334 22814 22814 E ArmVmp : Match on catch block at 0xc3 in for 0x7b79558025
04-09 18:44:58.337 22814 22814 E ArmVmp : Match on catch block at 0xc3 in for 0x7b79558025
04-09 18:44:58.581 22814 22814 E ArmVmp : Match on catch block at 0xc3 in for 0x7b79558025
04-09 18:44:58.585 22814 22814 E ArmVmp : Match on catch block at 0xc3 in for 0x7b79558025
04-09 18:44:58.813 22814 22814 E ArmVmp : Match on catch block at 0xc3 in for 0x7b79558025
04-09 18:44:58.816 22814 22814 E ArmVmp : Match on ca--------- beginning of main
04-09 18:44:58.836 22814 22814 E ArmVmp : Match on catch block at 0xc3 in for 0x7b79558025
04-09 18:44:58.839 22814 22814 E ArmVmp : Match on catch block at 0xc3 in for 0x7b79558025
04-09 18:44:58.978 22814 22814 E ArmVmp : Match on catch block at 0xc3 in for 0x7b79558025
04-09 18:44:58.980 22814 22814 E ArmVmp : Match on catch block at 0xc3 in for 0x7b79558025
04-09 18:44:59.038 22814 22814 E ArmVmp : Match on catch block at 0xc3 in for 0x7b79558025
04-09 18:44:59.040 22814 22814 E ArmVmp : Match on catch block at 0xc3 in for 0x7b79558025
04-09 18:44:59.109 22814 22814 E ArmVmp : Match on catch block at 0xc3 in for 0x7b79558025
04-09 18:44:59.112 22814 22814 E ArmVmp : Match on catch block at 0xc3 in for 0x7b79558025
04-09 18:44:59.131 22814 22814 E ArmVmp : Match on catch block at 0xc3 in for 0x7b79558025
04-09 18:44:59.134 22814 22814 E ArmVmp : Match on catch block at 0xc3 in for 0x7b79558025
04-09 18:44:59.142 22814 22814 E ArmVmp : Match on catch block at 0xc3 in for 0x7b79558025
04-09 18:44:59.145 22814 22814 E ArmVmp : Match on catch block at 0xc3 in for 0x7b79558025
04-09 18:44:59.160 22814 22814 E ArmVmp : Match on catch block at 0xc3 in for 0x7b79558025
04-09 18:44:59.163 22814 22814 E ArmVmp : Match on catch block at 0xc3 in for 0x7b79558025
04-09 18:44:59.175 22814 22814 E ArmVmp : Match on catch block at 0xc3 in for 0x7b79558025
04-09 18:44:59.177 22814 22814 E ArmVmp : Match on catch block at 0xc3 in for 0x7b79558025
04-09 18:44:59.184 22814 22814 E ArmVmp : Match on catch block at 0xc3 in for 0x7b79558025
04-09 18:44:59.187 22814 22814 E ArmVmp : Match on catch block at 0xc3 in for 0x7b79558025
04-09 18:44:59.194 22814 22814 E ArmVmp : Match on catch block at 0xc3 in for 0x7b79558025
04-09 18:44:59.196 22814 22814 E ArmVmp : Match on catch block at 0xc3 in for 0x7b79558025
04-09 18:44:59.204 22814 22814 E ArmVmp : Match on catch block at 0xc3 in for 0x7b79558025
04-09 18:44:59.206 22814 22814 E ArmVmp : Match on catch block at 0xc3 in for 0x7b79558025
04-09 18:44:59.215 22814 22814 E ArmVmp : Match on catch block at 0xc3 in for 0x7b79558025
04-09 18:44:59.217 22814 22814 E ArmVmp : Match on catch block at 0xc3 in for 0x7b79558025
04-09 18:44:59.226 22814 22814 E ArmVmp : Match on catch block at 0xc3 in for 0x7b79558025
04-09 18:44:59.228 22814 22814 E ArmVmp : Match on catch block at 0xc3 in for 0x7b79558025
04-09 18:44:59.248 22814 22814 E ArmVmp : Match on catch block at 0xc3 in for 0x7b79558025
04-09 18:44:59.251 22814 22814 E ArmVmp : Match on catch block at 0xc3 in for 0x7b79558025
04-09 18:44:59.304 22814 22814 E ArmVmp : Match on catch block at 0xc3 in for 0x7b79558025
04-09 18:44:59.306 22814 22814 E ArmVmp : Match on catch block at 0xc3 in for 0x7b79558025
04-09 18:45:02.183 22814 22814 E ArmVmp : Match on catch block at 0x0a in for 0x7b79558035
04-09 18:45:05.926 22814 22814 W InputEventReceiver: Attempted to finish an input event but the input event receiver has already been disposed.
04-09 18:46:17.745 22814 22814 W InputEventReceiver: Attempted to finish an input event but the input event receiver has already been disposed.
04-09 18:46:18.117 23792 23792 E com.mbwhatsapp: Not starting debugger since process cannot load the jdwp agent.
04-09 18:46:18.213 23792 23792 W System.err: java.lang.ClassNotFoundException: mbmodsd.mbmodsw.ui.views.btn.BtnBK
04-09 18:46:18.213 23792 23792 W System.err: at java.lang.Runtime.nativeLoad(Native Method)
04-09 18:46:18.213 23792 23792 W System.err: at java.lang.Runtime.nativeLoad(Runtime.java:1126)
04-09 18:46:18.213 23792 23792 W System.err: at java.lang.Runtime.loadLibrary0(Runtime.java:1080)
04-09 18:46:18.213 23792 23792 W System.err: at java.lang.Runtime.loadLibrary0(Runtime.java:1003)
04-09 18:46:18.213 23792 23792 W System.err: at java.lang.System.loadLibrary(System.java:1661)
04-09 18:46:18.213 23792 23792 W System.err: at arm.EpicVm.<clinit>(Unknown Source:2)
04-09 18:46:18.213 23792 23792 W System.err: at java.lang.Class.newInstance(Native Method)
04-09 18:46:18.213 23792 23792 W System.err: at android.app.AppComponentFactory.instantiateApplication(AppComponentFactory.java:76)
04-09 18:46:18.213 23792 23792 W System.err: at androidx.core.app.CoreComponentFactory.instantiateApplication(Unknown Source:0)
04-09 18:46:18.213 23792 23792 W System.err: at android.app.Instrumentation.newApplication(Instrumentation.java:1232)
04-09 18:46:18.213 23792 23792 W System.err: at android.app.LoadedApk.makeApplicationInner(LoadedApk.java:1566)
04-09 18:46:18.213 23792 23792 W System.err: at android.app.LoadedApk.makeApplicationInner(LoadedApk.java:1503)
04-09 18:46:18.213 23792 23792 W System.err: at android.app.ActivityThread.handleBindApplication(ActivityThread.java:7575)
04-09 18:46:18.213 23792 23792 W System.err: at android.app.ActivityThread.-$ $Nest$mhandleBindApplication(Unknown Source:0)
04-09 18:46:18.213 23792 23792 W System.err: at android.app.ActivityThread$H.handleMessage(ActivityThread.java:2400)
04-09 18:46:18.213 23792 23792 W System.err: at android.os.Handler.dispatchMessage(Handler.java:106)
04-09 18:46:18.213 23792 23792 W System.err: at android.os.Looper.loopOnce(Looper.java:226)
04-09 18:46:18.213 23792 23792 W System.err: at android.os.Looper.loop(Looper.java:313)
04-09 18:46:18.213 23792 23792 W System.err: at android.app.ActivityThread.main(ActivityThread.java:8779)
04-09 18:46:18.213 23792 23792 W System.err: at java.lang.reflect.Method.invoke(Native Method)
04-09 18:46:18.213 23792 23792 W System.err: at com.android.internal.os.RuntimeInit$MethodAndArgsCaller.run(RuntimeInit.java:604)
04-09 18:46:18.213 23792 23792 W System.err: at com.android.internal.os.ZygoteInit.main(ZygoteInit.java:1067)
04-09 18:46:18.219 23792 23792 E CustomActivityOnCrash: IMPORTANT WARNING! You already have an UncaughtExceptionHandler, are you sure this is correct? If you use a custom UncaughtExceptionHandler, you must initialize it AFTER CustomActivityOnCrash! Installing anyway, but your original handler will not be called.
04-09 18:46:18.332 23792 23792 W com.mbwhatsapp: Accessing hidden method Lcom/android/org/conscrypt/OpenSSLSocketImpl;->setUseSessionTickets(Z)V (max- target-q,core-platform-api, reflection, denied)
04-09 18:46:18.332 23792 23792 W com.mbwhatsapp: Accessing hidden method Lcom/android/org/conscrypt/AbstractConscryptSocket;->setUseSessionTickets(Z)V (max- target-q, reflection, denied)
04-09 18:46:18.365 23832 23832 W libprocessgroup: JoinCgroup: controller schedtune is not found
04-09 18:46:18.750 23792 23792 E ArmVmp : Match on catch block at 0x0a in for 0x7b79558031
04-09 18:46:18.773 23792 23792 E ArmVmp : Match on catch block at 0x0a in for 0x7b7955804d
04-09 18:46:18.796 23792 23792 W Activity: Can request only one set of permissions at a time
04-09 18:46:18.942 23792 23862 W com.mbwhatsapp: Accessing hidden method Lcom/android/org/conscrypt/ConscryptEngineSocket;->setUseSessionTickets(Z)V (max- target-q,core-platform-api, reflection, denied)
04-09 18:46:18.942 23792 23862 W com.mbwhatsapp: Accessing hidden method Lcom/android/org/conscrypt/OpenSSLSocketImpl;->setUseSessionTickets(Z)V (max- target-q,core-platform-api, reflection, denied)
04-09 18:46:18.943 23792 23862 W com.mbwhatsapp: Accessing hidden method Lcom/android/org/conscrypt/AbstractConscryptSocket;->setUseSessionTickets(Z)V (max- target-q, reflection, denied)
04-09 18:46:18.943 23792 23862 W com.mbwhatsapp: Accessing hidden method Lcom/android/org/conscrypt/ConscryptEngineSocket;->setHostname(Ljava/lang/String;)V (max-target-q,core-platform-api, reflection, denied)
04-09 18:46:18.944 23792 23862 W com.mbwhatsapp: Accessing hidden method Lcom/android/org/conscrypt/OpenSSLSocketImpl;->setHostname(Ljava/lang/String;)V (max-target-q,core-platform-api, reflection, denied)
04-09 18:46:18.945 23792 23862 W com.mbwhatsapp: Accessing hidden method Lcom/android/org/conscrypt/AbstractConscryptSocket;->setHostname(Ljava/lang/ String;)V (max-target-q, reflection, denied)
04-09 18:46:18.945 23792 23862 W com.mbwhatsapp: Accessing hidden method Lcom/android/org/conscrypt/OpenSSLSocketImpl;->setAlpnProtocols([B)V (max-target- q,core-platform-api, reflection, denied)
04-09 18:46:18.946 23792 23862 W com.mbwhatsapp: Accessing hidden method Lcom/android/org/conscrypt/AbstractConscryptSocket;->setAlpnProtocols([B)V (max- target-q, reflection, denied)
04-09 18:46:19.109 23792 23792 E BufferQueueProducer: Unable to open libpenguin.so: dlopen failed: library "libpenguin.so" not found.
04-09 18:46:19.179 23792 23862 W com.mbwhatsapp: Accessing hidden method Lcom/android/org/conscrypt/OpenSSLSocketImpl;->getAlpnSelectedProtocol()[B (max- target-q,core-platform-api, reflection, denied)
04-09 18:46:19.180 23792 23862 W com.mbwhatsapp: Accessing hidden method Lcom/android/org/conscrypt/AbstractConscryptSocket;->getAlpnSelectedProtocol()[B (max-target-q, reflection, denied)
04-09 18:46:19.282 23792 23792 E RecyclerView: No adapter attached; skipping layout
04-09 18:46:19.366 23792 23792 E RecyclerView: No adapter attached; skipping layout
04-09 18:46:19.380 23792 23792 E ArmVmp : Match on catch block at 0x0a in for 0x7b79558035
04-09 18:46:19.476 23792 23792 W InputMethodManager: dispatchInputEvent: not handled, reason: current session is null
04-09 18:46:19.484 23792 23792 W InputMethodManager: dispatchInputEvent: not handled, reason: current session is null
04-09 18:46:19.566 23792 23916 W LOTTIE : Animation contains merge paths. Merge paths are only supported on KitKat+ and must be manually enabled by calling enableMergePathsForKitKatAndAbove().
04-09 18:46:19.614 23792 23818 W LibraryVersion: Failed to get app version for libraryName: firebase-iid
04-09 18:46:19.642 23792 23792 W LOTTIE : Animation contains merge paths but they are disabled.
04-09 18:46:28.978 23792 23801 W com.mbwhatsapp: Cleared Reference was only reachable from finalizer (only reported once)
04-09 18:46:58.781 23792 24072 W System : ClassLoader referenced unknown path:
