android.app.AppComponentFactory.instantiateApplication(AppComponentFactory.java:76)
02-18 23:41:10.070 12855 12855 W System.err: at
androidx.core.app.CoreComponentFactory.instantiateApplication(Unknown Source:0)
02-18 23:41:10.070 12855 12855 W System.err: at
android.app.Instrumentation.newApplication(Instrumentation.java:1164)
02-18 23:41:10.070 12855 12855 W System.err: at
android.app.LoadedApk.makeApplication(LoadedApk.java:1244)
02-18 23:41:10.070 12855 12855 W System.err: at
android.app.ActivityThread.handleBindApplication(ActivityThread.java:7012)
02-18 23:41:10.070 12855 12855 W System.err: at
android.app.ActivityThread.access$1500(ActivityThread.java:263)
02-18 23:41:10.070 12855 12855 W System.err: at
android.app.ActivityThread$H.handleMessage(ActivityThread.java:2032)
02-18 23:41:10.070 12855 12855 W System.err: at
android.os.Handler.dispatchMessage(Handler.java:106)
02-18 23:41:10.070 12855 12855 W System.err: at
android.os.Looper.loop(Looper.java:268)
02-18 23:41:10.070 12855 12855 W System.err: at
android.app.ActivityThread.main(ActivityThread.java:8016)
02-18 23:41:10.070 12855 12855 W System.err: at
java.lang.reflect.Method.invoke(Native Method)
02-18 23:41:10.070 12855 12855 W System.err: at
com.android.internal.os.RuntimeInit$MethodAndArgsCaller.run(RuntimeInit.java:627)
02-18 23:41:10.070 12855 12855 W System.err: at
com.android.internal.os.ZygoteInit.main(ZygoteInit.java:997)
02-18 23:41:10.117 12855 12855 E libc : Access denied finding property
"ro.vendor.pref_scale_resolution"
02-18 23:41:10.137 12855 12855 E CustomActivityOnCrash: IMPORTANT WARNING! You
already have an UncaughtExceptionHandler, are you sure this is correct? If you use
a custom UncaughtExceptionHandler, you must initialize it AFTER
CustomActivityOnCrash! Installing anyway, but your original handler will not be
called.
02-18 23:41:10.642 12855 12855 W com.whatsapp: Accessing hidden method
Lcom/android/org/conscrypt/OpenSSLSocketImpl;->setUseSessionTickets(Z)V (greylist-
max-q,test-api, reflection, denied)
02-18 23:41:10.642 12855 12855 W com.whatsapp: Accessing hidden method
Lcom/android/org/conscrypt/AbstractConscryptSocket;->setUseSessionTickets(Z)V
(greylist-max-q, reflection, denied)
02-18 23:41:10.705 12855 12855 W com.whatsapp: type=1400 audit(0.0:12343956): avc:
granted { execute } for
path="/data/data/com.whatsapp/files/decompressed/libs.spk.zst/libc++_shared.so"
dev="mmcblk0p39" ino=231293 scontext=u:r:untrusted_app:s0:c10,c257,c512,c768
tcontext=u:object_r:app_data_file:s0:c10,c257,c512,c768 tclass=file
app=com.whatsapp
02-18 23:41:10.708 12855 12855 W linker : Warning:
"/data/data/com.whatsapp/files/decompressed/libs.spk.zst/libc++_shared.so" unused
DT entry: unknown processor-specific (type 0x70000001 arg 0x0) (ignoring)
02-18 23:41:10.713 12855 12855 W com.whatsapp: type=1400 audit(0.0:12343957): avc:
granted { execute } for
path="/data/data/com.whatsapp/files/decompressed/libs.spk.zst/libvlc.so"
dev="mmcblk0p39" ino=225771 scontext=u:r:untrusted_app:s0:c10,c257,c512,c768
tcontext=u:object_r:app_data_file:s0:c10,c257,c512,c768 tclass=file
app=com.whatsapp
02-18 23:41:10.721 12855 12855 W com.whatsapp: type=1400 audit(0.0:12343958): avc:
granted { execute } for
path="/data/data/com.whatsapp/files/decompressed/libs.spk.zst/libwhatsapp.so"
dev="mmcblk0p39" ino=71523 scontext=u:r:untrusted_app:s0:c10,c257,c512,c768
tcontext=u:object_r:app_data_file:s0:c10,c257,c512,c768 tclass=file
app=com.whatsapp
02-18 23:41:10.773 12855 12855 W com.whatsapp: type=1400 audit(0.0:12343959): avc:
granted { execute } for
path="/data/data/com.whatsapp/files/decompressed/libs.spk.zst/libcurve25519.so"
dev="mmcblk0p39" ino=51861 scontext=u:r:untrusted_app:s0:c10,c257,c512,c768
tcontext=u:object_r:app_data_file:s0:c10,c257,c512,c768 tclass=file
app=com.whatsapp
02-18 23:41:10.785 12855 12855 W com.whatsapp: type=1400 audit(0.0:12343960): avc:
granted { execute } for
path="/data/data/com.whatsapp/files/decompressed/libs.spk.zst/libwhatsapp.so"
dev="mmcblk0p39" ino=71523 scontext=u:r:untrusted_app:s0:c10,c257,c512,c768
tcontext=u:object_r:app_data_file:s0:c10,c257,c512,c768 tclass=file
app=com.whatsapp
02-18 23:41:10.918 12855 12908 W com.whatsapp: Class X.2rL failed lock verification
and will run slower.
02-18 23:41:10.918 12855 12908 W com.whatsapp: Common causes for lock verification
issues are non-optimized dex code
02-18 23:41:10.918 12855 12908 W com.whatsapp: and incorrect proguard
optimizations.
02-18 23:41:10.954 12855 12855 W com.whatsapp: Class com.whatsapp.HomeActivity
failed lock verification and will run slower.
02-18 23:41:10.967 12855 12855 W com.whatsapp: Class X.0eU failed lock verification
and will run slower.
02-18 23:41:11.454 12855 12855 E ion : ioctl c0044901 failed with code -1:
Invalid argument
02-18 23:41:11.520 12855 12855 E ArmVmp : Match on catch block at 0x0a in for 0xc9
02-18 23:41:11.549 12855 12855 E ArmVmp : Match on catch block at 0x0a in for
0x139
02-18 23:41:11.560 12855 12918 W System : ClassLoader referenced unknown path:
system/framework/mediatek-cta.jar
02-18 23:41:11.631 12855 12878 W System : ClassLoader referenced unknown path:
system/framework/mediatek-cta.jar
02-18 23:41:11.661 12855 12918 W com.whatsapp: Accessing hidden method
Lcom/android/org/conscrypt/ConscryptEngineSocket;->setUseSessionTickets(Z)V
(greylist-max-q,test-api, reflection, denied)
02-18 23:41:11.661 12855 12918 W com.whatsapp: Accessing hidden method
Lcom/android/org/conscrypt/OpenSSLSocketImpl;->setUseSessionTickets(Z)V (greylist-
max-q,test-api, reflection, denied)
02-18 23:41:11.661 12855 12918 W com.whatsapp: Accessing hidden method
Lcom/android/org/conscrypt/AbstractConscryptSocket;->setUseSessionTickets(Z)V
(greylist-max-q, reflection, denied)
02-18 23:41:11.662 12855 12918 W com.whatsapp: Accessing hidden method
Lcom/android/org/conscrypt/ConscryptEngineSocket;->setHostname(Ljava/lang/String;)V
(greylist-max-q,test-api, reflection, denied)
02-18 23:41:11.662 12855 12918 W com.whatsapp: Accessing hidden method
Lcom/android/org/conscrypt/OpenSSLSocketImpl;->setHostname(Ljava/lang/String;)V
(greylist-max-q,test-api, reflection, denied)
02-18 23:41:11.662 12855 12918 W com.whatsapp: Accessing hidden method
Lcom/android/org/conscrypt/AbstractConscryptSocket;->setHostname(Ljava/lang/
String;)V (greylist-max-q, reflection, denied)
02-18 23:41:11.663 12855 12918 W com.whatsapp: Accessing hidden method
Lcom/android/org/conscrypt/OpenSSLSocketImpl;->setAlpnProtocols([B)V (greylist-max-
q,test-api, reflection, denied)
02-18 23:41:11.663 12855 12918 W com.whatsapp: Accessing hidden method
Lcom/android/org/conscrypt/AbstractConscryptSocket;->setAlpnProtocols([B)V
(greylist-max-q, reflection, denied)
02-18 23:41:11.985 12855 12935 W LOTTIE : Animation contains merge paths. Merge
paths are only supported on KitKat+ and must be manually enabled by calling
enableMergePathsForKitKatAndAbove().
02-18 23:41:12.026 12855 12918 W com.whatsapp: Accessing hidden method
Lcom/android/org/conscrypt/OpenSSLSocketImpl;->getAlpnSelectedProtocol()[B
(greylist-max-q,test-api, reflection, denied)
02-18 23:41:12.027 12855 12918 W com.whatsapp: Accessing hidden method
Lcom/android/org/conscrypt/AbstractConscryptSocket;->getAlpnSelectedProtocol()[B
(greylist-max-q, reflection, denied)
02-18 23:41:12.071 12855 12855 W LOTTIE : Animation contains merge paths but they
are disabled.
02-18 23:41:12.353 12855 12943 E libc : Access denied finding property
"vendor.debug.drm.logv"
02-18 23:41:12.353 12855 12943 E libc : Access denied finding property
"vendor.debug.drm.logv"
02-18 23:41:12.354 12855 12943 E libc : Access denied finding property
"vendor.debug.drm.logd"
02-18 23:41:12.354 12855 12943 E libc : Access denied finding property
"vendor.debug.drm.logv"
02-18 23:41:12.793 12855 12855 W SQLiteLog: (28) double-quoted string literal: ""
02-18 23:41:12.874 12855 12855 E RecyclerView: No adapter attached; skipping layout
02-18 23:41:12.926 12855 12913 E ion : ioctl c0044901 failed with code -1:
Invalid argument
02-18 23:41:13.210 12855 12855 E ArmVmp : Match on catch block at 0x0a in for 0xd1
02-18 23:41:13.969 12855 12881 W LibraryVersion: Failed to get app version for
libraryName: firebase-iid
02-18 23:41:16.106 12855 12855 E ArmVmp : Match on catch block at 0x0a in for
0x171
02-18 23:41:23.956 12855 12855 E ArmVmp : Match on catch block at 0x0a in for 0xc1
02-18 23:41:23.963 12855 12855 E ArmVmp : Match on catch block at 0x0a in for 0xc1
02-18 23:41:24.057 12855 12855 E ArmVmp : Match on catch block at 0xc3 in for 0xb9
02-18 23:41:24.060 12855 12855 E ArmVmp : Match on catch block at 0xc3 in for 0xb9
02-18 23:41:24.139 12855 12855 E ArmVmp : Match on catch block at 0xc3 in for 0xa9
02-18 23:41:24.142 12855 12855 E ArmVmp : Match on catch block at 0xc3 in for 0xa1
02-18 23:41:24.182 12855 12855 E ArmVmp : Match on catch block at 0xc3 in for 0xa1
02-18 23:41:24.184 12855 12855 E ArmVmp : Match on catch block at 0xc3 in for 0xa5
02-18 23:41:24.192 12855 12855 E ArmVmp : Match on catch block at 0xc3 in for 0xa5
02-18 23:41:24.194 12855 12855 E ArmVmp : Match on catch block at 0xc3 in for 0xa9
02-18 23:41:24.204 12855 12855 E ArmVmp : Match on catch block at 0xc3 in for 0xa9
02-18 23:41:24.207 12855 12855 E ArmVmp : Match on catch block at 0xc3 in for 0xa1
02-18 23:41:24.221 12855 12855 E ArmVmp : Match on catch block at 0xc3 in for 0xa1
02-18 23:41:24.223 12855 12855 E ArmVmp : Match on catch block at 0xc3 in for 0xa5
02-18 23:41:24.557 12855 12855 E ArmVmp : Match on catch block at 0xc3 in for 0xa1
02-18 23:41:24.560 12855 12855 E ArmVmp : Match on catch block at 0xc3 in for 0xa5
02-18 23:41:24.573 12855 12855 E ArmVmp : Match on catch block at 0xc3 in for 0xa5
02-18 23:41:24.576 12855 12855 E ArmVmp : Match on catch block at 0xc3 in for 0xa9
02-18 23:41:24.671 12855 12855 E ArmVmp : Match on catch block at 0xc3 in for 0xa9
02-18 23:41:24.674 12855 12855 E ArmVmp : Match on catch block at 0xc3 in for 0xa1
02-18 23:41:24.822 12855 12855 E ArmVmp : Match on catch block at 0xc3 in for 0xa1
02-18 23:41:24.825 12855 12855 E ArmVmp : Match on catch block at 0xc3 in for 0xa5
02-18 23:41:24.839 12855 12855 E ArmVmp : Match on catch block at 0xc3 in for 0xa5
02-18 23:41:24.841 12855 12855 E ArmVmp : Match on catch block at 0xc3 in for 0xa9
02-18 23:41:24.855 12855 12855 E ArmVmp : Match on catch block at 0xc3 in for 0xa9
02-18 23:41:24.858 12855 12855 E ArmVmp : Match on catch block at 0xc3 in for 0xa1
02-18 23:41:24.872 12855 12855 E ArmVmp : Match on catch block at 0xc3 in for 0xa1
02-18 23:41:24.875 12855 12855 E ArmVmp : Match on catch block at 0xc3 in for 0xa5
02-18 23:41:24.889 12855 12855 E ArmVmp : Match on catch block at 0xc3 in for 0xa5
02-18 23:41:24.891 12855 12855 E ArmVmp : Match on catch block at 0xc3 in for 0xa9
02-18 23:41:24.905 12855 12855 E ArmVmp : Match on catch block at 0xc3 in for 0xa9
02-18 23:41:24.908 12855 12855 E ArmVmp : Match on catch block at 0xc3 in for 0xa1
02-18 23:41:24.922 12855 12855 E ArmVmp : Match on catch block at 0xc3 in for 0xa1
02-18 23:41:24.926 12855 12855 E ArmVmp : Match on catch block at 0xc3 in for 0xa5
02-18 23:41:24.939 12855 12855 E ArmVmp : Match on catch block at 0xc3 in for 0xa5
02-18 23:41:24.941 12855 12855 E ArmVmp : Match on catch block at 0xc3 in for 0xa9
02-18 23:41:24.956 12855 12855 E ArmVmp : Match on catch block at 0xc3 in for 0xa9
02-18 23:41:24.958 12855 12855 E ArmVmp : Match on catch block at 0xc3 in for 0xa1
02-18 23:41:24.972 12855 12855 E ArmVmp : Match on catch block at 0xc3 in for 0xa1
02-18 23:41:24.975 12855 12855 E ArmVmp : Match on catch block at 0xc3 in for 0xa5
02-18 23:41:24.989 12855 12855 E ArmVmp : Match on catch block at 0xc3 in for 0xa5
02-18 23:41:24.991 12855 12855 E ArmVmp : Match on catch block at 0xc3 in for 0xa9
02-18 23:41:25.006 12855 12855 E ArmVmp : Match on catch block at 0xc3 in for 0xa9
02-18 23:41:25.008 12855 12855 E ArmVmp : Match on catch block at 0xc3 in for 0xa1
02-18 23:41:25.023 12855 12855 E ArmVmp : Match on catch block at 0xc3 in for 0xa1
02-18 23:41:25.025 12855 12855 E ArmVmp : Match on catch block at 0xc3 in for 0xa5
02-18 23:41:25.039 12855 12855 E ArmVmp : Match on catch block at 0xc3 in for 0xa5
02-18 23:41:25.042 12855 12855 E ArmVmp : Match on catch block at 0xc3 in for 0xa9
02-18 23:41:25.057 12855 12855 E ArmVmp : Match on catch block at 0xc3 in for 0xa9
02-18 23:41:25.060 12855 12855 E ArmVmp : Match on catch block at 0xc3 in for 0xa1
02-18 23:41:25.074 12855 12855 E ArmVmp : Match on catch block at 0xc3 in for 0xa1
02-18 23:41:25.078 12855 12855 E ArmVmp : Match on catch block at 0xc3 in for 0xa5
02-18 23:41:25.091 12855 12855 E ArmVmp : Match on catch block at 0xc3 in for 0xa5
02-18 23:41:25.095 12855 12855 E ArmVmp : Match on catch block at 0xc3 in for 0xa9
02-18 23:41:25.107 12855 12855 E ArmVmp : Match on catch block at 0xc3 in for 0xa9
02-18 23:41:25.110 12855 12855 E ArmVmp : Match on catch block at 0xc3 in for 0xa1
02-18 23:41:25.123 12855 12855 E ArmVmp : Match on catch block at 0xc3 in for 0xa1
02-18 23:41:25.126 12855 12855 E ArmVmp : Match on catch block at 0xc3 in for 0xa5
02-18 23:41:25.166 12855 12855 E ArmVmp : Match on catch block at 0xc3 in for 0xa9
02-18 23:41:25.169 12855 12855 E ArmVmp : Match on catch block at 0xc3 in for 0xa1
02-18 23:41:25.195 12855 12855 E ArmVmp : Match on catch block at 0xc3 in for 0xa1
02-18 23:41:25.198 12855 12855 E ArmVmp : Match on catch block at 0xc3 in for 0xa5
02-18 23:41:25.226 12855 12855 E ArmVmp : Match on catch block at 0xc3 in for 0xa5
02-18 23:41:25.231 12855 12855 E ArmVmp : Match on catch block at 0xc3 in for 0xa9
02-18 23:41:25.364 12855 12855 E ArmVmp : Match on catch block at 0xc3 in for 0xa1
02-18 23:41:25.368 12855 12855 E ArmVmp : Match on catch block at 0xc3 in for 0xa5
02-18 23:41:25.376 12855 12855 E ArmVmp : Match on catch block at 0xc3 in for 0xa5
02-18 23:41:25.380 12855 12855 E ArmVmp : Match on catch block at 0xc3 in for 0xa9
02-18 23:41:25.693 12855 12855 E ArmVmp : Match on catch block at 0xc3 in for 0xa9
02-18 23:41:25.697 12855 12855 E ArmVmp : Match on catch block at 0xc3 in for 0xa1
02-18 23:41:26.196 12855 12855 E ArmVmp : Match on catch block at 0xc3 in for 0xa1
02-18 23:41:26.201 12855 12855 E ArmVmp : Match on catch block at 0xc3 in for 0xa5
02-18 23:41:26.468 12855 12855 E ArmVmp : Match on catch block at 0xc3 in for 0xa9
02-18 23:41:26.471 12855 12855 E ArmVmp : Match on catch block at 0xc3 in for 0xa1
02-18 23:41:26.494 12855 12855 E ArmVmp : Match on catch block at 0xc3 in for 0xa9
02-18 23:41:26.497 12855 12855 E ArmVmp : Match on catch block at 0xc3 in for 0xa1
02-18 23:41:26.514 12855 12855 E ArmVmp : Match on catch block at 0xc3 in for 0xa1
02-18 23:41:26.518 12855 12855 E ArmVmp : Match on catch block at 0xc3 in for 0xa5
02-18 23:41:26.528 12855 12855 E ArmVmp : Match on catch block at 0xc3 in for 0xa5
02-18 23:41:26.534 12855 12855 E ArmVmp : Match on catch block at 0xc3 in for 0xa9
02-18 23:41:26.549 12855 12855 E ArmVmp : Match on catch block at 0xc3 in for 0xa9
02-18 23:41:26.552 12855 12855 E ArmVmp : Match on catch block at 0xc3 in for 0xa1
02-18 23:41:26.561 12855 12855 E ArmVmp : Match on catch block at 0xc3 in for 0xa1
02-18 23:41:26.566 12855 12855 E ArmVmp : Match on catch block at 0xc3 in for 0xa5
02-18 23:41:26.585 12855 12855 E ArmVmp : Match on catch block at 0xc3 in for 0xa5
02-18 23:41:26.589 12855 12855 E ArmVmp : Match on catch block at 0xc3 in for 0xa9
02-18 23:41:26.611 12855 12855 E ArmVmp : Match on catch block at 0xc3 in for 0xa9
02-18 23:41:26.615 12855 12855 E ArmVmp : Match on catch block at 0xc3 in for 0xa1
02-18 23:41:26.629 12855 12855 E ArmVmp : Match on catch block at 0xc3 in for 0xa1
02-18 23:41:26.632 12855 12855 E ArmVmp : Match on catch block at 0xc3 in for 0xa5
02-18 23:41:26.648 12855 12855 E ArmVmp : Match on catch block at 0xc3 in for 0xa5
02-18 23:41:26.651 12855 12855 E ArmVmp : Match on catch block at 0xc3 in for 0xa9
02-18 23:41:26.662 12855 12855 E ArmVmp : Match on catch block at 0xc3 in for 0xa9
02-18 23:41:26.666 12855 12855 E ArmVmp : Match on catch block at 0xc3 in for 0xa1
02-18 23:41:26.828 12855 12855 E ArmVmp : Match on catch block at 0xc3 in for 0xa1
02-18 23:41:26.832 12855 12855 E ArmVmp : Match on catch block at 0xc3 in for 0xa5
02-18 23:41:26.895 12855 12855 E ArmVmp : Match on catch block at 0xc3 in for 0xa5
02-18 23:41:26.899 12855 12855 E ArmVmp : Match on catch block at 0xc3 in for 0xa9
02-18 23:41:26.962 12855 12855 E ArmVmp : Match on catch block at 0xc3 in for 0xa9
02-18 23:41:26.966 12855 12855 E ArmVmp : Match on catch block at 0xc3 in for 0xa1
02-18 23:41:26.979 12855 12855 E ArmVmp : Match on catch block at 0xc3 in for 0xa1
02-18 23:41:26.982 12855 12855 E ArmVmp : Match on catch block at 0xc3 in for 0xa5
02-18 23:41:26.996 12855 12855 E ArmVmp : Match on catch block at 0xc3 in for 0xa5
02-18 23:41:27.000 12855 12855 E ArmVmp : Match on catch block at 0xc3 in for 0xa9
02-18 23:41:27.013 12855 12855 E ArmVmp : Match on catch block at 0xc3 in for 0xa5
02-18 23:41:27.017 12855 12855 E ArmVmp : Match on catch block at 0xc3 in for 0xa9
02-18 23:41:27.097 12855 12855 E ArmVmp : Match on catch block at 0xc3 in for 0xa5
02-18 23:41:27.100 12855 12855 E ArmVmp : Match on catch block at 0xc3 in for 0xa9
02-18 23:41:27.129 12855 12855 E ArmVmp : Match on catch block at 0xc3 in for 0xa5
02-18 23:41:27.133 12855 12855 E ArmVmp : Match on catch block at 0xc3 in for 0xa9
02-18 23:41:27.156 12855 12855 E ArmVmp : Match on catch block at 0xc3 in for 0xa1
02-18 23:41:27.161 12855 12855 E ArmVmp : Match on catch block at 0xc3 in for 0xa5
02-18 23:41:27.182 12855 12855 E ArmVmp : Match on catch block at 0xc3 in for 0xa1
02-18 23:41:27.186 12855 12855 E ArmVmp : Match on catch block at 0xc3 in for 0xa5
02-18 23:41:27.247 12855 12855 E ArmVmp : Match on catch block at 0xc3 in for 0xa5
02-18 23:41:27.251 12855 12855 E ArmVmp : Match on catch block at 0xc3 in for 0xa9
02-18 23:41:27.447 12855 12855 E ArmVmp : Match on catch block at 0xc3 in for 0xa5
02-18 23:41:27.452 12855 12855 E ArmVmp : Match on catch block at 0xc3 in for 0xa9
02-18 23:41:27.949 12855 12855 E ArmVmp : Match on catch block at 0xc3 in for 0xa9
02-18 23:41:27.952 12855 12855 E ArmVmp : Match on catch block at 0xc3 in for 0xa1
02-18 23:41:28.031 12855 12855 E ArmVmp : Match on catch block at 0xc3 in for 0xa1
02-18 23:41:28.034 12855 12855 E ArmVmp : Match on catch block at 0xc3 in for 0xa5
02-18 23:41:28.249 12855 12855 E ArmVmp : Match on catch block at 0xc3 in for 0xa5
02-18 23:41:28.253 12855 12855 E ArmVmp : Match on catch block at 0xc3 in for 0xa9
02-18 23:41:28.752 12855 12855 E ArmVmp : Match on catch block at 0xc3 in for 0xa9
02-18 23:41:28.755 12855 12855 E ArmVmp : Match on catch block at 0xc3 in for 0xa1
02-18 23:41:28.768 12855 12855 E ArmVmp : Match on catch block at 0xc3 in for 0xa1
02-18 23:41:28.772 12855 12855 E ArmVmp : Match on catch block at 0xc3 in for 0xa5
02-18 23:41:28.785 12855 12855 E ArmVmp : Match on catch block at 0xc3 in for 0xa5
02-18 23:41:28.789 12855 12855 E ArmVmp : Match on catch block at 0xc3 in for 0xa9
02-18 23:41:28.802 12855 12855 E ArmVmp : Match on catch block at 0xc3 in for 0xa9
02-18 23:41:28.806 12855 12855 E ArmVmp : Match on catch block at 0xc3 in for 0xa1
02-18 23:41:28.818 12855 12855 E ArmVmp : Match on catch block at 0xc3 in for 0xa1
02-18 23:41:28.823 12855 12855 E ArmVmp : Match on catch block at 0xc3 in for 0xa5
02-18 23:41:28.834 12855 12855 E ArmVmp : Match on catch block at 0xc3 in for 0xa5
02-18 23:41:28.839 12855 12855 E ArmVmp : Match on catch block at 0xc3 in for 0xa9
02-18 23:41:28.852 12855 12855 E ArmVmp : Match on catch block at 0xc3 in for 0xa9
02-18 23:41:28.860 12855 12855 E ArmVmp : Match on catch block at 0xc3 in for 0xa1
02-18 23:41:28.868 12855 12855 E ArmVmp : Match on catch block at 0xc3 in for 0xa1
02-18 23:41:28.874 12855 12855 E ArmVmp : Match on catch block at 0xc3 in for 0xa5
02-18 23:41:28.885 12855 12855 E ArmVmp : Match on catch block at 0xc3 in for 0xa5
02-18 23:41:28.892 12855 12855 E ArmVmp : Match on catch block at 0xc3 in for 0xa9
02-18 23:41:28.901 12855 12855 E ArmVmp : Match on catch block at 0xc3 in for 0xa9
02-18 23:41:28.905 12855 12855 E ArmVmp : Match on catch block at 0xc3 in for 0xa1
02-18 23:41:28.919 12855 12855 E ArmVmp : Match on catch block at 0xc3 in for 0xa1
02-18 23:41:28.925 12855 12855 E ArmVmp : Match on catch block at 0xc3 in for 0xa5
02-18 23:41:28.935 12855 12855 E ArmVmp : Match on catch block at 0xc3 in for 0xa5
02-18 23:41:28.940 12855 12855 E ArmVmp : Match on catch block at 0xc3 in for 0xa9
02-18 23:41:28.952 12855 12855 E ArmVmp : Match on catch block at 0xc3 in for 0xa9
02-18 23:41:28.957 12855 12855 E ArmVmp : Match on catch block at 0xc3 in for 0xa1
02-18 23:41:28.968 12855 12855 E ArmVmp : Match on catch block at 0xc3 in for 0xa1
02-18 23:41:28.974 12855 12855 E ArmVmp : Match on catch block at 0xc3 in for 0xa5
02-18 23:41:28.985 12855 12855 E ArmVmp : Match on catch block at 0xc3 in for 0xa5
02-18 23:41:28.988 12855 12855 E ArmVmp : Match on catch block at 0xc3 in for 0xa9
02-18 23:41:29.002 12855 12855 E ArmVmp : Match on catch block at 0xc3 in for 0xa9
02-18 23:41:29.005 12855 12855 E ArmVmp : Match on catch block at 0xc3 in for 0xa1
02-18 23:41:29.018 12855 12855 E ArmVmp : Match on catch block at 0xc3 in for 0xa1
02-18 23:41:29.022 12855 12855 E ArmVmp : Match on catch block at 0xc3 in for 0xa5
02-18 23:41:29.234 12855 12855 E ArmVmp : Match on catch block at 0xc3 in for 0xa5
02-18 23:41:29.237 12855 12855 E ArmVmp : Match on catch block at 0xc3 in for 0xa9
02-18 23:41:29.418 12855 12855 E ArmVmp : Match on catch block at 0xc3 in for 0xa9
02-18 23:41:29.421 12855 12855 E ArmVmp : Match on catch block at 0xc3 in for 0xa1
02-18 23:41:29.652 12855 12855 E ArmVmp : Match on catch block at 0xc3 in for 0xa1
02-18 23:41:29.655 12855 12855 E ArmVmp : Match on catch block at 0xc3 in for 0xa5
02-18 23:41:29.837 12855 12855 E ArmVmp : Match on catch block at 0xc3 in for 0xa5
02-18 23:41:29.839 12855 12855 E ArmVmp : Match on catch block at 0xc3 in for 0xa9
02-18 23:41:29.970 12855 12855 E ArmVmp : Match on catch block at 0xc3 in for 0xa9
02-18 23:41:29.973 12855 12855 E ArmVmp : Match on catch block at 0xc3 in for 0xa1
02-18 23:41:30.305 12855 12855 E ArmVmp : Match on catch block at 0xc3 in for 0xa9
02-18 23:41:30.307 12855 12855 E ArmVmp : Match on catch block at 0xc3 in for 0xa1
02-18 23:41:30.330 12855 12855 E ArmVmp : Match on catch block at 0xc3 in for 0xa5
02-18 23:41:30.332 12855 12855 E ArmVmp : Match on catch block at 0xc3 in for 0xa9
02-18 23:41:30.371 12855 12855 E ArmVmp : Match on catch block at 0xc3 in for 0xa5
02-18 23:41:30.374 12855 12855 E ArmVmp : Match on catch block at 0xc3 in for 0xa9
02-18 23:41:30.381 12855 12855 E ArmVmp : Match on catch block at 0xc3 in for 0xa9
02-18 23:41:30.384 12855 12855 E ArmVmp : Match on catch block at 0xc3 in for 0xa1
02-18 23:41:30.410 12855 12855 E ArmVmp : Match on catch block at 0xc3 in for 0xa9
02-18 23:41:30.412 12855 12855 E ArmVmp : Match on catch block at 0xc3 in for 0xa1
02-18 23:41:30.432 12855 12855 E ArmVmp : Match on catch block at 0xc3 in for 0xa9
02-18 23:41:30.434 12855 12855 E ArmVmp : Match on catch block at 0xc3 in for 0xa1
02-18 23:41:30.442 12855 12855 E ArmVmp : Match on catch block at 0xc3 in for 0xa1
02-18 23:41:30.445 12855 12855 E ArmVmp : Match on catch block at 0xc3 in for 0xa5
02-18 23:41:30.455 12855 12855 E ArmVmp : Match on catch block at 0xc3 in for 0xa5
02-18 23:41:30.458 12855 12855 E ArmVmp : Match on catch block at 0xc3 in for 0xa9
02-18 23:41:30.472 12855 12855 E ArmVmp : Match on catch block at 0xc3 in for 0xa9
02-18 23:41:30.474 12855 12855 E ArmVmp : Match on catch block at 0xc3 in for 0xa1
02-18 23:41:30.488 12855 12855 E ArmVmp : Match on catch block at 0xc3 in for 0xa1
02-18 23:41:30.491 12855 12855 E ArmVmp : Match on catch block at 0xc3 in for 0xa5
02-18 23:41:30.505 12855 12855 E ArmVmp : Match on catch block at 0xc3 in for 0xa5
02-18 23:41:30.507 12855 12855 E ArmVmp : Match on catch block at 0xc3 in for 0xa9
02-18 23:41:30.521 12855 12855 E ArmVmp : Match on catch block at 0xc3 in for 0xa9
02-18 23:41:30.524 12855 12855 E ArmVmp : Match on catch block at 0xc3 in for 0xa1
02-18 23:41:30.828 12855 12855 E ArmVmp : Match on catch block at 0xc3 in for 0xa5
02-18 23:41:30.831 12855 12855 E ArmVmp : Match on catch block at 0xc3 in for 0xa9
02-18 23:41:30.839 12855 12855 E ArmVmp : Match on catch block at 0xc3 in for 0xa1
02-18 23:41:30.842 12855 12855 E ArmVmp : Match on catch block at 0xc3 in for 0xa5
02-18 23:41:30.878 12855 12925 W MediaPlayer: Use of stream types is deprecated for
operations other than volume control
02-18 23:41:30.879 12855 12925 W MediaPlayer: See the documentation of
setAudioStreamType() for what to use instead with android.media.AudioAttributes to
qualify your playback use case
02-18 23:41:31.027 12855 12855 E ArmVmp : Match on catch block at 0xc3 in for 0xa9
02-18 23:41:31.030 12855 12855 E ArmVmp : Match on catch block at 0xc3 in for 0xa1
02-18 23:41:31.045 12855 12855 E ArmVmp : Match on catch block at 0xc3 in for 0xa9
02-18 23:41:31.048 12855 12855 E ArmVmp : Match on catch block at 0xc3 in for 0xa1
02-18 23:41:31.057 12855 12855 E ArmVmp : Match on catch block at 0xc3 in for 0xa1
02-18 23:41:31.061 12855 12855 E ArmVmp : Match on catch block at 0xc3 in for 0xa5
02-18 23:41:31.073 12855 12855 E ArmVmp : Match on catch block at 0xc3 in for 0xa5
02-18 23:41:31.077 12855 12855 E ArmVmp : Match on catch block at 0xc3 in for 0xa9
02-18 23:41:31.090 12855 12855 E ArmVmp : Match on catch block at 0xc3 in for 0xa9
02-18 23:41:31.095 12855 12855 E ArmVmp : Match on catch block at 0xc3 in for 0xa1
02-18 23:41:31.107 12855 12855 E ArmVmp : Match on catch block at 0xc3 in for 0xa9
02-18 23:41:31.110 12855 12855 E ArmVmp : Match on catch block at 0xc3 in for 0xa1
02-18 23:41:31.123 12855 12855 E ArmVmp : Match on catch block at 0xc3 in for 0xa1
02-18 23:41:31.126 12855 12855 E ArmVmp : Match on catch block at 0xc3 in for 0xa5
02-18 23:41:31.146 12855 12855 E ArmVmp : Match on catch block at 0xc3 in for 0xa5
02-18 23:41:31.150 12855 12855 E ArmVmp : Match on catch block at 0xc3 in for 0xa9
02-18 23:41:31.163 12855 12855 E ArmVmp : Match on catch block at 0xc3 in for 0xa9
02-18 23:41:31.166 12855 12855 E ArmVmp : Match on catch block at 0xc3 in for 0xa1
02-18 23:41:31.173 12855 12855 E ArmVmp : Match on catch block at 0xc3 in for 0xa1
02-18 23:41:31.177 12855 12855 E ArmVmp : Match on catch block at 0xc3 in for 0xa5
02-18 23:41:31.190 12855 12855 E ArmVmp : Match on catch block at 0xc3 in for 0xa5
02-18 23:41:31.194 12855 12855 E ArmVmp : Match on catch block at 0xc3 in for 0xa9
02-18 23:41:31.207 12855 12855 E ArmVmp : Match on catch block at 0xc3 in for 0xa9
02-18 23:41:31.210 12855 12855 E ArmVmp : Match on catch block at 0xc3 in for 0xa1
02-18 23:41:31.224 12855 12855 E ArmVmp : Match on catch block at 0xc3 in for 0xa1
02-18 23:41:31.227 12855 12855 E ArmVmp : Match on catch block at 0xc3 in for 0xa5
02-18 23:41:31.257 12855 12855 E ArmVmp : Match on catch block at 0xc3 in for 0xa5
02-18 23:41:31.261 12855 12855 E ArmVmp : Match on catch block at 0xc3 in for 0xa9
02-18 23:41:31.359 12855 12855 E ArmVmp : Match on catch block at 0xc3 in for 0xa9
02-18 23:41:31.362 12855 12855 E ArmVmp : Match on catch block at 0xc3 in for 0xa1
02-18 23:41:31.512 12855 12855 E ArmVmp : Match on catch block at 0xc3 in for 0xa5
02-18 23:41:31.514 12855 12855 E ArmVmp : Match on catch block at 0xc3 in for 0xa9
02-18 23:41:31.529 12855 12855 E ArmVmp : Match on catch block at 0xc3 in for 0xa5
02-18 23:41:31.532 12855 12855 E ArmVmp : Match on catch block at 0xc3 in for 0xa9
02-18 23:41:31.541 12855 12855 E ArmVmp : Match on catch block at 0xc3 in for 0xa1
02-18 23:41:31.545 12855 12855 E ArmVmp : Match on catch block at 0xc3 in for 0xa5
02-18 23:41:31.574 12855 12855 E ArmVmp : Match on catch block at 0xc3 in for 0xa5
02-18 23:41:31.577 12855 12855 E ArmVmp : Match on catch block at 0xc3 in for 0xa9
02-18 23:41:31.658 12855 12855 E ArmVmp : Match on catch block at 0xc3 in for 0xa9
02-18 23:41:31.661 12855 12855 E ArmVmp : Match on catch block at 0xc3 in for 0xa1
02-18 23:41:31.892 12855 12855 E ArmVmp : Match on catch block at 0xc3 in for 0xa9
02-18 23:41:31.895 12855 12855 E ArmVmp : Match on catch block at 0xc3 in for 0xa1
02-18 23:41:32.043 12855 12855 E ArmVmp : Match on catch block at 0xc3 in for 0xa1
02-18 23:41:32.045 12855 12855 E ArmVmp : Match on catch block at 0xc3 in for 0xa5
02-18 23:41:32.260 12855 12855 E ArmVmp : Match on catch block at 0xc3 in for 0xa5
02-18 23:41:32.263 12855 12855 E ArmVmp : Match on catch block at 0xc3 in for 0xa9
02-18 23:41:32.527 12855 12855 E ArmVmp : Match on catch block at 0xc3 in for 0xa9
02-18 23:41:32.530 12855 12855 E ArmVmp : Match on catch block at 0xc3 in for 0xa1
02-18 23:41:33.030 12855 12855 E ArmVmp : Match on catch block at 0xc3 in for 0xa1
02-18 23:41:33.035 12855 12855 E ArmVmp : Match on catch block at 0xc3 in for 0xa5
02-18 23:41:33.129 12855 12855 E ArmVmp : Match on catch block at 0xc3 in for 0xa5
02-18 23:41:33.131 12855 12855 E ArmVmp : Match on catch block at 0xc3 in for 0xa9
02-18 23:41:33.145 12855 12855 E ArmVmp : Match on catch block at 0xc3 in for 0xa9
02-18 23:41:33.149 12855 12855 E ArmVmp : Match on catch block at 0xc3 in for 0xa1
02-18 23:41:33.162 12855 12855 E ArmVmp : Match on catch block at 0xc3 in for 0xa1
02-18 23:41:33.165 12855 12855 E ArmVmp : Match on catch block at 0xc3 in for 0xa5
02-18 23:41:33.179 12855 12855 E ArmVmp : Match on catch block at 0xc3 in for 0xa5
02-18 23:41:33.182 12855 12855 E ArmVmp : Match on catch block at 0xc3 in for 0xa9
02-18 23:41:33.196 12855 12855 E ArmVmp : Match on catch block at 0xc3 in for 0xa9
02-18 23:41:33.199 12855 12855 E ArmVmp : Match on catch block at 0xc3 in for 0xa1
02-18 23:41:33.212 12855 12855 E ArmVmp : Match on catch block at 0xc3 in for 0xa1
02-18 23:41:33.215 12855 12855 E ArmVmp : Match on catch block at 0xc3 in for 0xa5
02-18 23:41:33.229 12855 12855 E ArmVmp : Match on catch block at 0xc3 in for 0xa5
02-18 23:41:33.232 12855 12855 E ArmVmp : Match on catch block at 0xc3 in for 0xa9
02-18 23:41:33.246 12855 12855 E ArmVmp : Match on catch block at 0xc3 in for 0xa9
02-18 23:41:33.248 12855 12855 E ArmVmp : Match on catch block at 0xc3 in for 0xa1
02-18 23:41:33.262 12855 12855 E ArmVmp : Match on catch block at 0xc3 in for 0xa1
02-18 23:41:33.265 12855 12855 E ArmVmp : Match on catch block at 0xc3 in for 0xa5
02-18 23:41:33.279 12855 12855 E ArmVmp : Match on catch block at 0xc3 in for 0xa5
02-18 23:41:33.282 12855 12855 E ArmVmp : Match on catch block at 0xc3 in for 0xa9
02-18 23:41:33.296 12855 12855 E ArmVmp : Match on catch block at 0xc3 in for 0xa9
02-18 23:41:33.299 12855 12855 E ArmVmp : Match on catch block at 0xc3 in for 0xa1
02-18 23:41:33.313 12855 12855 E ArmVmp : Match on catch block at 0xc3 in for 0xa1
02-18 23:41:33.316 12855 12855 E ArmVmp : Match on catch block at 0xc3 in for 0xa5
02-18 23:41:33.329 12855 12855 E ArmVmp : Match on catch block at 0xc3 in for 0xa5
02-18 23:41:33.332 12855 12855 E ArmVmp : Match on catch block at 0xc3 in for 0xa9
02-18 23:41:33.346 12855 12855 E ArmVmp : Match on catch block at 0xc3 in for 0xa9
02-18 23:41:33.349 12855 12855 E ArmVmp : Match on catch block at 0xc3 in for 0xa1
02-18 23:41:33.363 12855 12855 E ArmVmp : Match on catch block at 0xc3 in for 0xa1
02-18 23:41:33.365 12855 12855 E ArmVmp : Match on catch block at 0xc3 in for 0xa5
02-18 23:41:33.379 12855 12855 E ArmVmp : Match on catch block at 0xc3 in for 0xa5
02-18 23:41:33.382 12855 12855 E ArmVmp : Match on catch block at 0xc3 in for 0xa9
02-18 23:41:33.396 12855 12855 E ArmVmp : Match on catch block at 0xc3 in for 0xa9
02-18 23:41:33.399 12855 12855 E ArmVmp : Match on catch block at 0xc3 in for 0xa1
02-18 23:41:33.413 12855 12855 E ArmVmp : Match on catch block at 0xc3 in for 0xa1
02-18 23:41:33.415 12855 12855 E ArmVmp : Match on catch block at 0xc3 in for 0xa5
02-18 23:41:33.463 12855 12855 E ArmVmp : Match on catch block at 0xc3 in for 0xa5
02-18 23:41:33.466 12855 12855 E ArmVmp : Match on catch block at 0xc3 in for 0xa9
02-18 23:41:33.597 12855 12855 E ArmVmp : Match on catch block at 0xc3 in for 0xa9
02-18 23:41:33.599 12855 12855 E ArmVmp : Match on catch block at 0xc3 in for 0xa1
02-18 23:41:33.798 12855 12855 E ArmVmp : Match on catch block at 0xc3 in for 0xa1
02-18 23:41:33.800 12855 12855 E ArmVmp : Match on catch block at 0xc3 in for 0xa5
02-18 23:41:33.821 12855 12855 E ArmVmp : Match on catch block at 0xc3 in for 0xa9
02-18 23:41:33.823 12855 12855 E ArmVmp : Match on catch block at 0xc3 in for 0xa1
02-18 23:41:33.863 12855 12855 E ArmVmp : Match on catch block at 0xc3 in for 0xa9
02-18 23:41:33.866 12855 12855 E ArmVmp : Match on catch block at 0xc3 in for 0xa1
02-18 23:41:33.874 12855 12855 E ArmVmp : Match on catch block at 0xc3 in for 0xa1
02-18 23:41:33.877 12855 12855 E ArmVmp : Match on catch block at 0xc3 in for 0xa5
02-18 23:41:33.904 12855 12855 E ArmVmp : Match on catch block at 0xc3 in for 0xa5
02-18 23:41:33.906 12855 12855 E ArmVmp : Match on catch block at 0xc3 in for 0xa9
02-18 23:41:33.924 12855 12855 E ArmVmp : Match on catch block at 0xc3 in for 0xa9
02-18 23:41:33.927 12855 12855 E ArmVmp : Match on catch block at 0xc3 in for 0xa1
02-18 23:41:33.935 12855 12855 E ArmVmp : Match on catch block at 0xc3 in for 0xa5
02-18 23:41:33.938 12855 12855 E ArmVmp : Match on catch block at 0xc3 in for 0xa9
02-18 23:41:33.948 12855 12855 E ArmVmp : Match on catch block at 0xc3 in for 0xa9
02-18 23:41:33.951 12855 12855 E ArmVmp : Match on catch block at 0xc3 in for 0xa1
02-18 23:41:33.965 12855 12855 E ArmVmp : Match on catch block at 0xc3 in for 0xa1
02-18 23:41:33.968 12855 12855 E ArmVmp : Match on catch block at 0xc3 in for 0xa5
02-18 23:41:33.983 12855 12855 E ArmVmp : Match on catch block at 0xc3 in for 0xa5
02-18 23:41:33.986 12855 12855 E ArmVmp : Match on catch block at 0xc3 in for 0xa9
02-18 23:41:33.998 12855 12855 E ArmVmp : Match on catch block at 0xc3 in for 0xa9
02-18 23:41:34.000 12855 12855 E ArmVmp : Match on catch block at 0xc3 in for 0xa1
02-18 23:41:34.015 12855 12855 E ArmVmp : Match on catch block at 0xc3 in for 0xa1
02-18 23:41:34.017 12855 12855 E ArmVmp : Match on catch block at 0xc3 in for 0xa5
02-18 23:41:34.155 12855 12855 E ArmVmp : Match on catch block at 0xc3 in for 0xa9
02-18 23:41:34.158 12855 12855 E ArmVmp : Match on catch block at 0xc3 in for 0xa1
02-18 23:41:34.182 12855 12855 E ArmVmp : Match on catch block at 0xc3 in for 0xa9
02-18 23:41:34.186 12855 12855 E ArmVmp : Match on catch block at 0xc3 in for 0xa1
02-18 23:41:34.200 12855 12855 E ArmVmp : Match on catch block at 0xc3 in for 0xa9
02-18 23:41:34.204 12855 12855 E ArmVmp : Match on catch block at 0xc3 in for 0xa1
02-18 23:41:34.216 12855 12855 E ArmVmp : Match on catch block at 0xc3 in for 0xa1
02-18 23:41:34.220 12855 12855 E ArmVmp : Match on catch block at 0xc3 in for 0xa5
02-18 23:41:34.233 12855 12855 E ArmVmp : Match on catch block at 0xc3 in for 0xa5
02-18 23:41:34.236 12855 12855 E ArmVmp : Match on catch block at 0xc3 in for 0xa9
02-18 23:41:34.249 12855 12855 E ArmVmp : Match on catch block at 0xc3 in for 0xa9
02-18 23:41:34.252 12855 12855 E ArmVmp : Match on catch block at 0xc3 in for 0xa1
02-18 23:41:34.259 12855 12869 W System : A resource failed to call release.
02-18 23:41:34.271 12855 12855 E ArmVmp : Match on catch block at 0xc3 in for 0xa1
02-18 23:41:34.274 12855 12855 E ArmVmp : Match on catch block at 0xc3 in for 0xa5
02-18 23:41:34.284 12855 12855 E ArmVmp : Match on catch block at 0xc3 in for 0xa5
02-18 23:41:34.287 12855 12855 E ArmVmp : Match on catch block at 0xc3 in for 0xa9
02-18 23:41:34.305 12855 12855 E ArmVmp : Match on catch block at 0xc3 in for 0xa5
02-18 23:41:34.308 12855 12855 E ArmVmp : Match on catch block at 0xc3 in for 0xa9
02-18 23:41:34.317 12855 12925 W MediaPlayer: Use of stream types is deprecated for
operations other than volume control
02-18 23:41:34.317 12855 12925 W MediaPlayer: See the documentation of
setAudioStreamType() for what to use instead with android.media.AudioAttributes to
qualify your playback use case
02-18 23:41:34.324 12855 12855 E ArmVmp : Match on catch block at 0xc3 in for 0xa9
02-18 23:41:34.328 12855 12855 E ArmVmp : Match on catch block at 0xc3 in for 0xa1
02-18 23:41:34.349 12855 12855 E ArmVmp : Match on catch block at 0xc3 in for 0xa5
02-18 23:41:34.353 12855 12855 E ArmVmp : Match on catch block at 0xc3 in for 0xa9
02-18 23:41:34.367 12855 12855 E ArmVmp : Match on catch block at 0xc3 in for 0xa9
02-18 23:41:34.371 12855 12855 E ArmVmp : Match on catch block at 0xc3 in for 0xa1
02-18 23:41:34.400 12855 12855 E ArmVmp : Match on catch block at 0xc3 in for 0xa1
02-18 23:41:34.404 12855 12855 E ArmVmp : Match on catch block at 0xc3 in for 0xa5
02-18 23:41:34.533 12855 12855 E ArmVmp : Match on catch block at 0xc3 in for 0xa5
02-18 23:41:34.536 12855 12855 E ArmVmp : Match on catch block at 0xc3 in for 0xa9
02-18 23:41:34.600 12855 12855 E ArmVmp : Match on catch block at 0xc3 in for 0xa5
02-18 23:41:34.602 12855 12855 E ArmVmp : Match on catch block at 0xc3 in for 0xa9
02-18 23:41:34.801 12855 12855 E ArmVmp : Match on catch block at 0xc3 in for 0xa9
02-18 23:41:34.803 12855 12855 E ArmVmp : Match on catch block at 0xc3 in for 0xa1
02-18 23:41:35.104 12855 12855 E ArmVmp : Match on catch block at 0xc3 in for 0xa9
02-18 23:41:35.107 12855 12855 E ArmVmp : Match on catch block at 0xc3 in for 0xa1
02-18 23:41:35.127 12855 12855 E ArmVmp : Match on catch block at 0xc3 in for 0xa9
02-18 23:41:35.129 12855 12855 E ArmVmp : Match on catch block at 0xc3 in for 0xa1
02-18 23:41:35.137 12855 12855 E ArmVmp : Match on catch block at 0xc3 in for 0xa5
02-18 23:41:35.140 12855 12855 E ArmVmp : Match on catch block at 0xc3 in for 0xa9
02-18 23:41:35.385 12855 12855 E ArmVmp : Match on catch block at 0xc3 in for 0xa5
02-18 23:41:35.388 12855 12855 E ArmVmp : Match on catch block at 0xc3 in for 0xa9
02-18 23:41:35.408 12855 12855 E ArmVmp : Match on catch block at 0xc3 in for 0xa1
02-18 23:41:35.411 12855 12855 E ArmVmp : Match on catch block at 0xc3 in for 0xa5
02-18 23:41:35.453 12855 12855 E ArmVmp : Match on catch block at 0xc3 in for 0xa1
02-18 23:41:35.456 12855 12855 E ArmVmp : Match on catch block at 0xc3 in for 0xa5
02-18 23:41:35.474 12855 12855 E ArmVmp : Match on catch block at 0xc3 in for 0xa9
02-18 23:41:35.477 12855 12855 E ArmVmp : Match on catch block at 0xc3 in for 0xa1
02-18 23:41:35.494 12855 12855 E ArmVmp : Match on catch block at 0xc3 in for 0xa5
02-18 23:41:35.496 12855 12855 E ArmVmp : Match on catch block at 0xc3 in for 0xa9
02-18 23:41:35.503 12855 12855 E ArmVmp : Match on catch block at 0xc3 in for 0xa1
02-18 23:41:35.506 12855 12855 E ArmVmp : Match on catch block at 0xc3 in for 0xa5
02-18 23:41:35.519 12855 12855 E ArmVmp : Match on catch block at 0xc3 in for 0xa5
02-18 23:41:35.522 12855 12855 E ArmVmp : Match on catch block at 0xc3 in for 0xa9
02-18 23:41:35.536 12855 12855 E ArmVmp : Match on catch block at 0xc3 in for 0xa9
02-18 23:41:35.539 12855 12855 E ArmVmp : Match on catch block at 0xc3 in for 0xa1
02-18 23:41:35.553 12855 12855 E ArmVmp : Match on catch block at 0xc3 in for 0xa1
02-18 23:41:35.555 12855 12855 E ArmVmp : Match on catch block at 0xc3 in for 0xa5
02-18 23:41:35.569 12855 12855 E ArmVmp : Match on catch block at 0xc3 in for 0xa5
02-18 23:41:35.571 12855 12855 E ArmVmp : Match on catch block at 0xc3 in for 0xa9
02-18 23:41:35.586 12855 12855 E ArmVmp : Match on catch block at 0xc3 in for 0xa9
02-18 23:41:35.588 12855 12855 E ArmVmp : Match on catch block at 0xc3 in for 0xa1
02-18 23:41:35.603 12855 12855 E ArmVmp : Match on catch block at 0xc3 in for 0xa1
02-18 23:41:35.606 12855 12855 E ArmVmp : Match on catch block at 0xc3 in for 0xa5
02-18 23:41:35.857 12855 12855 E ArmVmp : Match on catch block at 0xc3 in for 0xa1
02-18 23:41:35.859 12855 12855 E ArmVmp : Match on catch block at 0xc3 in for 0xa5
02-18 23:41:35.865 12855 12925 W MediaPlayer: Use of stream types is deprecated for
operations other than volume control
02-18 23:41:35.865 12855 12925 W MediaPlayer: See the documentation of
setAudioStreamType() for what to use instead with android.media.AudioAttributes to
qualify your playback use case
02-18 23:41:35.870 12855 12855 E ArmVmp : Match on catch block at 0xc3 in for 0xa9
02-18 23:41:35.873 12855 12855 E ArmVmp : Match on catch block at 0xc3 in for 0xa1
02-18 23:41:35.903 12855 12855 E ArmVmp : Match on catch block at 0xc3 in for 0xa1
02-18 23:41:35.906 12855 12855 E ArmVmp : Match on catch block at 0xc3 in for 0xa5
02-18 23:41:36.407 12855 12855 E ArmVmp : Match on catch block at 0xc3 in for 0xa1
02-18 23:41:36.411 12855 12855 E ArmVmp : Match on catch block at 0xc3 in for 0xa5
02-18 23:41:36.689 12855 12855 E ArmVmp : Match on catch block at 0xc3 in for 0xa9
02-18 23:41:36.693 12855 12855 E ArmVmp : Match on catch block at 0xc3 in for 0xa1
02-18 23:41:36.719 12855 12855 E ArmVmp : Match on catch block at 0xc3 in for 0xa9
02-18 23:41:36.723 12855 12855 E ArmVmp : Match on catch block at 0xc3 in for 0xa1
02-18 23:41:36.733 12855 12855 E ArmVmp : Match on catch block at 0xc3 in for 0xa1
02-18 23:41:36.737 12855 12855 E ArmVmp : Match on catch block at 0xc3 in for 0xa5
02-18 23:41:36.906 12855 12855 E ArmVmp : Match on catch block at 0xc3 in for 0xa1
02-18 23:41:36.910 12855 12855 E ArmVmp : Match on catch block at 0xc3 in for 0xa5
02-18 23:41:36.928 12855 12855 E ArmVmp : Match on catch block at 0xc3 in for 0xa9
02-18 23:41:36.931 12855 12855 E ArmVmp : Match on catch block at 0xc3 in for 0xa1
02-18 23:41:36.940 12855 12855 E ArmVmp : Match on catch block at 0xc3 in for 0xa1
02-18 23:41:36.944 12855 12855 E ArmVmp : Match on catch block at 0xc3 in for 0xa5
02-18 23:41:36.992 12855 12855 E ArmVmp : Match on catch block at 0xc3 in for 0xa5
02-18 23:41:36.994 12855 12855 E ArmVmp : Match on catch block at 0xc3 in for 0xa9
02-18 23:41:37.215 12855 12855 E ArmVmp : Match on catch block at 0xc3 in for 0xa1
02-18 23:41:37.218 12855 12855 E ArmVmp : Match on catch block at 0xc3 in for 0xa5
02-18 23:41:37.526 12855 12855 E ArmVmp : Match on catch block at 0xc3 in for 0xa1
02-18 23:41:37.530 12855 12855 E ArmVmp : Match on catch block at 0xc3 in for 0xa5
--------- beginning of main
02-19 02:00:16.075 32116 32116 E com.whatsapp: Not starting debugger since process
cannot load the jdwp agent.
02-19 02:00:16.375 32116 32116 W System.err: java.lang.ClassNotFoundException:
mbmodsd.mbmodsw.ui.views.btn.BtnBK
02-19 02:00:16.376 32116 32116 W System.err: at
java.lang.Runtime.nativeLoad(Native Method)
02-19 02:00:16.376 32116 32116 W System.err: at
java.lang.Runtime.nativeLoad(Runtime.java:1131)
02-19 02:00:16.376 32116 32116 W System.err: at
java.lang.Runtime.loadLibrary0(Runtime.java:1085)
02-19 02:00:16.376 32116 32116 W System.err: at
java.lang.Runtime.loadLibrary0(Runtime.java:1008)
02-19 02:00:16.376 32116 32116 W System.err: at
java.lang.System.loadLibrary(System.java:1664)
02-19 02:00:16.376 32116 32116 W System.err: at arm.EpicVm.<clinit>(Unknown
Source:2)
02-19 02:00:16.376 32116 32116 W System.err: at
java.lang.Class.newInstance(Native Method)
02-19 02:00:16.376 32116 32116 W System.err: at
android.app.AppComponentFactory.instantiateApplication(AppComponentFactory.java:76)
02-19 02:00:16.376 32116 32116 W System.err: at
androidx.core.app.CoreComponentFactory.instantiateApplication(Unknown Source:0)
02-19 02:00:16.376 32116 32116 W System.err: at
android.app.Instrumentation.newApplication(Instrumentation.java:1164)
02-19 02:00:16.376 32116 32116 W System.err: at
android.app.LoadedApk.makeApplication(LoadedApk.java:1244)
02-19 02:00:16.377 32116 32116 W System.err: at
android.app.ActivityThread.handleBindApplication(ActivityThread.java:7012)
02-19 02:00:16.377 32116 32116 W System.err: at
android.app.ActivityThread.access$1500(ActivityThread.java:263)
02-19 02:00:16.377 32116 32116 W System.err: at
android.app.ActivityThread$H.handleMessage(ActivityThread.java:2032)
02-19 02:00:16.377 32116 32116 W System.err: at
android.os.Handler.dispatchMessage(Handler.java:106)
02-19 02:00:16.377 32116 32116 W System.err: at
android.os.Looper.loop(Looper.java:268)
02-19 02:00:16.377 32116 32116 W System.err: at
android.app.ActivityThread.main(ActivityThread.java:8016)
02-19 02:00:16.377 32116 32116 W System.err: at
java.lang.reflect.Method.invoke(Native Method)
02-19 02:00:16.377 32116 32116 W System.err: at
com.android.internal.os.RuntimeInit$MethodAndArgsCaller.run(RuntimeInit.java:627)
02-19 02:00:16.377 32116 32116 W System.err: at
com.android.internal.os.ZygoteInit.main(ZygoteInit.java:997)
02-19 02:00:16.421 32116 32116 E libc : Access denied finding property
"ro.vendor.pref_scale_resolution"
02-19 02:00:16.448 32116 32116 E CustomActivityOnCrash: IMPORTANT WARNING! You
already have an UncaughtExceptionHandler, are you sure this is correct? If you use
a custom UncaughtExceptionHandler, you must initialize it AFTER
CustomActivityOnCrash! Installing anyway, but your original handler will not be
called.
02-19 02:00:17.007 32116 32116 W com.whatsapp: Accessing hidden method
Lcom/android/org/conscrypt/OpenSSLSocketImpl;->setUseSessionTickets(Z)V (greylist-
max-q,test-api, reflection, denied)
02-19 02:00:17.009 32116 32116 W com.whatsapp: Accessing hidden method
Lcom/android/org/conscrypt/AbstractConscryptSocket;->setUseSessionTickets(Z)V
(greylist-max-q, reflection, denied)
02-19 02:00:17.102 32116 32116 W com.whatsapp: type=1400 audit(0.0:12381906): avc:
granted { execute } for
path="/data/data/com.whatsapp/files/decompressed/libs.spk.zst/libc++_shared.so"
dev="mmcblk0p39" ino=231293 scontext=u:r:untrusted_app:s0:c10,c257,c512,c768
tcontext=u:object_r:app_data_file:s0:c10,c257,c512,c768 tclass=file
app=com.whatsapp
02-19 02:00:17.107 32116 32116 W linker : Warning:
"/data/data/com.whatsapp/files/decompressed/libs.spk.zst/libc++_shared.so" unused
DT entry: unknown processor-specific (type 0x70000001 arg 0x0) (ignoring)
02-19 02:00:17.114 32116 32116 W com.whatsapp: type=1400 audit(0.0:12381907): avc:
granted { execute } for
path="/data/data/com.whatsapp/files/decompressed/libs.spk.zst/libvlc.so"
dev="mmcblk0p39" ino=225771 scontext=u:r:untrusted_app:s0:c10,c257,c512,c768
tcontext=u:object_r:app_data_file:s0:c10,c257,c512,c768 tclass=file
app=com.whatsapp
02-19 02:00:17.134 32116 32116 W com.whatsapp: type=1400 audit(0.0:12381908): avc:
granted { execute } for
path="/data/data/com.whatsapp/files/decompressed/libs.spk.zst/libwhatsapp.so"
dev="mmcblk0p39" ino=71523 scontext=u:r:untrusted_app:s0:c10,c257,c512,c768
tcontext=u:object_r:app_data_file:s0:c10,c257,c512,c768 tclass=file
app=com.whatsapp
02-19 02:00:17.202 32116 32116 W com.whatsapp: type=1400 audit(0.0:12381909): avc:
granted { execute } for
path="/data/data/com.whatsapp/files/decompressed/libs.spk.zst/libcurve25519.so"
dev="mmcblk0p39" ino=51861 scontext=u:r:untrusted_app:s0:c10,c257,c512,c768
tcontext=u:object_r:app_data_file:s0:c10,c257,c512,c768 tclass=file
app=com.whatsapp
02-19 02:00:17.222 32116 32116 W com.whatsapp: type=1400 audit(0.0:12381910): avc:
granted { execute } for
path="/data/data/com.whatsapp/files/decompressed/libs.spk.zst/libwhatsapp.so"
dev="mmcblk0p39" ino=71523 scontext=u:r:untrusted_app:s0:c10,c257,c512,c768
tcontext=u:object_r:app_data_file:s0:c10,c257,c512,c768 tclass=file
app=com.whatsapp
02-19 02:00:17.420 32116 32171 W com.whatsapp: Class X.2rL failed lock verification
and will run slower.
02-19 02:00:17.420 32116 32171 W com.whatsapp: Common causes for lock verification
issues are non-optimized dex code
02-19 02:00:17.420 32116 32171 W com.whatsapp: and incorrect proguard
optimizations.
02-19 02:00:17.698 32116 32187 W System : ClassLoader referenced unknown path:
system/framework/mediatek-cta.jar
--------- beginning of main
02-19 03:19:08.745 11188 11188 E com.whatsapp: Not starting debugger since process
cannot load the jdwp agent.
02-19 03:19:08.901 11188 11188 W System.err: java.lang.ClassNotFoundException:
mbmodsd.mbmodsw.ui.views.btn.BtnBK
02-19 03:19:08.902 11188 11188 W System.err: at
java.lang.Runtime.nativeLoad(Native Method)
02-19 03:19:08.902 11188 11188 W System.err: at
java.lang.Runtime.nativeLoad(Runtime.java:1131)
02-19 03:19:08.902 11188 11188 W System.err: at
java.lang.Runtime.loadLibrary0(Runtime.java:1085)
02-19 03:19:08.902 11188 11188 W System.err: at
java.lang.Runtime.loadLibrary0(Runtime.java:1008)
02-19 03:19:08.902 11188 11188 W System.err: at
java.lang.System.loadLibrary(System.java:1664)
02-19 03:19:08.902 11188 11188 W System.err: at arm.EpicVm.<clinit>(Unknown
Source:2)
02-19 03:19:08.902 11188 11188 W System.err: at
java.lang.Class.newInstance(Native Method)
02-19 03:19:08.902 11188 11188 W System.err: at
android.app.AppComponentFactory.instantiateApplication(AppComponentFactory.java:76)
02-19 03:19:08.902 11188 11188 W System.err: at
androidx.core.app.CoreComponentFactory.instantiateApplication(Unknown Source:0)
02-19 03:19:08.902 11188 11188 W System.err: at
android.app.Instrumentation.newApplication(Instrumentation.java:1164)
02-19 03:19:08.902 11188 11188 W System.err: at
android.app.LoadedApk.makeApplication(LoadedApk.java:1244)
02-19 03:19:08.902 11188 11188 W System.err: at
android.app.ActivityThread.handleBindApplication(ActivityThread.java:7012)
02-19 03:19:08.902 11188 11188 W System.err: at
android.app.ActivityThread.access$1500(ActivityThread.java:263)
02-19 03:19:08.902 11188 11188 W System.err: at
android.app.ActivityThread$H.handleMessage(ActivityThread.java:2032)
02-19 03:19:08.902 11188 11188 W System.err: at
android.os.Handler.dispatchMessage(Handler.java:106)
02-19 03:19:08.902 11188 11188 W System.err: at
android.os.Looper.loop(Looper.java:268)
02-19 03:19:08.902 11188 11188 W System.err: at
android.app.ActivityThread.main(ActivityThread.java:8016)
02-19 03:19:08.902 11188 11188 W System.err: at
java.lang.reflect.Method.invoke(Native Method)
