02-19 12:42:10.526 12732 12732 E ArmVmp : Match on catch block at 0xc3 in for 0xa9
02-19 12:42:11.023 12732 12732 E ArmVmp : Match on catch block at 0xc3 in for 0xa5
02-19 12:42:11.028 12732 12732 E ArmVmp : Match on catch block at 0xc3 in for 0xa9
02-19 12:42:11.525 12732 12732 E ArmVmp : Match on catch block at 0xc3 in for 0xa5
02-19 12:42:11.529 12732 12732 E ArmVmp : Match on catch block at 0xc3 in for 0xa9
02-19 12:42:12.028 12732 12732 E ArmVmp : Match on catch block at 0xc3 in for 0xa5
02-19 12:42:12.035 12732 12732 E ArmVmp : Match on catch block at 0xc3 in for 0xa9
02-19 12:42:12.528 12732 12732 E ArmVmp : Match on catch block at 0xc3 in for 0xa5
02-19 12:42:12.533 12732 12732 E ArmVmp : Match on catch block at 0xc3 in for 0xa9
02-19 12:42:13.032 12732 12732 E ArmVmp : Match on catch block at 0xc3 in for 0xa5
02-19 12:42:13.037 12732 12732 E ArmVmp : Match on catch block at 0xc3 in for 0xa9
02-19 12:42:13.530 12732 12732 E ArmVmp : Match on catch block at 0xc3 in for 0xa5
02-19 12:42:13.534 12732 12732 E ArmVmp : Match on catch block at 0xc3 in for 0xa9
02-19 12:42:14.035 12732 12732 E ArmVmp : Match on catch block at 0xc3 in for 0xa5
02-19 12:42:14.041 12732 12732 E ArmVmp : Match on catch block at 0xc3 in for 0xa9
02-19 12:42:14.531 12732 12732 E ArmVmp : Match on catch block at 0xc3 in for 0xa5
02-19 12:42:14.535 12732 12732 E ArmVmp : Match on catch block at 0xc3 in for 0xa9
02-19 12:42:15.036 12732 12732 E ArmVmp : Match on catch block at 0xc3 in for 0xa5
02-19 12:42:15.040 12732 12732 E ArmVmp : Match on catch block at 0xc3 in for 0xa9
02-19 12:42:15.536 12732 12732 E ArmVmp : Match on catch block at 0xc3 in for 0xa5
02-19 12:42:15.541 12732 12732 E ArmVmp : Match on catch block at 0xc3 in for 0xa9
02-19 12:42:16.055 12732 12732 E ArmVmp : Match on catch block at 0xc3 in for 0xa5
02-19 12:42:16.059 12732 12732 E ArmVmp : Match on catch block at 0xc3 in for 0xa9
02-19 12:42:16.341 12732 12732 E ArmVmp : Match on catch block at 0xc3 in for 0xa9
02-19 12:42:16.345 12732 12732 E ArmVmp : Match on catch block at 0xc3 in for 0xa1
02-19 12:42:16.358 12732 12732 E ArmVmp : Match on catch block at 0xc3 in for 0xa9
02-19 12:42:16.362 12732 12732 E ArmVmp : Match on catch block at 0xc3 in for 0xa1
02-19 12:42:16.370 12732 12732 E ArmVmp : Match on catch block at 0xc3 in for 0xa9
02-19 12:42:16.374 12732 12732 E ArmVmp : Match on catch block at 0xc3 in for 0xa1
02-19 12:42:16.388 12732 12732 E ArmVmp : Match on catch block at 0xc3 in for 0xa9
02-19 12:42:16.392 12732 12732 E ArmVmp : Match on catch block at 0xc3 in for 0xa1
02-19 12:42:16.403 12732 12732 E ArmVmp : Match on catch block at 0xc3 in for 0xa9
02-19 12:42:16.407 12732 12732 E ArmVmp : Match on catch block at 0xc3 in for 0xa1
02-19 12:42:16.420 12732 12732 E ArmVmp : Match on catch block at 0xc3 in for 0xa9
02-19 12:42:16.423 12732 12732 E ArmVmp : Match on catch block at 0xc3 in for 0xa1
02-19 12:42:16.436 12732 12732 E ArmVmp : Match on catch block at 0xc3 in for 0xa9
02-19 12:42:16.440 12732 12732 E ArmVmp : Match on catch block at 0xc3 in for 0xa1
02-19 12:42:16.457 12732 12732 E ArmVmp : Match on catch block at 0xc3 in for 0xa9
02-19 12:42:16.460 12732 12732 E ArmVmp : Match on catch block at 0xc3 in for 0xa1
02-19 12:42:16.470 12732 12732 E ArmVmp : Match on catch block at 0xc3 in for 0xa9
02-19 12:42:16.474 12732 12732 E ArmVmp : Match on catch block at 0xc3 in for 0xa1
02-19 12:42:16.487 12732 12732 E ArmVmp : Match on catch block at 0xc3 in for 0xa9
02-19 12:42:16.491 12732 12732 E ArmVmp : Match on catch block at 0xc3 in for 0xa1
02-19 12:42:16.504 12732 12732 E ArmVmp : Match on catch block at 0xc3 in for 0xa9
02-19 12:42:16.507 12732 12732 E ArmVmp : Match on catch block at 0xc3 in for 0xa1
02-19 12:42:16.520 12732 12732 E ArmVmp : Match on catch block at 0xc3 in for 0xa9
02-19 12:42:16.523 12732 12732 E ArmVmp : Match on catch block at 0xc3 in for 0xa1
02-19 12:42:16.537 12732 12732 E ArmVmp : Match on catch block at 0xc3 in for 0xa9
02-19 12:42:16.540 12732 12732 E ArmVmp : Match on catch block at 0xc3 in for 0xa1
02-19 12:42:16.570 12732 12732 E ArmVmp : Match on catch block at 0xc3 in for 0xa9
02-19 12:42:16.574 12732 12732 E ArmVmp : Match on catch block at 0xc3 in for 0xa1
02-19 12:42:16.720 12732 12732 E ArmVmp : Match on catch block at 0xc3 in for 0xa9
02-19 12:42:16.724 12732 12732 E ArmVmp : Match on catch block at 0xc3 in for 0xa1
02-19 12:42:16.854 12732 12732 E ArmVmp : Match on catch block at 0xc3 in for 0xa9
02-19 12:42:16.858 12732 12732 E ArmVmp : Match on catch block at 0xc3 in for 0xa1
02-19 12:42:17.038 12732 12732 E ArmVmp : Match on catch block at 0xc3 in for 0xa9
02-19 12:42:17.041 12732 12732 E ArmVmp : Match on catch block at 0xc3 in for 0xa1
02-19 12:42:17.540 12732 12732 E ArmVmp : Match on catch block at 0xc3 in for 0xa9
02-19 12:42:17.544 12732 12732 E ArmVmp : Match on catch block at 0xc3 in for 0xa1
02-19 12:42:18.041 12732 12732 E ArmVmp : Match on catch block at 0xc3 in for 0xa9
02-19 12:42:18.045 12732 12732 E ArmVmp : Match on catch block at 0xc3 in for 0xa1
02-19 12:42:18.392 12732 12732 E ArmVmp : Match on catch block at 0xc3 in for 0xa9
02-19 12:42:18.395 12732 12732 E ArmVmp : Match on catch block at 0xc3 in for 0xa1
02-19 12:42:18.893 12732 12732 E ArmVmp : Match on catch block at 0xc3 in for 0xa9
02-19 12:42:18.896 12732 12732 E ArmVmp : Match on catch block at 0xc3 in for 0xa1
02-19 12:42:18.927 12732 12732 E ArmVmp : Match on catch block at 0xc3 in for 0xa9
02-19 12:42:18.930 12732 12732 E ArmVmp : Match on catch block at 0xc3 in for 0xa1
02-19 12:42:19.077 12732 12732 E ArmVmp : Match on catch block at 0xc3 in for 0xa9
02-19 12:42:19.080 12732 12732 E ArmVmp : Match on catch block at 0xc3 in for 0xa1
02-19 12:42:19.294 12732 12732 E ArmVmp : Match on catch block at 0xc3 in for 0xa9
02-19 12:42:19.298 12732 12732 E ArmVmp : Match on catch block at 0xc3 in for 0xa1
02-19 12:42:19.378 12732 12732 E ArmVmp : Match on catch block at 0xc3 in for 0xa9
02-19 12:42:19.380 12732 12732 E ArmVmp : Match on catch block at 0xc3 in for 0xa1
02-19 12:42:19.797 12732 12732 E ArmVmp : Match on catch block at 0xc3 in for 0xa9
02-19 12:42:19.800 12732 12732 E ArmVmp : Match on catch block at 0xc3 in for 0xa1
02-19 12:42:20.301 12732 12732 E ArmVmp : Match on catch block at 0xc3 in for 0xa9
02-19 12:42:20.305 12732 12732 E ArmVmp : Match on catch block at 0xc3 in for 0xa1
02-19 12:42:20.318 12732 12732 E ArmVmp : Match on catch block at 0xc3 in for 0xa9
02-19 12:42:20.322 12732 12732 E ArmVmp : Match on catch block at 0xc3 in for 0xa1
02-19 12:42:20.514 12732 12732 E ArmVmp : Match on catch block at 0xc3 in for 0xa9
02-19 12:42:20.518 12732 12732 E ArmVmp : Match on catch block at 0xc3 in for 0xa1
02-19 12:42:20.682 12732 12732 E ArmVmp : Match on catch block at 0xc3 in for 0xa9
02-19 12:42:20.685 12732 12732 E ArmVmp : Match on catch block at 0xc3 in for 0xa1
02-19 12:42:20.949 12732 12732 E ArmVmp : Match on catch block at 0xc3 in for 0xa9
02-19 12:42:20.953 12732 12732 E ArmVmp : Match on catch block at 0xc3 in for 0xa1
02-19 12:42:21.401 12732 12732 E ArmVmp : Match on catch block at 0xc3 in for 0xa9
02-19 12:42:21.404 12732 12732 E ArmVmp : Match on catch block at 0xc3 in for 0xa1
02-19 12:42:21.417 12732 12732 E ArmVmp : Match on catch block at 0xc3 in for 0xa9
02-19 12:42:21.421 12732 12732 E ArmVmp : Match on catch block at 0xc3 in for 0xa1
02-19 12:42:21.869 12732 12732 E ArmVmp : Match on catch block at 0xc3 in for 0xa9
02-19 12:42:21.872 12732 12732 E ArmVmp : Match on catch block at 0xc3 in for 0xa1
02-19 12:42:22.119 12732 12732 E ArmVmp : Match on catch block at 0xc3 in for 0xa9
02-19 12:42:22.124 12732 12732 E ArmVmp : Match on catch block at 0xc3 in for 0xa1
02-19 12:42:22.203 12732 12732 E ArmVmp : Match on catch block at 0xc3 in for 0xa9
02-19 12:42:22.207 12732 12732 E ArmVmp : Match on catch block at 0xc3 in for 0xa1
02-19 12:42:22.336 12732 12732 E ArmVmp : Match on catch block at 0xc3 in for 0xa9
02-19 12:42:22.340 12732 12732 E ArmVmp : Match on catch block at 0xc3 in for 0xa1
02-19 12:42:22.421 12732 12732 E ArmVmp : Match on catch block at 0xc3 in for 0xa9
02-19 12:42:22.426 12732 12732 E ArmVmp : Match on catch block at 0xc3 in for 0xa1
02-19 12:42:22.454 12732 12732 E ArmVmp : Match on catch block at 0xc3 in for 0xa9
02-19 12:42:22.459 12732 12732 E ArmVmp : Match on catch block at 0xc3 in for 0xa1
02-19 12:42:22.722 12732 12732 E ArmVmp : Match on catch block at 0xc3 in for 0xa9
02-19 12:42:22.727 12732 12732 E ArmVmp : Match on catch block at 0xc3 in for 0xa1
02-19 12:42:22.872 12732 12732 E ArmVmp : Match on catch block at 0xc3 in for 0xa9
02-19 12:42:22.877 12732 12732 E ArmVmp : Match on catch block at 0xc3 in for 0xa1
02-19 12:42:23.056 12732 12732 E ArmVmp : Match on catch block at 0xc3 in for 0xa9
02-19 12:42:23.060 12732 12732 E ArmVmp : Match on catch block at 0xc3 in for 0xa1
02-19 12:42:23.269 12732 12732 E ArmVmp : Match on catch block at 0xc3 in for 0xa9
02-19 12:42:23.274 12732 12732 E ArmVmp : Match on catch block at 0xc3 in for 0xa1
02-19 12:42:23.407 12732 12732 E ArmVmp : Match on catch block at 0xc3 in for 0xa9
02-19 12:42:23.412 12732 12732 E ArmVmp : Match on catch block at 0xc3 in for 0xa1
02-19 12:42:23.623 12732 12732 E ArmVmp : Match on catch block at 0xc3 in for 0xa9
02-19 12:42:23.627 12732 12732 E ArmVmp : Match on catch block at 0xc3 in for 0xa1
02-19 12:42:23.641 12732 12732 E ArmVmp : Match on catch block at 0xc3 in for 0xa9
02-19 12:42:23.646 12732 12732 E ArmVmp : Match on catch block at 0xc3 in for 0xa1
02-19 12:42:23.841 12732 12732 E ArmVmp : Match on catch block at 0xc3 in for 0xa9
02-19 12:42:23.844 12732 12732 E ArmVmp : Match on catch block at 0xc3 in for 0xa1
02-19 12:42:24.041 12732 12732 E ArmVmp : Match on catch block at 0xc3 in for 0xa9
02-19 12:42:24.045 12732 12732 E ArmVmp : Match on catch block at 0xc3 in for 0xa1
02-19 12:42:24.209 12732 12732 E ArmVmp : Match on catch block at 0xc3 in for 0xa9
02-19 12:42:24.214 12732 12732 E ArmVmp : Match on catch block at 0xc3 in for 0xa1
02-19 12:42:24.260 12732 12732 E ArmVmp : Match on catch block at 0xc3 in for 0xa9
02-19 12:42:24.265 12732 12732 E ArmVmp : Match on catch block at 0xc3 in for 0xa1
02-19 12:42:24.609 12732 12732 E ArmVmp : Match on catch block at 0xc3 in for 0xa9
02-19 12:42:24.613 12732 12732 E ArmVmp : Match on catch block at 0xc3 in for 0xa1
02-19 12:42:24.711 12732 12732 E ArmVmp : Match on catch block at 0xc3 in for 0xa9
02-19 12:42:24.716 12732 12732 E ArmVmp : Match on catch block at 0xc3 in for 0xa1
02-19 12:42:24.913 12732 12732 E ArmVmp : Match on catch block at 0xc3 in for 0xa9
02-19 12:42:24.918 12732 12732 E ArmVmp : Match on catch block at 0xc3 in for 0xa1
02-19 12:42:25.430 12732 12732 E ArmVmp : Match on catch block at 0xc3 in for 0xa9
02-19 12:42:25.436 12732 12732 E ArmVmp : Match on catch block at 0xc3 in for 0xa1
02-19 12:42:25.813 12732 12732 E ArmVmp : Match on catch block at 0xc3 in for 0xa9
02-19 12:42:25.817 12732 12732 E ArmVmp : Match on catch block at 0xc3 in for 0xa1
02-19 12:42:26.314 12732 12732 E ArmVmp : Match on catch block at 0xc3 in for 0xa9
02-19 12:42:26.318 12732 12732 E ArmVmp : Match on catch block at 0xc3 in for 0xa1
02-19 12:42:26.331 12732 12732 E ArmVmp : Match on catch block at 0xc3 in for 0xa9
02-19 12:42:26.334 12732 12732 E ArmVmp : Match on catch block at 0xc3 in for 0xa1
02-19 12:42:26.649 12732 12732 E ArmVmp : Match on catch block at 0xc3 in for 0xa9
02-19 12:42:26.652 12732 12732 E ArmVmp : Match on catch block at 0xc3 in for 0xa1
02-19 12:42:26.675 12732 12732 E ArmVmp : Match on catch block at 0xc3 in for 0xa1
02-19 12:42:26.678 12732 12732 E ArmVmp : Match on catch block at 0xc3 in for 0xa5
02-19 12:42:26.711 12732 12732 E ArmVmp : Match on catch block at 0xc3 in for 0xa5
02-19 12:42:26.714 12732 12732 E ArmVmp : Match on catch block at 0xc3 in for 0xa9
02-19 12:42:26.772 12732 12732 E ArmVmp : Match on catch block at 0xc3 in for 0xa5
02-19 12:42:26.776 12732 12732 E ArmVmp : Match on catch block at 0xc3 in for 0xa9
02-19 12:42:26.801 12732 12732 E ArmVmp : Match on catch block at 0xc3 in for 0xa1
02-19 12:42:26.804 12732 12732 E ArmVmp : Match on catch block at 0xc3 in for 0xa5
02-19 12:42:26.811 12732 12732 E ArmVmp : Match on catch block at 0xc3 in for 0xa1
02-19 12:42:26.815 12732 12732 E ArmVmp : Match on catch block at 0xc3 in for 0xa5
02-19 12:42:26.832 12732 12732 E ArmVmp : Match on catch block at 0xc3 in for 0xa1
02-19 12:42:26.836 12732 12732 E ArmVmp : Match on catch block at 0xc3 in for 0xa5
02-19 12:42:26.849 12732 12732 E ArmVmp : Match on catch block at 0xc3 in for 0xa1
02-19 12:42:26.854 12732 12732 E ArmVmp : Match on catch block at 0xc3 in for 0xa5
02-19 12:42:26.866 12732 12732 E ArmVmp : Match on catch block at 0xc3 in for 0xa1
02-19 12:42:26.870 12732 12732 E ArmVmp : Match on catch block at 0xc3 in for 0xa5
02-19 12:42:27.172 12732 12732 E ArmVmp : Match on catch block at 0xc3 in for 0xa5
02-19 12:42:27.177 12732 12732 E ArmVmp : Match on catch block at 0xc3 in for 0xa9
02-19 12:42:27.184 12732 12966 W MediaPlayer: Use of stream types is deprecated for
operations other than volume control
02-19 12:42:27.185 12732 12966 W MediaPlayer: See the documentation of
setAudioStreamType() for what to use instead with android.media.AudioAttributes to
qualify your playback use case
02-19 12:42:27.185 12732 12732 E ArmVmp : Match on catch block at 0xc3 in for 0xa1
02-19 12:42:27.189 12732 12732 E ArmVmp : Match on catch block at 0xc3 in for 0xa5
02-19 12:42:27.704 12732 12732 E ArmVmp : Match on catch block at 0xc3 in for 0xa1
02-19 12:42:27.709 12732 12732 E ArmVmp : Match on catch block at 0xc3 in for 0xa5
02-19 12:42:28.175 12732 12732 E ArmVmp : Match on catch block at 0xc3 in for 0xa5
02-19 12:42:28.178 12732 12732 E ArmVmp : Match on catch block at 0xc3 in for 0xa9
02-19 12:42:28.193 12732 12732 E ArmVmp : Match on catch block at 0xc3 in for 0xa5
02-19 12:42:28.199 12732 12732 E ArmVmp : Match on catch block at 0xc3 in for 0xa9
02-19 12:42:28.205 12732 12732 E ArmVmp : Match on catch block at 0xc3 in for 0xa5
02-19 12:42:28.210 12732 12732 E ArmVmp : Match on catch block at 0xc3 in for 0xa9
02-19 12:42:28.222 12732 12732 E ArmVmp : Match on catch block at 0xc3 in for 0xa5
02-19 12:42:28.228 12732 12732 E ArmVmp : Match on catch block at 0xc3 in for 0xa9
02-19 12:42:28.240 12732 12732 E ArmVmp : Match on catch block at 0xc3 in for 0xa5
02-19 12:42:28.245 12732 12732 E ArmVmp : Match on catch block at 0xc3 in for 0xa9
02-19 12:42:28.253 12732 12732 E ArmVmp : Match on catch block at 0xc3 in for 0xa5
02-19 12:42:28.258 12732 12732 E ArmVmp : Match on catch block at 0xc3 in for 0xa9
02-19 12:42:28.270 12732 12732 E ArmVmp : Match on catch block at 0xc3 in for 0xa5
02-19 12:42:28.275 12732 12732 E ArmVmp : Match on catch block at 0xc3 in for 0xa9
02-19 12:42:28.291 12732 12732 E ArmVmp : Match on catch block at 0xc3 in for 0xa5
02-19 12:42:28.296 12732 12732 E ArmVmp : Match on catch block at 0xc3 in for 0xa9
02-19 12:42:28.306 12732 12732 E ArmVmp : Match on catch block at 0xc3 in for 0xa5
02-19 12:42:28.310 12732 12732 E ArmVmp : Match on catch block at 0xc3 in for 0xa9
02-19 12:42:28.321 12732 12732 E ArmVmp : Match on catch block at 0xc3 in for 0xa5
02-19 12:42:28.325 12732 12732 E ArmVmp : Match on catch block at 0xc3 in for 0xa9
02-19 12:42:28.337 12732 12732 E ArmVmp : Match on catch block at 0xc3 in for 0xa5
02-19 12:42:28.341 12732 12732 E ArmVmp : Match on catch block at 0xc3 in for 0xa9
02-19 12:42:28.354 12732 12732 E ArmVmp : Match on catch block at 0xc3 in for 0xa5
02-19 12:42:28.358 12732 12732 E ArmVmp : Match on catch block at 0xc3 in for 0xa9
02-19 12:42:28.370 12732 12732 E ArmVmp : Match on catch block at 0xc3 in for 0xa5
02-19 12:42:28.374 12732 12732 E ArmVmp : Match on catch block at 0xc3 in for 0xa9
02-19 12:42:28.487 12732 12732 E ArmVmp : Match on catch block at 0xc3 in for 0xa5
02-19 12:42:28.490 12732 12732 E ArmVmp : Match on catch block at 0xc3 in for 0xa9
02-19 12:42:28.621 12732 12732 E ArmVmp : Match on catch block at 0xc3 in for 0xa5
02-19 12:42:28.625 12732 12732 E ArmVmp : Match on catch block at 0xc3 in for 0xa9
02-19 12:42:28.721 12732 12732 E ArmVmp : Match on catch block at 0xc3 in for 0xa5
02-19 12:42:28.725 12732 12732 E ArmVmp : Match on catch block at 0xc3 in for 0xa9
02-19 12:42:28.771 12732 12732 E ArmVmp : Match on catch block at 0xc3 in for 0xa5
02-19 12:42:28.775 12732 12732 E ArmVmp : Match on catch block at 0xc3 in for 0xa9
02-19 12:42:28.789 12732 12732 E ArmVmp : Match on catch block at 0xc3 in for 0xa5
02-19 12:42:28.793 12732 12732 E ArmVmp : Match on catch block at 0xc3 in for 0xa9
02-19 12:42:28.806 12732 12732 E ArmVmp : Match on catch block at 0xc3 in for 0xa5
02-19 12:42:28.811 12732 12732 E ArmVmp : Match on catch block at 0xc3 in for 0xa9
02-19 12:42:28.822 12732 12732 E ArmVmp : Match on catch block at 0xc3 in for 0xa5
02-19 12:42:28.827 12732 12732 E ArmVmp : Match on catch block at 0xc3 in for 0xa9
02-19 12:42:28.838 12732 12732 E ArmVmp : Match on catch block at 0xc3 in for 0xa5
02-19 12:42:28.843 12732 12732 E ArmVmp : Match on catch block at 0xc3 in for 0xa9
02-19 12:42:28.856 12732 12732 E ArmVmp : Match on catch block at 0xc3 in for 0xa5
02-19 12:42:28.860 12732 12732 E ArmVmp : Match on catch block at 0xc3 in for 0xa9
02-19 12:42:28.872 12732 12732 E ArmVmp : Match on catch block at 0xc3 in for 0xa5
02-19 12:42:28.877 12732 12732 E ArmVmp : Match on catch block at 0xc3 in for 0xa9
02-19 12:42:28.889 12732 12732 E ArmVmp : Match on catch block at 0xc3 in for 0xa5
02-19 12:42:28.894 12732 12732 E ArmVmp : Match on catch block at 0xc3 in for 0xa9
02-19 12:42:28.906 12732 12732 E ArmVmp : Match on catch block at 0xc3 in for 0xa5
02-19 12:42:28.912 12732 12732 E ArmVmp : Match on catch block at 0xc3 in for 0xa9
02-19 12:42:28.922 12732 12732 E ArmVmp : Match on catch block at 0xc3 in for 0xa5
02-19 12:42:28.928 12732 12732 E ArmVmp : Match on catch block at 0xc3 in for 0xa9
02-19 12:42:28.938 12732 12732 E ArmVmp : Match on catch block at 0xc3 in for 0xa5
02-19 12:42:28.944 12732 12732 E ArmVmp : Match on catch block at 0xc3 in for 0xa9
02-19 12:42:28.955 12732 12732 E ArmVmp : Match on catch block at 0xc3 in for 0xa5
02-19 12:42:28.960 12732 12732 E ArmVmp : Match on catch block at 0xc3 in for 0xa9
02-19 12:42:28.972 12732 12732 E ArmVmp : Match on catch block at 0xc3 in for 0xa5
02-19 12:42:28.977 12732 12732 E ArmVmp : Match on catch block at 0xc3 in for 0xa9
02-19 12:42:28.989 12732 12732 E ArmVmp : Match on catch block at 0xc3 in for 0xa5
02-19 12:42:28.994 12732 12732 E ArmVmp : Match on catch block at 0xc3 in for 0xa9
02-19 12:42:29.005 12732 12732 E ArmVmp : Match on catch block at 0xc3 in for 0xa5
02-19 12:42:29.011 12732 12732 E ArmVmp : Match on catch block at 0xc3 in for 0xa9
02-19 12:42:29.023 12732 12732 E ArmVmp : Match on catch block at 0xc3 in for 0xa5
02-19 12:42:29.029 12732 12732 E ArmVmp : Match on catch block at 0xc3 in for 0xa9
02-19 12:42:29.039 12732 12732 E ArmVmp : Match on catch block at 0xc3 in for 0xa5
02-19 12:42:29.044 12732 12732 E ArmVmp : Match on catch block at 0xc3 in for 0xa9
02-19 12:42:29.155 12732 12732 E ArmVmp : Match on catch block at 0xc3 in for 0xa5
02-19 12:42:29.159 12732 12732 E ArmVmp : Match on catch block at 0xc3 in for 0xa9
02-19 12:42:29.657 12732 12732 E ArmVmp : Match on catch block at 0xc3 in for 0xa5
02-19 12:42:29.660 12732 12732 E ArmVmp : Match on catch block at 0xc3 in for 0xa9
02-19 12:42:29.690 12732 12732 E ArmVmp : Match on catch block at 0xc3 in for 0xa5
02-19 12:42:29.694 12732 12732 E ArmVmp : Match on catch block at 0xc3 in for 0xa9
02-19 12:42:29.924 12732 12732 E ArmVmp : Match on catch block at 0xc3 in for 0xa5
02-19 12:42:29.928 12732 12732 E ArmVmp : Match on catch block at 0xc3 in for 0xa9
02-19 12:42:30.041 12732 12732 E ArmVmp : Match on catch block at 0xc3 in for 0xa5
02-19 12:42:30.045 12732 12732 E ArmVmp : Match on catch block at 0xc3 in for 0xa9
02-19 12:42:30.242 12732 12732 E ArmVmp : Match on catch block at 0xc3 in for 0xa5
02-19 12:42:30.245 12732 12732 E ArmVmp : Match on catch block at 0xc3 in for 0xa9
02-19 12:42:30.560 12732 12732 E ArmVmp : Match on catch block at 0xc3 in for 0xa5
02-19 12:42:30.563 12732 12732 E ArmVmp : Match on catch block at 0xc3 in for 0xa9
02-19 12:42:31.061 12732 12732 E ArmVmp : Match on catch block at 0xc3 in for 0xa5
02-19 12:42:31.064 12732 12732 E ArmVmp : Match on catch block at 0xc3 in for 0xa9
02-19 12:42:31.178 12732 12732 E ArmVmp : Match on catch block at 0xc3 in for 0xa5
02-19 12:42:31.182 12732 12732 E ArmVmp : Match on catch block at 0xc3 in for 0xa9
02-19 12:42:31.362 12732 12732 E ArmVmp : Match on catch block at 0xc3 in for 0xa5
02-19 12:42:31.365 12732 12732 E ArmVmp : Match on catch block at 0xc3 in for 0xa9
02-19 12:42:31.462 12732 12732 E ArmVmp : Match on catch block at 0xc3 in for 0xa5
02-19 12:42:31.465 12732 12732 E ArmVmp : Match on catch block at 0xc3 in for 0xa9
02-19 12:42:31.863 12732 12732 E ArmVmp : Match on catch block at 0xc3 in for 0xa5
02-19 12:42:31.866 12732 12732 E ArmVmp : Match on catch block at 0xc3 in for 0xa9
02-19 12:42:31.913 12732 12732 E ArmVmp : Match on catch block at 0xc3 in for 0xa5
02-19 12:42:31.917 12732 12732 E ArmVmp : Match on catch block at 0xc3 in for 0xa9
02-19 12:42:32.030 12732 12732 E ArmVmp : Match on catch block at 0xc3 in for 0xa5
02-19 12:42:32.034 12732 12732 E ArmVmp : Match on catch block at 0xc3 in for 0xa9
02-19 12:42:32.164 12732 12732 E ArmVmp : Match on catch block at 0xc3 in for 0xa5
02-19 12:42:32.167 12732 12732 E ArmVmp : Match on catch block at 0xc3 in for 0xa9
02-19 12:42:32.348 12732 12732 E ArmVmp : Match on catch block at 0xc3 in for 0xa5
02-19 12:42:32.351 12732 12732 E ArmVmp : Match on catch block at 0xc3 in for 0xa9
02-19 12:42:32.852 12732 12732 E ArmVmp : Match on catch block at 0xc3 in for 0xa5
02-19 12:42:32.856 12732 12732 E ArmVmp : Match on catch block at 0xc3 in for 0xa9
02-19 12:42:33.353 12732 12732 E ArmVmp : Match on catch block at 0xc3 in for 0xa5
02-19 12:42:33.358 12732 12732 E ArmVmp : Match on catch block at 0xc3 in for 0xa9
02-19 12:42:33.702 12732 12732 E ArmVmp : Match on catch block at 0xc3 in for 0xa5
02-19 12:42:33.706 12732 12732 E ArmVmp : Match on catch block at 0xc3 in for 0xa9
02-19 12:42:33.919 12732 12732 E ArmVmp : Match on catch block at 0xc3 in for 0xa5
02-19 12:42:33.922 12732 12732 E ArmVmp : Match on catch block at 0xc3 in for 0xa9
02-19 12:42:34.116 12732 12732 E ArmVmp : Match on catch block at 0xc3 in for 0xa5
02-19 12:42:34.119 12732 12732 E ArmVmp : Match on catch block at 0xc3 in for 0xa9
02-19 12:42:34.287 12732 12732 E ArmVmp : Match on catch block at 0xc3 in for 0xa5
02-19 12:42:34.293 12732 12732 E ArmVmp : Match on catch block at 0xc3 in for 0xa9
02-19 12:42:34.405 12732 12732 E ArmVmp : Match on catch block at 0xc3 in for 0xa5
02-19 12:42:34.409 12732 12732 E ArmVmp : Match on catch block at 0xc3 in for 0xa9
02-19 12:42:34.705 12732 12732 E ArmVmp : Match on catch block at 0xc3 in for 0xa5
02-19 12:42:34.710 12732 12732 E ArmVmp : Match on catch block at 0xc3 in for 0xa9
02-19 12:42:34.939 12732 12732 E ArmVmp : Match on catch block at 0xc3 in for 0xa5
02-19 12:42:34.944 12732 12732 E ArmVmp : Match on catch block at 0xc3 in for 0xa9
02-19 12:42:35.056 12732 12732 E ArmVmp : Match on catch block at 0xc3 in for 0xa5
02-19 12:42:35.061 12732 12732 E ArmVmp : Match on catch block at 0xc3 in for 0xa9
02-19 12:42:35.257 12732 12732 E ArmVmp : Match on catch block at 0xc3 in for 0xa5
02-19 12:42:35.262 12732 12732 E ArmVmp : Match on catch block at 0xc3 in for 0xa9
02-19 12:42:35.340 12732 12732 E ArmVmp : Match on catch block at 0xc3 in for 0xa5
02-19 12:42:35.346 12732 12732 E ArmVmp : Match on catch block at 0xc3 in for 0xa9
02-19 12:42:35.608 12732 12732 E ArmVmp : Match on catch block at 0xc3 in for 0xa5
02-19 12:42:35.613 12732 12732 E ArmVmp : Match on catch block at 0xc3 in for 0xa9
02-19 12:42:35.759 12732 12732 E ArmVmp : Match on catch block at 0xc3 in for 0xa5
02-19 12:42:35.764 12732 12732 E ArmVmp : Match on catch block at 0xc3 in for 0xa9
02-19 12:42:35.858 12732 12732 E ArmVmp : Match on catch block at 0xc3 in for 0xa5
02-19 12:42:35.863 12732 12732 E ArmVmp : Match on catch block at 0xc3 in for 0xa9
02-19 12:42:36.026 12732 12732 E ArmVmp : Match on catch block at 0xc3 in for 0xa5
02-19 12:42:36.030 12732 12732 E ArmVmp : Match on catch block at 0xc3 in for 0xa9
02-19 12:42:36.044 12732 12732 E ArmVmp : Match on catch block at 0xc3 in for 0xa5
02-19 12:42:36.050 12732 12732 E ArmVmp : Match on catch block at 0xc3 in for 0xa9
02-19 12:42:36.060 12732 12732 E ArmVmp : Match on catch block at 0xc3 in for 0xa5
02-19 12:42:36.065 12732 12732 E ArmVmp : Match on catch block at 0xc3 in for 0xa9
02-19 12:42:36.077 12732 12732 E ArmVmp : Match on catch block at 0xc3 in for 0xa5
02-19 12:42:36.082 12732 12732 E ArmVmp : Match on catch block at 0xc3 in for 0xa9
02-19 12:42:36.093 12732 12732 E ArmVmp : Match on catch block at 0xc3 in for 0xa5
02-19 12:42:36.097 12732 12732 E ArmVmp : Match on catch block at 0xc3 in for 0xa9
02-19 12:42:36.109 12732 12732 E ArmVmp : Match on catch block at 0xc3 in for 0xa5
02-19 12:42:36.114 12732 12732 E ArmVmp : Match on catch block at 0xc3 in for 0xa9
02-19 12:42:36.126 12732 12732 E ArmVmp : Match on catch block at 0xc3 in for 0xa5
02-19 12:42:36.131 12732 12732 E ArmVmp : Match on catch block at 0xc3 in for 0xa9
02-19 12:42:36.143 12732 12732 E ArmVmp : Match on catch block at 0xc3 in for 0xa5
02-19 12:42:36.148 12732 12732 E ArmVmp : Match on catch block at 0xc3 in for 0xa9
02-19 12:42:36.160 12732 12732 E ArmVmp : Match on catch block at 0xc3 in for 0xa5
02-19 12:42:36.165 12732 12732 E ArmVmp : Match on catch block at 0xc3 in for 0xa9
02-19 12:42:36.177 12732 12732 E ArmVmp : Match on catch block at 0xc3 in for 0xa5
02-19 12:42:36.181 12732 12732 E ArmVmp : Match on catch block at 0xc3 in for 0xa9
02-19 12:42:36.193 12732 12732 E ArmVmp : Match on catch block at 0xc3 in for 0xa5
02-19 12:42:36.198 12732 12732 E ArmVmp : Match on catch block at 0xc3 in for 0xa9
02-19 12:42:36.210 12732 12732 E ArmVmp : Match on catch block at 0xc3 in for 0xa5
02-19 12:42:36.214 12732 12732 E ArmVmp : Match on catch block at 0xc3 in for 0xa9
02-19 12:42:36.227 12732 12732 E ArmVmp : Match on catch block at 0xc3 in for 0xa5
02-19 12:42:36.231 12732 12732 E ArmVmp : Match on catch block at 0xc3 in for 0xa9
02-19 12:42:36.243 12732 12732 E ArmVmp : Match on catch block at 0xc3 in for 0xa5
02-19 12:42:36.248 12732 12732 E ArmVmp : Match on catch block at 0xc3 in for 0xa9
02-19 12:42:36.260 12732 12732 E ArmVmp : Match on catch block at 0xc3 in for 0xa5
02-19 12:42:36.265 12732 12732 E ArmVmp : Match on catch block at 0xc3 in for 0xa9
02-19 12:42:36.277 12732 12732 E ArmVmp : Match on catch block at 0xc3 in for 0xa5
02-19 12:42:36.283 12732 12732 E ArmVmp : Match on catch block at 0xc3 in for 0xa9
02-19 12:42:36.294 12732 12732 E ArmVmp : Match on catch block at 0xc3 in for 0xa5
02-19 12:42:36.298 12732 12732 E ArmVmp : Match on catch block at 0xc3 in for 0xa9
02-19 12:42:36.310 12732 12732 E ArmVmp : Match on catch block at 0xc3 in for 0xa5
02-19 12:42:36.316 12732 12732 E ArmVmp : Match on catch block at 0xc3 in for 0xa9
02-19 12:42:36.327 12732 12732 E ArmVmp : Match on catch block at 0xc3 in for 0xa5
02-19 12:42:36.332 12732 12732 E ArmVmp : Match on catch block at 0xc3 in for 0xa9
02-19 12:42:36.344 12732 12732 E ArmVmp : Match on catch block at 0xc3 in for 0xa5
02-19 12:42:36.348 12732 12732 E ArmVmp : Match on catch block at 0xc3 in for 0xa9
02-19 12:42:36.360 12732 12732 E ArmVmp : Match on catch block at 0xc3 in for 0xa5
02-19 12:42:36.365 12732 12732 E ArmVmp : Match on catch block at 0xc3 in for 0xa9
02-19 12:42:36.377 12732 12732 E ArmVmp : Match on catch block at 0xc3 in for 0xa5
02-19 12:42:36.382 12732 12732 E ArmVmp : Match on catch block at 0xc3 in for 0xa9
02-19 12:42:36.394 12732 12732 E ArmVmp : Match on catch block at 0xc3 in for 0xa5
02-19 12:42:36.399 12732 12732 E ArmVmp : Match on catch block at 0xc3 in for 0xa9
02-19 12:42:36.410 12732 12732 E ArmVmp : Match on catch block at 0xc3 in for 0xa5
02-19 12:42:36.417 12732 12732 E ArmVmp : Match on catch block at 0xc3 in for 0xa9
02-19 12:42:36.427 12732 12732 E ArmVmp : Match on catch block at 0xc3 in for 0xa5
02-19 12:42:36.434 12732 12732 E ArmVmp : Match on catch block at 0xc3 in for 0xa9
02-19 12:42:36.526 12732 12732 E ArmVmp : Match on catch block at 0xc3 in for 0xa5
02-19 12:42:36.530 12732 12732 E ArmVmp : Match on catch block at 0xc3 in for 0xa9
02-19 12:42:36.693 12732 12732 E ArmVmp : Match on catch block at 0xc3 in for 0xa5
02-19 12:42:36.697 12732 12732 E ArmVmp : Match on catch block at 0xc3 in for 0xa9
02-19 12:42:36.824 12732 12746 W System : A resource failed to call release.
02-19 12:42:36.824 12732 12746 W System : A resource failed to call close.
02-19 12:42:36.826 12732 12746 W System : A resource failed to call close.
02-19 12:42:36.845 12732 12732 E ArmVmp : Match on catch block at 0xc3 in for 0xa5
02-19 12:42:36.850 12732 12732 E ArmVmp : Match on catch block at 0xc3 in for 0xa9
02-19 12:42:37.178 12732 12732 E ArmVmp : Match on catch block at 0xc3 in for 0xa5
02-19 12:42:37.182 12732 12732 E ArmVmp : Match on catch block at 0xc3 in for 0xa9
02-19 12:42:37.346 12732 12732 E ArmVmp : Match on catch block at 0xc3 in for 0xa5
02-19 12:42:37.350 12732 12732 E ArmVmp : Match on catch block at 0xc3 in for 0xa9
02-19 12:42:37.556 12732 12732 E ArmVmp : Match on catch block at 0xc3 in for 0xa5
02-19 12:42:37.562 12732 12732 E ArmVmp : Match on catch block at 0xc3 in for 0xa9
02-19 12:42:37.575 12732 12732 E ArmVmp : Match on catch block at 0xc3 in for 0xa5
02-19 12:42:37.582 12732 12732 E ArmVmp : Match on catch block at 0xc3 in for 0xa9
02-19 12:42:37.630 12732 12732 E ArmVmp : Match on catch block at 0xc3 in for 0xa5
02-19 12:42:37.636 12732 12732 E ArmVmp : Match on catch block at 0xc3 in for 0xa9
02-19 12:42:37.746 12732 12732 E ArmVmp : Match on catch block at 0xc3 in for 0xa5
02-19 12:42:37.750 12732 12732 E ArmVmp : Match on catch block at 0xc3 in for 0xa9
02-19 12:42:37.765 12732 12732 E ArmVmp : Match on catch block at 0xc3 in for 0xa5
02-19 12:42:37.769 12732 12732 E ArmVmp : Match on catch block at 0xc3 in for 0xa9
02-19 12:42:38.249 12732 12732 E ArmVmp : Match on catch block at 0xc3 in for 0xa5
02-19 12:42:38.255 12732 12732 E ArmVmp : Match on catch block at 0xc3 in for 0xa9
02-19 12:42:38.266 12732 12732 E ArmVmp : Match on catch block at 0xc3 in for 0xa9
02-19 12:42:38.270 12732 12732 E ArmVmp : Match on catch block at 0xc3 in for 0xa1
02-19 12:42:38.320 12732 12732 E ArmVmp : Match on catch block at 0xc3 in for 0xa1
02-19 12:42:38.326 12732 12732 E ArmVmp : Match on catch block at 0xc3 in for 0xa5
02-19 12:42:38.362 12732 12732 E ArmVmp : Match on catch block at 0xc3 in for 0xa1
02-19 12:42:38.368 12732 12732 E ArmVmp : Match on catch block at 0xc3 in for 0xa5
02-19 12:42:38.381 12732 12732 E ArmVmp : Match on catch block at 0xc3 in for 0xa1
02-19 12:42:38.386 12732 12732 E ArmVmp : Match on catch block at 0xc3 in for 0xa5
02-19 12:42:38.492 12732 12732 E ArmVmp : Match on catch block at 0xc3 in for 0xa1
02-19 12:42:38.495 12732 12732 E ArmVmp : Match on catch block at 0xc3 in for 0xa5
02-19 12:42:38.517 12732 12732 E ArmVmp : Match on catch block at 0xc3 in for 0xa5
02-19 12:42:38.523 12732 12732 E ArmVmp : Match on catch block at 0xc3 in for 0xa9
02-19 12:42:38.540 12732 12732 E ArmVmp : Match on catch block at 0xc3 in for 0xa5
02-19 12:42:38.547 12732 12732 E ArmVmp : Match on catch block at 0xc3 in for 0xa9
02-19 12:42:38.566 12732 12732 E ArmVmp : Match on catch block at 0xc3 in for 0xa5
02-19 12:42:38.572 12732 12732 E ArmVmp : Match on catch block at 0xc3 in for 0xa9
02-19 12:42:38.801 12732 12732 E ArmVmp : Match on catch block at 0xc3 in for 0xa5
02-19 12:42:38.806 12732 12732 E ArmVmp : Match on catch block at 0xc3 in for 0xa9
02-19 12:42:38.834 12732 12732 E ArmVmp : Match on catch block at 0xc3 in for 0xa1
02-19 12:42:38.839 12732 12732 E ArmVmp : Match on catch block at 0xc3 in for 0xa5
02-19 12:42:39.125 12732 12732 E ArmVmp : Match on catch block at 0xc3 in for 0xa9
02-19 12:42:39.131 12732 12732 E ArmVmp : Match on catch block at 0xc3 in for 0xa1
02-19 12:42:39.349 12732 12732 E ArmVmp : Match on catch block at 0xc3 in for 0xa5
02-19 12:42:39.354 12732 12732 E ArmVmp : Match on catch block at 0xc3 in for 0xa9
02-19 12:42:39.365 12732 12966 W MediaPlayer: Use of stream types is deprecated for
operations other than volume control
02-19 12:42:39.365 12732 12966 W MediaPlayer: See the documentation of
setAudioStreamType() for what to use instead with android.media.AudioAttributes to
qualify your playback use case
02-19 12:42:39.395 12732 12732 E ArmVmp : Match on catch block at 0xc3 in for 0xa1
02-19 12:42:39.401 12732 12732 E ArmVmp : Match on catch block at 0xc3 in for 0xa5
02-19 12:42:39.408 12732 12732 E ArmVmp : Match on catch block at 0xc3 in for 0xa1
02-19 12:42:39.413 12732 12732 E ArmVmp : Match on catch block at 0xc3 in for 0xa5
02-19 12:42:39.735 12732 12732 E RecyclerView: No adapter attached; skipping layout
02-19 12:42:39.740 12732 12732 E ArmVmp : Match on catch block at 0xc3 in for 0xa9
02-19 12:42:39.746 12732 12732 E ArmVmp : Match on catch block at 0xc3 in for 0xa1
02-19 12:42:40.103 12732 12732 E ArmVmp : Match on catch block at 0xc3 in for 0xa9
02-19 12:42:40.108 12732 12732 E ArmVmp : Match on catch block at 0xc3 in for 0xa1
02-19 12:42:40.120 12732 12732 E ArmVmp : Match on catch block at 0xc3 in for 0xa9
02-19 12:42:40.126 12732 12732 E ArmVmp : Match on catch block at 0xc3 in for 0xa1
02-19 12:42:40.137 12732 12732 E ArmVmp : Match on catch block at 0xc3 in for 0xa9
02-19 12:42:40.143 12732 12732 E ArmVmp : Match on catch block at 0xc3 in for 0xa1
02-19 12:42:40.154 12732 12732 E ArmVmp : Match on catch block at 0xc3 in for 0xa9
02-19 12:42:40.160 12732 12732 E ArmVmp : Match on catch block at 0xc3 in for 0xa1
02-19 12:42:40.170 12732 12732 E ArmVmp : Match on catch block at 0xc3 in for 0xa9
02-19 12:42:40.175 12732 12732 E ArmVmp : Match on catch block at 0xc3 in for 0xa1
02-19 12:42:40.187 12732 12732 E ArmVmp : Match on catch block at 0xc3 in for 0xa9
02-19 12:42:40.191 12732 12732 E ArmVmp : Match on catch block at 0xc3 in for 0xa1
02-19 12:42:40.204 12732 12732 E ArmVmp : Match on catch block at 0xc3 in for 0xa9
02-19 12:42:40.208 12732 12732 E ArmVmp : Match on catch block at 0xc3 in for 0xa1
02-19 12:42:40.220 12732 12732 E ArmVmp : Match on catch block at 0xc3 in for 0xa9
02-19 12:42:40.225 12732 12732 E ArmVmp : Match on catch block at 0xc3 in for 0xa1
02-19 12:42:40.237 12732 12732 E ArmVmp : Match on catch block at 0xc3 in for 0xa9
02-19 12:42:40.243 12732 12732 E ArmVmp : Match on catch block at 0xc3 in for 0xa1
02-19 12:42:40.254 12732 12732 E ArmVmp : Match on catch block at 0xc3 in for 0xa9
02-19 12:42:40.259 12732 12732 E ArmVmp : Match on catch block at 0xc3 in for 0xa1
02-19 12:42:40.271 12732 12732 E ArmVmp : Match on catch block at 0xc3 in for 0xa9
02-19 12:42:40.276 12732 12732 E ArmVmp : Match on catch block at 0xc3 in for 0xa1
02-19 12:42:40.288 12732 12732 E ArmVmp : Match on catch block at 0xc3 in for 0xa9
02-19 12:42:40.293 12732 12732 E ArmVmp : Match on catch block at 0xc3 in for 0xa1
02-19 12:42:40.304 12732 12732 E ArmVmp : Match on catch block at 0xc3 in for 0xa9
02-19 12:42:40.310 12732 12732 E ArmVmp : Match on catch block at 0xc3 in for 0xa1
02-19 12:42:40.321 12732 12732 E ArmVmp : Match on catch block at 0xc3 in for 0xa9
02-19 12:42:40.326 12732 12732 E ArmVmp : Match on catch block at 0xc3 in for 0xa1
02-19 12:42:40.337 12732 12732 E ArmVmp : Match on catch block at 0xc3 in for 0xa9
02-19 12:42:40.344 12732 12732 E ArmVmp : Match on catch block at 0xc3 in for 0xa1
02-19 12:42:40.354 12732 12732 E ArmVmp : Match on catch block at 0xc3 in for 0xa9
02-19 12:42:40.360 12732 12732 E ArmVmp : Match on catch block at 0xc3 in for 0xa1
02-19 12:42:40.371 12732 12732 E ArmVmp : Match on catch block at 0xc3 in for 0xa9
02-19 12:42:40.377 12732 12732 E ArmVmp : Match on catch block at 0xc3 in for 0xa1
02-19 12:42:40.719 12732 12732 E ArmVmp : Match on catch block at 0x0a in for 0xa5
02-19 12:42:40.724 12732 12732 E ArmVmp : Match on catch block at 0x0a in for 0xa9
02-19 12:42:40.727 12732 12732 E ArmVmp : Match on catch block at 0x0a in for 0xa9
02-19 12:42:40.730 12732 12732 E ArmVmp : Match on catch block at 0x0a in for 0xa9
02-19 12:42:40.737 12732 12732 E ArmVmp : Match on catch block at 0x0a in for 0xa9
02-19 12:42:40.740 12732 12732 E ArmVmp : Match on catch block at 0x0a in for 0xa9
02-19 12:42:40.742 12732 12732 E ArmVmp : Match on catch block at 0x0a in for 0xa9
02-19 12:42:40.746 12732 12732 E ArmVmp : Match on catch block at 0x0a in for 0xa9
02-19 12:42:40.753 12732 12732 E ArmVmp : Match on catch block at 0x0a in for 0xa9
02-19 12:42:40.751 12732 12732 W StickerImageFil: type=1400 audit(0.0:12431045):
avc: granted { execute } for
path="/data/data/com.whatsapp/files/decompressed/libs.spk.zst/libstatic-webp.so"
dev="mmcblk0p39" ino=231495 scontext=u:r:untrusted_app:s0:c10,c257,c512,c768
tcontext=u:object_r:app_data_file:s0:c10,c257,c512,c768 tclass=file
app=com.whatsapp
02-19 12:42:40.756 12732 12732 E ArmVmp : Match on catch block at 0x0a in for 0xa9
02-19 12:42:41.408 12732 12732 E ArmVmp : Match on catch block at 0x0a in for 0xa9
02-19 12:42:41.435 12732 12732 E ArmVmp : Match on catch block at 0x0a in for 0xa9
02-19 12:42:41.438 12732 12732 E ArmVmp : Match on catch block at 0x0a in for 0xa9
02-19 12:42:41.442 12732 12732 E ArmVmp : Match on catch block at 0x0a in for 0xa9
02-19 12:42:42.652 12732 12732 E ArmVmp : Match on catch block at 0xc3 in for 0xa1
02-19 12:42:42.656 12732 12732 E ArmVmp : Match on catch block at 0xc3 in for 0xa5
02-19 12:42:42.681 12732 12732 E ArmVmp : Match on catch block at 0xc3 in for 0xb9
02-19 12:42:42.739 12732 12732 E ArmVmp : Match on catch block at 0xc3 in for 0xa1
02-19 12:42:42.743 12732 12732 E ArmVmp : Match on catch block at 0xc3 in for 0xa5
02-19 12:42:42.765 12732 12732 E ArmVmp : Match on catch block at 0xc3 in for 0xa9
02-19 12:42:42.789 12732 12732 E ArmVmp : Match on catch block at 0xc3 in for 0xa9
02-19 12:42:42.794 12732 12732 E ArmVmp : Match on catch block at 0xc3 in for 0xa1
02-19 12:42:42.810 12732 12732 E ArmVmp : Match on catch block at 0xc3 in for 0xa5
02-19 12:42:43.314 12732 12732 E ArmVmp : Match on catch block at 0xc3 in for 0xa5
02-19 12:42:43.319 12732 12732 E ArmVmp : Match on catch block at 0xc3 in for 0xa9
02-19 12:42:43.347 12732 12732 E ArmVmp : Match on catch block at 0xc3 in for 0xa1
02-19 12:42:43.498 12732 12732 E ArmVmp : Match on catch block at 0xc3 in for 0xa5
02-19 12:42:43.502 12732 12732 E ArmVmp : Match on catch block at 0xc3 in for 0xa9
02-19 12:42:43.520 12732 12782 E SQLiteDatabase: Error inserting transferred=0
media_job_uuid=e8cf2dd3-cba9-425b-a101-3022a23e77df transcoded=1 gif_attribution=0
first_scan_length=7428 direct_path=null thumbnail_height_width_ratio=1.0
is_animated_sticker=1 file_hash=aIEm7s/uvG78f9Yf4Rvp1l2szG8emSc7kKuD4qXkMlE=
file_path=/data/user/0/com.whatsapp/files/Stickers/aIEm7s-
uvG78f9Yf4Rvp1l2szG8emSc7kKuD4qXkMlE=.webp file_size=485768 partial_media_hash=null
face_x=0 face_y=0 height=64 trim_to=0 media_key_timestamp=0 message_url=null
media_caption=null trim_from=0 mime_type=image/webp partial_media_enc_hash=null
width=64 original_file_hash=null has_streaming_sidecar=0
autotransfer_retry_enabled=1 media_upload_handle=null message_row_id=910
multicast_id=null enc_file_hash=null mute_video=0 page_count=0
first_scan_sidecar=null suspicious_content=0 file_length=485768 media_name=aIEm7s-
uvG78f9Yf4Rvp1l2szG8emSc7kKuD4qXkMlE=.webp media_duration=0 chat_row_id=3
media_key=null
02-19 12:42:43.520 12732 12782 E SQLiteDatabase:
android.database.sqlite.SQLiteConstraintException: UNIQUE constraint failed:
message_media.message_row_id (code 1555 SQLITE_CONSTRAINT_PRIMARYKEY)
02-19 12:42:43.520 12732 12782 E SQLiteDatabase: at
android.database.sqlite.SQLiteConnection.nativeExecuteForLastInsertedRowId(Native
Method)
02-19 12:42:43.520 12732 12782 E SQLiteDatabase: at
android.database.sqlite.SQLiteConnection.executeForLastInsertedRowId(SQLiteConnecti
on.java:938)
02-19 12:42:43.520 12732 12782 E SQLiteDatabase: at
android.database.sqlite.SQLiteSession.executeForLastInsertedRowId(SQLiteSession.jav
a:790)
02-19 12:42:43.520 12732 12782 E SQLiteDatabase: at
android.database.sqlite.SQLiteStatement.executeInsert(SQLiteStatement.java:88)
02-19 12:42:43.520 12732 12782 E SQLiteDatabase: at
android.database.sqlite.SQLiteDatabase.insertWithOnConflict(SQLiteDatabase.java:172
0)
02-19 12:42:43.520 12732 12782 E SQLiteDatabase: at
android.database.sqlite.SQLiteDatabase.insert(SQLiteDatabase.java:1589)
02-19 12:42:43.520 12732 12782 E SQLiteDatabase: at X.2tm.A08(Unknown
Source:6)
02-19 12:42:43.520 12732 12782 E SQLiteDatabase: at X.35Y.A07(Unknown
Source:212)
02-19 12:42:43.520 12732 12782 E SQLiteDatabase: at X.3QF.A14(Unknown
Source:470)
02-19 12:42:43.520 12732 12782 E SQLiteDatabase: at X.3gU.run(Unknown
Source:982)
02-19 12:42:43.520 12732 12782 E SQLiteDatabase: at
android.os.Handler.handleCallback(Handler.java:938)
02-19 12:42:43.520 12732 12782 E SQLiteDatabase: at
android.os.Handler.dispatchMessage(Handler.java:99)
02-19 12:42:43.520 12732 12782 E SQLiteDatabase: at
X.0zq.dispatchMessage(Unknown Source:4)
02-19 12:42:43.520 12732 12782 E SQLiteDatabase: at
android.os.Looper.loop(Looper.java:268)
02-19 12:42:43.520 12732 12782 E SQLiteDatabase: at
android.os.HandlerThread.run(HandlerThread.java:67)
02-19 12:42:43.551 12732 12732 E ArmVmp : Match on catch block at 0xc3 in for 0xa1
02-19 12:42:43.557 12732 12732 E ArmVmp : Match on catch block at 0xc3 in for 0xa5
02-19 12:42:43.768 12732 12732 E ArmVmp : Match on catch block at 0xc3 in for 0xa1
02-19 12:42:43.772 12732 12732 E ArmVmp : Match on catch block at 0xc3 in for 0xa5
02-19 12:42:44.245 12732 12782 E SQLiteDatabase: Error inserting transferred=1
media_job_uuid=e8cf2dd3-cba9-425b-a101-3022a23e77df transcoded=1 gif_attribution=0
first_scan_length=7428 direct_path=/v/t62.15575-
24/34645812_782104007281371_2313913250884142378_n.enc?ccb=11-
4&oh=01_AdRIZvYyUseX2JpUprW6K0K9E23DP5H1vwshi5CM4e6SRg&oe=65FA5511&_nc_sid=5e03e0
thumbnail_height_width_ratio=1.0 is_animated_sticker=1
file_hash=aIEm7s/uvG78f9Yf4Rvp1l2szG8emSc7kKuD4qXkMlE= file_path=Media/WhatsApp
Stickers/STK-20240218-WA0001.webp file_size=485768 partial_media_hash=null face_x=0
face_y=0 height=64 trim_to=0 media_key_timestamp=1708155818000
message_url=https://mmg.whatsapp.net/v/t62.15575-
24/34645812_782104007281371_2313913250884142378_n.enc?ccb=11-
4&oh=01_AdRIZvYyUseX2JpUprW6K0K9E23DP5H1vwshi5CM4e6SRg&oe=65FA5511&_nc_sid=5e03e0&m
ms3=true media_caption=null trim_from=0 mime_type=image/webp
partial_media_enc_hash=null width=64 original_file_hash=null
has_streaming_sidecar=0 autotransfer_retry_enabled=0 media_upload_handle=null
message_row_id=910 multicast_id=null
enc_file_hash=0ZfIWB6cRQ9NSNX+3KA6q3H2j/PUD+WyOqc/TEq7LpY= mute_video=0
page_count=0 first_scan_sidecar=[B@a51d446 suspicious_content=0 file_length=485768
media_name=aIEm7s-uvG78f9Yf4Rvp1l2szG8emSc7kKuD4qXkMlE=.webp media_duration=0
chat_row_id=3 media_key=[B@7a8e607
02-19 12:42:44.245 12732 12782 E SQLiteDatabase:
android.database.sqlite.SQLiteConstraintException: UNIQUE constraint failed:
message_media.message_row_id (code 1555 SQLITE_CONSTRAINT_PRIMARYKEY)
02-19 12:42:44.245 12732 12782 E SQLiteDatabase: at
android.database.sqlite.SQLiteConnection.nativeExecuteForLastInsertedRowId(Native
Method)
02-19 12:42:44.245 12732 12782 E SQLiteDatabase: at
android.database.sqlite.SQLiteConnection.executeForLastInsertedRowId(SQLiteConnecti
on.java:938)
02-19 12:42:44.245 12732 12782 E SQLiteDatabase: at
android.database.sqlite.SQLiteSession.executeForLastInsertedRowId(SQLiteSession.jav
a:790)
02-19 12:42:44.245 12732 12782 E SQLiteDatabase: at
android.database.sqlite.SQLiteStatement.executeInsert(SQLiteStatement.java:88)
02-19 12:42:44.245 12732 12782 E SQLiteDatabase: at
android.database.sqlite.SQLiteDatabase.insertWithOnConflict(SQLiteDatabase.java:172
0)
02-19 12:42:44.245 12732 12782 E SQLiteDatabase: at
android.database.sqlite.SQLiteDatabase.insert(SQLiteDatabase.java:1589)
02-19 12:42:44.245 12732 12782 E SQLiteDatabase: at X.2tm.A08(Unknown
Source:6)
02-19 12:42:44.245 12732 12782 E SQLiteDatabase: at X.35Y.A07(Unknown
Source:212)
02-19 12:42:44.245 12732 12782 E SQLiteDatabase: at X.3QF.A14(Unknown
Source:470)
02-19 12:42:44.245 12732 12782 E SQLiteDatabase: at X.3gU.run(Unknown
Source:982)
02-19 12:42:44.245 12732 12782 E SQLiteDatabase: at
android.os.Handler.handleCallback(Handler.java:938)
02-19 12:42:44.245 12732 12782 E SQLiteDatabase: at
android.os.Handler.dispatchMessage(Handler.java:99)
02-19 12:42:44.245 12732 12782 E SQLiteDatabase: at
X.0zq.dispatchMessage(Unknown Source:4)
02-19 12:42:44.245 12732 12782 E SQLiteDatabase: at
android.os.Looper.loop(Looper.java:268)
02-19 12:42:44.245 12732 12782 E SQLiteDatabase: at
android.os.HandlerThread.run(HandlerThread.java:67)
02-19 12:42:44.282 12732 12732 E ArmVmp : Match on catch block at 0xc3 in for 0xa5
02-19 12:42:44.285 12732 12732 E ArmVmp : Match on catch block at 0xc3 in for 0xa9
02-19 12:42:44.332 12732 12732 E ArmVmp : Match on catch block at 0xc3 in for 0xa9
02-19 12:42:44.336 12732 12732 E ArmVmp : Match on catch block at 0xc3 in for 0xa1
02-19 12:42:44.501 12732 12732 E ArmVmp : Match on catch block at 0xc3 in for 0xa9
02-19 12:42:44.505 12732 12732 E ArmVmp : Match on catch block at 0xc3 in for 0xa1
02-19 12:42:44.513 12732 12732 E ArmVmp : Match on catch block at 0xc3 in for 0xa9
02-19 12:42:44.517 12732 12732 E ArmVmp : Match on catch block at 0xc3 in for 0xa1
02-19 12:42:44.566 12732 12732 E ArmVmp : Match on catch block at 0xc3 in for 0xa9
02-19 12:42:44.569 12732 12732 E ArmVmp : Match on catch block at 0xc3 in for 0xa1
02-19 12:42:44.666 12732 12732 E ArmVmp : Match on catch block at 0xc3 in for 0xa9
02-19 12:42:44.669 12732 12732 E ArmVmp : Match on catch block at 0xc3 in for 0xa1
02-19 12:42:44.683 12732 12732 E ArmVmp : Match on catch block at 0xc3 in for 0xa9
02-19 12:42:44.688 12732 12732 E ArmVmp : Match on catch block at 0xc3 in for 0xa1
02-19 12:42:44.711 12732 12732 E ArmVmp : Match on catch block at 0xc3 in for 0xa1
02-19 12:42:44.715 12732 12732 E ArmVmp : Match on catch block at 0xc3 in for 0xa5
02-19 12:42:44.722 12732 12966 W MediaPlayer: Use of stream types is deprecated for
operations other than volume control
02-19 12:42:44.722 12732 12732 E ArmVmp : Match on catch block at 0xc3 in for 0xa9
02-19 12:42:44.722 12732 12966 W MediaPlayer: See the documentation of
setAudioStreamType() for what to use instead with android.media.AudioAttributes to
qualify your playback use case
02-19 12:42:44.727 12732 12732 E ArmVmp : Match on catch block at 0xc3 in for 0xa1
02-19 12:42:44.783 12732 12732 E ArmVmp : Match on catch block at 0xc3 in for 0xa9
02-19 12:42:44.786 12732 12732 E ArmVmp : Match on catch block at 0xc3 in for 0xa1
02-19 12:42:44.817 12732 12732 E ArmVmp : Match on catch block at 0xc3 in for 0xa9
02-19 12:42:44.820 12732 12732 E ArmVmp : Match on catch block at 0xc3 in for 0xa1
02-19 12:42:44.834 12732 12732 E ArmVmp : Match on catch block at 0xc3 in for 0xa9
02-19 12:42:44.837 12732 12732 E ArmVmp : Match on catch block at 0xc3 in for 0xa1
02-19 12:42:44.852 12732 12732 E ArmVmp : Match on catch block at 0xc3 in for 0xa5
02-19 12:42:44.855 12732 12732 E ArmVmp : Match on catch block at 0xc3 in for 0xa9
02-19 12:42:44.885 12732 12732 E ArmVmp : Match on catch block at 0xc3 in for 0xa9
02-19 12:42:44.889 12732 12732 E ArmVmp : Match on catch block at 0xc3 in for 0xa1
02-19 12:42:44.902 12732 12732 E ArmVmp : Match on catch block at 0xc3 in for 0xa5
02-19 12:42:44.907 12732 12732 E ArmVmp : Match on catch block at 0xc3 in for 0xa9
02-19 12:42:44.918 12732 12732 E ArmVmp : Match on catch block at 0xc3 in for 0xa1
02-19 12:42:44.923 12732 12732 E ArmVmp : Match on catch block at 0xc3 in for 0xa5
02-19 12:42:44.934 12732 12732 E ArmVmp : Match on catch block at 0xc3 in for 0xa9
02-19 12:42:44.939 12732 12732 E ArmVmp : Match on catch block at 0xc3 in for 0xa1
02-19 12:42:44.951 12732 12732 E ArmVmp : Match on catch block at 0xc3 in for 0xa1
02-19 12:42:44.956 12732 12732 E ArmVmp : Match on catch block at 0xc3 in for 0xa5
02-19 12:42:44.968 12732 12732 E ArmVmp : Match on catch block at 0xc3 in for 0xa5
02-19 12:42:44.973 12732 12732 E ArmVmp : Match on catch block at 0xc3 in for 0xa9
02-19 12:42:44.985 12732 12732 E ArmVmp : Match on catch block at 0xc3 in for 0xa9
02-19 12:42:44.990 12732 12732 E ArmVmp : Match on catch block at 0xc3 in for 0xa1
02-19 12:42:45.001 12732 12732 E ArmVmp : Match on catch block at 0xc3 in for 0xa1
02-19 12:42:45.006 12732 12732 E ArmVmp : Match on catch block at 0xc3 in for 0xa5
02-19 12:42:45.018 12732 12732 E ArmVmp : Match on catch block at 0xc3 in for 0xa5
02-19 12:42:45.023 12732 12732 E ArmVmp : Match on catch block at 0xc3 in for 0xa9
02-19 12:42:45.035 12732 12732 E ArmVmp : Match on catch block at 0xc3 in for 0xa9
02-19 12:42:45.039 12732 12732 E ArmVmp : Match on catch block at 0xc3 in for 0xa1
02-19 12:42:45.051 12732 12732 E ArmVmp : Match on catch block at 0xc3 in for 0xa1
02-19 12:42:45.056 12732 12732 E ArmVmp : Match on catch block at 0xc3 in for 0xa5
02-19 12:42:45.068 12732 12732 E ArmVmp : Match on catch block at 0xc3 in for 0xa5
02-19 12:42:45.073 12732 12732 E ArmVmp : Match on catch block at 0xc3 in for 0xa9
02-19 12:42:45.085 12732 12732 E ArmVmp : Match on catch block at 0xc3 in for 0xa9
02-19 12:42:45.090 12732 12732 E ArmVmp : Match on catch block at 0xc3 in for 0xa1
02-19 12:42:45.101 12732 12732 E ArmVmp : Match on catch block at 0xc3 in for 0xa1
