02-19 12:43:15.396 12732 12732 E ArmVmp : Match on catch block at 0xc3 in for 0xa9
02-19 12:43:15.405 12732 12732 E ArmVmp : Match on catch block at 0xc3 in for 0xa5
02-19 12:43:15.409 12732 12732 E ArmVmp : Match on catch block at 0xc3 in for 0xa9
02-19 12:43:15.420 12732 12732 E ArmVmp : Match on catch block at 0xc3 in for 0xa5
02-19 12:43:15.424 12732 12732 E ArmVmp : Match on catch block at 0xc3 in for 0xa9
02-19 12:43:15.437 12732 12732 E ArmVmp : Match on catch block at 0xc3 in for 0xa5
02-19 12:43:15.442 12732 12732 E ArmVmp : Match on catch block at 0xc3 in for 0xa9
02-19 12:43:15.453 12732 12732 E ArmVmp : Match on catch block at 0xc3 in for 0xa5
02-19 12:43:15.458 12732 12732 E ArmVmp : Match on catch block at 0xc3 in for 0xa9
02-19 12:43:15.470 12732 12732 E ArmVmp : Match on catch block at 0xc3 in for 0xa5
02-19 12:43:15.475 12732 12732 E ArmVmp : Match on catch block at 0xc3 in for 0xa9
02-19 12:43:15.503 12732 12732 E ArmVmp : Match on catch block at 0xc3 in for 0xa5
02-19 12:43:15.506 12732 12732 E ArmVmp : Match on catch block at 0xc3 in for 0xa9
02-19 12:43:15.537 12732 12732 E ArmVmp : Match on catch block at 0xc3 in for 0xa5
02-19 12:43:15.540 12732 12732 E ArmVmp : Match on catch block at 0xc3 in for 0xa9
02-19 12:43:15.570 12732 12732 E ArmVmp : Match on catch block at 0xc3 in for 0xa5
02-19 12:43:15.574 12732 12732 E ArmVmp : Match on catch block at 0xc3 in for 0xa9
02-19 12:43:15.587 12732 12732 E ArmVmp : Match on catch block at 0xc3 in for 0xa5
02-19 12:43:15.591 12732 12732 E ArmVmp : Match on catch block at 0xc3 in for 0xa9
02-19 12:43:15.604 12732 12732 E ArmVmp : Match on catch block at 0xc3 in for 0xa5
02-19 12:43:15.607 12732 12732 E ArmVmp : Match on catch block at 0xc3 in for 0xa9
02-19 12:43:15.704 12732 12732 E ArmVmp : Match on catch block at 0xc3 in for 0xa5
02-19 12:43:15.707 12732 12732 E ArmVmp : Match on catch block at 0xc3 in for 0xa9
02-19 12:43:15.721 12732 12732 E ArmVmp : Match on catch block at 0xc3 in for 0xa5
02-19 12:43:15.724 12732 12732 E ArmVmp : Match on catch block at 0xc3 in for 0xa9
02-19 12:43:15.737 12732 12732 E ArmVmp : Match on catch block at 0xc3 in for 0xa5
02-19 12:43:15.741 12732 12732 E ArmVmp : Match on catch block at 0xc3 in for 0xa9
02-19 12:43:15.754 12732 12732 E ArmVmp : Match on catch block at 0xc3 in for 0xa5
02-19 12:43:15.757 12732 12732 E ArmVmp : Match on catch block at 0xc3 in for 0xa9
02-19 12:43:15.770 12732 12732 E ArmVmp : Match on catch block at 0xc3 in for 0xa5
02-19 12:43:15.774 12732 12732 E ArmVmp : Match on catch block at 0xc3 in for 0xa9
02-19 12:43:15.787 12732 12732 E ArmVmp : Match on catch block at 0xc3 in for 0xa5
02-19 12:43:15.791 12732 12732 E ArmVmp : Match on catch block at 0xc3 in for 0xa9
02-19 12:43:15.804 12732 12732 E ArmVmp : Match on catch block at 0xc3 in for 0xa5
02-19 12:43:15.807 12732 12732 E ArmVmp : Match on catch block at 0xc3 in for 0xa9
02-19 12:43:15.821 12732 12732 E ArmVmp : Match on catch block at 0xc3 in for 0xa5
02-19 12:43:15.824 12732 12732 E ArmVmp : Match on catch block at 0xc3 in for 0xa9
02-19 12:43:15.837 12732 12732 E ArmVmp : Match on catch block at 0xc3 in for 0xa5
02-19 12:43:15.841 12732 12732 E ArmVmp : Match on catch block at 0xc3 in for 0xa9
02-19 12:43:15.854 12732 12732 E ArmVmp : Match on catch block at 0xc3 in for 0xa5
02-19 12:43:15.857 12732 12732 E ArmVmp : Match on catch block at 0xc3 in for 0xa9
02-19 12:43:15.871 12732 12732 E ArmVmp : Match on catch block at 0xc3 in for 0xa5
02-19 12:43:15.874 12732 12732 E ArmVmp : Match on catch block at 0xc3 in for 0xa9
02-19 12:43:15.887 12732 12732 E ArmVmp : Match on catch block at 0xc3 in for 0xa5
02-19 12:43:15.891 12732 12732 E ArmVmp : Match on catch block at 0xc3 in for 0xa9
02-19 12:43:15.904 12732 12732 E ArmVmp : Match on catch block at 0xc3 in for 0xa5
02-19 12:43:15.907 12732 12732 E ArmVmp : Match on catch block at 0xc3 in for 0xa9
02-19 12:43:15.921 12732 12732 E ArmVmp : Match on catch block at 0xc3 in for 0xa5
02-19 12:43:15.925 12732 12732 E ArmVmp : Match on catch block at 0xc3 in for 0xa9
02-19 12:43:15.938 12732 12732 E ArmVmp : Match on catch block at 0xc3 in for 0xa5
02-19 12:43:15.941 12732 12732 E ArmVmp : Match on catch block at 0xc3 in for 0xa9
02-19 12:43:15.954 12732 12732 E ArmVmp : Match on catch block at 0xc3 in for 0xa5
02-19 12:43:15.958 12732 12732 E ArmVmp : Match on catch block at 0xc3 in for 0xa9
02-19 12:43:15.971 12732 12732 E ArmVmp : Match on catch block at 0xc3 in for 0xa5
02-19 12:43:15.974 12732 12732 E ArmVmp : Match on catch block at 0xc3 in for 0xa9
02-19 12:43:15.988 12732 12732 E ArmVmp : Match on catch block at 0xc3 in for 0xa5
02-19 12:43:15.991 12732 12732 E ArmVmp : Match on catch block at 0xc3 in for 0xa9
02-19 12:43:16.055 12732 12732 E ArmVmp : Match on catch block at 0xc3 in for 0xa5
02-19 12:43:16.058 12732 12732 E ArmVmp : Match on catch block at 0xc3 in for 0xa9
02-19 12:43:16.073 12732 12732 E ArmVmp : Match on catch block at 0xc3 in for 0xa5
02-19 12:43:16.077 12732 12732 E ArmVmp : Match on catch block at 0xc3 in for 0xa9
02-19 12:43:16.089 12732 12732 E ArmVmp : Match on catch block at 0xc3 in for 0xa5
02-19 12:43:16.095 12732 12732 E ArmVmp : Match on catch block at 0xc3 in for 0xa9
02-19 12:43:16.105 12732 12732 E ArmVmp : Match on catch block at 0xc3 in for 0xa5
02-19 12:43:16.109 12732 12732 E ArmVmp : Match on catch block at 0xc3 in for 0xa9
02-19 12:43:16.188 12732 12732 E ArmVmp : Match on catch block at 0xc3 in for 0xa5
02-19 12:43:16.192 12732 12732 E ArmVmp : Match on catch block at 0xc3 in for 0xa9
02-19 12:43:16.205 12732 12732 E ArmVmp : Match on catch block at 0xc3 in for 0xa5
02-19 12:43:16.209 12732 12732 E ArmVmp : Match on catch block at 0xc3 in for 0xa9
02-19 12:43:16.239 12732 12732 E ArmVmp : Match on catch block at 0xc3 in for 0xa5
02-19 12:43:16.241 12732 12732 E ArmVmp : Match on catch block at 0xc3 in for 0xa9
02-19 12:43:16.255 12732 12732 E ArmVmp : Match on catch block at 0xc3 in for 0xa5
02-19 12:43:16.258 12732 12732 E ArmVmp : Match on catch block at 0xc3 in for 0xa9
02-19 12:43:16.356 12732 12732 E ArmVmp : Match on catch block at 0xc3 in for 0xa5
02-19 12:43:16.358 12732 12732 E ArmVmp : Match on catch block at 0xc3 in for 0xa9
02-19 12:43:16.373 12732 12732 E ArmVmp : Match on catch block at 0xc3 in for 0xa5
02-19 12:43:16.376 12732 12732 E ArmVmp : Match on catch block at 0xc3 in for 0xa9
02-19 12:43:16.390 12732 12732 E ArmVmp : Match on catch block at 0xc3 in for 0xa9
02-19 12:43:16.393 12732 12732 E ArmVmp : Match on catch block at 0xc3 in for 0xa1
02-19 12:43:16.406 12732 12732 E ArmVmp : Match on catch block at 0xc3 in for 0xa1
02-19 12:43:16.409 12732 12732 E ArmVmp : Match on catch block at 0xc3 in for 0xa5
02-19 12:43:16.437 12732 12732 E ArmVmp : Match on catch block at 0xc3 in for 0xa9
02-19 12:43:16.440 12732 12732 E ArmVmp : Match on catch block at 0xc3 in for 0xa1
02-19 12:43:16.462 12732 12732 E ArmVmp : Match on catch block at 0xc3 in for 0xa1
02-19 12:43:16.466 12732 12732 E ArmVmp : Match on catch block at 0xc3 in for 0xa5
02-19 12:43:16.494 12732 12732 E ArmVmp : Match on catch block at 0xc3 in for 0xa5
02-19 12:43:16.498 12732 12732 E ArmVmp : Match on catch block at 0xc3 in for 0xa9
02-19 12:43:16.518 12732 12732 E ArmVmp : Match on catch block at 0xc3 in for 0xa1
02-19 12:43:16.523 12732 12732 E ArmVmp : Match on catch block at 0xc3 in for 0xa5
02-19 12:43:16.531 12732 12732 E ArmVmp : Match on catch block at 0xc3 in for 0xa1
02-19 12:43:16.536 12732 12732 E ArmVmp : Match on catch block at 0xc3 in for 0xa5
02-19 12:43:16.556 12732 12732 E ArmVmp : Match on catch block at 0xc3 in for 0xa1
02-19 12:43:16.560 12732 12732 E ArmVmp : Match on catch block at 0xc3 in for 0xa5
02-19 12:43:16.573 12732 12732 E ArmVmp : Match on catch block at 0xc3 in for 0xa1
02-19 12:43:16.577 12732 12732 E ArmVmp : Match on catch block at 0xc3 in for 0xa5
02-19 12:43:16.590 12732 12732 E ArmVmp : Match on catch block at 0xc3 in for 0xa1
02-19 12:43:16.594 12732 12732 E ArmVmp : Match on catch block at 0xc3 in for 0xa5
02-19 12:43:16.606 12732 12732 E ArmVmp : Match on catch block at 0xc3 in for 0xa1
02-19 12:43:16.611 12732 12732 E ArmVmp : Match on catch block at 0xc3 in for 0xa5
02-19 12:43:16.623 12732 12732 E ArmVmp : Match on catch block at 0xc3 in for 0xa1
02-19 12:43:16.627 12732 12732 E ArmVmp : Match on catch block at 0xc3 in for 0xa5
02-19 12:43:16.690 12732 12732 E ArmVmp : Match on catch block at 0xc3 in for 0xa1
02-19 12:43:16.693 12732 12732 E ArmVmp : Match on catch block at 0xc3 in for 0xa5
02-19 12:43:16.706 12732 12732 E ArmVmp : Match on catch block at 0xc3 in for 0xa1
02-19 12:43:16.710 12732 12732 E ArmVmp : Match on catch block at 0xc3 in for 0xa5
02-19 12:43:16.723 12732 12732 E ArmVmp : Match on catch block at 0xc3 in for 0xa1
02-19 12:43:16.726 12732 12732 E ArmVmp : Match on catch block at 0xc3 in for 0xa5
02-19 12:43:16.824 12732 12732 E ArmVmp : Match on catch block at 0xc3 in for 0xa1
02-19 12:43:16.827 12732 12732 E ArmVmp : Match on catch block at 0xc3 in for 0xa5
02-19 12:43:16.857 12732 12732 E ArmVmp : Match on catch block at 0xc3 in for 0xa1
02-19 12:43:16.861 12732 12732 E ArmVmp : Match on catch block at 0xc3 in for 0xa5
02-19 12:43:16.874 12732 12732 E ArmVmp : Match on catch block at 0xc3 in for 0xa1
02-19 12:43:16.877 12732 12732 E ArmVmp : Match on catch block at 0xc3 in for 0xa5
02-19 12:43:16.924 12732 12732 E ArmVmp : Match on catch block at 0xc3 in for 0xa1
02-19 12:43:16.929 12732 12732 E ArmVmp : Match on catch block at 0xc3 in for 0xa5
02-19 12:43:16.945 12732 12732 E ArmVmp : Match on catch block at 0xc3 in for 0xa5
02-19 12:43:16.949 12732 12732 E ArmVmp : Match on catch block at 0xc3 in for 0xa9
02-19 12:43:16.958 12732 12966 W MediaPlayer: Use of stream types is deprecated for
operations other than volume control
02-19 12:43:16.958 12732 12966 W MediaPlayer: See the documentation of
setAudioStreamType() for what to use instead with android.media.AudioAttributes to
qualify your playback use case
02-19 12:43:16.959 12732 12732 E ArmVmp : Match on catch block at 0xc3 in for 0xa1
02-19 12:43:16.965 12732 12732 E ArmVmp : Match on catch block at 0xc3 in for 0xa5
02-19 12:43:16.991 12732 12732 E ArmVmp : Match on catch block at 0xc3 in for 0xa1
02-19 12:43:16.995 12732 12732 E ArmVmp : Match on catch block at 0xc3 in for 0xa5
02-19 12:43:17.042 12732 12732 E ArmVmp : Match on catch block at 0xc3 in for 0xa1
02-19 12:43:17.046 12732 12732 E ArmVmp : Match on catch block at 0xc3 in for 0xa5
02-19 12:43:17.076 12732 12732 E ArmVmp : Match on catch block at 0xc3 in for 0xa1
02-19 12:43:17.081 12732 12732 E ArmVmp : Match on catch block at 0xc3 in for 0xa5
02-19 12:43:17.091 12732 12732 E ArmVmp : Match on catch block at 0xc3 in for 0xa1
02-19 12:43:17.095 12732 12732 E ArmVmp : Match on catch block at 0xc3 in for 0xa5
02-19 12:43:17.145 12732 12732 E ArmVmp : Match on catch block at 0xc3 in for 0xa1
02-19 12:43:17.148 12732 12732 E ArmVmp : Match on catch block at 0xc3 in for 0xa5
02-19 12:43:17.176 12732 12732 E ArmVmp : Match on catch block at 0xc3 in for 0xa1
02-19 12:43:17.180 12732 12732 E ArmVmp : Match on catch block at 0xc3 in for 0xa5
02-19 12:43:17.193 12732 12732 E ArmVmp : Match on catch block at 0xc3 in for 0xa1
02-19 12:43:17.196 12732 12732 E ArmVmp : Match on catch block at 0xc3 in for 0xa5
02-19 12:43:17.244 12732 12732 E ArmVmp : Match on catch block at 0xc3 in for 0xa1
02-19 12:43:17.248 12732 12732 E ArmVmp : Match on catch block at 0xc3 in for 0xa5
02-19 12:43:17.275 12732 12732 E ArmVmp : Match on catch block at 0xc3 in for 0xa9
02-19 12:43:17.279 12732 12732 E ArmVmp : Match on catch block at 0xc3 in for 0xa1
02-19 12:43:17.293 12732 12732 E ArmVmp : Match on catch block at 0xc3 in for 0xa1
02-19 12:43:17.297 12732 12732 E ArmVmp : Match on catch block at 0xc3 in for 0xa5
02-19 12:43:17.342 12732 12732 E ArmVmp : Match on catch block at 0xc3 in for 0xa1
02-19 12:43:17.346 12732 12732 E ArmVmp : Match on catch block at 0xc3 in for 0xa5
02-19 12:43:17.381 12732 12732 E ArmVmp : Match on catch block at 0xc3 in for 0xa1
02-19 12:43:17.386 12732 12732 E ArmVmp : Match on catch block at 0xc3 in for 0xa5
02-19 12:43:17.505 12732 12732 W TabLayout: MODE_SCROLLABLE + GRAVITY_FILL is not
supported, GRAVITY_START will be used instead
02-19 12:43:17.609 12732 12732 W BottomSheetBehavior: BottomSheetBehavior now
supports multiple callbacks. `setBottomSheetCallback()` removes all existing
callbacks, including ones set internally by library authors, which may result in
unintended behavior. This may change in the future. Please use
`addBottomSheetCallback()` and `removeBottomSheetCallback()` instead to set your
own callbacks.
02-19 12:43:17.720 12732 12732 E ArmVmp : Match on catch block at 0xc3 in for 0xa9
02-19 12:43:17.724 12732 12732 E ArmVmp : Match on catch block at 0xc3 in for 0xa1
02-19 12:43:17.880 12732 12732 W View : requestLayout() improperly called by
com.whatsapp.WaImageView{5d93555 VF.D..CL. ......ID 0,0-128,128 #7f0b1814
app:id/shutter} during layout: running second layout pass
02-19 12:43:17.880 12732 12732 W View : requestLayout() improperly called by
com.whatsapp.CircularProgressBar{79cb6a V.ED..... ......ID 0,0-128,128 #7f0b14fc
app:id/recording_progress} during layout: running second layout pass
02-19 12:43:17.881 12732 12732 W View : requestLayout() improperly called by
com.whatsapp.WaImageView{dd2185b VF.D..C.. ......ID 0,0-96,96 #7f0b1976
app:id/switch_camera_btn} during layout: running second layout pass
02-19 12:43:17.881 12732 12732 W View : requestLayout() improperly called by
com.whatsapp.WaImageView{74248f8 VFED..C.. ......ID 0,0-96,96 #7f0b0b0d
app:id/gallery_btn} during layout: running second layout pass
02-19 12:43:17.881 12732 12732 W View : requestLayout() improperly called by
com.whatsapp.WaImageView{144d1d1 VF.D..C.. ......ID 0,0-96,96 #7f0b0a9c
app:id/flash_btn} during layout: running second layout pass
02-19 12:43:17.881 12732 12732 W View : requestLayout() improperly called by
com.whatsapp.WaImageView{ae13436 VFED..C.. ......ID 0,0-96,96 #7f0b057f
app:id/close_camera_btn} during layout: running second layout pass
02-19 12:43:17.881 12732 12732 W View : requestLayout() improperly called by
X.4Ki{78fdf37 V.ED..... ......ID 0,4-720,100} during layout: running second layout
pass
02-19 12:43:17.976 12732 12732 W View : requestLayout() improperly called by
com.whatsapp.WaImageView{5d93555 VF.D..CL. ......ID 296,1120-424,1248 #7f0b1814
app:id/shutter} during layout: running second layout pass
02-19 12:43:17.977 12732 12732 W View : requestLayout() improperly called by
com.whatsapp.CircularProgressBar{79cb6a V.ED..... ......ID 296,1120-424,1248
#7f0b14fc app:id/recording_progress} during layout: running second layout pass
02-19 12:43:17.977 12732 12732 W View : requestLayout() improperly called by
com.whatsapp.WaImageView{dd2185b VF.D..C.. ......ID 608,1136-704,1232 #7f0b1976
app:id/switch_camera_btn} during layout: running second layout pass
02-19 12:43:17.977 12732 12732 W View : requestLayout() improperly called by
com.whatsapp.WaImageView{74248f8 VFED..C.. ......ID 16,1136-112,1232 #7f0b0b0d
app:id/gallery_btn} during layout: running second layout pass
02-19 12:43:17.977 12732 12732 W View : requestLayout() improperly called by
com.whatsapp.WaImageView{144d1d1 VF.D..C.. ......I. 608,16-704,112 #7f0b0a9c
app:id/flash_btn} during layout: running second layout pass
02-19 12:43:17.977 12732 12732 W View : requestLayout() improperly called by
com.whatsapp.WaImageView{ae13436 VFED..C.. ......I. 16,16-112,112 #7f0b057f
app:id/close_camera_btn} during layout: running second layout pass
02-19 12:43:17.991 12732 12732 E ArmVmp : Match on catch block at 0xc3 in for 0xa1
02-19 12:43:17.997 12732 12732 E ArmVmp : Match on catch block at 0xc3 in for 0xa5
02-19 12:43:18.150 12732 12732 E ArmVmp : Match on catch block at 0xc3 in for 0xa5
02-19 12:43:18.154 12732 12732 E ArmVmp : Match on catch block at 0xc3 in for 0xa9
02-19 12:43:18.235 12732 12732 E ArmVmp : Match on catch block at 0xc3 in for 0xa5
02-19 12:43:18.241 12732 12732 E ArmVmp : Match on catch block at 0xc3 in for 0xa9
02-19 12:43:18.254 12732 12732 W IInputConnectionWrapper: requestCursorAnchorInfo
on inactive InputConnection
02-19 12:43:18.426 12732 12732 E ArmVmp : Match on catch block at 0xc3 in for 0xa1
02-19 12:43:18.434 12732 12732 E ArmVmp : Match on catch block at 0xc3 in for 0xa5
02-19 12:43:18.463 12732 12732 E ArmVmp : Match on catch block at 0xc3 in for 0xa1
02-19 12:43:18.468 12732 12732 E ArmVmp : Match on catch block at 0xc3 in for 0xa5
02-19 12:43:25.510 12732 13138 W H2BGraphicBufferProducer: getConsumerUsage is not
fully supported
02-19 12:43:26.912 12732 12782 E SQLiteDatabase: Error inserting transferred=1
media_job_uuid=883ce9b8-f7d3-4952-912b-5bec9fd301c1 transcoded=0 gif_attribution=0
first_scan_length=0 direct_path=/v/t62.15575-
24/30767744_918214863047122_2303134951029598097_n.enc?ccb=11-
4&oh=01_AdQ2cmj9bAwq6Q4aqQUjBUfkKMDgF85O6sShL5n0Gh_n0Q&oe=65FA616F&_nc_sid=5e03e0
thumbnail_height_width_ratio=1.0 is_animated_sticker=0
file_hash=PVs1Z5WqXL9nuEt6PX78iN5YzKYGFIEZQV+rotx//5w= file_path=Media/WhatsApp
Stickers/STK-20240217-WA0207.webp file_size=0 partial_media_hash=null face_x=0
face_y=0 height=64 trim_to=0 media_key_timestamp=1708324988000
message_url=https://mmg.whatsapp.net/v/t62.15575-
24/30767744_918214863047122_2303134951029598097_n.enc?ccb=11-
4&oh=01_AdQ2cmj9bAwq6Q4aqQUjBUfkKMDgF85O6sShL5n0Gh_n0Q&oe=65FA616F&_nc_sid=5e03e0&m
ms3=true media_caption=null trim_from=0 mime_type=image/webp
partial_media_enc_hash=null width=64 original_file_hash=null
has_streaming_sidecar=0 autotransfer_retry_enabled=1 media_upload_handle=null
message_row_id=916 multicast_id=null
enc_file_hash=DUjfy8YEsCRAktJ4685SocR7A87lqfPevK0R1Vgu2/o= mute_video=0
page_count=0 first_scan_sidecar=null suspicious_content=0 file_length=9778
media_name=null media_duration=0 chat_row_id=3 media_key=[B@22b5c89
02-19 12:43:26.912 12732 12782 E SQLiteDatabase:
android.database.sqlite.SQLiteConstraintException: UNIQUE constraint failed:
message_media.message_row_id (code 1555 SQLITE_CONSTRAINT_PRIMARYKEY)
02-19 12:43:26.912 12732 12782 E SQLiteDatabase: at
android.database.sqlite.SQLiteConnection.nativeExecuteForLastInsertedRowId(Native
Method)
02-19 12:43:26.912 12732 12782 E SQLiteDatabase: at
android.database.sqlite.SQLiteConnection.executeForLastInsertedRowId(SQLiteConnecti
on.java:938)
02-19 12:43:26.912 12732 12782 E SQLiteDatabase: at
android.database.sqlite.SQLiteSession.executeForLastInsertedRowId(SQLiteSession.jav
a:790)
02-19 12:43:26.912 12732 12782 E SQLiteDatabase: at
android.database.sqlite.SQLiteStatement.executeInsert(SQLiteStatement.java:88)
02-19 12:43:26.912 12732 12782 E SQLiteDatabase: at
android.database.sqlite.SQLiteDatabase.insertWithOnConflict(SQLiteDatabase.java:172
0)
02-19 12:43:26.912 12732 12782 E SQLiteDatabase: at
android.database.sqlite.SQLiteDatabase.insert(SQLiteDatabase.java:1589)
02-19 12:43:26.912 12732 12782 E SQLiteDatabase: at X.2tm.A08(Unknown
Source:6)
02-19 12:43:26.912 12732 12782 E SQLiteDatabase: at X.35Y.A07(Unknown
Source:212)
02-19 12:43:26.912 12732 12782 E SQLiteDatabase: at X.3QF.A14(Unknown
Source:470)
02-19 12:43:26.912 12732 12782 E SQLiteDatabase: at X.3gU.run(Unknown
Source:982)
02-19 12:43:26.912 12732 12782 E SQLiteDatabase: at
android.os.Handler.handleCallback(Handler.java:938)
02-19 12:43:26.912 12732 12782 E SQLiteDatabase: at
android.os.Handler.dispatchMessage(Handler.java:99)
02-19 12:43:26.912 12732 12782 E SQLiteDatabase: at
X.0zq.dispatchMessage(Unknown Source:4)
02-19 12:43:26.912 12732 12782 E SQLiteDatabase: at
android.os.Looper.loop(Looper.java:268)
02-19 12:43:26.912 12732 12782 E SQLiteDatabase: at
android.os.HandlerThread.run(HandlerThread.java:67)
02-19 12:43:28.622 12732 12732 W Choreographer: Frame time is 0.134369 now =
346640866067430 timestampNanos = 346640866201799 ms in the future! Check that
graphics HAL is generating vsync timestamps using the correct timebase.
02-19 12:43:30.935 12732 12732 W pool-7-thread-1: type=1400 audit(0.0:12431581):
avc: granted { execute } for
path="/data/data/com.whatsapp/files/decompressed/libs.spk.zst/libgifimage.so"
dev="mmcblk0p39" ino=241390 scontext=u:r:untrusted_app:s0:c10,c257,c512,c768
tcontext=u:object_r:app_data_file:s0:c10,c257,c512,c768 tclass=file
app=com.whatsapp
02-19 12:43:31.257 12732 12732 W AudioCapabilities: Unsupported mime audio/x-adpcm-
ms
02-19 12:43:31.258 12732 12732 W AudioCapabilities: Unsupported mime audio/x-adpcm-
dvi-ima
02-19 12:43:31.258 12732 12732 W AudioCapabilities: Unsupported mime audio/alac
02-19 12:43:31.258 12732 12732 W AudioCapabilities: Unsupported mime audio/ape
02-19 12:43:31.261 12732 12732 W VideoCapabilities: Unrecognized profile/level 1/32
for video/mp4v-es
02-19 12:43:31.261 12732 12732 W VideoCapabilities: Unrecognized profile/level
32768/2 for video/mp4v-es
02-19 12:43:31.261 12732 12732 W VideoCapabilities: Unrecognized profile/level
32768/64 for video/mp4v-es
02-19 12:43:31.263 12732 12732 W VideoCapabilities: Unsupported mime video/x-ms-wmv
02-19 12:43:31.264 12732 12732 W VideoCapabilities: Unsupported mime video/xvid
02-19 12:43:31.266 12732 12732 W VideoCapabilities: Unrecognized profile/level 1/32
for video/mp4v-es
02-19 12:43:31.287 12732 12746 W System : A resource failed to call close.
02-19 12:43:31.421 12732 13460 W Codec2Client: query -- param skipped: index =
1107298332.
02-19 12:43:31.421 12732 13460 W CCodec : This behavior is subject to change. It
is recommended that app developers double check whether the requested max input
size is in reasonable range.
02-19 12:43:31.429 12732 13460 W Codec2Client: query -- param skipped: index =
1342179345.
02-19 12:43:31.429 12732 13460 W Codec2Client: query -- param skipped: index =
2415921170.
02-19 12:43:31.430 12732 13460 W Codec2Client: query -- param skipped: index =
1610614798.
02-19 12:43:31.431 12732 13460 E FMQ : grantorIdx must be less than 3
02-19 12:43:31.432 12732 13460 E FMQ : grantorIdx must be less than 3
02-19 12:43:31.440 12732 13460 E FMQ : grantorIdx must be less than 3
02-19 12:43:31.450 12732 13392 E FMQ : grantorIdx must be less than 3
02-19 12:43:31.521 12732 13460 W Codec2Client: query -- param skipped: index =
1342179345.
02-19 12:43:31.521 12732 13460 W Codec2Client: query -- param skipped: index =
2415921170.
02-19 12:43:31.521 12732 13460 W Codec2Client: query -- param skipped: index =
1610614798.
02-19 12:43:31.527 12732 13460 W Codec2Client: query -- param skipped: index =
1342179345.
02-19 12:43:31.527 12732 13460 W Codec2Client: query -- param skipped: index =
2415921170.
02-19 12:43:31.527 12732 13460 W Codec2Client: query -- param skipped: index =
1610614798.
02-19 12:43:31.534 12732 13460 W Codec2Client: query -- param skipped: index =
1342179345.
02-19 12:43:31.534 12732 13460 W Codec2Client: query -- param skipped: index =
2415921170.
02-19 12:43:31.534 12732 13460 W Codec2Client: query -- param skipped: index =
1610614798.
02-19 12:43:31.538 12732 13453 W ACodec : Failed to set ANW_HWComposer to OMX,
ignoring (-2147483648)
02-19 12:43:31.539 12732 12785 E DRM_DCF_DECODER_JNI: nativeDecryptDcfFile: failed
to openDecryptSession, trigger showDrmDialogIfNeed
02-19 12:43:31.539 12732 12785 E DRM/DcfDecoder: decodeDrmImage native decrypt
failed
02-19 12:43:33.944 12732 12732 E ArmVmp : Match on catch block at 0x0a in for 0xc5
02-19 12:43:33.952 12732 12732 E ArmVmp : Match on catch block at 0x0a in for 0xc1
02-19 12:43:34.041 12732 13569 W OMXUtils: do not know color format 0x7f000200 =
2130706944
02-19 12:43:34.041 12732 13569 W OMXUtils: do not know color format 0x7f000789 =
2130708361
02-19 12:43:34.044 12732 13569 W OMXUtils: do not know color format 0x7f000789 =
2130708361
02-19 12:43:34.053 12732 13567 W H2BGraphicBufferProducer: getConsumerUsage is not
fully supported
02-19 12:43:34.194 12732 12732 E ArmVmp : Match on catch block at 0xc3 in for 0xa1
02-19 12:43:34.199 12732 12732 E ArmVmp : Match on catch block at 0xc3 in for 0xa5
02-19 12:43:34.202 12732 12732 E ArmVmp : Match on catch block at 0xc3 in for 0xa5
02-19 12:43:34.319 12732 12732 E ArmVmp : Match on catch block at 0xc3 in for 0xa5
02-19 12:43:34.324 12732 12732 E ArmVmp : Match on catch block at 0xc3 in for 0xa9
02-19 12:43:34.327 12732 12732 E ArmVmp : Match on catch block at 0xc3 in for 0xa9
02-19 12:43:34.358 12732 12732 E ArmVmp : Match on catch block at 0xc3 in for 0xa9
02-19 12:43:34.363 12732 12732 E ArmVmp : Match on catch block at 0xc3 in for 0xa1
02-19 12:43:34.366 12732 12732 E ArmVmp : Match on catch block at 0xc3 in for 0xa1
02-19 12:43:34.423 12732 12732 E ArmVmp : Match on catch block at 0xc3 in for 0xa5
02-19 12:43:34.430 12732 12732 E ArmVmp : Match on catch block at 0xc3 in for 0xa9
02-19 12:43:34.434 12732 12732 E ArmVmp : Match on catch block at 0xc3 in for 0xa9
02-19 12:43:34.462 12732 12732 E ArmVmp : Match on catch block at 0xc3 in for 0xa1
02-19 12:43:34.469 12732 12732 E ArmVmp : Match on catch block at 0xc3 in for 0xa5
02-19 12:43:34.473 12732 12732 E ArmVmp : Match on catch block at 0xc3 in for 0xa5
02-19 12:43:34.666 12732 12942 W RefBase : CallStack::getCurrentInternal not
linked, returning null
02-19 12:43:34.666 12732 12942 W RefBase : CallStack::logStackInternal not linked
02-19 12:43:34.676 12732 13453 W ACodec : Failed to set ANW_HWComposer to OMX,
ignoring (-2147483648)
02-19 12:43:34.689 12732 13460 W Codec2Client: query -- param skipped: index =
1342179345.
02-19 12:43:34.689 12732 13460 W Codec2Client: query -- param skipped: index =
2415921170.
02-19 12:43:34.689 12732 13460 W Codec2Client: query -- param skipped: index =
1610614798.
02-19 12:43:34.694 12732 13453 W ACodec : Failed to set ANW_HWComposer to OMX,
ignoring (-2147483648)
02-19 12:43:34.792 12732 12732 E ArmVmp : Match on catch block at 0xc3 in for 0xa1
02-19 12:43:34.796 12732 12732 E ArmVmp : Match on catch block at 0xc3 in for 0xa5
02-19 12:43:34.799 12732 12732 E ArmVmp : Match on catch block at 0xc3 in for 0xa5
02-19 12:43:34.808 12732 12732 E ArmVmp : Match on catch block at 0xc3 in for 0xa9
02-19 12:43:34.813 12732 12732 E ArmVmp : Match on catch block at 0xc3 in for 0xa1
02-19 12:43:34.816 12732 12732 E ArmVmp : Match on catch block at 0xc3 in for 0xa1
02-19 12:43:34.825 12732 12732 E ArmVmp : Match on catch block at 0xc3 in for 0xa5
02-19 12:43:34.829 12732 12732 E ArmVmp : Match on catch block at 0xc3 in for 0xa9
02-19 12:43:34.832 12732 12732 E ArmVmp : Match on catch block at 0xc3 in for 0xa9
02-19 12:43:34.842 12732 12732 E ArmVmp : Match on catch block at 0xc3 in for 0xa1
02-19 12:43:34.845 12732 12732 E ArmVmp : Match on catch block at 0xc3 in for 0xa5
02-19 12:43:34.848 12732 12732 E ArmVmp : Match on catch block at 0xc3 in for 0xa5
02-19 12:43:34.859 12732 12732 E ArmVmp : Match on catch block at 0xc3 in for 0xa9
02-19 12:43:34.862 12732 12732 E ArmVmp : Match on catch block at 0xc3 in for 0xa1
02-19 12:43:34.865 12732 12732 E ArmVmp : Match on catch block at 0xc3 in for 0xa1
02-19 12:43:34.875 12732 12732 E ArmVmp : Match on catch block at 0xc3 in for 0xa5
02-19 12:43:34.880 12732 12732 E ArmVmp : Match on catch block at 0xc3 in for 0xa9
02-19 12:43:34.883 12732 12732 E ArmVmp : Match on catch block at 0xc3 in for 0xa9
02-19 12:43:34.892 12732 12732 E ArmVmp : Match on catch block at 0xc3 in for 0xa1
02-19 12:43:34.895 12732 12732 E ArmVmp : Match on catch block at 0xc3 in for 0xa5
02-19 12:43:34.897 12732 12732 E ArmVmp : Match on catch block at 0xc3 in for 0xa5
02-19 12:43:34.908 12732 12732 E ArmVmp : Match on catch block at 0xc3 in for 0xa9
02-19 12:43:34.912 12732 12732 E ArmVmp : Match on catch block at 0xc3 in for 0xa1
02-19 12:43:34.915 12732 12732 E ArmVmp : Match on catch block at 0xc3 in for 0xa1
02-19 12:43:34.926 12732 12732 E ArmVmp : Match on catch block at 0xc3 in for 0xa5
02-19 12:43:34.930 12732 12732 E ArmVmp : Match on catch block at 0xc3 in for 0xa9
02-19 12:43:34.933 12732 12732 E ArmVmp : Match on catch block at 0xc3 in for 0xa9
02-19 12:43:34.943 12732 12732 E ArmVmp : Match on catch block at 0xc3 in for 0xa1
02-19 12:43:34.946 12732 12732 E ArmVmp : Match on catch block at 0xc3 in for 0xa5
02-19 12:43:34.949 12732 12732 E ArmVmp : Match on catch block at 0xc3 in for 0xa5
02-19 12:43:34.959 12732 12732 E ArmVmp : Match on catch block at 0xc3 in for 0xa9
02-19 12:43:34.964 12732 12732 E ArmVmp : Match on catch block at 0xc3 in for 0xa1
02-19 12:43:34.975 12732 12732 E ArmVmp : Match on catch block at 0xc3 in for 0xa1
02-19 12:43:34.978 12732 12732 E ArmVmp : Match on catch block at 0xc3 in for 0xa5
02-19 12:43:34.980 12732 12732 E ArmVmp : Match on catch block at 0xc3 in for 0xa5
02-19 12:43:34.989 12732 13567 E MPEG4Writer: Stop() called but track is not
started or stopped
02-19 12:43:34.993 12732 12732 E ArmVmp : Match on catch block at 0xc3 in for 0xa9
02-19 12:43:34.998 12732 12732 E ArmVmp : Match on catch block at 0xc3 in for 0xa1
02-19 12:43:35.001 12732 12732 E ArmVmp : Match on catch block at 0xc3 in for 0xa1
02-19 12:43:35.003 12732 13567 W RefBase : CallStack::getCurrentInternal not
linked, returning null
02-19 12:43:35.003 12732 13567 W RefBase : CallStack::logStackInternal not linked
02-19 12:43:35.011 12732 12732 E ArmVmp : Match on catch block at 0xc3 in for 0xa5
02-19 12:43:35.015 12732 12732 E ArmVmp : Match on catch block at 0xc3 in for 0xa9
02-19 12:43:35.018 12732 12732 E ArmVmp : Match on catch block at 0xc3 in for 0xa9
02-19 12:43:35.027 12732 12732 E ArmVmp : Match on catch block at 0xc3 in for 0xa1
02-19 12:43:35.031 12732 12732 E ArmVmp : Match on catch block at 0xc3 in for 0xa5
02-19 12:43:35.033 12732 12732 E ArmVmp : Match on catch block at 0xc3 in for 0xa5
02-19 12:43:35.044 12732 12732 E ArmVmp : Match on catch block at 0xc3 in for 0xa9
02-19 12:43:35.047 12732 12732 E ArmVmp : Match on catch block at 0xc3 in for 0xa1
02-19 12:43:35.059 12732 12732 E ArmVmp : Match on catch block at 0xc3 in for 0xa1
02-19 12:43:35.063 12732 12732 E ArmVmp : Match on catch block at 0xc3 in for 0xa5
02-19 12:43:35.065 12732 12732 E ArmVmp : Match on catch block at 0xc3 in for 0xa5
02-19 12:43:35.076 12732 12732 E ArmVmp : Match on catch block at 0xc3 in for 0xa5
02-19 12:43:35.081 12732 12732 E ArmVmp : Match on catch block at 0xc3 in for 0xa9
02-19 12:43:35.083 12732 12732 E ArmVmp : Match on catch block at 0xc3 in for 0xa9
02-19 12:43:35.092 12732 12732 E ArmVmp : Match on catch block at 0xc3 in for 0xa9
02-19 12:43:35.097 12732 12732 E ArmVmp : Match on catch block at 0xc3 in for 0xa1
02-19 12:43:35.099 12732 12732 E ArmVmp : Match on catch block at 0xc3 in for 0xa1
02-19 12:43:35.109 12732 12732 E ArmVmp : Match on catch block at 0xc3 in for 0xa9
02-19 12:43:35.113 12732 12732 E ArmVmp : Match on catch block at 0xc3 in for 0xa1
02-19 12:43:35.116 12732 12732 E ArmVmp : Match on catch block at 0xc3 in for 0xa1
02-19 12:43:35.126 12732 12732 E ArmVmp : Match on catch block at 0xc3 in for 0xa9
02-19 12:43:35.130 12732 12732 E ArmVmp : Match on catch block at 0xc3 in for 0xa1
02-19 12:43:35.133 12732 12732 E ArmVmp : Match on catch block at 0xc3 in for 0xa1
02-19 12:43:35.143 12732 12732 E ArmVmp : Match on catch block at 0xc3 in for 0xa9
02-19 12:43:35.147 12732 12732 E ArmVmp : Match on catch block at 0xc3 in for 0xa1
02-19 12:43:35.150 12732 12732 E ArmVmp : Match on catch block at 0xc3 in for 0xa1
02-19 12:43:35.159 12732 12732 E ArmVmp : Match on catch block at 0xc3 in for 0xa9
02-19 12:43:35.163 12732 12732 E ArmVmp : Match on catch block at 0xc3 in for 0xa1
02-19 12:43:35.165 12732 12732 E ArmVmp : Match on catch block at 0xc3 in for 0xa1
02-19 12:43:35.176 12732 12732 E ArmVmp : Match on catch block at 0xc3 in for 0xa9
02-19 12:43:35.180 12732 12732 E ArmVmp : Match on catch block at 0xc3 in for 0xa1
02-19 12:43:35.182 12732 12732 E ArmVmp : Match on catch block at 0xc3 in for 0xa1
02-19 12:43:35.193 12732 12732 E ArmVmp : Match on catch block at 0xc3 in for 0xa9
02-19 12:43:35.197 12732 12732 E ArmVmp : Match on catch block at 0xc3 in for 0xa1
02-19 12:43:35.200 12732 12732 E ArmVmp : Match on catch block at 0xc3 in for 0xa1
02-19 12:43:35.210 12732 12732 E ArmVmp : Match on catch block at 0xc3 in for 0xa9
02-19 12:43:35.213 12732 12732 E ArmVmp : Match on catch block at 0xc3 in for 0xa1
02-19 12:43:35.215 12732 12732 E ArmVmp : Match on catch block at 0xc3 in for 0xa1
02-19 12:43:35.226 12732 12732 E ArmVmp : Match on catch block at 0xc3 in for 0xa9
02-19 12:43:35.230 12732 12732 E ArmVmp : Match on catch block at 0xc3 in for 0xa1
02-19 12:43:35.232 12732 12732 E ArmVmp : Match on catch block at 0xc3 in for 0xa1
02-19 12:43:35.243 12732 12732 E ArmVmp : Match on catch block at 0xc3 in for 0xa9
02-19 12:43:35.246 12732 12732 E ArmVmp : Match on catch block at 0xc3 in for 0xa1
02-19 12:43:35.249 12732 12732 E ArmVmp : Match on catch block at 0xc3 in for 0xa1
02-19 12:43:35.260 12732 12732 E ArmVmp : Match on catch block at 0xc3 in for 0xa9
02-19 12:43:35.263 12732 12732 E ArmVmp : Match on catch block at 0xc3 in for 0xa1
02-19 12:43:35.266 12732 12732 E ArmVmp : Match on catch block at 0xc3 in for 0xa1
02-19 12:43:35.276 12732 12732 E ArmVmp : Match on catch block at 0xc3 in for 0xa9
02-19 12:43:35.280 12732 12732 E ArmVmp : Match on catch block at 0xc3 in for 0xa1
02-19 12:43:35.293 12732 12732 E ArmVmp : Match on catch block at 0xc3 in for 0xa1
02-19 12:43:35.297 12732 12732 E ArmVmp : Match on catch block at 0xc3 in for 0xa5
02-19 12:43:35.301 12732 12732 E ArmVmp : Match on catch block at 0xc3 in for 0xa5
02-19 12:43:35.410 12732 12732 E ArmVmp : Match on catch block at 0xc3 in for 0xa9
02-19 12:43:35.413 12732 12732 E ArmVmp : Match on catch block at 0xc3 in for 0xa1
02-19 12:43:35.416 12732 12732 E ArmVmp : Match on catch block at 0xc3 in for 0xa1
02-19 12:43:35.502 12732 12782 E SQLiteDatabase: Error inserting transferred=0
media_job_uuid=b9184dbb-911a-4aaf-8535-fc72fbf651cd transcoded=1 gif_attribution=0
first_scan_length=0 direct_path=null thumbnail_height_width_ratio=1.3333334
is_animated_sticker=0 file_hash=null
file_path=/data/user/0/com.whatsapp/files/.Shared/09acb153-fd9d-4c5d-8ed9-
80dcd5e8da42.mp4 file_size=2781776 partial_media_hash=null face_x=0 face_y=0
height=0 trim_to=0 media_key_timestamp=0 message_url=null media_caption=null
trim_from=0 mime_type=null partial_media_enc_hash=null width=0
original_file_hash=null has_streaming_sidecar=0 autotransfer_retry_enabled=1
media_upload_handle=null message_row_id=917 multicast_id=null enc_file_hash=null
mute_video=0 page_count=0 first_scan_sidecar=null suspicious_content=0
file_length=2781776 media_name=09acb153-fd9d-4c5d-8ed9-80dcd5e8da42.mp4
media_duration=4 chat_row_id=3 media_key=null
02-19 12:43:35.502 12732 12782 E SQLiteDatabase:
android.database.sqlite.SQLiteConstraintException: UNIQUE constraint failed:
message_media.message_row_id (code 1555 SQLITE_CONSTRAINT_PRIMARYKEY)
02-19 12:43:35.502 12732 12782 E SQLiteDatabase: at
android.database.sqlite.SQLiteConnection.nativeExecuteForLastInsertedRowId(Native
Method)
02-19 12:43:35.502 12732 12782 E SQLiteDatabase: at
android.database.sqlite.SQLiteConnection.executeForLastInsertedRowId(SQLiteConnecti
on.java:938)
02-19 12:43:35.502 12732 12782 E SQLiteDatabase: at
android.database.sqlite.SQLiteSession.executeForLastInsertedRowId(SQLiteSession.jav
a:790)
02-19 12:43:35.502 12732 12782 E SQLiteDatabase: at
android.database.sqlite.SQLiteStatement.executeInsert(SQLiteStatement.java:88)
02-19 12:43:35.502 12732 12782 E SQLiteDatabase: at
android.database.sqlite.SQLiteDatabase.insertWithOnConflict(SQLiteDatabase.java:172
0)
02-19 12:43:35.502 12732 12782 E SQLiteDatabase: at
android.database.sqlite.SQLiteDatabase.insert(SQLiteDatabase.java:1589)
02-19 12:43:35.502 12732 12782 E SQLiteDatabase: at X.2tm.A08(Unknown
Source:6)
02-19 12:43:35.502 12732 12782 E SQLiteDatabase: at X.35Y.A07(Unknown
Source:212)
02-19 12:43:35.502 12732 12782 E SQLiteDatabase: at X.3QF.A14(Unknown
Source:470)
02-19 12:43:35.502 12732 12782 E SQLiteDatabase: at X.3gU.run(Unknown
Source:982)
02-19 12:43:35.502 12732 12782 E SQLiteDatabase: at
android.os.Handler.handleCallback(Handler.java:938)
02-19 12:43:35.502 12732 12782 E SQLiteDatabase: at
android.os.Handler.dispatchMessage(Handler.java:99)
02-19 12:43:35.502 12732 12782 E SQLiteDatabase: at
X.0zq.dispatchMessage(Unknown Source:4)
02-19 12:43:35.502 12732 12782 E SQLiteDatabase: at
android.os.Looper.loop(Looper.java:268)
02-19 12:43:35.502 12732 12782 E SQLiteDatabase: at
android.os.HandlerThread.run(HandlerThread.java:67)
02-19 12:43:35.512 12732 12732 E ArmVmp : Match on catch block at 0xc3 in for 0xa5
02-19 12:43:35.515 12732 12732 E ArmVmp : Match on catch block at 0xc3 in for 0xa9
02-19 12:43:35.518 12732 12732 E ArmVmp : Match on catch block at 0xc3 in for 0xa9
02-19 12:43:35.531 12732 12732 E ArmVmp : Match on catch block at 0xc3 in for 0xa1
02-19 12:43:35.535 12732 12732 E ArmVmp : Match on catch block at 0xc3 in for 0xa5
02-19 12:43:35.546 12732 12732 E ArmVmp : Match on catch block at 0xc3 in for 0xa5
02-19 12:43:35.549 12732 12732 E ArmVmp : Match on catch block at 0xc3 in for 0xa9
02-19 12:43:35.552 12732 12732 E ArmVmp : Match on catch block at 0xc3 in for 0xa9
02-19 12:43:35.610 12732 12732 E ArmVmp : Match on catch block at 0xc3 in for 0xa1
02-19 12:43:35.613 12732 12732 E ArmVmp : Match on catch block at 0xc3 in for 0xa5
02-19 12:43:35.616 12732 12732 E ArmVmp : Match on catch block at 0xc3 in for 0xa5
02-19 12:43:35.629 12732 12732 E ArmVmp : Match on catch block at 0xc3 in for 0xa9
02-19 12:43:35.633 12732 12732 E ArmVmp : Match on catch block at 0xc3 in for 0xa1
02-19 12:43:35.635 12732 12732 E ArmVmp : Match on catch block at 0xc3 in for 0xa1
02-19 12:43:35.648 12732 12732 E ArmVmp : Match on catch block at 0xc3 in for 0xa5
02-19 12:43:35.652 12732 12732 E ArmVmp : Match on catch block at 0xc3 in for 0xa9
02-19 12:43:35.654 12732 12732 E ArmVmp : Match on catch block at 0xc3 in for 0xa9
02-19 12:43:35.677 12732 12732 E ArmVmp : Match on catch block at 0xc3 in for 0xa1
02-19 12:43:35.680 12732 12732 E ArmVmp : Match on catch block at 0xc3 in for 0xa5
02-19 12:43:35.682 12732 12732 E ArmVmp : Match on catch block at 0xc3 in for 0xa5
02-19 12:43:35.911 12732 12732 E ArmVmp : Match on catch block at 0xc3 in for 0xa9
02-19 12:43:35.914 12732 12732 E ArmVmp : Match on catch block at 0xc3 in for 0xa1
02-19 12:43:35.917 12732 12732 E ArmVmp : Match on catch block at 0xc3 in for 0xa1
02-19 12:43:36.195 12732 12732 E ArmVmp : Match on catch block at 0xc3 in for 0xa5
02-19 12:43:36.200 12732 12732 E ArmVmp : Match on catch block at 0xc3 in for 0xa9
02-19 12:43:36.204 12732 12732 E ArmVmp : Match on catch block at 0xc3 in for 0xa9
02-19 12:43:36.229 12732 12732 E ArmVmp : Match on catch block at 0xc3 in for 0xa1
02-19 12:43:36.233 12732 12732 E ArmVmp : Match on catch block at 0xc3 in for 0xa5
02-19 12:43:36.236 12732 12732 E ArmVmp : Match on catch block at 0xc3 in for 0xa5
02-19 12:43:36.255 12732 12732 E ArmVmp : Match on catch block at 0xc3 in for 0xa9
02-19 12:43:36.258 12732 12732 E ArmVmp : Match on catch block at 0xc3 in for 0xa1
02-19 12:43:36.263 12732 12732 E ArmVmp : Match on catch block at 0xc3 in for 0xa1
02-19 12:43:36.280 12732 12732 E ArmVmp : Match on catch block at 0xc3 in for 0xa5
02-19 12:43:36.284 12732 12732 E ArmVmp : Match on catch block at 0xc3 in for 0xa9
02-19 12:43:36.287 12732 12732 E ArmVmp : Match on catch block at 0xc3 in for 0xa9
02-19 12:43:36.296 12732 12732 E ArmVmp : Match on catch block at 0xc3 in for 0xa1
02-19 12:43:36.300 12732 12732 E ArmVmp : Match on catch block at 0xc3 in for 0xa5
02-19 12:43:36.303 12732 12732 E ArmVmp : Match on catch block at 0xc3 in for 0xa5
02-19 12:43:36.315 12732 12732 E ArmVmp : Match on catch block at 0xc3 in for 0xa9
02-19 12:43:36.319 12732 12732 E ArmVmp : Match on catch block at 0xc3 in for 0xa1
02-19 12:43:36.323 12732 12732 E ArmVmp : Match on catch block at 0xc3 in for 0xa1
02-19 12:43:36.347 12732 12732 E ArmVmp : Match on catch block at 0xc3 in for 0xa5
02-19 12:43:36.351 12732 12732 E ArmVmp : Match on catch block at 0xc3 in for 0xa9
02-19 12:43:36.354 12732 12732 E ArmVmp : Match on catch block at 0xc3 in for 0xa9
02-19 12:43:36.368 12732 12732 E ArmVmp : Match on catch block at 0xc3 in for 0xa1
02-19 12:43:36.371 12732 12732 E ArmVmp : Match on catch block at 0xc3 in for 0xa5
02-19 12:43:36.374 12732 12732 E ArmVmp : Match on catch block at 0xc3 in for 0xa5
02-19 12:43:36.396 12732 12732 E ArmVmp : Match on catch block at 0xc3 in for 0xa9
02-19 12:43:36.401 12732 12732 E ArmVmp : Match on catch block at 0xc3 in for 0xa1
02-19 12:43:36.403 12732 12732 E ArmVmp : Match on catch block at 0xc3 in for 0xa1
02-19 12:43:36.413 12732 12732 E ArmVmp : Match on catch block at 0xc3 in for 0xa5
02-19 12:43:36.417 12732 12732 E ArmVmp : Match on catch block at 0xc3 in for 0xa9
02-19 12:43:36.419 12732 12732 E ArmVmp : Match on catch block at 0xc3 in for 0xa9
02-19 12:43:36.480 12732 12732 E ArmVmp : Match on catch block at 0xc3 in for 0xa1
02-19 12:43:36.484 12732 12732 E ArmVmp : Match on catch block at 0xc3 in for 0xa5
02-19 12:43:36.487 12732 12732 E ArmVmp : Match on catch block at 0xc3 in for 0xa5
02-19 12:43:36.504 12732 12732 E ArmVmp : Match on catch block at 0xc3 in for 0xa9
02-19 12:43:36.509 12732 12732 E ArmVmp : Match on catch block at 0xc3 in for 0xa1
02-19 12:43:36.513 12732 12732 E ArmVmp : Match on catch block at 0xc3 in for 0xa1
02-19 12:43:36.530 12732 12732 E ArmVmp : Match on catch block at 0xc3 in for 0xa5
02-19 12:43:36.533 12732 12732 E ArmVmp : Match on catch block at 0xc3 in for 0xa9
02-19 12:43:36.537 12732 12732 E ArmVmp : Match on catch block at 0xc3 in for 0xa9
02-19 12:43:36.563 12732 12732 E ArmVmp : Match on catch block at 0xc3 in for 0xa1
02-19 12:43:36.567 12732 12732 E ArmVmp : Match on catch block at 0xc3 in for 0xa5
02-19 12:43:36.571 12732 12732 E ArmVmp : Match on catch block at 0xc3 in for 0xa5
02-19 12:43:36.587 12732 12732 E ArmVmp : Match on catch block at 0xc3 in for 0xa9
02-19 12:43:36.591 12732 12732 E ArmVmp : Match on catch block at 0xc3 in for 0xa1
02-19 12:43:36.593 12732 12732 E ArmVmp : Match on catch block at 0xc3 in for 0xa1
02-19 12:43:36.614 12732 12732 E ArmVmp : Match on catch block at 0xc3 in for 0xa5
02-19 12:43:36.618 12732 12732 E ArmVmp : Match on catch block at 0xc3 in for 0xa9
02-19 12:43:36.623 12732 12732 E ArmVmp : Match on catch block at 0xc3 in for 0xa9
02-19 12:43:36.647 12732 12732 E ArmVmp : Match on catch block at 0xc3 in for 0xa1
02-19 12:43:36.650 12732 12732 E ArmVmp : Match on catch block at 0xc3 in for 0xa5
02-19 12:43:36.653 12732 12732 E ArmVmp : Match on catch block at 0xc3 in for 0xa5
02-19 12:43:36.663 12732 12732 E ArmVmp : Match on catch block at 0xc3 in for 0xa9
02-19 12:43:36.670 12732 12732 E ArmVmp : Match on catch block at 0xc3 in for 0xa1
02-19 12:43:36.673 12732 12732 E ArmVmp : Match on catch block at 0xc3 in for 0xa1
02-19 12:43:36.680 12732 12732 E ArmVmp : Match on catch block at 0xc3 in for 0xa5
02-19 12:43:36.685 12732 12732 E ArmVmp : Match on catch block at 0xc3 in for 0xa9
02-19 12:43:36.689 12732 12732 E ArmVmp : Match on catch block at 0xc3 in for 0xa9
02-19 12:43:36.697 12732 12732 E ArmVmp : Match on catch block at 0xc3 in for 0xa1
02-19 12:43:36.701 12732 12732 E ArmVmp : Match on catch block at 0xc3 in for 0xa5
02-19 12:43:36.705 12732 12732 E ArmVmp : Match on catch block at 0xc3 in for 0xa5
02-19 12:43:36.714 12732 12732 E ArmVmp : Match on catch block at 0xc3 in for 0xa9
02-19 12:43:36.719 12732 12732 E ArmVmp : Match on catch block at 0xc3 in for 0xa1
02-19 12:43:36.722 12732 12732 E ArmVmp : Match on catch block at 0xc3 in for 0xa1
02-19 12:43:36.731 12732 12732 E ArmVmp : Match on catch block at 0xc3 in for 0xa5
02-19 12:43:36.737 12732 12732 E ArmVmp : Match on catch block at 0xc3 in for 0xa9
02-19 12:43:36.740 12732 12732 E ArmVmp : Match on catch block at 0xc3 in for 0xa9
02-19 12:43:36.748 12732 12732 E ArmVmp : Match on catch block at 0xc3 in for 0xa1
02-19 12:43:36.753 12732 12732 E ArmVmp : Match on catch block at 0xc3 in for 0xa5
02-19 12:43:36.758 12732 12732 E ArmVmp : Match on catch block at 0xc3 in for 0xa5
02-19 12:43:36.784 12732 12732 E ArmVmp : Match on catch block at 0xc3 in for 0xa9
02-19 12:43:36.790 12732 12732 E ArmVmp : Match on catch block at 0xc3 in for 0xa1
02-19 12:43:36.795 12732 12732 E ArmVmp : Match on catch block at 0xc3 in for 0xa1
02-19 12:43:36.816 12732 12732 E ArmVmp : Match on catch block at 0xc3 in for 0xa5
02-19 12:43:36.820 12732 12732 E ArmVmp : Match on catch block at 0xc3 in for 0xa9
02-19 12:43:36.824 12732 12732 E ArmVmp : Match on catch block at 0xc3 in for 0xa9
02-19 12:43:36.830 12732 12732 E ArmVmp : Match on catch block at 0xc3 in for 0xa1
02-19 12:43:36.834 12732 12732 E ArmVmp : Match on catch block at 0xc3 in for 0xa5
02-19 12:43:36.838 12732 12732 E ArmVmp : Match on catch block at 0xc3 in for 0xa5
02-19 12:43:36.849 12732 12732 E ArmVmp : Match on catch block at 0xc3 in for 0xa9
02-19 12:43:36.854 12732 12732 E ArmVmp : Match on catch block at 0xc3 in for 0xa1
02-19 12:43:36.858 12732 12732 E ArmVmp : Match on catch block at 0xc3 in for 0xa1
02-19 12:43:36.868 12732 12732 E ArmVmp : Match on catch block at 0xc3 in for 0xa5
02-19 12:43:36.873 12732 12732 E ArmVmp : Match on catch block at 0xc3 in for 0xa9
02-19 12:43:36.878 12732 12732 E ArmVmp : Match on catch block at 0xc3 in for 0xa9
02-19 12:43:36.901 12732 12732 E ArmVmp : Match on catch block at 0xc3 in for 0xa1
02-19 12:43:36.906 12732 12732 E ArmVmp : Match on catch block at 0xc3 in for 0xa5
02-19 12:43:36.910 12732 12732 E ArmVmp : Match on catch block at 0xc3 in for 0xa5
02-19 12:43:36.933 12732 12732 E ArmVmp : Match on catch block at 0xc3 in for 0xa9
02-19 12:43:36.938 12732 12732 E ArmVmp : Match on catch block at 0xc3 in for 0xa1
02-19 12:43:36.942 12732 12732 E ArmVmp : Match on catch block at 0xc3 in for 0xa1
02-19 12:43:36.948 12732 12732 E ArmVmp : Match on catch block at 0xc3 in for 0xa5
02-19 12:43:36.951 12732 12732 E ArmVmp : Match on catch block at 0xc3 in for 0xa9
02-19 12:43:36.954 12732 12732 E ArmVmp : Match on catch block at 0xc3 in for 0xa9
02-19 12:43:36.965 12732 12732 E ArmVmp : Match on catch block at 0xc3 in for 0xa1
02-19 12:43:36.970 12732 12732 E ArmVmp : Match on catch block at 0xc3 in for 0xa5
02-19 12:43:36.992 12732 12732 E ArmVmp : Match on catch block at 0xc3 in for 0xa5
02-19 12:43:36.998 12732 12732 E ArmVmp : Match on catch block at 0xc3 in for 0xa9
02-19 12:43:37.002 12732 12732 E ArmVmp : Match on catch block at 0xc3 in for 0xa9
02-19 12:43:37.015 12732 12732 E ArmVmp : Match on catch block at 0xc3 in for 0xa1
02-19 12:43:37.018 12732 12732 E ArmVmp : Match on catch block at 0xc3 in for 0xa5
02-19 12:43:37.021 12732 12732 E ArmVmp : Match on catch block at 0xc3 in for 0xa5
02-19 12:43:37.032 12732 12732 E ArmVmp : Match on catch block at 0xc3 in for 0xa9
02-19 12:43:37.038 12732 12732 E ArmVmp : Match on catch block at 0xc3 in for 0xa1
02-19 12:43:37.042 12732 12732 E ArmVmp : Match on catch block at 0xc3 in for 0xa1
02-19 12:43:37.050 12732 12732 E ArmVmp : Match on catch block at 0xc3 in for 0xa5
02-19 12:43:37.055 12732 12732 E ArmVmp : Match on catch block at 0xc3 in for 0xa9
02-19 12:43:37.059 12732 12732 E ArmVmp : Match on catch block at 0xc3 in for 0xa9
02-19 12:43:37.067 12732 12732 E ArmVmp : Match on catch block at 0xc3 in for 0xa1
02-19 12:43:37.074 12732 12732 E ArmVmp : Match on catch block at 0xc3 in for 0xa5
02-19 12:43:37.081 12732 12732 E ArmVmp : Match on catch block at 0xc3 in for 0xa5
02-19 12:43:37.099 12732 12732 E ArmVmp : Match on catch block at 0xc3 in for 0xa9
02-19 12:43:37.103 12732 12732 E ArmVmp : Match on catch block at 0xc3 in for 0xa1
02-19 12:43:37.108 12732 12732 E ArmVmp : Match on catch block at 0xc3 in for 0xa1
02-19 12:43:37.118 12732 12732 E ArmVmp : Match on catch block at 0xc3 in for 0xa5
02-19 12:43:37.124 12732 12732 E ArmVmp : Match on catch block at 0xc3 in for 0xa9
02-19 12:43:37.129 12732 12732 E ArmVmp : Match on catch block at 0xc3 in for 0xa9
02-19 12:43:37.150 12732 12732 E ArmVmp : Match on catch block at 0xc3 in for 0xa1
02-19 12:43:37.157 12732 12732 E ArmVmp : Match on catch block at 0xc3 in for 0xa5
02-19 12:43:37.162 12732 12732 E ArmVmp : Match on catch block at 0xc3 in for 0xa5
02-19 12:43:37.171 12732 12732 E ArmVmp : Match on catch block at 0xc3 in for 0xa9
02-19 12:43:37.176 12732 12732 E ArmVmp : Match on catch block at 0xc3 in for 0xa1
02-19 12:43:37.180 12732 12732 E ArmVmp : Match on catch block at 0xc3 in for 0xa1
02-19 12:43:37.188 12732 12732 E ArmVmp : Match on catch block at 0xc3 in for 0xa5
02-19 12:43:37.195 12732 12732 E ArmVmp : Match on catch block at 0xc3 in for 0xa9
02-19 12:43:37.200 12732 12732 E ArmVmp : Match on catch block at 0xc3 in for 0xa9
02-19 12:43:37.209 12732 12732 E ArmVmp : Match on catch block at 0xc3 in for 0xa1
02-19 12:43:37.216 12732 12732 E ArmVmp : Match on catch block at 0xc3 in for 0xa5
02-19 12:43:37.221 12732 12732 E ArmVmp : Match on catch block at 0xc3 in for 0xa5
02-19 12:43:37.233 12732 12732 E ArmVmp : Match on catch block at 0xc3 in for 0xa9
02-19 12:43:37.240 12732 12732 E ArmVmp : Match on catch block at 0xc3 in for 0xa1
02-19 12:43:37.244 12732 12732 E ArmVmp : Match on catch block at 0xc3 in for 0xa1
02-19 12:43:37.255 12732 12732 E ArmVmp : Match on catch block at 0xc3 in for 0xa5
02-19 12:43:37.262 12732 12732 E ArmVmp : Match on catch block at 0xc3 in for 0xa9
02-19 12:43:37.267 12732 12732 E ArmVmp : Match on catch block at 0xc3 in for 0xa9
02-19 12:43:37.277 12732 12732 E ArmVmp : Match on catch block at 0xc3 in for 0xa1
02-19 12:43:37.284 12732 12732 E ArmVmp : Match on catch block at 0xc3 in for 0xa5
02-19 12:43:37.289 12732 12732 E ArmVmp : Match on catch block at 0xc3 in for 0xa5
02-19 12:43:37.301 12732 12782 E SQLiteDatabase: Error inserting transferred=1
