02-18 14:42:41.740 6059 6059 W System.err: java.lang.ClassNotFoundException:
mbmodsd.mbmodsw.ui.views.btn.BtnBK
02-18 14:42:41.741 6059 6059 W System.err: at
java.lang.Runtime.nativeLoad(Native Method)
02-18 14:42:41.741 6059 6059 W System.err: at
java.lang.Runtime.nativeLoad(Runtime.java:1131)
02-18 14:42:41.742 6059 6059 W System.err: at
java.lang.Runtime.loadLibrary0(Runtime.java:1085)
02-18 14:42:41.742 6059 6059 W System.err: at
java.lang.Runtime.loadLibrary0(Runtime.java:1008)
02-18 14:42:41.742 6059 6059 W System.err: at
java.lang.System.loadLibrary(System.java:1664)
02-18 14:42:41.742 6059 6059 W System.err: at arm.EpicVm.<clinit>(Unknown
Source:2)
02-18 14:42:41.742 6059 6059 W System.err: at
java.lang.Class.newInstance(Native Method)
02-18 14:42:41.742 6059 6059 W System.err: at
android.app.AppComponentFactory.instantiateApplication(AppComponentFactory.java:76)
02-18 14:42:41.742 6059 6059 W System.err: at
androidx.core.app.CoreComponentFactory.instantiateApplication(Unknown Source:0)
02-18 14:42:41.743 6059 6059 W System.err: at
android.app.Instrumentation.newApplication(Instrumentation.java:1164)
02-18 14:42:41.743 6059 6059 W System.err: at
android.app.LoadedApk.makeApplication(LoadedApk.java:1244)
02-18 14:42:41.743 6059 6059 W System.err: at
android.app.ActivityThread.handleBindApplication(ActivityThread.java:7012)
02-18 14:42:41.743 6059 6059 W System.err: at
android.app.ActivityThread.access$1500(ActivityThread.java:263)
02-18 14:42:41.743 6059 6059 W System.err: at
android.app.ActivityThread$H.handleMessage(ActivityThread.java:2032)
02-18 14:42:41.743 6059 6059 W System.err: at
android.os.Handler.dispatchMessage(Handler.java:106)
02-18 14:42:41.743 6059 6059 W System.err: at
android.os.Looper.loop(Looper.java:268)
02-18 14:42:41.743 6059 6059 W System.err: at
android.app.ActivityThread.main(ActivityThread.java:8016)
02-18 14:42:41.743 6059 6059 W System.err: at
java.lang.reflect.Method.invoke(Native Method)
02-18 14:42:41.744 6059 6059 W System.err: at
com.android.internal.os.RuntimeInit$MethodAndArgsCaller.run(RuntimeInit.java:627)
02-18 14:42:41.744 6059 6059 W System.err: at
com.android.internal.os.ZygoteInit.main(ZygoteInit.java:997)
02-18 14:42:42.026 6059 6059 E libc : Access denied finding property
"ro.vendor.pref_scale_resolution"
02-18 14:42:42.054 6059 6059 E CustomActivityOnCrash: IMPORTANT WARNING! You
already have an UncaughtExceptionHandler, are you sure this is correct? If you use
a custom UncaughtExceptionHandler, you must initialize it AFTER
CustomActivityOnCrash! Installing anyway, but your original handler will not be
called.
02-18 14:42:42.300 6059 6091 W LibraryVersion: Failed to get app version for
libraryName: firebase-iid
02-18 14:42:43.379 6059 6059 W com.whatsapp: Accessing hidden method
Lcom/android/org/conscrypt/OpenSSLSocketImpl;->setUseSessionTickets(Z)V (greylist-
max-q,test-api, reflection, denied)
02-18 14:42:43.380 6059 6059 W com.whatsapp: Accessing hidden method
Lcom/android/org/conscrypt/AbstractConscryptSocket;->setUseSessionTickets(Z)V
(greylist-max-q, reflection, denied)
02-18 14:42:43.521 6059 6059 W linker : Warning:
"/data/data/com.whatsapp/files/decompressed/libs.spk.zst/libc++_shared.so" unused
DT entry: unknown processor-specific (type 0x70000001 arg 0x0) (ignoring)
02-18 14:42:43.516 6059 6059 W com.whatsapp: type=1400 audit(0.0:12101087): avc:
granted { execute } for
path="/data/data/com.whatsapp/files/decompressed/libs.spk.zst/libc++_shared.so"
dev="mmcblk0p39" ino=231293 scontext=u:r:untrusted_app:s0:c10,c257,c512,c768
tcontext=u:object_r:app_data_file:s0:c10,c257,c512,c768 tclass=file
app=com.whatsapp
02-18 14:42:43.532 6059 6059 W com.whatsapp: type=1400 audit(0.0:12101088): avc:
granted { execute } for
path="/data/data/com.whatsapp/files/decompressed/libs.spk.zst/libvlc.so"
dev="mmcblk0p39" ino=225771 scontext=u:r:untrusted_app:s0:c10,c257,c512,c768
tcontext=u:object_r:app_data_file:s0:c10,c257,c512,c768 tclass=file
app=com.whatsapp
02-18 14:42:43.898 6059 6123 W com.whatsapp: Class X.2rL failed lock verification
and will run slower.
02-18 14:42:43.898 6059 6123 W com.whatsapp: Common causes for lock verification
issues are non-optimized dex code
02-18 14:42:43.898 6059 6123 W com.whatsapp: and incorrect proguard
optimizations.
02-18 14:42:44.448 6059 6138 W System : ClassLoader referenced unknown path:
system/framework/mediatek-cta.jar
02-18 14:42:50.858 6059 6135 E ion : ioctl c0044901 failed with code -1:
Invalid argument
02-18 14:42:50.903 6059 6135 E libc : Access denied finding property
"vendor.debug.drm.logv"
02-18 14:42:50.904 6059 6135 E libc : Access denied finding property
"vendor.debug.drm.logv"
02-18 14:42:50.907 6059 6135 E libc : Access denied finding property
"vendor.debug.drm.logd"
02-18 14:42:50.908 6059 6135 E libc : Access denied finding property
"vendor.debug.drm.logv"
--------- beginning of main
02-18 15:37:59.401 13317 13317 E com.whatsapp: Not starting debugger since process
cannot load the jdwp agent.
02-18 15:37:59.655 13317 13317 W System.err: java.lang.ClassNotFoundException:
mbmodsd.mbmodsw.ui.views.btn.BtnBK
02-18 15:37:59.655 13317 13317 W System.err: at
java.lang.Runtime.nativeLoad(Native Method)
02-18 15:37:59.655 13317 13317 W System.err: at
java.lang.Runtime.nativeLoad(Runtime.java:1131)
02-18 15:37:59.655 13317 13317 W System.err: at
java.lang.Runtime.loadLibrary0(Runtime.java:1085)
02-18 15:37:59.655 13317 13317 W System.err: at
java.lang.Runtime.loadLibrary0(Runtime.java:1008)
02-18 15:37:59.655 13317 13317 W System.err: at
java.lang.System.loadLibrary(System.java:1664)
02-18 15:37:59.655 13317 13317 W System.err: at arm.EpicVm.<clinit>(Unknown
Source:2)
02-18 15:37:59.655 13317 13317 W System.err: at
java.lang.Class.newInstance(Native Method)
02-18 15:37:59.655 13317 13317 W System.err: at
android.app.AppComponentFactory.instantiateApplication(AppComponentFactory.java:76)
02-18 15:37:59.655 13317 13317 W System.err: at
androidx.core.app.CoreComponentFactory.instantiateApplication(Unknown Source:0)
02-18 15:37:59.655 13317 13317 W System.err: at
android.app.Instrumentation.newApplication(Instrumentation.java:1164)
02-18 15:37:59.655 13317 13317 W System.err: at
android.app.LoadedApk.makeApplication(LoadedApk.java:1244)
02-18 15:37:59.655 13317 13317 W System.err: at
android.app.ActivityThread.handleBindApplication(ActivityThread.java:7012)
02-18 15:37:59.655 13317 13317 W System.err: at
android.app.ActivityThread.access$1500(ActivityThread.java:263)
02-18 15:37:59.655 13317 13317 W System.err: at
android.app.ActivityThread$H.handleMessage(ActivityThread.java:2032)
02-18 15:37:59.655 13317 13317 W System.err: at
android.os.Handler.dispatchMessage(Handler.java:106)
02-18 15:37:59.655 13317 13317 W System.err: at
android.os.Looper.loop(Looper.java:268)
02-18 15:37:59.655 13317 13317 W System.err: at
android.app.ActivityThread.main(ActivityThread.java:8016)
02-18 15:37:59.655 13317 13317 W System.err: at
java.lang.reflect.Method.invoke(Native Method)
02-18 15:37:59.655 13317 13317 W System.err: at
com.android.internal.os.RuntimeInit$MethodAndArgsCaller.run(RuntimeInit.java:627)
02-18 15:37:59.655 13317 13317 W System.err: at
com.android.internal.os.ZygoteInit.main(ZygoteInit.java:997)
02-18 15:37:59.774 13317 13317 E libc : Access denied finding property
"ro.vendor.pref_scale_resolution"
02-18 15:37:59.787 13317 13317 E CustomActivityOnCrash: IMPORTANT WARNING! You
already have an UncaughtExceptionHandler, are you sure this is correct? If you use
a custom UncaughtExceptionHandler, you must initialize it AFTER
CustomActivityOnCrash! Installing anyway, but your original handler will not be
called.
02-18 15:38:00.212 13317 13317 W com.whatsapp: Accessing hidden method
Lcom/android/org/conscrypt/OpenSSLSocketImpl;->setUseSessionTickets(Z)V (greylist-
max-q,test-api, reflection, denied)
02-18 15:38:00.212 13317 13317 W com.whatsapp: Accessing hidden method
Lcom/android/org/conscrypt/AbstractConscryptSocket;->setUseSessionTickets(Z)V
(greylist-max-q, reflection, denied)
02-18 15:38:00.307 13317 13317 W linker : Warning:
"/data/data/com.whatsapp/files/decompressed/libs.spk.zst/libc++_shared.so" unused
DT entry: unknown processor-specific (type 0x70000001 arg 0x0) (ignoring)
02-18 15:38:00.303 13317 13317 W com.whatsapp: type=1400 audit(0.0:12130069): avc:
granted { execute } for
path="/data/data/com.whatsapp/files/decompressed/libs.spk.zst/libc++_shared.so"
dev="mmcblk0p39" ino=231293 scontext=u:r:untrusted_app:s0:c10,c257,c512,c768
tcontext=u:object_r:app_data_file:s0:c10,c257,c512,c768 tclass=file
app=com.whatsapp
02-18 15:38:00.311 13317 13317 W com.whatsapp: type=1400 audit(0.0:12130070): avc:
granted { execute } for
path="/data/data/com.whatsapp/files/decompressed/libs.spk.zst/libvlc.so"
dev="mmcblk0p39" ino=225771 scontext=u:r:untrusted_app:s0:c10,c257,c512,c768
tcontext=u:object_r:app_data_file:s0:c10,c257,c512,c768 tclass=file
app=com.whatsapp
02-18 15:38:00.323 13317 13317 W com.whatsapp: type=1400 audit(0.0:12130071): avc:
granted { execute } for
path="/data/data/com.whatsapp/files/decompressed/libs.spk.zst/libwhatsapp.so"
dev="mmcblk0p39" ino=71523 scontext=u:r:untrusted_app:s0:c10,c257,c512,c768
tcontext=u:object_r:app_data_file:s0:c10,c257,c512,c768 tclass=file
app=com.whatsapp
02-18 15:38:00.379 13317 13317 W com.whatsapp: type=1400 audit(0.0:12130072): avc:
granted { execute } for
path="/data/data/com.whatsapp/files/decompressed/libs.spk.zst/libcurve25519.so"
dev="mmcblk0p39" ino=51861 scontext=u:r:untrusted_app:s0:c10,c257,c512,c768
tcontext=u:object_r:app_data_file:s0:c10,c257,c512,c768 tclass=file
app=com.whatsapp
02-18 15:38:00.556 13317 13373 W com.whatsapp: Class X.2rL failed lock verification
and will run slower.
02-18 15:38:00.556 13317 13373 W com.whatsapp: Common causes for lock verification
issues are non-optimized dex code
02-18 15:38:00.556 13317 13373 W com.whatsapp: and incorrect proguard
optimizations.
02-18 15:38:00.585 13317 13317 W com.whatsapp: Class X.0eU failed lock verification
and will run slower.
--------- beginning of system
02-18 15:38:00.922 13317 13317 W com.whatsapp: Class com.whatsapp.HomeActivity
failed lock verification and will run slower.
02-18 15:38:01.356 13317 13317 E ion : ioctl c0044901 failed with code -1:
Invalid argument
02-18 15:38:01.447 13317 13317 E ArmVmp : Match on catch block at 0x0a in for 0xc5
02-18 15:38:01.489 13317 13387 W System : ClassLoader referenced unknown path:
system/framework/mediatek-cta.jar
02-18 15:38:01.491 13317 13317 E ArmVmp : Match on catch block at 0x0a in for
0x139
02-18 15:38:01.596 13317 13387 W com.whatsapp: Accessing hidden method
Lcom/android/org/conscrypt/ConscryptEngineSocket;->setUseSessionTickets(Z)V
(greylist-max-q,test-api, reflection, denied)
02-18 15:38:01.596 13317 13387 W com.whatsapp: Accessing hidden method
Lcom/android/org/conscrypt/OpenSSLSocketImpl;->setUseSessionTickets(Z)V (greylist-
max-q,test-api, reflection, denied)
02-18 15:38:01.596 13317 13387 W com.whatsapp: Accessing hidden method
Lcom/android/org/conscrypt/AbstractConscryptSocket;->setUseSessionTickets(Z)V
(greylist-max-q, reflection, denied)
02-18 15:38:01.597 13317 13387 W com.whatsapp: Accessing hidden method
Lcom/android/org/conscrypt/ConscryptEngineSocket;->setHostname(Ljava/lang/String;)V
(greylist-max-q,test-api, reflection, denied)
02-18 15:38:01.597 13317 13387 W com.whatsapp: Accessing hidden method
Lcom/android/org/conscrypt/OpenSSLSocketImpl;->setHostname(Ljava/lang/String;)V
(greylist-max-q,test-api, reflection, denied)
02-18 15:38:01.597 13317 13387 W com.whatsapp: Accessing hidden method
Lcom/android/org/conscrypt/AbstractConscryptSocket;->setHostname(Ljava/lang/
String;)V (greylist-max-q, reflection, denied)
02-18 15:38:01.598 13317 13387 W com.whatsapp: Accessing hidden method
Lcom/android/org/conscrypt/OpenSSLSocketImpl;->setAlpnProtocols([B)V (greylist-max-
q,test-api, reflection, denied)
02-18 15:38:01.598 13317 13387 W com.whatsapp: Accessing hidden method
Lcom/android/org/conscrypt/AbstractConscryptSocket;->setAlpnProtocols([B)V
(greylist-max-q, reflection, denied)
02-18 15:38:01.625 13317 13341 W System : ClassLoader referenced unknown path:
system/framework/mediatek-cta.jar
02-18 15:38:01.845 13317 13387 W com.whatsapp: Accessing hidden method
Lcom/android/org/conscrypt/OpenSSLSocketImpl;->getAlpnSelectedProtocol()[B
(greylist-max-q,test-api, reflection, denied)
02-18 15:38:01.845 13317 13387 W com.whatsapp: Accessing hidden method
Lcom/android/org/conscrypt/AbstractConscryptSocket;->getAlpnSelectedProtocol()[B
(greylist-max-q, reflection, denied)
02-18 15:38:02.622 13317 13431 E libc : Access denied finding property
"vendor.debug.drm.logv"
02-18 15:38:02.622 13317 13431 E libc : Access denied finding property
"vendor.debug.drm.logv"
02-18 15:38:02.623 13317 13431 E libc : Access denied finding property
"vendor.debug.drm.logd"
02-18 15:38:02.623 13317 13431 E libc : Access denied finding property
"vendor.debug.drm.logv"
02-18 15:38:02.949 13317 13317 W SQLiteLog: (28) double-quoted string literal: ""
02-18 15:38:03.364 13317 13317 E RecyclerView: No adapter attached; skipping layout
02-18 15:38:03.435 13317 13384 E ion : ioctl c0044901 failed with code -1:
Invalid argument
02-18 15:38:03.624 13317 13317 E RecyclerView: No adapter attached; skipping layout
02-18 15:38:03.713 13317 13317 E ArmVmp : Match on catch block at 0x0a in for 0xd1
02-18 15:38:03.913 13317 13344 W LibraryVersion: Failed to get app version for
libraryName: firebase-iid
02-18 15:38:04.027 13317 13471 W LOTTIE : Animation contains merge paths. Merge
paths are only supported on KitKat+ and must be manually enabled by calling
enableMergePathsForKitKatAndAbove().
02-18 15:38:04.436 13317 13317 W LOTTIE : Animation contains merge paths but they
are disabled.
--------- beginning of system
--------- beginning of main
02-18 15:58:24.275 18355 18355 E com.whatsapp: Not starting debugger since process
cannot load the jdwp agent.
02-18 15:58:24.527 18355 18355 W System.err: java.lang.ClassNotFoundException:
mbmodsd.mbmodsw.ui.views.btn.BtnBK
02-18 15:58:24.529 18355 18355 W System.err: at
java.lang.Runtime.nativeLoad(Native Method)
02-18 15:58:24.529 18355 18355 W System.err: at
java.lang.Runtime.nativeLoad(Runtime.java:1131)
02-18 15:58:24.530 18355 18355 W System.err: at
java.lang.Runtime.loadLibrary0(Runtime.java:1085)
02-18 15:58:24.530 18355 18355 W System.err: at
java.lang.Runtime.loadLibrary0(Runtime.java:1008)
02-18 15:58:24.530 18355 18355 W System.err: at
java.lang.System.loadLibrary(System.java:1664)
02-18 15:58:24.530 18355 18355 W System.err: at arm.EpicVm.<clinit>(Unknown
Source:2)
02-18 15:58:24.530 18355 18355 W System.err: at
java.lang.Class.newInstance(Native Method)
02-18 15:58:24.530 18355 18355 W System.err: at
android.app.AppComponentFactory.instantiateApplication(AppComponentFactory.java:76)
02-18 15:58:24.530 18355 18355 W System.err: at
androidx.core.app.CoreComponentFactory.instantiateApplication(Unknown Source:0)
02-18 15:58:24.530 18355 18355 W System.err: at
android.app.Instrumentation.newApplication(Instrumentation.java:1164)
02-18 15:58:24.530 18355 18355 W System.err: at
android.app.LoadedApk.makeApplication(LoadedApk.java:1244)
02-18 15:58:24.530 18355 18355 W System.err: at
android.app.ActivityThread.handleBindApplication(ActivityThread.java:7012)
02-18 15:58:24.530 18355 18355 W System.err: at
android.app.ActivityThread.access$1500(ActivityThread.java:263)
02-18 15:58:24.530 18355 18355 W System.err: at
android.app.ActivityThread$H.handleMessage(ActivityThread.java:2032)
02-18 15:58:24.530 18355 18355 W System.err: at
android.os.Handler.dispatchMessage(Handler.java:106)
02-18 15:58:24.530 18355 18355 W System.err: at
android.os.Looper.loop(Looper.java:268)
02-18 15:58:24.531 18355 18355 W System.err: at
android.app.ActivityThread.main(ActivityThread.java:8016)
02-18 15:58:24.531 18355 18355 W System.err: at
java.lang.reflect.Method.invoke(Native Method)
02-18 15:58:24.531 18355 18355 W System.err: at
com.android.internal.os.RuntimeInit$MethodAndArgsCaller.run(RuntimeInit.java:627)
02-18 15:58:24.531 18355 18355 W System.err: at
com.android.internal.os.ZygoteInit.main(ZygoteInit.java:997)
02-18 15:58:24.567 18355 18355 E libc : Access denied finding property
"ro.vendor.pref_scale_resolution"
02-18 15:58:24.584 18355 18355 E CustomActivityOnCrash: IMPORTANT WARNING! You
already have an UncaughtExceptionHandler, are you sure this is correct? If you use
a custom UncaughtExceptionHandler, you must initialize it AFTER
CustomActivityOnCrash! Installing anyway, but your original handler will not be
called.
02-18 15:58:25.325 18355 18355 W com.whatsapp: Accessing hidden method
Lcom/android/org/conscrypt/OpenSSLSocketImpl;->setUseSessionTickets(Z)V (greylist-
max-q,test-api, reflection, denied)
02-18 15:58:25.325 18355 18355 W com.whatsapp: Accessing hidden method
Lcom/android/org/conscrypt/AbstractConscryptSocket;->setUseSessionTickets(Z)V
(greylist-max-q, reflection, denied)
02-18 15:58:25.430 18355 18355 W linker : Warning:
"/data/data/com.whatsapp/files/decompressed/libs.spk.zst/libc++_shared.so" unused
DT entry: unknown processor-specific (type 0x70000001 arg 0x0) (ignoring)
02-18 15:58:25.515 18355 18355 W com.whatsapp: type=1400 audit(0.0:12150164): avc:
granted { execute } for
path="/data/data/com.whatsapp/files/decompressed/libs.spk.zst/libcurve25519.so"
dev="mmcblk0p39" ino=51861 scontext=u:r:untrusted_app:s0:c10,c257,c512,c768
tcontext=u:object_r:app_data_file:s0:c10,c257,c512,c768 tclass=file
app=com.whatsapp
02-18 15:58:25.531 18355 18355 W com.whatsapp: type=1400 audit(0.0:12150165): avc:
granted { execute } for
path="/data/data/com.whatsapp/files/decompressed/libs.spk.zst/libwhatsapp.so"
dev="mmcblk0p39" ino=71523 scontext=u:r:untrusted_app:s0:c10,c257,c512,c768
tcontext=u:object_r:app_data_file:s0:c10,c257,c512,c768 tclass=file
app=com.whatsapp
02-18 15:58:25.732 18355 18410 W com.whatsapp: Class X.2rL failed lock verification
and will run slower.
02-18 15:58:25.732 18355 18410 W com.whatsapp: Common causes for lock verification
issues are non-optimized dex code
02-18 15:58:25.732 18355 18410 W com.whatsapp: and incorrect proguard
optimizations.
02-18 15:58:25.891 18355 18422 W System : ClassLoader referenced unknown path:
system/framework/mediatek-cta.jar
02-18 15:58:26.492 18355 18355 W com.whatsapp: Class X.0eU failed lock verification
and will run slower.
02-18 15:58:26.786 18355 18355 W com.whatsapp: Verification of void
X.5pH.A1Z(android.os.Bundle) took 134.434ms (75375.02 bytecodes/s) (247928B
approximate peak alloc)
02-18 15:58:27.560 18355 18419 E ion : ioctl c0044901 failed with code -1:
Invalid argument
02-18 15:58:27.578 18355 18419 E libc : Access denied finding property
"vendor.debug.drm.logv"
02-18 15:58:27.579 18355 18419 E libc : Access denied finding property
"vendor.debug.drm.logv"
02-18 15:58:27.579 18355 18419 E libc : Access denied finding property
"vendor.debug.drm.logd"
02-18 15:58:27.580 18355 18419 E libc : Access denied finding property
"vendor.debug.drm.logv"
02-18 15:58:27.629 18355 18355 E ArmVmp : Match on catch block at 0x0a in for 0xc9
02-18 15:58:27.636 18355 18355 E ArmVmp : Match on catch block at 0x0a in for 0xc9
02-18 15:58:27.638 18355 18379 W System : ClassLoader referenced unknown path:
system/framework/mediatek-cta.jar
02-18 15:58:27.991 18355 18355 W StickerImageFil: type=1400 audit(0.0:12150181):
avc: granted { execute } for
path="/data/data/com.whatsapp/files/decompressed/libs.spk.zst/libstatic-webp.so"
dev="mmcblk0p39" ino=231495 scontext=u:r:untrusted_app:s0:c10,c257,c512,c768
tcontext=u:object_r:app_data_file:s0:c10,c257,c512,c768 tclass=file
app=com.whatsapp
02-18 15:58:28.114 18355 18355 E ArmVmp : Match on catch block at 0xc3 in for 0xb1
02-18 15:58:28.151 18355 18355 E ArmVmp : Match on catch block at 0xc3 in for 0xb1
02-18 15:58:28.156 18355 18355 E ArmVmp : Match on catch block at 0xc3 in for 0xb1
02-18 15:58:28.184 18355 18436 E ion : ioctl c0044901 failed with code -1:
Invalid argument
02-18 15:58:28.365 18355 18355 E ArmVmp : Match on catch block at 0xc3 in for 0xa5
02-18 15:58:28.369 18355 18355 E ArmVmp : Match on catch block at 0xc3 in for 0xa1
02-18 15:58:28.372 18355 18355 E ArmVmp : Match on catch block at 0xc3 in for 0xa1
02-18 15:58:28.461 18355 18355 E ArmVmp : Match on catch block at 0xc3 in for 0xa9
02-18 15:58:28.464 18355 18355 E ArmVmp : Match on catch block at 0xc3 in for 0xa1
02-18 15:58:28.467 18355 18355 E ArmVmp : Match on catch block at 0xc3 in for 0xa1
02-18 15:58:28.482 18355 18355 E ArmVmp : Match on catch block at 0xc3 in for 0xa9
02-18 15:58:28.487 18355 18355 E ArmVmp : Match on catch block at 0xc3 in for 0xa1
02-18 15:58:28.490 18355 18355 E ArmVmp : Match on catch block at 0xc3 in for 0xa1
02-18 15:58:28.513 18355 18355 E ArmVmp : Match on catch block at 0xc3 in for 0xa5
02-18 15:58:28.517 18355 18355 E ArmVmp : Match on catch block at 0xc3 in for 0xa9
02-18 15:58:28.520 18355 18355 E ArmVmp : Match on catch block at 0xc3 in for 0xa9
02-18 15:58:28.539 18355 18355 E ArmVmp : Match on catch block at 0xc3 in for 0xa1
02-18 15:58:28.543 18355 18355 E ArmVmp : Match on catch block at 0xc3 in for 0xa5
02-18 15:58:28.545 18355 18355 E ArmVmp : Match on catch block at 0xc3 in for 0xa5
02-18 15:58:28.555 18355 18355 E ArmVmp : Match on catch block at 0xc3 in for 0xa9
02-18 15:58:28.559 18355 18355 E ArmVmp : Match on catch block at 0xc3 in for 0xa1
02-18 15:58:28.563 18355 18355 E ArmVmp : Match on catch block at 0xc3 in for 0xa1
02-18 15:58:28.572 18355 18355 E ArmVmp : Match on catch block at 0xc3 in for 0xa5
02-18 15:58:28.576 18355 18355 E ArmVmp : Match on catch block at 0xc3 in for 0xa9
02-18 15:58:28.580 18355 18355 E ArmVmp : Match on catch block at 0xc3 in for 0xa9
02-18 15:58:28.589 18355 18355 E ArmVmp : Match on catch block at 0xc3 in for 0xa1
02-18 15:58:28.592 18355 18355 E ArmVmp : Match on catch block at 0xc3 in for 0xa5
02-18 15:58:28.594 18355 18355 E ArmVmp : Match on catch block at 0xc3 in for 0xa5
02-18 15:58:28.606 18355 18355 E ArmVmp : Match on catch block at 0xc3 in for 0xa9
02-18 15:58:28.609 18355 18355 E ArmVmp : Match on catch block at 0xc3 in for 0xa1
02-18 15:58:28.612 18355 18355 E ArmVmp : Match on catch block at 0xc3 in for 0xa1
02-18 15:58:28.622 18355 18355 E ArmVmp : Match on catch block at 0xc3 in for 0xa5
02-18 15:58:28.625 18355 18355 E ArmVmp : Match on catch block at 0xc3 in for 0xa9
02-18 15:58:28.628 18355 18355 E ArmVmp : Match on catch block at 0xc3 in for 0xa9
02-18 15:58:28.639 18355 18355 E ArmVmp : Match on catch block at 0xc3 in for 0xa1
02-18 15:58:28.644 18355 18355 E ArmVmp : Match on catch block at 0xc3 in for 0xa5
02-18 15:58:28.647 18355 18355 E ArmVmp : Match on catch block at 0xc3 in for 0xa5
02-18 15:58:28.657 18355 18355 E ArmVmp : Match on catch block at 0xc3 in for 0xa1
02-18 15:58:28.661 18355 18355 E ArmVmp : Match on catch block at 0xc3 in for 0xa5
02-18 15:58:28.664 18355 18355 E ArmVmp : Match on catch block at 0xc3 in for 0xa5
02-18 15:58:28.673 18355 18355 E ArmVmp : Match on catch block at 0xc3 in for 0xa9
02-18 15:58:28.677 18355 18355 E ArmVmp : Match on catch block at 0xc3 in for 0xa1
02-18 15:58:28.681 18355 18355 E ArmVmp : Match on catch block at 0xc3 in for 0xa1
02-18 15:58:28.691 18355 18355 E ArmVmp : Match on catch block at 0xc3 in for 0xa5
02-18 15:58:28.695 18355 18355 E ArmVmp : Match on catch block at 0xc3 in for 0xa9
02-18 15:58:28.699 18355 18355 E ArmVmp : Match on catch block at 0xc3 in for 0xa9
02-18 15:58:28.707 18355 18355 E ArmVmp : Match on catch block at 0xc3 in for 0xa1
02-18 15:58:28.712 18355 18355 E ArmVmp : Match on catch block at 0xc3 in for 0xa5
02-18 15:58:28.716 18355 18355 E ArmVmp : Match on catch block at 0xc3 in for 0xa5
02-18 15:58:28.725 18355 18355 E ArmVmp : Match on catch block at 0xc3 in for 0xa9
02-18 15:58:28.729 18355 18355 E ArmVmp : Match on catch block at 0xc3 in for 0xa1
02-18 15:58:28.733 18355 18355 E ArmVmp : Match on catch block at 0xc3 in for 0xa1
02-18 15:58:28.739 18355 18355 E ArmVmp : Match on catch block at 0xc3 in for 0xa5
02-18 15:58:28.743 18355 18355 E ArmVmp : Match on catch block at 0xc3 in for 0xa9
02-18 15:58:28.747 18355 18355 E ArmVmp : Match on catch block at 0xc3 in for 0xa9
02-18 15:58:28.756 18355 18355 E ArmVmp : Match on catch block at 0xc3 in for 0xa5
02-18 15:58:28.760 18355 18355 E ArmVmp : Match on catch block at 0xc3 in for 0xa9
02-18 15:58:28.763 18355 18355 E ArmVmp : Match on catch block at 0xc3 in for 0xa9
02-18 15:58:28.773 18355 18355 E ArmVmp : Match on catch block at 0xc3 in for 0xa1
02-18 15:58:28.777 18355 18355 E ArmVmp : Match on catch block at 0xc3 in for 0xa5
02-18 15:58:28.779 18355 18355 E ArmVmp : Match on catch block at 0xc3 in for 0xa5
02-18 15:58:28.790 18355 18355 E ArmVmp : Match on catch block at 0xc3 in for 0xa9
02-18 15:58:28.794 18355 18355 E ArmVmp : Match on catch block at 0xc3 in for 0xa1
02-18 15:58:28.797 18355 18355 E ArmVmp : Match on catch block at 0xc3 in for 0xa1
02-18 15:58:28.806 18355 18355 E ArmVmp : Match on catch block at 0xc3 in for 0xa5
02-18 15:58:28.812 18355 18355 E ArmVmp : Match on catch block at 0xc3 in for 0xa9
02-18 15:58:28.816 18355 18355 E ArmVmp : Match on catch block at 0xc3 in for 0xa9
02-18 15:58:28.823 18355 18355 E ArmVmp : Match on catch block at 0xc3 in for 0xa1
02-18 15:58:28.827 18355 18355 E ArmVmp : Match on catch block at 0xc3 in for 0xa5
02-18 15:58:28.830 18355 18355 E ArmVmp : Match on catch block at 0xc3 in for 0xa5
02-18 15:58:28.839 18355 18355 E ArmVmp : Match on catch block at 0xc3 in for 0xa9
02-18 15:58:28.843 18355 18355 E ArmVmp : Match on catch block at 0xc3 in for 0xa1
02-18 15:58:28.846 18355 18355 E ArmVmp : Match on catch block at 0xc3 in for 0xa1
02-18 15:58:28.856 18355 18355 E ArmVmp : Match on catch block at 0xc3 in for 0xa5
02-18 15:58:28.860 18355 18355 E ArmVmp : Match on catch block at 0xc3 in for 0xa9
02-18 15:58:28.863 18355 18355 E ArmVmp : Match on catch block at 0xc3 in for 0xa9
02-18 15:58:28.873 18355 18355 E ArmVmp : Match on catch block at 0xc3 in for 0xa1
02-18 15:58:28.877 18355 18355 E ArmVmp : Match on catch block at 0xc3 in for 0xa5
02-18 15:58:28.879 18355 18355 E ArmVmp : Match on catch block at 0xc3 in for 0xa5
02-18 15:58:28.890 18355 18355 E ArmVmp : Match on catch block at 0xc3 in for 0xa9
02-18 15:58:28.894 18355 18355 E ArmVmp : Match on catch block at 0xc3 in for 0xa1
02-18 15:58:28.897 18355 18355 E ArmVmp : Match on catch block at 0xc3 in for 0xa1
02-18 15:58:28.923 18355 18355 E ArmVmp : Match on catch block at 0xc3 in for 0xa5
02-18 15:58:28.927 18355 18355 E ArmVmp : Match on catch block at 0xc3 in for 0xa9
02-18 15:58:28.930 18355 18355 E ArmVmp : Match on catch block at 0xc3 in for 0xa9
02-18 15:58:29.023 18355 18355 E ArmVmp : Match on catch block at 0xc3 in for 0xa1
02-18 15:58:29.028 18355 18355 E ArmVmp : Match on catch block at 0xc3 in for 0xa5
02-18 15:58:29.031 18355 18355 E ArmVmp : Match on catch block at 0xc3 in for 0xa5
02-18 15:58:29.041 18355 18355 E ArmVmp : Match on catch block at 0xc3 in for 0xa9
02-18 15:58:29.045 18355 18355 E ArmVmp : Match on catch block at 0xc3 in for 0xa1
02-18 15:58:29.050 18355 18355 E ArmVmp : Match on catch block at 0xc3 in for 0xa1
02-18 15:58:29.073 18355 18355 E ArmVmp : Match on catch block at 0xc3 in for 0xa5
02-18 15:58:29.077 18355 18355 E ArmVmp : Match on catch block at 0xc3 in for 0xa9
02-18 15:58:29.080 18355 18355 E ArmVmp : Match on catch block at 0xc3 in for 0xa9
02-18 15:58:29.174 18355 18355 E ArmVmp : Match on catch block at 0xc3 in for 0xa1
02-18 15:58:29.179 18355 18355 E ArmVmp : Match on catch block at 0xc3 in for 0xa5
02-18 15:58:29.184 18355 18355 E ArmVmp : Match on catch block at 0xc3 in for 0xa5
02-18 15:58:29.207 18355 18355 E ArmVmp : Match on catch block at 0xc3 in for 0xa9
02-18 15:58:29.211 18355 18355 E ArmVmp : Match on catch block at 0xc3 in for 0xa1
02-18 15:58:29.214 18355 18355 E ArmVmp : Match on catch block at 0xc3 in for 0xa1
02-18 15:58:29.225 18355 18355 E ArmVmp : Match on catch block at 0xc3 in for 0xa5
02-18 15:58:29.228 18355 18355 E ArmVmp : Match on catch block at 0xc3 in for 0xa9
02-18 15:58:29.230 18355 18355 E ArmVmp : Match on catch block at 0xc3 in for 0xa9
02-18 15:58:29.324 18355 18355 E ArmVmp : Match on catch block at 0xc3 in for 0xa1
02-18 15:58:29.329 18355 18355 E ArmVmp : Match on catch block at 0xc3 in for 0xa5
02-18 15:58:29.332 18355 18355 E ArmVmp : Match on catch block at 0xc3 in for 0xa5
02-18 15:58:29.358 18355 18355 E ArmVmp : Match on catch block at 0xc3 in for 0xa9
02-18 15:58:29.362 18355 18355 E ArmVmp : Match on catch block at 0xc3 in for 0xa1
02-18 15:58:29.365 18355 18355 E ArmVmp : Match on catch block at 0xc3 in for 0xa1
02-18 15:58:29.375 18355 18355 E ArmVmp : Match on catch block at 0xc3 in for 0xa5
02-18 15:58:29.378 18355 18355 E ArmVmp : Match on catch block at 0xc3 in for 0xa9
02-18 15:58:29.382 18355 18355 E ArmVmp : Match on catch block at 0xc3 in for 0xa9
02-18 15:58:29.475 18355 18355 E ArmVmp : Match on catch block at 0xc3 in for 0xa1
02-18 15:58:29.479 18355 18355 E ArmVmp : Match on catch block at 0xc3 in for 0xa5
02-18 15:58:29.482 18355 18355 E ArmVmp : Match on catch block at 0xc3 in for 0xa5
02-18 15:58:29.509 18355 18355 E ArmVmp : Match on catch block at 0xc3 in for 0xa9
02-18 15:58:29.514 18355 18355 E ArmVmp : Match on catch block at 0xc3 in for 0xa1
02-18 15:58:29.517 18355 18355 E ArmVmp : Match on catch block at 0xc3 in for 0xa1
02-18 15:58:29.541 18355 18355 E ArmVmp : Match on catch block at 0xc3 in for 0xa5
02-18 15:58:29.545 18355 18355 E ArmVmp : Match on catch block at 0xc3 in for 0xa9
02-18 15:58:29.548 18355 18355 E ArmVmp : Match on catch block at 0xc3 in for 0xa9
02-18 15:58:29.642 18355 18355 E ArmVmp : Match on catch block at 0xc3 in for 0xa1
02-18 15:58:29.647 18355 18355 E ArmVmp : Match on catch block at 0xc3 in for 0xa5
02-18 15:58:29.650 18355 18355 E ArmVmp : Match on catch block at 0xc3 in for 0xa5
02-18 15:58:29.659 18355 18355 E ArmVmp : Match on catch block at 0xc3 in for 0xa9
02-18 15:58:29.665 18355 18355 E ArmVmp : Match on catch block at 0xc3 in for 0xa1
02-18 15:58:29.669 18355 18355 E ArmVmp : Match on catch block at 0xc3 in for 0xa1
02-18 15:58:29.692 18355 18355 E ArmVmp : Match on catch block at 0xc3 in for 0xa5
02-18 15:58:29.697 18355 18355 E ArmVmp : Match on catch block at 0xc3 in for 0xa9
02-18 15:58:29.700 18355 18355 E ArmVmp : Match on catch block at 0xc3 in for 0xa9
02-18 15:58:29.743 18355 18355 E ArmVmp : Match on catch block at 0xc3 in for 0xa1
02-18 15:58:29.748 18355 18355 E ArmVmp : Match on catch block at 0xc3 in for 0xa5
02-18 15:58:29.750 18355 18355 E ArmVmp : Match on catch block at 0xc3 in for 0xa5
02-18 15:58:29.776 18355 18355 E ArmVmp : Match on catch block at 0xc3 in for 0xa9
02-18 15:58:29.779 18355 18355 E ArmVmp : Match on catch block at 0xc3 in for 0xa1
02-18 15:58:29.782 18355 18355 E ArmVmp : Match on catch block at 0xc3 in for 0xa1
02-18 15:58:29.792 18355 18355 E ArmVmp : Match on catch block at 0xc3 in for 0xa5
02-18 15:58:29.795 18355 18355 E ArmVmp : Match on catch block at 0xc3 in for 0xa9
02-18 15:58:29.798 18355 18355 E ArmVmp : Match on catch block at 0xc3 in for 0xa9
02-18 15:58:29.842 18355 18355 E ArmVmp : Match on catch block at 0xc3 in for 0xa1
02-18 15:58:29.846 18355 18355 E ArmVmp : Match on catch block at 0xc3 in for 0xa5
02-18 15:58:29.848 18355 18355 E ArmVmp : Match on catch block at 0xc3 in for 0xa5
02-18 15:58:29.876 18355 18355 E ArmVmp : Match on catch block at 0xc3 in for 0xa9
02-18 15:58:29.879 18355 18355 E ArmVmp : Match on catch block at 0xc3 in for 0xa1
02-18 15:58:29.882 18355 18355 E ArmVmp : Match on catch block at 0xc3 in for 0xa1
02-18 15:58:29.893 18355 18355 E ArmVmp : Match on catch block at 0xc3 in for 0xa5
02-18 15:58:29.897 18355 18355 E ArmVmp : Match on catch block at 0xc3 in for 0xa9
02-18 15:58:29.899 18355 18355 E ArmVmp : Match on catch block at 0xc3 in for 0xa9
02-18 15:58:29.943 18355 18355 E ArmVmp : Match on catch block at 0xc3 in for 0xa1
02-18 15:58:29.947 18355 18355 E ArmVmp : Match on catch block at 0xc3 in for 0xa5
02-18 15:58:29.949 18355 18355 E ArmVmp : Match on catch block at 0xc3 in for 0xa5
02-18 15:58:29.976 18355 18355 E ArmVmp : Match on catch block at 0xc3 in for 0xa9
02-18 15:58:29.980 18355 18355 E ArmVmp : Match on catch block at 0xc3 in for 0xa1
02-18 15:58:29.985 18355 18355 E ArmVmp : Match on catch block at 0xc3 in for 0xa1
02-18 15:58:30.010 18355 18355 E ArmVmp : Match on catch block at 0xc3 in for 0xa5
02-18 15:58:30.014 18355 18355 E ArmVmp : Match on catch block at 0xc3 in for 0xa9
02-18 15:58:30.017 18355 18355 E ArmVmp : Match on catch block at 0xc3 in for 0xa9
02-18 15:58:30.043 18355 18355 E ArmVmp : Match on catch block at 0xc3 in for 0xa1
02-18 15:58:30.047 18355 18355 E ArmVmp : Match on catch block at 0xc3 in for 0xa5
02-18 15:58:30.050 18355 18355 E ArmVmp : Match on catch block at 0xc3 in for 0xa5
02-18 15:58:30.077 18355 18355 E ArmVmp : Match on catch block at 0xc3 in for 0xa9
02-18 15:58:30.081 18355 18355 E ArmVmp : Match on catch block at 0xc3 in for 0xa1
02-18 15:58:30.084 18355 18355 E ArmVmp : Match on catch block at 0xc3 in for 0xa1
02-18 15:58:30.093 18355 18355 E ArmVmp : Match on catch block at 0xc3 in for 0xa5
02-18 15:58:30.097 18355 18355 E ArmVmp : Match on catch block at 0xc3 in for 0xa9
02-18 15:58:30.101 18355 18355 E ArmVmp : Match on catch block at 0xc3 in for 0xa9
02-18 15:58:30.110 18355 18355 E ArmVmp : Match on catch block at 0xc3 in for 0xa1
02-18 15:58:30.116 18355 18355 E ArmVmp : Match on catch block at 0xc3 in for 0xa5
02-18 15:58:30.119 18355 18355 E ArmVmp : Match on catch block at 0xc3 in for 0xa5
02-18 15:58:30.126 18355 18355 E ArmVmp : Match on catch block at 0xc3 in for 0xa9
02-18 15:58:30.131 18355 18355 E ArmVmp : Match on catch block at 0xc3 in for 0xa1
02-18 15:58:30.133 18355 18355 E ArmVmp : Match on catch block at 0xc3 in for 0xa1
02-18 15:58:30.143 18355 18355 E ArmVmp : Match on catch block at 0xc3 in for 0xa5
02-18 15:58:30.149 18355 18355 E ArmVmp : Match on catch block at 0xc3 in for 0xa9
02-18 15:58:30.153 18355 18355 E ArmVmp : Match on catch block at 0xc3 in for 0xa9
02-18 15:58:30.161 18355 18355 E ArmVmp : Match on catch block at 0xc3 in for 0xa1
02-18 15:58:30.167 18355 18355 E ArmVmp : Match on catch block at 0xc3 in for 0xa5
02-18 15:58:30.170 18355 18355 E ArmVmp : Match on catch block at 0xc3 in for 0xa5
02-18 15:58:30.178 18355 18355 E ArmVmp : Match on catch block at 0xc3 in for 0xa9
02-18 15:58:30.183 18355 18355 E ArmVmp : Match on catch block at 0xc3 in for 0xa1
02-18 15:58:30.186 18355 18355 E ArmVmp : Match on catch block at 0xc3 in for 0xa1
02-18 15:58:30.194 18355 18355 E ArmVmp : Match on catch block at 0xc3 in for 0xa5
02-18 15:58:30.198 18355 18355 E ArmVmp : Match on catch block at 0xc3 in for 0xa9
02-18 15:58:30.201 18355 18355 E ArmVmp : Match on catch block at 0xc3 in for 0xa9
02-18 15:58:30.211 18355 18355 E ArmVmp : Match on catch block at 0xc3 in for 0xa1
02-18 15:58:30.215 18355 18355 E ArmVmp : Match on catch block at 0xc3 in for 0xa5
02-18 15:58:30.218 18355 18355 E ArmVmp : Match on catch block at 0xc3 in for 0xa5
02-18 15:58:30.227 18355 18355 E ArmVmp : Match on catch block at 0xc3 in for 0xa9
02-18 15:58:30.231 18355 18355 E ArmVmp : Match on catch block at 0xc3 in for 0xa1
02-18 15:58:30.234 18355 18355 E ArmVmp : Match on catch block at 0xc3 in for 0xa1
02-18 15:58:30.243 18355 18355 E ArmVmp : Match on catch block at 0xc3 in for 0xa5
02-18 15:58:30.248 18355 18355 E ArmVmp : Match on catch block at 0xc3 in for 0xa9
02-18 15:58:30.251 18355 18355 E ArmVmp : Match on catch block at 0xc3 in for 0xa9
02-18 15:58:30.261 18355 18355 E ArmVmp : Match on catch block at 0xc3 in for 0xa1
02-18 15:58:30.266 18355 18355 E ArmVmp : Match on catch block at 0xc3 in for 0xa5
02-18 15:58:30.268 18355 18355 E ArmVmp : Match on catch block at 0xc3 in for 0xa5
02-18 15:58:30.277 18355 18355 E ArmVmp : Match on catch block at 0xc3 in for 0xa9
02-18 15:58:30.281 18355 18355 E ArmVmp : Match on catch block at 0xc3 in for 0xa1
02-18 15:58:30.285 18355 18355 E ArmVmp : Match on catch block at 0xc3 in for 0xa1
02-18 15:58:30.294 18355 18355 E ArmVmp : Match on catch block at 0xc3 in for 0xa5
02-18 15:58:30.299 18355 18355 E ArmVmp : Match on catch block at 0xc3 in for 0xa9
02-18 15:58:30.301 18355 18355 E ArmVmp : Match on catch block at 0xc3 in for 0xa9
02-18 15:58:30.310 18355 18355 E ArmVmp : Match on catch block at 0xc3 in for 0xa1
02-18 15:58:30.315 18355 18355 E ArmVmp : Match on catch block at 0xc3 in for 0xa5
02-18 15:58:30.318 18355 18355 E ArmVmp : Match on catch block at 0xc3 in for 0xa5
02-18 15:58:30.327 18355 18355 E ArmVmp : Match on catch block at 0xc3 in for 0xa9
02-18 15:58:30.332 18355 18355 E ArmVmp : Match on catch block at 0xc3 in for 0xa1
02-18 15:58:30.336 18355 18355 E ArmVmp : Match on catch block at 0xc3 in for 0xa1
02-18 15:58:30.344 18355 18355 E ArmVmp : Match on catch block at 0xc3 in for 0xa5
02-18 15:58:30.350 18355 18355 E ArmVmp : Match on catch block at 0xc3 in for 0xa9
02-18 15:58:30.352 18355 18355 E ArmVmp : Match on catch block at 0xc3 in for 0xa9
02-18 15:58:30.361 18355 18355 E ArmVmp : Match on catch block at 0xc3 in for 0xa1
02-18 15:58:30.365 18355 18355 E ArmVmp : Match on catch block at 0xc3 in for 0xa5
02-18 15:58:30.367 18355 18355 E ArmVmp : Match on catch block at 0xc3 in for 0xa5
02-18 15:58:30.377 18355 18355 E ArmVmp : Match on catch block at 0xc3 in for 0xa9
02-18 15:58:30.381 18355 18355 E ArmVmp : Match on catch block at 0xc3 in for 0xa1
02-18 15:58:30.385 18355 18355 E ArmVmp : Match on catch block at 0xc3 in for 0xa1
02-18 15:58:30.394 18355 18355 E ArmVmp : Match on catch block at 0xc3 in for 0xa5
02-18 15:58:30.399 18355 18355 E ArmVmp : Match on catch block at 0xc3 in for 0xa9
02-18 15:58:30.402 18355 18355 E ArmVmp : Match on catch block at 0xc3 in for 0xa9
02-18 15:58:30.411 18355 18355 E ArmVmp : Match on catch block at 0xc3 in for 0xa1
02-18 15:58:30.416 18355 18355 E ArmVmp : Match on catch block at 0xc3 in for 0xa5
02-18 15:58:30.419 18355 18355 E ArmVmp : Match on catch block at 0xc3 in for 0xa5
02-18 15:58:30.444 18355 18355 E ArmVmp : Match on catch block at 0xc3 in for 0xa9
02-18 15:58:30.449 18355 18355 E ArmVmp : Match on catch block at 0xc3 in for 0xa1
02-18 15:58:30.453 18355 18355 E ArmVmp : Match on catch block at 0xc3 in for 0xa1
02-18 15:58:30.495 18355 18355 E ArmVmp : Match on catch block at 0xc3 in for 0xa5
02-18 15:58:30.499 18355 18355 E ArmVmp : Match on catch block at 0xc3 in for 0xa9
02-18 15:58:30.503 18355 18355 E ArmVmp : Match on catch block at 0xc3 in for 0xa9
02-18 15:58:30.511 18355 18355 E ArmVmp : Match on catch block at 0xc3 in for 0xa1
02-18 15:58:30.515 18355 18355 E ArmVmp : Match on catch block at 0xc3 in for 0xa5
02-18 15:58:30.517 18355 18355 E ArmVmp : Match on catch block at 0xc3 in for 0xa5
02-18 15:58:30.545 18355 18355 E ArmVmp : Match on catch block at 0xc3 in for 0xa9
02-18 15:58:30.548 18355 18355 E ArmVmp : Match on catch block at 0xc3 in for 0xa1
02-18 15:58:30.551 18355 18355 E ArmVmp : Match on catch block at 0xc3 in for 0xa1
02-18 15:58:30.595 18355 18355 E ArmVmp : Match on catch block at 0xc3 in for 0xa5
02-18 15:58:30.600 18355 18355 E ArmVmp : Match on catch block at 0xc3 in for 0xa9
02-18 15:58:30.603 18355 18355 E ArmVmp : Match on catch block at 0xc3 in for 0xa9
02-18 15:58:30.611 18355 18355 E ArmVmp : Match on catch block at 0xc3 in for 0xa1
02-18 15:58:30.615 18355 18355 E ArmVmp : Match on catch block at 0xc3 in for 0xa5
02-18 15:58:30.619 18355 18355 E ArmVmp : Match on catch block at 0xc3 in for 0xa5
02-18 15:58:30.646 18355 18355 E ArmVmp : Match on catch block at 0xc3 in for 0xa9
02-18 15:58:30.651 18355 18355 E ArmVmp : Match on catch block at 0xc3 in for 0xa1
02-18 15:58:30.656 18355 18355 E ArmVmp : Match on catch block at 0xc3 in for 0xa1
02-18 15:58:30.696 18355 18355 E ArmVmp : Match on catch block at 0xc3 in for 0xa5
02-18 15:58:30.700 18355 18355 E ArmVmp : Match on catch block at 0xc3 in for 0xa9
02-18 15:58:30.703 18355 18355 E ArmVmp : Match on catch block at 0xc3 in for 0xa9
02-18 15:58:30.730 18355 18355 E ArmVmp : Match on catch block at 0xc3 in for 0xa9
02-18 15:58:30.736 18355 18355 E ArmVmp : Match on catch block at 0xc3 in for 0xa1
02-18 15:58:30.740 18355 18355 E ArmVmp : Match on catch block at 0xc3 in for 0xa1
02-18 15:58:30.763 18355 18355 E ArmVmp : Match on catch block at 0xc3 in for 0xa5
02-18 15:58:30.768 18355 18355 E ArmVmp : Match on catch block at 0xc3 in for 0xa9
02-18 15:58:30.772 18355 18355 E ArmVmp : Match on catch block at 0xc3 in for 0xa9
02-18 15:58:30.796 18355 18355 E ArmVmp : Match on catch block at 0xc3 in for 0xa1
02-18 15:58:30.801 18355 18355 E ArmVmp : Match on catch block at 0xc3 in for 0xa5
02-18 15:58:30.805 18355 18355 E ArmVmp : Match on catch block at 0xc3 in for 0xa5
02-18 15:58:30.829 18355 18355 E ArmVmp : Match on catch block at 0xc3 in for 0xa9
02-18 15:58:30.834 18355 18355 E ArmVmp : Match on catch block at 0xc3 in for 0xa1
02-18 15:58:30.837 18355 18355 E ArmVmp : Match on catch block at 0xc3 in for 0xa1
02-18 15:58:30.863 18355 18355 E ArmVmp : Match on catch block at 0xc3 in for 0xa5
02-18 15:58:30.869 18355 18355 E ArmVmp : Match on catch block at 0xc3 in for 0xa9
02-18 15:58:30.872 18355 18355 E ArmVmp : Match on catch block at 0xc3 in for 0xa9
02-18 15:58:30.897 18355 18355 E ArmVmp : Match on catch block at 0xc3 in for 0xa1
02-18 15:58:30.902 18355 18355 E ArmVmp : Match on catch block at 0xc3 in for 0xa5
02-18 15:58:30.905 18355 18355 E ArmVmp : Match on catch block at 0xc3 in for 0xa5
02-18 15:58:30.931 18355 18355 E ArmVmp : Match on catch block at 0xc3 in for 0xa9
02-18 15:58:30.936 18355 18355 E ArmVmp : Match on catch block at 0xc3 in for 0xa1
02-18 15:58:30.938 18355 18355 E ArmVmp : Match on catch block at 0xc3 in for 0xa1
02-18 15:58:31.030 18355 18355 E ArmVmp : Match on catch block at 0xc3 in for 0xa5
02-18 15:58:31.033 18355 18355 E ArmVmp : Match on catch block at 0xc3 in for 0xa9
02-18 15:58:31.036 18355 18355 E ArmVmp : Match on catch block at 0xc3 in for 0xa9
02-18 15:58:31.048 18355 18355 E ArmVmp : Match on catch block at 0xc3 in for 0xa9
02-18 15:58:31.051 18355 18355 E ArmVmp : Match on catch block at 0xc3 in for 0xa1
02-18 15:58:31.053 18355 18355 E ArmVmp : Match on catch block at 0xc3 in for 0xa1
02-18 15:58:31.064 18355 18355 E ArmVmp : Match on catch block at 0xc3 in for 0xa5
02-18 15:58:31.067 18355 18355 E ArmVmp : Match on catch block at 0xc3 in for 0xa9
02-18 15:58:31.080 18355 18355 E ArmVmp : Match on catch block at 0xc3 in for 0xa9
02-18 15:58:31.084 18355 18355 E ArmVmp : Match on catch block at 0xc3 in for 0xa1
02-18 15:58:31.086 18355 18355 E ArmVmp : Match on catch block at 0xc3 in for 0xa1
02-18 15:58:31.097 18355 18355 E ArmVmp : Match on catch block at 0xc3 in for 0xa1
02-18 15:58:31.101 18355 18355 E ArmVmp : Match on catch block at 0xc3 in for 0xa5
02-18 15:58:31.103 18355 18355 E ArmVmp : Match on catch block at 0xc3 in for 0xa5
02-18 15:58:31.114 18355 18355 E ArmVmp : Match on catch block at 0xc3 in for 0xa5
02-18 15:58:31.117 18355 18355 E ArmVmp : Match on catch block at 0xc3 in for 0xa9
02-18 15:58:31.119 18355 18355 E ArmVmp : Match on catch block at 0xc3 in for 0xa9
02-18 15:58:31.130 18355 18355 E ArmVmp : Match on catch block at 0xc3 in for 0xa9
02-18 15:58:31.133 18355 18355 E ArmVmp : Match on catch block at 0xc3 in for 0xa1
02-18 15:58:31.135 18355 18355 E ArmVmp : Match on catch block at 0xc3 in for 0xa1
02-18 15:58:31.147 18355 18355 E ArmVmp : Match on catch block at 0xc3 in for 0xa1
02-18 15:58:31.150 18355 18355 E ArmVmp : Match on catch block at 0xc3 in for 0xa5
02-18 15:58:31.152 18355 18355 E ArmVmp : Match on catch block at 0xc3 in for 0xa5
02-18 15:58:31.164 18355 18355 E ArmVmp : Match on catch block at 0xc3 in for 0xa5
02-18 15:58:31.166 18355 18355 E ArmVmp : Match on catch block at 0xc3 in for 0xa9
02-18 15:58:31.181 18355 18355 E ArmVmp : Match on catch block at 0xc3 in for 0xa9
02-18 15:58:31.183 18355 18355 E ArmVmp : Match on catch block at 0xc3 in for 0xa1
02-18 15:58:31.185 18355 18355 E ArmVmp : Match on catch block at 0xc3 in for 0xa1
02-18 15:58:31.197 18355 18355 E ArmVmp : Match on catch block at 0xc3 in for 0xa1
02-18 15:58:31.200 18355 18355 E ArmVmp : Match on catch block at 0xc3 in for 0xa5
02-18 15:58:31.202 18355 18355 E ArmVmp : Match on catch block at 0xc3 in for 0xa5
02-18 15:58:31.214 18355 18355 E ArmVmp : Match on catch block at 0xc3 in for 0xa5
02-18 15:58:31.218 18355 18355 E ArmVmp : Match on catch block at 0xc3 in for 0xa9
02-18 15:58:31.230 18355 18355 E ArmVmp : Match on catch block at 0xc3 in for 0xa9
02-18 15:58:31.234 18355 18355 E ArmVmp : Match on catch block at 0xc3 in for 0xa1
02-18 15:58:31.236 18355 18355 E ArmVmp : Match on catch block at 0xc3 in for 0xa1
02-18 15:58:31.247 18355 18355 E ArmVmp : Match on catch block at 0xc3 in for 0xa1
02-18 15:58:31.250 18355 18355 E ArmVmp : Match on catch block at 0xc3 in for 0xa5
02-18 15:58:31.252 18355 18355 E ArmVmp : Match on catch block at 0xc3 in for 0xa5
02-18 15:58:31.264 18355 18355 E ArmVmp : Match on catch block at 0xc3 in for 0xa5
02-18 15:58:31.266 18355 18355 E ArmVmp : Match on catch block at 0xc3 in for 0xa9
02-18 15:58:31.280 18355 18355 E ArmVmp : Match on catch block at 0xc3 in for 0xa9
02-18 15:58:31.283 18355 18355 E ArmVmp : Match on catch block at 0xc3 in for 0xa1
02-18 15:58:31.285 18355 18355 E ArmVmp : Match on catch block at 0xc3 in for 0xa1
02-18 15:58:31.296 18355 18355 E ArmVmp : Match on catch block at 0xc3 in for 0xa5
02-18 15:58:31.299 18355 18355 E ArmVmp : Match on catch block at 0xc3 in for 0xa9
02-18 15:58:31.301 18355 18355 E ArmVmp : Match on catch block at 0xc3 in for 0xa9
02-18 15:58:31.313 18355 18355 E ArmVmp : Match on catch block at 0xc3 in for 0xa5
02-18 15:58:31.316 18355 18355 E ArmVmp : Match on catch block at 0xc3 in for 0xa9
02-18 15:58:31.318 18355 18355 E ArmVmp : Match on catch block at 0xc3 in for 0xa9
02-18 15:58:31.330 18355 18355 E ArmVmp : Match on catch block at 0xc3 in for 0xa5
02-18 15:58:31.333 18355 18355 E ArmVmp : Match on catch block at 0xc3 in for 0xa9
02-18 15:58:31.335 18355 18355 E ArmVmp : Match on catch block at 0xc3 in for 0xa9
02-18 15:58:31.346 18355 18355 E ArmVmp : Match on catch block at 0xc3 in for 0xa5
02-18 15:58:31.349 18355 18355 E ArmVmp : Match on catch block at 0xc3 in for 0xa9
02-18 15:58:31.351 18355 18355 E ArmVmp : Match on catch block at 0xc3 in for 0xa9
02-18 15:58:31.363 18355 18355 E ArmVmp : Match on catch block at 0xc3 in for 0xa5
02-18 15:58:31.366 18355 18355 E ArmVmp : Match on catch block at 0xc3 in for 0xa9
02-18 15:58:31.368 18355 18355 E ArmVmp : Match on catch block at 0xc3 in for 0xa9
02-18 15:58:31.380 18355 18355 E ArmVmp : Match on catch block at 0xc3 in for 0xa5
02-18 15:58:31.383 18355 18355 E ArmVmp : Match on catch block at 0xc3 in for 0xa9
02-18 15:58:31.385 18355 18355 E ArmVmp : Match on catch block at 0xc3 in for 0xa9
02-18 15:58:31.397 18355 18355 E ArmVmp : Match on catch block at 0xc3 in for 0xa5
02-18 15:58:31.400 18355 18355 E ArmVmp : Match on catch block at 0xc3 in for 0xa9
02-18 15:58:31.402 18355 18355 E ArmVmp : Match on catch block at 0xc3 in for 0xa9
02-18 15:58:31.413 18355 18355 E ArmVmp : Match on catch block at 0xc3 in for 0xa5
02-18 15:58:31.417 18355 18355 E ArmVmp : Match on catch block at 0xc3 in for 0xa9
02-18 15:58:31.419 18355 18355 E ArmVmp : Match on catch block at 0xc3 in for 0xa9
02-18 15:58:31.430 18355 18355 E ArmVmp : Match on catch block at 0xc3 in for 0xa5
02-18 15:58:31.433 18355 18355 E ArmVmp : Match on catch block at 0xc3 in for 0xa9
02-18 15:58:31.436 18355 18355 E ArmVmp : Match on catch block at 0xc3 in for 0xa9
02-18 15:58:31.447 18355 18355 E ArmVmp : Match on catch block at 0xc3 in for 0xa5
02-18 15:58:31.450 18355 18355 E ArmVmp : Match on catch block at 0xc3 in for 0xa9
02-18 15:58:31.452 18355 18355 E ArmVmp : Match on catch block at 0xc3 in for 0xa9
02-18 15:58:31.464 18355 18355 E ArmVmp : Match on catch block at 0xc3 in for 0xa5
02-18 15:58:31.467 18355 18355 E ArmVmp : Match on catch block at 0xc3 in for 0xa9
02-18 15:58:31.469 18355 18355 E ArmVmp : Match on catch block at 0xc3 in for 0xa9
02-18 15:58:31.483 18355 18355 E ArmVmp : Match on catch block at 0xc3 in for 0xa1
02-18 15:58:31.485 18355 18355 E ArmVmp : Match on catch block at 0xc3 in for 0xa5
02-18 15:58:31.488 18355 18355 E ArmVmp : Match on catch block at 0xc3 in for 0xa5
02-18 15:58:31.497 18355 18355 E ArmVmp : Match on catch block at 0xc3 in for 0xa5
02-18 15:58:31.501 18355 18355 E ArmVmp : Match on catch block at 0xc3 in for 0xa9
02-18 15:58:31.503 18355 18355 E ArmVmp : Match on catch block at 0xc3 in for 0xa9
02-18 15:58:31.516 18355 18355 E ArmVmp : Match on catch block at 0xc3 in for 0xa9
02-18 15:58:31.519 18355 18355 E ArmVmp : Match on catch block at 0xc3 in for 0xa1
02-18 15:58:31.521 18355 18355 E ArmVmp : Match on catch block at 0xc3 in for 0xa1
02-18 15:58:31.564 18355 18355 E ArmVmp : Match on catch block at 0xc3 in for 0xa1
02-18 15:58:31.567 18355 18355 E ArmVmp : Match on catch block at 0xc3 in for 0xa5
02-18 15:58:31.569 18355 18355 E ArmVmp : Match on catch block at 0xc3 in for 0xa5
02-18 15:58:31.596 18355 18436 E FrameEvents: updateAcquireFence: Did not find
frame.
02-18 15:58:31.722 18355 18355 E ArmVmp : Match on catch block at 0xc3 in for 0xa5
02-18 15:58:31.725 18355 18355 E ArmVmp : Match on catch block at 0xc3 in for 0xa9
02-18 15:58:31.727 18355 18355 E ArmVmp : Match on catch block at 0xc3 in for 0xa9
02-18 15:58:31.816 18355 18355 E ArmVmp : Match on catch block at 0xc3 in for 0xa9
02-18 15:58:31.820 18355 18355 E ArmVmp : Match on catch block at 0xc3 in for 0xa1
02-18 15:58:31.822 18355 18355 E ArmVmp : Match on catch block at 0xc3 in for 0xa1
02-18 15:58:31.855 18355 18355 E ArmVmp : Match on catch block at 0xc3 in for 0xa1
