min_kver:0 .max_kver:ffffffff (kvers:40e71)
05-05 07:44:40.128 D/LibBpfLoader( 4140): bpf_prog_load lib call for
/system/etc/bpf/time_in_state.o (tracepoint_sched_sched_switch) returned fd: 16 (no
error)
05-05 07:44:40.128 D/LibBpfLoader( 4140): cs[1].name:tracepoint_power_cpu_frequency
min_kver:0 .max_kver:ffffffff (kvers:40e71)
05-05 07:44:40.128 D/LibBpfLoader( 4140): bpf_prog_load lib call for
/system/etc/bpf/time_in_state.o (tracepoint_power_cpu_frequency) returned fd: 17
(no error)
05-05 07:44:40.129 I/bpfloader( 4140): Loaded object:
/system/etc/bpf/time_in_state.o
05-05 07:44:40.129 I/netd ( 4142): netd 1.0 starting
05-05 07:44:40.139 D/TetherController( 4142): Setting IP forward enable = 0
05-05 07:44:40.142 D/FirewallController( 4142): Could not read /proc/self/uid_map,
max uid defaulting to 4294967294
05-05 07:44:40.156 I/HidlServiceManagement( 4149): Registered
[email protected]::IAllocator/ashmem
05-05 07:44:40.157 D/IptablesRestoreController( 4142): [iptables debug]iptables-
restore execute *filter
05-05 07:44:40.157 D/IptablesRestoreController( 4142): :INPUT -
05-05 07:44:40.157 D/IptablesRestoreController( 4142): -F INPUT
05-05 07:44:40.157 D/IptablesRestoreController( 4142): :bw_INPUT -
05-05 07:44:40.157 D/IptablesRestoreController( 4142): -A INPUT -j bw_INPUT
05-05 07:44:40.157 D/IptablesRestoreController( 4142): :fw_INPUT -
05-05 07:44:40.157 D/IptablesRestoreController( 4142): -A INPUT -j fw_INPUT
05-05 07:44:40.157 D/IptablesRestoreController( 4142): COMMIT
05-05 07:44:40.157 I/HidlServiceManagement( 4149): Removing namespace from process
name [email protected] to [email protected].
05-05 07:44:40.177 I/[email protected]( 4151): registering
IBluetoothHCI services
05-05 07:44:40.187 D/IptablesRestoreController( 4142): [iptables debug]iptables-
restore execute done, res : 0
05-05 07:44:40.187 D/IptablesRestoreController( 4142): [iptables debug]iptables-
restore execute *filter
05-05 07:44:40.187 D/IptablesRestoreController( 4142): :FORWARD -
05-05 07:44:40.187 D/IptablesRestoreController( 4142): -F FORWARD
05-05 07:44:40.187 D/IptablesRestoreController( 4142): :oem_fwd -
05-05 07:44:40.187 D/IptablesRestoreController( 4142): -A FORWARD -j oem_fwd
05-05 07:44:40.187 D/IptablesRestoreController( 4142): :fw_FORWARD -
05-05 07:44:40.187 D/IptablesRestoreController( 4142): -A FORWARD -j fw_FORWARD
05-05 07:44:40.187 D/IptablesRestoreController( 4142): :bw_FORWARD -
05-05 07:44:40.187 D/IptablesRestoreController( 4142): -A FORWARD -j bw_FORWARD
05-05 07:44:40.187 D/IptablesRestoreController( 4142): :tetherctrl_FORWARD -
05-05 07:44:40.187 D/IptablesRestoreController( 4142): -A FORWARD -j
tetherctrl_FORWARD
05-05 07:44:40.187 D/IptablesRestoreController( 4142): COMMIT
05-05 07:44:40.190 D/IptablesRestoreController( 4142): [iptables debug]iptables-
restore execute done, res : 0
05-05 07:44:40.190 D/IptablesRestoreController( 4142): [iptables debug]iptables-
restore execute *raw
05-05 07:44:40.190 D/IptablesRestoreController( 4142): :PREROUTING -
05-05 07:44:40.190 D/IptablesRestoreController( 4142): -F PREROUTING
05-05 07:44:40.190 D/IptablesRestoreController( 4142): :clat_raw_PREROUTING -
05-05 07:44:40.190 D/IptablesRestoreController( 4142): -A PREROUTING -j
clat_raw_PREROUTING
05-05 07:44:40.190 D/IptablesRestoreController( 4142): :bw_raw_PREROUTING -
05-05 07:44:40.190 D/IptablesRestoreController( 4142): -A PREROUTING -j
bw_raw_PREROUTING
05-05 07:44:40.190 D/IptablesRestoreController( 4142): :idletimer_raw_PREROUTING -
05-05 07:44:40.190 D/IptablesRestoreController( 4142): -A PREROUTING -j
idletimer_raw_PREROUTING
05-05 07:44:40.190 D/IptablesRestoreController( 4142): :tetherctrl_raw_PREROUTING -
05-05 07:44:40.190 D/IptablesRestoreController( 4142): -A PREROUTING -j
tetherctrl_raw_PREROUTING
05-05 07:44:40.190 D/IptablesRestoreController( 4142): COMMIT
05-05 07:44:40.190 I/HidlServiceManagement( 4151): Registered
[email protected]::IBluetoothHci/default
05-05 07:44:40.191 I/HidlServiceManagement( 4151): Removing namespace from process
name [email protected] to [email protected].
05-05 07:44:40.191 I/ServiceManager( 4141): Waiting for service 'statscompanion' on
'/dev/binder'...
05-05 07:44:40.191 I/LegacySupport( 4151): Registration complete for
[email protected]::IBluetoothHci/default.
05-05 07:44:40.191 I/[email protected]( 4151): First OS
version = 28
05-05 07:44:40.191 I/[email protected]( 4151): registering
Bluetooth Vendor HIDL services
05-05 07:44:40.192 D/IptablesRestoreController( 4142): [iptables debug]iptables-
restore execute done, res : 0
05-05 07:44:40.192 D/IptablesRestoreController( 4142): [iptables debug]iptables-
restore execute *mangle
05-05 07:44:40.192 D/IptablesRestoreController( 4142): :FORWARD -
05-05 07:44:40.192 D/IptablesRestoreController( 4142): -F FORWARD
05-05 07:44:40.192 D/IptablesRestoreController( 4142): :tetherctrl_mangle_FORWARD -
05-05 07:44:40.192 D/IptablesRestoreController( 4142): -A FORWARD -j
tetherctrl_mangle_FORWARD
05-05 07:44:40.192 D/IptablesRestoreController( 4142): COMMIT
05-05 07:44:40.192 I/HidlServiceManagement( 4151): Registered
[email protected]::ISehBluetooth/default
05-05 07:44:40.193 D/IptablesRestoreController( 4142): [iptables debug]iptables-
restore execute done, res : 0
05-05 07:44:40.193 D/IptablesRestoreController( 4142): [iptables debug]iptables-
restore execute *mangle
05-05 07:44:40.193 D/IptablesRestoreController( 4142): :INPUT -
05-05 07:44:40.193 D/IptablesRestoreController( 4142): -F INPUT
05-05 07:44:40.193 D/IptablesRestoreController( 4142): :wakeupctrl_mangle_INPUT -
05-05 07:44:40.193 D/IptablesRestoreController( 4142): -A INPUT -j
wakeupctrl_mangle_INPUT
05-05 07:44:40.193 D/IptablesRestoreController( 4142): :routectrl_mangle_INPUT -
05-05 07:44:40.193 D/IptablesRestoreController( 4142): -A INPUT -j
routectrl_mangle_INPUT
05-05 07:44:40.193 D/IptablesRestoreController( 4142): COMMIT
05-05 07:44:40.195 D/IptablesRestoreController( 4142): [iptables debug]iptables-
restore execute done, res : 0
05-05 07:44:40.195 D/IptablesRestoreController( 4142): [iptables debug]iptables-
restore execute *nat
05-05 07:44:40.195 D/IptablesRestoreController( 4142): :PREROUTING -
05-05 07:44:40.195 D/IptablesRestoreController( 4142): -F PREROUTING
05-05 07:44:40.195 D/IptablesRestoreController( 4142): :oem_nat_pre -
05-05 07:44:40.195 D/IptablesRestoreController( 4142): -A PREROUTING -j oem_nat_pre
05-05 07:44:40.195 D/IptablesRestoreController( 4142): :tetherctrl_nat_PREROUTING -
05-05 07:44:40.195 D/IptablesRestoreController( 4142): -A PREROUTING -j
tetherctrl_nat_PREROUTING
05-05 07:44:40.195 D/IptablesRestoreController( 4142): COMMIT
05-05 07:44:40.196 D/IptablesRestoreController( 4142): [iptables debug]iptables-
restore execute done, res : 0
05-05 07:44:40.196 D/IptablesRestoreController( 4142): [iptables debug]iptables-
restore execute *nat
05-05 07:44:40.196 D/IptablesRestoreController( 4142): :POSTROUTING -
05-05 07:44:40.196 D/IptablesRestoreController( 4142): -F POSTROUTING
05-05 07:44:40.196 D/IptablesRestoreController( 4142): :tetherctrl_nat_POSTROUTING
-
05-05 07:44:40.196 D/IptablesRestoreController( 4142): -A POSTROUTING -j
tetherctrl_nat_POSTROUTING
05-05 07:44:40.196 D/IptablesRestoreController( 4142): COMMIT
05-05 07:44:40.197 D/IptablesRestoreController( 4142): [iptables debug]iptables-
restore execute done, res : 0
05-05 07:44:40.197 D/IptablesRestoreController( 4142): [iptables debug]iptables-
restore execute *filter
05-05 07:44:40.197 D/IptablesRestoreController( 4142): -S OUTPUT
05-05 07:44:40.197 D/IptablesRestoreController( 4142): COMMIT
05-05 07:44:40.199 D/IptablesRestoreController( 4142): [iptables debug]iptables-
restore execute done, res : 0
05-05 07:44:40.199 D/IptablesRestoreController( 4142): [iptables debug]iptables-
restore execute *filter
05-05 07:44:40.199 D/IptablesRestoreController( 4142): :oem_out -
05-05 07:44:40.199 D/IptablesRestoreController( 4142): -A OUTPUT -j oem_out
05-05 07:44:40.199 D/IptablesRestoreController( 4142): :fw_OUTPUT -
05-05 07:44:40.199 D/IptablesRestoreController( 4142): -A OUTPUT -j fw_OUTPUT
05-05 07:44:40.199 D/IptablesRestoreController( 4142): :st_OUTPUT -
05-05 07:44:40.199 D/IptablesRestoreController( 4142): -A OUTPUT -j st_OUTPUT
05-05 07:44:40.199 D/IptablesRestoreController( 4142): :bw_OUTPUT -
05-05 07:44:40.199 D/IptablesRestoreController( 4142): -A OUTPUT -j bw_OUTPUT
05-05 07:44:40.199 D/IptablesRestoreController( 4142): COMMIT
05-05 07:44:40.201 W/[email protected]( 4156):
libminijail[4156]: allowing syscall: connect
05-05 07:44:40.201 W/[email protected]( 4156):
libminijail[4156]: allowing syscall: fcntl
05-05 07:44:40.201 W/[email protected]( 4156):
libminijail[4156]: allowing syscall: sendto
05-05 07:44:40.201 W/[email protected]( 4156):
libminijail[4156]: allowing syscall: socket
05-05 07:44:40.201 W/[email protected]( 4156):
libminijail[4156]: allowing syscall: writev
05-05 07:44:40.203 W/[email protected]( 4156):
libminijail[4156]: logging seccomp filter failures
05-05 07:44:40.204 D/IptablesRestoreController( 4142): [iptables debug]iptables-
restore execute done, res : 0
05-05 07:44:40.204 D/IptablesRestoreController( 4142): [iptables debug]iptables-
restore execute *filter
05-05 07:44:40.204 D/IptablesRestoreController( 4142): -S OUTPUT
05-05 07:44:40.204 D/IptablesRestoreController( 4142): COMMIT
05-05 07:44:40.205 I/audiohalservice( 4150): Start audio hidl service
05-05 07:44:40.205 D/IptablesRestoreController( 4142): [iptables debug]iptables-
restore execute done, res : 0
05-05 07:44:40.206 D/IptablesRestoreController( 4142): [iptables debug]iptables-
restore execute *filter
05-05 07:44:40.206 D/IptablesRestoreController( 4142): :oem_out -
05-05 07:44:40.206 D/IptablesRestoreController( 4142): -A OUTPUT -j oem_out
05-05 07:44:40.206 D/IptablesRestoreController( 4142): :fw_OUTPUT -
05-05 07:44:40.206 D/IptablesRestoreController( 4142): -A OUTPUT -j fw_OUTPUT
05-05 07:44:40.206 D/IptablesRestoreController( 4142): :st_OUTPUT -
05-05 07:44:40.206 D/IptablesRestoreController( 4142): -A OUTPUT -j st_OUTPUT
05-05 07:44:40.206 D/IptablesRestoreController( 4142): :bw_OUTPUT -
05-05 07:44:40.206 D/IptablesRestoreController( 4142): -A OUTPUT -j bw_OUTPUT
05-05 07:44:40.206 D/IptablesRestoreController( 4142): COMMIT
05-05 07:44:40.207 I/HidlServiceManagement( 4156): Registered
[email protected]::ISurfaceFlingerConfigs/default
05-05 07:44:40.208 D/IptablesRestoreController( 4142): [iptables debug]iptables-
restore execute done, res : 0
05-05 07:44:40.208 D/IptablesRestoreController( 4142): [iptables debug]iptables-
restore execute *mangle
05-05 07:44:40.208 D/IptablesRestoreController( 4142): -S POSTROUTING
05-05 07:44:40.208 D/IptablesRestoreController( 4142): COMMIT
05-05 07:44:40.208 I/HidlServiceManagement( 4156): Removing namespace from process
name [email protected] to [email protected].
05-05 07:44:40.210 D/IptablesRestoreController( 4142): [iptables debug]iptables-
restore execute done, res : 0
05-05 07:44:40.210 D/IptablesRestoreController( 4142): [iptables debug]iptables-
restore execute *mangle
05-05 07:44:40.210 D/IptablesRestoreController( 4142): :oem_mangle_post -
05-05 07:44:40.210 D/IptablesRestoreController( 4142): -A POSTROUTING -j
oem_mangle_post
05-05 07:44:40.210 D/IptablesRestoreController( 4142): :bw_mangle_POSTROUTING -
05-05 07:44:40.210 D/IptablesRestoreController( 4142): -A POSTROUTING -j
bw_mangle_POSTROUTING
05-05 07:44:40.210
D/IptablesRestoreController( 4142): :idletimer_mangle_POSTROUTING -
05-05 07:44:40.210 D/IptablesRestoreController( 4142): -A POSTROUTING -j
idletimer_mangle_POSTROUTING
05-05 07:44:40.210 D/IptablesRestoreController( 4142): COMMIT
05-05 07:44:40.210 I/hwservicemanager( 3926): getTransport: Cannot find entry
[email protected]::IDevicesFactory/default in either framework or device
manifest.
05-05 07:44:40.211 D/IptablesRestoreController( 4142): [iptables debug]iptables-
restore execute done, res : 0
05-05 07:44:40.211 D/IptablesRestoreController( 4142): [iptables debug]iptables-
restore execute *mangle
05-05 07:44:40.211 D/IptablesRestoreController( 4142): -S POSTROUTING
05-05 07:44:40.211 D/IptablesRestoreController( 4142): COMMIT
05-05 07:44:40.212 E/LegacySupport( 4150): Could not get passthrough implementation
for [email protected]::IDevicesFactory/default.
05-05 07:44:40.212 D/IptablesRestoreController( 4142): [iptables debug]iptables-
restore execute done, res : 0
05-05 07:44:40.212 D/IptablesRestoreController( 4142): [iptables debug]iptables-
restore execute *mangle
05-05 07:44:40.212 D/IptablesRestoreController( 4142): :oem_mangle_post -
05-05 07:44:40.212 D/IptablesRestoreController( 4142): -A POSTROUTING -j
oem_mangle_post
05-05 07:44:40.212 D/IptablesRestoreController( 4142): :bw_mangle_POSTROUTING -
05-05 07:44:40.212 D/IptablesRestoreController( 4142): -A POSTROUTING -j
bw_mangle_POSTROUTING
05-05 07:44:40.212
D/IptablesRestoreController( 4142): :idletimer_mangle_POSTROUTING -
05-05 07:44:40.212 D/IptablesRestoreController( 4142): -A POSTROUTING -j
idletimer_mangle_POSTROUTING
05-05 07:44:40.212 D/IptablesRestoreController( 4142): COMMIT
05-05 07:44:40.213 I/teecl ( 4159): NW> Starting log for teecl
05-05 07:44:40.213 D/IptablesRestoreController( 4142): [iptables debug]iptables-
restore execute done, res : 0
05-05 07:44:40.213 I/netd ( 4142): Creating child chains: 56637us
05-05 07:44:40.213 D/gatekeeper( 4159): GATEKEEPER gk_device_open
05-05 07:44:40.213 D/gatekeeper( 4159): Gatekeeper checked vendor.tzts_daemon :
Ready property
05-05 07:44:40.214 I/netd ( 4142): Setting up OEM hooks: 270us
05-05 07:44:40.214 D/IptablesRestoreController( 4142): [iptables debug]iptables-
restore execute *filter
05-05 07:44:40.214 D/IptablesRestoreController( 4142): :input_dos -
05-05 07:44:40.214 D/IptablesRestoreController( 4142): -A INPUT -j input_dos
05-05 07:44:40.214 D/IptablesRestoreController( 4142): COMMIT
05-05 07:44:40.216 I/HidlServiceManagement( 4152): Registered
[email protected]::IMediaCasService/default
05-05 07:44:40.217 I/HidlServiceManagement( 4152): Removing namespace from process
name [email protected] to [email protected].
05-05 07:44:40.217 D/IptablesRestoreController( 4142): [iptables debug]iptables-
restore execute done, res : 0
05-05 07:44:40.217 D/IptablesRestoreController( 4142): [iptables debug]iptables-
restore execute *filter
05-05 07:44:40.217 D/IptablesRestoreController( 4142): :input_dos -
05-05 07:44:40.217 D/IptablesRestoreController( 4142): -A input_dos -p tcp -m
conntrack --ctstate NEW -m limit --limit 50/sec --limit-burst 50 -j ACCEPT
05-05 07:44:40.217 D/IptablesRestoreController( 4142): -A input_dos -p tcp -m
conntrack --ctstate NEW -j DROP
05-05 07:44:40.217 D/IptablesRestoreController( 4142): COMMIT
05-05 07:44:40.220 D/gatekeeper( 4159): GATEKEEPER OpenSession is success
05-05 07:44:40.221 D/gatekeeper( 4159): GATEKEEPER open success
05-05 07:44:40.228 I/HidlServiceManagement( 4159): Registered
[email protected]::IGatekeeper/default
05-05 07:44:40.228 I/HidlServiceManagement( 4159): Removing namespace from process
name [email protected] to [email protected].
05-05 07:44:40.258 I/HidlServiceManagement( 4157): Registered
[email protected]::IDrmFactory/clearkey
05-05 07:44:40.259 I/HidlServiceManagement( 4157): Removing namespace from process
name [email protected] to [email protected].
05-05 07:44:40.261 I/HidlServiceManagement( 4157): Registered
[email protected]::ICryptoFactory/clearkey
05-05 07:44:40.261 I/HidlServiceManagement( 4157): Removing namespace from process
name [email protected] to [email protected].
05-05 07:44:40.280 I/HidlServiceManagement( 4171): Registered
[email protected]::IUsb/default
05-05 07:44:40.281 I/HidlServiceManagement( 4171): Removing namespace from process
name [email protected] to [email protected].
05-05 07:44:40.281 I/[email protected]( 4171): USB HAL Ready.
05-05 07:44:40.281 I/HidlServiceManagement( 4150): Registered
[email protected]::IDevicesFactory/default
05-05 07:44:40.282 I/HidlServiceManagement( 4150): Removing namespace from process
name android.hardware.audio.service to audio.service.
05-05 07:44:40.282 I/LegacySupport( 4150): Registration complete for
[email protected]::IDevicesFactory/default.
05-05 07:44:40.283 I/hwservicemanager( 3926): getTransport: Cannot find entry
[email protected]::IEffectsFactory/default in either framework or
device manifest.
05-05 07:44:40.284 E/LegacySupport( 4150): Could not get passthrough implementation
for [email protected]::IEffectsFactory/default.
05-05 07:44:40.285 I/HidlServiceManagement( 4166): Registered
[email protected]::IMemtrack/default
05-05 07:44:40.286 I/HidlServiceManagement( 4166): Removing namespace from process
name [email protected] to [email protected].
05-05 07:44:40.286 I/LegacySupport( 4166): Registration complete for
[email protected]::IMemtrack/default.
05-05 07:44:40.291 I/ServiceManager( 4141): Waiting for service 'statscompanion' on
'/dev/binder'...
05-05 07:44:40.297 W/[email protected]( 4163): main
05-05 07:44:40.306 W/[email protected]( 4163):
HIDL_FETCH_IHealth: default
05-05 07:44:40.306 I/SensorsHub( 4169): SensorList size 968 num 22 unitsize 44
05-05 07:44:40.307 I/SensorsHub( 4169): handle 1
05-05 07:44:40.307 I/SensorsHub( 4169): name ICM42605M
05-05 07:44:40.307 I/SensorsHub( 4169): vendor TDK Invensense
05-05 07:44:40.307 I/SensorsHub( 4169): version 1
05-05 07:44:40.307 I/SensorsHub( 4169): maxRage 78.453201
05-05 07:44:40.307 I/SensorsHub( 4169): resolution 0.002394
05-05 07:44:40.307 I/SensorsHub( 4169): Delay min 2000 Max 160000
05-05 07:44:40.307 I/SensorsHub( 4169): fifo 0 0
05-05 07:44:40.307 I/SensorsHub( 4169): wakeup 0 flags b
05-05 07:44:40.309 I/SensorsHub( 4169): AccSensor
05-05 07:44:40.310 I/SensorsHub( 4169): sensor_name ICM42605M Accelerometer
mSensorInfo.name ICM42605M Accelerometer
05-05 07:44:40.310 I/SensorsHub( 4169): injection path /dev/ssp_data_injection
05-05 07:44:40.310 I/SensorsHub( 4169): index 0, ICM42605M
05-05 07:44:40.310 I/SensorsHub( 4169): handle 2
05-05 07:44:40.310 I/SensorsHub( 4169): name AK09918C
05-05 07:44:40.310 I/SensorsHub( 4169): vendor Asahi Kasei Microdevices
05-05 07:44:40.310 I/SensorsHub( 4169): version 1
05-05 07:44:40.310 I/SensorsHub( 4169): maxRage 4900.000000
05-05 07:44:40.310 I/SensorsHub( 4169): resolution 0.060000
05-05 07:44:40.310 I/SensorsHub( 4169): Delay min 8000 Max 160000
05-05 07:44:40.310 I/SensorsHub( 4169): fifo 0 0
05-05 07:44:40.310 I/SensorsHub( 4169): wakeup 0 flags b
05-05 07:44:40.312 I/SensorsHub( 4169): MagneticSensor
05-05 07:44:40.316 I/HidlServiceManagement( 4158): Registered
[email protected]::IDrmFactory/widevine
05-05 07:44:40.316 I/HidlServiceManagement( 4158): Removing namespace from process
name [email protected] to [email protected].
05-05 07:44:40.318 I/HidlServiceManagement( 4158): Registered
[email protected]::ICryptoFactory/widevine
05-05 07:44:40.319 I/HidlServiceManagement( 4158): Removing namespace from process
name [email protected] to [email protected].
05-05 07:44:40.319 I/vendor.samsung.hardware.light-service( 4177): Start Lights
AIDL!
05-05 07:44:40.320 I/SehLight( 4177): Found sysfs :
/sys/class/backlight/panel/brightness
05-05 07:44:40.321 I/SehLight( 4177): updateSupportedLights : 0
05-05 07:44:40.322 I/SensorsHub( 4169): sensor_name AK09918C Magnetometer
mSensorInfo.name AK09918C Magnetometer
05-05 07:44:40.322 I/SensorsHub( 4169): injection path /dev/ssp_data_injection
05-05 07:44:40.322 I/SensorsHub( 4169): index 1, AK09918C
05-05 07:44:40.322 I/SensorsHub( 4169): handle 4
05-05 07:44:40.322 I/SensorsHub( 4169): name ICM42605M
05-05 07:44:40.322 I/SensorsHub( 4169): vendor TDK Invensense
05-05 07:44:40.322 I/SensorsHub( 4169): version 1
05-05 07:44:40.322 I/SensorsHub( 4169): maxRage 17.453293
05-05 07:44:40.322 I/SensorsHub( 4169): resolution 0.000533
05-05 07:44:40.322 I/SensorsHub( 4169): Delay min 2000 Max 160000
05-05 07:44:40.322 I/SensorsHub( 4169): fifo 0 0
05-05 07:44:40.322 I/SensorsHub( 4169): wakeup 0 flags b
05-05 07:44:40.323 I/SensorsHub( 4169): GyroSensor
05-05 07:44:40.323 I/SensorsHub( 4169): sensor_name ICM42605M Gyroscope
mSensorInfo.name ICM42605M Gyroscope
05-05 07:44:40.323 I/SensorsHub( 4169): injection path /dev/ssp_data_injection
05-05 07:44:40.323 I/SensorsHub( 4169): index 2, ICM42605M
05-05 07:44:40.323 I/SensorsHub( 4169): handle 5
05-05 07:44:40.323 I/SensorsHub( 4169): name TCS3701
05-05 07:44:40.323 I/SensorsHub( 4169): vendor AMS, Inc.
05-05 07:44:40.323 I/SensorsHub( 4169): version 1000
05-05 07:44:40.323 I/SensorsHub( 4169): maxRage 60000.000000
05-05 07:44:40.323 I/SensorsHub( 4169): resolution 1.000000
05-05 07:44:40.323 I/SensorsHub( 4169): Delay min 200000 Max 200000
05-05 07:44:40.324 I/SensorsHub( 4169): fifo 0 0
05-05 07:44:40.324 I/SensorsHub( 4169): wakeup 0 flags b
05-05 07:44:40.324 I/HidlServiceManagement( 4150): Registered
[email protected]::IEffectsFactory/default
05-05 07:44:40.324 I/LegacySupport( 4150): Registration complete for
[email protected]::IEffectsFactory/default.
05-05 07:44:40.324 I/hwservicemanager( 3926): getTransport: Cannot find entry
[email protected]::ISoundTriggerHw/default in either framework or
device manifest.
05-05 07:44:40.325 I/servicemanager( 3925): getDeviceHalManifest: Reading VINTF
information.
05-05 07:44:40.325 E/LegacySupport( 4150): Could not get passthrough implementation
for [email protected]::ISoundTriggerHw/default.
05-05 07:44:40.326 I/hwservicemanager( 3926): getTransport: Cannot find entry
[email protected]::ISoundTriggerHw/default in either framework or
device manifest.
05-05 07:44:40.327 E/LegacySupport( 4150): Could not get passthrough implementation
for [email protected]::ISoundTriggerHw/default.
05-05 07:44:40.327 I/hwservicemanager( 3926): getTransport: Cannot find entry
[email protected]::ISoundTriggerHw/default in either framework or
device manifest.
05-05 07:44:40.328 E/LegacySupport( 4150): Could not get passthrough implementation
for [email protected]::ISoundTriggerHw/default.
05-05 07:44:40.329 I/hwservicemanager( 3926): getTransport: Cannot find entry
[email protected]::ISoundTriggerHw/default in either framework or
device manifest.
05-05 07:44:40.331 I/servicemanager( 3925): getDeviceHalManifest: Successfully
processed VINTF information
05-05 07:44:40.331 I/servicemanager( 3925): getFrameworkHalManifest: Reading VINTF
information.
05-05 07:44:40.332 I/servicemanager( 3925): getFrameworkHalManifest: Successfully
processed VINTF information
05-05 07:44:40.332 I/servicemanager( 3925): Found
android.hardware.light.ILights/default in device VINTF manifest.
05-05 07:44:40.332 I/servicemanager( 3925): Adding 'u:r:hal_light_default:s0'
service (android.hardware.light.ILights/default:4177)
05-05 07:44:40.333 I/SensorsHub( 4169): LightSensor
05-05 07:44:40.334 I/SensorsHub( 4169): sensor_name TCS3701 Light mSensorInfo.name
TCS3701 Light
05-05 07:44:40.334 I/SensorsHub( 4169): injection path /dev/ssp_data_injection
05-05 07:44:40.334 I/SensorsHub( 4169): Support camera light
05-05 07:44:40.328 I/Ant Hidl( 4173): Starting ANT HIDL daemon
05-05 07:44:40.340 I/[email protected]( 4163): default
instance initializing with healthd_config...
05-05 07:44:40.344 E/SoundTriggerHalImpl( 4150): couldn't load sound trigger module
sound_trigger.primary (No such file or directory)
05-05 07:44:40.345 I/hwservicemanager( 3926): getTransport: Cannot find entry
[email protected]::ISoundTriggerHw/default in either framework or
device manifest.
05-05 07:44:40.345 E/HidlServiceManagement( 4150): Service
[email protected]::ISoundTriggerHw/default must be in VINTF
manifest in order to register/get.
05-05 07:44:40.345 E/LegacySupport( 4150): Could not register service
[email protected]::ISoundTriggerHw/default (-2147483648).
05-05 07:44:40.345 W/audiohalservice( 4150): Could not register Soundtrigger API
05-05 07:44:40.345 I/HidlServiceManagement( 4163): Registered
[email protected]::ISehHealth/default
05-05 07:44:40.345 I/[email protected]( 4163): default:
Hal init done
05-05 07:44:40.349 I/SensorsHub( 4169): index 3, TCS3701
05-05 07:44:40.349 I/SensorsHub( 4169): handle 8
05-05 07:44:40.349 I/SensorsHub( 4169): name STK3031
05-05 07:44:40.349 I/SensorsHub( 4169): vendor Sitronix
05-05 07:44:40.349 I/SensorsHub( 4169): version 1
05-05 07:44:40.349 I/SensorsHub( 4169): maxRage 8.000000
05-05 07:44:40.349 I/SensorsHub( 4169): resolution 1.000000
05-05 07:44:40.349 I/SensorsHub( 4169): Delay min 0 Max 0
05-05 07:44:40.349 I/SensorsHub( 4169): fifo 0 0
05-05 07:44:40.349 I/SensorsHub( 4169): wakeup 1 flags b
05-05 07:44:40.350 I/SensorsHub( 4169): ProximitySensor
05-05 07:44:40.350 I/SensorsHub( 4169): sensor_name STK3031 Proximity
mSensorInfo.name STK3031 Proximity
05-05 07:44:40.350 I/SensorsHub( 4169): injection path /dev/ssp_data_injection
05-05 07:44:40.350 I/SensorsHub( 4169): index 4, STK3031
05-05 07:44:40.350 I/SensorsHub( 4169): handle 14
05-05 07:44:40.350 I/SensorsHub( 4169): name AK09918C
05-05 07:44:40.350 I/SensorsHub( 4169): vendor Asahi Kasei Microdevices
05-05 07:44:40.350 I/SensorsHub( 4169): version 1
05-05 07:44:40.350 I/SensorsHub( 4169): maxRage 4900.000000
05-05 07:44:40.350 I/SensorsHub( 4169): resolution 0.060000
05-05 07:44:40.350 I/SensorsHub( 4169): Delay min 8000 Max 160000
05-05 07:44:40.350 I/SensorsHub( 4169): fifo 0 0
05-05 07:44:40.350 I/SensorsHub( 4169): wakeup 0 flags b
05-05 07:44:40.351 I/SensorsHub( 4169): UncalMagneticSensor
05-05 07:44:40.351 I/SensorsHub( 4169): sensor_name AK09918C Magnetometer
Uncalibrated mSensorInfo.name AK09918C Magnetometer Uncalibrated
05-05 07:44:40.351 I/SensorsHub( 4169): injection path /dev/ssp_data_injection
05-05 07:44:40.351 I/SensorsHub( 4169): index 5, AK09918C
05-05 07:44:40.351 I/SensorsHub( 4169): handle 16
05-05 07:44:40.351 I/SensorsHub( 4169): name ICM42605M
05-05 07:44:40.351 I/SensorsHub( 4169): vendor TDK Invensense
05-05 07:44:40.351 I/SensorsHub( 4169): version 1
05-05 07:44:40.351 I/SensorsHub( 4169): maxRage 17.453293
05-05 07:44:40.351 I/SensorsHub( 4169): resolution 0.000533
05-05 07:44:40.351 I/SensorsHub( 4169): Delay min 2000 Max 160000
05-05 07:44:40.351 I/SensorsHub( 4169): fifo 0 0
05-05 07:44:40.351 I/SensorsHub( 4169): wakeup 0 flags b
05-05 07:44:40.352 I/SensorsHub( 4169): UncalGyroSensor
05-05 07:44:40.352 I/SensorsHub( 4169): sensor_name ICM42605M Gyroscope
Uncalibrated mSensorInfo.name ICM42605M Gyroscope Uncalibrated
05-05 07:44:40.352 I/SensorsHub( 4169): injection path /dev/ssp_data_injection
05-05 07:44:40.352 I/SensorsHub( 4169): index 6, ICM42605M
05-05 07:44:40.352 I/SensorsHub( 4169): handle 17
05-05 07:44:40.352 I/SensorsHub( 4169): name
05-05 07:44:40.352 I/SensorsHub( 4169): vendor Samsung Inc.
05-05 07:44:40.352 I/SensorsHub( 4169): version 2
05-05 07:44:40.352 I/SensorsHub( 4169): maxRage 1.000000
05-05 07:44:40.352 I/SensorsHub( 4169): resolution 1.000000
05-05 07:44:40.352 I/SensorsHub( 4169): Delay min -1 Max 0
05-05 07:44:40.352 I/SensorsHub( 4169): fifo 0 0
05-05 07:44:40.352 I/SensorsHub( 4169): wakeup 1 flags b
05-05 07:44:40.354 I/gralloc ( 4160): Arm Module v1.0
05-05 07:44:40.357 I/SensorsHub( 4169): SigMotionSensor
05-05 07:44:40.357 I/SensorsHub( 4169): sensor_name Significant Motion
mSensorInfo.name Significant Motion
05-05 07:44:40.357 I/SensorsHub( 4169): injection path /dev/ssp_data_injection
05-05 07:44:40.358 I/SensorsHub( 4169): index 7,
05-05 07:44:40.358 I/SensorsHub( 4169): handle 18
05-05 07:44:40.358 I/SensorsHub( 4169): name
05-05 07:44:40.358 I/SensorsHub( 4169): vendor Samsung Inc.
05-05 07:44:40.358 I/SensorsHub( 4169): version 1
05-05 07:44:40.358 I/SensorsHub( 4169): maxRage 1.000000
05-05 07:44:40.358 I/SensorsHub( 4169): resolution 1.000000
05-05 07:44:40.358 I/SensorsHub( 4169): Delay min 0 Max 0
05-05 07:44:40.358 I/SensorsHub( 4169): fifo 0 0
05-05 07:44:40.358 I/SensorsHub( 4169): wakeup 0 flags b
05-05 07:44:40.360 I/SensorsHub( 4169): StepDetectorSensor
05-05 07:44:40.360 I/SensorsHub( 4169): sensor_name Step Detector mSensorInfo.name
Step Detector
05-05 07:44:40.360 I/SensorsHub( 4169): injection path /dev/ssp_data_injection
05-05 07:44:40.360 I/SensorsHub( 4169): index 8,
05-05 07:44:40.360 I/SensorsHub( 4169): handle 19
05-05 07:44:40.360 I/SensorsHub( 4169): name
05-05 07:44:40.360 I/SensorsHub( 4169): vendor Samsung Inc.
05-05 07:44:40.360 I/SensorsHub( 4169): version 1
05-05 07:44:40.360 I/SensorsHub( 4169): maxRage 4294967296.000000
05-05 07:44:40.360 I/SensorsHub( 4169): resolution 1.000000
05-05 07:44:40.360 I/SensorsHub( 4169): Delay min 0 Max 0
05-05 07:44:40.360 I/SensorsHub( 4169): fifo 0 0
05-05 07:44:40.360 I/SensorsHub( 4169): wakeup 0 flags b
05-05 07:44:40.360 D/[email protected]( 4181): sec-
miscpower-2-0 starts
05-05 07:44:40.361 I/HidlServiceManagement( 4160): Registered
[email protected]::IAllocator/default
05-05 07:44:40.362 I/HidlServiceManagement( 4160): Removing namespace from process
name [email protected] to [email protected].
05-05 07:44:40.362 I/LegacySupport( 4160): Registration complete for
[email protected]::IAllocator/default.
05-05 07:44:40.362 I/[email protected]( 4184):
SysInputDev V1_1 started
05-05 07:44:40.363 I/[email protected]( 4184):
SysInputDev: start
05-05 07:44:40.363 I/[email protected]( 4184):
sysinput:TSP: get_tspdev_info: path is :/sys/class/sec/tsp/cmd
05-05 07:44:40.363 E/[email protected]( 4184):
get_spendev_info: failed open fd, -1
05-05 07:44:40.363 I/[email protected]( 4184):
sysinput:SPEN: get_spendev_info: path is :/sys/class/sec/sec_epen/
05-05 07:44:40.363 I/[email protected]( 4184): spen:
cmd_node_support:false
05-05 07:44:40.366 I/HidlServiceManagement( 4184): Registered
[email protected]::ISehSysInputDev/default
05-05 07:44:40.367 I/HidlServiceManagement( 4184): Removing namespace from process
name [email protected] to [email protected].
05-05 07:44:40.367 I/HidlServiceManagement( 4173): Registered
[email protected]::IAnt/default
05-05 07:44:40.368 I/HidlServiceManagement( 4173): Removing namespace from process
name [email protected] to [email protected].
05-05 07:44:40.367 I/SensorsHub( 4169): StepCounterSensor
05-05 07:44:40.368 I/SensorsHub( 4169): sensor_name Step Counter mSensorInfo.name
Step Counter
05-05 07:44:40.368 I/SensorsHub( 4169): injection path /dev/ssp_data_injection
05-05 07:44:40.368 I/SensorsHub( 4169): index 9,
05-05 07:44:40.368 I/SensorsHub( 4169): handle 22
05-05 07:44:40.368 I/SensorsHub( 4169): name
05-05 07:44:40.368 I/SensorsHub( 4169): vendor Samsung Inc.
05-05 07:44:40.368 I/SensorsHub( 4169): version 1
05-05 07:44:40.368 I/SensorsHub( 4169): maxRage 1.000000
05-05 07:44:40.368 I/SensorsHub( 4169): resolution 1.000000
05-05 07:44:40.368 I/SensorsHub( 4169): Delay min 0 Max 0
05-05 07:44:40.368 I/SensorsHub( 4169): fifo 0 0
05-05 07:44:40.368 I/SensorsHub( 4169): wakeup 1 flags b
05-05 07:44:40.369 I/HidlServiceManagement( 4181): Registered
[email protected]::ISehMiscPower/default
05-05 07:44:40.369 I/HidlServiceManagement( 4181): Removing namespace from process
name [email protected] to [email protected].
05-05 07:44:40.369 I/SensorsHub( 4169): TiltDetector
05-05 07:44:40.369 I/SensorsHub( 4169): sensor_name Tilt Detector mSensorInfo.name
Tilt Detector
05-05 07:44:40.369 I/SensorsHub( 4169): injection path /dev/ssp_data_injection
05-05 07:44:40.370 I/SensorsHub( 4169): index 10,
05-05 07:44:40.370 I/SensorsHub( 4169): handle 25
05-05 07:44:40.370 I/SensorsHub( 4169): name
05-05 07:44:40.370 I/SensorsHub( 4169): vendor Samsung Inc.
05-05 07:44:40.370 I/SensorsHub( 4169): version 1
05-05 07:44:40.370 I/SensorsHub( 4169): maxRage 1.000000
05-05 07:44:40.370 I/SensorsHub( 4169): resolution 1.000000
05-05 07:44:40.370 I/SensorsHub( 4169): Delay min -1 Max 0
05-05 07:44:40.370 I/SensorsHub( 4169): fifo 0 0
05-05 07:44:40.370 I/SensorsHub( 4169): wakeup 1 flags b
05-05 07:44:40.370 I/SensorsHub( 4169): PickupGesture
05-05 07:44:40.371 I/SensorsHub( 4169): sensor_name Pick Up Gesture
mSensorInfo.name Pick Up Gesture
05-05 07:44:40.371 I/SensorsHub( 4169): injection path /dev/ssp_data_injection
05-05 07:44:40.371 I/SensorsHub( 4169): index 11,
05-05 07:44:40.371 I/SensorsHub( 4169): handle 29
05-05 07:44:40.371 I/SensorsHub( 4169): name STK3031
05-05 07:44:40.371 I/SensorsHub( 4169): vendor Sitronix
05-05 07:44:40.371 I/SensorsHub( 4169): version 1
05-05 07:44:40.371 I/SensorsHub( 4169): maxRage 8.000000
05-05 07:44:40.371 I/SensorsHub( 4169): resolution 1.000000
05-05 07:44:40.371 I/SensorsHub( 4169): Delay min 0 Max 0
05-05 07:44:40.371 I/SensorsHub( 4169): fifo 0 0
05-05 07:44:40.371 I/SensorsHub( 4169): wakeup 1 flags b
05-05 07:44:40.371 E/SensorsHub( 4169): pushSensorList invalid handle 29
05-05 07:44:40.371 I/SensorsHub( 4169): handle 31
05-05 07:44:40.371 I/SensorsHub( 4169): name
05-05 07:44:40.371 I/SensorsHub( 4169): vendor Samsung Inc.
05-05 07:44:40.371 I/SensorsHub( 4169): version 1
05-05 07:44:40.371 I/SensorsHub( 4169): maxRage 17.453293
05-05 07:44:40.371 I/SensorsHub( 4169): resolution 0.000533
05-05 07:44:40.371 I/SensorsHub( 4169): Delay min 20000 Max 20000
05-05 07:44:40.371 I/SensorsHub( 4169): fifo 0 0
05-05 07:44:40.371 I/SensorsHub( 4169): wakeup 0 flags b
05-05 07:44:40.372 I/HidlServiceManagement( 4150): Registered
[email protected]::ISehDevicesFactory/default
05-05 07:44:40.372 I/LegacySupport( 4150): Registration complete for
[email protected]::ISehDevicesFactory/default.
05-05 07:44:40.372 I/servicemanager( 3925): Found
android.hardware.power.IPower/default in device VINTF manifest.
05-05 07:44:40.373 I/servicemanager( 3925): Adding 'u:r:hal_power_default:s0'
service (android.hardware.power.IPower/default:4178)
05-05 07:44:40.373 I/SensorsHub( 4169): IntGyroSensor
05-05 07:44:40.373 I/SensorsHub( 4169): sensor_name Interrupt Gyroscope
mSensorInfo.name Interrupt Gyroscope
05-05 07:44:40.373 I/SensorsHub( 4169): injection path /dev/ssp_data_injection
05-05 07:44:40.373 I/SensorsHub( 4169): index 12,
05-05 07:44:40.373 I/SensorsHub( 4169): handle 34
05-05 07:44:40.373 I/SensorsHub( 4169): name TCS3701
05-05 07:44:40.373 I/SensorsHub( 4169): vendor AMS, Inc.
05-05 07:44:40.373 I/SensorsHub( 4169): version 1000
05-05 07:44:40.373 I/SensorsHub( 4169): maxRage 60000.000000
05-05 07:44:40.373 I/SensorsHub( 4169): resolution 1.000000
05-05 07:44:40.373 I/SensorsHub( 4169): Delay min 200000 Max 200000
05-05 07:44:40.373 I/SensorsHub( 4169): fifo 0 0
05-05 07:44:40.373 I/SensorsHub( 4169): wakeup 0 flags b
05-05 07:44:40.374 I/SensorsHub( 4169): LightCCT_Sensor
05-05 07:44:40.374 I/SensorsHub( 4169): sensor_name TCS3701 Light CCT
mSensorInfo.name TCS3701 Light CCT
05-05 07:44:40.374 I/SensorsHub( 4169): injection path /dev/ssp_data_injection
05-05 07:44:40.374 I/SensorsHub( 4169): index 13, TCS3701
05-05 07:44:40.374 I/SensorsHub( 4169): handle 35
05-05 07:44:40.374 I/SensorsHub( 4169): name
05-05 07:44:40.374 I/SensorsHub( 4169): vendor Samsung Inc.
05-05 07:44:40.374 I/SensorsHub( 4169): version 1
05-05 07:44:40.374 I/SensorsHub( 4169): maxRage 1.000000
05-05 07:44:40.374 I/SensorsHub( 4169): resolution 1.000000
05-05 07:44:40.374 I/SensorsHub( 4169): Delay min 0 Max 0
05-05 07:44:40.374 I/SensorsHub( 4169): fifo 0 0
05-05 07:44:40.374 I/SensorsHub( 4169): wakeup 1 flags b
05-05 07:44:40.375 I/SensorsHub( 4169): CallGesture
05-05 07:44:40.375 I/SensorsHub( 4169): sensor_name Call Gesture mSensorInfo.name
Call Gesture
05-05 07:44:40.375 I/SensorsHub( 4169): injection path /dev/ssp_data_injection
05-05 07:44:40.375 I/SensorsHub( 4169): index 14,
05-05 07:44:40.375 I/SensorsHub( 4169): handle 36
05-05 07:44:40.375 I/SensorsHub( 4169): name
05-05 07:44:40.375 I/SensorsHub( 4169): vendor Samsung Inc.
05-05 07:44:40.375 I/SensorsHub( 4169): version 2
05-05 07:44:40.375 I/SensorsHub( 4169): maxRage 1.000000
05-05 07:44:40.375 I/SensorsHub( 4169): resolution 1.000000
05-05 07:44:40.375 I/SensorsHub( 4169): Delay min 0 Max 0
05-05 07:44:40.375 I/SensorsHub( 4169): fifo 0 0
05-05 07:44:40.375 I/SensorsHub( 4169): wakeup 1 flags b
05-05 07:44:40.376 I/teecl ( 4182): NW> Starting log for teecl
05-05 07:44:40.376 I/SensorsHub( 4169): WakeUpMotion
05-05 07:44:40.376 E/[email protected]( 4182):
vendor drk main
05-05 07:44:40.376 I/SensorsHub( 4169): sensor_name Wake Up Motion mSensorInfo.name
Wake Up Motion
05-05 07:44:40.376 I/SensorsHub( 4169): injection path /dev/ssp_data_injection
05-05 07:44:40.376 I/SensorsHub( 4169): index 15,
05-05 07:44:40.376 I/SensorsHub( 4169): handle 37
05-05 07:44:40.376 I/SensorsHub( 4169): name TCS3701
05-05 07:44:40.376 I/SensorsHub( 4169): vendor AMS, Inc.
05-05 07:44:40.376 I/SensorsHub( 4169): version 1000
05-05 07:44:40.376 I/SensorsHub( 4169): maxRage 60000.000000
05-05 07:44:40.376 I/SensorsHub( 4169): resolution 1.000000
05-05 07:44:40.376 I/SensorsHub( 4169): Delay min 200000 Max 200000
05-05 07:44:40.376 I/SensorsHub( 4169): fifo 0 0
05-05 07:44:40.376 I/SensorsHub( 4169): wakeup 0 flags b
05-05 07:44:40.378 I/SensorsHub( 4169): AutoBrightnessSensor
05-05 07:44:40.378 I/SensorsHub( 4169): sensor_name TCS3701 Auto Brightness (Cam
Lux Support) mSensorInfo.name TCS3701 Auto Brightness (Cam Lux Support)
05-05 07:44:40.378 I/SensorsHub( 4169): injection path /dev/ssp_data_injection
05-05 07:44:40.378 I/SensorsHub( 4169): index 16, TCS3701
05-05 07:44:40.378 I/SensorsHub( 4169): handle 38
05-05 07:44:40.378 I/SensorsHub( 4169): name
05-05 07:44:40.378 I/SensorsHub( 4169): vendor Samsung Inc.
05-05 07:44:40.378 I/SensorsHub( 4169): version 1
05-05 07:44:40.378 I/SensorsHub( 4169): maxRage 17.453293
05-05 07:44:40.378 I/SensorsHub( 4169): resolution 0.000533
05-05 07:44:40.378 I/SensorsHub( 4169): Delay min 10000 Max 10000
05-05 07:44:40.378 I/SensorsHub( 4169): fifo 0 0
05-05 07:44:40.378 I/SensorsHub( 4169): wakeup 0 flags b
05-05 07:44:40.379 I/HidlServiceManagement( 4182): Registered
[email protected]::ISehDrk/default
05-05 07:44:40.380 I/HidlServiceManagement( 4182): Removing namespace from process
name [email protected] to [email protected].
05-05 07:44:40.380 D/HYPER-HAL( 4174): sec-hyper-aidl start!
05-05 07:44:40.381 I/SensorsHub( 4169): VdisGyroSensor
05-05 07:44:40.381 I/SensorsHub( 4169): sensor_name VDIS Gyroscope mSensorInfo.name
VDIS Gyroscope
05-05 07:44:40.381 I/SensorsHub( 4169): injection path /dev/ssp_data_injection
05-05 07:44:40.381 I/SensorsHub( 4169): index 17,
05-05 07:44:40.381 I/SensorsHub( 4169): handle 39
05-05 07:44:40.381 I/SensorsHub( 4169): name
05-05 07:44:40.381 I/SensorsHub( 4169): vendor Samsung Inc.
05-05 07:44:40.381 I/SensorsHub( 4169): version 1
05-05 07:44:40.381 I/SensorsHub( 4169): maxRage 1.000000
05-05 07:44:40.381 I/SensorsHub( 4169): resolution 1.000000
05-05 07:44:40.381 I/SensorsHub( 4169): Delay min 0 Max 0
05-05 07:44:40.381 I/SensorsHub( 4169): fifo 0 0
05-05 07:44:40.381 I/SensorsHub( 4169): wakeup 0 flags b
05-05 07:44:40.382 I/SensorsHub( 4169): PocketModeLiteSensor
05-05 07:44:40.382 I/SensorsHub( 4169): sensor_name Pocket Mode mSensorInfo.name
Pocket Mode
05-05 07:44:40.382 I/SensorsHub( 4169): injection path /dev/ssp_data_injection
05-05 07:44:40.382 I/SensorsHub( 4169): index 18,
05-05 07:44:40.382 I/SensorsHub( 4169): handle 40
05-05 07:44:40.382 I/SensorsHub( 4169): name STK3031
05-05 07:44:40.382 I/SensorsHub( 4169): vendor Sitronix
05-05 07:44:40.382 I/SensorsHub( 4169): version 1
05-05 07:44:40.382 I/SensorsHub( 4169): maxRage 8.000000
05-05 07:44:40.382 I/SensorsHub( 4169): resolution 1.000000
05-05 07:44:40.382 I/SensorsHub( 4169): Delay min 0 Max 0
05-05 07:44:40.382 I/SensorsHub( 4169): fifo 0 0
05-05 07:44:40.382 I/SensorsHub( 4169): wakeup 1 flags b
05-05 07:44:40.382 E/SensorsHub( 4169): pushSensorList invalid handle 40
05-05 07:44:40.383 I/SensorsHub( 4169): SContextSensor
05-05 07:44:40.383 I/SensorsHub( 4169): sensor_name Scontext mSensorInfo.name
Scontext
05-05 07:44:40.383 I/SensorsHub( 4169): injection path /dev/ssp_data_injection
05-05 07:44:40.383 I/SensorsHub( 4169): SensorHubDataWriter::SensorHubDataWriter()
05-05 07:44:40.383 E/SensorsHub( 4169): SensorHubDataWriter: open sensorhub device
success(27)
05-05 07:44:40.384 I/SensorsHub( 4169): SensorHubSensor
05-05 07:44:40.384 I/SensorsHub( 4169): sensor_name SensorHub mSensorInfo.name
SensorHub
05-05 07:44:40.384 I/SensorsHub( 4169): injection path /dev/ssp_data_injection
05-05 07:44:40.384 I/SensorsHub( 4169): (AccSensor)SensorBase::isShownSensorList()
05-05 07:44:40.384 I/SensorsHub( 4169): index 0, ishown 1
05-05 07:44:40.384 I/SensorsHub( 4169): (AccSensor)SensorBase::isShownSensorList()
05-05 07:44:40.384 I/SensorsHub( 4169):
(MagneticSensor)SensorBase::isShownSensorList()
05-05 07:44:40.384 I/SensorsHub( 4169): index 1, ishown 1
05-05 07:44:40.384 I/SensorsHub( 4169):
(MagneticSensor)SensorBase::isShownSensorList()
05-05 07:44:40.384 I/SensorsHub( 4169): (GyroSensor)SensorBase::isShownSensorList()
05-05 07:44:40.384 I/SensorsHub( 4169): index 2, ishown 1
05-05 07:44:40.384 I/SensorsHub( 4169): (GyroSensor)SensorBase::isShownSensorList()
05-05 07:44:40.384 I/SensorsHub( 4169):
(LightSensor)SensorBase::isShownSensorList()
05-05 07:44:40.384 I/SensorsHub( 4169): index 3, ishown 1
05-05 07:44:40.384 I/SensorsHub( 4169):
(LightSensor)SensorBase::isShownSensorList()
05-05 07:44:40.384 I/SensorsHub( 4169):
(ProximitySensor)SensorBase::isShownSensorList()
05-05 07:44:40.384 I/SensorsHub( 4169): index 4, ishown 1
05-05 07:44:40.384 I/SensorsHub( 4169):
(ProximitySensor)SensorBase::isShownSensorList()
05-05 07:44:40.384 I/SensorsHub( 4169):
(UncalMagneticSensor)SensorBase::isShownSensorList()
05-05 07:44:40.384 I/SensorsHub( 4169): index 5, ishown 1
05-05 07:44:40.384 I/SensorsHub( 4169):
(UncalMagneticSensor)SensorBase::isShownSensorList()
05-05 07:44:40.384 I/SensorsHub( 4169):
(UncalGyroSensor)SensorBase::isShownSensorList()
05-05 07:44:40.384 I/SensorsHub( 4169): index 6, ishown 1
05-05 07:44:40.384 I/SensorsHub( 4169):
(UncalGyroSensor)SensorBase::isShownSensorList()
05-05 07:44:40.384 I/SensorsHub( 4169):
(SigMotionSensor)SensorBase::isShownSensorList()
05-05 07:44:40.384 I/SensorsHub( 4169): index 7, ishown 1
05-05 07:44:40.384 I/SensorsHub( 4169):
(SigMotionSensor)SensorBase::isShownSensorList()
05-05 07:44:40.384 I/SensorsHub( 4169):
(StepDetectorSensor)SensorBase::isShownSensorList()
05-05 07:44:40.384 I/SensorsHub( 4169): index 8, ishown 1
05-05 07:44:40.384 I/SensorsHub( 4169):
(StepDetectorSensor)SensorBase::isShownSensorList()
05-05 07:44:40.384 I/SensorsHub( 4169):
(StepCounterSensor)SensorBase::isShownSensorList()
05-05 07:44:40.384 I/SensorsHub( 4169): index 9, ishown 1
05-05 07:44:40.385 I/SensorsHub( 4169):
(StepCounterSensor)SensorBase::isShownSensorList()
05-05 07:44:40.385 I/SensorsHub( 4169):
(TiltDetector)SensorBase::isShownSensorList()
05-05 07:44:40.385 I/SensorsHub( 4169): index 10, ishown 1
05-05 07:44:40.385 I/SensorsHub( 4169):
(TiltDetector)SensorBase::isShownSensorList()
05-05 07:44:40.385 I/SensorsHub( 4169):
(PickupGesture)SensorBase::isShownSensorList()
05-05 07:44:40.385 I/SensorsHub( 4169): index 11, ishown 1
05-05 07:44:40.385 I/SensorsHub( 4169):
(PickupGesture)SensorBase::isShownSensorList()
05-05 07:44:40.385 I/SensorsHub( 4169):
(IntGyroSensor)SensorBase::isShownSensorList()
05-05 07:44:40.385 I/SensorsHub( 4169): index 12, ishown 1
05-05 07:44:40.385 I/SensorsHub( 4169):
(IntGyroSensor)SensorBase::isShownSensorList()
05-05 07:44:40.385 I/SensorsHub( 4169):
(LightCCT_Sensor)SensorBase::isShownSensorList()
05-05 07:44:40.385 I/SensorsHub( 4169): index 13, ishown 1
05-05 07:44:40.385 I/SensorsHub( 4169):
(LightCCT_Sensor)SensorBase::isShownSensorList()
05-05 07:44:40.385 I/SensorsHub( 4169):
(CallGesture)SensorBase::isShownSensorList()
05-05 07:44:40.385 I/SensorsHub( 4169): index 14, ishown 1
05-05 07:44:40.385 I/SensorsHub( 4169):
(CallGesture)SensorBase::isShownSensorList()
05-05 07:44:40.385 I/SensorsHub( 4169):
(WakeUpMotion)SensorBase::isShownSensorList()
05-05 07:44:40.385 I/SensorsHub( 4169): index 15, ishown 1
05-05 07:44:40.385 I/SensorsHub( 4169):
(WakeUpMotion)SensorBase::isShownSensorList()
05-05 07:44:40.385 I/SensorsHub( 4169):
(AutoBrightnessSensor)SensorBase::isShownSensorList()
05-05 07:44:40.385 I/SensorsHub( 4169): index 16, ishown 1
05-05 07:44:40.385 I/SensorsHub( 4169):
(AutoBrightnessSensor)SensorBase::isShownSensorList()
05-05 07:44:40.385 I/SensorsHub( 4169):
(VdisGyroSensor)SensorBase::isShownSensorList()
05-05 07:44:40.385 I/SensorsHub( 4169): index 17, ishown 1
05-05 07:44:40.385 I/SensorsHub( 4169):
(VdisGyroSensor)SensorBase::isShownSensorList()
05-05 07:44:40.385 I/SensorsHub( 4169):
(PocketModeLiteSensor)SensorBase::isShownSensorList()
05-05 07:44:40.385 I/SensorsHub( 4169): index 18, ishown 1
05-05 07:44:40.385 I/SensorsHub( 4169):
(PocketModeLiteSensor)SensorBase::isShownSensorList()
05-05 07:44:40.385 I/SensorsHub( 4169):
(SContextSensor)SensorBase::isShownSensorList()
05-05 07:44:40.385 I/SensorsHub( 4169): index 19, ishown 1
05-05 07:44:40.385 I/SensorsHub( 4169):
(SContextSensor)SensorBase::isShownSensorList()
05-05 07:44:40.385 I/SensorsHub( 4169): index 20, ishown 0
05-05 07:44:40.386 I/SensorsHub( 4169): Support camera light
05-05 07:44:40.386 I/[email protected]( 4172): Wifi Hal is booting
up...
05-05 07:44:40.389 E/HYPER-HAL( 4174): [JsonParser.cpp]ParseHints(): targetResource
of LPMBias is null
05-05 07:44:40.389 E/HYPER-HAL( 4174): [JsonParser.cpp]ParseHints(): targetResource
of LPMBias is null
05-05 07:44:40.389 E/HYPER-HAL( 4174): [JsonParser.cpp]ParseHints(): targetResource
of DDRMinFreq is null
05-05 07:44:40.391 I/HidlServiceManagement( 4172): Registered
[email protected]::IWifi/default
05-05 07:44:40.391 I/HidlServiceManagement( 4172): Removing namespace from process
name [email protected] to [email protected].
05-05 07:44:40.393 I/ServiceManager( 4141): Waiting for service 'statscompanion' on
'/dev/binder'...
05-05 07:44:40.393 E/HYPER-HAL( 4174): [JsonParser.cpp]parseConfigFile(): Json File
NO Exist : /vendor/etc/config_model.json
05-05 07:44:40.393 E/HYPER-HAL( 4174): [JsonParser.cpp]JsonInit(): Skip Model
Config Parsing
05-05 07:44:40.394 E/HYPER-HAL( 4174): [HandlerQC.cpp]HandlerQC(): unable to open
vendor/lib64/libqti-perfd-client.so: dlopen failed: library "libqti-perfd-
client.so" not found
05-05 07:44:40.394 E/HYPER-HAL( 4174): [HandlerMtk.cpp]HandlerMtk(): dlopen error:
dlopen failed: library "libmtkperf_client_vendor.so" not found
05-05 07:44:40.394 I/SensorsHub( 4169): threadLoop: starting
05-05 07:44:40.394 I/SensorsHub( 4169): SensorHubSensor::ready: shub_file open
failed(-2) No such file or directory
05-05 07:44:40.395 E/SensorsMultiHal( 4169): Loaded SubHal from library:
/system/vendor/lib64/hw/sensors.sensorhub.so
05-05 07:44:40.395 E/HYPER-HAL( 4174): [ResourceManager.cpp]isValidResourceData():
resourceData basic data null or empty
05-05 07:44:40.395 E/HYPER-HAL( 4174): [ResourceManager.cpp]ResourceManager():
resourceData null
05-05 07:44:40.395 E/HYPER-HAL( 4174): [ResourceManager.cpp]isValidResourceData():
resourceData basic data null or empty
05-05 07:44:40.395 E/HYPER-HAL( 4174): [ResourceManager.cpp]ResourceManager():
resourceData null
05-05 07:44:40.395 E/HYPER-HAL( 4174): [HandlerSysfs.cpp]doResourceHandling():
Couldn't Open Sysfs - /sys/module/cpuidle/parameters/off
05-05 07:44:40.395 E/HYPER-HAL( 4174): [ResourceManager.cpp]isValidResourceData():
resourceData basic data null or empty
05-05 07:44:40.395 E/HYPER-HAL( 4174): [ResourceManager.cpp]ResourceManager():
resourceData null
05-05 07:44:40.396 E/HYPER-HAL( 4174): [HandlerSysfs.cpp]doResourceHandling():
Couldn't Open Sysfs - /sys/kernel/mm/vmscan/am_app_launch
05-05 07:44:40.396 E/HYPER-HAL( 4174): [HandlerSysfs.cpp]doResourceHandling():
Couldn't Open Sysfs - /proc/sys/vm/kswapd_perftune_cpumask
05-05 07:44:40.396 E/HYPER-HAL( 4174): [ResourceManager.cpp]ResourceManager():
Cannot read path : /sys/devices/platform/exynos-ufcc/ufc/cpufreq_table
05-05 07:44:40.396 I/HYPER-HAL( 4174): [RequestManager.cpp]initHintData(): Hint ::
Start Hint Initializing - AMS_RESUME (1)
05-05 07:44:40.396 I/HYPER-HAL( 4174): [RequestManager.cpp]initHintData(): Hint ::
Resource Id : 0x12001001 Value : 1664000
05-05 07:44:40.396 I/HYPER-HAL( 4174): [RequestManager.cpp]initHintData(): Hint ::
Resource Id : 0x20001001 Value : 455000
05-05 07:44:40.396 I/HYPER-HAL( 4174): [RequestManager.cpp]initHintData(): Hint ::
Resource Id : 0x30001001 Value : 419000
05-05 07:44:40.396 I/HYPER-HAL( 4174): [ResourceManager.cpp]getResourceManager():
Resouce not supported on this device - resourceID : 0x10002001
05-05 07:44:40.396 E/HYPER-HAL( 4174): [RequestManager.cpp]initHintData(): [Error]
Couldn't find Resource ID : 0x10002001
05-05 07:44:40.396 I/HYPER-HAL( 4174): [RequestManager.cpp]initHintData(): Hint ::
Resource Id : 0x10003000 Value : 1
05-05 07:44:40.396 I/HYPER-HAL( 4174): [RequestManager.cpp]initHintData(): Hint ::
Start Hint Initializing - AMS_RELAUNCH_RESUME (2)
05-05 07:44:40.396 I/HYPER-HAL( 4174): [RequestManager.cpp]initHintData(): Hint ::
Resource Id : 0x12001001 Value : 1768000
05-05 07:44:40.396 I/HYPER-HAL( 4174): [ResourceManager.cpp]getResourceManager():
Resouce not supported on this device - resourceID : 0x10002001
05-05 07:44:40.396 E/HYPER-HAL( 4174): [RequestManager.cpp]initHintData(): [Error]
Couldn't find Resource ID : 0x10002001
05-05 07:44:40.396 I/HYPER-HAL( 4174): [RequestManager.cpp]initHintData(): Hint ::
Resource Id : 0x10003000 Value : 1
05-05 07:44:40.396 I/HYPER-HAL( 4174): [RequestManager.cpp]initHintData(): Hint ::
Duration : 1000
05-05 07:44:40.396 I/HYPER-HAL( 4174): [RequestManager.cpp]initHintData(): Hint ::
Start Hint Initializing - AMS_ACT_RESUME (3)
05-05 07:44:40.396 I/HYPER-HAL( 4174): [RequestManager.cpp]initHintData(): Hint ::
Resource Id : 0x12001001 Value : 1664000
05-05 07:44:40.396 I/HYPER-HAL( 4174): [RequestManager.cpp]initHintData(): Hint ::
Resource Id : 0x20001001 Value : 455000
05-05 07:44:40.396 I/HYPER-HAL( 4174): [ResourceManager.cpp]getResourceManager():
Resouce not supported on this device - resourceID : 0x10002001
05-05 07:44:40.396 E/HYPER-HAL( 4174): [RequestManager.cpp]initHintData(): [Error]
