05-05 07:44:40.754 D/scs ( 4256): OMCNW_CODE2 : MWD
05-05 07:44:40.754 D/scs ( 4256): OMCNW_PATH2 : /product/omc/MWD/conf
05-05 07:44:40.754 D/scs ( 4256): CUSTOMER_XML_FILE_PATH :
/product/omc/MWD/conf/customer.xml
05-05 07:44:40.754 D/scs ( 4256): CHANGE_TYPE_FILE_PATH :
/product/omc/omc_changetype
05-05 07:44:40.754 D/scs ( 4256): OMC_RES_PATH : /omr/res
05-05 07:44:40.754 D/scs ( 4256): OMC_ETC_PATH : /product/omc/MWD/etc
05-05 07:44:40.754 D/scs ( 4256): TSS_TYPE : NONE
05-05 07:44:40.754 D/scs ( 4256): SW_CONFIG_FILE_PATH :
/product/omc/SW_Configuration.xml
05-05 07:44:40.754 E/scs ( 4256): scs stopped : Already done
05-05 07:44:40.756 I/appproc ( 4143): !@Boot_EBS_F: start zygote from appmain
05-05 07:44:40.758 D/AndroidRuntime( 4143): >>>>>> START
com.android.internal.os.ZygoteInit uid 0 <<<<<<
05-05 07:44:40.759 I/SecureStorage( 4245): [SPID(00000000)
ListenHidl:230] Secure Storage Daemon successfully connected to TA or driver
05-05 07:44:40.759 I/SecureStorage( 4245): [SPID(00000000)
ListenHidl:233] Secure Storage Daemon is initialized
05-05 07:44:40.762 I/HidlServiceManagement( 4245): Registered
[email protected]::ISehSecureStorage/default
05-05 07:44:40.774 D/IptablesRestoreController( 4142): [iptables debug]iptables-
restore execute done, res : 0
05-05 07:44:40.774 I/netd ( 4142): Setting up NetlimitControl hooks: 23673us
05-05 07:44:40.774 I/ClatdController( 4142): 4.9+ kernel and device shipped with P
clat ebpf might work.
05-05 07:44:40.774 I/netd ( 4142): Initializing ClatdController: 510us
05-05 07:44:40.778 I/netd ( 4142): Initializing traffic control: 3556us
05-05 07:44:40.778 D/IptablesRestoreController( 4142): [iptables debug]iptables-
restore execute *filter
05-05 07:44:40.778 D/IptablesRestoreController( 4142): -S
05-05 07:44:40.778 D/IptablesRestoreController( 4142): COMMIT
05-05 07:44:40.780 D/IptablesRestoreController( 4142): [iptables debug]iptables-
restore execute done, res : 0
05-05 07:44:40.780 D/IptablesRestoreController( 4142): [iptables debug]iptables-
restore execute *filter
05-05 07:44:40.780 D/IptablesRestoreController( 4142): :bw_INPUT -
05-05 07:44:40.780 D/IptablesRestoreController( 4142): :bw_OUTPUT -
05-05 07:44:40.780 D/IptablesRestoreController( 4142): :bw_FORWARD -
05-05 07:44:40.780 D/IptablesRestoreController( 4142): :bw_happy_box -
05-05 07:44:40.780 D/IptablesRestoreController( 4142): :bw_penalty_box -
05-05 07:44:40.780 D/IptablesRestoreController( 4142): :bw_data_saver -
05-05 07:44:40.780 D/IptablesRestoreController( 4142): :bw_costly_shared -
05-05 07:44:40.780 D/IptablesRestoreController( 4142): :bw_global_alert -
05-05 07:44:40.780 D/IptablesRestoreController( 4142): :bw_foc_box -
05-05 07:44:40.780 D/IptablesRestoreController( 4142): COMMIT
05-05 07:44:40.780 D/IptablesRestoreController( 4142): *raw
05-05 07:44:40.780 D/IptablesRestoreController( 4142): :bw_raw_PREROUTING -
05-05 07:44:40.780 D/IptablesRestoreController( 4142): COMMIT
05-05 07:44:40.780 D/IptablesRestoreController( 4142): *mangle
05-05 07:44:40.780 D/IptablesRestoreController( 4142): :bw_mangle_POSTROUTING -
05-05 07:44:40.780 D/IptablesRestoreController( 4142): COMMIT
05-05 07:44:40.781 I/hwservicemanager( 3926): getTransport: Cannot find entry
[email protected]::IEffectsFactory/default in either framework or
device manifest.
05-05 07:44:40.786 I/ServiceManager( 4201): Waiting for service 'media.metrics' on
'/dev/binder'...
05-05 07:44:40.786 D/IptablesRestoreController( 4142): [iptables debug]iptables-
restore execute done, res : 0
05-05 07:44:40.786 D/IptablesRestoreController( 4142): [iptables debug]iptables-
restore execute *filter
05-05 07:44:40.786 D/IptablesRestoreController( 4142): -A bw_INPUT -j
bw_global_alert
05-05 07:44:40.786 D/IptablesRestoreController( 4142): -A bw_INPUT -p esp -j RETURN
05-05 07:44:40.786 D/IptablesRestoreController( 4142): -A bw_INPUT -m mark --mark
0x100000/0x100000 -j RETURN
05-05 07:44:40.786 D/IptablesRestoreController( 4142):
05-05 07:44:40.786 D/IptablesRestoreController( 4142): -A bw_INPUT -j MARK --or-
mark 0x100000
05-05 07:44:40.786 D/IptablesRestoreController( 4142): -A bw_OUTPUT -j
bw_global_alert
05-05 07:44:40.786 D/IptablesRestoreController( 4142):
05-05 07:44:40.786 D/IptablesRestoreController( 4142):
05-05 07:44:40.786 D/IptablesRestoreController( 4142):
05-05 07:44:40.786 D/IptablesRestoreController( 4142):
05-05 07:44:40.786 D/IptablesRestoreController( 4142): -A bw_costly_shared -j
bw_penalty_box
05-05 07:44:40.786 D/IptablesRestoreController( 4142): -I bw_penalty_box -m bpf --
object-pinned /sys/fs/bpf/prog_netd_skfilter_blacklist_xtbpf -j REJECT
05-05 07:44:40.786 D/IptablesRestoreController( 4142): -A bw_penalty_box -j
bw_happy_box
05-05 07:44:40.786 D/IptablesRestoreController( 4142): -A bw_happy_box -j
bw_data_saver
05-05 07:44:40.786 D/IptablesRestoreController( 4142): -A bw_data_saver -j RETURN
05-05 07:44:40.786 D/IptablesRestoreController( 4142): -I bw_happy_box -m bpf --
object-pinned /sys/fs/bpf/prog_netd_skfilter_whitelist_xtbpf -j RETURN
05-05 07:44:40.786 D/IptablesRestoreController( 4142): COMMIT
05-05 07:44:40.786 D/IptablesRestoreController( 4142): *raw
05-05 07:44:40.786 D/IptablesRestoreController( 4142): -A bw_raw_PREROUTING -i
ipsec+ -j RETURN
05-05 07:44:40.786 D/IptablesRestoreController( 4142): -A bw_raw_PREROUTING -m
policy --pol ipsec --dir in -j RETURN
05-05 07:44:40.786 D/IptablesRestoreController( 4142): -A bw_raw_PREROUTING -m bpf
--object-pinned /sys/fs/bpf/prog_netd_skfilter_ingress_xtbpf
05-05 07:44:40.786 D/IptablesRestoreController( 4142): COMMIT
05-05 07:44:40.786 D/IptablesRestoreController( 4142): *mangle
05-05 07:44:40.786 D/IptablesRestoreController( 4142): -A bw_mangle_POSTROUTING -o
ipsec+ -j RETURN
05-05 07:44:40.786 D/IptablesRestoreController( 4142): -A bw_mangle_POSTROUTING -m
policy --pol ipsec --dir out -j RETURN
05-05 07:44:40.786 D/IptablesRestoreController( 4142): -A bw_mangle_POSTROUTING -j
MARK --set-mark 0x0/0x100000
05-05 07:44:40.786 D/IptablesRestoreController( 4142): -A bw_mangle_POSTROUTING -m
owner --uid-owner clat -j RETURN
05-05 07:44:40.786 D/IptablesRestoreController( 4142): -A bw_ma
05-05 07:44:40.796 I/ServiceManager( 4141): Waiting for service 'statscompanion' on
'/dev/binder'...
05-05 07:44:40.800 D/IptablesRestoreController( 4142): [iptables debug]iptables-
restore execute done, res : 0
05-05 07:44:40.800 I/netd ( 4142): Enabling bandwidth control: 21697us
05-05 07:44:40.802 E/Netd ( 4142): cannot find interface dummy0: No such device
05-05 07:44:40.803 I/netd ( 4142): Initializing RouteController: 3465us
05-05 07:44:40.804 D/XfrmController( 4142): XfrmController::ipSecAddXfrmInterface,
line=1377
05-05 07:44:40.804 D/XfrmController( 4142):
XfrmController::ipSecRemoveTunnelInterface, line=1590
05-05 07:44:40.804 D/XfrmController( 4142): deviceName=ipsec_test
05-05 07:44:40.804 D/XfrmController( 4142): Sending Netlink XFRM Message:
XFRM_MSG_FLUSHSA
05-05 07:44:40.805 D/XfrmController( 4142): Sending Netlink XFRM Message:
XFRM_MSG_FLUSHPOLICY
05-05 07:44:40.805 I/netd ( 4142): Initializing XfrmController: 1633us
05-05 07:44:40.811 I/bootstat( 4262): Service started: /system/bin/bootstat --
set_system_boot_reason
05-05 07:44:40.814 I/libnetd_resolv( 4142): resolv_init: Initializing resolver
05-05 07:44:40.819 I/servicemanager( 3925): Adding 'u:r:netd:s0' service
(dnsresolver:4142)
05-05 07:44:40.821 I/AndroidRuntime( 4143): Using default boot image
05-05 07:44:40.821 I/AndroidRuntime( 4143): Leaving lock profiling enabled
05-05 07:44:40.822 D/SecNativeFeatureCppIf( 4143): encoded
05-05 07:44:40.822 D/SecNativeFeatureCppIf( 4143): decoding and unzip finish
05-05 07:44:40.822 D/SecNativeFeatureCppIf( 4143): use unCompDataBuff. encoded
05-05 07:44:40.823 D/SecNativeFeatureCppIf( 4143): Free unCompDataBuff
05-05 07:44:40.823 D/SecNativeFeatureCppIf( 4143): encoded
05-05 07:44:40.823 D/SecNativeFeatureCppIf( 4143): decoding and unzip finish
05-05 07:44:40.823 D/SecNativeFeatureCppIf( 4143): use unCompDataBuff. encoded
05-05 07:44:40.823 D/SecNativeFeatureCppIf( 4143): Free unCompDataBuff
05-05 07:44:40.823 D/SecNativeFeatureCppIf( 4143): encoded
05-05 07:44:40.823 D/SecNativeFeatureCppIf( 4143): decoding and unzip finish
05-05 07:44:40.823 D/SecNativeFeatureCppIf( 4143): use unCompDataBuff. encoded
05-05 07:44:40.823 D/SecNativeFeatureCppIf( 4143): Free unCompDataBuff
05-05 07:44:40.823 D/SecNativeFeatureCppIf( 4143): encoded
05-05 07:44:40.823 D/SecNativeFeatureCppIf( 4143): decoding and unzip finish
05-05 07:44:40.823 D/SecNativeFeatureCppIf( 4143): use unCompDataBuff. encoded
05-05 07:44:40.823 D/SecNativeFeatureCppIf( 4143): Free unCompDataBuff
05-05 07:44:40.823 D/AndroidRuntime( 4143): addProductProperty: pBrand1 is not null
05-05 07:44:40.823 D/AndroidRuntime( 4143): addProductProperty: not brand or 7
05-05 07:44:40.835 I/zygote64( 4143): option[0]=-Xzygote
05-05 07:44:40.835 I/zygote64( 4143): option[1]=exit
05-05 07:44:40.835 I/zygote64( 4143): option[2]=vfprintf
05-05 07:44:40.835 I/zygote64( 4143): option[3]=sensitiveThread
05-05 07:44:40.835 I/zygote64( 4143): option[4]=-verbose:gc
05-05 07:44:40.835 I/zygote64( 4143): option[5]=-XX:PerfettoHprof=true
05-05 07:44:40.835 I/zygote64( 4143): option[6]=-Xprimaryzygote
05-05 07:44:40.835 I/zygote64( 4143): option[7]=-Xms8m
05-05 07:44:40.835 I/zygote64( 4143): option[8]=-Xmx512m
05-05 07:44:40.835 I/zygote64( 4143): option[9]=-XX:HeapGrowthLimit=256m
05-05 07:44:40.835 I/zygote64( 4143): option[10]=-XX:HeapMinFree=2m
05-05 07:44:40.835 I/zygote64( 4143): option[11]=-XX:HeapMaxFree=8m
05-05 07:44:40.835 I/zygote64( 4143): option[12]=-XX:HeapTargetUtilization=0.75
05-05 07:44:40.835 I/zygote64( 4143): option[13]=-Xusejit:true
05-05 07:44:40.836 I/zygote64( 4143): option[14]=-Xjitsaveprofilinginfo
05-05 07:44:40.836 I/zygote64( 4143): option[15]=-XjdwpOptions:suspend=n,server=y
05-05 07:44:40.836 I/zygote64( 4143): option[16]=-XjdwpProvider:default
05-05 07:44:40.836 I/zygote64( 4143): option[17]=-Xopaque-jni-ids:swapable
05-05 07:44:40.836 I/zygote64( 4143): option[18]=-Xlockprofthreshold:500
05-05 07:44:40.836 I/zygote64( 4143): option[19]=-Xcompiler-option
05-05 07:44:40.836 I/zygote64( 4143): option[20]=--instruction-set-variant=generic
05-05 07:44:40.836 I/zygote64( 4143): option[21]=-Xcompiler-option
05-05 07:44:40.836 I/zygote64( 4143): option[22]=--instruction-set-features=default
05-05 07:44:40.836 I/zygote64( 4143): option[23]=-Xcompiler-option
05-05 07:44:40.836 I/zygote64( 4143): option[24]=--generate-mini-debug-info
05-05 07:44:40.836 I/zygote64( 4143): option[25]=-Ximage-compiler-option
05-05 07:44:40.836 I/zygote64( 4143): option[26]=--runtime-arg
05-05 07:44:40.836 I/zygote64( 4143): option[27]=-Ximage-compiler-option
05-05 07:44:40.836 I/zygote64( 4143): option[28]=-Xms64m
05-05 07:44:40.836 I/zygote64( 4143): option[29]=-Ximage-compiler-option
05-05 07:44:40.836 I/zygote64( 4143): option[30]=--runtime-arg
05-05 07:44:40.836 I/zygote64( 4143): option[31]=-Ximage-compiler-option
05-05 07:44:40.836 I/zygote64( 4143): option[32]=-Xmx64m
05-05 07:44:40.836 I/zygote64( 4143): option[33]=-Ximage-compiler-option
05-05 07:44:40.836 I/zygote64( 4143):
option[34]=--dirty-image-objects=/system/etc/dirty-image-objects
05-05 07:44:40.836 I/zygote64( 4143): option[35]=-Ximage-compiler-option
05-05 07:44:40.836 I/zygote64( 4143): option[36]=--instruction-set-variant=generic
05-05 07:44:40.836 I/zygote64( 4143): option[37]=-Ximage-compiler-option
05-05 07:44:40.836 I/zygote64( 4143): option[38]=--instruction-set-features=default
05-05 07:44:40.836 I/zygote64( 4143): option[39]=-Ximage-compiler-option
05-05 07:44:40.836 I/zygote64( 4143): option[40]=--generate-mini-debug-info
05-05 07:44:40.836 I/zygote64( 4143): option[41]=-Duser.locale=fr-FR
05-05 07:44:40.836 I/zygote64( 4143): option[42]=--cpu-abilist=arm64-v8a
05-05 07:44:40.836 I/zygote64( 4143):
option[43]=-Xfingerprint:samsung/a50dd/a50:11/RP1A.200720.012/A505FDDS9CWA1:user/
release-keys
05-05 07:44:40.843 I/servicemanager( 3925): Adding 'u:r:netd:s0' service
(netd:4142)
05-05 07:44:40.862 D/scs ( 4278): scsRunning State prop: 4
05-05 07:44:40.862 D/scs ( 4278): scsRunning State : 4
05-05 07:44:40.862 D/scs ( 4278): bODMorProduct : true
05-05 07:44:40.862 D/scs ( 4278): OMC_B2B_FILE : /product/omc/omc_b2b_list
05-05 07:44:40.862 D/scs ( 4278): getValuesFromFile : MWD
05-05 07:44:40.862 D/scs ( 4278): salesCode : MWD
05-05 07:44:40.863 D/scs ( 4278): salesCode length : 3
05-05 07:44:40.863 D/scs ( 4278): ro.multisim.simslotcount is 2
05-05 07:44:40.863 D/scs ( 4278): Init the omcnw
05-05 07:44:40.863 D/scs ( 4278): getValuesFromFile : MWD
05-05 07:44:40.863 D/scs ( 4278): omcNwCode1 : MWD
05-05 07:44:40.863 D/scs ( 4278): omcNwCode1 length : 3
05-05 07:44:40.863 D/scs ( 4278): This model is dual sim, set network code2
05-05 07:44:40.863 D/scs ( 4278): getValuesFromFile : MWD
05-05 07:44:40.863 D/scs ( 4278): omcNwCode2 : MWD
05-05 07:44:40.863 D/scs ( 4278): omcNwCode2 length : 3
05-05 07:44:40.863 D/scs ( 4278): dataFilePath /product/omc/omc_data.json
05-05 07:44:40.863 D/scs ( 4278): SALES_CODE : MWD
05-05 07:44:40.863 D/scs ( 4278): OMC_PATH : /product/omc/MWD/conf
05-05 07:44:40.863 D/scs ( 4278): OMCNW_CODE : MWD
05-05 07:44:40.863 D/scs ( 4278): OMCNW_PATH : /product/omc/MWD/conf
05-05 07:44:40.863 D/scs ( 4278): OMCNW_CODE2 : MWD
05-05 07:44:40.863 D/scs ( 4278): OMCNW_PATH2 : /product/omc/MWD/conf
05-05 07:44:40.863 D/scs ( 4278): CUSTOMER_XML_FILE_PATH :
/product/omc/MWD/conf/customer.xml
05-05 07:44:40.863 D/scs ( 4278): CHANGE_TYPE_FILE_PATH :
/product/omc/omc_changetype
05-05 07:44:40.863 D/scs ( 4278): OMC_RES_PATH : /omr/res
05-05 07:44:40.863 D/scs ( 4278): OMC_ETC_PATH : /product/omc/MWD/etc
05-05 07:44:40.863 D/scs ( 4278): TSS_TYPE : NONE
05-05 07:44:40.863 D/scs ( 4278): SW_CONFIG_FILE_PATH :
/product/omc/SW_Configuration.xml
05-05 07:44:40.864 E/scs ( 4278): scs stopped : Already done
05-05 07:44:40.864 I/perfetto( 4266): probes.cc:77 Starting
/system/bin/traced_probes service
05-05 07:44:40.870 W/perfetto( 4277): service.cc:97 Started traced,
listening on /dev/socket/traced_producer /dev/socket/traced_consumer
05-05 07:44:40.877 I/perfetto( 4266): probes_producer.cc:100 Connected to the
service
05-05 07:44:40.878 W/zygote64( 4143): Failed to open pruning marker:
/efs/recovery/pruning_arm64: No such file or directory
05-05 07:44:40.886 I/ServiceManager( 4201): Waiting for service 'media.metrics' on
'/dev/binder'...
05-05 07:44:40.898 I/ServiceManager( 4141): Waiting for service 'statscompanion' on
'/dev/binder'...
05-05 07:44:40.902 I/bootstat( 4262): Canonical boot reason: reboot
05-05 07:44:40.902 I/bootstat( 4262): Canonical boot reason: reboot
05-05 07:44:40.911 E/bootstat( 4262): Failed to read
/metadata/bootstat/persist.sys.boot.reason: No such file or directory
05-05 07:44:40.911 I/bootstat( 4262): Value of persist.sys.boot.reason :
05-05 07:44:40.911 I/bootstat( 4262): Normalized last reboot reason : reboot
05-05 07:44:40.918 E/bootstat( 4262): Failed to unlink
/metadata/bootstat/persist.sys.boot.reason: No such file or directory
05-05 07:44:40.934 I/SDP.CRYPTOD( 4284): Starting
05-05 07:44:40.935 I/SDP.CRYPTOD( 4284): Socket created with fd:5
05-05 07:44:40.935 I/SDP.CRYPTOD( 4284): Before polling: fd: 5
05-05 07:44:40.935 I/SDP.CRYPTOD( 4284): fipscrypto_set_pid success pid = 4284
05-05 07:44:40.935 I/SDP.CRYPTOD( 4284): Netlink sending message queue initialized!
05-05 07:44:40.946 D/AndroidRuntime( 4144): >>>>>> START
com.android.internal.os.ZygoteInit uid 0 <<<<<<
05-05 07:44:40.959 I/IMSD ( 4288): Imsd 1.0 starting
05-05 07:44:40.967 I/DrmManagerService(Native)( 4286): instantiate
05-05 07:44:40.983 E/Diag ( 4291): dr_usb_init_monitor_thread
05-05 07:44:40.983 E/Diag ( 4291): index=0, dr_usb_init_monitor_thread
05-05 07:44:40.984 E/Diag ( 4291): /dev/umts_dm0_init start
05-05 07:44:40.984 E/Diag ( 4291): __usb_init_monitor_thread
05-05 07:44:40.984 E/Diag ( 4291): Pipe Created sucessfully :: index = 0
05-05 07:44:40.984 E/Diag ( 4291): index=0 :: smd Interface is open with 0x5
05-05 07:44:40.984 E/Diag ( 4291): Initialise USB and start the thread :: index
= 0
05-05 07:44:40.984 E/Diag ( 4291): dr_usb_init
05-05 07:44:40.984 E/Diag ( 4291): index = 0 :: USB Interface is open with 0x9
05-05 07:44:40.984 E/Diag ( 4291): USB interface is now configured for usb_fd =
0x75ff468
05-05 07:44:40.984 E/Diag ( 4291): Log size file can not be opened. So we will
real_size as default 10
05-05 07:44:40.984 E/Diag ( 4291): THREAD LAUNCH :: index = 0
05-05 07:44:40.984 E/Diag ( 4291): dr_usb_launch_monitor_thread
05-05 07:44:40.985 E/Diag ( 4291): >> pst_init <<
05-05 07:44:40.985 E/Diag ( 4291): sock create success
05-05 07:44:40.991 I/servicemanager( 3925): Adding 'u:r:idmap:s0' service
(idmap:4287)
05-05 07:44:40.989 E/Diag ( 4291): dr_pst_launch_monitor_thread
05-05 07:44:40.992 E/Diag ( 4291): diag :: server_init
05-05 07:44:40.993 I/ServiceManager( 4201): Waiting for service 'media.metrics' on
'/dev/binder'...
05-05 07:44:40.994 E/Diag ( 4291): __usb_monitor_thread
05-05 07:44:40.994 E/Diag ( 4291): USB monitor thread launched, usb_fd= 0x9
05-05 07:44:40.994 E/Diag ( 4291): Before the usb select
05-05 07:44:40.996 D/SecNativeFeatureCppIf( 4290): encoded
05-05 07:44:40.996 D/SecNativeFeatureCppIf( 4290): decoding and unzip finish
05-05 07:44:40.996 D/SecNativeFeatureCppIf( 4290): use unCompDataBuff. encoded
05-05 07:44:40.997 D/SecNativeFeatureCppIf( 4290): Free unCompDataBuff
05-05 07:44:40.997 D/SecNativeFeatureCppIf( 4290): encoded
05-05 07:44:40.997 D/SecNativeFeatureCppIf( 4290): decoding and unzip finish
05-05 07:44:40.997 D/SecNativeFeatureCppIf( 4290): use unCompDataBuff. encoded
05-05 07:44:40.997 D/SecNativeFeatureCppIf( 4290): Free unCompDataBuff
05-05 07:44:40.997 D/SecNativeFeatureCppIf( 4290): encoded
05-05 07:44:40.997 D/SecNativeFeatureCppIf( 4290): decoding and unzip finish
05-05 07:44:40.997 D/SecNativeFeatureCppIf( 4290): use unCompDataBuff. encoded
05-05 07:44:40.997 D/SecNativeFeatureCppIf( 4290): Free unCompDataBuff
05-05 07:44:40.997 D/SecNativeFeatureCppIf( 4290): encoded
05-05 07:44:40.997 D/SecNativeFeatureCppIf( 4290): decoding and unzip finish
05-05 07:44:40.997 D/SecNativeFeatureCppIf( 4290): use unCompDataBuff. encoded
05-05 07:44:40.997 D/SecNativeFeatureCppIf( 4290): Free unCompDataBuff
05-05 07:44:41.000 E/Diag ( 4291): __pst_monitor_thread
05-05 07:44:41.000 E/Diag ( 4291): Waiting for pst connection
05-05 07:44:41.000 I/ServiceManager( 4141): Waiting for service 'statscompanion' on
'/dev/binder'...
05-05 07:44:41.019 I/AndroidRuntime( 4144): Using default boot image
05-05 07:44:41.019 I/AndroidRuntime( 4144): Leaving lock profiling enabled
05-05 07:44:41.022 D/SecNativeFeatureCppIf( 4144): encoded
05-05 07:44:41.022 D/SecNativeFeatureCppIf( 4144): decoding and unzip finish
05-05 07:44:41.022 D/SecNativeFeatureCppIf( 4144): use unCompDataBuff. encoded
05-05 07:44:41.022 I/servicemanager( 3925): Adding 'u:r:incidentd:s0' service
(incident:4289)
05-05 07:44:41.023 D/SecNativeFeatureCppIf( 4144): Free unCompDataBuff
05-05 07:44:41.023 D/SecNativeFeatureCppIf( 4144): encoded
05-05 07:44:41.023 D/DataRouter( 4293): Main entered
05-05 07:44:41.023 D/SecNativeFeatureCppIf( 4144): decoding and unzip finish
05-05 07:44:41.023 D/SecNativeFeatureCppIf( 4144): use unCompDataBuff. encoded
05-05 07:44:41.024 D/DataRouter( 4293): switchUser
05-05 07:44:41.024 D/SecNativeFeatureCppIf( 4144): Free unCompDataBuff
05-05 07:44:41.024 D/DataRouter( 4293): monitor_usb_thread
05-05 07:44:41.024 D/SecNativeFeatureCppIf( 4144): encoded
05-05 07:44:41.024 D/SecNativeFeatureCppIf( 4144): decoding and unzip finish
05-05 07:44:41.024 D/SecNativeFeatureCppIf( 4144): use unCompDataBuff. encoded
05-05 07:44:41.025 D/SecNativeFeatureCppIf( 4144): Free unCompDataBuff
05-05 07:44:41.025 D/SecNativeFeatureCppIf( 4144): encoded
05-05 07:44:41.025 D/SecNativeFeatureCppIf( 4144): decoding and unzip finish
05-05 07:44:41.025 D/SecNativeFeatureCppIf( 4144): use unCompDataBuff. encoded
05-05 07:44:41.026 D/SecNativeFeatureCppIf( 4144): Free unCompDataBuff
05-05 07:44:41.026 D/AndroidRuntime( 4144): addProductProperty: pBrand1 is not null
05-05 07:44:41.026 D/AndroidRuntime( 4144): addProductProperty: not brand or 7
05-05 07:44:41.027 D/DataRouter( 4293): Initialise USB and start the thread
05-05 07:44:41.027 D/DataRouter( 4293): dr_usb_init
05-05 07:44:41.027 E/DataRouter( 4293): USB Interface is open with 0x7
05-05 07:44:41.027 D/DataRouter( 4293): USB interface is now configured for usb_fd
= 0x7
05-05 07:44:41.027 D/DataRouter( 4293): monitor_data_of_usb
05-05 07:44:41.027 D/DataRouter( 4293): USB monitor thread launched, usb_fd= 0x7
05-05 07:44:41.028 D/DataRouter( 4293): Before the usb select
05-05 07:44:41.038 I/zygote ( 4144): option[0]=-Xzygote
05-05 07:44:41.039 I/zygote ( 4144): option[1]=exit
05-05 07:44:41.039 I/zygote ( 4144): option[2]=vfprintf
05-05 07:44:41.039 I/zygote ( 4144): option[3]=sensitiveThread
05-05 07:44:41.039 I/zygote ( 4144): option[4]=-verbose:gc
05-05 07:44:41.039 I/zygote ( 4144): option[5]=-XX:PerfettoHprof=true
05-05 07:44:41.039 I/zygote ( 4144): option[6]=-Xms8m
05-05 07:44:41.039 I/zygote ( 4144): option[7]=-Xmx512m
05-05 07:44:41.039 I/zygote ( 4144): option[8]=-XX:HeapGrowthLimit=256m
05-05 07:44:41.039 I/zygote ( 4144): option[9]=-XX:HeapMinFree=2m
05-05 07:44:41.039 I/zygote ( 4144): option[10]=-XX:HeapMaxFree=8m
05-05 07:44:41.039 I/zygote ( 4144): option[11]=-XX:HeapTargetUtilization=0.75
05-05 07:44:41.039 I/zygote ( 4144): option[12]=-Xusejit:true
05-05 07:44:41.039 I/zygote ( 4144): option[13]=-Xjitsaveprofilinginfo
05-05 07:44:41.039 I/zygote ( 4144): option[14]=-XjdwpOptions:suspend=n,server=y
05-05 07:44:41.039 I/zygote ( 4144): option[15]=-XjdwpProvider:default
05-05 07:44:41.039 I/zygote ( 4144): option[16]=-Xopaque-jni-ids:swapable
05-05 07:44:41.039 I/zygote ( 4144): option[17]=-Xlockprofthreshold:500
05-05 07:44:41.039 I/zygote ( 4144): option[18]=-Xcompiler-option
05-05 07:44:41.039 I/zygote ( 4144): option[19]=--instruction-set-variant=cortex-
a15
05-05 07:44:41.040 I/zygote ( 4144): option[20]=-Xcompiler-option
05-05 07:44:41.040 I/zygote ( 4144): option[21]=--instruction-set-features=default
05-05 07:44:41.040 I/zygote ( 4144): option[22]=-Xcompiler-option
05-05 07:44:41.040 I/zygote ( 4144): option[23]=--generate-mini-debug-info
05-05 07:44:41.040 I/zygote ( 4144): option[24]=-Ximage-compiler-option
05-05 07:44:41.040 I/zygote ( 4144): option[25]=--runtime-arg
05-05 07:44:41.040 I/zygote ( 4144): option[26]=-Ximage-compiler-option
05-05 07:44:41.040 I/zygote ( 4144): option[27]=-Xms64m
05-05 07:44:41.040 I/zygote ( 4144): option[28]=-Ximage-compiler-option
05-05 07:44:41.040 I/zygote ( 4144): option[29]=--runtime-arg
05-05 07:44:41.040 I/zygote ( 4144): option[30]=-Ximage-compiler-option
05-05 07:44:41.040 I/zygote ( 4144): option[31]=-Xmx64m
05-05 07:44:41.040 I/zygote ( 4144): option[32]=-Ximage-compiler-option
05-05 07:44:41.040 I/zygote ( 4144):
option[33]=--dirty-image-objects=/system/etc/dirty-image-objects
05-05 07:44:41.040 I/zygote ( 4144): option[34]=-Ximage-compiler-option
05-05 07:44:41.040 I/zygote ( 4144): option[35]=--instruction-set-variant=cortex-
a15
05-05 07:44:41.040 I/zygote ( 4144): option[36]=-Ximage-compiler-option
05-05 07:44:41.040 I/zygote ( 4144): option[37]=--instruction-set-features=default
05-05 07:44:41.040 I/zygote ( 4144): option[38]=-Ximage-compiler-option
05-05 07:44:41.041 I/zygote ( 4144): option[39]=--generate-mini-debug-info
05-05 07:44:41.041 I/zygote ( 4144): option[40]=-Duser.locale=fr-FR
05-05 07:44:41.041 I/zygote ( 4144): option[41]=--cpu-abilist=armeabi-v7a,armeabi
05-05 07:44:41.041 I/zygote ( 4144):
option[42]=-Xfingerprint:samsung/a50dd/a50:11/RP1A.200720.012/A505FDDS9CWA1:user/
release-keys
05-05 07:44:41.057 I/installd( 4296): installd firing up
05-05 07:44:41.057 I/installd( 4296): failed to read bootmessage
05-05 07:44:41.062 I/servicemanager( 3925): Adding 'u:r:installd:s0' service
(installd:4296)
05-05 07:44:41.065 V/MediaUtils( 4306): physMem: 3779362816
05-05 07:44:41.065 V/MediaUtils( 4306): requested limit: 134217728
05-05 07:44:41.065 I/libc ( 4306): malloc_limit: Allocation limit enabled, max
size 134217728 bytes
05-05 07:44:41.076 D/AudioPowerUsage( 4306): AudioPowerUsage
05-05 07:44:41.076 D/AudioAnalytics( 4306): AudioAnalytics
05-05 07:44:41.076 D/MediaMetricsService( 4306): MediaMetricsService
05-05 07:44:41.077 I/servicemanager( 3925): Adding 'u:r:mediametrics:s0' service
(media.metrics:4306)
05-05 07:44:41.094 I/AudioFlinger( 4201): Using default 3000 mSec as standby time.
05-05 07:44:41.098 I/ServiceManager( 4306): Waiting for service 'package_native' on
'/dev/binder'...
05-05 07:44:41.099 I/keystore( 4297): found
[email protected]::IKeymasterDevice with interface name default and
seclevel TRUSTED_ENVIRONMENT
05-05 07:44:41.099 I/keystore( 4297): !@ KmasterDevices size (3)
05-05 07:44:41.102 I/ServiceManager( 4141): Waiting for service 'statscompanion' on
'/dev/binder'...
05-05 07:44:41.104 W/zygote ( 4144): Failed to open pruning marker:
/efs/recovery/pruning_arm: No such file or directory
05-05 07:44:41.104 D/SecNativeFeatureCppIf( 4201): encoded
05-05 07:44:41.104 D/SecNativeFeatureCppIf( 4201): decoding and unzip finish
05-05 07:44:41.104 D/SecNativeFeatureCppIf( 4201): use unCompDataBuff. encoded
05-05 07:44:41.104 D/SecNativeFeatureCppIf( 4201): Free unCompDataBuff
05-05 07:44:41.104 D/SecNativeFeatureCppIf( 4201): encoded
05-05 07:44:41.105 D/SecNativeFeatureCppIf( 4201): decoding and unzip finish
05-05 07:44:41.105 D/SecNativeFeatureCppIf( 4201): use unCompDataBuff. encoded
05-05 07:44:41.105 D/SecNativeFeatureCppIf( 4201): Free unCompDataBuff
05-05 07:44:41.105 D/SecNativeFeatureCppIf( 4201): encoded
05-05 07:44:41.105 D/SecNativeFeatureCppIf( 4201): decoding and unzip finish
05-05 07:44:41.105 D/SecNativeFeatureCppIf( 4201): use unCompDataBuff. encoded
05-05 07:44:41.105 D/SecNativeFeatureCppIf( 4201): Free unCompDataBuff
05-05 07:44:41.105 D/SecNativeFeatureCppIf( 4201): encoded
05-05 07:44:41.105 D/SecNativeFeatureCppIf( 4201): decoding and unzip finish
05-05 07:44:41.105 D/SecNativeFeatureCppIf( 4201): use unCompDataBuff. encoded
05-05 07:44:41.105 D/SecNativeFeatureCppIf( 4201): Free unCompDataBuff
05-05 07:44:41.107 I/servicemanager( 3925): Adding 'u:r:drmserver:s0' service
(drm.drmManager:4286)
05-05 07:44:41.107 I/DrmManagerService(Native)( 4286): instantiate addService
05-05 07:44:41.109 I/servicemanager( 3925): Adding 'u:r:audioserver:s0' service
(media.audio_flinger:4201)
05-05 07:44:41.109 I/audioserver( 4201): Add AudioFlinger on audioserver
05-05 07:44:41.118 I/keystore( 4297): !@ Keymaster deathRecipient linked success
05-05 07:44:41.119 I/keystore( 4297): found
[email protected]::IKeymasterDevice with interface name default and
seclevel TRUSTED_ENVIRONMENT
05-05 07:44:41.119 D/keymaster_tee( 4297): [DBG] (skeymaster_operation.cpp:978)
instantiated with ISKeymasterDevice
05-05 07:44:41.119 I/samsung_keystore( 4297): !@ SamsungKeyManager : Initialize dev
05-05 07:44:41.119 I/samsung_keystore( 4297): !@ SamsungKeyManager : Initialize
sKeymasterOperation
05-05 07:44:41.119 I/keystore( 4297): !@ Initialize SamsungKeyDB
05-05 07:44:41.122 D/keymaster_tee( 4297): [DBG] (skeymaster_operation.cpp:978)
instantiated with ISKeymasterDevice
05-05 07:44:41.122 I/keystore( 4297): !@ Initialize privileged list
05-05 07:44:41.124 I/keystore( 4297): !@ reading blob
/data/misc/keystore/.privileged_list_password_key
05-05 07:44:41.125 W/keymaster_tee( 4092): [WRN]start nwd_get_key_characteristics
05-05 07:44:41.128 W/keymaster_tee( 4092): [WRN]ret OK PARAMS: A32 P0 P1 B32 P1 CN1
NAR1 S256 2019.09.16,11:15:18.000
05-05 07:44:41.129 I/keystore( 4297): !@ reading blob
/data/misc/keystore/.privileged_list_password
05-05 07:44:41.130 W/keymaster_tee( 4092): [WRN]begin req PARAMS: B32 P1
05-05 07:44:41.137 I/samsung_keystore( 4297): !@ cipherBlob : decrypt, 1
05-05 07:44:41.140 I/keystore( 4297): !@ Succeed to initialize SKO,
SamsungKeyManager!
05-05 07:44:41.140 I/macloader( 4327): Check wifiver info file..
05-05 07:44:41.142 D/APM::MultiSoundManager( 4201): MultiSoundManager created
05-05 07:44:41.142 I/macloader( 4327): Entry setWifiSharingProperty
05-05 07:44:41.142 I/keystore( 4297): registerSignalHandler
05-05 07:44:41.142 E/macloader( 4327): WiFiSharing supported
05-05 07:44:41.144 I/macloader( 4327): Exit setWifiSharingProperty
05-05 07:44:41.144 I/servicemanager( 3925): Adding 'u:r:keystore:s0' service
(android.security.keystore:4297)
05-05 07:44:41.167 E/APM::Serializer( 4201): deserialize: Could not parse
/odm/etc/audio_policy_configuration_sec.xml document.
05-05 07:44:41.173 E/SensorsInputVirtual( 4169): couldn't find
'samsung_mobile_device:hall_ic' input device
05-05 07:44:41.174 D/libEGL ( 4225): loaded /vendor/lib64/egl/libGLES_mali.so
05-05 07:44:41.199 I/ServiceManager( 4306): Waiting for service 'package_native' on
'/dev/binder'...
05-05 07:44:41.202 I/ServiceManager( 4141): Waiting for service 'statscompanion' on
'/dev/binder'...
05-05 07:44:41.211 I/bootchecker( 4333): Leave bootchecker log
05-05 07:44:41.219 D/APM_EngineLoader( 4201): Loaded engine from
libaudiopolicyenginedefault.so
05-05 07:44:41.219 I/ServiceManager( 4310): Waiting for service 'package_native' on
'/dev/binder'...
05-05 07:44:41.219 E/APM::AudioPolicyEngine/Config( 4201): parse: Could not parse
document /vendor/etc/audio_policy_engine_configuration.xml
05-05 07:44:41.219 E/libxml2 ( 4201): I/O warning : failed to load external entity
"/vendor/etc/audio_policy_engine_configuration.xml"
05-05 07:44:41.219 W/APM::AudioPolicyEngine/Base( 4201):
loadAudioPolicyEngineConfig: No configuration found, using default matching phone
experience.
05-05 07:44:41.220 E/APM::AudioPolicyEngine/Config( 4201): parseLegacyVolumeFile:
Could not parse document /odm/etc/audio_policy_configuration.xml
05-05 07:44:41.220 E/libxml2 ( 4201): I/O warning : failed to load external entity
"/odm/etc/audio_policy_configuration.xml"
05-05 07:44:41.233 I/wificond( 4313): wificond is starting up...
05-05 07:44:41.234 W/APM::AudioPolicyEngine/Base( 4201):
loadAudioPolicyEngineConfig: No configuration of AUDIO_STREAM_ASSISTANT found,
using default volume configuration
05-05 07:44:41.234 W/APM::AudioPolicyEngine/Base( 4201):
loadAudioPolicyEngineConfig: No configuration of AUDIO_STREAM_CALL_ASSISTANT found,
using default volume configuration
05-05 07:44:41.234 W/APM::AudioPolicyEngine/Base( 4201): setSessionActive session 0
already set 0
05-05 07:44:41.234 W/APM::AudioPolicyEngine/Base( 4201): setSessionActive session 1
already set 0
05-05 07:44:41.234 W/APM::AudioPolicyEngine/Base( 4201): setSessionActive session 2
already set 0
05-05 07:44:41.234 W/APM::AudioPolicyEngine/Base( 4201): setSessionActive session 3
already set 0
05-05 07:44:41.234 W/APM::AudioPolicyEngine/Base( 4201): setSessionActive session 4
already set 0
05-05 07:44:41.235 W/APM::AudioPolicyEngine/Base( 4201): setSessionActive session 5
already set 0
05-05 07:44:41.235 W/APM::AudioPolicyEngine/Base( 4201): setSessionActive session 6
already set 0
05-05 07:44:41.235 W/APM::AudioPolicyEngine/Base( 4201): setSessionActive session 7
already set 0
05-05 07:44:41.239 I/WLBTD ( 4329): add membership to group 10 family 23
05-05 07:44:41.239 I/servicemanager( 3925): Adding 'u:r:wificond:s0' service
(wifinl80211:4313)
05-05 07:44:41.246 W/libc ( 1): Unable to set property
"ro.telephony.default_network" to "9": error code: 0xb, try count : 1
05-05 07:44:41.246 W/libc ( 1): Unable to set property
"ro.telephony.default_network" to "9": error code: 0xb, try count : 2
05-05 07:44:41.247 W/libc ( 1): Unable to set property
"ro.telephony.default_network" to "9": error code: 0xb, try count : 3
05-05 07:44:41.253 I/WLBTD ( 4329): Successfully set Max Sable files per trigger
value to 2
05-05 07:44:41.254 I/WLBTD ( 4329): memdump_file_contents 2 Auto-recovery: on
05-05 07:44:41.254 E/WLBTD ( 4329): open board_id file /sys/devices/system/chip-
id/board_id failed
05-05 07:44:41.254 I/WLBTD ( 4329): Registering termination signal handler
05-05 07:44:41.254 I/WLBTD ( 4329): calling nl_recvmsgs_default
05-05 07:44:41.270 E/AT_Distributor( 4335): ReadTextWithOffset() Error :
/dev/block/param
05-05 07:44:41.271 E/AT_Distributor( 4335): length of cid on boot param is not
valid
05-05 07:44:41.271 E/AT_Distributor( 4335): GetTextFromFile() Error :
/efs/imei/cid.dat
05-05 07:44:41.271 E/AT_Distributor( 4335): could not find cid from
/efs/imei/cid.dat
05-05 07:44:41.272 D/AT_Distributor( 4335): setProdCode sales code MWD
05-05 07:44:41.273 D/AT_Distributor( 4335): gUartPath = /dev/ttySAC0
05-05 07:44:41.274 I/hwservicemanager( 3926): getTransport: Cannot find entry
[email protected]::IUsbGadget/default in either framework or device
manifest.
05-05 07:44:41.274 D/AT_Distributor( 4335): UART ttySAC0 is not used by console
05-05 07:44:41.274 D/AT_Distributor( 4335): MakeLocalServer(): AirCmdService
Communication: Server_socket 5
05-05 07:44:41.274 D/AT_Distributor( 4335): InitSocketAcceptHandler():
AirCmdService, id(6), fd(5)
05-05 07:44:41.274 D/AT_Distributor( 4335): MakeLocalServer(): FactoryClientRecv
Communication: Server_socket 6
05-05 07:44:41.274 I/usbd ( 4336): Usb HAL not found
05-05 07:44:41.274 D/AT_Distributor( 4335): InitSocketAcceptHandler():
FactoryClientRecv, id(0), fd(6)
05-05 07:44:41.275 D/AT_Distributor( 4335): MakeLocalServer(): FactoryClientSend
Communication: Server_socket 7
05-05 07:44:41.275 D/AT_Distributor( 4335): InitSocketAcceptHandler():
FactoryClientSend, id(1), fd(7)
05-05 07:44:41.275 D/AT_Distributor( 4335): MakeLocalServer(): ATDMultiClient
Communication: Server_socket 8
05-05 07:44:41.275 D/AT_Distributor( 4335): InitSocketAcceptHandler():
ATDMultiClient, id(5), fd(8)
05-05 07:44:41.275 D/AT_Distributor( 4335): MakeLocalServer(): SatsService
Communication: Server_socket 9
05-05 07:44:41.275 D/AT_Distributor( 4335): InitSocketAcceptHandler(): SatsService,
id(10), fd(9)
05-05 07:44:41.275 D/AT_Distributor( 4335): first start
05-05 07:44:41.286 I/RenderEngine( 4225): OpenGL ES informations:
05-05 07:44:41.286 I/RenderEngine( 4225): vendor : ARM
05-05 07:44:41.286 I/RenderEngine( 4225): renderer : Mali-G72

You might also like