We take content rights seriously. If you suspect this is your content, claim it here.
Available Formats
Download as TXT, PDF, TXT or read online on Scribd
You are on page 1/ 204
--------- beginning of main
04-20 12:22:22.919 8877 8877 E com.mbwhatsapp: Not starting debugger since
process cannot load the jdwp agent.
04-20 12:22:22.932 8877 8877 W System.err: android.system.ErrnoException: open failed: ENOENT (No such file or directory)
04-20 12:22:22.933 8877 8877 W System.err: at libcore.io.Linux.open(Native Method)
04-20 12:22:22.933 8877 8877 W System.err: at libcore.io.ForwardingOs.open(ForwardingOs.java:563)
04-20 12:22:22.933 8877 8877 W System.err: at libcore.io.BlockGuardOs.open(BlockGuardOs.java:274)
04-20 12:22:22.933 8877 8877 W System.err: at libcore.io.ForwardingOs.open(ForwardingOs.java:563)
04-20 12:22:22.933 8877 8877 W System.err: at android.app.ActivityThread$AndroidOs.open(ActivityThread.java:8200)
04-20 12:22:22.933 8877 8877 W System.err: at android.system.Os.open(Os.java:494)
04-20 12:22:22.933 8877 8877 W System.err: at android.os.perfdebug.PerfDebugMonitorImpl.monitorVersionControl(PerfDebugMonitorImp l.java:204)
04-20 12:22:22.933 8877 8877 W System.err: at android.os.perfdebug.PerfDebugMonitorImpl.prepareMonitor(PerfDebugMonitorImpl.java: 185)
04-20 12:22:22.933 8877 8877 W System.err: at android.app.ActivityThread.main(ActivityThread.java:8287)
04-20 12:22:22.933 8877 8877 W System.err: at java.lang.reflect.Method.invoke(Native Method)
04-20 12:22:22.933 8877 8877 W System.err: at com.android.internal.os.RuntimeInit$MethodAndArgsCaller.run(RuntimeInit.java:581)
04-20 12:22:22.933 8877 8877 W System.err: at com.android.internal.os.ZygoteInit.main(ZygoteInit.java:1028) --------- beginning of system
04-20 12:22:23.164 8877 8877 W BpBinder: Slow Binder: BpBinder transact took 227 ms, interface=android.app.IActivityManager, code=19 oneway=false
04-20 12:22:23.444 8877 8877 W System.err: java.lang.ClassNotFoundException: mbmodsd.mbmodsw.ui.views.btn.BtnBK
04-20 12:22:23.447 8877 8877 W System.err: at java.lang.Runtime.nativeLoad(Native Method)
04-20 12:22:23.447 8877 8877 W System.err: at java.lang.Runtime.nativeLoad(Runtime.java:1121)
04-20 12:22:23.447 8877 8877 W System.err: at java.lang.Runtime.loadLibrary0(Runtime.java:1075)
04-20 12:22:23.447 8877 8877 W System.err: at java.lang.Runtime.loadLibrary0(Runtime.java:998)
04-20 12:22:23.447 8877 8877 W System.err: at java.lang.System.loadLibrary(System.java:1661)
04-20 12:22:23.447 8877 8877 W System.err: at arm.EpicVm.<clinit>(Unknown Source:2)
04-20 12:22:23.447 8877 8877 W System.err: at java.lang.Class.newInstance(Native Method)
04-20 12:22:23.447 8877 8877 W System.err: at android.app.AppComponentFactory.instantiateApplication(AppComponentFactory.java:76)
04-20 12:22:23.447 8877 8877 W System.err: at androidx.core.app.CoreComponentFactory.instantiateApplication(Unknown Source:0)
04-20 12:22:23.447 8877 8877 W System.err: at android.app.Instrumentation.newApplication(Instrumentation.java:1249)
04-20 12:22:23.447 8877 8877 W System.err: at android.app.LoadedApk.makeApplicationInner(LoadedApk.java:1493)
04-20 12:22:23.447 8877 8877 W System.err: at android.app.LoadedApk.makeApplicationInner(LoadedApk.java:1426)
04-20 12:22:23.447 8877 8877 W System.err: at android.app.ActivityThread.handleBindApplication(ActivityThread.java:7135)
04-20 12:22:23.447 8877 8877 W System.err: at android.app.ActivityThread.-$ $Nest$mhandleBindApplication(Unknown Source:0)
04-20 12:22:23.447 8877 8877 W System.err: at android.app.ActivityThread$H.handleMessage(ActivityThread.java:2262)
04-20 12:22:23.447 8877 8877 W System.err: at android.os.Handler.dispatchMessage(Handler.java:106)
04-20 12:22:23.447 8877 8877 W System.err: at android.os.Looper.loopOnce(Looper.java:211)
04-20 12:22:23.447 8877 8877 W System.err: at android.os.Looper.loop(Looper.java:300)
04-20 12:22:23.447 8877 8877 W System.err: at android.app.ActivityThread.main(ActivityThread.java:8324)
04-20 12:22:23.447 8877 8877 W System.err: at java.lang.reflect.Method.invoke(Native Method)
04-20 12:22:23.447 8877 8877 W System.err: at com.android.internal.os.RuntimeInit$MethodAndArgsCaller.run(RuntimeInit.java:581)
04-20 12:22:23.447 8877 8877 W System.err: at com.android.internal.os.ZygoteInit.main(ZygoteInit.java:1028)
04-20 12:22:23.529 8877 8877 E CustomActivityOnCrash: IMPORTANT WARNING! You already have an UncaughtExceptionHandler, are you sure this is correct? If you use a custom UncaughtExceptionHandler, you must initialize it AFTER CustomActivityOnCrash! Installing anyway, but your original handler will not be called.
04-20 12:22:24.340 8877 8922 W LibraryVersion: Failed to get app version for libraryName: firebase-iid
04-20 12:22:24.600 9008 9008 E com.mbwhatsapp: Not starting debugger since process cannot load the jdwp agent.
04-20 12:22:24.606 9008 9008 W System.err: android.system.ErrnoException: open failed: ENOENT (No such file or directory)
04-20 12:22:24.606 9008 9008 W System.err: at libcore.io.Linux.open(Native Method)
04-20 12:22:24.607 9008 9008 W System.err: at libcore.io.ForwardingOs.open(ForwardingOs.java:563)
04-20 12:22:24.607 9008 9008 W System.err: at libcore.io.BlockGuardOs.open(BlockGuardOs.java:274)
04-20 12:22:24.607 9008 9008 W System.err: at libcore.io.ForwardingOs.open(ForwardingOs.java:563)
04-20 12:22:24.607 9008 9008 W System.err: at android.app.ActivityThread$AndroidOs.open(ActivityThread.java:8200)
04-20 12:22:24.607 9008 9008 W System.err: at android.system.Os.open(Os.java:494)
04-20 12:22:24.607 9008 9008 W System.err: at android.os.perfdebug.PerfDebugMonitorImpl.monitorVersionControl(PerfDebugMonitorImp l.java:204)
04-20 12:22:24.607 9008 9008 W System.err: at android.os.perfdebug.PerfDebugMonitorImpl.prepareMonitor(PerfDebugMonitorImpl.java: 185)
04-20 12:22:24.607 9008 9008 W System.err: at android.app.ActivityThread.main(ActivityThread.java:8287)
04-20 12:22:24.607 9008 9008 W System.err: at java.lang.reflect.Method.invoke(Native Method)
04-20 12:22:24.607 9008 9008 W System.err: at com.android.internal.os.RuntimeInit$MethodAndArgsCaller.run(RuntimeInit.java:581)
04-20 12:22:24.607 9008 9008 W System.err: at com.android.internal.os.ZygoteInit.main(ZygoteInit.java:1028)
04-20 12:22:24.688 9008 9008 W System.err: java.lang.ClassNotFoundException: mbmodsd.mbmodsw.ui.views.btn.BtnBK
04-20 12:22:24.688 9008 9008 W System.err: at java.lang.Runtime.nativeLoad(Native Method)
04-20 12:22:24.688 9008 9008 W System.err: at java.lang.Runtime.nativeLoad(Runtime.java:1121)
04-20 12:22:24.688 9008 9008 W System.err: at java.lang.Runtime.loadLibrary0(Runtime.java:1075)
04-20 12:22:24.688 9008 9008 W System.err: at java.lang.Runtime.loadLibrary0(Runtime.java:998)
04-20 12:22:24.688 9008 9008 W System.err: at java.lang.System.loadLibrary(System.java:1661)
04-20 12:22:24.688 9008 9008 W System.err: at arm.EpicVm.<clinit>(Unknown Source:2)
04-20 12:22:24.688 9008 9008 W System.err: at java.lang.Class.newInstance(Native Method)
04-20 12:22:24.688 9008 9008 W System.err: at android.app.AppComponentFactory.instantiateApplication(AppComponentFactory.java:76)
04-20 12:22:24.688 9008 9008 W System.err: at androidx.core.app.CoreComponentFactory.instantiateApplication(Unknown Source:0)
04-20 12:22:24.688 9008 9008 W System.err: at android.app.Instrumentation.newApplication(Instrumentation.java:1249)
04-20 12:22:24.688 9008 9008 W System.err: at android.app.LoadedApk.makeApplicationInner(LoadedApk.java:1493)
04-20 12:22:24.688 9008 9008 W System.err: at android.app.LoadedApk.makeApplicationInner(LoadedApk.java:1426)
04-20 12:22:24.688 9008 9008 W System.err: at android.app.ActivityThread.handleBindApplication(ActivityThread.java:7135)
04-20 12:22:24.688 9008 9008 W System.err: at android.app.ActivityThread.-$ $Nest$mhandleBindApplication(Unknown Source:0)
04-20 12:22:24.688 9008 9008 W System.err: at android.app.ActivityThread$H.handleMessage(ActivityThread.java:2262)
04-20 12:22:24.688 9008 9008 W System.err: at android.os.Handler.dispatchMessage(Handler.java:106)
04-20 12:22:24.688 9008 9008 W System.err: at android.os.Looper.loopOnce(Looper.java:211)
04-20 12:22:24.688 9008 9008 W System.err: at android.os.Looper.loop(Looper.java:300)
04-20 12:22:24.688 9008 9008 W System.err: at android.app.ActivityThread.main(ActivityThread.java:8324)
04-20 12:22:24.688 9008 9008 W System.err: at java.lang.reflect.Method.invoke(Native Method)
04-20 12:22:24.688 9008 9008 W System.err: at com.android.internal.os.RuntimeInit$MethodAndArgsCaller.run(RuntimeInit.java:581)
04-20 12:22:24.688 9008 9008 W System.err: at com.android.internal.os.ZygoteInit.main(ZygoteInit.java:1028)
04-20 12:22:24.731 9008 9008 E CustomActivityOnCrash: IMPORTANT WARNING! You already have an UncaughtExceptionHandler, are you sure this is correct? If you use a custom UncaughtExceptionHandler, you must initialize it AFTER CustomActivityOnCrash! Installing anyway, but your original handler will not be called.
04-20 12:22:24.772 9008 9062 W LibraryVersion: Failed to get app version for libraryName: firebase-iid
04-20 12:22:25.071 9008 9008 W com.mbwhatsapp: Accessing hidden method Lcom/android/org/conscrypt/OpenSSLSocketImpl;->setUseSessionTickets(Z)V (max- target-q,core-platform-api, reflection, denied)
04-20 12:22:25.071 9008 9008 W com.mbwhatsapp: Accessing hidden method Lcom/android/org/conscrypt/AbstractConscryptSocket;->setUseSessionTickets(Z)V (max- target-q, reflection, denied)
04-20 12:22:26.503 9008 9134 W com.mbwhatsapp: Method void X.2rL.A03(java.lang.Integer) failed lock verification and will run slower.
04-20 12:22:26.503 9008 9134 W com.mbwhatsapp: Common causes for lock verification issues are non-optimized dex code
04-20 12:22:26.503 9008 9134 W com.mbwhatsapp: and incorrect proguard optimizations.
04-20 12:22:26.509 9008 9008 W Looper : PerfMonitor longMsg : seq=2 plan=12:22:24.614 late=14ms wall=1835ms h=android.app.ActivityThread$H w=110 procState=-1
04-20 12:22:26.526 9008 9008 W com.mbwhatsapp: Method void X.0eU.A0h(X.0tK, boolean) failed lock verification and will run slower.
04-20 12:22:26.251 9008 9008 W com.mbwhatsapp: type=1400 audit(0.0:720013): avc: granted { execute } for path="/data/data/com.mbwhatsapp/files/decompressed/libs.spk.zst/libc++_shared.so" dev="dm-60" ino=146473 scontext=u:r:untrusted_app:s0:c58,c257,c512,c768 tcontext=u:object_r:app_data_file:s0:c58,c257,c512,c768 tclass=file app=com.mbwhatsapp
04-20 12:22:26.255 9008 9008 W com.mbwhatsapp: type=1400 audit(0.0:720014): avc: granted { execute } for path="/data/data/com.mbwhatsapp/files/decompressed/libs.spk.zst/libvlc.so" dev="dm- 60" ino=161015 scontext=u:r:untrusted_app:s0:c58,c257,c512,c768 tcontext=u:object_r:app_data_file:s0:c58,c257,c512,c768 tclass=file app=com.mbwhatsapp
04-20 12:22:26.259 9008 9008 W com.mbwhatsapp: type=1400 audit(0.0:720015): avc: granted { execute } for path="/data/data/com.mbwhatsapp/files/decompressed/libs.spk.zst/libwhatsapp.so" dev="dm-60" ino=160649 scontext=u:r:untrusted_app:s0:c58,c257,c512,c768 tcontext=u:object_r:app_data_file:s0:c58,c257,c512,c768 tclass=file app=com.mbwhatsapp
04-20 12:22:26.795 9008 9008 W com.mbwhatsapp: type=1400 audit(0.0:720021): avc: denied { read } for name="u:object_r:vendor_displayfeature_prop:s0" dev="tmpfs" ino=9594 scontext=u:r:untrusted_app:s0:c58,c257,c512,c768 tcontext=u:object_r:vendor_displayfeature_prop:s0 tclass=file permissive=0 app=com.mbwhatsapp
04-20 12:22:26.834 9008 9008 W Looper : PerfMonitor looperActivity : package=com.mbwhatsapp/.Icon0 time=326ms latency=1889ms procState=-1 historyMsgCount=2 (msgIndex=2 wall=1835ms seq=2 late=14ms h=android.app.ActivityThread$H w=110)
04-20 12:22:26.834 9008 9008 W Looper : PerfMonitor looperActivity : package=com.mbwhatsapp/.Icon0 time=0ms latency=2215ms procState=-1 historyMsgCount=3 (msgIndex=2 wall=1835ms seq=2 late=14ms h=android.app.ActivityThread$H w=110)
04-20 12:22:26.877 9008 9150 E QT : [QT]file does not exist
04-20 12:22:27.196 9008 9008 W BpBinder: Slow Binder: BpBinder transact took 249 ms, interface=android.app.IActivityTaskManager, code=1 oneway=false
04-20 12:22:27.200 9008 9008 E com.mbwhatsapp: Invalid ID 0x00000000.
04-20 12:22:27.201 9008 9008 W System.err: android.content.res.Resources$NotFoundException: String resource ID #0x0
04-20 12:22:27.201 9008 9008 W System.err:
04-20 12:22:27.205 9008 9008 W System.err: at android.content.res.Resources.getText(Resources.java:480)
04-20 12:22:27.206 9008 9008 W System.err:
04-20 12:22:27.206 9008 9008 W System.err: at android.content.res.MiuiResources.getText(MiuiResources.java:106)
04-20 12:22:27.206 9008 9008 W System.err:
04-20 12:22:27.206 9008 9008 W System.err: at android.content.res.Resources.getString(Resources.java:573)
04-20 12:22:27.206 9008 9008 W System.err:
04-20 12:22:27.206 9008 9008 W System.err: at X.35t.A0E(Unknown Source:46)
04-20 12:22:27.206 9008 9008 W System.err:
04-20 12:22:27.206 9008 9008 W System.err: at com.mbwhatsapp.yo.yo.getString(Native Method)
04-20 12:22:27.206 9008 9008 W System.err:
04-20 12:22:27.207 9008 9008 W System.err: at com.mbwhatsapp.yo.yo.getString(Native Method)
04-20 12:22:27.207 9008 9008 W System.err:
04-20 12:22:27.207 9008 9008 W System.err: at com.mbwhatsapp.youbasha.task.utils.requestAllFilesAccess14(Native Method)
04-20 12:22:27.207 9008 9008 W System.err:
04-20 12:22:27.207 9008 9008 W System.err: at com.mbwhatsapp.yo.dep.showStoragePermissionRequest(Native Method)
04-20 12:22:27.207 9008 9008 W System.err:
04-20 12:22:27.207 9008 9008 W System.err: at com.mbwhatsapp.registration.EULA.onCreate(Unknown Source:248)
04-20 12:22:27.207 9008 9008 W System.err:
04-20 12:22:27.207 9008 9008 W System.err: at android.app.Activity.performCreate(Activity.java:8547)
04-20 12:22:27.207 9008 9008 W System.err:
04-20 12:22:27.207 9008 9008 W System.err: at android.app.Activity.performCreate(Activity.java:8511)
04-20 12:22:27.208 9008 9008 W System.err:
04-20 12:22:27.208 9008 9008 W System.err: at android.app.Instrumentation.callActivityOnCreate(Instrumentation.java:1437)
04-20 12:22:27.208 9008 9008 W System.err:
04-20 12:22:27.208 9008 9008 W System.err: at android.app.ActivityThread.performLaunchActivity(ActivityThread.java:3877)
04-20 12:22:27.208 9008 9008 W System.err:
04-20 12:22:27.208 9008 9008 W System.err: at android.app.ActivityThread.handleLaunchActivity(ActivityThread.java:4042)
04-20 12:22:27.208 9008 9008 W System.err:
04-20 12:22:27.208 9008 9008 W System.err: at android.app.servertransaction.LaunchActivityItem.execute(LaunchActivityItem.java:10 1)
04-20 12:22:27.208 9008 9008 W System.err:
04-20 12:22:27.209 9008 9008 W System.err: at android.app.servertransaction.TransactionExecutor.executeCallbacks(TransactionExecu tor.java:135)
04-20 12:22:27.209 9008 9008 W System.err:
04-20 12:22:27.209 9008 9008 W System.err: at android.app.servertransaction.TransactionExecutor.execute(TransactionExecutor.java: 95)
04-20 12:22:27.209 9008 9008 W System.err:
04-20 12:22:27.209 9008 9008 W System.err: at android.app.ActivityThread$H.handleMessage(ActivityThread.java:2436)
04-20 12:22:27.209 9008 9008 W System.err:
04-20 12:22:27.209 9008 9008 W System.err: at android.os.Handler.dispatchMessage(Handler.java:106)
04-20 12:22:27.209 9008 9008 W System.err:
04-20 12:22:27.209 9008 9008 W System.err: at android.os.Looper.loopOnce(Looper.java:211)
04-20 12:22:27.209 9008 9008 W System.err:
04-20 12:22:27.209 9008 9008 W System.err: at android.os.Looper.loop(Looper.java:300)
04-20 12:22:27.210 9008 9008 W System.err:
04-20 12:22:27.210 9008 9008 W System.err: at android.app.ActivityThread.main(ActivityThread.java:8324)
04-20 12:22:27.210 9008 9008 W System.err:
04-20 12:22:27.210 9008 9008 W System.err: at java.lang.reflect.Method.invoke(Native Method)
04-20 12:22:27.210 9008 9008 W System.err:
04-20 12:22:27.210 9008 9008 W System.err: at com.android.internal.os.RuntimeInit$MethodAndArgsCaller.run(RuntimeInit.java:581)
04-20 12:22:27.210 9008 9008 W System.err:
04-20 12:22:27.210 9008 9008 W System.err: at com.android.internal.os.ZygoteInit.main(ZygoteInit.java:1028)
04-20 12:22:27.210 9008 9008 W System.err:
04-20 12:22:27.324 9008 9008 W Activity: Can request only one set of permissions at a time
04-20 12:22:27.412 9008 9157 E RenderScript: Failed loading RS driver: dlopen failed: library "libRSDriver_mtk.so" not found
04-20 12:22:27.412 9008 9157 E RenderScript: Failed to load runtime libRSDriver_mtk.so, loading default
04-20 12:22:27.489 9008 9008 E ArmVmp : Match on catch block at 0x0a in for 0x261
04-20 12:22:27.507 9008 9149 W libc : Access denied finding property "ro.vendor.display.iris_x7.support"
04-20 12:22:27.527 9008 9008 W Activity: PerfMonitor: Slow Operation: Activity com.mbwhatsapp/.registration.EULA onStart took 283ms
04-20 12:22:27.561 9008 9149 W libc : Access denied finding property "ro.vendor.display.iris_x7.support"
04-20 12:22:27.575 9008 9008 W Looper : PerfMonitor looperActivity : package=com.mbwhatsapp/.registration.EULA time=0ms latency=727ms procState=-1 historyMsgCount=2 (msgIndex=2 wall=715ms seq=16 late=11ms h=android.app.ActivityThread$H w=159)
04-20 12:22:27.576 9008 9008 W Looper : PerfMonitor looperActivity : package=com.mbwhatsapp/.registration.EULA time=1ms latency=387ms procState=-1 historyMsgCount=6 (msgIndex=1 wall=715ms seq=16 late=11ms h=android.app.ActivityThread$H w=159)
04-20 12:22:27.606 9008 9008 W Looper : PerfMonitor looperActivity : package=com.mbwhatsapp/.registration.EULA time=29ms latency=387ms procState=-1 historyMsgCount=7 (msgIndex=1 wall=715ms seq=16 late=11ms h=android.app.ActivityThread$H w=159)
04-20 12:22:27.730 9008 9149 E OpenGLRenderer: Device claims wide gamut support, cannot find matching config, error = EGL_SUCCESS
04-20 12:22:27.731 9008 9149 W OpenGLRenderer: Failed to initialize 101010-2 format, error = EGL_SUCCESS
04-20 12:22:27.740 9008 9149 W libc : Access denied finding property "vendor.migl.debug"
04-20 12:22:27.740 9008 9149 E libMiGL : libmigl:This GPU version is note support Variable Shading Rate
04-20 12:22:27.746 9008 9149 E libEGL : pre_cache appList: ,,
04-20 12:22:27.771 9008 9008 W libc : Access denied finding property "ro.vendor.display.iris_x7.support"
04-20 12:22:27.771 9008 9149 W FramePredict: "FramePredict won 't run in other process: com.mbwhatsapp"
04-20 12:22:27.880 9008 9149 W libc : Access denied finding property "ro.vendor.magt.mtk_magt_support"
04-20 12:22:27.886 9008 9149 W libc : Access denied finding property "ro.vendor.display.iris_x7.support"
04-20 12:22:27.891 9008 9149 E libEGL : pre_cache appList: ,,
04-20 12:22:27.908 9008 9149 E com.mbwhatsapp: DF open fail: No such file or directory
04-20 12:22:27.909 9008 9149 W com.mbwhatsapp: remote service is not exist
04-20 12:22:27.909 9008 9149 W libc : Access denied finding property "ro.vendor.display.iris_x7.support"
04-20 12:22:27.910 9008 9149 W libc : Access denied finding property "ro.vendor.display.iris_x7.support"
04-20 12:22:27.913 9008 9149 W Parcel : Expecting binder but got null!
04-20 12:22:28.523 9008 9149 W Parcel : Expecting binder but got null!
04-20 12:22:28.524 9008 9008 W Looper : PerfMonitor doFrame : time=901ms vsyncFrame=0 latency=109ms procState=-1 historyMsgCount=13 (msgIndex=1 wall=715ms seq=16 late=11ms h=android.app.ActivityThread$H w=159)
04-20 12:22:28.550 9008 9008 W Looper : PerfMonitor doFrame : time=20ms vsyncFrame=0 latency=900ms procState=-1 historyMsgCount=8 (msgIndex=1 wall=901ms seq=29 late=109ms h=android.view.Choreographer$FrameHandler c=android.view.Choreographer$FrameDisplayEventReceiver)
04-20 12:22:28.852 9008 9008 E com.mbwhatsapp: Invalid ID 0x00000000.
04-20 12:22:28.856 9008 9008 E com.mbwhatsapp: Invalid ID 0x00000000.
04-20 12:22:28.857 9008 9008 E com.mbwhatsapp: Invalid ID 0x00000000.
04-20 12:22:28.858 9008 9008 E com.mbwhatsapp: Invalid ID 0x00000000.
04-20 12:22:28.859 9008 9008 E com.mbwhatsapp: Invalid ID 0x00000000.
04-20 12:22:28.862 9008 9008 E com.mbwhatsapp: Invalid ID 0x00000000.
04-20 12:22:28.863 9008 9008 E com.mbwhatsapp: Invalid ID 0x00000000.
04-20 12:22:28.867 9008 9008 E com.mbwhatsapp: Invalid ID 0x00000000.
04-20 12:22:34.161 9008 9037 W com.mbwhatsapp: Cleared Reference was only reachable from finalizer (only reported once)
04-20 12:22:42.767 9008 9008 W Activity: Can request only one set of permissions at a time
04-20 12:22:42.767 9008 9008 W Activity: Can request only one set of permissions at a time
04-20 12:22:42.834 9008 9008 E ArmVmp : Match on catch block at 0x0a in for 0x275
04-20 12:22:42.839 9008 9149 W libc : Access denied finding property "ro.vendor.display.iris_x7.support"
04-20 12:22:42.874 9008 9008 W Activity: PerfMonitor: Slow Operation: Activity com.mbwhatsapp/.registration.EULA onStart took 143ms
04-20 12:22:43.010 9008 9149 W Parcel : Expecting binder but got null!
04-20 12:22:44.608 9008 9149 W RenderInspector: QueueBuffer time out on com.mbwhatsapp/com.mbwhatsapp.registration.EULA, count=1, avg=18 ms, max=18 ms.
04-20 12:22:44.708 9008 9008 W MirrorManager: this model don't Support
04-20 12:22:44.727 9008 9008 E RippleDrawable: The RippleDrawable.STYLE_PATTERNED animation is not supported for a non-hardware accelerated Canvas. Skipping animation.
04-20 12:22:44.740 9008 9008 E RippleDrawable: The RippleDrawable.STYLE_PATTERNED animation is not supported for a non-hardware accelerated Canvas. Skipping animation.
04-20 12:22:44.755 9008 9008 E RippleDrawable: The RippleDrawable.STYLE_PATTERNED animation is not supported for a non-hardware accelerated Canvas. Skipping animation.
04-20 12:22:44.770 9008 9008 E RippleDrawable: The RippleDrawable.STYLE_PATTERNED animation is not supported for a non-hardware accelerated Canvas. Skipping animation.
04-20 12:22:44.789 9008 9008 E RippleDrawable: The RippleDrawable.STYLE_PATTERNED animation is not supported for a non-hardware accelerated Canvas. Skipping animation.
04-20 12:22:45.196 9008 9008 W Choreographer: Frame time is 0.024303 now = 666073681843470 timestampNanos = 666073681867773 ms in the future! Check that graphics HAL is generating vsync timestamps using the correct timebase.
04-20 12:22:46.625 9008 9008 W Activity: Can request only one set of permissions at a time
04-20 12:22:46.676 9008 9008 E ArmVmp : Match on catch block at 0x0a in for 0x261
04-20 12:22:46.680 9008 9149 W libc : Access denied finding property "ro.vendor.display.iris_x7.support"
04-20 12:22:46.762 9008 9149 W Parcel : Expecting binder but got null!
04-20 12:22:52.580 9008 9008 E RippleDrawable: The RippleDrawable.STYLE_PATTERNED animation is not supported for a non-hardware accelerated Canvas. Skipping animation.
04-20 12:22:52.595 9008 9008 E RippleDrawable: The RippleDrawable.STYLE_PATTERNED animation is not supported for a non-hardware accelerated Canvas. Skipping animation.
04-20 12:22:52.611 9008 9008 E RippleDrawable: The RippleDrawable.STYLE_PATTERNED animation is not supported for a non-hardware accelerated Canvas. Skipping animation.
04-20 12:22:52.630 9008 9008 E RippleDrawable: The RippleDrawable.STYLE_PATTERNED animation is not supported for a non-hardware accelerated Canvas. Skipping animation.
04-20 12:22:52.649 9008 9008 E RippleDrawable: The RippleDrawable.STYLE_PATTERNED animation is not supported for a non-hardware accelerated Canvas. Skipping animation.
04-20 12:22:54.769 9008 9067 E FirebaseInstanceId: Token retrieval failed without exception message. Will retry token retrieval
04-20 12:22:54.892 9008 9008 W Activity: Can request only one set of permissions at a time
04-20 12:22:56.124 9008 9008 E RippleDrawable: The RippleDrawable.STYLE_PATTERNED animation is not supported for a non-hardware accelerated Canvas. Skipping animation.
04-20 12:22:56.139 9008 9008 E RippleDrawable: The RippleDrawable.STYLE_PATTERNED animation is not supported for a non-hardware accelerated Canvas. Skipping animation.
04-20 12:22:56.156 9008 9008 E RippleDrawable: The RippleDrawable.STYLE_PATTERNED animation is not supported for a non-hardware accelerated Canvas. Skipping animation.
04-20 12:22:56.173 9008 9008 E RippleDrawable: The RippleDrawable.STYLE_PATTERNED animation is not supported for a non-hardware accelerated Canvas. Skipping animation.
04-20 12:22:56.189 9008 9008 E RippleDrawable: The RippleDrawable.STYLE_PATTERNED animation is not supported for a non-hardware accelerated Canvas. Skipping animation.
04-20 12:22:56.206 9008 9008 E RippleDrawable: The RippleDrawable.STYLE_PATTERNED animation is not supported for a non-hardware accelerated Canvas. Skipping animation.
04-20 12:22:56.839 9008 9071 W MessengerIpcClient: Timing out request: 1
04-20 12:22:59.195 9008 9008 W Looper : PerfMonitor doFrame : time=877ms vsyncFrame=0 latency=1ms procState=-1
04-20 12:22:59.565 9008 9910 E ShortcutInfoCompatSaver: Failed to load saved values from file /data/user/0/com.mbwhatsapp/files/ShortcutInfoCompatSaver_share_targets/ targets.xml. Old state removed, new added
04-20 12:22:59.565 9008 9910 E ShortcutInfoCompatSaver: java.io.FileNotFoundException: /data/user/0/com.mbwhatsapp/files/ShortcutInfoCompatSaver_share_targets/ targets.xml: open failed: ENOENT (No such file or directory)
04-20 12:22:59.565 9008 9910 E ShortcutInfoCompatSaver: at libcore.io.IoBridge.open(IoBridge.java:574)
04-20 12:22:59.565 9008 9910 E ShortcutInfoCompatSaver: at java.io.FileInputStream.<init>(FileInputStream.java:160)
04-20 12:22:59.565 9008 9910 E ShortcutInfoCompatSaver: at X.0nz.run(Unknown Source:82)
04-20 12:22:59.565 9008 9910 E ShortcutInfoCompatSaver: at java.util.concurrent.Executors$RunnableAdapter.call(Executors.java:463)
04-20 12:22:59.565 9008 9910 E ShortcutInfoCompatSaver: at java.util.concurrent.FutureTask.run(FutureTask.java:264)
04-20 12:22:59.565 9008 9910 E ShortcutInfoCompatSaver: at java.util.concurrent.ThreadPoolExecutor.runWorker(ThreadPoolExecutor.java:1137)
04-20 12:22:59.565 9008 9910 E ShortcutInfoCompatSaver: at java.util.concurrent.ThreadPoolExecutor$Worker.run(ThreadPoolExecutor.java:637)
04-20 12:22:59.565 9008 9910 E ShortcutInfoCompatSaver: at java.lang.Thread.run(Thread.java:1012)
04-20 12:22:59.565 9008 9910 E ShortcutInfoCompatSaver: Caused by: android.system.ErrnoException: open failed: ENOENT (No such file or directory)
04-20 12:22:59.565 9008 9910 E ShortcutInfoCompatSaver: at libcore.io.Linux.open(Native Method)
04-20 12:22:59.565 9008 9910 E ShortcutInfoCompatSaver: at libcore.io.ForwardingOs.open(ForwardingOs.java:563)
04-20 12:22:59.565 9008 9910 E ShortcutInfoCompatSaver: at libcore.io.BlockGuardOs.open(BlockGuardOs.java:274)
04-20 12:22:59.565 9008 9910 E ShortcutInfoCompatSaver: at libcore.io.ForwardingOs.open(ForwardingOs.java:563)
04-20 12:22:59.565 9008 9910 E ShortcutInfoCompatSaver: at android.app.ActivityThread$AndroidOs.open(ActivityThread.java:8200)
04-20 12:22:59.565 9008 9910 E ShortcutInfoCompatSaver: at libcore.io.IoBridge.open(IoBridge.java:560)
04-20 12:22:59.565 9008 9910 E ShortcutInfoCompatSaver: ... 7 more
04-20 12:22:59.716 9008 9149 W libc : Access denied finding property "ro.vendor.display.iris_x7.support"
04-20 12:22:59.727 9008 9149 E FrameEvents: updateAcquireFence: Did not find frame.
04-20 12:22:59.735 9008 9149 W libc : Access denied finding property "ro.vendor.display.iris_x7.support"
04-20 12:22:59.744 9008 9149 E FrameEvents: updateAcquireFence: Did not find frame.
04-20 12:22:59.770 9008 9149 W libc : Access denied finding property "ro.vendor.display.iris_x7.support"
04-20 12:22:59.789 9008 9149 E FrameEvents: updateAcquireFence: Did not find frame.
04-20 12:22:59.790 9008 9149 E com.mbwhatsapp: mali-debug: still pending callback,wait...
04-20 12:22:59.815 9008 9008 W Looper : PerfMonitor doFrame : time=216ms vsyncFrame=0 latency=1266ms procState=-1 historyMsgCount=2 (msgIndex=1 wall=877ms seq=1369 late=1ms h=android.view.Choreographer$FrameHandler c=android.view.Choreographer$FrameDisplayEventReceiver)
04-20 12:22:59.815 9008 9008 W com.mbwhatsapp: type=1400 audit(0.0:720140): avc: denied { read } for name="osrelease" dev="proc" ino=146387002 scontext=u:r:untrusted_app:s0:c58,c257,c512,c768 tcontext=u:object_r:proc:s0 tclass=file permissive=0 app=com.mbwhatsapp
04-20 12:22:59.815 9008 9008 W com.mbwhatsapp: type=1400 audit(0.0:720141): avc: denied { read } for name="version" dev="proc" ino=146387003 scontext=u:r:untrusted_app:s0:c58,c257,c512,c768 tcontext=u:object_r:proc:s0 tclass=file permissive=0 app=com.mbwhatsapp
04-20 12:22:59.908 9008 9149 W libc : Access denied finding property "ro.vendor.display.iris_x7.support"
04-20 12:22:59.908 9008 9149 E com.mbwhatsapp: == MALI DEBUG ===eglp_winsys_populate_image_templates ==12288
04-20 12:22:59.910 9008 9149 E com.mbwhatsapp: == MALI DEBUG ===eglp_winsys_populate_image_templates ==12288
04-20 12:22:59.911 9008 9149 E com.mbwhatsapp: == MALI DEBUG ===eglp_winsys_populate_image_templates ==12288
04-20 12:23:07.177 9008 9008 W MessengerIpcClient: Received response for unknown request: 1
04-20 12:23:20.478 9008 9149 W libc : Access denied finding property "ro.vendor.display.iris_x7.support"
04-20 12:23:20.509 9008 9008 W Looper : PerfMonitor looperActivity : package=com.mbwhatsapp/.registration.RegisterPhone time=0ms latency=479ms procState=-1 historyMsgCount=6
04-20 12:23:20.593 9008 9149 W Parcel : Expecting binder but got null!
04-20 12:23:20.598 9008 9008 W Looper : PerfMonitor doFrame : time=88ms vsyncFrame=0 latency=464ms procState=-1 historyMsgCount=3
04-20 12:23:23.134 9008 9141 W BpBinder: Slow Binder: BpBinder transact took 2645 ms, interface=android.system.keystore2.IKeystoreSecurityLevel, code=2 oneway=false
04-20 12:23:26.059 9008 9141 W BpBinder: Slow Binder: BpBinder transact took 2920 ms, interface=android.system.keystore2.IKeystoreSecurityLevel, code=2 oneway=false
04-20 12:23:26.086 9008 9008 W BpBinder: Slow Binder: BpBinder transact took 1366 ms, interface=com.google.android.finsky.externalreferrer.IGetInstallReferrerService, code=1 oneway=false
04-20 12:23:26.102 9008 9008 W Looper : PerfMonitor longMsg : seq=1801 plan=12:23:24.711 late=6ms wall=1383ms h=android.app.ActivityThread$H c=android.app.LoadedApk$ServiceDispatcher$RunConnection procState=-1
04-20 12:23:26.173 9008 9008 W Looper : PerfMonitor doFrame : time=6ms vsyncFrame=0 latency=1440ms procState=-1 historyMsgCount=2 (msgIndex=1 wall=1383ms seq=1801 late=6ms h=android.app.ActivityThread$H c=android.app.LoadedApk$ServiceDispatcher$RunConnection)
04-20 12:23:26.184 9008 9008 W OnBackInvokedCallback: OnBackInvokedCallback is not enabled for the application.
04-20 12:23:26.184 9008 9008 W OnBackInvokedCallback: Set 'android:enableOnBackInvokedCallback="true"' in the application manifest.
04-20 12:23:34.393 9008 9008 W Choreographer: Frame time is 0.099315 now = 666122879184319 timestampNanos = 666122879283634 ms in the future! Check that graphics HAL is generating vsync timestamps using the correct timebase.
04-20 12:23:34.468 9008 9149 W RenderInspector: DequeueBuffer time out on com.mbwhatsapp/com.mbwhatsapp.registration.RegisterPhone, count=1, avg=20 ms, max=20 ms.
04-20 12:23:34.665 9008 9067 E FirebaseInstanceId: Token retrieval failed without exception message. Will retry token retrieval
04-20 12:23:37.263 9008 9008 W OnBackInvokedCallback: OnBackInvokedCallback is not enabled for the application.
04-20 12:23:37.263 9008 9008 W OnBackInvokedCallback: Set 'android:enableOnBackInvokedCallback="true"' in the application manifest.
04-20 12:23:38.811 9008 9008 W RemoteInputConnectionImpl: requestCursorAnchorInfo on inactive InputConnection
04-20 12:23:51.400 9008 9008 W OnBackInvokedCallback: OnBackInvokedCallback is not enabled for the application.
04-20 12:23:51.400 9008 9008 W OnBackInvokedCallback: Set 'android:enableOnBackInvokedCallback="true"' in the application manifest.
04-20 12:23:57.450 9008 9008 W OnBackInvokedCallback: OnBackInvokedCallback is not enabled for the application.
04-20 12:23:57.450 9008 9008 W OnBackInvokedCallback: Set 'android:enableOnBackInvokedCallback="true"' in the application manifest.
04-20 12:24:01.473 9008 9149 W libc : Access denied finding property "ro.vendor.display.iris_x7.support"
04-20 12:24:01.535 9008 9149 W Parcel : Expecting binder but got null!
04-20 12:24:06.673 9008 9149 E com--------- beginning of main
04-20 12:24:06.784 9008 9149 W libc : Access denied finding property "ro.vendor.display.iris_x7.support"
04-20 12:24:06.843 9008 9149 W Parcel : Expecting binder but got null!
04-20 12:24:06.847 9008 9008 W OnBackInvokedCallback: OnBackInvokedCallback is not enabled for the application.
04-20 12:24:06.847 9008 9008 W OnBackInvokedCallback: Set 'android:enableOnBackInvokedCallback="true"' in the application manifest.
04-20 12:24:13.745 9008 9149 W libc : Access denied finding property "ro.vendor.display.iris_x7.support"
04-20 12:24:13.813 9008 9149 W Parcel : Expecting binder but got null!
04-20 12:24:13.816 9008 9008 W OnBackInvokedCallback: OnBackInvokedCallback is not enabled for the application.
04-20 12:24:13.816 9008 9008 W OnBackInvokedCallback: Set 'android:enableOnBackInvokedCallback="true"' in the application manifest.
04-20 12:24:17.921 9008 9149 W libc : Access denied finding property "ro.vendor.display.iris_x7.support"
04-20 12:24:17.984 9008 9149 W Parcel : Expecting binder but got null!
04-20 12:24:28.660 9008 9008 W OnBackInvokedCallback: OnBackInvokedCallback is not enabled for the application.
04-20 12:24:28.660 9008 9008 W OnBackInvokedCallback: Set 'android:enableOnBackInvokedCallback="true"' in the application manifest.
04-20 12:24:29.648 9008 9149 W libc : Access denied finding property "ro.vendor.display.iris_x7.support"
04-20 12:24:29.697 9008 9149 W Parcel : Expecting binder but got null!
04-20 12:24:31.406 9008 9141 E PlayCore: UID: [10314] PID: [9008] StandardIntegrity : Phonesky is not installed.
04-20 12:24:32.333 9008 9149 E com.mbwhatsapp: mali-debug: still pending callback,wait...
04-20 12:24:32.434 9008 9149 W libc : Access denied finding property "ro.vendor.display.iris_x7.support"
04-20 12:24:32.493 9008 9149 W Parcel : Expecting binder but got null!
04-20 12:24:35.009 9008 9008 W OnBackInvokedCallback: OnBackInvokedCallback is not enabled for the application.
04-20 12:24:35.009 9008 9008 W OnBackInvokedCallback: Set 'android:enableOnBackInvokedCallback="true"' in the application manifest. --------- beginning of system
04-20 12:24:35.773 9008 9912 W BpBinder: Slow Binder: BpBinder transact took 742 ms, interface=com.google.android.gms.auth.api.phone.internal.ISmsRetrieverApiService, code=1 oneway=false
04-20 12:24:36.118 9008 9149 W libc : Access denied finding property "ro.vendor.display.iris_x7.support"
04-20 12:24:36.179 9008 9149 W libc : Access denied finding property "ro.vendor.display.iris_x7.support"
04-20 12:24:36.188 9008 9008 W Looper : PerfMonitor looperActivity : package=com.mbwhatsapp/.registration.VerifyPhoneNumber time=0ms latency=340ms procState=-1 historyMsgCount=4
04-20 12:24:36.216 9008 9149 W Parcel : Expecting binder but got null!
04-20 12:24:36.283 9008 9149 W Parcel : Expecting binder but got null!
04-20 12:24:36.583 9008 9149 W RenderInspector: DequeueBuffer time out on com.mbwhatsapp/com.mbwhatsapp.registration.VerifyPhoneNumber, count=1, avg=39 ms, max=39 ms.
04-20 12:24:36.799 9008 9149 W RenderInspector: DequeueBuffer time out on com.mbwhatsapp/com.mbwhatsapp.registration.VerifyPhoneNumber, count=1, avg=21 ms, max=21 ms.
04-20 12:24:36.850 9008 9149 W RenderInspector: QueueBuffer time out on com.mbwhatsapp/com.mbwhatsapp.registration.VerifyPhoneNumber, count=1, avg=33 ms, max=33 ms.
04-20 12:24:37.599 9008 9149 W RenderInspector: QueueBuffer time out on com.mbwhatsapp/com.mbwhatsapp.registration.VerifyPhoneNumber, count=1, avg=21 ms, max=21 ms.
04-20 12:24:40.881 9008 9149 W libc : Access denied finding property "ro.vendor.display.iris_x7.support"
04-20 12:24:41.030 9008 9149 W Parcel : Expecting binder but got null!
04-20 12:24:41.109 9008 9008 W RemoteInputConnectionImpl: requestCursorAnchorInfo on inactive InputConnection
04-20 12:24:41.145 9008 9008 E ImeBackDispatcher: Ime callback not found. Ignoring unregisterReceivedCallback. callbackId: 256341503
04-20 12:26:03.857 12858 12858 E com.mbwhatsapp: Not starting debugger since process cannot load the jdwp agent.
04-20 12:26:03.872 12858 12858 W System.err: android.system.ErrnoException: open failed: ENOENT (No such file or directory)
04-20 12:26:03.872 12858 12858 W System.err: at libcore.io.Linux.open(Native Method)
04-20 12:26:03.872 12858 12858 W System.err: at libcore.io.ForwardingOs.open(ForwardingOs.java:563)
04-20 12:26:03.872 12858 12858 W System.err: at libcore.io.BlockGuardOs.open(BlockGuardOs.java:274)
04-20 12:26:03.872 12858 12858 W System.err: at libcore.io.ForwardingOs.open(ForwardingOs.java:563)
04-20 12:26:03.872 12858 12858 W System.err: at android.app.ActivityThread$AndroidOs.open(ActivityThread.java:8200)
04-20 12:26:03.872 12858 12858 W System.err: at android.system.Os.open(Os.java:494)
04-20 12:26:03.872 12858 12858 W System.err: at android.os.perfdebug.PerfDebugMonitorImpl.monitorVersionControl(PerfDebugMonitorImp l.java:204)
04-20 12:26:03.872 12858 12858 W System.err: at android.os.perfdebug.PerfDebugMonitorImpl.prepareMonitor(PerfDebugMonitorImpl.java: 185)
04-20 12:26:03.872 12858 12858 W System.err: at android.app.ActivityThread.main(ActivityThread.java:8287)
04-20 12:26:03.872 12858 12858 W System.err: at java.lang.reflect.Method.invoke(Native Method)
04-20 12:26:03.872 12858 12858 W System.err: at com.android.internal.os.RuntimeInit$MethodAndArgsCaller.run(RuntimeInit.java:581)
04-20 12:26:03.873 12858 12858 W System.err: at com.android.internal.os.ZygoteInit.main(ZygoteInit.java:1028)
04-20 12:26:04.180 12858 12858 W System.err: java.lang.ClassNotFoundException: mbmodsd.mbmodsw.ui.views.btn.BtnBK
04-20 12:26:04.183 12858 12858 W System.err: at java.lang.Runtime.nativeLoad(Native Method)
04-20 12:26:04.183 12858 12858 W System.err: at java.lang.Runtime.nativeLoad(Runtime.java:1121)
04-20 12:26:04.183 12858 12858 W System.err: at java.lang.Runtime.loadLibrary0(Runtime.java:1075)
04-20 12:26:04.183 12858 12858 W System.err: at java.lang.Runtime.loadLibrary0(Runtime.java:998)
04-20 12:26:04.183 12858 12858 W System.err: at java.lang.System.loadLibrary(System.java:1661)
04-20 12:26:04.183 12858 12858 W System.err: at arm.EpicVm.<clinit>(Unknown Source:2)
04-20 12:26:04.183 12858 12858 W System.err: at java.lang.Class.newInstance(Native Method)
04-20 12:26:04.183 12858 12858 W System.err: at android.app.AppComponentFactory.instantiateApplication(AppComponentFactory.java:76)
04-20 12:26:04.183 12858 12858 W System.err: at androidx.core.app.CoreComponentFactory.instantiateApplication(Unknown Source:0)
04-20 12:26:04.183 12858 12858 W System.err: at android.app.Instrumentation.newApplication(Instrumentation.java:1249)
04-20 12:26:04.183 12858 12858 W System.err: at android.app.LoadedApk.makeApplicationInner(LoadedApk.java:1493)
04-20 12:26:04.183 12858 12858 W System.err: at android.app.LoadedApk.makeApplicationInner(LoadedApk.java:1426)
04-20 12:26:04.183 12858 12858 W System.err: at android.app.ActivityThread.handleBindApplication(ActivityThread.java:7135)
04-20 12:26:04.183 12858 12858 W System.err: at android.app.ActivityThread.-$ $Nest$mhandleBindApplication(Unknown Source:0)
04-20 12:26:04.183 12858 12858 W System.err: at android.app.ActivityThread$H.handleMessage(ActivityThread.java:2262)
04-20 12:26:04.183 12858 12858 W System.err: at android.os.Handler.dispatchMessage(Handler.java:106)
04-20 12:26:04.183 12858 12858 W System.err: at android.os.Looper.loopOnce(Looper.java:211)
04-20 12:26:04.183 12858 12858 W System.err: at android.os.Looper.loop(Looper.java:300)
04-20 12:26:04.183 12858 12858 W System.err: at android.app.ActivityThread.main(ActivityThread.java:8324)
04-20 12:26:04.183 12858 12858 W System.err: at java.lang.reflect.Method.invoke(Native Method)
04-20 12:26:04.183 12858 12858 W System.err: at com.android.internal.os.RuntimeInit$MethodAndArgsCaller.run(RuntimeInit.java:581)
04-20 12:26:04.183 12858 12858 W System.err: at com.android.internal.os.ZygoteInit.main(ZygoteInit.java:1028)
04-20 12:26:04.349 12858 12858 E CustomActivityOnCrash: IMPORTANT WARNING! You already have an UncaughtExceptionHandler, are you sure this is correct? If you use a custom UncaughtExceptionHandler, you must initialize it AFTER CustomActivityOnCrash! Installing anyway, but your original handler will not be called.
04-20 12:26:05.356 12858 12858 W com.mbwhatsapp: Accessing hidden method Lcom/android/org/conscrypt/OpenSSLSocketImpl;->setUseSessionTickets(Z)V (max- target-q,core-platform-api, reflection, denied)
04-20 12:26:05.356 12858 12858 W com.mbwhatsapp: Accessing hidden method Lcom/android/org/conscrypt/AbstractConscryptSocket;->setUseSessionTickets(Z)V (max- target-q, reflection, denied)
04-20 12:26:05.597 12858 13049 W com.mbwhatsapp: Method void X.2rL.A03(java.lang.Integer) failed lock verification and will run slower.
04-20 12:26:05.597 12858 13049 W com.mbwhatsapp: Common causes for lock verification issues are non-optimized dex code
04-20 12:26:05.597 12858 13049 W com.mbwhatsapp: and incorrect proguard optimizations.
04-20 12:26:05.672 12858 12858 W Looper : PerfMonitor longMsg : seq=2 plan=12:26:03.883 late=14ms wall=1695ms h=android.app.ActivityThread$H w=110 procState=-1
04-20 12:26:05.684 12858 12858 W com.mbwhatsapp: Method void X.0eU.A0h(X.0tK, boolean) failed lock verification and will run slower.
04-20 12:26:05.900 12858 12858 W libc : Access denied finding property "ro.vendor.df.effect.conflict"
04-20 12:26:05.988 12858 12858 W Looper : PerfMonitor looperActivity : package=com.mbwhatsapp/.Icon0 time=317ms latency=1782ms procState=-1 historyMsgCount=2 (msgIndex=2 wall=1695ms seq=2 late=14ms h=android.app.ActivityThread$H w=110)
04-20 12:26:05.989 12858 12858 W Looper : PerfMonitor looperActivity : package=com.mbwhatsapp/.Icon0 time=0ms latency=2099ms procState=-1 historyMsgCount=3 (msgIndex=2 wall=1695ms seq=2 late=14ms h=android.app.ActivityThread$H w=110)
04-20 12:26:06.014 12858 13059 E QT : [QT]file does not exist
04-20 12:26:06.316 12858 12858 W Activity: Can request only one set of permissions at a time
04-20 12:26:06.352 12858 13058 W libc : Access denied finding property "ro.vendor.display.iris_x7.support"
04-20 12:26:06.392 12858 12858 W Looper : PerfMonitor looperActivity : package=com.mbwhatsapp/.registration.EULA time=0ms latency=393ms procState=-1 historyMsgCount=2
04-20 12:26:06.502 12858 13058 E OpenGLRenderer: Device claims wide gamut support, cannot find matching config, error = EGL_SUCCESS
04-20 12:26:06.503 12858 13058 W OpenGLRenderer: Failed to initialize 101010-2 format, error = EGL_SUCCESS
04-20 12:26:06.508 12858 13058 W libc : Access denied finding property "vendor.migl.debug"
04-20 12:26:06.508 12858 13058 E libMiGL : libmigl:This GPU version is note support Variable Shading Rate
04-20 12:26:06.516 12858 13058 E libEGL : pre_cache appList: ,,
04-20 12:26:06.615 12858 12858 W libc : Access denied finding property "ro.vendor.display.iris_x7.support"
04-20 12:26:06.616 12858 13058 W FramePredict: "FramePredict won 't run in other process: com.mbwhatsapp"
04-20 12:26:06.621 12858 13058 W libc : Access denied finding property "ro.vendor.magt.mtk_magt_support"
04-20 12:26:06.633 12858 13058 W libc : Access denied finding property "ro.vendor.display.iris_x7.support"
04-20 12:26:06.642 12858 13058 E com.mbwhatsapp: DF open fail: No such file or directory
04-20 12:26:06.643 12858 13058 W com.mbwhatsapp: remote service is not exist
04-20 12:26:06.643 12858 13058 W libc : Access denied finding property "ro.vendor.display.iris_x7.support"
04-20 12:26:06.644 12858 13058 W libc : Access denied finding property "ro.vendor.display.iris_x7.support"
04-20 12:26:06.650 12858 13058 W Parcel : Expecting binder but got null!
04-20 12:26:08.058 12858 12858 W MirrorManager: this model don't Support
04-20 12:26:09.218 12858 13058 W libc : Access denied finding property "ro.vendor.display.iris_x7.support"
04-20 12:26:09.227 12858 12858 W Looper : PerfMonitor looperActivity : package=com.mbwhatsapp/.registration.RegisterPhone time=0ms latency=318ms procState=-1 historyMsgCount=6
04-20 12:26:09.297 12858 13058 W Parcel : Expecting binder but got null!
04-20 12:26:09.304 12858 12858 W Looper : Pe--------- beginning of system
04-20 12:26:09.369 12858 12858 W Activity: PerfMonitor: Slow Operation: Activity com.mbwhatsapp/.registration.RegisterPhone onPause took 56ms
04-20 12:26:10.878 12858 12858 W BpBinder: Slow Binder: BpBinder transact took 410 ms, interface=com.google.android.finsky.externalreferrer.IGetInstallReferrerService, code=1 oneway=false
04-20 12:26:13.118 12858 12858 W Activity: PerfMonitor: Slow Operation: Activity com.mbwhatsapp/.registration.RegisterPhone onResume took 292ms --------- beginning of main
04-20 12:59:18.983 30731 30731 E com.mbwhatsapp: Not starting debugger since process cannot load the jdwp agent.
04-20 12:59:19.001 30731 30731 W System.err: android.system.ErrnoException: open failed: ENOENT (No such file or directory)
04-20 12:59:19.002 30731 30731 W System.err: at libcore.io.Linux.open(Native Method)
04-20 12:59:19.002 30731 30731 W System.err: at libcore.io.ForwardingOs.open(ForwardingOs.java:563)
04-20 12:59:19.002 30731 30731 W System.err: at libcore.io.BlockGuardOs.open(BlockGuardOs.java:274)
04-20 12:59:19.002 30731 30731 W System.err: at libcore.io.ForwardingOs.open(ForwardingOs.java:563)
04-20 12:59:19.002 30731 30731 W System.err: at android.app.ActivityThread$AndroidOs.open(ActivityThread.java:8200)
04-20 12:59:19.002 30731 30731 W System.err: at android.system.Os.open(Os.java:494)
04-20 12:59:19.002 30731 30731 W System.err: at android.os.perfdebug.PerfDebugMonitorImpl.monitorVersionControl(PerfDebugMonitorImp l.java:204)
04-20 12:59:19.002 30731 30731 W System.err: at android.os.perfdebug.PerfDebugMonitorImpl.prepareMonitor(PerfDebugMonitorImpl.java: 185)
04-20 12:59:19.002 30731 30731 W System.err: at android.app.ActivityThread.main(ActivityThread.java:8287)
04-20 12:59:19.002 30731 30731 W System.err: at java.lang.reflect.Method.invoke(Native Method)
04-20 12:59:19.002 30731 30731 W System.err: at com.android.internal.os.RuntimeInit$MethodAndArgsCaller.run(RuntimeInit.java:581)
04-20 12:59:19.002 30731 30731 W System.err: at com.android.internal.os.ZygoteInit.main(ZygoteInit.java:1028)
04-20 12:59:19.442 30731 30731 W System.err: java.lang.ClassNotFoundException: mbmodsd.mbmodsw.ui.views.btn.BtnBK
04-20 12:59:19.446 30731 30731 W System.err: at java.lang.Runtime.nativeLoad(Native Method)
04-20 12:59:19.447 30731 30731 W System.err: at java.lang.Runtime.nativeLoad(Runtime.java:1121)
04-20 12:59:19.447 30731 30731 W System.err: at java.lang.Runtime.loadLibrary0(Runtime.java:1075)
04-20 12:59:19.447 30731 30731 W System.err: at java.lang.Runtime.loadLibrary0(Runtime.java:998)
04-20 12:59:19.447 30731 30731 W System.err: at java.lang.System.loadLibrary(System.java:1661)
04-20 12:59:19.447 30731 30731 W System.err: at arm.EpicVm.<clinit>(Unknown Source:2)
04-20 12:59:19.447 30731 30731 W System.err: at java.lang.Class.newInstance(Native Method)
04-20 12:59:19.447 30731 30731 W System.err: at android.app.AppComponentFactory.instantiateApplication(AppComponentFactory.java:76)
04-20 12:59:19.448 30731 30731 W System.err: at androidx.core.app.CoreComponentFactory.instantiateApplication(Unknown Source:0)
04-20 12:59:19.448 30731 30731 W System.err: at android.app.Instrumentation.newApplication(Instrumentation.java:1249)
04-20 12:59:19.448 30731 30731 W System.err: at android.app.LoadedApk.makeApplicationInner(LoadedApk.java:1493)
04-20 12:59:19.448 30731 30731 W System.err: at android.app.LoadedApk.makeApplicationInner(LoadedApk.java:1426)
04-20 12:59:19.448 30731 30731 W System.err: at android.app.ActivityThread.handleBindApplication(ActivityThread.java:7135)
04-20 12:59:19.448 30731 30731 W System.err: at android.app.ActivityThread.-$ $Nest$mhandleBindApplication(Unknown Source:0)
04-20 12:59:19.448 30731 30731 W System.err: at android.app.ActivityThread$H.handleMessage(ActivityThread.java:2262)
04-20 12:59:19.449 30731 30731 W System.err: at android.os.Handler.dispatchMessage(Handler.java:106)
04-20 12:59:19.449 30731 30731 W System.err: at android.os.Looper.loopOnce(Looper.java:211)
04-20 12:59:19.449 30731 30731 W System.err: at android.os.Looper.loop(Looper.java:300)
04-20 12:59:19.449 30731 30731 W System.err: at android.app.ActivityThread.main(ActivityThread.java:8324)
04-20 12:59:19.449 30731 30731 W System.err: at java.lang.reflect.Method.invoke(Native Method)
04-20 12:59:19.449 30731 30731 W System.err: at com.android.internal.os.RuntimeInit$MethodAndArgsCaller.run(RuntimeInit.java:581)
04-20 12:59:19.449 30731 30731 W System.err: at com.android.internal.os.ZygoteInit.main(ZygoteInit.java:1028)
04-20 12:59:19.616 30731 30731 E CustomActivityOnCrash: IMPORTANT WARNING! You already have an UncaughtExceptionHandler, are you sure this is correct? If you use a custom UncaughtExceptionHandler, you must initialize it AFTER CustomActivityOnCrash! Installing anyway, but your original handler will not be called.
04-20 12:59:20.369 30731 30731 W com.mbwhatsapp: type=1400 audit(0.0:721937): avc: granted { execute } for path="/data/data/com.mbwhatsapp/files/decompressed/libs.spk.zst/libc++_shared.so" dev="dm-60" ino=146473 scontext=u:r:untrusted_app:s0:c58,c257,c512,c768 tcontext=u:object_r:app_data_file:s0:c58,c257,c512,c768 tclass=file app=com.mbwhatsapp
04-20 12:59:20.337 30731 30731 W com.mbwhatsapp: Accessing hidden method Lcom/android/org/conscrypt/AbstractConscryptSocket;->setUseSessionTickets(Z)V (max- target-q, reflection, denied)
