We take content rights seriously. If you suspect this is your content, claim it here.
Available Formats
Download as TXT, PDF, TXT or read online on Scribd
You are on page 1/ 3930
--------- beginning of main
02-26 19:43:05.367 25741 25741 E com.whatsapp: LoadAppImageStartupCache enabled : 1
02-26 19:43:05.372 25741 25741 E com.whatsapp: Not starting debugger since process cannot load the jdwp agent.
02-26 19:43:05.416 25741 25759 E BehaviorCollectManager: Fail to acquire dataAnalyzerService...
02-26 19:43:05.747 25741 25741 E CustomActivityOnCrash: IMPORTANT WARNING! You already have an UncaughtExceptionHandler, are you sure this is correct? If you use a custom UncaughtExceptionHandler, you must initialize it AFTER CustomActivityOnCrash! Installing anyway, but your original handler will not be called.
02-26 19:43:05.763 25741 25809 E AwareLog: AtomicFileUtils: readFileLines file not exist: android.util.AtomicFile@1b9dadb
02-26 19:43:05.764 25741 25809 E AwareLog: AtomicFileUtils: readFileLines file not exist: android.util.AtomicFile@d331978
02-26 19:43:06.134 25848 25848 E com.whatsapp: LoadAppImageStartupCache enabled : 1
02-26 19:43:06.138 25848 25848 E com.whatsapp: Not starting debugger since process cannot load the jdwp agent.
02-26 19:43:06.174 25848 25866 E BehaviorCollectManager: Fail to acquire dataAnalyzerService...
02-26 19:43:06.315 25848 25848 E CustomActivityOnCrash: IMPORTANT WARNING! You already have an UncaughtExceptionHandler, are you sure this is correct? If you use a custom UncaughtExceptionHandler, you must initialize it AFTER CustomActivityOnCrash! Installing anyway, but your original handler will not be called.
02-26 19:43:06.318 25848 25871 E AwareLog: AtomicFileUtils: readFileLines file not exist: android.util.AtomicFile@8f507ea
02-26 19:43:06.319 25848 25871 E AwareLog: AtomicFileUtils: readFileLines file not exist: android.util.AtomicFile@1b9dadb
02-26 19:43:06.463 25848 25848 E ArmVmp : Match on catch block at 0x33 in for 0x189
02-26 19:43:09.057 25848 25848 E com.whatsapp: Invalid ID 0x00000000.
02-26 19:43:09.060 25848 25848 E com.whatsapp: Invalid ID 0x00000000.
02-26 19:43:10.961 25848 26051 E ShortcutInfoCompatSaver: Failed to load saved values from file /data/user/0/com.whatsapp/files/ShortcutInfoCompatSaver_share_targets/targets.xml. Old state removed, new added
02-26 19:43:10.961 25848 26051 E ShortcutInfoCompatSaver: java.io.FileNotFoundException: /data/user/0/com.whatsapp/files/ShortcutInfoCompatSaver_share_targets/targets.xml: open failed: ENOENT (No such file or directory)
02-26 19:43:10.961 25848 26051 E ShortcutInfoCompatSaver: at libcore.io.IoBridge.open(IoBridge.java:496)
02-26 19:43:10.961 25848 26051 E ShortcutInfoCompatSaver: at java.io.FileInputStream.<init>(FileInputStream.java:159)
02-26 19:43:10.961 25848 26051 E ShortcutInfoCompatSaver: at X.0nz.run(Unknown Source:82)
02-26 19:43:10.961 25848 26051 E ShortcutInfoCompatSaver: at java.util.concurrent.Executors$RunnableAdapter.call(Executors.java:462)
02-26 19:43:10.961 25848 26051 E ShortcutInfoCompatSaver: at java.util.concurrent.FutureTask.run(FutureTask.java:266)
02-26 19:43:10.961 25848 26051 E ShortcutInfoCompatSaver: at java.util.concurrent.ThreadPoolExecutor.runWorker(ThreadPoolExecutor.java:1167)
02-26 19:43:10.961 25848 26051 E ShortcutInfoCompatSaver: at java.util.concurrent.ThreadPoolExecutor$Worker.run(ThreadPoolExecutor.java:641)
02-26 19:43:10.961 25848 26051 E ShortcutInfoCompatSaver: at java.lang.Thread.run(Thread.java:929)
02-26 19:43:10.961 25848 26051 E ShortcutInfoCompatSaver: Caused by: android.system.ErrnoException: open failed: ENOENT (No such file or directory)
02-26 19:43:10.961 25848 26051 E ShortcutInfoCompatSaver: at libcore.io.Linux.open(Native Method)
02-26 19:43:10.961 25848 26051 E ShortcutInfoCompatSaver: at libcore.io.ForwardingOs.open(ForwardingOs.java:167)
02-26 19:43:10.961 25848 26051 E ShortcutInfoCompatSaver: at libcore.io.BlockGuardOs.open(BlockGuardOs.java:252)
02-26 19:43:10.961 25848 26051 E ShortcutInfoCompatSaver: at libcore.io.ForwardingOs.open(ForwardingOs.java:167)
02-26 19:43:10.961 25848 26051 E ShortcutInfoCompatSaver: at android.app.ActivityThread$AndroidOs.open(ActivityThread.java:8464)
02-26 19:43:10.961 25848 26051 E ShortcutInfoCompatSaver: at libcore.io.IoBridge.open(IoBridge.java:482)
02-26 19:43:10.961 25848 26051 E ShortcutInfoCompatSaver: ... 7 more
02-26 19:43:10.988 25848 25920 E BufferQueueProducer: [unnamed-25848-0]:159: setMaxDequeuedBufferCount: 2 dequeued buffers would exceed the maxBufferCount (2) (maxAcquired 1 async 0 mDequeuedBufferCannotBlock 0)
02-26 19:43:10.988 25848 25920 E Surface : IGraphicBufferProducer::setBufferCount(3) returned Invalid argument
02-26 19:43:11.004 25848 25920 E BufferQueueProducer: [unnamed-25848-1]:159: setMaxDequeuedBufferCount: 2 dequeued buffers would exceed the maxBufferCount (2) (maxAcquired 1 async 0 mDequeuedBufferCannotBlock 0)
02-26 19:43:11.004 25848 25920 E Surface : IGraphicBufferProducer::setBufferCount(3) returned Invalid argument
02-26 19:43:11.024 25848 25920 E BufferQueueProducer: [unnamed-25848-2]:159: setMaxDequeuedBufferCount: 2 dequeued buffers would exceed the maxBufferCount (2) (maxAcquired 1 async 0 mDequeuedBufferCannotBlock 0)
02-26 19:43:11.024 25848 25920 E Surface : IGraphicBufferProducer::setBufferCount(3) returned Invalid argument
02-26 19:43:16.274 25848 25910 E PlayCore: UID: [10189] PID: [25848] StandardIntegrity : Phonesky is not installed.
02-26 19:43:29.458 25848 25848 E RtgSchedManager: endActivityTransaction: margin state not match
02-26 19:43:29.470 25848 25848 E RtgSchedManager: endActivityTransaction: margin state not match
02-26 19:43:29.497 25848 25848 E RtgSchedManager: endActivityTransaction: margin state not match
02-26 19:43:48.032 25848 25848 E RtgSchedManager: endActivityTransaction: margin state not match
02-26 19:43:48.192 25848 25848 E RtgSchedManager: endActivityTransaction: margin state not match
02-26 19:43:48.207 25848 25848 E RtgSchedManager: endActivityTransaction: margin state not match
02-26 19:43:48.305 25848 25848 E RtgSchedManager: endActivityTransaction: margin state not match
02-26 19:43:48.362 25848 25848 E RtgSchedManager: endActivityTransaction: margin state not match
02-26 19:43:48.363 25848 25848 E RtgSchedManager: endActivityTransaction: margin state not match
02-26 19:43:48.926 25848 25848 E RtgSchedManager: endActivityTransaction: margin state not match
02-26 19:44:17.426 27472 27472 E com.whatsapp: LoadAppImageStartupCache enabled : 1
02-26 19:44:17.430 27472 27472 E com.whatsapp: Not starting debugger since process cannot load the jdwp agent.
02-26 19:44:17.457 27472 27490 E BehaviorCollectManager: Fail to acquire dataAnalyzerService...
02-26 19:44:17.563 27472 27472 E CustomActivityOnCrash: IMPORTANT WARNING! You already have an UncaughtExceptionHandler, are you sure this is correct? If you use a custom UncaughtExceptionHandler, you must initialize it AFTER CustomActivityOnCrash! Installing anyway, but your original handler will not be called.
02-26 19:44:17.568 27472 27494 E AwareLog: AtomicFileUtils: readFileLines file not exist: android.util.AtomicFile@8f507ea
02-26 19:44:17.568 27472 27494 E AwareLog: AtomicFileUtils: readFileLines file not exist: android.util.AtomicFile@1b9dadb
02-26 19:45:48.242 27472 27472 E SpannableStringBuilder: SPAN_EXCLUSIVE_EXCLUSIVE spans cannot have a zero length
02-26 19:45:48.293 27472 27472 E SpannableStringBuilder: SPAN_EXCLUSIVE_EXCLUSIVE spans cannot have a zero length
02-26 19:46:13.655 27472 27472 E SpannableStringBuilder: SPAN_EXCLUSIVE_EXCLUSIVE spans cannot have a zero length
02-26 19:46:13.698 27472 27472 E SpannableStringBuilder: SPAN_EXCLUSIVE_EXCLUSIVE spans cannot have a zero length --------- beginning of system
02-26 19:46:17.127 27472 29111 E ActivityThread: Failed to find provider info for androidx.car.app.connection
02-26 19:46:17.594 27472 27472 E RtgSchedManager: endActivityTransaction: margin state not match
02-26 19:46:17.694 27472 27472 E RtgSchedManager: endActivityTransaction: margin state not match
02-26 19:46:17.798 27472 27472 E RtgSchedManager: endActivityTransaction: margin state not match
02-26 19:46:17.798 27472 27472 E RtgSchedManager: endActivityTransaction: margin state not match
02-26 19:46:17.815 27472 27472 E RtgSchedManager: endActivityTransaction: margin state not match
02-26 19:46:17.815 27472 27472 E RtgSchedManager: endActivityTransaction: margin state not match
02-26 19:46:18.043 27472 29148 E libc : Access denied finding property "ro.kirin.product.platform"
02-26 19:46:18.165 27472 29148 E libc : Access denied finding property "ro.kirin.product.platform"
02-26 19:46:18.276 27472 27472 E ArmVmp : Match on catch block at 0x0a in for 0xd9
02-26 19:46:18.298 27472 27472 E ArmVmp : Match on catch block at 0x0a in for 0x145
02-26 19:46:18.322 27472 29148 E libc : Access denied finding property "ro.kirin.product.platform"
02-26 19:46:18.523 27472 27472 E RtgSchedManager: endActivityTransaction: margin state not match
02-26 19:46:18.523 27472 27472 E RtgSchedManager: endActivityTransaction: margin state not match
02-26 19:46:18.528 27472 27472 E RtgSchedManager: endActivityTransaction: margin state not match
02-26 19:46:18.568 27472 27472 E RtgSchedManager: endActivityTransaction: margin state not match
02-26 19:46:19.299 27472 27472 E RecyclerView: No adapter attached; skipping layout
02-26 19:46:19.458 27472 27472 E ArmVmp : Match on catch block at 0x0a in for 0xe5
02-26 19:46:19.585 27472 27472 E RecyclerView: No adapter attached; skipping layout
02-26 19:46:19.662 27472 27472 E HwViewGroupImpl: parse speed value length error
02-26 19:46:20.552 27472 27472 E ArmVmp : Match on catch block at 0x5b in for 0x91
02-26 19:46:20.583 27472 27472 E ArmVmp : Match on catch block at 0x5b in for 0x91
02-26 19:46:20.596 27472 29314 E BitmapFactory: Unable to decode stream: java.io.FileNotFoundException: /storage/emulated/0/WhatsApp/Media/.Links/51380bf9801049847cd225f91e2241af: open failed: ENOENT (No such file or directory)
02-26 19:46:21.511 27472 29314 E BitmapFactory: Unable to decode stream: java.io.FileNotFoundException: /storage/emulated/0/WhatsApp/Media/.Links/51380bf9801049847cd225f91e2241af: open failed: ENOENT (No such file or directory)
02-26 19:46:21.624 27472 27472 E RtgSchedManager: endActivityTransaction: margin state not match
02-26 19:46:21.683 27472 27472 E RtgSchedManager: endActivityTransaction: margin state not match
02-26 19:46:26.297 27472 27472 E ArmVmp : Match on catch block at 0x0a in for 0xd5
02-26 19:46:26.301 27472 27472 E ArmVmp : Match on catch block at 0x0a in for 0xd5
02-26 19:46:26.337 27472 27472 E ArmVmp : Match on catch block at 0x0a in for 0x1d1
02-26 19:46:26.678 27472 27472 E ArmVmp : Match on catch block at 0xc3 in for 0xc1
02-26 19:46:26.684 27472 27472 E ArmVmp : Match on catch block at 0xc3 in for 0xc1
02-26 19:46:26.919 27472 27472 E ArmVmp : Match on catch block at 0xc3 in for 0xb1
02-26 19:46:26.921 27472 27472 E ArmVmp : Match on catch block at 0xc3 in for 0xb5
02-26 19:46:26.923 27472 27472 E ArmVmp : Match on catch block at 0xc3 in for 0xb5
02-26 19:46:27.012 27472 27472 E ArmVmp : Match on catch block at 0x0a in for 0x205
02-26 19:46:27.063 27472 27472 E ArmVmp : Match on catch block at 0xc3 in for 0xb9
02-26 19:46:27.067 27472 27472 E ArmVmp : Match on catch block at 0xc3 in for 0xb1
02-26 19:46:27.232 27472 27472 E ArmVmp : Match on catch block at 0xc3 in for 0xb1
02-26 19:46:27.235 27472 27472 E ArmVmp : Match on catch block at 0xc3 in for 0xb5
02-26 19:46:27.238 27472 27472 E ArmVmp : Match on catch block at 0xc3 in for 0xb5
02-26 19:46:27.323 27472 27472 E ArmVmp : Match on catch block at 0xc3 in for 0xb5
02-26 19:46:27.326 27472 27472 E ArmVmp : Match on catch block at 0xc3 in for 0xb9
02-26 19:46:27.329 27472 27472 E ArmVmp : Match on catch block at 0xc3 in for 0xb9
02-26 19:46:27.411 27472 27472 E ArmVmp : Match on catch block at 0xc3 in for 0xb5
02-26 19:46:27.413 27472 27472 E ArmVmp : Match on catch block at 0xc3 in for 0xb9
02-26 19:46:27.416 27472 27472 E ArmVmp : Match on catch block at 0xc3 in for 0xb9
02-26 19:46:27.484 27472 27472 E ArmVmp : Match on catch block at 0xc3 in for 0xb5
02-26 19:46:27.488 27472 27472 E ArmVmp : Match on catch block at 0xc3 in for 0xb9
02-26 19:46:27.491 27472 27472 E ArmVmp : Match on catch block at 0xc3 in for 0xb9
02-26 19:46:27.568 27472 27472 E ArmVmp : Match on catch block at 0xc3 in for 0xb5
02-26 19:46:27.571 27472 27472 E ArmVmp : Match on catch block at 0xc3 in for 0xb9
02-26 19:46:27.641 27472 27472 E ArmVmp : Match on catch block at 0xc3 in for 0xb9
02-26 19:46:27.644 27472 27472 E ArmVmp : Match on catch block at 0xc3 in for 0xb1
02-26 19:46:27.647 27472 27472 E ArmVmp : Match on catch block at 0xc3 in for 0xb1
02-26 19:46:27.710 27472 27472 E ArmVmp : Match on catch block at 0xc3 in for 0xb5
02-26 19:46:27.714 27472 27472 E ArmVmp : Match on catch block at 0xc3 in for 0xb9
02-26 19:46:27.782 27472 27472 E ArmVmp : Match on catch block at 0xc3 in for 0xb9
02-26 19:46:27.785 27472 27472 E ArmVmp : Match on catch block at 0xc3 in for 0xb1
02-26 19:46:27.789 27472 27472 E ArmVmp : Match on catch block at 0xc3 in for 0xb1
02-26 19:46:27.853 27472 27472 E ArmVmp : Match on catch block at 0xc3 in for 0xb1
02-26 19:46:27.857 27472 27472 E ArmVmp : Match on catch block at 0xc3 in for 0xb5
02-26 19:46:27.929 27472 27472 E ArmVmp : Match on catch block at 0xc3 in for 0xb5
02-26 19:46:27.931 27472 27472 E ArmVmp : Match on catch block at 0xc3 in for 0xb9
02-26 19:46:27.972 27472 27472 E ArmVmp : Match on catch block at 0xc3 in for 0xb9
02-26 19:46:27.975 27472 27472 E ArmVmp : Match on catch block at 0xc3 in for 0xb1
02-26 19:46:27.977 27472 27472 E ArmVmp : Match on catch block at 0xc3 in for 0xb1
02-26 19:46:28.018 27472 27472 E ArmVmp : Match on catch block at 0xc3 in for 0xb9
02-26 19:46:28.021 27472 27472 E ArmVmp : Match on catch block at 0xc3 in for 0xb1
02-26 19:46:28.023 27472 27472 E ArmVmp : Match on catch block at 0xc3 in for 0xb1
02-26 19:46:28.062 27472 27472 E ArmVmp : Match on catch block at 0xc3 in for 0xb9
02-26 19:46:28.065 27472 27472 E ArmVmp : Match on catch block at 0xc3 in for 0xb1
02-26 19:46:28.068 27472 27472 E ArmVmp : Match on catch block at 0xc3 in for 0xb1
02-26 19:46:28.105 27472 27472 E ArmVmp : Match on catch block at 0xc3 in for 0xb9
02-26 19:46:28.108 27472 27472 E ArmVmp : Match on catch block at 0xc3 in for 0xb1
02-26 19:46:28.110 27472 27472 E ArmVmp : Match on catch block at 0xc3 in for 0xb1
02-26 19:46:28.148 27472 27472 E ArmVmp : Match on catch block at 0xc3 in for 0xb5
02-26 19:46:28.151 27472 27472 E ArmVmp : Match on catch block at 0xc3 in for 0xb9
02-26 19:46:28.153 27472 27472 E ArmVmp : Match on catch block at 0xc3 in for 0xb9
02-26 19:46:28.193 27472 27472 E ArmVmp : Match on catch block at 0xc3 in for 0xb1
02-26 19:46:28.195 27472 27472 E ArmVmp : Match on catch block at 0xc3 in for 0xb5
02-26 19:46:28.198 27472 27472 E ArmVmp : Match on catch block at 0xc3 in for 0xb5
02-26 19:46:28.236 27472 27472 E ArmVmp : Match on catch block at 0xc3 in for 0xb9
02-26 19:46:28.239 27472 27472 E ArmVmp : Match on catch block at 0xc3 in for 0xb1
02-26 19:46:28.241 27472 27472 E ArmVmp : Match on catch block at 0xc3 in for 0xb1
02-26 19:46:28.280 27472 27472 E ArmVmp : Match on catch block at 0xc3 in for 0xb5
02-26 19:46:28.283 27472 27472 E ArmVmp : Match on catch block at 0xc3 in for 0xb9
02-26 19:46:28.285 27472 27472 E ArmVmp : Match on catch block at 0xc3 in for 0xb9
02-26 19:46:28.321 27472 27472 E ArmVmp : Match on catch block at 0xc3 in for 0xb1
02-26 19:46:28.324 27472 27472 E ArmVmp : Match on catch block at 0xc3 in for 0xb5
02-26 19:46:28.326 27472 27472 E ArmVmp : Match on catch block at 0xc3 in for 0xb5
02-26 19:46:28.361 27472 27472 E ArmVmp : Match on catch block at 0xc3 in for 0xb9
02-26 19:46:28.363 27472 27472 E ArmVmp : Match on catch block at 0xc3 in for 0xb1
02-26 19:46:28.365 27472 27472 E ArmVmp : Match on catch block at 0xc3 in for 0xb1
02-26 19:46:28.400 27472 27472 E ArmVmp : Match on catch block at 0xc3 in for 0xb5
02-26 19:46:28.403 27472 27472 E ArmVmp : Match on catch block at 0xc3 in for 0xb9
02-26 19:46:28.406 27472 27472 E ArmVmp : Match on catch block at 0xc3 in for 0xb9
02-26 19:46:28.443 27472 27472 E ArmVmp : Match on catch block at 0xc3 in for 0xb1
02-26 19:46:28.445 27472 27472 E ArmVmp : Match on catch block at 0xc3 in for 0xb5
02-26 19:46:28.483 27472 27472 E ArmVmp : Match on catch block at 0xc3 in for 0xb5
02-26 19:46:28.485 27472 27472 E ArmVmp : Match on catch block at 0xc3 in for 0xb9
02-26 19:46:28.523 27472 27472 E ArmVmp : Match on catch block at 0xc3 in for 0xb9
02-26 19:46:28.525 27472 27472 E ArmVmp : Match on catch block at 0xc3 in for 0xb1
02-26 19:46:28.565 27472 27472 E ArmVmp : Match on catch block at 0xc3 in for 0xb1
02-26 19:46:28.567 27472 27472 E ArmVmp : Match on catch block at 0xc3 in for 0xb5
02-26 19:46:28.569 27472 27472 E ArmVmp : Match on catch block at 0xc3 in for 0xb5
02-26 19:46:28.609 27472 27472 E ArmVmp : Match on catch block at 0xc3 in for 0xb1
02-26 19:46:28.612 27472 27472 E ArmVmp : Match on catch block at 0xc3 in for 0xb5
02-26 19:46:28.615 27472 27472 E ArmVmp : Match on catch block at 0xc3 in for 0xb5
02-26 19:46:28.637 27472 27472 E ArmVmp : Match on catch block at 0xc3 in for 0xb9
02-26 19:46:28.639 27472 27472 E ArmVmp : Match on catch block at 0xc3 in for 0xb1
02-26 19:46:28.660 27472 27472 E ArmVmp : Match on catch block at 0xc3 in for 0xb1
02-26 19:46:28.663 27472 27472 E ArmVmp : Match on catch block at 0xc3 in for 0xb5
02-26 19:46:28.665 27472 27472 E ArmVmp : Match on catch block at 0xc3 in for 0xb5
02-26 19:46:28.672 27472 27472 E ArmVmp : Match on catch block at 0xc3 in for 0xb9
02-26 19:46:28.675 27472 27472 E ArmVmp : Match on catch block at 0xc3 in for 0xb1
02-26 19:46:28.677 27472 27472 E ArmVmp : Match on catch block at 0xc3 in for 0xb1
02-26 19:46:28.693 27472 27472 E ArmVmp : Match on catch block at 0xc3 in for 0xb9
02-26 19:46:28.696 27472 27472 E ArmVmp : Match on catch block at 0xc3 in for 0xb1
02-26 19:46:28.698 27472 27472 E ArmVmp : Match on catch block at 0xc3 in for 0xb1
02-26 19:46:28.701 27472 27472 E SpannableStringBuilder: SPAN_EXCLUSIVE_EXCLUSIVE spans cannot have a zero length
02-26 19:46:28.711 27472 27472 E ArmVmp : Match on catch block at 0xc3 in for 0xb1
02-26 19:46:28.714 27472 27472 E ArmVmp : Match on catch block at 0xc3 in for 0xb5
02-26 19:46:28.716 27472 27472 E ArmVmp : Match on catch block at 0xc3 in for 0xb5
02-26 19:46:28.720 27472 27472 E ArmVmp : Match on catch block at 0xc3 in for 0xb1
02-26 19:46:28.723 27472 27472 E ArmVmp : Match on catch block at 0xc3 in for 0xb5
02-26 19:46:28.725 27472 27472 E ArmVmp : Match on catch block at 0xc3 in for 0xb5
02-26 19:46:28.730 27472 27472 E ArmVmp : Match on catch block at 0xc3 in for 0xb1
02-26 19:46:28.733 27472 27472 E ArmVmp : Match on catch block at 0xc3 in for 0xb5
02-26 19:46:28.735 27472 27472 E ArmVmp : Match on catch block at 0xc3 in for 0xb5
02-26 19:46:28.745 27472 27472 E ArmVmp : Match on catch block at 0xc3 in for 0xb9
02-26 19:46:28.747 27472 27472 E ArmVmp : Match on catch block at 0xc3 in for 0xb1
02-26 19:46:28.749 27472 27472 E ArmVmp : Match on catch block at 0xc3 in for 0xb1
02-26 19:46:28.762 27472 27472 E ArmVmp : Match on catch block at 0xc3 in for 0xb5
02-26 19:46:28.764 27472 27472 E ArmVmp : Match on catch block at 0xc3 in for 0xb9
02-26 19:46:28.767 27472 27472 E ArmVmp : Match on catch block at 0xc3 in for 0xb9
02-26 19:46:28.778 27472 27472 E ArmVmp : Match on catch block at 0xc3 in for 0xb1
02-26 19:46:28.781 27472 27472 E ArmVmp : Match on catch block at 0xc3 in for 0xb5
02-26 19:46:28.783 27472 27472 E ArmVmp : Match on catch block at 0xc3 in for 0xb5
02-26 19:46:28.795 27472 27472 E ArmVmp : Match on catch block at 0xc3 in for 0xb9
02-26 19:46:28.798 27472 27472 E ArmVmp : Match on catch block at 0xc3 in for 0xb1
02-26 19:46:28.800 27472 27472 E ArmVmp : Match on catch block at 0xc3 in for 0xb1
02-26 19:46:28.812 27472 27472 E ArmVmp : Match on catch block at 0xc3 in for 0xb5
02-26 19:46:28.815 27472 27472 E ArmVmp : Match on catch block at 0xc3 in for 0xb9
02-26 19:46:28.817 27472 27472 E ArmVmp : Match on catch block at 0xc3 in for 0xb9
02-26 19:46:28.828 27472 27472 E ArmVmp : Match on catch block at 0xc3 in for 0xb1
02-26 19:46:28.830 27472 27472 E ArmVmp : Match on catch block at 0xc3 in for 0xb5
02-26 19:46:28.832 27472 27472 E ArmVmp : Match on catch block at 0xc3 in for 0xb5
02-26 19:46:28.845 27472 27472 E ArmVmp : Match on catch block at 0xc3 in for 0xb9
02-26 19:46:28.847 27472 27472 E ArmVmp : Match on catch block at 0xc3 in for 0xb1
02-26 19:46:28.849 27472 27472 E ArmVmp : Match on catch block at 0xc3 in for 0xb1
02-26 19:46:28.861 27472 27472 E ArmVmp : Match on catch block at 0xc3 in for 0xb5
02-26 19:46:28.864 27472 27472 E ArmVmp : Match on catch block at 0xc3 in for 0xb9
02-26 19:46:28.878 27472 27472 E ArmVmp : Match on catch block at 0xc3 in for 0xb9
02-26 19:46:28.881 27472 27472 E ArmVmp : Match on catch block at 0xc3 in for 0xb1
02-26 19:46:28.895 27472 27472 E ArmVmp : Match on catch block at 0xc3 in for 0xb1
02-26 19:46:28.897 27472 27472 E ArmVmp : Match on catch block at 0xc3 in for 0xb5
02-26 19:46:28.900 27472 27472 E ArmVmp : Match on catch block at 0xc3 in for 0xb5
02-26 19:46:28.962 27472 27472 E ArmVmp : Match on catch block at 0xc3 in for 0xb1
02-26 19:46:28.965 27472 27472 E ArmVmp : Match on catch block at 0xc3 in for 0xb5
02-26 19:46:28.967 27472 27472 E ArmVmp : Match on catch block at 0xc3 in for 0xb5
02-26 19:46:28.979 27472 27472 E ArmVmp : Match on catch block at 0xc3 in for 0xb9
02-26 19:46:28.982 27472 27472 E ArmVmp : Match on catch block at 0xc3 in for 0xb1
02-26 19:46:28.984 27472 27472 E ArmVmp : Match on catch block at 0xc3 in for 0xb1
02-26 19:46:29.028 27472 27472 E ArmVmp : Match on catch block at 0xc3 in for 0xb9
02-26 19:46:29.031 27472 27472 E ArmVmp : Match on catch block at 0xc3 in for 0xb1
02-26 19:46:29.033 27472 27472 E ArmVmp : Match on catch block at 0xc3 in for 0xb1
02-26 19:46:29.045 27472 27472 E ArmVmp : Match on catch block at 0xc3 in for 0xb5
02-26 19:46:29.047 27472 27472 E ArmVmp : Match on catch block at 0xc3 in for 0xb9
02-26 19:46:29.050 27472 27472 E ArmVmp : Match on catch block at 0xc3 in for 0xb9
02-26 19:46:29.099 27472 27472 E ArmVmp : Match on catch block at 0xc3 in for 0xb1
02-26 19:46:29.106 27472 27472 E ArmVmp : Match on catch block at 0xc3 in for 0xb5
02-26 19:46:29.109 27472 27472 E ArmVmp : Match on catch block at 0xc3 in for 0xb5
02-26 19:46:29.128 27472 27472 E ArmVmp : Match on catch block at 0xc3 in for 0xb9
02-26 19:46:29.132 27472 27472 E ArmVmp : Match on catch block at 0xc3 in for 0xb1
02-26 19:46:29.135 27472 27472 E ArmVmp : Match on catch block at 0xc3 in for 0xb1
02-26 19:46:29.161 27472 27472 E ArmVmp : Match on catch block at 0xc3 in for 0xb5
02-26 19:46:29.165 27472 27472 E ArmVmp : Match on catch block at 0xc3 in for 0xb9
02-26 19:46:29.167 27472 27472 E ArmVmp : Match on catch block at 0xc3 in for 0xb9
02-26 19:46:29.177 27472 27472 E ArmVmp : Match on catch block at 0xc3 in for 0xb1
02-26 19:46:29.180 27472 27472 E ArmVmp : Match on catch block at 0xc3 in for 0xb5
02-26 19:46:29.183 27472 27472 E ArmVmp : Match on catch block at 0xc3 in for 0xb5
02-26 19:46:29.194 27472 27472 E ArmVmp : Match on catch block at 0xc3 in for 0xb9
02-26 19:46:29.197 27472 27472 E ArmVmp : Match on catch block at 0xc3 in for 0xb1
02-26 19:46:29.227 27472 27472 E ArmVmp : Match on catch block at 0xc3 in for 0xb1
02-26 19:46:29.230 27472 27472 E ArmVmp : Match on catch block at 0xc3 in for 0xb5
02-26 19:46:29.233 27472 27472 E ArmVmp : Match on catch block at 0xc3 in for 0xb5
02-26 19:46:29.661 27472 27472 E ArmVmp : Match on catch block at 0xc3 in for 0xb1
02-26 19:46:29.664 27472 27472 E ArmVmp : Match on catch block at 0xc3 in for 0xb5
02-26 19:46:29.666 27472 27472 E ArmVmp : Match on catch block at 0xc3 in for 0xb5
02-26 19:46:30.160 27472 27472 E ArmVmp : Match on catch block at 0xc3 in for 0xb9
02-26 19:46:30.164 27472 27472 E ArmVmp : Match on catch block at 0xc3 in for 0xb1
02-26 19:46:30.166 27472 27472 E ArmVmp : Match on catch block at 0xc3 in for 0xb1
02-26 19:46:30.658 27472 27472 E ArmVmp : Match on catch block at 0xc3 in for 0xb5
02-26 19:46:30.661 27472 27472 E ArmVmp : Match on catch block at 0xc3 in for 0xb9
02-26 19:46:30.708 27472 27472 E ArmVmp : Match on catch block at 0xc3 in for 0xb9
02-26 19:46:30.711 27472 27472 E ArmVmp : Match on catch block at 0xc3 in for 0xb1
02-26 19:46:30.713 27472 27472 E ArmVmp : Match on catch block at 0xc3 in for 0xb1
02-26 19:46:30.723 27472 27472 E ArmVmp : Match on catch block at 0xc3 in for 0xb5
02-26 19:46:30.726 27472 27472 E ArmVmp : Match on catch block at 0xc3 in for 0xb9
02-26 19:46:31.172 27472 27472 E ArmVmp : Match on catch block at 0xc3 in for 0xb9
02-26 19:46:31.176 27472 27472 E ArmVmp : Match on catch block at 0xc3 in for 0xb1
02-26 19:46:31.179 27472 27472 E ArmVmp : Match on catch block at 0xc3 in for 0xb1
02-26 19:46:31.384 27472 27472 E ArmVmp : Match on catch block at 0xc3 in for 0xb5
02-26 19:46:31.387 27472 27472 E ArmVmp : Match on catch block at 0xc3 in for 0xb9
02-26 19:46:31.390 27472 27472 E ArmVmp : Match on catch block at 0xc3 in for 0xb9
02-26 19:46:31.399 27472 27472 E ArmVmp : Match on catch block at 0xc3 in for 0xb1
02-26 19:46:31.405 27472 27472 E ArmVmp : Match on catch block at 0xc3 in for 0xb5
02-26 19:46:31.407 27472 27472 E ArmVmp : Match on catch block at 0xc3 in for 0xb5
02-26 19:46:31.507 27472 27472 E ArmVmp : Match on catch block at 0xc3 in for 0xb1
02-26 19:46:31.511 27472 27472 E ArmVmp : Match on catch block at 0xc3 in for 0xb5
02-26 19:46:31.514 27472 27472 E ArmVmp : Match on catch block at 0xc3 in for 0xb5
02-26 19:46:31.538 27472 27472 E ArmVmp : Match on catch block at 0xc3 in for 0xb9
02-26 19:46:31.540 27472 27472 E ArmVmp : Match on catch block at 0xc3 in for 0xb1
02-26 19:46:31.542 27472 27472 E ArmVmp : Match on catch block at 0xc3 in for 0xb1
02-26 19:46:31.671 27472 27472 E ArmVmp : Match on catch block at 0xc3 in for 0xb9
02-26 19:46:31.674 27472 27472 E ArmVmp : Match on catch block at 0xc3 in for 0xb1
02-26 19:46:31.677 27472 27472 E ArmVmp : Match on catch block at 0xc3 in for 0xb1
02-26 19:46:32.175 27472 27472 E ArmVmp : Match on catch block at 0xc3 in for 0xb5
02-26 19:46:32.182 27472 27472 E ArmVmp : Match on catch block at 0xc3 in for 0xb9
02-26 19:46:32.185 27472 27472 E ArmVmp : Match on catch block at 0xc3 in for 0xb9
02-26 19:46:32.669 27472 27472 E ArmVmp : Match on catch block at 0xc3 in for 0xb1
02-26 19:46:32.675 27472 27472 E ArmVmp : Match on catch block at 0xc3 in for 0xb5
02-26 19:46:32.682 27472 27472 E ArmVmp : Match on catch block at 0xc3 in for 0xb5
02-26 19:46:32.971 27472 27472 E ArmVmp : Match on catch block at 0xc3 in for 0xb1
02-26 19:46:32.978 27472 27472 E ArmVmp : Match on catch block at 0xc3 in for 0xb5
02-26 19:46:32.992 27472 27472 E ArmVmp : Match on catch block at 0xc3 in for 0xb5
02-26 19:46:32.996 27472 27472 E ArmVmp : Match on catch block at 0xc3 in for 0xb9
02-26 19:46:33.023 27472 27472 E ArmVmp : Match on catch block at 0xc3 in for 0xb9
02-26 19:46:33.029 27472 27472 E ArmVmp : Match on catch block at 0xc3 in for 0xb1
02-26 19:46:33.041 27472 27472 E ArmVmp : Match on catch block at 0xc3 in for 0xb1
02-26 19:46:33.045 27472 27472 E ArmVmp : Match on catch block at 0xc3 in for 0xb5
02-26 19:46:33.053 27472 27472 E ArmVmp : Match on catch block at 0xc3 in for 0xb5
02-26 19:46:33.056 27472 27472 E ArmVmp : Match on catch block at 0xc3 in for 0xb9
02-26 19:46:33.069 27472 27472 E ArmVmp : Match on catch block at 0xc3 in for 0xb9
02-26 19:46:33.073 27472 27472 E ArmVmp : Match on catch block at 0xc3 in for 0xb1
02-26 19:46:33.076 27472 27472 E ArmVmp : Match on catch block at 0xc3 in for 0xb1
02-26 19:46:33.087 27472 27472 E ArmVmp : Match on catch block at 0xc3 in for 0xb9
02-26 19:46:33.092 27472 27472 E ArmVmp : Match on catch block at 0xc3 in for 0xb1
02-26 19:46:33.095 27472 27472 E ArmVmp : Match on catch block at 0xc3 in for 0xb1
02-26 19:46:33.104 27472 27472 E ArmVmp : Match on catch block at 0xc3 in for 0xb9
02-26 19:46:33.107 27472 27472 E ArmVmp : Match on catch block at 0xc3 in for 0xb1
02-26 19:46:33.110 27472 27472 E ArmVmp : Match on catch block at 0xc3 in for 0xb1
02-26 19:46:33.117 27472 27472 E ArmVmp : Match on catch block at 0xc3 in for 0xb9
02-26 19:46:33.121 27472 27472 E ArmVmp : Match on catch block at 0xc3 in for 0xb1
02-26 19:46:33.124 27472 27472 E ArmVmp : Match on catch block at 0xc3 in for 0xb1
02-26 19:46:33.134 27472 27472 E ArmVmp : Match on catch block at 0xc3 in for 0xb9
02-26 19:46:33.137 27472 27472 E ArmVmp : Match on catch block at 0xc3 in for 0xb1
02-26 19:46:33.140 27472 27472 E ArmVmp : Match on catch block at 0xc3 in for 0xb1
02-26 19:46:33.150 27472 27472 E ArmVmp : Match on catch block at 0xc3 in for 0xb9
02-26 19:46:33.154 27472 27472 E ArmVmp : Match on catch block at 0xc3 in for 0xb1
02-26 19:46:33.157 27472 27472 E ArmVmp : Match on catch block at 0xc3 in for 0xb1
02-26 19:46:33.167 27472 27472 E ArmVmp : Match on catch block at 0xc3 in for 0xb9
02-26 19:46:33.170 27472 27472 E ArmVmp : Match on catch block at 0xc3 in for 0xb1
02-26 19:46:33.173 27472 27472 E ArmVmp : Match on catch block at 0xc3 in for 0xb1
02-26 19:46:33.184 27472 27472 E ArmVmp : Match on catch block at 0xc3 in for 0xb9
02-26 19:46:33.187 27472 27472 E ArmVmp : Match on catch block at 0xc3 in for 0xb1
02-26 19:46:33.189 27472 27472 E ArmVmp : Match on catch block at 0xc3 in for 0xb1
02-26 19:46:33.200 27472 27472 E ArmVmp : Match on catch block at 0xc3 in for 0xb9
02-26 19:46:33.203 27472 27472 E ArmVmp : Match on catch block at 0xc3 in for 0xb1
02-26 19:46:33.206 27472 27472 E ArmVmp : Match on catch block at 0xc3 in for 0xb1
02-26 19:46:33.216 27472 27472 E ArmVmp : Match on catch block at 0xc3 in for 0xb9
02-26 19:46:33.219 27472 27472 E ArmVmp : Match on catch block at 0xc3 in for 0xb1
02-26 19:46:33.222 27472 27472 E ArmVmp : Match on catch block at 0xc3 in for 0xb1
02-26 19:46:33.233 27472 27472 E ArmVmp : Match on catch block at 0xc3 in for 0xb9
02-26 19:46:33.236 27472 27472 E ArmVmp : Match on catch block at 0xc3 in for 0xb1
02-26 19:46:33.239 27472 27472 E ArmVmp : Match on catch block at 0xc3 in for 0xb1
02-26 19:46:33.250 27472 27472 E ArmVmp : Match on catch block at 0xc3 in for 0xb9
02-26 19:46:33.254 27472 27472 E ArmVmp : Match on catch block at 0xc3 in for 0xb1
02-26 19:46:33.257 27472 27472 E ArmVmp : Match on catch block at 0xc3 in for 0xb1
02-26 19:46:33.267 27472 27472 E ArmVmp : Match on catch block at 0xc3 in for 0xb9
02-26 19:46:33.269 27472 27472 E ArmVmp : Match on catch block at 0xc3 in for 0xb1
02-26 19:46:33.273 27472 27472 E ArmVmp : Match on catch block at 0xc3 in for 0xb1
02-26 19:46:33.283 27472 27472 E ArmVmp : Match on catch block at 0xc3 in for 0xb9
02-26 19:46:33.286 27472 27472 E ArmVmp : Match on catch block at 0xc3 in for 0xb1
02-26 19:46:33.299 27472 27472 E ArmVmp : Match on catch block at 0xc3 in for 0xb1
02-26 19:46:33.302 27472 27472 E ArmVmp : Match on catch block at 0xc3 in for 0xb5
02-26 19:46:33.303 27472 27472 E ArmVmp : Match on catch block at 0xc3 in for 0xb5
02-26 19:46:33.668 27472 27472 E ArmVmp : Match on catch block at 0xc3 in for 0xb9
02-26 19:46:33.671 27472 27472 E ArmVmp : Match on catch block at 0xc3 in for 0xb1
02-26 19:46:33.673 27472 27472 E ArmVmp : Match on catch block at 0xc3 in for 0xb1
02-26 19:46:33.855 27472 27472 E ArmVmp : Match on catch block at 0xc3 in for 0xb5
02-26 19:46:33.860 27472 27472 E ArmVmp : Match on catch block at 0xc3 in for 0xb9
02-26 19:46:33.862 27472 27472 E ArmVmp : Match on catch block at 0xc3 in for 0xb9
02-26 19:46:33.881 27472 27472 E ArmVmp : Match on catch block at 0xc3 in for 0xb1
02-26 19:46:33.884 27472 27472 E ArmVmp : Match on catch block at 0xc3 in for 0xb5
02-26 19:46:33.887 27472 27472 E ArmVmp : Match on catch block at 0xc3 in for 0xb5
02-26 19:46:33.898 27472 27472 E ArmVmp : Match on catch block at 0xc3 in for 0xb9
02-26 19:46:33.901 27472 27472 E ArmVmp : Match on catch block at 0xc3 in for 0xb1
02-26 19:46:33.903 27472 27472 E ArmVmp : Match on catch block at 0xc3 in for 0xb1
02-26 19:46:33.914 27472 27472 E ArmVmp : Match on catch block at 0xc3 in for 0xb5
02-26 19:46:33.917 27472 27472 E ArmVmp : Match on catch block at 0xc3 in for 0xb9
02-26 19:46:33.920 27472 27472 E ArmVmp : Match on catch block at 0xc3 in for 0xb9
02-26 19:46:33.931 27472 27472 E ArmVmp : Match on catch block at 0xc3 in for 0xb1
02-26 19:46:33.933 27472 27472 E ArmVmp : Match on catch block at 0xc3 in for 0xb5
02-26 19:46:33.936 27472 27472 E ArmVmp : Match on catch block at 0xc3 in for 0xb5
02-26 19:46:33.948 27472 27472 E ArmVmp : Match on catch block at 0xc3 in for 0xb9
02-26 19:46:33.951 27472 27472 E ArmVmp : Match on catch block at 0xc3 in for 0xb1
02-26 19:46:33.954 27472 27472 E ArmVmp : Match on catch block at 0xc3 in for 0xb1
02-26 19:46:33.965 27472 27472 E ArmVmp : Match on catch block at 0xc3 in for 0xb5
02-26 19:46:33.968 27472 27472 E ArmVmp : Match on catch block at 0xc3 in for 0xb9
02-26 19:46:33.970 27472 27472 E ArmVmp : Match on catch block at 0xc3 in for 0xb9
02-26 19:46:33.981 27472 27472 E ArmVmp : Match on catch block at 0xc3 in for 0xb1
02-26 19:46:33.985 27472 27472 E ArmVmp : Match on catch block at 0xc3 in for 0xb5
02-26 19:46:33.988 27472 27472 E ArmVmp : Match on catch block at 0xc3 in for 0xb5
02-26 19:46:33.998 27472 27472 E ArmVmp : Match on catch block at 0xc3 in for 0xb9
02-26 19:46:34.002 27472 27472 E ArmVmp : Match on catch block at 0xc3 in for 0xb1
02-26 19:46:34.005 27472 27472 E ArmVmp : Match on catch block at 0xc3 in for 0xb1
02-26 19:46:34.015 27472 27472 E ArmVmp : Match on catch block at 0xc3 in for 0xb5
02-26 19:46:34.018 27472 27472 E ArmVmp : Match on catch block at 0xc3 in for 0xb9
02-26 19:46:34.021 27472 27472 E ArmVmp : Match on catch block at 0xc3 in for 0xb9
02-26 19:46:34.031 27472 27472 E ArmVmp : Match on catch block at 0xc3 in for 0xb1
02-26 19:46:34.034 27472 27472 E ArmVmp : Match on catch block at 0xc3 in for 0xb5
02-26 19:46:34.037 27472 27472 E ArmVmp : Match on catch block at 0xc3 in for 0xb5
02-26 19:46:34.048 27472 27472 E ArmVmp : Match on catch block at 0xc3 in for 0xb9
02-26 19:46:34.051 27472 27472 E ArmVmp : Match on catch block at 0xc3 in for 0xb1
02-26 19:46:34.054 27472 27472 E ArmVmp : Match on catch block at 0xc3 in for 0xb1
02-26 19:46:34.064 27472 27472 E ArmVmp : Match on catch block at 0xc3 in for 0xb5
02-26 19:46:34.068 27472 27472 E ArmVmp : Match on catch block at 0xc3 in for 0xb9
02-26 19:46:34.070 27472 27472 E ArmVmp : Match on catch block at 0xc3 in for 0xb9
02-26 19:46:34.081 27472 27472 E ArmVmp : Match on catch block at 0xc3 in for 0xb1
02-26 19:46:34.084 27472 27472 E ArmVmp : Match on catch block at 0xc3 in for 0xb5
02-26 19:46:34.087 27472 27472 E ArmVmp : Match on catch block at 0xc3 in for 0xb5
02-26 19:46:34.098 27472 27472 E ArmVmp : Match on catch block at 0xc3 in for 0xb9
02-26 19:46:34.101 27472 27472 E ArmVmp : Match on catch block at 0xc3 in for 0xb1
02-26 19:46:34.103 27472 27472 E ArmVmp : Match on catch block at 0xc3 in for 0xb1
02-26 19:46:34.114 27472 27472 E ArmVmp : Match on catch block at 0xc3 in for 0xb5
02-26 19:46:34.117 27472 27472 E ArmVmp : Match on catch block at 0xc3 in for 0xb9
02-26 19:46:34.120 27472 27472 E ArmVmp : Match on catch block at 0xc3 in for 0xb9
02-26 19:46:34.181 27472 27472 E ArmVmp : Match on catch block at 0xc3 in for 0xb1
02-26 19:46:34.184 27472 27472 E ArmVmp : Match on catch block at 0xc3 in for 0xb5
02-26 19:46:34.187 27472 27472 E ArmVmp : Match on catch block at 0xc3 in for 0xb5
02-26 19:46:34.679 27472 27472 E ArmVmp : Match on catch block at 0xc3 in for 0xb9
02-26 19:46:34.682 27472 27472 E ArmVmp : Match on catch block at 0xc3 in for 0xb1
02-26 19:46:34.685 27472 27472 E ArmVmp : Match on catch block at 0xc3 in for 0xb1
02-26 19:46:35.178 27472 27472 E ArmVmp : Match on catch block at 0xc3 in for 0xb5
02-26 19:46:35.181 27472 27472 E ArmVmp : Match on catch block at 0xc3 in for 0xb9
02-26 19:46:35.435 27472 27472 E ArmVmp : Match on catch block at 0xc3 in for 0xb9
02-26 19:46:35.438 27472 27472 E ArmVmp : Match on catch block at 0xc3 in for 0xb1
02-26 19:46:35.441 27472 27472 E ArmVmp : Match on catch block at 0xc3 in for 0xb1
02-26 19:46:35.451 27472 27472 E ArmVmp : Match on catch block at 0xc3 in for 0xb9
02-26 19:46:35.455 27472 27472 E ArmVmp : Match on catch block at 0xc3 in for 0xb1
02-26 19:46:35.457 27472 27472 E ArmVmp : Match on catch block at 0xc3 in for 0xb1
02-26 19:46:35.462 27472 27472 E ArmVmp : Match on catch block at 0xc3 in for 0xb5
02-26 19:46:35.465 27472 27472 E ArmVmp : Match on catch block at 0xc3 in for 0xb9
02-26 19:46:35.467 27472 27472 E ArmVmp : Match on catch block at 0xc3 in for 0xb9
02-26 19:46:35.477 27472 27472 E ArmVmp : Match on catch block at 0xc3 in for 0xb1
02-26 19:46:35.479 27472 27472 E ArmVmp : Match on catch block at 0xc3 in for 0xb5
02-26 19:46:35.481 27472 27472 E ArmVmp : Match on catch block at 0xc3 in for 0xb5
02-26 19:46:35.493 27472 27472 E ArmVmp : Match on catch block at 0xc3 in for 0xb9
02-26 19:46:35.496 27472 27472 E ArmVmp : Match on catch block at 0xc3 in for 0xb1
02-26 19:46:35.498 27472 27472 E ArmVmp : Match on catch block at 0xc3 in for 0xb1
02-26 19:46:35.510 27472 27472 E ArmVmp : Match on catch block at 0xc3 in for 0xb5
02-26 19:46:35.514 27472 27472 E ArmVmp : Match on catch block at 0xc3 in for 0xb9
02-26 19:46:35.516 27472 27472 E ArmVmp : Match on catch block at 0xc3 in for 0xb9
02-26 19:46:35.527 27472 27472 E ArmVmp : Match on catch block at 0xc3 in for 0xb1
02-26 19:46:35.530 27472 27472 E ArmVmp : Match on catch block at 0xc3 in for 0xb5
02-26 19:46:35.533 27472 27472 E ArmVmp : Match on catch block at 0xc3 in for 0xb5
02-26 19:46:35.544 27472 27472 E ArmVmp : Match on catch block at 0xc3 in for 0xb9
02-26 19:46:35.548 27472 27472 E ArmVmp : Match on catch block at 0xc3 in for 0xb1
02-26 19:46:35.551 27472 27472 E ArmVmp : Match on catch block at 0xc3 in for 0xb1
02-26 19:46:35.560 27472 27472 E ArmVmp : Match on catch block at 0xc3 in for 0xb5
02-26 19:46:35.565 27472 27472 E ArmVmp : Match on catch block at 0xc3 in for 0xb9
02-26 19:46:35.568 27472 27472 E ArmVmp : Match on catch block at 0xc3 in for 0xb9
02-26 19:46:35.577 27472 27472 E ArmVmp : Match on catch block at 0xc3 in for 0xb1
02-26 19:46:35.580 27472 27472 E ArmVmp : Match on catch block at 0xc3 in for 0xb5
02-26 19:46:35.583 27472 27472 E ArmVmp : Match on catch block at 0xc3 in for 0xb5
02-26 19:46:35.593 27472 27472 E ArmVmp : Match on catch block at 0xc3 in for 0xb9
02-26 19:46:35.596 27472 27472 E ArmVmp : Match on catch block at 0xc3 in for 0xb1
02-26 19:46:35.610 27472 27472 E ArmVmp : Match on catch block at 0xc3 in for 0xb1
02-26 19:46:35.615 27472 27472 E ArmVmp : Match on catch block at 0xc3 in for 0xb5
02-26 19:46:35.620 27472 27472 E ArmVmp : Match on catch block at 0xc3 in for 0xb5
02-26 19:46:35.635 27472 27472 E ArmVmp : Match on catch block at 0xc3 in for 0xb1
02-26 19:46:35.638 27472 27472 E ArmVmp : Match on catch block at 0xc3 in for 0xb5
02-26 19:46:35.641 27472 27472 E ArmVmp : Match on catch block at 0xc3 in for 0xb5
02-26 19:46:35.646 27472 27472 E ArmVmp : Match on catch block at 0xc3 in for 0xb9
02-26 19:46:35.649 27472 27472 E ArmVmp : Match on catch block at 0xc3 in for 0xb1
02-26 19:46:35.651 27472 27472 E ArmVmp : Match on catch block at 0xc3 in for 0xb1
02-26 19:46:35.660 27472 27472 E ArmVmp : Match on catch block at 0xc3 in for 0xb5
02-26 19:46:35.663 27472 27472 E ArmVmp : Match on catch block at 0xc3 in for 0xb9
02-26 19:46:35.665 27472 27472 E ArmVmp : Match on catch block at 0xc3 in for 0xb9
02-26 19:46:35.676 27472 27472 E ArmVmp : Match on catch block at 0xc3 in for 0xb1
02-26 19:46:35.679 27472 27472 E ArmVmp : Match on catch block at 0xc3 in for 0xb5
02-26 19:46:35.682 27472 27472 E ArmVmp : Match on catch block at 0xc3 in for 0xb5
02-26 19:46:35.694 27472 27472 E ArmVmp : Match on catch block at 0xc3 in for 0xb9
02-26 19:46:35.699 27472 27472 E ArmVmp : Match on catch block at 0xc3 in for 0xb1
02-26 19:46:35.702 27472 27472 E ArmVmp : Match on catch block at 0xc3 in for 0xb1
02-26 19:46:35.710 27472 27472 E ArmVmp : Match on catch block at 0xc3 in for 0xb5
02-26 19:46:35.713 27472 27472 E ArmVmp : Match on catch block at 0xc3 in for 0xb9
02-26 19:46:35.726 27472 27472 E ArmVmp : Match on catch block at 0xc3 in for 0xb9
02-26 19:46:35.730 27472 27472 E ArmVmp : Match on catch block at 0xc3 in for 0xb1
02-26 19:46:35.743 27472 27472 E ArmVmp : Match on catch block at 0xc3 in for 0xb1
02-26 19:46:35.746 27472 27472 E ArmVmp : Match on catch block at 0xc3 in for 0xb5
02-26 19:46:35.749 27472 27472 E ArmVmp : Match on catch block at 0xc3 in for 0xb5
02-26 19:46:35.766 27472 27472 E ArmVmp : Match on catch block at 0xc3 in for 0xb5
02-26 19:46:35.769 27472 27472 E ArmVmp : Match on catch block at 0xc3 in for 0xb9
02-26 19:46:35.772 27472 27472 E ArmVmp : Match on catch block at 0xc3 in for 0xb9
02-26 19:46:35.780 27472 27472 E ArmVmp : Match on catch block at 0xc3 in for 0xb5
02-26 19:46:35.783 27472 27472 E ArmVmp : Match on catch block at 0xc3 in for 0xb9
02-26 19:46:35.793 27472 27472 E ArmVmp : Match on catch block at 0xc3 in for 0xb9
02-26 19:46:35.798 27472 27472 E ArmVmp : Match on catch block at 0xc3 in for 0xb1
02-26 19:46:35.800 27472 27472 E ArmVmp : Match on catch block at 0xc3 in for 0xb1
02-26 19:46:35.811 27472 27472 E ArmVmp : Match on catch block at 0xc3 in for 0xb5
02-26 19:46:35.815 27472 27472 E ArmVmp : Match on catch block at 0xc3 in for 0xb9
02-26 19:46:35.826 27472 27472 E ArmVmp : Match on catch block at 0xc3 in for 0xb9
02-26 19:46:35.829 27472 27472 E ArmVmp : Match on catch block at 0xc3 in for 0xb1
02-26 19:46:35.832 27472 27472 E ArmVmp : Match on catch block at 0xc3 in for 0xb1
02-26 19:46:35.842 27472 27472 E ArmVmp : Match on catch block at 0xc3 in for 0xb9
02-26 19:46:35.846 27472 27472 E ArmVmp : Match on catch block at 0xc3 in for 0xb1
02-26 19:46:35.848 27472 27472 E ArmVmp : Match on catch block at 0xc3 in for 0xb1
02-26 19:46:35.859 27472 27472 E ArmVmp : Match on catch block at 0xc3 in for 0xb5
02-26 19:46:35.864 27472 27472 E ArmVmp : Match on catch block at 0xc3 in for 0xb9
02-26 19:46:35.867 27472 27472 E ArmVmp : Match on catch block at 0xc3 in for 0xb9
02-26 19:46:35.876 27472 27472 E ArmVmp : Match on catch block at 0xc3 in for 0xb5
02-26 19:46:35.880 27472 27472 E ArmVmp : Match on catch block at 0xc3 in for 0xb9
02-26 19:46:35.892 27472 27472 E ArmVmp : Match on catch block at 0xc3 in for 0xb9
02-26 19:46:35.896 27472 27472 E ArmVmp : Match on catch block at 0xc3 in for 0xb1
02-26 19:46:35.899 27472 27472 E ArmVmp : Match on catch block at 0xc3 in for 0xb1
02-26 19:46:35.909 27472 27472 E ArmVmp : Match on catch block at 0xc3 in for 0xb5
02-26 19:46:35.912 27472 27472 E ArmVmp : Match on catch block at 0xc3 in for 0xb9
02-26 19:46:35.925 27472 27472 E ArmVmp : Match on catch block at 0xc3 in for 0xb9
02-26 19:46:35.928 27472 27472 E ArmVmp : Match on catch block at 0xc3 in for 0xb1
02-26 19:46:35.931 27472 27472 E ArmVmp : Match on catch block at 0xc3 in for 0xb1
02-26 19:46:35.943 27472 27472 E ArmVmp : Match on catch block at 0xc3 in for 0xb5
02-26 19:46:35.946 27472 27472 E ArmVmp : Match on catch block at 0xc3 in for 0xb9
02-26 19:46:35.975 27472 27472 E ArmVmp : Match on catch block at 0xc3 in for 0xb9
02-26 19:46:35.978 27472 27472 E ArmVmp : Match on catch block at 0xc3 in for 0xb1
02-26 19:46:36.025 27472 27472 E ArmVmp : Match on catch block at 0xc3 in for 0xb1
02-26 19:46:36.028 27472 27472 E ArmVmp : Match on catch block at 0xc3 in for 0xb5
02-26 19:46:36.058 27472 27472 E ArmVmp : Match on catch block at 0xc3 in for 0xb5
02-26 19:46:36.061 27472 27472 E ArmVmp : Match on catch block at 0xc3 in for 0xb9
02-26 19:46:36.064 27472 27472 E ArmVmp : Match on catch block at 0xc3 in for 0xb9
02-26 19:46:36.108 27472 27472 E ArmVmp : Match on catch block at 0xc3 in for 0xb5
02-26 19:46:36.111 27472 27472 E ArmVmp : Match on catch block at 0xc3 in for 0xb9
02-26 19:46:36.113 27472 27472 E ArmVmp : Match on catch block at 0xc3 in for 0xb9
02-26 19:46:36.141 27472 27472 E ArmVmp : Match on catch block at 0xc3 in for 0xb5
02-26 19:46:36.144 27472 27472 E ArmVmp : Match on catch block at 0xc3 in for 0xb9
02-26 19:46:36.146 27472 27472 E ArmVmp : Match on catch block at 0xc3 in for 0xb9
02-26 19:46:36.191 27472 27472 E ArmVmp : Match on catch block at 0xc3 in for 0xb5
02-26 19:46:36.194 27472 27472 E ArmVmp : Match on catch block at 0xc3 in for 0xb9
02-26 19:46:36.208 27472 27472 E ArmVmp : Match on catch block at 0xc3 in for 0xb9
02-26 19:46:36.211 27472 27472 E ArmVmp : Match on catch block at 0xc3 in for 0xb1
02-26 19:46:36.241 27472 27472 E ArmVmp : Match on catch block at 0xc3 in for 0xb1
02-26 19:46:36.244 27472 27472 E ArmVmp : Match on catch block at 0xc3 in for 0xb5
02-26 19:46:36.247 27472 27472 E ArmVmp : Match on catch block at 0xc3 in for 0xb5
02-26 19:46:36.325 27472 27472 E ArmVmp : Match on catch block at 0xc3 in for 0xb1
02-26 19:46:36.329 27472 27472 E ArmVmp : Match on catch block at 0xc3 in for 0xb5
02-26 19:46:36.332 27472 27472 E ArmVmp : Match on catch block at 0xc3 in for 0xb5
02-26 19:46:36.365 27472 27472 E ArmVmp : Match on catch block at 0xc3 in for 0xb1
02-26 19:46:36.369 27472 27472 E ArmVmp : Match on catch block at 0xc3 in for 0xb5
02-26 19:46:36.372 27472 27472 E ArmVmp : Match on catch block at 0xc3 in for 0xb5
02-26 19:46:36.472 27472 27472 E ArmVmp : Match on catch block at 0xc3 in for 0xb9
02-26 19:46:36.478 27472 27472 E ArmVmp : Match on catch block at 0xc3 in for 0xb1
02-26 19:46:36.481 27472 27472 E ArmVmp : Match on catch block at 0xc3 in for 0xb1
02-26 19:46:36.526 27472 27472 E ArmVmp : Match on catch block at 0xc3 in for 0xb5
02-26 19:46:36.530 27472 27472 E ArmVmp : Match on catch block at 0xc3 in for 0xb9
02-26 19:46:36.534 27472 27472 E ArmVmp : Match on catch block at 0xc3 in for 0xb9
02-26 19:46:36.564 27472 27472 E ArmVmp : Match on catch block at 0xc3 in for 0xb5
02-26 19:46:36.567 27472 27472 E ArmVmp : Match on catch block at 0xc3 in for 0xb9
02-26 19:46:36.569 27472 27472 E ArmVmp : Match on catch block at 0xc3 in for 0xb9
02-26 19:46:36.604 27472 29314 E BitmapFactory: Unable to decode stream: java.io.FileNotFoundException: /storage/emulated/0/WhatsApp/Media/.Links/51380bf9801049847cd225f91e2241af: open failed: ENOENT (No such file or directory)
02-26 19:46:36.647 27472 27472 E ArmVmp : Match on catch block at 0xc3 in for 0xb5
02-26 19:46:36.651 27472 27472 E ArmVmp : Match on catch block at 0xc3 in for 0xb9
02-26 19:46:36.654 27472 27472 E ArmVmp : Match on catch block at 0xc3 in for 0xb9
02-26 19:46:36.690 27472 27472 E ArmVmp : Match on catch block at 0xc3 in for 0xb9
02-26 19:46:36.693 27472 27472 E ArmVmp : Match on catch block at 0xc3 in for 0xb1
02-26 19:46:36.695 27472 27472 E ArmVmp : Match on catch block at 0xc3 in for 0xb1
02-26 19:46:36.723 27472 27472 E ArmVmp : Match on catch block at 0xc3 in for 0xb9
02-26 19:46:36.726 27472 27472 E ArmVmp : Match on catch block at 0xc3 in for 0xb1
02-26 19:46:36.740 27472 27472 E ArmVmp : Match on catch block at 0xc3 in for 0xb1
02-26 19:46:36.742 27472 27472 E ArmVmp : Match on catch block at 0xc3 in for 0xb5
02-26 19:46:36.745 27472 27472 E ArmVmp : Match on catch block at 0xc3 in for 0xb5
02-26 19:46:36.790 27472 27472 E ArmVmp : Match on catch block at 0xc3 in for 0xb1
02-26 19:46:36.792 27472 27472 E ArmVmp : Match on catch block at 0xc3 in for 0xb5
02-26 19:46:36.824 27472 27472 E ArmVmp : Match on catch block at 0xc3 in for 0xb5
02-26 19:46:36.829 27472 27472 E ArmVmp : Match on catch block at 0xc3 in for 0xb9
02-26 19:46:36.832 27472 27472 E ArmVmp : Match on catch block at 0xc3 in for 0xb9
02-26 19:46:36.869 27472 27472 E ArmVmp : Match on catch block at 0xc3 in for 0xb5
02-26 19:46:36.872 27472 27472 E ArmVmp : Match on catch block at 0xc3 in for 0xb9
02-26 19:46:36.875 27472 27472 E ArmVmp : Match on catch block at 0xc3 in for 0xb9
02-26 19:46:37.781 27472 27472 E ArmVmp : Match on catch block at 0x0a in for 0xd5
02-26 19:46:37.785 27472 27472 E ArmVmp : Match on catch block at 0x0a in for 0xd1
02-26 19:46:38.013 27472 27472 E ArmVmp : Match on catch block at 0xc3 in for 0xc9
02-26 19:46:38.022 27472 27472 E ArmVmp : Match on catch block at 0xc3 in for 0xc9
02-26 19:46:38.134 27472 27472 E ArmVmp : Match on catch block at 0xc3 in for 0xb5
02-26 19:46:38.137 27472 27472 E ArmVmp : Match on catch block at 0xc3 in for 0xb9
02-26 19:46:38.164 27472 27472 E ArmVmp : Match on catch block at 0xc3 in for 0xb1
02-26 19:46:38.166 27472 27472 E ArmVmp : Match on catch block at 0xc3 in for 0xb5
02-26 19:46:38.200 27472 27472 E ArmVmp : Match on catch block at 0xc3 in for 0xb1
02-26 19:46:38.203 27472 27472 E ArmVmp : Match on catch block at 0xc3 in for 0xb5
02-26 19:46:38.206 27472 27472 E ArmVmp : Match on catch block at 0xc3 in for 0xc1
02-26 19:46:38.215 27472 27472 E SpannableStringBuilder: SPAN_EXCLUSIVE_EXCLUSIVE spans cannot have a zero length
02-26 19:46:38.227 27472 27472 E ArmVmp : Match on catch block at 0xc3 in for 0xb5
02-26 19:46:38.230 27472 27472 E ArmVmp : Match on catch block at 0xc3 in for 0xb9
02-26 19:46:38.232 27472 27472 E ArmVmp : Match on catch block at 0xc3 in for 0xb9
02-26 19:46:38.254 27472 27472 E ArmVmp : Match on catch block at 0xc3 in for 0xb5
02-26 19:46:38.257 27472 27472 E ArmVmp : Match on catch block at 0xc3 in for 0xb9
02-26 19:46:38.259 27472 27472 E ArmVmp : Match on catch block at 0xc3 in for 0xb9
02-26 19:46:38.293 27472 27472 E ArmVmp : Match on catch block at 0xc3 in for 0xb1
02-26 19:46:38.295 27472 27472 E ArmVmp : Match on catch block at 0xc3 in for 0xb5
