02-13 12:49:35.442 E/PowerStatsService( 942): nativeInit failed to connect to
power.stats HAL
02-13 12:49:35.442 I/SystemConfig( 942): Reading permissions from
/vendor/etc/permissions/android.hardware.location.gps.xml
02-13 12:49:35.442 I/SystemConfig( 942): Reading permissions from
/vendor/etc/permissions/handheld_core_hardware.xml
02-13 12:49:35.442 I/SystemConfig( 942): Reading permissions from
/vendor/etc/permissions/android.software.midi.xml
02-13 12:49:35.442 I/SystemConfig( 942): Reading permissions from
/vendor/etc/permissions/android.hardware.camera.concurrent.xml
02-13 12:49:35.442 I/SystemConfig( 942): Reading permissions from
/vendor/etc/permissions/android.hardware.sensor.accelerometer.xml
02-13 12:49:35.442 I/servicemanager( 413): Adding 'u:r:system_server:s0' service
(powerstats:942)
02-13 12:49:35.442 I/SystemConfig( 942): Reading permissions from
/vendor/etc/permissions/android.hardware.camera.front.xml
02-13 12:49:35.442 D/SystemServerTiming( 942): StartPowerStatsService took to
complete: 4ms
02-13 12:49:35.442 I/SystemServerTiming( 942): StartIStatsService
02-13 12:49:35.442 I/SystemConfig( 942): Reading permissions from
/vendor/etc/permissions/android.hardware.sensor.stepcounter.xml
02-13 12:49:35.443 I/SystemConfig( 942): Reading permissions from
/vendor/etc/permissions/android.hardware.audio.low_latency.xml
02-13 12:49:35.443 I/SystemConfig( 942): Reading permissions from
/vendor/etc/permissions/android.hardware.vulkan.compute.xml
02-13 12:49:35.443 I/SystemConfig( 942): Reading permissions from
/vendor/etc/permissions/android.hardware.wifi.aware.xml
02-13 12:49:35.443 I/SystemConfig( 942): Reading permissions from
/vendor/etc/permissions/android.hardware.vulkan.version.xml
02-13 12:49:35.443 I/SystemConfig( 942): Reading permissions from
/vendor/etc/permissions/android.hardware.sensor.light.xml
02-13 12:49:35.443 I/SystemConfig( 942): Reading permissions from
/vendor/etc/permissions/android.hardware.sensor.gyroscope.xml
02-13 12:49:35.443 I/SystemConfig( 942): Reading permissions from
/vendor/etc/permissions/android.software.ipsec_tunnels.xml
02-13 12:49:35.444 I/SystemConfig( 942): Reading permissions from
/vendor/etc/permissions/android.hardware.opengles.aep.xml
02-13 12:49:35.444 I/SystemConfig( 942): Reading permissions from
/vendor/etc/permissions/android.hardware.camera.raw.xml
02-13 12:49:35.444 I/SystemConfig( 942): Reading permissions from
/vendor/etc/permissions/android.hardware.sensor.barometer.xml
02-13 12:49:35.444 I/HidlServiceManagement( 942): Registered
[email protected]::IStats/default
02-13 12:49:35.444 I/SystemConfig( 942): Reading permissions from
/vendor/etc/permissions/android.hardware.bluetooth_le.xml
02-13 12:49:35.444 I/hwservicemanager( 414): getTransport: Cannot find entry
[email protected]::IEffectsFactory/default in either framework or
device VINTF manifest.
02-13 12:49:35.444 I/SystemConfig( 942): Reading permissions from
/vendor/etc/permissions/android.hardware.nfc.ese.xml
02-13 12:49:35.444 I/hwservicemanager( 414): getTransport: Cannot find entry
[email protected]::IEffectsFactory/default in either framework or
device VINTF manifest.
02-13 12:49:35.444 I/SystemConfig( 942): Reading permissions from
/vendor/etc/permissions/android.hardware.sensor.compass.xml
02-13 12:49:35.444 I/SystemConfig( 942): Reading permissions from
/vendor/etc/permissions/android.hardware.bluetooth.xml
02-13 12:49:35.444 I/SystemConfig( 942): Reading permissions from
/vendor/etc/permissions/android.hardware.camera.ar.xml
02-13 12:49:35.445 I/SystemConfig( 942): Reading permissions from
/vendor/etc/permissions/android.hardware.nfc.uicc.xml
02-13 12:49:35.445 I/SystemConfig( 942): Reading permissions from
/vendor/etc/permissions/android.hardware.wifi.direct.xml
02-13 12:49:35.445 I/servicemanager( 413): Found
android.frameworks.stats.IStats/default in framework VINTF manifest.
02-13 12:49:35.445 I/SystemConfig( 942): Reading permissions from
/vendor/etc/permissions/android.hardware.camera.autofocus.xml
02-13 12:49:35.445 I/servicemanager( 413): Adding 'u:r:system_server:s0' service
(android.frameworks.stats.IStats/default:942)
02-13 12:49:35.445 I/SystemConfig( 942): Reading permissions from
/vendor/etc/permissions/android.hardware.wifi.xml
02-13 12:49:35.445 D/SystemServerTiming( 942): StartIStatsService took to
complete: 2ms
02-13 12:49:35.445 I/SystemServerTiming( 942): MemtrackProxyService
02-13 12:49:35.445 I/SystemConfig( 942): Reading permissions from
/vendor/etc/permissions/android.hardware.wifi.passpoint.xml
02-13 12:49:35.445 I/SystemConfig( 942): Reading permissions from
/vendor/etc/permissions/android.hardware.audio.pro.xml
02-13 12:49:35.445 I/SystemConfig( 942): Reading permissions from
/vendor/etc/permissions/com.nxp.mifare.xml
02-13 12:49:35.446 I/SystemConfig( 942): Reading permissions from
/vendor/etc/permissions/android.software.verified_boot.xml
02-13 12:49:35.446 I/EffectsFactory( 622): EffectCreate() create_effect
02-13 12:49:35.446 I/SystemConfig( 942): Reading permissions from
/vendor/etc/permissions/android.hardware.camera.full.xml
02-13 12:49:35.446 D/DlbDlbBufferProvider( 622): DlbBufferProvider()
02-13 12:49:35.446 D/DlbDlbBufferProvider( 622): DlbBufferProvider()
02-13 12:49:35.446 D/DlbDlbBufferProvider( 622): DlbBufferProvider()
02-13 12:49:35.446 D/DlbProfileParamCache( 622): ProfileParamCache(There is
specific tuning for endpiont: speaker)
02-13 12:49:35.446 D/DlbProfileParamCache( 622): ProfileParamCache(There is
specific tuning for endpiont: bluetooth)
02-13 12:49:35.446 I/DlbDap2Process( 622): init()
02-13 12:49:35.446 I/DlbDap2Process( 622): open()
02-13 12:49:35.446 I/SystemConfig( 942): Reading permissions from
/vendor/etc/permissions/android.hardware.nfc.hce.xml
02-13 12:49:35.446 I/SystemConfig( 942): Reading permissions from
/vendor/etc/permissions/android.hardware.usb.host.xml
02-13 12:49:35.446 I/SystemConfig( 942): Reading permissions from
/vendor/etc/permissions/android.hardware.nfc.xml
02-13 12:49:35.446 I/SystemConfig( 942): Reading permissions from
/vendor/etc/permissions/android.software.vulkan.deqp.level.xml
02-13 12:49:35.446 I/SystemConfig( 942): Reading permissions from
/vendor/etc/permissions/android.hardware.nfc.hcef.xml
02-13 12:49:35.446 I/SystemConfig( 942): Reading permissions from
/vendor/etc/permissions/android.hardware.camera.flash-autofocus.xml
02-13 12:49:35.446 I/SystemConfig( 942): Reading permissions from
/vendor/etc/permissions/android.hardware.usb.accessory.xml
02-13 12:49:35.447 I/SystemConfig( 942): Reading permissions from
/vendor/etc/permissions/android.hardware.vulkan.level.xml
02-13 12:49:35.447 E/servicemanager( 413): Could not find
android.hardware.memtrack.IMemtrack/default in the VINTF manifest.
02-13 12:49:35.447 I/SystemConfig( 942): Reading permissions from
/vendor/etc/permissions/android.hardware.telephony.gsm.xml
02-13 12:49:35.447 I/Stability( 942): Interface set with vintf stability wire
protocol version 1 downgraded to system stability wire protocol version 1 stability
02-13 12:49:35.447 I/SystemConfig( 942): Reading permissions from
/vendor/etc/permissions/android.software.opengles.deqp.level.xml
02-13 12:49:35.447 I/SystemConfig( 942): Reading permissions from
/vendor/etc/permissions/android.hardware.touchscreen.multitouch.jazzhand.xml
02-13 12:49:35.447 I/SystemConfig( 942): Reading permissions from
/vendor/etc/permissions/android.hardware.camera.xml
02-13 12:49:35.447 I/DlbDap2Process( 622): loadLicense() no license check!
02-13 12:49:35.447 I/DlbDap2Process( 622): validateLicense() no license check!
02-13 12:49:35.447 I/DlbDap2Process( 622): init() DAP opened
02-13 12:49:35.447 I/DlbDap2Process( 622): DAP library version: MOBILE v1.9
02-13 12:49:35.447 D/DlbDap2Process( 622): DAP output mode set to 1 with output
channel mask 0x3 and null mix matrix.
02-13 12:49:35.447 I/SystemConfig( 942): Reading permissions from
/vendor/etc/permissions/android.hardware.sensor.stepdetector.xml
02-13 12:49:35.447 D/DlbProfileParamCache( 622): setProfile(profile=-1)
02-13 12:49:35.447 D/DlbProfileParamArray( 622): getProfileParams(profile = -1)
02-13 12:49:35.447 I/servicemanager( 413): Adding 'u:r:system_server:s0' service
(memtrack.proxy:942)
02-13 12:49:35.447 D/DlbDap2Process( 622): setSystemGain(vol = 0)
02-13 12:49:35.447 D/DlbDap2Process( 622): setParam(avon = #1[0])
02-13 12:49:35.447 I/SystemConfig( 942): Reading permissions from
/vendor/etc/permissions/android.hardware.telephony.ims.xml
02-13 12:49:35.447 D/DlbDap2Process( 622): setParam(iebs = #41[20, 47, 141, 234,
328, 469, 656, 844, 1031, 1313, 1688, 2250, 3000, 3750, 4688, 5813, 7125, 9000,
11250, 13875, 19688, 157, 167, 218, 218, 203, 188, 192, 192, 205, 213, 218, 209,
193, 159, 134, 97, 71, 22, -90, -283])
02-13 12:49:35.447 D/DlbProfileParamCache( 622):
setEndpointTuning(endpoint=speaker, tuning=speaker)
02-13 12:49:35.447 D/SystemServerTiming( 942): MemtrackProxyService took to
complete: 3ms
02-13 12:49:35.447 D/DlbProfileParamArray( 622): getAvailableTuningDevicesLen,
tuning = speaker, length = 7
02-13 12:49:35.447 I/SystemServerTiming( 942): StartActivityManager
02-13 12:49:35.447 D/DlbProfileParamArray( 622): getTuningParams(tuning = speaker)
02-13 12:49:35.447 I/SystemServiceManager( 942): Starting
com.android.server.wm.ActivityTaskManagerService$Lifecycle
02-13 12:49:35.447 D/DlbProfileParamCache( 622):
setEndpointTuning(endpoint=headphone, tuning=default)
02-13 12:49:35.447 D/DlbProfileParamCache( 622): setEndpointTuning(endpoint=other,
tuning=default)
02-13 12:49:35.447 D/DlbProfileParamCache( 622):
setEndpointTuning(endpoint=bluetooth, tuning=bluetooth)
02-13 12:49:35.447 D/DlbProfileParamArray( 622): getAvailableTuningDevicesLen,
tuning = bluetooth, length = 9
02-13 12:49:35.447 D/DlbProfileParamArray( 622): getAvailableTuningDevicesLen,
tuning = bluetooth_spatialAudio, length = 22
02-13 12:49:35.447 D/DlbProfileParamArray( 622): getTuningParams(tuning =
bluetooth)
02-13 12:49:35.447 D/DlbProfileParamCache( 622): setEndpointTuning(endpoint=usb,
tuning=default)
02-13 12:49:35.447 D/DlbProfileParamCache( 622):
setEndpointTuning(endpoint=aux_digital, tuning=default)
02-13 12:49:35.447 D/DlbProfileParamCache( 622):
setEndpointTuning(endpoint=remote_submix, tuning=default)
02-13 12:49:35.448 I/DlbDap2Process( 622): init()
02-13 12:49:35.448 I/DlbDap2Process( 622): open()
02-13 12:49:35.448 I/SystemConfig( 942): Reading aerProductName from
/system/etc/aer_product_name.xml
02-13 12:49:35.449 I/DlbDap2Process( 622): loadLicense() no license check!
02-13 12:49:35.449 I/DlbDap2Process( 622): validateLicense() no license check!
02-13 12:49:35.449 I/DlbDap2Process( 622): init() DAP opened
02-13 12:49:35.449 I/DlbDap2Process( 622): DAP library version: MOBILE v1.9
02-13 12:49:35.449 D/DlbDap2Process( 622): DAP output mode set to 1 with output
channel mask 0x3 and null mix matrix.
02-13 12:49:35.449 D/DlbDlbBufferProvider( 622): setConfig() Updating buffer
configuration.
02-13 12:49:35.449 D/DlbDlbBufferProvider( 622): configure() Allocating new memory
for the buffer.
02-13 12:49:35.449 D/DlbDlbBufferProvider( 622): setConfig() Updating buffer
configuration.
02-13 12:49:35.449 D/DlbDlbBufferProvider( 622): configure() Allocating new memory
for the buffer.
02-13 12:49:35.449 D/DlbDlbBufferProvider( 622): setConfig() Updating buffer
configuration.
02-13 12:49:35.449 D/DlbDlbBufferProvider( 622): configure() Allocating new memory
for the buffer.
02-13 12:49:35.449 D/DlbDap2Process( 622): setSystemGain(vol = 0)
02-13 12:49:35.449 D/DlbDap2Process( 622): setParam(avon = #1[0])
02-13 12:49:35.449 D/DlbDap2Process( 622): setParam(iebs = #41[20, 47, 141, 234,
328, 469, 656, 844, 1031, 1313, 1688, 2250, 3000, 3750, 4688, 5813, 7125, 9000,
11250, 13875, 19688, 157, 167, 218, 218, 203, 188, 192, 192, 205, 213, 218, 209,
193, 159, 134, 97, 71, 22, -90, -283])
02-13 12:49:35.449 D/DlbDlbBufferProvider( 622): setConfig() Updating buffer
configuration.
02-13 12:49:35.449 D/DlbDlbBufferProvider( 622): setConfig() Updating buffer
configuration.
02-13 12:49:35.449 D/DlbDap2Process( 622): setHTParam: mIsBinauralInput: 0
02-13 12:49:35.449 D/DlbDap2Process( 622): DAP input format is 0x22 with input
channel mask 0x3
02-13 12:49:35.449 D/DlbDap2Process( 622): setHTParam: mIsBinauralInput: 0
02-13 12:49:35.449 D/DlbDap2Process( 622): DAP input format is 0x22 with input
channel mask 0x3
02-13 12:49:35.449 I/AudioEffectStageChain( 622): disablePreFxVolumeProcessing
index -2106
02-13 12:49:35.450 I/hwservicemanager( 414): getTransport: Cannot find entry
[email protected]::IEffectsFactory/default in either framework or
device VINTF manifest.
02-13 12:49:35.450 I/hwservicemanager( 414): getTransport: Cannot find entry
[email protected]::IEffectsFactory/default in either framework or
device VINTF manifest.
02-13 12:49:35.451 W/SystemConfig( 942): fname = o1stur
02-13 12:49:35.451 W/SystemConfig( 942): ro.product.name = beyond0lteks
02-13 12:49:35.451 W/SystemConfig( 942): fname = o1sxtur
02-13 12:49:35.451 W/SystemConfig( 942): ro.product.name = beyond0lteks
02-13 12:49:35.451 W/SystemConfig( 942): fname = o1sxser
02-13 12:49:35.451 W/SystemConfig( 942): ro.product.name = beyond0lteks
02-13 12:49:35.451 W/SystemConfig( 942): fname = o1sxx
02-13 12:49:35.451 W/SystemConfig( 942): ro.product.name = beyond0lteks
02-13 12:49:35.451 W/SystemConfig( 942): fname = o1sxxx
02-13 12:49:35.451 W/SystemConfig( 942): ro.product.name = beyond0lteks
02-13 12:49:35.451 W/SystemConfig( 942): fname = o1sxeea
02-13 12:49:35.451 W/SystemConfig( 942): ro.product.name = beyond0lteks
02-13 12:49:35.451 W/SystemConfig( 942): fname = o1sksx
02-13 12:49:35.451 W/SystemConfig( 942): ro.product.name = beyond0lteks
02-13 12:49:35.451 W/SystemConfig( 942): fname = o1sser
02-13 12:49:35.451 W/SystemConfig( 942): ro.product.name = beyond0lteks
02-13 12:49:35.451 W/SystemConfig( 942): fname = o1qcsx
02-13 12:49:35.451 W/SystemConfig( 942): ro.product.name = beyond0lteks
02-13 12:49:35.451 W/SystemConfig( 942): fname = o1quew
02-13 12:49:35.451 W/SystemConfig( 942): ro.product.name = beyond0lteks
02-13 12:49:35.451 W/SystemConfig( 942): fname = o1qzhx
02-13 12:49:35.451 W/SystemConfig( 942): ro.product.name = beyond0lteks
02-13 12:49:35.451 W/SystemConfig( 942): fname = o1qsqw
02-13 12:49:35.451 W/SystemConfig( 942): ro.product.name = beyond0lteks
02-13 12:49:35.451 W/SystemConfig( 942): fname = SC-51B
02-13 12:49:35.451 W/SystemConfig( 942): ro.product.name = beyond0lteks
02-13 12:49:35.451 W/SystemConfig( 942): fname = SCG09_jp_kdi
02-13 12:49:35.451 W/SystemConfig( 942): ro.product.name = beyond0lteks
02-13 12:49:35.451 W/SystemConfig( 942): fname = t2sksx
02-13 12:49:35.451 W/SystemConfig( 942): ro.product.name = beyond0lteks
02-13 12:49:35.451 W/SystemConfig( 942): fname = t2sxxx
02-13 12:49:35.451 W/SystemConfig( 942): ro.product.name = beyond0lteks
02-13 12:49:35.451 W/SystemConfig( 942): fname = t2sxser
02-13 12:49:35.451 W/SystemConfig( 942): ro.product.name = beyond0lteks
02-13 12:49:35.451 W/SystemConfig( 942): fname = t2sxeea
02-13 12:49:35.451 W/SystemConfig( 942): ro.product.name = beyond0lteks
02-13 12:49:35.451 W/SystemConfig( 942): fname = t2sxtur
02-13 12:49:35.451 W/SystemConfig( 942): ro.product.name = beyond0lteks
02-13 12:49:35.451 W/SystemConfig( 942): fname = t2qzhx
02-13 12:49:35.451 W/SystemConfig( 942): ro.product.name = beyond0lteks
02-13 12:49:35.451 W/SystemConfig( 942): fname = t2qsqw
02-13 12:49:35.451 W/SystemConfig( 942): ro.product.name = beyond0lteks
02-13 12:49:35.451 W/SystemConfig( 942): fname = t2qcsx
02-13 12:49:35.451 W/SystemConfig( 942): ro.product.name = beyond0lteks
02-13 12:49:35.451 W/SystemConfig( 942): fname = t2quew
02-13 12:49:35.451 W/SystemConfig( 942): ro.product.name = beyond0lteks
02-13 12:49:35.451 W/SystemConfig( 942): fname = SCG10_jp_kdi
02-13 12:49:35.451 W/SystemConfig( 942): ro.product.name = beyond0lteks
02-13 12:49:35.451 W/SystemConfig( 942): fname = p3sksx
02-13 12:49:35.451 W/SystemConfig( 942): ro.product.name = beyond0lteks
02-13 12:49:35.451 W/SystemConfig( 942): fname = p3sxeea
02-13 12:49:35.452 W/SystemConfig( 942): ro.product.name = beyond0lteks
02-13 12:49:35.452 W/SystemConfig( 942): fname = p3sxtur
02-13 12:49:35.452 W/SystemConfig( 942): ro.product.name = beyond0lteks
02-13 12:49:35.452 I/hwservicemanager( 414): getTransport: Cannot find entry
[email protected]::IEffectsFactory/default in either framework or
device VINTF manifest.
02-13 12:49:35.452 W/SystemConfig( 942): fname = p3sxser
02-13 12:49:35.452 W/SystemConfig( 942): ro.product.name = beyond0lteks
02-13 12:49:35.452 W/SystemConfig( 942): fname = p3sxxx
02-13 12:49:35.452 W/SystemConfig( 942): ro.product.name = beyond0lteks
02-13 12:49:35.452 W/SystemConfig( 942): fname = p3qcsx
02-13 12:49:35.452 W/SystemConfig( 942): ro.product.name = beyond0lteks
02-13 12:49:35.452 W/SystemConfig( 942): fname = p3qsqw
02-13 12:49:35.452 W/SystemConfig( 942): ro.product.name = beyond0lteks
02-13 12:49:35.452 W/SystemConfig( 942): fname = p3quew
02-13 12:49:35.452 W/SystemConfig( 942): ro.product.name = beyond0lteks
02-13 12:49:35.452 W/SystemConfig( 942): fname = p3qzhx
02-13 12:49:35.452 I/hwservicemanager( 414): getTransport: Cannot find entry
[email protected]::IEffectsFactory/default in either framework or
device VINTF manifest.
02-13 12:49:35.452 W/SystemConfig( 942): ro.product.name = beyond0lteks
02-13 12:49:35.452 W/SystemConfig( 942): fname = SC-52B
02-13 12:49:35.452 W/SystemConfig( 942): ro.product.name = beyond0lteks
02-13 12:49:35.452 W/SystemConfig( 942): fname = q2qsqw
02-13 12:49:35.452 W/SystemConfig( 942): ro.product.name = beyond0lteks
02-13 12:49:35.452 W/SystemConfig( 942): fname = q2qxxx
02-13 12:49:35.452 W/SystemConfig( 942): ro.product.name = beyond0lteks
02-13 12:49:35.452 W/SystemConfig( 942): fname = q2qcsx
02-13 12:49:35.452 W/SystemConfig( 942): ro.product.name = beyond0lteks
02-13 12:49:35.452 W/SystemConfig( 942): fname = q2qzhx
02-13 12:49:35.452 W/SystemConfig( 942): ro.product.name = beyond0lteks
02-13 12:49:35.452 W/SystemConfig( 942): fname = q2qksx
02-13 12:49:35.452 W/SystemConfig( 942): ro.product.name = beyond0lteks
02-13 12:49:35.452 W/SystemConfig( 942): fname = q2qxtur
02-13 12:49:35.452 W/SystemConfig( 942): ro.product.name = beyond0lteks
02-13 12:49:35.452 W/SystemConfig( 942): fname = q2qxser
02-13 12:49:35.452 W/SystemConfig( 942): ro.product.name = beyond0lteks
02-13 12:49:35.452 W/SystemConfig( 942): fname = q2qxeea
02-13 12:49:35.452 W/SystemConfig( 942): ro.product.name = beyond0lteks
02-13 12:49:35.452 W/SystemConfig( 942): fname = q2quew
02-13 12:49:35.452 W/SystemConfig( 942): ro.product.name = beyond0lteks
02-13 12:49:35.452 W/SystemConfig( 942): fname = SC-55B
02-13 12:49:35.452 W/SystemConfig( 942): ro.product.name = beyond0lteks
02-13 12:49:35.452 W/SystemConfig( 942): fname = SCG11_jp_kdi
02-13 12:49:35.452 W/SystemConfig( 942): ro.product.name = beyond0lteks
02-13 12:49:35.452 D/CoreStateController( 942): CoreStateController()
02-13 12:49:35.452 W/SystemConfig( 942): fname = b2quew
02-13 12:49:35.452 W/SystemConfig( 942): ro.product.name = beyond0lteks
02-13 12:49:35.452 W/SystemConfig( 942): fname = b2qxxx
02-13 12:49:35.453 W/SystemConfig( 942): ro.product.name = beyond0lteks
02-13 12:49:35.453 W/SystemConfig( 942): fname = b2qcsx
02-13 12:49:35.453 W/SystemConfig( 942): ro.product.name = beyond0lteks
02-13 12:49:35.453 W/SystemConfig( 942): fname = b2qsqw
02-13 12:49:35.453 W/SystemConfig( 942): ro.product.name = beyond0lteks
02-13 12:49:35.453 W/SystemConfig( 942): fname = b2qzhx
02-13 12:49:35.453 W/SystemConfig( 942): ro.product.name = beyond0lteks
02-13 12:49:35.453 W/SystemConfig( 942): fname = b2qxser
02-13 12:49:35.453 W/SystemConfig( 942): ro.product.name = beyond0lteks
02-13 12:49:35.453 W/SystemConfig( 942): fname = b2qxtur
02-13 12:49:35.453 W/SystemConfig( 942): ro.product.name = beyond0lteks
02-13 12:49:35.453 W/SystemConfig( 942): fname = b2qxeea
02-13 12:49:35.453 W/SystemConfig( 942): ro.product.name = beyond0lteks
02-13 12:49:35.453 W/SystemConfig( 942): fname = b2qksx
02-13 12:49:35.453 W/SystemConfig( 942): ro.product.name = beyond0lteks
02-13 12:49:35.453 W/SystemConfig( 942): fname = SC-54B
02-13 12:49:35.453 W/SystemConfig( 942): ro.product.name = beyond0lteks
02-13 12:49:35.453 W/SystemConfig( 942): fname = SCG12_jp_kdi
02-13 12:49:35.453 W/SystemConfig( 942): ro.product.name = beyond0lteks
02-13 12:49:35.453 W/SystemConfig( 942): fname = a52qnstur
02-13 12:49:35.453 W/SystemConfig( 942): ro.product.name = beyond0lteks
02-13 12:49:35.453 W/SystemConfig( 942): fname = a52qnseea
02-13 12:49:35.453 W/SystemConfig( 942): ro.product.name = beyond0lteks
02-13 12:49:35.453 W/SystemConfig( 942): fname = a52qnsxx
02-13 12:49:35.453 W/SystemConfig( 942): ro.product.name = beyond0lteks
02-13 12:49:35.453 W/SystemConfig( 942): fname = a52qnsser
02-13 12:49:35.453 W/SystemConfig( 942): ro.product.name = beyond0lteks
02-13 12:49:35.453 W/SystemConfig( 942): fname = a52qub
02-13 12:49:35.453 W/SystemConfig( 942): ro.product.name = beyond0lteks
02-13 12:49:35.453 W/SystemConfig( 942): fname = a52xque
02-13 12:49:35.453 W/SystemConfig( 942): ro.product.name = beyond0lteks
02-13 12:49:35.453 W/SystemConfig( 942): fname = a52xqcs
02-13 12:49:35.453 W/SystemConfig( 942): ro.product.name = beyond0lteks
02-13 12:49:35.453 W/SystemConfig( 942): fname = a52xqnaeea
02-13 12:49:35.453 W/SystemConfig( 942): ro.product.name = beyond0lteks
02-13 12:49:35.453 W/SystemConfig( 942): fname = a52xqsq
02-13 12:49:35.453 W/SystemConfig( 942): ro.product.name = beyond0lteks
02-13 12:49:35.453 W/SystemConfig( 942): fname = a52xqzh
02-13 12:49:35.453 W/SystemConfig( 942): ro.product.name = beyond0lteks
02-13 12:49:35.453 W/SystemConfig( 942): fname = a52xqks
02-13 12:49:35.453 W/SystemConfig( 942): ro.product.name = beyond0lteks
02-13 12:49:35.453 I/EffectsFactory( 622): EffectCreate() create_effect
02-13 12:49:35.453 W/SystemConfig( 942): fname = a52xqnaxx
02-13 12:49:35.453 W/SystemConfig( 942): ro.product.name = beyond0lteks
02-13 12:49:35.453 D/DlbDlbBufferProvider( 622): DlbBufferProvider()
02-13 12:49:35.453 D/DlbDlbBufferProvider( 622): DlbBufferProvider()
02-13 12:49:35.453 D/DlbDlbBufferProvider( 622): DlbBufferProvider()
02-13 12:49:35.453 D/DlbProfileParamCache( 622): ProfileParamCache(There is
specific tuning for endpiont: speaker)
02-13 12:49:35.453 D/DlbProfileParamCache( 622): ProfileParamCache(There is
specific tuning for endpiont: bluetooth)
02-13 12:49:35.453 W/SystemConfig( 942): fname = SC-53B
02-13 12:49:35.453 I/DlbDap2Process( 622): init()
02-13 12:49:35.453 W/SystemConfig( 942): ro.product.name = beyond0lteks
02-13 12:49:35.453 I/DlbDap2Process( 622): open()
02-13 12:49:35.453 W/SystemConfig( 942): fname = a52sxqeea
02-13 12:49:35.453 W/SystemConfig( 942): ro.product.name = beyond0lteks
02-13 12:49:35.453 W/SystemConfig( 942): fname = a52sxqtur
02-13 12:49:35.453 W/SystemConfig( 942): ro.product.name = beyond0lteks
02-13 12:49:35.453 W/SystemConfig( 942): fname = a52sxqser
02-13 12:49:35.453 W/SystemConfig( 942): ro.product.name = beyond0lteks
02-13 12:49:35.453 W/SystemConfig( 942): fname = a52sxqzt
02-13 12:49:35.453 W/SystemConfig( 942): ro.product.name = beyond0lteks
02-13 12:49:35.453 W/SystemConfig( 942): fname = a52sxqxx
02-13 12:49:35.453 W/SystemConfig( 942): ro.product.name = beyond0lteks
02-13 12:49:35.453 W/SystemConfig( 942): fname = a52sxqks
02-13 12:49:35.453 W/SystemConfig( 942): ro.product.name = beyond0lteks
02-13 12:49:35.453 W/SystemConfig( 942): fname = r9sxtur
02-13 12:49:35.453 W/SystemConfig( 942): ro.product.name = beyond0lteks
02-13 12:49:35.453 W/SystemConfig( 942): fname = r9sxxx
02-13 12:49:35.454 W/SystemConfig( 942): ro.product.name = beyond0lteks
02-13 12:49:35.454 W/SystemConfig( 942): fname = r9qksx
02-13 12:49:35.454 W/SystemConfig( 942): ro.product.name = beyond0lteks
02-13 12:49:35.454 W/SystemConfig( 942): fname = r9qxeea
02-13 12:49:35.454 W/SystemConfig( 942): ro.product.name = beyond0lteks
02-13 12:49:35.454 W/SystemConfig( 942): fname = r9qxtur
02-13 12:49:35.454 W/SystemConfig( 942): ro.product.name = beyond0lteks
02-13 12:49:35.454 W/SystemConfig( 942): fname = r9qxser
02-13 12:49:35.454 W/SystemConfig( 942): ro.product.name = beyond0lteks
02-13 12:49:35.454 W/SystemConfig( 942): fname = r9qzh
02-13 12:49:35.454 W/SystemConfig( 942): ro.product.name = beyond0lteks
02-13 12:49:35.454 W/SystemConfig( 942): fname = r9quew
02-13 12:49:35.454 W/SystemConfig( 942): ro.product.name = beyond0lteks
02-13 12:49:35.454 W/SystemConfig( 942): fname = r9qxxx
02-13 12:49:35.454 W/SystemConfig( 942): ro.product.name = beyond0lteks
02-13 12:49:35.454 W/SystemConfig( 942): fname = r9qcsx
02-13 12:49:35.454 W/SystemConfig( 942): ro.product.name = beyond0lteks
02-13 12:49:35.454 W/SystemConfig( 942): fname = r9qsqw
02-13 12:49:35.454 W/SystemConfig( 942): ro.product.name = beyond0lteks
02-13 12:49:35.454 W/SystemConfig( 942): fname = r9q2xser
02-13 12:49:35.454 W/SystemConfig( 942): ro.product.name = beyond0lteks
02-13 12:49:35.454 W/SystemConfig( 942): fname = r9q2xxx
02-13 12:49:35.454 W/SystemConfig( 942): ro.product.name = beyond0lteks
02-13 12:49:35.454 W/SystemConfig( 942): fname = r9q2xeea
02-13 12:49:35.454 W/SystemConfig( 942): ro.product.name = beyond0lteks
02-13 12:49:35.454 W/SystemConfig( 942): fname = r9q2sqw
02-13 12:49:35.454 W/SystemConfig( 942): ro.product.name = beyond0lteks
02-13 12:49:35.454 W/SystemConfig( 942): fname = a32ub
02-13 12:49:35.454 W/SystemConfig( 942): ro.product.name = beyond0lteks
02-13 12:49:35.454 W/SystemConfig( 942): fname = a32ks
02-13 12:49:35.454 W/SystemConfig( 942): ro.product.name = beyond0lteks
02-13 12:49:35.454 W/SystemConfig( 942): fname = a32eea
02-13 12:49:35.454 W/SystemConfig( 942): ro.product.name = beyond0lteks
02-13 12:49:35.454 W/SystemConfig( 942): fname = a32tur
02-13 12:49:35.454 W/SystemConfig( 942): ro.product.name = beyond0lteks
02-13 12:49:35.454 W/SystemConfig( 942): fname = a32ser
02-13 12:49:35.454 W/SystemConfig( 942): ro.product.name = beyond0lteks
02-13 12:49:35.455 W/SystemConfig( 942): fname = a32xx
02-13 12:49:35.455 W/SystemConfig( 942): ro.product.name = beyond0lteks
02-13 12:49:35.455 W/SystemConfig( 942): fname = a32xxx
02-13 12:49:35.455 W/SystemConfig( 942): ro.product.name = beyond0lteks
02-13 12:49:35.455 W/SystemConfig( 942): fname = a32xcs
02-13 12:49:35.455 W/SystemConfig( 942): ro.product.name = beyond0lteks
02-13 12:49:35.455 W/SystemConfig( 942): fname = a32xeea
02-13 12:49:35.455 W/SystemConfig( 942): ro.product.name = beyond0lteks
02-13 12:49:35.455 W/SystemConfig( 942): fname = a32xue
02-13 12:49:35.455 W/SystemConfig( 942): ro.product.name = beyond0lteks
02-13 12:49:35.455 W/SystemConfig( 942): fname = a32xtfn
02-13 12:49:35.455 W/SystemConfig( 942): ro.product.name = beyond0lteks
02-13 12:49:35.455 W/SystemConfig( 942): fname = a32xzh
02-13 12:49:35.455 W/SystemConfig( 942): ro.product.name = beyond0lteks
02-13 12:49:35.455 W/SystemConfig( 942): fname = a32xsq
02-13 12:49:35.455 W/SystemConfig( 942): ro.product.name = beyond0lteks
02-13 12:49:35.455 W/SystemConfig( 942): fname = SCG08_jp_kdi
02-13 12:49:35.455 I/DlbDap2Process( 622): loadLicense() no license check!
02-13 12:49:35.455 I/DlbDap2Process( 622): validateLicense() no license check!
02-13 12:49:35.455 W/SystemConfig( 942): ro.product.name = beyond0lteks
02-13 12:49:35.455 I/DlbDap2Process( 622): init() DAP opened
02-13 12:49:35.455 I/DlbDap2Process( 622): DAP library version: MOBILE v1.9
02-13 12:49:35.455 D/DlbDap2Process( 622): DAP output mode set to 1 with output
channel mask 0x3 and null mix matrix.
02-13 12:49:35.455 D/DlbProfileParamCache( 622): setProfile(profile=-1)
02-13 12:49:35.455 W/SystemConfig( 942): fname = xcover5eea
02-13 12:49:35.455 D/DlbProfileParamArray( 622): getProfileParams(profile = -1)
02-13 12:49:35.455 W/SystemConfig( 942): ro.product.name = beyond0lteks
02-13 12:49:35.455 W/SystemConfig( 942): fname = xcover5ser
02-13 12:49:35.455 W/SystemConfig( 942): ro.product.name = beyond0lteks
02-13 12:49:35.455 W/SystemConfig( 942): fname = xcover5kx
02-13 12:49:35.455 W/SystemConfig( 942): ro.product.name = beyond0lteks
02-13 12:49:35.455 W/SystemConfig( 942): fname = xcover5xx
02-13 12:49:35.455 D/DlbDap2Process( 622): setSystemGain(vol = 0)
02-13 12:49:35.455 W/SystemConfig( 942): ro.product.name = beyond0lteks
02-13 12:49:35.455 D/DlbDap2Process( 622): setParam(avon = #1[0])
02-13 12:49:35.455 W/SystemConfig( 942): fname = gts7fewifixx
02-13 12:49:35.455 W/SystemConfig( 942): ro.product.name = beyond0lteks
02-13 12:49:35.455 D/DlbDap2Process( 622): setParam(iebs = #41[20, 47, 141, 234,
328, 469, 656, 844, 1031, 1313, 1688, 2250, 3000, 3750, 4688, 5813, 7125, 9000,
11250, 13875, 19688, 157, 167, 218, 218, 203, 188, 192, 192, 205, 213, 218, 209,
193, 159, 134, 97, 71, 22, -90, -283])
02-13 12:49:35.455 D/DlbProfileParamCache( 622):
setEndpointTuning(endpoint=speaker, tuning=speaker)
02-13 12:49:35.455 W/SystemConfig( 942): fname = gts7fewifitur
02-13 12:49:35.455 D/DlbProfileParamArray( 622): getAvailableTuningDevicesLen,
tuning = speaker, length = 7
02-13 12:49:35.455 W/SystemConfig( 942): ro.product.name = beyond0lteks
02-13 12:49:35.455 D/DlbProfileParamArray( 622): getTuningParams(tuning = speaker)
02-13 12:49:35.455 W/SystemConfig( 942): fname = gts7fewifieea
02-13 12:49:35.455 W/SystemConfig( 942): ro.product.name = beyond0lteks
02-13 12:49:35.455 D/DlbProfileParamCache( 622):
setEndpointTuning(endpoint=headphone, tuning=default)
02-13 12:49:35.455 D/DlbProfileParamCache( 622): setEndpointTuning(endpoint=other,
tuning=default)
02-13 12:49:35.455 W/SystemConfig( 942): fname = gts7fewifiser
02-13 12:49:35.455 D/DlbProfileParamCache( 622):
setEndpointTuning(endpoint=bluetooth, tuning=bluetooth)
02-13 12:49:35.455 D/DlbProfileParamArray( 622): getAvailableTuningDevicesLen,
tuning = bluetooth, length = 9
02-13 12:49:35.455 W/SystemConfig( 942): ro.product.name = beyond0lteks
02-13 12:49:35.455 D/DlbProfileParamArray( 622): getAvailableTuningDevicesLen,
tuning = bluetooth_spatialAudio, length = 22
02-13 12:49:35.455 D/DlbProfileParamArray( 622): getTuningParams(tuning =
bluetooth)
02-13 12:49:35.455 W/SystemConfig( 942): fname = gts7xllitexx
02-13 12:49:35.455 W/SystemConfig( 942): ro.product.name = beyond0lteks
02-13 12:49:35.455 W/SystemConfig( 942): fname = gts7xlliteser
02-13 12:49:35.455 D/DlbProfileParamCache( 622): setEndpointTuning(endpoint=usb,
tuning=default)
02-13 12:49:35.455 D/DlbProfileParamCache( 622):
setEndpointTuning(endpoint=aux_digital, tuning=default)
02-13 12:49:35.455 D/DlbProfileParamCache( 622):
setEndpointTuning(endpoint=remote_submix, tuning=default)
02-13 12:49:35.455 W/SystemConfig( 942): ro.product.name = beyond0lteks
02-13 12:49:35.455 W/SystemConfig( 942): fname = gts7xllitexeea
02-13 12:49:35.455 W/SystemConfig( 942): ro.product.name = beyond0lteks
02-13 12:49:35.455 W/SystemConfig( 942): fname = gts7xllitekx
02-13 12:49:35.455 W/SystemConfig( 942): ro.product.name = beyond0lteks
02-13 12:49:35.455 W/SystemConfig( 942): fname = gts7xllitetur
02-13 12:49:35.455 W/SystemConfig( 942): ro.product.name = beyond0lteks
02-13 12:49:35.455 W/SystemConfig( 942): fname = gts7xllitekxx
02-13 12:49:35.455 W/SystemConfig( 942): ro.product.name = beyond0lteks
02-13 12:49:35.455 I/DlbDap2Process( 622): init()
02-13 12:49:35.455 I/DlbDap2Process( 622): open()
02-13 12:49:35.455 W/SystemConfig( 942): fname = gts7xllitesqwnc
02-13 12:49:35.455 W/SystemConfig( 942): ro.product.name = beyond0lteks
02-13 12:49:35.455 W/SystemConfig( 942): fname = gts7xllitexxx
02-13 12:49:35.455 W/SystemConfig( 942): ro.product.name = beyond0lteks
02-13 12:49:35.455 W/SystemConfig( 942): fname = gts7xllitesqw
02-13 12:49:35.455 W/SystemConfig( 942): ro.product.name = beyond0lteks
02-13 12:49:35.455 W/SystemConfig( 942): fname = gts7xllitewifieea
02-13 12:49:35.455 W/SystemConfig( 942): ro.product.name = beyond0lteks
02-13 12:49:35.455 W/SystemConfig( 942): fname = gts7xllitewifixx
02-13 12:49:35.455 W/SystemConfig( 942): ro.product.name = beyond0lteks
02-13 12:49:35.455 W/SystemConfig( 942): fname = gts7xllitewifitur
02-13 12:49:35.455 W/SystemConfig( 942): ro.product.name = beyond0lteks
02-13 12:49:35.455 W/SystemConfig( 942): fname = gts7xllitewifiser
02-13 12:49:35.455 W/SystemConfig( 942): ro.product.name = beyond0lteks
02-13 12:49:35.455 W/SystemConfig( 942): fname = b0sxser
02-13 12:49:35.455 W/SystemConfig( 942): ro.product.name = beyond0lteks
02-13 12:49:35.455 W/SystemConfig( 942): fname = b0sxtur
02-13 12:49:35.455 W/SystemConfig( 942): ro.product.name = beyond0lteks
02-13 12:49:35.455 W/SystemConfig( 942): fname = b0sxxx
02-13 12:49:35.455 W/SystemConfig( 942): ro.product.name = beyond0lteks
02-13 12:49:35.455 W/SystemConfig( 942): fname = b0sxeea
02-13 12:49:35.455 W/SystemConfig( 942): ro.product.name = beyond0lteks
02-13 12:49:35.455 W/SystemConfig( 942): fname = b0sksx
02-13 12:49:35.455 W/SystemConfig( 942): ro.product.name = beyond0lteks
02-13 12:49:35.455 W/SystemConfig( 942): fname = b0qksx
02-13 12:49:35.456 W/SystemConfig( 942): ro.product.name = beyond0lteks
02-13 12:49:35.456 W/SystemConfig( 942): fname = b0quew
02-13 12:49:35.456 W/SystemConfig( 942): ro.product.name = beyond0lteks
02-13 12:49:35.456 W/SystemConfig( 942): fname = b0qcsx
02-13 12:49:35.456 W/SystemConfig( 942): ro.product.name = beyond0lteks
02-13 12:49:35.456 W/SystemConfig( 942): fname = b0qxxx
02-13 12:49:35.456 W/SystemConfig( 942): ro.product.name = beyond0lteks
02-13 12:49:35.456 W/SystemConfig( 942): fname = b0qsqw
02-13 12:49:35.456 W/SystemConfig( 942): ro.product.name = beyond0lteks
02-13 12:49:35.456 W/SystemConfig( 942): fname = b0qzhx
02-13 12:49:35.456 W/SystemConfig( 942): ro.product.name = beyond0lteks
02-13 12:49:35.456 W/SystemConfig( 942): fname = b0qxtur
02-13 12:49:35.456 W/SystemConfig( 942): ro.product.name = beyond0lteks
02-13 12:49:35.456 W/SystemConfig( 942): fname = SC-52C
02-13 12:49:35.456 W/SystemConfig( 942): ro.product.name = beyond0lteks
02-13 12:49:35.456 W/SystemConfig( 942): fname = SCG14_jp_kdi
02-13 12:49:35.456 W/SystemConfig( 942): ro.product.name = beyond0lteks
02-13 12:49:35.456 W/SystemConfig( 942): fname = r0sxxx
02-13 12:49:35.456 W/SystemConfig( 942): ro.product.name = beyond0lteks
02-13 12:49:35.456 W/SystemConfig( 942): fname = r0sxeea
02-13 12:49:35.456 W/SystemConfig( 942): ro.product.name = beyond0lteks
02-13 12:49:35.456 W/SystemConfig( 942): fname = r0sxtur
02-13 12:49:35.456 W/SystemConfig( 942): ro.product.name = beyond0lteks
02-13 12:49:35.456 W/SystemConfig( 942): fname = r0sxser
02-13 12:49:35.456 W/SystemConfig( 942): ro.product.name = beyond0lteks
02-13 12:49:35.456 W/SystemConfig( 942): fname = r0sksx
02-13 12:49:35.456 W/SystemConfig( 942): ro.product.name = beyond0lteks
02-13 12:49:35.456 W/SystemConfig( 942): fname = r0qksx
02-13 12:49:35.456 W/SystemConfig( 942): ro.product.name = beyond0lteks
02-13 12:49:35.456 W/SystemConfig( 942): fname = r0qxtur
02-13 12:49:35.456 W/SystemConfig( 942): ro.product.name = beyond0lteks
02-13 12:49:35.456 W/SystemConfig( 942): fname = r0qcsx
02-13 12:49:35.456 W/SystemConfig( 942): ro.product.name = beyond0lteks
02-13 12:49:35.456 W/SystemConfig( 942): fname = r0qzhx
02-13 12:49:35.456 W/SystemConfig( 942): ro.product.name = beyond0lteks
02-13 12:49:35.456 W/SystemConfig( 942): fname = r0quew
02-13 12:49:35.456 W/SystemConfig( 942): ro.product.name = beyond0lteks
02-13 12:49:35.456 W/SystemConfig( 942): fname = r0qsqw
02-13 12:49:35.456 W/SystemConfig( 942): ro.product.name = beyond0lteks
02-13 12:49:35.456 W/SystemConfig( 942): fname = r0qxxx
02-13 12:49:35.456 W/SystemConfig( 942): ro.product.name = beyond0lteks
02-13 12:49:35.456 W/SystemConfig( 942): fname = SC-51C
02-13 12:49:35.456 W/SystemConfig( 942): ro.product.name = beyond0lteks
02-13 12:49:35.456 W/SystemConfig( 942): fname = SCG13_jp_kdi
02-13 12:49:35.456 W/SystemConfig( 942): ro.product.name = beyond0lteks
02-13 12:49:35.456 W/SystemConfig( 942): fname = g0sxxx
02-13 12:49:35.456 W/SystemConfig( 942): ro.product.name = beyond0lteks
02-13 12:49:35.456 W/SystemConfig( 942): fname = g0sxtur
02-13 12:49:35.456 W/SystemConfig( 942): ro.product.name = beyond0lteks
02-13 12:49:35.456 W/SystemConfig( 942): fname = g0sxeea
02-13 12:49:35.456 W/SystemConfig( 942): ro.product.name = beyond0lteks
02-13 12:49:35.456 W/SystemConfig( 942): fname = g0sxser
02-13 12:49:35.456 W/SystemConfig( 942): ro.product.name = beyond0lteks
02-13 12:49:35.456 W/SystemConfig( 942): fname = g0sksx
02-13 12:49:35.456 W/SystemConfig( 942): ro.product.name = beyond0lteks
02-13 12:49:35.456 W/SystemConfig( 942): fname = g0qksx
02-13 12:49:35.456 W/SystemConfig( 942): ro.product.name = beyond0lteks
02-13 12:49:35.456 W/SystemConfig( 942): fname = g0quew
02-13 12:49:35.456 W/SystemConfig( 942): ro.product.name = beyond0lteks
02-13 12:49:35.456 W/SystemConfig( 942): fname = g0qxtur
02-13 12:49:35.456 W/SystemConfig( 942): ro.product.name = beyond0lteks
02-13 12:49:35.456 W/SystemConfig( 942): fname = g0qcsx
02-13 12:49:35.456 W/SystemConfig( 942): ro.product.name = beyond0lteks
02-13 12:49:35.456 W/SystemConfig( 942): fname = g0qxxx
02-13 12:49:35.456 W/SystemConfig( 942): ro.product.name = beyond0lteks
02-13 12:49:35.456 W/SystemConfig( 942): fname = g0qsqw
02-13 12:49:35.456 W/SystemConfig( 942): ro.product.name = beyond0lteks
02-13 12:49:35.456 W/SystemConfig( 942): fname = g0qzhx
02-13 12:49:35.456 W/SystemConfig( 942): ro.product.name = beyond0lteks
02-13 12:49:35.456 W/SystemConfig( 942): fname = gts8kxx
02-13 12:49:35.456 W/SystemConfig( 942): ro.product.name = beyond0lteks
02-13 12:49:35.456 W/SystemConfig( 942): fname = gts8keea
02-13 12:49:35.456 W/SystemConfig( 942): ro.product.name = beyond0lteks
02-13 12:49:35.456 W/SystemConfig( 942): fname = gts8xser
02-13 12:49:35.456 W/SystemConfig( 942): ro.product.name = beyond0lteks
02-13 12:49:35.456 W/SystemConfig( 942): fname = gts8xeea
02-13 12:49:35.456 W/SystemConfig( 942): ro.product.name = beyond0lteks
02-13 12:49:35.456 W/SystemConfig( 942): fname = gts8xxx
02-13 12:49:35.456 W/SystemConfig( 942): ro.product.name = beyond0lteks
02-13 12:49:35.456 W/SystemConfig( 942): fname = gts8sq
02-13 12:49:35.456 W/SystemConfig( 942): ro.product.name = beyond0lteks
02-13 12:49:35.456 W/SystemConfig( 942): fname = gts8wifiser
02-13 12:49:35.456 W/SystemConfig( 942): ro.product.name = beyond0lteks
02-13 12:49:35.456 W/SystemConfig( 942): fname = gts8wifitur
02-13 12:49:35.456 W/SystemConfig( 942): ro.product.name = beyond0lteks
02-13 12:49:35.456 W/SystemConfig( 942): fname = gts8wifixx
02-13 12:49:35.456 W/SystemConfig( 942): ro.product.name = beyond0lteks
02-13 12:49:35.456 W/SystemConfig( 942): fname = gts8wifieea
02-13 12:49:35.456 W/SystemConfig( 942): ro.product.name = beyond0lteks
02-13 12:49:35.456 W/SystemConfig( 942): fname = gts8pkxx
02-13 12:49:35.456 W/SystemConfig( 942): ro.product.name = beyond0lteks
02-13 12:49:35.456 W/SystemConfig( 942): fname = gts8psqw
02-13 12:49:35.456 W/SystemConfig( 942): ro.product.name = beyond0lteks
02-13 12:49:35.456 W/SystemConfig( 942): fname = gts8psqw
02-13 12:49:35.457 W/SystemConfig( 942): ro.product.name = beyond0lteks
02-13 12:49:35.457 W/SystemConfig( 942): fname = gts8pxser
02-13 12:49:35.457 W/SystemConfig( 942): ro.product.name = beyond0lteks
02-13 12:49:35.457 W/SystemConfig( 942): fname = gts8peea
02-13 12:49:35.457 W/SystemConfig( 942): ro.product.name = beyond0lteks
02-13 12:49:35.457 W/SystemConfig( 942): fname = gts8pxx
02-13 12:49:35.457 W/SystemConfig( 942): ro.product.name = beyond0lteks
02-13 12:49:35.457 W/SystemConfig( 942): fname = gts8pxeea
02-13 12:49:35.457 W/SystemConfig( 942): ro.product.name = beyond0lteks
02-13 12:49:35.457 W/SystemConfig( 942): fname = gts8pxxx
02-13 12:49:35.457 W/SystemConfig( 942): ro.product.name = beyond0lteks
02-13 12:49:35.457 W/SystemConfig( 942): fname = gts8psqwnc
02-13 12:49:35.457 W/SystemConfig( 942): ro.product.name = beyond0lteks
02-13 12:49:35.457 W/SystemConfig( 942): fname = gts8pwifitur
02-13 12:49:35.457 W/SystemConfig( 942): ro.product.name = beyond0lteks
02-13 12:49:35.457 W/SystemConfig( 942): fname = gts8pwifiser
02-13 12:49:35.457 W/SystemConfig( 942): ro.product.name = beyond0lteks
02-13 12:49:35.457 W/SystemConfig( 942): fname = gts8pwifixx
02-13 12:49:35.457 W/SystemConfig( 942): ro.product.name = beyond0lteks
02-13 12:49:35.457 W/SystemConfig( 942): fname = gts8pwifieea
02-13 12:49:35.457 W/SystemConfig( 942): ro.product.name = beyond0lteks
02-13 12:49:35.457 W/SystemConfig( 942): fname = gts8pwifijpn
02-13 12:49:35.457 W/SystemConfig( 942): ro.product.name = beyond0lteks
02-13 12:49:35.457 W/SystemConfig( 942): fname = gts8ukxx
02-13 12:49:35.457 W/SystemConfig( 942): ro.product.name = beyond0lteks
02-13 12:49:35.457 W/SystemConfig( 942): fname = gts8uxser
02-13 12:49:35.457 W/SystemConfig( 942): ro.product.name = beyond0lteks
02-13 12:49:35.457 W/SystemConfig( 942): fname = gts8uxeea
02-13 12:49:35.457 W/SystemConfig( 942): ro.product.name = beyond0lteks
02-13 12:49:35.457 I/DlbDap2Process( 622): loadLicense() no license check!
02-13 12:49:35.457 W/SystemConfig( 942): fname = gts8uxxx
02-13 12:49:35.457 I/DlbDap2Process( 622): validateLicense() no license check!
02-13 12:49:35.457 W/SystemConfig( 942): ro.product.name = beyond0lteks
02-13 12:49:35.457 I/DlbDap2Process( 622): init() DAP opened
02-13 12:49:35.457 I/DlbDap2Process( 622): DAP library version: MOBILE v1.9
02-13 12:49:35.457 W/SystemConfig( 942): fname = gts8uwifiser
02-13 12:49:35.457 D/DlbDap2Process( 622): DAP output mode set to 1 with output
channel mask 0x3 and null mix matrix.
02-13 12:49:35.457 W/SystemConfig( 942): ro.product.name = beyond0lteks
02-13 12:49:35.457 D/DlbDlbBufferProvider( 622): setConfig() Updating buffer
configuration.
02-13 12:49:35.457 W/SystemConfig( 942): fname = gts8uwifitur
02-13 12:49:35.457 D/DlbDlbBufferProvider( 622): configure() Allocating new memory
for the buffer.
02-13 12:49:35.457 W/SystemConfig( 942): ro.product.name = beyond0lteks
02-13 12:49:35.457 I/servicemanager( 413): Adding 'u:r:system_server:s0' service
(activity_task:942)
02-13 12:49:35.457 D/DlbDlbBufferProvider( 622): setConfig() Updating buffer
configuration.
02-13 12:49:35.457 W/SystemConfig( 942): fname = gts8uwifieea
02-13 12:49:35.457 D/DlbDlbBufferProvider( 622): configure() Allocating new memory
for the buffer.
02-13 12:49:35.457 W/SystemConfig( 942): ro.product.name = beyond0lteks
02-13 12:49:35.457 D/DlbDlbBufferProvider( 622): setConfig() Updating buffer
configuration.
02-13 12:49:35.457 D/DlbDlbBufferProvider( 622): configure() Allocating new memory
for the buffer.
02-13 12:49:35.457 W/SystemConfig( 942): fname = gts8uwifixx
02-13 12:49:35.457 W/SystemConfig( 942): ro.product.name = beyond0lteks
02-13 12:49:35.457 W/SystemConfig( 942): fname = a33xnndxx
02-13 12:49:35.457 D/DlbDap2Process( 622): setSystemGain(vol = 0)
02-13 12:49:35.457 W/SystemConfig( 942): ro.product.name = beyond0lteks
02-13 12:49:35.457 D/DlbDap2Process( 622): setParam(avon = #1[0])
02-13 12:49:35.457 W/SystemConfig( 942): fname = a33xnsdtur
02-13 12:49:35.457 W/SystemConfig( 942): ro.product.name = beyond0lteks
02-13 12:49:35.457 W/SystemConfig( 942): fname = a33xnsdxx
02-13 12:49:35.457 D/DlbDap2Process( 622): setParam(iebs = #41[20, 47, 141, 234,
328, 469, 656, 844, 1031, 1313, 1688, 2250, 3000, 3750, 4688, 5813, 7125, 9000,
11250, 13875, 19688, 157, 167, 218, 218, 203, 188, 192, 192, 205, 213, 218, 209,
193, 159, 134, 97, 71, 22, -90, -283])
02-13 12:49:35.457 W/SystemConfig( 942): ro.product.name = beyond0lteks
02-13 12:49:35.457 W/SystemConfig( 942): fname = a33xnndx
02-13 12:49:35.457 D/DlbDlbBufferProvider( 622): setConfig() Updating buffer
configuration.
02-13 12:49:35.457 D/DlbDlbBufferProvider( 622): setConfig() Updating buffer
configuration.
02-13 12:49:35.457 W/SystemConfig( 942): ro.product.name = beyond0lteks
02-13 12:49:35.457 D/DlbDap2Process( 622): setHTParam: mIsBinauralInput: 0
02-13 12:49:35.457 W/SystemConfig( 942): fname = a33xnsdx
02-13 12:49:35.457 D/DlbDap2Process( 622): DAP input format is 0x22 with input
channel mask 0x3
02-13 12:49:35.457 W/SystemConfig( 942): ro.product.name = beyond0lteks
02-13 12:49:35.457 W/SystemConfig( 942): fname = a33xub
02-13 12:49:35.457 D/DlbDap2Process( 622): setHTParam: mIsBinauralInput: 0
02-13 12:49:35.457 D/DlbDap2Process( 622): DAP input format is 0x22 with input
channel mask 0x3
02-13 12:49:35.457 I/SystemServiceManager( 942): Starting
com.android.server.am.ActivityManagerService$Lifecycle
02-13 12:49:35.457 I/AudioEffectStageChain( 622): disablePreFxVolumeProcessing
index -2107
02-13 12:49:35.457 W/SystemConfig( 942): ro.product.name = beyond0lteks
02-13 12:49:35.457 W/SystemConfig( 942): fname = a33xks
02-13 12:49:35.457 W/SystemConfig( 942): ro.product.name = beyond0lteks
02-13 12:49:35.457 W/SystemConfig( 942): fname = a33xzh
02-13 12:49:35.457 W/SystemConfig( 942): ro.product.name = beyond0lteks
02-13 12:49:35.457 W/SystemConfig( 942): fname = a33xnsser
02-13 12:49:35.457 W/SystemConfig( 942): ro.product.name = beyond0lteks
02-13 12:49:35.457 W/SystemConfig( 942): fname = a33xnsxx
02-13 12:49:35.457 W/SystemConfig( 942): ro.product.name = beyond0lteks
02-13 12:49:35.457 W/SystemConfig( 942): fname = a33xnseea
02-13 12:49:35.457 W/SystemConfig( 942): ro.product.name = beyond0lteks
02-13 12:49:35.457 W/SystemConfig( 942): fname = a53xtfn
02-13 12:49:35.457 W/SystemConfig( 942): ro.product.name = beyond0lteks
02-13 12:49:35.457 W/SystemConfig( 942): fname = a53xzh
02-13 12:49:35.457 W/SystemConfig( 942): ro.product.name = beyond0lteks
02-13 12:49:35.457 W/SystemConfig( 942): fname = a53xcsx
02-13 12:49:35.457 W/SystemConfig( 942): ro.product.name = beyond0lteks
02-13 12:49:35.457 W/SystemConfig( 942): fname = a53xnaxx
02-13 12:49:35.457 W/SystemConfig( 942): ro.product.name = beyond0lteks
02-13 12:49:35.457 W/SystemConfig( 942): fname = a53xksx
02-13 12:49:35.457 W/SystemConfig( 942): ro.product.name = beyond0lteks
02-13 12:49:35.457 W/SystemConfig( 942): fname = a53xnsser
02-13 12:49:35.457 W/SystemConfig( 942): ro.product.name = beyond0lteks
02-13 12:49:35.457 W/SystemConfig( 942): fname = a53xnstur
02-13 12:49:35.457 I/hwservicemanager( 414): getTransport: Cannot find entry
[email protected]::IEffectsFactory/default in either framework or
device VINTF manifest.
02-13 12:49:35.457 W/SystemConfig( 942): ro.product.name = beyond0lteks
02-13 12:49:35.457 W/SystemConfig( 942): fname = a53xnsxx
02-13 12:49:35.457 W/SystemConfig( 942): ro.product.name = beyond0lteks
02-13 12:49:35.457 W/SystemConfig( 942): fname = a53xsqx
02-13 12:49:35.457 W/SystemConfig( 942): ro.product.name = beyond0lteks
02-13 12:49:35.457 W/SystemConfig( 942): fname = a53xsqw
02-13 12:49:35.457 W/SystemConfig( 942): ro.product.name = beyond0lteks
02-13 12:49:35.457 W/SystemConfig( 942): fname = a53xnaeea
02-13 12:49:35.457 W/SystemConfig( 942): ro.product.name = beyond0lteks
02-13 12:49:35.457 W/SystemConfig( 942): fname = a53xue
02-13 12:49:35.457 W/SystemConfig( 942): ro.product.name = beyond0lteks
02-13 12:49:35.457 W/SystemConfig( 942): fname = SC-53C
02-13 12:49:35.457 W/SystemConfig( 942): ro.product.name = beyond0lteks
02-13 12:49:35.457 W/SystemConfig( 942): fname = SCG15_jp_kdi
02-13 12:49:35.457 W/SystemConfig( 942): ro.product.name = beyond0lteks
02-13 12:49:35.457 W/SystemConfig( 942): fname = xcoverpro2cs
02-13 12:49:35.457 W/SystemConfig( 942): ro.product.name = beyond0lteks
02-13 12:49:35.457 W/SystemConfig( 942): fname = xcoverpro2ue
02-13 12:49:35.457 W/SystemConfig( 942): ro.product.name = beyond0lteks
02-13 12:49:35.457 I/hwservicemanager( 414): getTransport: Cannot find entry
[email protected]::IEffectsFactory/default in either framework or
device VINTF manifest.
02-13 12:49:35.457 W/SystemConfig( 942): fname = xcoverpro2tur
02-13 12:49:35.457 W/SystemConfig( 942): ro.product.name = beyond0lteks
02-13 12:49:35.457 W/SystemConfig( 942): fname = xcoverpro2eea
02-13 12:49:35.457 W/SystemConfig( 942): ro.product.name = beyond0lteks
02-13 12:49:35.457 W/SystemConfig( 942): fname = xcoverpro2xx
02-13 12:49:35.457 W/SystemConfig( 942): ro.product.name = beyond0lteks
02-13 12:49:35.457 W/SystemConfig( 942): fname = xcoverpro2sq
02-13 12:49:35.457 W/SystemConfig( 942): ro.product.name = beyond0lteks
02-13 12:49:35.457 W/SystemConfig( 942): fname = q4qsqw
02-13 12:49:35.457 W/SystemConfig( 942): ro.product.name = beyond0lteks
02-13 12:49:35.457 W/SystemConfig( 942): fname = q4qzhx
02-13 12:49:35.457 W/SystemConfig( 942): ro.product.name = beyond0lteks
02-13 12:49:35.457 W/SystemConfig( 942): fname = q4qksx
02-13 12:49:35.458 W/SystemConfig( 942): ro.product.name = beyond0lteks
02-13 12:49:35.458 W/SystemConfig( 942): fname = q4quew
02-13 12:49:35.458 W/SystemConfig( 942): ro.product.name = beyond0lteks
02-13 12:49:35.458 W/SystemConfig( 942): fname = q4qcsx
02-13 12:49:35.458 W/SystemConfig( 942): ro.product.name = beyond0lteks
02-13 12:49:35.458 W/SystemConfig( 942): fname = q4qxser
02-13 12:49:35.458 W/SystemConfig( 942): ro.product.name = beyond0lteks
02-13 12:49:35.458 W/SystemConfig( 942): fname = q4qxtur
02-13 12:49:35.458 W/SystemConfig( 942): ro.product.name = beyond0lteks
02-13 12:49:35.458 W/SystemConfig( 942): fname = q4qxxx
02-13 12:49:35.458 W/SystemConfig( 942): ro.product.name = beyond0lteks
02-13 12:49:35.458 W/SystemConfig( 942): fname = q4qxeea
02-13 12:49:35.458 W/SystemConfig( 942): ro.product.name = beyond0lteks
02-13 12:49:35.458 W/SystemConfig( 942): fname = SC-55C
02-13 12:49:35.458 W/SystemConfig( 942): ro.product.name = beyond0lteks
02-13 12:49:35.458 W/SystemConfig( 942): fname = SCG16_jp_kdi
02-13 12:49:35.458 W/SystemConfig( 942): ro.product.name = beyond0lteks
02-13 12:49:35.458 W/SystemConfig( 942): fname = b4qsqw
02-13 12:49:35.458 W/SystemConfig( 942): ro.product.name = beyond0lteks
02-13 12:49:35.458 W/SystemConfig( 942): fname = b4qzhx
02-13 12:49:35.458 W/SystemConfig( 942): ro.product.name = beyond0lteks
