04-06 15:51:39.330 16794 16794 W com.mbwhatsapp: type=1400 audit(0.0:378626): avc: granted { execute } for path="/data/data/com.mbwhatsapp/files/decompressed/libs.spk.zst/libc++_shared.so" dev="dm-11" ino=232386 scontext=u:r:untrusted_app:s0:c63,c257,c512,c768 tcontext=u:object_r:app_data_file:s0:c63,c257,c512,c768 tclass=file app=com.mbwhatsapp
04-06 15:51:39.346 16794 16794 W com.mbwhatsapp: type=1400 audit(0.0:378627): avc: granted { execute } for path="/data/data/com.mbwhatsapp/files/decompressed/libs.spk.zst/libvlc.so" dev="dm- 11" ino=114964 scontext=u:r:untrusted_app:s0:c63,c257,c512,c768 tcontext=u:object_r:app_data_file:s0:c63,c257,c512,c768 tclass=file app=com.mbwhatsapp
04-06 15:51:39.362 16794 16794 W com.mbwhatsapp: type=1400 audit(0.0:378628): avc: granted { execute } for path="/data/data/com.mbwhatsapp/files/decompressed/libs.spk.zst/libwhatsapp.so" dev="dm-11" ino=297356 scontext=u:r:untrusted_app:s0:c63,c257,c512,c768 tcontext=u:object_r:app_data_file:s0:c63,c257,c512,c768 tclass=file app=com.mbwhatsapp
04-06 15:51:39.454 16794 16794 W com.mbwhatsapp: type=1400 audit(0.0:378629): avc: granted { execute } for path="/data/data/com.mbwhatsapp/files/decompressed/libs.spk.zst/libcurve25519.so" dev="dm-11" ino=276718 scontext=u:r:untrusted_app:s0:c63,c257,c512,c768 tcontext=u:object_r:app_data_file:s0:c63,c257,c512,c768 tclass=file app=com.mbwhatsapp
04-06 15:51:39.470 16794 16794 W com.mbwhatsapp: type=1400 audit(0.0:378630): avc: granted { execute } for path="/data/data/com.mbwhatsapp/files/decompressed/libs.spk.zst/libwhatsapp.so" dev="dm-11" ino=297356 scontext=u:r:untrusted_app:s0:c63,c257,c512,c768 tcontext=u:object_r:app_data_file:s0:c63,c257,c512,c768 tclass=file app=com.mbwhatsapp
04-06 15:51:39.650 16794 16794 W CheckTime: App running slow: Executing handleBindApplication : callApplicationOnCreate took 875ms
04-06 15:51:39.654 16794 16843 W com.mbwhatsapp: Class X.2rL failed lock verification and will run slower.
04-06 15:51:39.654 16794 16843 W com.mbwhatsapp: Common causes for lock verification issues are non-optimized dex code
04-06 15:51:39.654 16794 16843 W com.mbwhatsapp: and incorrect proguard optimizations.
04-06 15:51:39.686 16794 16794 W com.mbwhatsapp: Class X.0eU failed lock verification and will run slower. --------- beginning of system
04-06 15:51:40.464 16794 16794 E OpenGLRenderer: ~SkiaDisplayList() ##### pid = 16794
04-06 15:51:41.134 16794 16794 W com.mbwhatsapp: type=1400 audit(0.0:378645): avc: denied { read } for name="osrelease" dev="proc" ino=7711111 scontext=u:r:untrusted_app:s0:c63,c257,c512,c768 tcontext=u:object_r:proc:s0 tclass=file permissive=0 app=com.mbwhatsapp
04-06 15:51:41.138 16794 16794 W com.mbwhatsapp: type=1400 audit(0.0:378646): avc: denied { read } for name="version" dev="proc" ino=7711112 scontext=u:r:untrusted_app:s0:c63,c257,c512,c768 tcontext=u:object_r:proc:s0 tclass=file permissive=0 app=com.mbwhatsapp
04-06 15:51:48.565 16794 16794 E Dialog : show dialog view=DecorView@4e098fa[RegisterPhone]
04-06 15:51:50.154 16794 16833 E PlayCore: UID: [10319] PID: [16794] StandardIntegrity : Phonesky is not installed.
04-06 15:51:50.203 16794 16997 W com.mbwhatsapp: OatFileAssistant::Lock: Failed to open file '/apex/com.android.extservices/javalib/android.ext.adservices.jar.arm64.flock': Read-only file system
04-06 15:51:50.203 16794 16997 W com.mbwhatsapp: make actual context GetClassPathString:
04-06 15:51:50.203 16794 16997 W com.mbwhatsapp: MakeUpToDate error_msg2:Generation of oat file /data/dalvik-cache/arm64/[email protected]@[email protected] [email protected] not attempted because the vdex file /data/dalvik-cache/arm64/[email protected]@[email protected] [email protected] could not be opened.
04-06 15:51:50.218 16794 16997 W com.mbwhatsapp: OatFileAssistant::Lock: Failed to open file '/system/framework/com.android.media.remotedisplay.jar.arm64.flock': Read-only file system
04-06 15:51:50.226 16794 16997 W com.mbwhatsapp: OatFileAssistant::Lock: Failed to open file '/system/framework/com.android.location.provider.jar.arm64.flock': Read- only file system
04-06 15:51:50.236 16794 16997 W com.mbwhatsapp: OatFileAssistant::Lock: Failed to open file '/data/app/~~VODmbiXYVy0LFv8rOeSAmw==/com.google.android.gms- D7HUCaqe_Hdoua6sY_9sLA==/base.apk.arm64.flock': Permission denied
04-06 15:51:51.032 16794 16794 E Dialog : show dialog view=DecorView@c8f6f37[RegisterPhone] --------- beginning of main
04-06 15:57:19.669 20827 20827 E com.mbwhatsapp: Not starting debugger since process cannot load the jdwp agent.
04-06 15:57:19.691 20827 20844 E libc : Access denied finding property "vendor.MB.running"
04-06 15:57:19.703 20827 20827 W com.mbwhatsapp: OatFileAssistant::Lock: Failed to open file '/system/framework/org.apache.http.legacy.jar.arm64.flock': Read-only file system
04-06 15:57:19.716 20827 20827 W com.mbwhatsapp: OatFileAssistant::Lock: Failed to open file '/data/app/~~-k84dmHXhbN-9wCffgHlEw==/com.mbwhatsapp- hPlzhJdVjmPI7bE75BH7iQ==/base.apk.arm64.flock': Permission denied
04-06 15:57:20.096 20827 20827 W System.err: java.lang.ClassNotFoundException: mbmodsd.mbmodsw.ui.views.btn.BtnBK
04-06 15:57:20.096 20827 20827 W System.err: at java.lang.Runtime.nativeLoad(Native Method)
04-06 15:57:20.097 20827 20827 W System.err: at java.lang.Runtime.nativeLoad(Runtime.java:1131)
04-06 15:57:20.097 20827 20827 W System.err: at java.lang.Runtime.loadLibrary0(Runtime.java:1085)
04-06 15:57:20.097 20827 20827 W System.err: at java.lang.Runtime.loadLibrary0(Runtime.java:1008)
04-06 15:57:20.097 20827 20827 W System.err: at java.lang.System.loadLibrary(System.java:1664)
04-06 15:57:20.097 20827 20827 W System.err: at arm.EpicVm.<clinit>(Unknown Source:2)
04-06 15:57:20.097 20827 20827 W System.err: at java.lang.Class.newInstance(Native Method)
04-06 15:57:20.097 20827 20827 W System.err: at android.app.AppComponentFactory.instantiateApplication(AppComponentFactory.java:76)
04-06 15:57:20.097 20827 20827 W System.err: at androidx.core.app.CoreComponentFactory.instantiateApplication(Unknown Source:0)
04-06 15:57:20.097 20827 20827 W System.err: at android.app.Instrumentation.newApplication(Instrumentation.java:1162)
04-06 15:57:20.097 20827 20827 W System.err: at android.app.LoadedApk.makeApplication(LoadedApk.java:1268)
04-06 15:57:20.097 20827 20827 W System.err: at android.app.ActivityThread.handleBindApplication(ActivityThread.java:7223)
04-06 15:57:20.097 20827 20827 W System.err: at android.app.ActivityThread.access$1600(ActivityThread.java:291)
04-06 15:57:20.097 20827 20827 W System.err: at android.app.ActivityThread$H.handleMessage(ActivityThread.java:2105)
04-06 15:57:20.097 20827 20827 W System.err: at android.os.Handler.dispatchMessage(Handler.java:106)
04-06 15:57:20.097 20827 20827 W System.err: at android.os.Looper.loop(Looper.java:257)
04-06 15:57:20.097 20827 20827 W System.err: at android.app.ActivityThread.main(ActivityThread.java:8349)
04-06 15:57:20.097 20827 20827 W System.err: at java.lang.reflect.Method.invoke(Native Method)
04-06 15:57:20.097 20827 20827 W System.err: at com.android.internal.os.RuntimeInit$MethodAndArgsCaller.run(RuntimeInit.java:603)
04-06 15:57:20.097 20827 20827 W System.err: at com.android.internal.os.ZygoteInit.main(ZygoteInit.java:947)
04-06 15:57:20.227 20827 20827 W CheckTime: App running slow: Executing handleBindApplication : makeApplication took 339ms
04-06 15:57:20.238 20827 20827 E CustomActivityOnCrash: IMPORTANT WARNING! You already have an UncaughtExceptionHandler, are you sure this is correct? If you use a custom UncaughtExceptionHandler, you must initialize it AFTER CustomActivityOnCrash! Installing anyway, but your original handler will not be called.
04-06 15:57:20.777 20827 20827 W com.mbwhatsapp: Accessing hidden method Lcom/android/org/conscrypt/OpenSSLSocketImpl;->setUseSessionTickets(Z)V (greylist- max-q,test-api, reflection, denied)
04-06 15:57:20.778 20827 20827 W com.mbwhatsapp: Accessing hidden method Lcom/android/org/conscrypt/AbstractConscryptSocket;->setUseSessionTickets(Z)V (greylist-max-q, reflection, denied)
04-06 15:57:20.881 20827 20827 W linker : Warning: "/data/data/com.mbwhatsapp/files/decompressed/libs.spk.zst/libc++_shared.so" unused DT entry: unknown processor-specific (type 0x70000001 arg 0x0) (ignoring)
04-06 15:57:20.875 20827 20827 W com.mbwhatsapp: type=1400 audit(0.0:381631): avc: granted { execute } for path="/data/data/com.mbwhatsapp/files/decompressed/libs.spk.zst/libc++_shared.so" dev="dm-11" ino=232386 scontext=u:r:untrusted_app:s0:c63,c257,c512,c768 tcontext=u:object_r:app_data_file:s0:c63,c257,c512,c768 tclass=file app=com.mbwhatsapp
04-06 15:57:20.891 20827 20827 W com.mbwhatsapp: type=1400 audit(0.0:381632): avc: granted { execute } for path="/data/data/com.mbwhatsapp/files/decompressed/libs.spk.zst/libvlc.so" dev="dm- 11" ino=114964 scontext=u:r:untrusted_app:s0:c63,c257,c512,c768 tcontext=u:object_r:app_data_file:s0:c63,c257,c512,c768 tclass=file app=com.mbwhatsapp
04-06 15:57:20.903 20827 20827 W com.mbwhatsapp: type=1400 audit(0.0:381633): avc: granted { execute } for path="/data/data/com.mbwhatsapp/files/decompressed/libs.spk.zst/libwhatsapp.so" dev="dm-11" ino=297356 scontext=u:r:untrusted_app:s0:c63,c257,c512,c768 tcontext=u:object_r:app_data_file:s0:c63,c257,c512,c768 tclass=file app=com.mbwhatsapp
04-06 15:57:20.995 20827 20827 W com.mbwhatsapp: type=1400 audit(0.0:381634): avc: granted { execute } for path="/data/data/com.mbwhatsapp/files/decompressed/libs.spk.zst/libcurve25519.so" dev="dm-11" ino=276718 scontext=u:r:untrusted_app:s0:c63,c257,c512,c768 tcontext=u:object_r:app_data_file:s0:c63,c257,c512,c768 tclass=file app=com.mbwhatsapp
04-06 15:57:21.007 20827 20827 W com.mbwhatsapp: type=1400 audit(0.0:381635): avc: granted { execute } for path="/data/data/com.mbwhatsapp/files/decompressed/libs.spk.zst/libwhatsapp.so" dev="dm-11" ino=297356 scontext=u:r:untrusted_app:s0:c63,c257,c512,c768 tcontext=u:object_r:app_data_file:s0:c63,c257,c512,c768 tclass=file app=com.mbwhatsapp
04-06 15:57:21.011 20827 20827 W com.mbwhatsapp: type=1400 audit(0.0:381638): avc: denied { execmod } for path="/apex/com.android.runtime/lib64/bionic/libc.so" dev="loop26" ino=33 scontext=u:r:untrusted_app:s0:c63,c257,c512,c768 tcontext=u:object_r:system_lib_file:s0 tclass=file permissive=0 app=com.mbwhatsapp
04-06 15:57:21.197 20827 20827 W CheckTime: App running slow: Executing handleBindApplication : callApplicationOnCreate took 873ms
04-06 15:57:21.201 20827 20896 W com.mbwhatsapp: Class X.2rL failed lock verification and will run slower.
04-06 15:57:21.201 20827 20896 W com.mbwhatsapp: Common causes for lock verification issues are non-optimized dex code
04-06 15:57:21.201 20827 20896 W com.mbwhatsapp: and incorrect proguard optimizations.
04-06 15:57:21.232 20827 20827 W com.mbwhatsapp: Class X.0eU failed lock verification and will run slower. --------- beginning of system
04-06 15:57:21.983 20827 20827 E OpenGLRenderer: ~SkiaDisplayList() ##### pid = 20827
04-06 15:57:22.579 20827 20827 W com.mbwhatsapp: type=1400 audit(0.0:381650): avc: denied { read } for name="osrelease" dev="proc" ino=7776583 scontext=u:r:untrusted_app:s0:c63,c257,c512,c768 tcontext=u:object_r:proc:s0 tclass=file permissive=0 app=com.mbwhatsapp
04-06 15:57:29.204 20827 20827 E Dialog : show dialog view=DecorView@d262f4c[RegisterPhone]
04-06 15:57:30.230 20827 20884 E PlayCore: UID: [10319] PID: [20827] StandardIntegrity : Phonesky is not installed.
04-06 15:57:30.260 20827 20917 W com.mbwhatsapp: OatFileAssistant::Lock: Failed to open file '/apex/com.android.extservices/javalib/android.ext.adservices.jar.arm64.flock': Read-only file system
04-06 15:57:30.260 20827 20917 W com.mbwhatsapp: make actual context GetClassPathString:
04-06 15:57:30.260 20827 20917 W com.mbwhatsapp: MakeUpToDate error_msg2:Generation of oat file /data/dalvik-cache/arm64/[email protected]@[email protected] [email protected] not attempted because the vdex file /data/dalvik-cache/arm64/[email protected]@[email protected] [email protected] could not be opened.
04-06 15:57:30.274 20827 20917 W com.mbwhatsapp: OatFileAssistant::Lock: Failed to open file '/system/framework/com.android.media.remotedisplay.jar.arm64.flock': Read-only file system
04-06 15:57:30.279 20827 20917 W com.mbwhatsapp: OatFileAssistant::Lock: Failed to open file '/system/framework/com.android.location.provider.jar.arm64.flock': Read- only file system
04-06 15:57:30.283 20827 20917 W com.mbwhatsapp: OatFileAssistant::Lock: Failed to open file '/data/app/~~VODmbiXYVy0LFv8rOeSAmw==/com.google.android.gms- D7HUCaqe_Hdoua6sY_9sLA==/base.apk.arm64.flock': Permission denied
04-06 15:57:31.153 20827 20827 E Dialog : show dialog view=DecorView@1594555[RegisterPhone]
04-06 15:57:33.846 20827 20827 E Dialog : show dialog view=DecorView@604d517[RegisterPhone]
04-06 15:57:35.065 20827 20827 E Dialog : show dialog view=DecorView@9bee9a6[RegisterPhone]
04-06 15:57:36.864 20827 20827 E Dialog : show dialog view=DecorView@a4323cf[RegisterPhone]
04-06 15:57:37.420 20827 20827 E Dialog : show dialog view=DecorView@b004cc1[RegisterPhone] --------- beginning of main
04-06 15:59:37.668 22532 22532 E com.mbwhatsapp: Not starting debugger since process cannot load the jdwp agent.
04-06 15:59:37.691 22532 22549 E libc : Access denied finding property "vendor.MB.running"
04-06 15:59:37.705 22532 22532 W com.mbwhatsapp: OatFileAssistant::Lock: Failed to open file '/system/framework/org.apache.http.legacy.jar.arm64.flock': Read-only file system
04-06 15:59:37.718 22532 22532 W com.mbwhatsapp: OatFileAssistant::Lock: Failed to open file '/data/app/~~-k84dmHXhbN-9wCffgHlEw==/com.mbwhatsapp- hPlzhJdVjmPI7bE75BH7iQ==/base.apk.arm64.flock': Permission denied
04-06 15:59:38.090 22532 22532 W System.err: java.lang.ClassNotFoundException: mbmodsd.mbmodsw.ui.views.btn.BtnBK
04-06 15:59:38.090 22532 22532 W System.err: at java.lang.Runtime.nativeLoad(Native Method)
04-06 15:59:38.091 22532 22532 W System.err: at java.lang.Runtime.nativeLoad(Runtime.java:1131)
04-06 15:59:38.091 22532 22532 W System.err: at java.lang.Runtime.loadLibrary0(Runtime.java:1085)
04-06 15:59:38.091 22532 22532 W System.err: at java.lang.Runtime.loadLibrary0(Runtime.java:1008)
04-06 15:59:38.091 22532 22532 W System.err: at java.lang.System.loadLibrary(System.java:1664)
04-06 15:59:38.091 22532 22532 W System.err: at arm.EpicVm.<clinit>(Unknown Source:2)
04-06 15:59:38.091 22532 22532 W System.err: at java.lang.Class.newInstance(Native Method)
04-06 15:59:38.091 22532 22532 W System.err: at android.app.AppComponentFactory.instantiateApplication(AppComponentFactory.java:76)
04-06 15:59:38.091 22532 22532 W System.err: at androidx.core.app.CoreComponentFactory.instantiateApplication(Unknown Source:0)
04-06 15:59:38.091 22532 22532 W System.err: at android.app.Instrumentation.newApplication(Instrumentation.java:1162)
04-06 15:59:38.091 22532 22532 W System.err: at android.app.LoadedApk.makeApplication(LoadedApk.java:1268)
04-06 15:59:38.091 22532 22532 W System.err: at android.app.ActivityThread.handleBindApplication(ActivityThread.java:7223)
04-06 15:59:38.091 22532 22532 W System.err: at android.app.ActivityThread.access$1600(ActivityThread.java:291)
04-06 15:59:38.091 22532 22532 W System.err: at android.app.ActivityThread$H.handleMessage(ActivityThread.java:2105)
04-06 15:59:38.091 22532 22532 W System.err: at android.os.Handler.dispatchMessage(Handler.java:106)
04-06 15:59:38.091 22532 22532 W System.err: at android.os.Looper.loop(Looper.java:257)
04-06 15:59:38.091 22532 22532 W System.err: at android.app.ActivityThread.main(ActivityThread.java:8349)
04-06 15:59:38.091 22532 22532 W System.err: at java.lang.reflect.Method.invoke(Native Method)
04-06 15:59:38.091 22532 22532 W System.err: at com.android.internal.os.RuntimeInit$MethodAndArgsCaller.run(RuntimeInit.java:603)
04-06 15:59:38.091 22532 22532 W System.err: at com.android.internal.os.ZygoteInit.main(ZygoteInit.java:947)
04-06 15:59:38.226 22532 22532 W CheckTime: App running slow: Executing handleBindApplication : makeApplication took 369ms
04-06 15:59:38.235 22532 22532 E CustomActivityOnCrash: IMPORTANT WARNING! You already have an UncaughtExceptionHandler, are you sure this is correct? If you use a custom UncaughtExceptionHandler, you must initialize it AFTER CustomActivityOnCrash! Installing anyway, but your original handler will not be called.
04-06 15:59:38.803 22532 22532 W com.mbwhatsapp: Accessing hidden method Lcom/android/org/conscrypt/OpenSSLSocketImpl;->setUseSessionTickets(Z)V (greylist- max-q,test-api, reflection, denied)
04-06 15:59:38.803 22532 22532 W com.mbwhatsapp: Accessing hidden method Lcom/android/org/conscrypt/AbstractConscryptSocket;->setUseSessionTickets(Z)V (greylist-max-q, reflection, denied)
04-06 15:59:38.903 22532 22532 W linker : Warning: "/data/data/com.mbwhatsapp/files/decompressed/libs.spk.zst/libc++_shared.so" unused DT entry: unknown processor-specific (type 0x70000001 arg 0x0) (ignoring)
04-06 15:59:38.899 22532 22532 W com.mbwhatsapp: type=1400 audit(0.0:382634): avc: granted { execute } for path="/data/data/com.mbwhatsapp/files/decompressed/libs.spk.zst/libc++_shared.so" dev="dm-11" ino=232386 scontext=u:r:untrusted_app:s0:c63,c257,c512,c768 tcontext=u:object_r:app_data_file:s0:c63,c257,c512,c768 tclass=file app=com.mbwhatsapp
04-06 15:59:38.915 22532 22532 W com.mbwhatsapp: type=1400 audit(0.0:382635): avc: granted { execute } for path="/data/data/com.mbwhatsapp/files/decompressed/libs.spk.zst/libvlc.so" dev="dm- 11" ino=114964 scontext=u:r:untrusted_app:s0:c63,c257,c512,c768 tcontext=u:object_r:app_data_file:s0:c63,c257,c512,c768 tclass=file app=com.mbwhatsapp
04-06 15:59:38.927 22532 22532 W com.mbwhatsapp: type=1400 audit(0.0:382636): avc: granted { execute } for path="/data/data/com.mbwhatsapp/files/decompressed/libs.spk.zst/libwhatsapp.so" dev="dm-11" ino=297356 scontext=u:r:untrusted_app:s0:c63,c257,c512,c768 tcontext=u:object_r:app_data_file:s0:c63,c257,c512,c768 tclass=file app=com.mbwhatsapp
04-06 15:59:39.039 22532 22532 W com.mbwhatsapp: type=1400 audit(0.0:382638): avc: granted { execute } for path="/data/data/com.mbwhatsapp/files/decompressed/libs.spk.zst/libwhatsapp.so" dev="dm-11" ino=297356 scontext=u:r:untrusted_app:s0:c63,c257,c512,c768 tcontext=u:object_r:app_data_file:s0:c63,c257,c512,c768 tclass=file app=com.mbwhatsapp
04-06 15:59:39.039 22532 22532 W com.mbwhatsapp: type=1400 audit(0.0:382640): avc: granted { execute } for path="/data/data/com.mbwhatsapp/files/decompressed/libs.spk.zst/libwhatsapp.so" dev="dm-11" ino=297356 scontext=u:r:untrusted_app:s0:c63,c257,c512,c768 tcontext=u:object_r:app_data_file:s0:c63,c257,c512,c768 tclass=file app=com.mbwhatsapp
04-06 15:59:39.277 22532 22532 W CheckTime: App running slow: Executing handleBindApplication : callApplicationOnCreate took 968ms
04-06 15:59:39.294 22532 22623 W com.mbwhatsapp: Class X.2rL failed lock verification and will run slower.
04-06 15:59:39.294 22532 22623 W com.mbwhatsapp: Common causes for lock verification issues are non-optimized dex code
04-06 15:59:39.294 22532 22623 W com.mbwhatsapp: and incorrect proguard optimizations.
04-06 15:59:39.325 22532 22532 W com.mbwhatsapp: Class X.0eU failed lock verification and will run slower. --------- beginning of system
04-06 15:59:40.414 22532 22532 E OpenGLRenderer: ~SkiaDisplayList() ##### pid = 22532
04-06 15:59:41.771 22532 22532 W com.mbwhatsapp: type=1400 audit(0.0:382659): avc: denied { read } for name="osrelease" dev="proc" ino=7809200 scontext=u:r:untrusted_app:s0:c63,c257,c512,c768 tcontext=u:object_r:proc:s0 tclass=file permissive=0 app=com.mbwhatsapp
04-06 15:59:47.809 22532 22532 E Dialog : show dialog view=DecorView@dab7405[RegisterPhone]
04-06 15:59:49.007 22532 22806 E PlayCore: UID: [10319] PID: [22532] StandardIntegrity : Phonesky is not installed.
04-06 15:59:49.036 22532 22781 W com.mbwhatsapp: OatFileAssistant::Lock: Failed to open file '/apex/com.android.extservices/javalib/android.ext.adservices.jar.arm64.flock': Read-only file system
04-06 15:59:49.037 22532 22781 W com.mbwhatsapp: make actual context GetClassPathString:
04-06 15:59:49.037 22532 22781 W com.mbwhatsapp: MakeUpToDate error_msg2:Generation of oat file /data/dalvik-cache/arm64/[email protected]@[email protected] [email protected] not attempted because the vdex file /data/dalvik-cache/arm64/[email protected]@[email protected] [email protected] could not be opened.
04-06 15:59:49.053 22532 22781 W com.mbwhatsapp: OatFileAssistant::Lock: Failed to open file '/system/framework/com.android.media.remotedisplay.jar.arm64.flock': Read-only file system
04-06 15:59:49.060 22532 22781 W com.mbwhatsapp: OatFileAssistant::Lock: Failed to open file '/system/framework/com.android.location.provider.jar.arm64.flock': Read- only file system
04-06 15:59:49.067 22532 22781 W com.mbwhatsapp: OatFileAssistant::Lock: Failed to open file '/data/app/~~VODmbiXYVy0LFv8rOeSAmw==/com.google.android.gms- D7HUCaqe_Hdoua6sY_9sLA==/base.apk.arm64.flock': Permission denied
04-06 15:59:50.685 22532 22532 E Dialog : show dialog view=DecorView@edd8c3c[RegisterPhone]
04-06 15:59:53.926 22532 22532 E Dialog : show dialog view=DecorView@9a66b42[VerifyPhoneNumber]
04-06 15:59:57.994 22532 22532 W IInputConnectionWrapper: requestCursorAnchorInfo on inactive InputConnection
04-06 16:00:30.404 22532 22532 E Dialog : show dialog view=DecorView@51bc1f0[VerifyPhoneNumber]
04-06 16:00:32.155 22532 22532 W IInputConnectionWrapper: requestCursorAnchorInfo on inactive InputConnection
04-06 16:00:35.985 22532 22532 E Dialog : show dialog view=DecorView@26abbab[VerifyTwoFactorAuth]
04-06 16:00:36.021 22532 22532 W ViewRootImpl[VerifyTwoFactorAuth]: Cancelling event due to no window focus: KeyEvent { action=ACTION_UP, keyCode=KEYCODE_8, scanCode=0, metaState=0, flags=0x26, repeatCount=0, eventTime=63796375, downTime=63796375, deviceId=-1, source=0x101, displayId=-1 }
04-06 16:00:36.023 22532 22532 W ViewRootImpl[VerifyTwoFactorAuth]: Cancelling event due to no window focus: KeyEvent { action=ACTION_UP, keyCode=KEYCODE_8, scanCode=0, metaState=0, flags=0x26, repeatCount=0, eventTime=63796375, downTime=63796375, deviceId=-1, source=0x101, displayId=-1 }
04-06 16:00:37.587 22532 22532 E Dialog : show dialog view=DecorView@d5cd2fe[VerifyTwoFactorAuth]
04-06 16:00:40.736 22532 22532 E Dialog : show dialog view=DecorView@75a6ecd[CaptivePortalActivity]
04-06 16:00:49.037 22532 22532 E Dialog : show dialog view=DecorView@27d65f9[RegisterName]
04-06 16:00:49.363 22532 22532 W IInputConnectionWrapper: requestCursorAnchorInfo on inactive InputConnection
04-06 16:00:49.482 22532 22532 W IInputConnectionWrapper: getTextAfterCursor on inactive InputConnection
04-06 16:00:49.485 22532 22532 W IInputConnectionWrapper: getSelectedText on inactive InputConnection
04-06 16:00:49.754 22532 22532 W IInputConnectionWrapper: requestCursorAnchorInfo on inactive InputConnection
04-06 16:00:49.758 22532 22532 W IInputConnectionWrapper: requestCursorAnchorInfo on inactive InputConnection
04-06 16:00:49.912 22532 22532 W IInputConnectionWrapper: getTextBeforeCursor on inactive InputConnection
04-06 16:00:49.947 22532 22532 W IInputConnectionWrapper: getTextAfterCursor on inactive InputConnection
04-06 16:00:49.949 22532 22532 W IInputConnectionWrapper: getSelectedText on inactive InputConnection
04-06 16:00:49.953 22532 22532 W IInputConnectionWrapper: getTextBeforeCursor on inactive InputConnection
04-06 16:00:49.959 22532 22532 W IInputConnectionWrapper: getTextBeforeCursor on inactive InputConnection
04-06 16:00:49.996 22532 22532 W IInputConnectionWrapper: requestCursorAnchorInfo on inactive InputConnection
04-06 16:00:54.413 22532 22532 E Dialog : show dialog view=DecorView@7991ede[RestoreFromBackupActivity]
04-06 16:00:57.845 22532 22532 E Dialog : show dialog view=DecorView@bf71cf9[RestoreFromBackupActivity]
04-06 16:01:02.739 22532 22532 E Dialog : show dialog view=DecorView@2116b77[RestoreFromBackupActivity] --------- beginning of main
04-06 16:03:07.582 23608 23608 E com.mbwhatsapp: Not starting debugger since process cannot load the jdwp agent.
04-06 16:03:07.604 23608 23625 E libc : Access denied finding property "vendor.MB.running"
04-06 16:03:07.616 23608 23608 W com.mbwhatsapp: OatFileAssistant::Lock: Failed to open file '/system/framework/org.apache.http.legacy.jar.arm64.flock': Read-only file system
04-06 16:03:07.623 23608 23608 W com.mbwhatsapp: OatFileAssistant::Lock: Failed to open file '/data/app/~~-k84dmHXhbN-9wCffgHlEw==/com.mbwhatsapp- hPlzhJdVjmPI7bE75BH7iQ==/base.apk.arm64.flock': Permission denied
04-06 16:03:07.730 23608 23608 W System.err: java.lang.ClassNotFoundException: mbmodsd.mbmodsw.ui.views.btn.BtnBK
04-06 16:03:07.731 23608 23608 W System.err: at java.lang.Runtime.nativeLoad(Native Method)
04-06 16:03:07.731 23608 23608 W System.err: at java.lang.Runtime.nativeLoad(Runtime.java:1131)
04-06 16:03:07.731 23608 23608 W System.err: at java.lang.Runtime.loadLibrary0(Runtime.java:1085)
04-06 16:03:07.731 23608 23608 W System.err: at java.lang.Runtime.loadLibrary0(Runtime.java:1008)
04-06 16:03:07.731 23608 23608 W System.err: at java.lang.System.loadLibrary(System.java:1664)
04-06 16:03:07.731 23608 23608 W System.err: at arm.EpicVm.<clinit>(Unknown Source:2)
04-06 16:03:07.731 23608 23608 W System.err: at java.lang.Class.newInstance(Native Method)
04-06 16:03:07.731 23608 23608 W System.err: at android.app.AppComponentFactory.instantiateApplication(AppComponentFactory.java:76)
04-06 16:03:07.731 23608 23608 W System.err: at androidx.core.app.CoreComponentFactory.instantiateApplication(Unknown Source:0)
04-06 16:03:07.731 23608 23608 W System.err: at android.app.Instrumentation.newApplication(Instrumentation.java:1162)
04-06 16:03:07.731 23608 23608 W System.err: at android.app.LoadedApk.makeApplication(LoadedApk.java:1268)
04-06 16:03:07.731 23608 23608 W System.err: at android.app.ActivityThread.handleBindApplication(ActivityThread.java:7223)
04-06 16:03:07.731 23608 23608 W System.err: at android.app.ActivityThread.access$1600(ActivityThread.java:291)
04-06 16:03:07.731 23608 23608 W System.err: at android.app.ActivityThread$H.handleMessage(ActivityThread.java:2105)
04-06 16:03:07.731 23608 23608 W System.err: at android.os.Handler.dispatchMessage(Handler.java:106)
04-06 16:03:07.731 23608 23608 W System.err: at android.os.Looper.loop(Looper.java:257)
04-06 16:03:07.731 23608 23608 W System.err: at android.app.ActivityThread.main(ActivityThread.java:8349)
04-06 16:03:07.731 23608 23608 W System.err: at java.lang.reflect.Method.invoke(Native Method)
04-06 16:03:07.731 23608 23608 W System.err: at com.android.internal.os.RuntimeInit$MethodAndArgsCaller.run(RuntimeInit.java:603)
04-06 16:03:07.731 23608 23608 W System.err: at com.android.internal.os.ZygoteInit.main(ZygoteInit.java:947)
04-06 16:03:07.824 23608 23608 E CustomActivityOnCrash: IMPORTANT WARNING! You already have an UncaughtExceptionHandler, are you sure this is correct? If you use a custom UncaughtExceptionHandler, you must initialize it AFTER CustomActivityOnCrash! Installing anyway, but your original handler will not be called.
04-06 16:03:08.195 23608 23608 W com.mbwhatsapp: Accessing hidden method Lcom/android/org/conscrypt/OpenSSLSocketImpl;->setUseSessionTickets(Z)V (greylist- max-q,test-api, reflection, denied)
04-06 16:03:08.195 23608 23608 W com.mbwhatsapp: Accessing hidden method Lcom/android/org/conscrypt/AbstractConscryptSocket;->setUseSessionTickets(Z)V (greylist-max-q, reflection, denied)
04-06 16:03:08.283 23608 23608 W linker : Warning: "/data/data/com.mbwhatsapp/files/decompressed/libs.spk.zst/libc++_shared.so" unused DT entry: unknown processor-specific (type 0x70000001 arg 0x0) (ignoring)
04-06 16:03:08.279 23608 23608 W com.mbwhatsapp: type=1400 audit(0.0:382925): avc: granted { execute } for path="/data/data/com.mbwhatsapp/files/decompressed/libs.spk.zst/libc++_shared.so" dev="dm-11" ino=232386 scontext=u:r:untrusted_app:s0:c63,c257,c512,c768 tcontext=u:object_r:app_data_file:s0:c63,c257,c512,c768 tclass=file app=com.mbwhatsapp
04-06 16:03:08.283 23608 23608 W com.mbwhatsapp: type=1400 audit(0.0:382926): avc: granted { execute } for path="/data/data/com.mbwhatsapp/files/decompressed/libs.spk.zst/libvlc.so" dev="dm- 11" ino=114964 scontext=u:r:untrusted_app:s0:c63,c257,c512,c768 tcontext=u:object_r:app_data_file:s0:c63,c257,c512,c768 tclass=file app=com.mbwhatsapp
04-06 16:03:08.299 23608 23608 W com.mbwhatsapp: type=1400 audit(0.0:382927): avc: granted { execute } for path="/data/data/com.mbwhatsapp/files/decompressed/libs.spk.zst/libwhatsapp.so" dev="dm-11" ino=297356 scontext=u:r:untrusted_app:s0:c63,c257,c512,c768 tcontext=u:object_r:app_data_file:s0:c63,c257,c512,c768 tclass=file app=com.mbwhatsapp
04-06 16:03:08.343 23608 23608 W com.mbwhatsapp: type=1400 audit(0.0:382928): avc: granted { execute } for path="/data/data/com.mbwhatsapp/files/decompressed/libs.spk.zst/libcurve25519.so" dev="dm-11" ino=276718 scontext=u:r:untrusted_app:s0:c63,c257,c512,c768 tcontext=u:object_r:app_data_file:s0:c63,c257,c512,c768 tclass=file app=com.mbwhatsapp
04-06 16:03:08.351 23608 23608 W com.mbwhatsapp: type=1400 audit(0.0:382929): avc: granted { execute } for path="/data/data/com.mbwhatsapp/files/decompressed/libs.spk.zst/libwhatsapp.so" dev="dm-11" ino=297356 scontext=u:r:untrusted_app:s0:c63,c257,c512,c768 tcontext=u:object_r:app_data_file:s0:c63,c257,c512,c768 tclass=file app=com.mbwhatsapp
04-06 16:03:08.517 23608 23608 W CheckTime: App running slow: Executing handleBindApplication : callApplicationOnCreate took 647ms
04-06 16:03:08.521 23608 23656 W com.mbwhatsapp: Class X.2rL failed lock verification and will run slower.
04-06 16:03:08.521 23608 23656 W com.mbwhatsapp: Common causes for lock verification issues are non-optimized dex code
04-06 16:03:08.521 23608 23656 W com.mbwhatsapp: and incorrect proguard optimizations.
04-06 16:03:08.552 23608 23608 W com.mbwhatsapp: Class X.0eU failed lock verification and will run slower.
04-06 16:03:09.178 23608 23608 E Dialog : show dialog view=DecorView@359d495[RegisterName] --------- beginning of system
04-06 16:03:09.334 23608 23608 E OpenGLRenderer: ~SkiaDisplayList() ##### pid = 23608
04-06 16:03:09.706 23608 23622 W System : A resource failed to call release.
04-06 16:03:09.706 23608 23622 W System : A resource failed to call release.
04-06 16:03:15.098 23608 23608 E Dialog : show dialog view=DecorView@fd60e01[RestoreFromBackupActivity]
04-06 16:03:23.073 23608 23608 E Dialog : show dialog view=DecorView@74ea0e1[RestoreFromBackupActivity]
04-06 16:03:24.888 23608 23608 E Dialog : show dialog view=DecorView@455f3ec[RestoreFromBackupActivity] --------- beginning of main
04-06 16:04:30.612 24105 24105 E com.mbwhatsapp: Not starting debugger since process cannot load the jdwp agent.
04-06 16:04:30.636 24105 24122 E libc : Access denied finding property "vendor.MB.running"
04-06 16:04:30.651 24105 24105 W com.mbwhatsapp: OatFileAssistant::Lock: Failed to open file '/system/framework/org.apache.http.legacy.jar.arm64.flock': Read-only file system
04-06 16:04:30.659 24105 24105 W com.mbwhatsapp: OatFileAssistant::Lock: Failed to open file '/data/app/~~-k84dmHXhbN-9wCffgHlEw==/com.mbwhatsapp- hPlzhJdVjmPI7bE75BH7iQ==/base.apk.arm64.flock': Permission denied
04-06 16:04:30.747 24105 24105 W System.err: java.lang.ClassNotFoundException: mbmodsd.mbmodsw.ui.views.btn.BtnBK
04-06 16:04:30.748 24105 24105 W System.err: at java.lang.Runtime.nativeLoad(Native Method)
04-06 16:04:30.748 24105 24105 W System.err: at java.lang.Runtime.nativeLoad(Runtime.java:1131)
04-06 16:04:30.748 24105 24105 W System.err: at java.lang.Runtime.loadLibrary0(Runtime.java:1085)
04-06 16:04:30.748 24105 24105 W System.err: at java.lang.Runtime.loadLibrary0(Runtime.java:1008)
04-06 16:04:30.748 24105 24105 W System.err: at java.lang.System.loadLibrary(System.java:1664)
04-06 16:04:30.748 24105 24105 W System.err: at arm.EpicVm.<clinit>(Unknown Source:2)
04-06 16:04:30.748 24105 24105 W System.err: at java.lang.Class.newInstance(Native Method)
04-06 16:04:30.748 24105 24105 W System.err: at android.app.AppComponentFactory.instantiateApplication(AppComponentFactory.java:76)
04-06 16:04:30.748 24105 24105 W System.err: at androidx.core.app.CoreComponentFactory.instantiateApplication(Unknown Source:0)
04-06 16:04:30.748 24105 24105 W System.err: at android.app.Instrumentation.newApplication(Instrumentation.java:1162)
04-06 16:04:30.748 24105 24105 W System.err: at android.app.LoadedApk.makeApplication(LoadedApk.java:1268)
04-06 16:04:30.748 24105 24105 W System.err: at android.app.ActivityThread.handleBindApplication(ActivityThread.java:7223)
04-06 16:04:30.748 24105 24105 W System.err: at android.app.ActivityThread.access$1600(ActivityThread.java:291)
04-06 16:04:30.748 24105 24105 W System.err: at android.app.ActivityThread$H.handleMessage(ActivityThread.java:2105)
04-06 16:04:30.748 24105 24105 W System.err: at android.os.Handler.dispatchMessage(Handler.java:106)
04-06 16:04:30.748 24105 24105 W System.err: at android.os.Looper.loop(Looper.java:257)
04-06 16:04:30.748 24105 24105 W System.err: at android.app.ActivityThread.main(ActivityThread.java:8349)
04-06 16:04:30.748 24105 24105 W System.err: at java.lang.reflect.Method.invoke(Native Method)
04-06 16:04:30.748 24105 24105 W System.err: at com.android.internal.os.RuntimeInit$MethodAndArgsCaller.run(RuntimeInit.java:603)
04-06 16:04:30.748 24105 24105 W System.err: at com.android.internal.os.ZygoteInit.main(ZygoteInit.java:947)
04-06 16:04:30.836 24105 24105 E CustomActivityOnCrash: IMPORTANT WARNING! You already have an UncaughtExceptionHandler, are you sure this is correct? If you use a custom UncaughtExceptionHandler, you must initialize it AFTER CustomActivityOnCrash! Installing anyway, but your original handler will not be called.
04-06 16:04:31.110 24105 24105 W com.mbwhatsapp: Accessing hidden method Lcom/android/org/conscrypt/OpenSSLSocketImpl;->setUseSessionTickets(Z)V (greylist- max-q,test-api, reflection, denied)
04-06 16:04:31.110 24105 24105 W com.mbwhatsapp: Accessing hidden method Lcom/android/org/conscrypt/AbstractConscryptSocket;->setUseSessionTickets(Z)V (greylist-max-q, reflection, denied)
04-06 16:04:31.169 24105 24105 W linker : Warning: "/data/data/com.mbwhatsapp/files/decompressed/libs.spk.zst/libc++_shared.so" unused DT entry: unknown processor-specific (type 0x70000001 arg 0x0) (ignoring)
04-06 16:04:31.167 24105 24105 W com.mbwhatsapp: type=1400 audit(0.0:383053): avc: granted { execute } for path="/data/data/com.mbwhatsapp/files/decompressed/libs.spk.zst/libc++_shared.so" dev="dm-11" ino=232386 scontext=u:r:untrusted_app:s0:c63,c257,c512,c768 tcontext=u:object_r:app_data_file:s0:c63,c257,c512,c768 tclass=file app=com.mbwhatsapp
04-06 16:04:31.167 24105 24105 W com.mbwhatsapp: type=1400 audit(0.0:383054): avc: granted { execute } for path="/data/data/com.mbwhatsapp/files/decompressed/libs.spk.zst/libvlc.so" dev="dm- 11" ino=114964 scontext=u:r:untrusted_app:s0:c63,c257,c512,c768 tcontext=u:object_r:app_data_file:s0:c63,c257,c512,c768 tclass=file app=com.mbwhatsapp
04-06 16:04:31.179 24105 24105 W com.mbwhatsapp: type=1400 audit(0.0:383055): avc: granted { execute } for path="/data/data/com.mbwhatsapp/files/decompressed/libs.spk.zst/libwhatsapp.so" dev="dm-11" ino=297356 scontext=u:r:untrusted_app:s0:c63,c257,c512,c768 tcontext=u:object_r:app_data_file:s0:c63,c257,c512,c768 tclass=file app=com.mbwhatsapp
04-06 16:04:31.203 24105 24105 W com.mbwhatsapp: type=1400 audit(0.0:383056): avc: granted { execute } for path="/data/data/com.mbwhatsapp/files/decompressed/libs.spk.zst/libcurve25519.so" dev="dm-11" ino=276718 scontext=u:r:untrusted_app:s0:c63,c257,c512,c768 tcontext=u:object_r:app_data_file:s0:c63,c257,c512,c768 tclass=file app=com.mbwhatsapp
04-06 16:04:31.211 24105 24105 W com.mbwhatsapp: type=1400 audit(0.0:383057): avc: granted { execute } for path="/data/data/com.mbwhatsapp/files/decompressed/libs.spk.zst/libwhatsapp.so" dev="dm-11" ino=297356 scontext=u:r:untrusted_app:s0:c63,c257,c512,c768 tcontext=u:object_r:app_data_file:s0:c63,c257,c512,c768 tclass=file app=com.mbwhatsapp
04-06 16:04:31.356 24105 24105 W CheckTime: App running slow: Executing handleBindApplication : callApplicationOnCreate took 480ms
04-06 16:04:31.364 24105 24155 W com.mbwhatsapp: Class X.2rL failed lock verification and will run slower.
04-06 16:04:31.364 24105 24155 W com.mbwhatsapp: Common causes for lock verification issues are non-optimized dex code
04-06 16:04:31.364 24105 24155 W com.mbwhatsapp: and incorrect proguard optimizations.
04-06 16:04:31.391 24105 24105 W com.mbwhatsapp: Class X.0eU failed lock verification and will run slower.
04-06 16:04:31.992 24105 24105 E Dialog : show dialog view=DecorView@aba4c4c[RegisterName] --------- beginning of system
04-06 16:04:32.154 24105 24105 E OpenGLRenderer: ~SkiaDisplayList() ##### pid = 24105
04-06 16:04:32.769 24105 24119 W System : A resource failed to call release.
04-06 16:04:32.769 24105 24119 W System : A resource failed to call release.
04-06 16:04:45.125 24105 24105 E Dialog : show dialog view=DecorView@bc2ac6e[RestoreFromBackupActivity]
04-06 16:05:02.197 24105 24105 E Dialog : show dialog view=DecorView@8e006da[RegisterName]
04-06 16:05:02.391 24105 24105 W IInputConnectionWrapper: requestCursorAnchorInfo on inactive InputConnection
04-06 16:05:18.466 24105 24119 W System : A resource failed to call end.
04-06 16:05:34.227 24105 24105 E Dialog : show dialog view=DecorView@f41e8f3[CaptivePortalActivity]
04-06 16:05:39.514 24105 24105 W Choreographer: Frame time is 0.029522 ms in the future! Check that graphics HAL is generating vsync timestamps using the correct timebase.
04-06 16:05:44.893 24105 24105 W com.mbwhatsapp: Class com.mbwhatsapp.HomeActivity failed lock verification and will run slower.
04-06 16:05:45.539 24105 24105 W com.mbwhatsapp: type=1400 audit(0.0:383339): avc: denied { read } for comm=4D42576861747341707020576F726B name="osrelease" dev="proc" ino=7890312 scontext=u:r:untrusted_app:s0:c63,c257,c512,c768 tcontext=u:object_r:proc:s0 tclass=file permissive=0 app=com.mbwhatsapp
04-06 16:05:45.970 24105 24105 E ArmVmp : Match on catch block at 0x0a in for 0xc1
04-06 16:05:46.202 24105 24105 E ArmVmp : Match on catch block at 0x0a in for 0x131
04-06 16:05:46.848 24105 24105 W CheckTime: App running slow: Executing activity onCreate took 1938ms
04-06 16:05:46.963 24105 25893 W com.mbwhatsapp: Accessing hidden method Lcom/android/org/conscrypt/ConscryptEngineSocket;->setUseSessionTickets(Z)V (greylist-max-q,test-api, reflection, denied)
04-06 16:05:46.963 24105 25893 W com.mbwhatsapp: Accessing hidden method Lcom/android/org/conscrypt/OpenSSLSocketImpl;->setUseSessionTickets(Z)V (greylist- max-q,test-api, reflection, denied)
04-06 16:05:46.963 24105 25893 W com.mbwhatsapp: Accessing hidden method Lcom/android/org/conscrypt/AbstractConscryptSocket;->setUseSessionTickets(Z)V (greylist-max-q, reflection, denied)
04-06 16:05:46.964 24105 25893 W com.mbwhatsapp: Accessing hidden method Lcom/android/org/conscrypt/ConscryptEngineSocket;->setHostname(Ljava/lang/String;)V (greylist-max-q,test-api, reflection, denied)
04-06 16:05:46.964 24105 25893 W com.mbwhatsapp: Accessing hidden method Lcom/android/org/conscrypt/OpenSSLSocketImpl;->setHostname(Ljava/lang/String;)V (greylist-max-q,test-api, reflection, denied)
04-06 16:05:46.964 24105 25893 W com.mbwhatsapp: Accessing hidden method Lcom/android/org/conscrypt/AbstractConscryptSocket;->setHostname(Ljava/lang/ String;)V (greylist-max-q, reflection, denied)
04-06 16:05:46.965 24105 25893 W com.mbwhatsapp: Accessing hidden method Lcom/android/org/conscrypt/OpenSSLSocketImpl;->setAlpnProtocols([B)V (greylist-max- q,test-api, reflection, denied)
04-06 16:05:46.965 24105 25893 W com.mbwhatsapp: Accessing hidden method Lcom/android/org/conscrypt/AbstractConscryptSocket;->setAlpnProtocols([B)V (greylist-max-q, reflection, denied)
04-06 16:05:46.985 24105 24105 E Dialog : show dialog view=DecorView@6c3e4c6[HomeActivity]
04-06 16:05:47.086 24105 24105 W CheckTime: App running slow: Executing com.mbwhatsapp.yo.WidgetProvider scheduleReceive took 1231ms
04-06 16:05:47.086 24105 24105 W ActivityThread: Main thread can not be idle for a long time.
04-06 16:05:47.524 24105 24105 E ArmVmp : Match on catch block at 0x0a in for 0xd9
04-06 16:05:47.887 24105 25893 W com.mbwhatsapp: Accessing hidden method Lcom/android/org/conscrypt/OpenSSLSocketImpl;->getAlpnSelectedProtocol()[B (greylist-max-q,test-api, reflection, denied)
04-06 16:05:47.936 24105 25893 W com.mbwhatsapp: Accessing hidden method Lcom/android/org/conscrypt/AbstractConscryptSocket;->getAlpnSelectedProtocol()[B (greylist-max-q, reflection, denied)
04-06 16:05:50.663 24105 24105 E RecyclerView: No adapter attached; skipping layout
04-06 16:05:50.899 24105 25794 W MediaCodec-JNI: try to release MediaCodec from JMediaCodec::~JMediaCodec()...
04-06 16:05:50.900 24105 25794 W MediaCodec-JNI: done releasing MediaCodec from JMediaCodec::~JMediaCodec().
04-06 16:05:50.927 24105 25794 W MediaCodec-JNI: try to release MediaCodec from JMediaCodec::~JMediaCodec()...
04-06 16:05:50.929 24105 25794 W MediaCodec-JNI: done releasing MediaCodec from JMediaCodec::~JMediaCodec().
04-06 16:05:51.261 24105 24105 E RecyclerView: No adapter attached; skipping layout
04-06 16:05:51.456 24105 24105 E Dialog : show dialog view=DecorView@a20c4f5[HomeActivity]
04-06 16:05:51.757 24105 25964 W LOTTIE : Animation contains merge paths. Merge paths are only supported on KitKat+ and must be manually enabled by calling enableMergePathsForKitKatAndAbove().
04-06 16:05:51.785 24105 25794 W AudioCapabilities: Unsupported mime audio/mpeg-L1
04-06 16:05:51.825 24105 25794 W AudioCapabilities: Unsupported mime audio/mpeg-L2
04-06 16:05:51.873 24105 25794 W VideoCapabilities: Unrecognized profile/level 32768/2 for video/mp4v-es
04-06 16:05:51.874 24105 25794 W VideoCapabilities: Unrecognized profile/level 32768/64 for video/mp4v-es
04-06 16:05:52.574 24105 24105 W LOTTIE : Animation contains merge paths but they are disabled.
04-06 16:06:00.548 24105 24119 W System : A resource failed to call release.
04-06 16:06:04.646 24105 24152 E SQLiteDatabase: Error inserting transferred=1 media_job_uuid=40c28f80-40be-49f2-bc63-272236d32cc6 transcoded=0 gif_attribution=0 first_scan_length=5391 direct_path=/o1/v/t62.7118-24/f1/m232/up-oil-image-66a3f5f5- 95f8-40ba-8870-bc5187454852?ccb=9-4&oh=01_ASCq8rXFT4HF002NFnmEFDjRwLv2DkCeMee_dsx- wUrfog&oe=6638F515&_nc_sid=000000 thumbnail_height_width_ratio=0.7395833 is_animated_sticker=0 file_hash=qWLlvPMuluFIX7wcaZgnLJ2/zZ0E+xv2VBegijXoHNA= file_path=Media/.Statuses/2cce4644b473428eb5dbedc19107f362.jpg file_size=45869 partial_media_hash=uyg92VLsuai0aMO3Fjvc62mo8VjuDOdK8HJJhaOecjI= face_x=0 face_y=0 height=780 trim_to=0 media_key_timestamp=1712418116000 message_url=https://mmg.whatsapp.net/o1/v/t62.7118-24/f1/m232/up-oil-image- 66a3f5f5-95f8-40ba-8870-bc5187454852?ccb=9- 4&oh=01_ASCq8rXFT4HF002NFnmEFDjRwLv2DkCeMee_dsx- wUrfog&oe=6638F515&_nc_sid=000000&mms3=true media_caption=null trim_from=0 mime_type=image/jpeg partial_media_enc_hash=null width=1052 original_file_hash=null has_streaming_sidecar=1 autotransfer_retry_enabled=1 media_upload_handle=null message_row_id=133 multicast_id=null enc_file_hash=v8WqBir/j0RSge/xCY1EM9bh4c257gAVh3HMi4Sn0Co= mute_video=0 page_count=0 first_scan_sidecar=[B@8917165 suspicious_content=0 file_length=45869 media_name=null media_duration=0 chat_row_id=55 media_key=[B@f983e3a
04-06 16:06:04.646 24105 24152 E SQLiteDatabase: android.database.sqlite.SQLiteConstraintException: UNIQUE constraint failed: message_media.message_row_id (code 1555 SQLITE_CONSTRAINT_PRIMARYKEY)
04-06 16:06:04.646 24105 24152 E SQLiteDatabase: at android.database.sqlite.SQLiteConnection.nativeExecuteForLastInsertedRowId(Native Method)
04-06 16:06:04.646 24105 24152 E SQLiteDatabase: at android.database.sqlite.SQLiteConnection.executeForLastInsertedRowId(SQLiteConnecti on.java:967)
04-06 16:06:04.646 24105 24152 E SQLiteDatabase: at android.database.sqlite.SQLiteSession.executeForLastInsertedRowId(SQLiteSession.jav a:790)
04-06 16:06:04.646 24105 24152 E SQLiteDatabase: at android.database.sqlite.SQLiteStatement.executeInsert(SQLiteStatement.java:88)
04-06 16:06:04.646 24105 24152 E SQLiteDatabase: at android.database.sqlite.SQLiteDatabase.insertWithOnConflict(SQLiteDatabase.java:170 6)
04-06 16:06:04.646 24105 24152 E SQLiteDatabase: at android.database.sqlite.SQLiteDatabase.insert(SQLiteDatabase.java:1575)
04-06 16:06:04.646 24105 24152 E SQLiteDatabase: at X.2tm.A08(Unknown Source:6)
04-06 16:06:04.646 24105 24152 E SQLiteDatabase: at X.35Y.A07(Unknown Source:212)
04-06 16:06:04.646 24105 24152 E SQLiteDatabase: at X.3QF.A14(Unknown Source:470)
04-06 16:06:04.646 24105 24152 E SQLiteDatabase: at X.3gU.run(Unknown Source:982)
04-06 16:06:04.646 24105 24152 E SQLiteDatabase: at android.os.Handler.handleCallback(Handler.java:938)
04-06 16:06:04.646 24105 24152 E SQLiteDatabase: at android.os.Handler.dispatchMessage(Handler.java:99)
04-06 16:06:04.646 24105 24152 E SQLiteDatabase: at X.0zq.dispatchMessage(Unknown Source:4)
04-06 16:06:04.646 24105 24152 E SQLiteDatabase: at android.os.Looper.loop(Looper.java:257)
04-06 16:06:04.646 24105 24152 E SQLiteDatabase: at android.os.HandlerThread.run(HandlerThread.java:67)
04-06 16:06:05.618 24105 24152 E SQLiteDatabase: Error inserting transferred=0 media_job_uuid=b81c8b56-80a9-4912-80e8-511a82f0c992 transcoded=0 gif_attribution=0 first_scan_length=1588 direct_path=/o1/v/t62.7118-24/f1/m231/up-oil-image-51f8037f- 98fb-4cc3-8ee8-b99178f098b0?ccb=9- 4&oh=01_ASAu64JDIruJuz3SkXZQaDsjY5VZQI1wlfz84P9KWnxzcw&oe=6638E049&_nc_sid=000000 thumbnail_height_width_ratio=0.9166667 is_animated_sticker=0 file_hash=15Hu2s9tx00kQ9MA1QTa0ejOp9bcNkajyrS2fh6Ck4c= file_path=null file_size=0 partial_media_hash=null face_x=0 face_y=0 height=379 trim_to=0 media_key_timestamp=1712421551000 message_url=https://mmg.whatsapp.net/o1/v/t62.7118-24/f1/m231/up-oil-image- 51f8037f-98fb-4cc3-8ee8-b99178f098b0?ccb=9- 4&oh=01_ASAu64JDIruJuz3SkXZQaDsjY5VZQI1wlfz84P9KWnxzcw&oe=6638E049&_nc_sid=000000&m ms3=true media_caption=null trim_from=0 mime_type=image/jpeg partial_media_enc_hash=null width=410 original_file_hash=null has_streaming_sidecar=1 autotransfer_retry_enabled=0 media_upload_handle=null message_row_id=137 multicast_id=null enc_file_hash=phC+zQWHCfs5iqQbGUoHQDRL8P61R69R0Ato7IaN624= mute_video=0 page_count=0 first_scan_sidecar=[B@29826c6 suspicious_content=0 file_length=13106 media_name=null media_duration=0 chat_row_id=55 media_key=[B@9bd0687
04-06 16:06:05.618 24105 24152 E SQLiteDatabase: android.database.sqlite.SQLiteConstraintException: UNIQUE constraint failed: message_media.message_row_id (code 1555 SQLITE_CONSTRAINT_PRIMARYKEY)
04-06 16:06:05.618 24105 24152 E SQLiteDatabase: at android.database.sqlite.SQLiteConnection.nativeExecuteForLastInsertedRowId(Native Method)
04-06 16:06:05.618 24105 24152 E SQLiteDatabase: at android.database.sqlite.SQLiteConnection.executeForLastInsertedRowId(SQLiteConnecti on.java:967)
04-06 16:06:05.618 24105 24152 E SQLiteDatabase: at android.database.sqlite.SQLiteSession.executeForLastInsertedRowId(SQLiteSession.jav a:790)
04-06 16:06:05.618 24105 24152 E SQLiteDatabase: at android.database.sqlite.SQLiteStatement.executeInsert(SQLiteStatement.java:88)
04-06 16:06:05.618 24105 24152 E SQLiteDatabase: at android.database.sqlite.SQLiteDatabase.insertWithOnConflict(SQLiteDatabase.java:170 6)
04-06 16:06:05.618 24105 24152 E SQLiteDatabase: at android.database.sqlite.SQLiteDatabase.insert(SQLiteDatabase.java:1575)
04-06 16:06:05.618 24105 24152 E SQLiteDatabase: at X.2tm.A08(Unknown Source:6)
04-06 16:06:05.618 24105 24152 E SQLiteDatabase: at X.35Y.A07(Unknown Source:212)
04-06 16:06:05.618 24105 24152 E SQLiteDatabase: at X.3QF.A14(Unknown Source:470)
04-06 16:06:05.618 24105 24152 E SQLiteDatabase: at X.3gU.run(Unknown Source:982)
04-06 16:06:05.618 24105 24152 E SQLiteDatabase: at android.os.Handler.handleCallback(Handler.java:938)
04-06 16:06:05.618 24105 24152 E SQLiteDatabase: at android.os.Handler.dispatchMessage(Handler.java:99)
04-06 16:06:05.618 24105 24152 E SQLiteDatabase: at X.0zq.dispatchMessage(Unknown Source:4)
04-06 16:06:05.618 24105 24152 E SQLiteDatabase: at android.os.Looper.loop(Looper.java:257)
04-06 16:06:05.618 24105 24152 E SQLiteDatabase: at android.os.HandlerThread.run(HandlerThread.java:67)
04-06 16:06:05.660 24105 24152 E SQLiteDatabase: Error inserting transferred=0 media_job_uuid=b8240f58-5357-44c4-af75-fd9f3be86f59 transcoded=0 gif_attribution=0 first_scan_length=0 direct_path=/v/t62.7161- 24/33484836_432059562696437_23876480244921535_n.enc?ccb=11- 4&oh=01_ASAAG7TfXnA_sgqZZFHybtGESXUZwaf67AwUCkaJpnQN3w&oe=6638F327&_nc_sid=5e03e0 thumbnail_height_width_ratio=1.7777778 is_animated_sticker=0 file_hash=rKdFT3difoi4G+k+iFertzejkmn/9ODOw03cXzuBGHY= file_path=null file_size=0 partial_media_hash=null face_x=0 face_y=0 height=640 trim_to=0 media_key_timestamp=1712424445000 message_url=https://mmg.whatsapp.net/v/t62.7161- 24/33484836_432059562696437_23876480244921535_n.enc?ccb=11- 4&oh=01_ASAAG7TfXnA_sgqZZFHybtGESXUZwaf67AwUCkaJpnQN3w&oe=6638F327&_nc_sid=5e03e0&m ms3=true media_caption=null trim_from=0 mime_type=video/mp4 partial_media_enc_hash=null width=360 original_file_hash=null has_streaming_sidecar=1 autotransfer_retry_enabled=0 media_upload_handle=null message_row_id=139 multicast_id=null enc_file_hash=GVeiTuGA3f+3BFXJLIFaIChPMd7BdQmWw4Alk/rETZQ= mute_video=0 page_count=0 first_scan_sidecar=null suspicious_content=0 file_length=4944903 media_name=null media_duration=30 chat_row_id=55 media_key=[B@f6f489e
