04-06 16:07:41.082 26669 26669 E CustomActivityOnCrash: IMPORTANT WARNING! You already have an UncaughtExceptionHandler, are you sure this is correct? If you use a custom UncaughtExceptionHandler, you must initialize it AFTER CustomActivityOnCrash! Installing anyway, but your original handler will not be called.
04-06 16:07:41.159 26669 26691 W LibraryVersion: Failed to get app version for libraryName: firebase-iid
04-06 16:07:41.510 26669 26669 W com.mbwhatsapp: Accessing hidden method Lcom/android/org/conscrypt/OpenSSLSocketImpl;->setUseSessionTickets(Z)V (greylist- max-q,test-api, reflection, denied)
04-06 16:07:41.510 26669 26669 W com.mbwhatsapp: Accessing hidden method Lcom/android/org/conscrypt/AbstractConscryptSocket;->setUseSessionTickets(Z)V (greylist-max-q, reflection, denied)
04-06 16:07:41.605 26669 26669 W linker : Warning: "/data/data/com.mbwhatsapp/files/decompressed/libs.spk.zst/libc++_shared.so" unused DT entry: unknown processor-specific (type 0x70000001 arg 0x0) (ignoring)
04-06 16:07:41.603 26669 26669 W com.mbwhatsapp: type=1400 audit(0.0:383724): avc: granted { execute } for path="/data/data/com.mbwhatsapp/files/decompressed/libs.spk.zst/libc++_shared.so" dev="dm-11" ino=232386 scontext=u:r:untrusted_app:s0:c63,c257,c512,c768 tcontext=u:object_r:app_data_file:s0:c63,c257,c512,c768 tclass=file app=com.mbwhatsapp
04-06 16:07:41.615 26669 26669 W com.mbwhatsapp: type=1400 audit(0.0:383725): avc: granted { execute } for path="/data/data/com.mbwhatsapp/files/decompressed/libs.spk.zst/libvlc.so" dev="dm- 11" ino=114964 scontext=u:r:untrusted_app:s0:c63,c257,c512,c768 tcontext=u:object_r:app_data_file:s0:c63,c257,c512,c768 tclass=file app=com.mbwhatsapp
04-06 16:07:41.631 26669 26669 W com.mbwhatsapp: type=1400 audit(0.0:383726): avc: granted { execute } for path="/data/data/com.mbwhatsapp/files/decompressed/libs.spk.zst/libwhatsapp.so" dev="dm-11" ino=297356 scontext=u:r:untrusted_app:s0:c63,c257,c512,c768 tcontext=u:object_r:app_data_file:s0:c63,c257,c512,c768 tclass=file app=com.mbwhatsapp
04-06 16:07:41.707 26669 26669 W com.mbwhatsapp: type=1400 audit(0.0:383727): avc: granted { execute } for path="/data/data/com.mbwhatsapp/files/decompressed/libs.spk.zst/libcurve25519.so" dev="dm-11" ino=276718 scontext=u:r:untrusted_app:s0:c63,c257,c512,c768 tcontext=u:object_r:app_data_file:s0:c63,c257,c512,c768 tclass=file app=com.mbwhatsapp
04-06 16:07:41.715 26669 26669 W com.mbwhatsapp: type=1400 audit(0.0:383728): avc: granted { execute } for path="/data/data/com.mbwhatsapp/files/decompressed/libs.spk.zst/libwhatsapp.so" dev="dm-11" ino=297356 scontext=u:r:untrusted_app:s0:c63,c257,c512,c768 tcontext=u:object_r:app_data_file:s0:c63,c257,c512,c768 tclass=file app=com.mbwhatsapp
04-06 16:07:41.715 26669 26669 W com.mbwhatsapp: type=1400 audit(0.0:383730): avc: granted { execute } for path="/data/data/com.mbwhatsapp/files/decompressed/libs.spk.zst/libwhatsapp.so" dev="dm-11" ino=297356 scontext=u:r:untrusted_app:s0:c63,c257,c512,c768 tcontext=u:object_r:app_data_file:s0:c63,c257,c512,c768 tclass=file app=com.mbwhatsapp
04-06 16:07:41.895 26669 26669 W CheckTime: App running slow: Executing handleBindApplication : callApplicationOnCreate took 758ms
04-06 16:07:41.920 26669 26725 W com.mbwhatsapp: Class X.2rL failed lock verification and will run slower.
04-06 16:07:41.920 26669 26725 W com.mbwhatsapp: Common causes for lock verification issues are non-optimized dex code
04-06 16:07:41.920 26669 26725 W com.mbwhatsapp: and incorrect proguard optimizations.
04-06 16:07:41.928 26669 26669 W com.mbwhatsapp: Class X.0eU failed lock verification and will run slower.
04-06 16:07:42.263 26669 26669 W com.mbwhatsapp: Class com.mbwhatsapp.HomeActivity failed lock verification and will run slower.
04-06 16:07:42.845 26669 26669 E ArmVmp : Match on catch block at 0x0a in for 0xc9
04-06 16:07:42.893 26669 26669 E ArmVmp : Match on catch block at 0x0a in for 0x131
04-06 16:07:43.090 26669 26740 W com.mbwhatsapp: Accessing hidden method Lcom/android/org/conscrypt/ConscryptEngineSocket;->setUseSessionTickets(Z)V (greylist-max-q,test-api, reflection, denied)
04-06 16:07:43.090 26669 26740 W com.mbwhatsapp: Accessing hidden method Lcom/android/org/conscrypt/OpenSSLSocketImpl;->setUseSessionTickets(Z)V (greylist- max-q,test-api, reflection, denied)
04-06 16:07:43.091 26669 26740 W com.mbwhatsapp: Accessing hidden method Lcom/android/org/conscrypt/AbstractConscryptSocket;->setUseSessionTickets(Z)V (greylist-max-q, reflection, denied)
04-06 16:07:43.091 26669 26740 W com.mbwhatsapp: Accessing hidden method Lcom/android/org/conscrypt/ConscryptEngineSocket;->setHostname(Ljava/lang/String;)V (greylist-max-q,test-api, reflection, denied)
04-06 16:07:43.091 26669 26740 W com.mbwhatsapp: Accessing hidden method Lcom/android/org/conscrypt/OpenSSLSocketImpl;->setHostname(Ljava/lang/String;)V (greylist-max-q,test-api, reflection, denied)
04-06 16:07:43.091 26669 26740 W com.mbwhatsapp: Accessing hidden method Lcom/android/org/conscrypt/AbstractConscryptSocket;->setHostname(Ljava/lang/ String;)V (greylist-max-q, reflection, denied)
04-06 16:07:43.091 26669 26740 W com.mbwhatsapp: Accessing hidden method Lcom/android/org/conscrypt/OpenSSLSocketImpl;->setAlpnProtocols([B)V (greylist-max- q,test-api, reflection, denied)
04-06 16:07:43.091 26669 26740 W com.mbwhatsapp: Accessing hidden method Lcom/android/org/conscrypt/AbstractConscryptSocket;->setAlpnProtocols([B)V (greylist-max-q, reflection, denied)
04-06 16:07:43.128 26669 26669 W CheckTime: App running slow: Executing activity onCreate took 855ms
04-06 16:07:44.354 26669 26740 W com.mbwhatsapp: Accessing hidden method Lcom/android/org/conscrypt/OpenSSLSocketImpl;->getAlpnSelectedProtocol()[B (greylist-max-q,test-api, reflection, denied)
04-06 16:07:44.354 26669 26740 W com.mbwhatsapp: Accessing hidden method Lcom/android/org/conscrypt/AbstractConscryptSocket;->getAlpnSelectedProtocol()[B (greylist-max-q, reflection, denied)
04-06 16:07:44.795 26669 26669 E RecyclerView: No adapter attached; skipping layout
04-06 16:07:44.837 26669 26669 E OpenGLRenderer: ~SkiaDisplayList() ##### pid = 26669
04-06 16:07:45.045 26669 26669 E RecyclerView: No adapter attached; skipping layout
04-06 16:07:45.086 26669 26669 E ArmVmp : Match on catch block at 0x0a in for 0xd1
04-06 16:07:45.393 26669 26765 W LOTTIE : Animation contains merge paths. Merge paths are only supported on KitKat+ and must be manually enabled by calling enableMergePathsForKitKatAndAbove().
04-06 16:07:45.762 26669 26669 W LOTTIE : Animation contains merge paths but they are disabled.
04-06 16:07:49.730 26669 26669 W com.mbwhatsapp: Verification of void X.5pH.A1Z(android.os.Bundle) took 114.979ms (88128.81 bytecodes/s) (247944B approximate peak alloc)
04-06 16:07:49.926 26669 26857 E linker : library "" ("/apex/com.android.vndk.v30/lib64") needed or dlopened by "/apex/com.android.vndk.v30/lib64/libRS_internal.so" is not accessible for the namespace: [name="rs", ld_library_paths="", default_library_paths="/apex/com.android.vndk.v30/lib64:/vendor/lib64", permitted_paths="/odm/lib64:/vendor/lib64:/system/vendor/lib64:/data"]
04-06 16:07:49.926 26669 26857 E RenderScript: Failed loading RS driver: dlopen failed: library "" needed or dlopened by "/apex/com.android.vndk.v30/lib64/libRS_internal.so" is not accessible for the namespace "rs"
04-06 16:07:49.926 26669 26857 E RenderScript: Failed to load runtime , loading default
04-06 16:07:50.158 26669 26765 W LOTTIE : Unknown shape type rd
04-06 16:07:50.305 26669 26669 E ArmVmp : Match on catch block at 0x0a in for 0xc9
04-06 16:07:50.313 26669 26669 E ArmVmp : Match on catch block at 0x0a in for 0xc9
04-06 16:07:50.357 26669 26669 E ArmVmp : Match on catch block at 0x0a in for 0x1c5
04-06 16:07:50.368 26669 26669 E Dialog : show dialog view=DecorView@9fb1185[Conversation]
04-06 16:07:50.709 26669 26669 E ArmVmp : Match on catch block at 0xc3 in for 0xb9
04-06 16:07:50.718 26669 26669 E ArmVmp : Match on catch block at 0xc3 in for 0xb9
04-06 16:07:51.060 26669 26669 E ArmVmp : Match on catch block at 0xc3 in for 0xa5
04-06 16:07:51.063 26669 26669 E ArmVmp : Match on catch block at 0xc3 in for 0xa9
04-06 16:07:51.066 26669 26669 E ArmVmp : Match on catch block at 0xc3 in for 0xa9
04-06 16:07:51.196 26669 26669 E ArmVmp : Match on catch block at 0xc3 in for 0xa1
04-06 16:07:51.199 26669 26669 E ArmVmp : Match on catch block at 0xc3 in for 0xa5
04-06 16:07:51.201 26669 26669 E ArmVmp : Match on catch block at 0xc3 in for 0xa5
04-06 16:07:51.296 26669 26669 E ArmVmp : Match on catch block at 0xc3 in for 0xa1
04-06 16:07:51.299 26669 26669 E ArmVmp : Match on catch block at 0xc3 in for 0xa5
04-06 16:07:51.302 26669 26669 E ArmVmp : Match on catch block at 0xc3 in for 0xa5
04-06 16:07:51.385 26669 26669 E ArmVmp : Match on catch block at 0xc3 in for 0xa1
04-06 16:07:51.389 26669 26669 E ArmVmp : Match on catch block at 0xc3 in for 0xa5
04-06 16:07:51.392 26669 26669 E ArmVmp : Match on catch block at 0xc3 in for 0xa5
04-06 16:07:51.440 26669 26669 E ArmVmp : Match on catch block at 0xc3 in for 0xa1
04-06 16:07:51.444 26669 26669 E ArmVmp : Match on catch block at 0xc3 in for 0xa5
04-06 16:07:51.447 26669 26669 E ArmVmp : Match on catch block at 0xc3 in for 0xa5
04-06 16:07:51.483 26669 26669 E ArmVmp : Match on catch block at 0xc3 in for 0xa1
04-06 16:07:51.488 26669 26669 E ArmVmp : Match on catch block at 0xc3 in for 0xa5
04-06 16:07:51.491 26669 26669 E ArmVmp : Match on catch block at 0xc3 in for 0xa5
04-06 16:07:51.527 26669 26669 E ArmVmp : Match on catch block at 0xc3 in for 0xa5
04-06 16:07:51.530 26669 26669 E ArmVmp : Match on catch block at 0xc3 in for 0xa9
04-06 16:07:51.533 26669 26669 E ArmVmp : Match on catch block at 0xc3 in for 0xa9
04-06 16:07:51.569 26669 26669 E ArmVmp : Match on catch block at 0xc3 in for 0xa1
04-06 16:07:51.573 26669 26669 E ArmVmp : Match on catch block at 0xc3 in for 0xa5
04-06 16:07:51.576 26669 26669 E ArmVmp : Match on catch block at 0xc3 in for 0xa5
04-06 16:07:51.614 26669 26669 E ArmVmp : Match on catch block at 0xc3 in for 0xa9
04-06 16:07:51.618 26669 26669 E ArmVmp : Match on catch block at 0xc3 in for 0xa1
04-06 16:07:51.658 26669 26669 E ArmVmp : Match on catch block at 0xc3 in for 0xa1
04-06 16:07:51.661 26669 26669 E ArmVmp : Match on catch block at 0xc3 in for 0xa5
04-06 16:07:51.665 26669 26669 E ArmVmp : Match on catch block at 0xc3 in for 0xa5
04-06 16:07:51.702 26669 26669 E ArmVmp : Match on catch block at 0xc3 in for 0xa5
04-06 16:07:51.705 26669 26669 E ArmVmp : Match on catch block at 0xc3 in for 0xa9
04-06 16:07:51.747 26669 26669 E ArmVmp : Match on catch block at 0xc3 in for 0xa9
04-06 16:07:51.750 26669 26669 E ArmVmp : Match on catch block at 0xc3 in for 0xa1
04-06 16:07:51.753 26669 26669 E ArmVmp : Match on catch block at 0xc3 in for 0xa1
04-06 16:07:51.790 26669 26669 E ArmVmp : Match on catch block at 0xc3 in for 0xa9
04-06 16:07:51.793 26669 26669 E ArmVmp : Match on catch block at 0xc3 in for 0xa1
04-06 16:07:51.797 26669 26669 E ArmVmp : Match on catch block at 0xc3 in for 0xa1
04-06 16:07:51.834 26669 26669 E ArmVmp : Match on catch block at 0xc3 in for 0xa9
04-06 16:07:51.838 26669 26669 E ArmVmp : Match on catch block at 0xc3 in for 0xa1
04-06 16:07:51.841 26669 26669 E ArmVmp : Match on catch block at 0xc3 in for 0xa1
04-06 16:07:51.878 26669 26669 E ArmVmp : Match on catch block at 0xc3 in for 0xa9
04-06 16:07:51.881 26669 26669 E ArmVmp : Match on catch block at 0xc3 in for 0xa1
04-06 16:07:51.885 26669 26669 E ArmVmp : Match on catch block at 0xc3 in for 0xa1
04-06 16:07:51.920 26669 26669 E ArmVmp : Match on catch block at 0xc3 in for 0xa9
04-06 16:07:51.925 26669 26669 E ArmVmp : Match on catch block at 0xc3 in for 0xa1
04-06 16:07:51.927 26669 26669 E ArmVmp : Match on catch block at 0xc3 in for 0xa1
04-06 16:07:51.962 26669 26669 E ArmVmp : Match on catch block at 0xc3 in for 0xa9
04-06 16:07:51.965 26669 26669 E ArmVmp : Match on catch block at 0xc3 in for 0xa1
04-06 16:07:51.968 26669 26669 E ArmVmp : Match on catch block at 0xc3 in for 0xa1
04-06 16:07:52.002 26669 26669 E ArmVmp : Match on catch block at 0xc3 in for 0xa9
04-06 16:07:52.006 26669 26669 E ArmVmp : Match on catch block at 0xc3 in for 0xa1
04-06 16:07:52.009 26669 26669 E ArmVmp : Match on catch block at 0xc3 in for 0xa1
04-06 16:07:52.046 26669 26669 E ArmVmp : Match on catch block at 0xc3 in for 0xa9
04-06 16:07:52.049 26669 26669 E ArmVmp : Match on catch block at 0xc3 in for 0xa1
04-06 16:07:52.052 26669 26669 E ArmVmp : Match on catch block at 0xc3 in for 0xa1
04-06 16:07:52.091 26669 26669 E ArmVmp : Match on catch block at 0xc3 in for 0xa5
04-06 16:07:52.094 26669 26669 E ArmVmp : Match on catch block at 0xc3 in for 0xa9
04-06 16:07:52.097 26669 26669 E ArmVmp : Match on catch block at 0xc3 in for 0xa9
04-06 16:07:52.137 26669 26669 E ArmVmp : Match on catch block at 0xc3 in for 0xa1
04-06 16:07:52.141 26669 26669 E ArmVmp : Match on catch block at 0xc3 in for 0xa5
04-06 16:07:52.145 26669 26669 E ArmVmp : Match on catch block at 0xc3 in for 0xa5
04-06 16:07:52.182 26669 26669 E ArmVmp : Match on catch block at 0xc3 in for 0xa9
04-06 16:07:52.185 26669 26669 E ArmVmp : Match on catch block at 0xc3 in for 0xa1
04-06 16:07:52.223 26669 26669 E ArmVmp : Match on catch block at 0xc3 in for 0xa1
04-06 16:07:52.226 26669 26669 E ArmVmp : Match on catch block at 0xc3 in for 0xa5
04-06 16:07:52.230 26669 26669 E ArmVmp : Match on catch block at 0xc3 in for 0xa5
04-06 16:07:52.266 26669 26669 E ArmVmp : Match on catch block at 0xc3 in for 0xa5
04-06 16:07:52.270 26669 26669 E ArmVmp : Match on catch block at 0xc3 in for 0xa9
04-06 16:07:52.311 26669 26669 E ArmVmp : Match on catch block at 0xc3 in for 0xa9
04-06 16:07:52.315 26669 26669 E ArmVmp : Match on catch block at 0xc3 in for 0xa1
04-06 16:07:52.318 26669 26669 E ArmVmp : Match on catch block at 0xc3 in for 0xa1
04-06 16:07:52.355 26669 26669 E ArmVmp : Match on catch block at 0xc3 in for 0xa9
04-06 16:07:52.358 26669 26669 E ArmVmp : Match on catch block at 0xc3 in for 0xa1
04-06 16:07:52.361 26669 26669 E ArmVmp : Match on catch block at 0xc3 in for 0xa1
04-06 16:07:52.757 26669 26669 E ArmVmp : Match on catch block at 0xc3 in for 0xa5
04-06 16:07:52.761 26669 26669 E ArmVmp : Match on catch block at 0xc3 in for 0xa9
04-06 16:07:52.764 26669 26669 E ArmVmp : Match on catch block at 0xc3 in for 0xa9
04-06 16:07:52.777 26669 26669 E ArmVmp : Match on catch block at 0xc3 in for 0xa1
04-06 16:07:52.780 26669 26669 E ArmVmp : Match on catch block at 0xc3 in for 0xa5
04-06 16:07:52.801 26669 26669 E ArmVmp : Match on catch block at 0xc3 in for 0xa5
04-06 16:07:52.806 26669 26669 E ArmVmp : Match on catch block at 0xc3 in for 0xa9
04-06 16:07:52.809 26669 26669 E ArmVmp : Match on catch block at 0xc3 in for 0xa9
04-06 16:07:52.822 26669 26669 E ArmVmp : Match on catch block at 0xc3 in for 0xa1
04-06 16:07:52.825 26669 26669 E ArmVmp : Match on catch block at 0xc3 in for 0xa5
04-06 16:07:52.847 26669 26669 E ArmVmp : Match on catch block at 0xc3 in for 0xa5
04-06 16:07:52.850 26669 26669 E ArmVmp : Match on catch block at 0xc3 in for 0xa9
04-06 16:07:52.854 26669 26669 E ArmVmp : Match on catch block at 0xc3 in for 0xa9
04-06 16:07:52.866 26669 26669 E ArmVmp : Match on catch block at 0xc3 in for 0xa1
04-06 16:07:52.871 26669 26669 E ArmVmp : Match on catch block at 0xc3 in for 0xa5
04-06 16:07:52.892 26669 26669 E ArmVmp : Match on catch block at 0xc3 in for 0xa5
04-06 16:07:52.896 26669 26669 E ArmVmp : Match on catch block at 0xc3 in for 0xa9
04-06 16:07:52.899 26669 26669 E ArmVmp : Match on catch block at 0xc3 in for 0xa9
04-06 16:07:52.914 26669 26669 E ArmVmp : Match on catch block at 0xc3 in for 0xa1
04-06 16:07:52.917 26669 26669 E ArmVmp : Match on catch block at 0xc3 in for 0xa5
04-06 16:07:52.940 26669 26669 E ArmVmp : Match on catch block at 0xc3 in for 0xa5
04-06 16:07:52.943 26669 26669 E ArmVmp : Match on catch block at 0xc3 in for 0xa9
04-06 16:07:52.946 26669 26669 E ArmVmp : Match on catch block at 0xc3 in for 0xa9
04-06 16:07:52.959 26669 26669 E ArmVmp : Match on catch block at 0xc3 in for 0xa1
04-06 16:07:52.962 26669 26669 E ArmVmp : Match on catch block at 0xc3 in for 0xa5
04-06 16:07:52.965 26669 26669 E ArmVmp : Match on catch block at 0xc3 in for 0xa5
04-06 16:07:52.986 26669 26669 E ArmVmp : Match on catch block at 0xc3 in for 0xa5
04-06 16:07:52.990 26669 26669 E ArmVmp : Match on catch block at 0xc3 in for 0xa9
04-06 16:07:52.993 26669 26669 E ArmVmp : Match on catch block at 0xc3 in for 0xa9
04-06 16:07:53.005 26669 26669 E ArmVmp : Match on catch block at 0xc3 in for 0xa1
04-06 16:07:53.009 26669 26669 E ArmVmp : Match on catch block at 0xc3 in for 0xa5
04-06 16:07:53.033 26669 26669 E ArmVmp : Match on catch block at 0xc3 in for 0xa5
04-06 16:07:53.037 26669 26669 E ArmVmp : Match on catch block at 0xc3 in for 0xa9
04-06 16:07:53.041 26669 26669 E ArmVmp : Match on catch block at 0xc3 in for 0xa9
04-06 16:07:53.337 26669 26669 E ArmVmp : Match on catch block at 0xc3 in for 0xa9
04-06 16:07:53.341 26669 26669 E ArmVmp : Match on catch block at 0xc3 in for 0xa1
04-06 16:07:53.345 26669 26669 E ArmVmp : Match on catch block at 0xc3 in for 0xa1
04-06 16:07:53.834 26669 26669 E ArmVmp : Match on catch block at 0xc3 in for 0xa9
04-06 16:07:53.837 26669 26669 E ArmVmp : Match on catch block at 0xc3 in for 0xa1
04-06 16:07:53.840 26669 26669 E ArmVmp : Match on catch block at 0xc3 in for 0xa1
04-06 16:07:54.330 26669 26669 E ArmVmp : Match on catch block at 0xc3 in for 0xa1
04-06 16:07:54.334 26669 26669 E ArmVmp : Match on catch block at 0xc3 in for 0xa5
04-06 16:07:54.337 26669 26669 E ArmVmp : Match on catch block at 0xc3 in for 0xa5
04-06 16:07:54.843 26669 26669 E ArmVmp : Match on catch block at 0xc3 in for 0xa5
04-06 16:07:54.846 26669 26669 E ArmVmp : Match on catch block at 0xc3 in for 0xa9
04-06 16:07:54.849 26669 26669 E ArmVmp : Match on catch block at 0xc3 in for 0xa9
04-06 16:07:55.341 26669 26669 E ArmVmp : Match on catch block at 0xc3 in for 0xa9
04-06 16:07:55.344 26669 26669 E ArmVmp : Match on catch block at 0xc3 in for 0xa1
04-06 16:07:55.348 26669 26669 E ArmVmp : Match on catch block at 0xc3 in for 0xa1
04-06 16:07:55.527 26669 26669 E ArmVmp : Match on catch block at 0xc3 in for 0xa1
04-06 16:07:55.532 26669 26669 E ArmVmp : Match on catch block at 0xc3 in for 0xa5
04-06 16:07:55.538 26669 26669 E ArmVmp : Match on catch block at 0xc3 in for 0xa5
04-06 16:07:55.577 26669 26669 E ArmVmp : Match on catch block at 0xc3 in for 0xa9
04-06 16:07:55.580 26669 26669 E ArmVmp : Match on catch block at 0xc3 in for 0xa1
04-06 16:07:55.583 26669 26669 E ArmVmp : Match on catch block at 0xc3 in for 0xa1
04-06 16:07:56.013 26669 26669 E ArmVmp : Match on catch block at 0xc3 in for 0xa9
04-06 16:07:56.017 26669 26669 E ArmVmp : Match on catch block at 0xc3 in for 0xa1
04-06 16:07:56.020 26669 26669 E ArmVmp : Match on catch block at 0xc3 in for 0xa1
04-06 16:07:56.527 26669 26669 E ArmVmp : Match on catch block at 0xc3 in for 0xa5
04-06 16:07:56.532 26669 26669 E ArmVmp : Match on catch block at 0xc3 in for 0xa9
04-06 16:07:56.535 26669 26669 E ArmVmp : Match on catch block at 0xc3 in for 0xa9
04-06 16:07:57.023 26669 26669 E ArmVmp : Match on catch block at 0xc3 in for 0xa1
04-06 16:07:57.028 26669 26669 E ArmVmp : Match on catch block at 0xc3 in for 0xa5
04-06 16:07:57.031 26669 26669 E ArmVmp : Match on catch block at 0xc3 in for 0xa5
04-06 16:07:57.520 26669 26669 E ArmVmp : Match on catch block at 0xc3 in for 0xa9
04-06 16:07:57.525 26669 26669 E ArmVmp : Match on catch block at 0xc3 in for 0xa1
04-06 16:07:57.528 26669 26669 E ArmVmp : Match on catch block at 0xc3 in for 0xa1
04-06 16:07:58.034 26669 26669 E ArmVmp : Match on catch block at 0xc3 in for 0xa5
04-06 16:07:58.037 26669 26669 E ArmVmp : Match on catch block at 0xc3 in for 0xa9
04-06 16:07:58.041 26669 26669 E ArmVmp : Match on catch block at 0xc3 in for 0xa9
04-06 16:07:58.531 26669 26669 E ArmVmp : Match on catch block at 0xc3 in for 0xa1
04-06 16:07:58.536 26669 26669 E ArmVmp : Match on catch block at 0xc3 in for 0xa5
04-06 16:07:58.541 26669 26669 E ArmVmp : Match on catch block at 0xc3 in for 0xa5
04-06 16:07:59.027 26669 26669 E ArmVmp : Match on catch block at 0xc3 in for 0xa9
04-06 16:07:59.031 26669 26669 E ArmVmp : Match on catch block at 0xc3 in for 0xa1
04-06 16:07:59.036 26669 26669 E ArmVmp : Match on catch block at 0xc3 in for 0xa1
04-06 16:07:59.524 26669 26669 E ArmVmp : Match on catch block at 0xc3 in for 0xa5
04-06 16:07:59.528 26669 26669 E ArmVmp : Match on catch block at 0xc3 in for 0xa9
04-06 16:07:59.531 26669 26669 E ArmVmp : Match on catch block at 0xc3 in for 0xa9
04-06 16:08:00.039 26669 26669 E ArmVmp : Match on catch block at 0xc3 in for 0xa1
04-06 16:08:00.042 26669 26669 E ArmVmp : Match on catch block at 0xc3 in for 0xa5
04-06 16:08:00.046 26669 26669 E ArmVmp : Match on catch block at 0xc3 in for 0xa5
04-06 16:08:00.533 26669 26669 E ArmVmp : Match on catch block at 0xc3 in for 0xa9
04-06 16:08:00.537 26669 26669 E ArmVmp : Match on catch block at 0xc3 in for 0xa1
04-06 16:08:00.540 26669 26669 E ArmVmp : Match on catch block at 0xc3 in for 0xa1
04-06 16:08:01.030 26669 26669 E ArmVmp : Match on catch block at 0xc3 in for 0xa5
04-06 16:08:01.034 26669 26669 E ArmVmp : Match on catch block at 0xc3 in for 0xa9
04-06 16:08:01.037 26669 26669 E ArmVmp : Match on catch block at 0xc3 in for 0xa9
04-06 16:08:01.300 26669 26669 E ArmVmp : Match on catch block at 0xc3 in for 0xa5
04-06 16:08:01.303 26669 26669 E ArmVmp : Match on catch block at 0xc3 in for 0xa9
04-06 16:08:01.306 26669 26669 E ArmVmp : Match on catch block at 0xc3 in for 0xa9
04-06 16:08:01.315 26669 26669 E ArmVmp : Match on catch block at 0xc3 in for 0xa1
04-06 16:08:01.319 26669 26669 E ArmVmp : Match on catch block at 0xc3 in for 0xa5
04-06 16:08:01.322 26669 26669 E ArmVmp : Match on catch block at 0xc3 in for 0xa5
04-06 16:08:01.369 26669 26669 E ArmVmp : Match on catch block at 0x0a in for 0x1f5
04-06 16:08:01.382 26669 26669 E Dialog : show dialog view=DecorView@263b433[Conversation]
04-06 16:08:01.453 26669 26669 E ArmVmp : Match on catch block at 0xc3 in for 0xa1
04-06 16:08:01.456 26669 26669 E ArmVmp : Match on catch block at 0xc3 in for 0xa5
04-06 16:08:01.460 26669 26669 E ArmVmp : Match on catch block at 0xc3 in for 0xa5
04-06 16:08:01.536 26669 26669 E ArmVmp : Match on catch block at 0xc3 in for 0xa1
04-06 16:08:01.539 26669 26669 E ArmVmp : Match on catch block at 0xc3 in for 0xa5
04-06 16:08:01.541 26669 26669 E ArmVmp : Match on catch block at 0xc3 in for 0xa5
04-06 16:08:02.045 26669 26669 E WindowManager: android.view.WindowLeaked: Activity com.mbwhatsapp.Conversation has leaked window DecorView@263b433[Conversation] that was originally added here
04-06 16:08:02.045 26669 26669 E WindowManager: at android.view.ViewRootImpl.<init>(ViewRootImpl.java:748)
04-06 16:08:02.045 26669 26669 E WindowManager: at android.view.ViewRootImpl.<init>(ViewRootImpl.java:732)
04-06 16:08:02.045 26669 26669 E WindowManager: at android.view.SprdViewRootImpl.<init>(SprdViewRootImpl.java:47)
04-06 16:08:02.045 26669 26669 E WindowManager: at android.view.WindowManagerGlobal.addView(WindowManagerGlobal.java:411)
04-06 16:08:02.045 26669 26669 E WindowManager: at android.view.WindowManagerImpl.addView(WindowManagerImpl.java:109)
04-06 16:08:02.045 26669 26669 E WindowManager: at android.app.Dialog.show(Dialog.java:342)
04-06 16:08:02.045 26669 26669 E WindowManager: at mbmodsd.mbmodsw.mbdialog.mbdialogios.iOSDark.show(Native Method)
04-06 16:08:02.045 26669 26669 E WindowManager: at mbmodsd.mbmodsw.mbutils.mbiosdialog.mbiosdialogcuskey(Native Method)
04-06 16:08:02.045 26669 26669 E WindowManager: at mbmodsd.mbmodsw.mbutils.convo.Conversation$5.onSuccess(Native Method)
04-06 16:08:02.045 26669 26669 E WindowManager: at mbmodsd.mbmodsw.home.MBTranslator$Async.onPostExecute(Native Method)
04-06 16:08:02.045 26669 26669 E WindowManager: at mbmodsd.mbmodsw.home.MBTranslator$Async.onPostExecute(Native Method)
04-06 16:08:02.045 26669 26669 E WindowManager: at android.os.AsyncTask.finish(AsyncTask.java:771)
04-06 16:08:02.045 26669 26669 E WindowManager: at android.os.AsyncTask.access$900(AsyncTask.java:199)
04-06 16:08:02.045 26669 26669 E WindowManager: at android.os.AsyncTask$InternalHandler.handleMessage(AsyncTask.java:788)
04-06 16:08:02.045 26669 26669 E WindowManager: at android.os.Handler.dispatchMessage(Handler.java:106)
04-06 16:08:02.045 26669 26669 E WindowManager: at android.os.Looper.loop(Looper.java:257)
04-06 16:08:02.045 26669 26669 E WindowManager: at android.app.ActivityThread.main(ActivityThread.java:8349)
04-06 16:08:02.045 26669 26669 E WindowManager: at java.lang.reflect.Method.invoke(Native Method)
04-06 16:08:02.045 26669 26669 E WindowManager: at com.android.internal.os.RuntimeInit$MethodAndArgsCaller.run(RuntimeInit.java:603)
04-06 16:08:02.045 26669 26669 E WindowManager: at com.android.internal.os.ZygoteInit.main(ZygoteInit.java:947)
04-06 16:09:30.766 26669 26669 E Dialog : show dialog view=DecorView@43cde99[HomeActivity]
04-06 16:09:30.767 26669 26669 E ArmVmp : Match on catch block at 0x0a in for 0x119
04-06 16:09:35.898 26669 26669 W BottomSheetBehavior: BottomSheetBehavior now supports multiple callbacks. `setBottomSheetCallback()` removes all existing callbacks, including ones set internally by library authors, which may result in unintended behavior. This may change in the future. Please use `addBottomSheetCallback()` and `removeBottomSheetCallback()` instead to set your own callbacks.
04-06 16:09:35.899 26669 26669 W BottomSheetBehavior: BottomSheetBehavior now supports multiple callbacks. `setBottomSheetCallback()` removes all existing callbacks, including ones set internally by library authors, which may result in unintended behavior. This may change in the future. Please use `addBottomSheetCallback()` and `removeBottomSheetCallback()` instead to set your own callbacks.
04-06 16:09:36.052 26669 26669 W BottomSheetBehavior: BottomSheetBehavior now supports multiple callbacks. `setBottomSheetCallback()` removes all existing callbacks, including ones set internally by library authors, which may result in unintended behavior. This may change in the future. Please use `addBottomSheetCallback()` and `removeBottomSheetCallback()` instead to set your own callbacks.
04-06 16:09:36.052 26669 26669 W BottomSheetBehavior: BottomSheetBehavior now supports multiple callbacks. `setBottomSheetCallback()` removes all existing callbacks, including ones set internally by library authors, which may result in unintended behavior. This may change in the future. Please use `addBottomSheetCallback()` and `removeBottomSheetCallback()` instead to set your own callbacks.
04-06 16:09:36.142 26669 26669 E RecyclerView: No adapter attached; skipping layout
04-06 16:09:36.143 26669 26669 E RecyclerView: No adapter attached; skipping layout
04-06 16:09:36.844 26669 26722 E SQLiteDatabase: Error inserting transferred=1 media_job_uuid=b81c8b56-80a9-4912-80e8-511a82f0c992 transcoded=0 gif_attribution=0 first_scan_length=1588 direct_path=/o1/v/t62.7118-24/f1/m231/up-oil-image-51f8037f- 98fb-4cc3-8ee8-b99178f098b0?ccb=9- 4&oh=01_ASAu64JDIruJuz3SkXZQaDsjY5VZQI1wlfz84P9KWnxzcw&oe=6638E049&_nc_sid=000000 thumbnail_height_width_ratio=0.9166667 is_animated_sticker=0 file_hash=15Hu2s9tx00kQ9MA1QTa0ejOp9bcNkajyrS2fh6Ck4c= file_path=Media/.Statuses/1373e21be75c464c9d8de5aafed123f1.jpg file_size=13106 partial_media_hash=null face_x=0 face_y=0 height=379 trim_to=0 media_key_timestamp=1712421551000 message_url=https://mmg.whatsapp.net/o1/v/t62.7118-24/f1/m231/up-oil-image- 51f8037f-98fb-4cc3-8ee8-b99178f098b0?ccb=9- 4&oh=01_ASAu64JDIruJuz3SkXZQaDsjY5VZQI1wlfz84P9KWnxzcw&oe=6638E049&_nc_sid=000000&m ms3=true media_caption=null trim_from=0 mime_type=image/jpeg partial_media_enc_hash=null width=410 original_file_hash=null has_streaming_sidecar=1 autotransfer_retry_enabled=1 media_upload_handle=null message_row_id=137 multicast_id=null enc_file_hash=phC+zQWHCfs5iqQbGUoHQDRL8P61R69R0Ato7IaN624= mute_video=0 page_count=0 first_scan_sidecar=[B@cbab1f2 suspicious_content=0 file_length=13106 media_name=null media_duration=0 chat_row_id=55 media_key=[B@e1b043
04-06 16:09:36.844 26669 26722 E SQLiteDatabase: android.database.sqlite.SQLiteConstraintException: UNIQUE constraint failed: message_media.message_row_id (code 1555 SQLITE_CONSTRAINT_PRIMARYKEY)
04-06 16:09:36.844 26669 26722 E SQLiteDatabase: at android.database.sqlite.SQLiteConnection.nativeExecuteForLastInsertedRowId(Native Method)
04-06 16:09:36.844 26669 26722 E SQLiteDatabase: at android.database.sqlite.SQLiteConnection.executeForLastInsertedRowId(SQLiteConnecti on.java:967)
04-06 16:09:36.844 26669 26722 E SQLiteDatabase: at android.database.sqlite.SQLiteSession.executeForLastInsertedRowId(SQLiteSession.jav a:790)
04-06 16:09:36.844 26669 26722 E SQLiteDatabase: at android.database.sqlite.SQLiteStatement.executeInsert(SQLiteStatement.java:88)
04-06 16:09:36.844 26669 26722 E SQLiteDatabase: at android.database.sqlite.SQLiteDatabase.insertWithOnConflict(SQLiteDatabase.java:170 6)
04-06 16:09:36.844 26669 26722 E SQLiteDatabase: at android.database.sqlite.SQLiteDatabase.insert(SQLiteDatabase.java:1575)
04-06 16:09:36.844 26669 26722 E SQLiteDatabase: at X.2tm.A08(Unknown Source:6)
04-06 16:09:36.844 26669 26722 E SQLiteDatabase: at X.35Y.A07(Unknown Source:212)
04-06 16:09:36.844 26669 26722 E SQLiteDatabase: at X.3QF.A14(Unknown Source:470)
04-06 16:09:36.844 26669 26722 E SQLiteDatabase: at X.3gU.run(Unknown Source:982)
04-06 16:09:36.844 26669 26722 E SQLiteDatabase: at android.os.Handler.handleCallback(Handler.java:938)
04-06 16:09:36.844 26669 26722 E SQLiteDatabase: at android.os.Handler.dispatchMessage(Handler.java:99)
04-06 16:09:36.844 26669 26722 E SQLiteDatabase: at X.0zq.dispatchMessage(Unknown Source:4)
04-06 16:09:36.844 26669 26722 E SQLiteDatabase: at android.os.Looper.loop(Looper.java:257)
04-06 16:09:36.844 26669 26722 E SQLiteDatabase: at android.os.HandlerThread.run(HandlerThread.java:67)
04-06 16:09:40.307 26669 26683 W System : A resource failed to call release.
04-06 16:09:55.123 26669 26722 E SQLiteDatabase: Error inserting transferred=0 media_job_uuid=522597a9-8f1b-4f4a-81f5-125a8fd7c669 transcoded=0 gif_attribution=0 first_scan_length=0 direct_path=/v/t62.7161- 24/34599613_382197001456406_6973172799202438395_n.enc?ccb=11- 4&oh=01_ASAJO9rr7u1EiYw8z1ENCh8o_iJRcKdlMJpP4OEigciF0Q&oe=66390A7A&_nc_sid=5e03e0 thumbnail_height_width_ratio=1.7777778 is_animated_sticker=0 file_hash=IcC/Isp8GSdvbQM3A8CK3QD30Nz6Ho7Zd4+uYVj29Gw= file_path=null file_size=0 partial_media_hash=null face_x=0 face_y=0 height=1024 trim_to=0 media_key_timestamp=1712424095000 message_url=https://mmg.whatsapp.net/v/t62.7161- 24/34599613_382197001456406_6973172799202438395_n.enc?ccb=11- 4&oh=01_ASAJO9rr7u1EiYw8z1ENCh8o_iJRcKdlMJpP4OEigciF0Q&oe=66390A7A&_nc_sid=5e03e0&m ms3=true media_caption=null trim_from=0 mime_type=video/mp4 partial_media_enc_hash=null width=576 original_file_hash=null has_streaming_sidecar=1 autotransfer_retry_enabled=0 media_upload_handle=null message_row_id=140 multicast_id=null enc_file_hash=ALqCQUQuSIEDILbiRiy2tkgKCfWv/t73nohaLqlORWA= mute_video=0 page_count=0 first_scan_sidecar=null suspicious_content=0 file_length=1373502 media_name=null media_duration=7 chat_row_id=55 media_key=[B@d94c54
04-06 16:09:55.123 26669 26722 E SQLiteDatabase: android.database.sqlite.SQLiteConstraintException: UNIQUE constraint failed: message_media.message_row_id (code 1555 SQLITE_CONSTRAINT_PRIMARYKEY)
04-06 16:09:55.123 26669 26722 E SQLiteDatabase: at android.database.sqlite.SQLiteConnection.nativeExecuteForLastInsertedRowId(Native Method)
04-06 16:09:55.123 26669 26722 E SQLiteDatabase: at android.database.sqlite.SQLiteConnection.executeForLastInsertedRowId(SQLiteConnecti on.java:967)
04-06 16:09:55.123 26669 26722 E SQLiteDatabase: at android.database.sqlite.SQLiteSession.executeForLastInsertedRowId(SQLiteSession.jav a:790)
04-06 16:09:55.123 26669 26722 E SQLiteDatabase: at android.database.sqlite.SQLiteStatement.executeInsert(SQLiteStatement.java:88)
04-06 16:09:55.123 26669 26722 E SQLiteDatabase: at android.database.sqlite.SQLiteDatabase.insertWithOnConflict(SQLiteDatabase.java:170 6)
04-06 16:09:55.123 26669 26722 E SQLiteDatabase: at android.database.sqlite.SQLiteDatabase.insert(SQLiteDatabase.java:1575)
04-06 16:09:55.123 26669 26722 E SQLiteDatabase: at X.2tm.A08(Unknown Source:6)
04-06 16:09:55.123 26669 26722 E SQLiteDatabase: at X.35Y.A07(Unknown Source:212)
04-06 16:09:55.123 26669 26722 E SQLiteDatabase: at X.3QF.A14(Unknown Source:470)
04-06 16:09:55.123 26669 26722 E SQLiteDatabase: at X.3gU.run(Unknown Source:982)
04-06 16:09:55.123 26669 26722 E SQLiteDatabase: at android.os.Handler.handleCallback(Handler.java:938)
04-06 16:09:55.123 26669 26722 E SQLiteDatabase: at android.os.Handler.dispatchMessage(Handler.java:99)
04-06 16:09:55.123 26669 26722 E SQLiteDatabase: at X.0zq.dispatchMessage(Unknown Source:4)
04-06 16:09:55.123 26669 26722 E SQLiteDatabase: at android.os.Looper.loop(Looper.java:257)
04-06 16:09:55.123 26669 26722 E SQLiteDatabase: at android.os.HandlerThread.run(HandlerThread.java:67)
04-06 16:09:55.162 26669 26722 E SQLiteDatabase: Error inserting transferred=0 media_job_uuid=522597a9-8f1b-4f4a-81f5-125a8fd7c669 transcoded=0 gif_attribution=0 first_scan_length=0 direct_path=/v/t62.7161- 24/34599613_382197001456406_6973172799202438395_n.enc?ccb=11- 4&oh=01_ASAJO9rr7u1EiYw8z1ENCh8o_iJRcKdlMJpP4OEigciF0Q&oe=66390A7A&_nc_sid=5e03e0 thumbnail_height_width_ratio=1.7777778 is_animated_sticker=0 file_hash=IcC/Isp8GSdvbQM3A8CK3QD30Nz6Ho7Zd4+uYVj29Gw= file_path=null file_size=0 partial_media_hash=null face_x=0 face_y=0 height=1024 trim_to=0 media_key_timestamp=1712424095000 message_url=https://mmg.whatsapp.net/v/t62.7161- 24/34599613_382197001456406_6973172799202438395_n.enc?ccb=11- 4&oh=01_ASAJO9rr7u1EiYw8z1ENCh8o_iJRcKdlMJpP4OEigciF0Q&oe=66390A7A&_nc_sid=5e03e0&m ms3=true media_caption=null trim_from=0 mime_type=video/mp4 partial_media_enc_hash=null width=576 original_file_hash=null has_streaming_sidecar=1 autotransfer_retry_enabled=0 media_upload_handle=null message_row_id=140 multicast_id=null enc_file_hash=ALqCQUQuSIEDILbiRiy2tkgKCfWv/t73nohaLqlORWA= mute_video=0 page_count=0 first_scan_sidecar=null suspicious_content=0 file_length=1373502 media_name=null media_duration=7 chat_row_id=55 media_key=[B@d94c54
04-06 16:09:55.162 26669 26722 E SQLiteDatabase: android.database.sqlite.SQLiteConstraintException: UNIQUE constraint failed: message_media.message_row_id (code 1555 SQLITE_CONSTRAINT_PRIMARYKEY)
04-06 16:09:55.162 26669 26722 E SQLiteDatabase: at android.database.sqlite.SQLiteConnection.nativeExecuteForLastInsertedRowId(Native Method)
04-06 16:09:55.162 26669 26722 E SQLiteDatabase: at android.database.sqlite.SQLiteConnection.executeForLastInsertedRowId(SQLiteConnecti on.java:967)
04-06 16:09:55.162 26669 26722 E SQLiteDatabase: at android.database.sqlite.SQLiteSession.executeForLastInsertedRowId(SQLiteSession.jav a:790)
04-06 16:09:55.162 26669 26722 E SQLiteDatabase: at android.database.sqlite.SQLiteStatement.executeInsert(SQLiteStatement.java:88)
04-06 16:09:55.162 26669 26722 E SQLiteDatabase: at android.database.sqlite.SQLiteDatabase.insertWithOnConflict(SQLiteDatabase.java:170 6)
04-06 16:09:55.162 26669 26722 E SQLiteDatabase: at android.database.sqlite.SQLiteDatabase.insert(SQLiteDatabase.java:1575)
04-06 16:09:55.162 26669 26722 E SQLiteDatabase: at X.2tm.A08(Unknown Source:6)
04-06 16:09:55.162 26669 26722 E SQLiteDatabase: at X.35Y.A07(Unknown Source:212)
04-06 16:09:55.162 26669 26722 E SQLiteDatabase: at X.3QF.A14(Unknown Source:470)
04-06 16:09:55.162 26669 26722 E SQLiteDatabase: at X.3gU.run(Unknown Source:982)
04-06 16:09:55.162 26669 26722 E SQLiteDatabase: at android.os.Handler.handleCallback(Handler.java:938)
04-06 16:09:55.162 26669 26722 E SQLiteDatabase: at android.os.Handler.dispatchMessage(Handler.java:99)
04-06 16:09:55.162 26669 26722 E SQLiteDatabase: at X.0zq.dispatchMessage(Unknown Source:4)
04-06 16:09:55.162 26669 26722 E SQLiteDatabase: at android.os.Looper.loop(Looper.java:257)
04-06 16:09:55.162 26669 26722 E SQLiteDatabase: at android.os.HandlerThread.run(HandlerThread.java:67) --------- beginning of main
04-06 16:10:12.611 27482 27482 E com.mbwhatsapp: Not starting debugger since process cannot load the jdwp agent.
04-06 16:10:12.635 27482 27499 E libc : Access denied finding property "vendor.MB.running"
04-06 16:10:12.646 27482 27482 W com.mbwhatsapp: OatFileAssistant::Lock: Failed to open file '/system/framework/org.apache.http.legacy.jar.arm64.flock': Read-only file system
04-06 16:10:12.655 27482 27482 W com.mbwhatsapp: OatFileAssistant::Lock: Failed to open file '/data/app/~~-k84dmHXhbN-9wCffgHlEw==/com.mbwhatsapp- hPlzhJdVjmPI7bE75BH7iQ==/base.apk.arm64.flock': Permission denied
04-06 16:10:12.784 27482 27482 W System.err: java.lang.ClassNotFoundException: mbmodsd.mbmodsw.ui.views.btn.BtnBK
04-06 16:10:12.785 27482 27482 W System.err: at java.lang.Runtime.nativeLoad(Native Method)
04-06 16:10:12.785 27482 27482 W System.err: at java.lang.Runtime.nativeLoad(Runtime.java:1131)
04-06 16:10:12.785 27482 27482 W System.err: at java.lang.Runtime.loadLibrary0(Runtime.java:1085)
04-06 16:10:12.785 27482 27482 W System.err: at java.lang.Runtime.loadLibrary0(Runtime.java:1008)
04-06 16:10:12.785 27482 27482 W System.err: at java.lang.System.loadLibrary(System.java:1664)
04-06 16:10:12.785 27482 27482 W System.err: at arm.EpicVm.<clinit>(Unknown Source:2)
04-06 16:10:12.785 27482 27482 W System.err: at java.lang.Class.newInstance(Native Method)
04-06 16:10:12.785 27482 27482 W System.err: at android.app.AppComponentFactory.instantiateApplication(AppComponentFactory.java:76)
04-06 16:10:12.785 27482 27482 W System.err: at androidx.core.app.CoreComponentFactory.instantiateApplication(Unknown Source:0)
04-06 16:10:12.785 27482 27482 W System.err: at android.app.Instrumentation.newApplication(Instrumentation.java:1162)
04-06 16:10:12.785 27482 27482 W System.err: at android.app.LoadedApk.makeApplication(LoadedApk.java:1268)
04-06 16:10:12.785 27482 27482 W System.err: at android.app.ActivityThread.handleBindApplication(ActivityThread.java:7223)
04-06 16:10:12.785 27482 27482 W System.err: at android.app.ActivityThread.access$1600(ActivityThread.java:291)
04-06 16:10:12.785 27482 27482 W System.err: at android.app.ActivityThread$H.handleMessage(ActivityThread.java:2105)
04-06 16:10:12.785 27482 27482 W System.err: at android.os.Handler.dispatchMessage(Handler.java:106)
04-06 16:10:12.785 27482 27482 W System.err: at android.os.Looper.loop(Looper.java:257)
04-06 16:10:12.785 27482 27482 W System.err: at android.app.ActivityThread.main(ActivityThread.java:8349)
04-06 16:10:12.785 27482 27482 W System.err: at java.lang.reflect.Method.invoke(Native Method)
04-06 16:10:12.785 27482 27482 W System.err: at com.android.internal.os.RuntimeInit$MethodAndArgsCaller.run(RuntimeInit.java:603)
04-06 16:10:12.785 27482 27482 W System.err: at com.android.internal.os.ZygoteInit.main(ZygoteInit.java:947)
04-06 16:10:12.890 27482 27482 E CustomActivityOnCrash: IMPORTANT WARNING! You already have an UncaughtExceptionHandler, are you sure this is correct? If you use a custom UncaughtExceptionHandler, you must initialize it AFTER CustomActivityOnCrash! Installing anyway, but your original handler will not be called.
04-06 16:10:13.385 27482 27482 W com.mbwhatsapp: Accessing hidden method Lcom/android/org/conscrypt/OpenSSLSocketImpl;->setUseSessionTickets(Z)V (greylist- max-q,test-api, reflection, denied)
04-06 16:10:13.386 27482 27482 W com.mbwhatsapp: Accessing hidden method Lcom/android/org/conscrypt/AbstractConscryptSocket;->setUseSessionTickets(Z)V (greylist-max-q, reflection, denied)
04-06 16:10:13.474 27482 27482 W linker : Warning: "/data/data/com.mbwhatsapp/files/decompressed/libs.spk.zst/libc++_shared.so" unused DT entry: unknown processor-specific (type 0x70000001 arg 0x0) (ignoring)
04-06 16:10:13.471 27482 27482 W com.mbwhatsapp: type=1400 audit(0.0:384766): avc: granted { execute } for path="/data/data/com.mbwhatsapp/files/decompressed/libs.spk.zst/libc++_shared.so" dev="dm-11" ino=232386 scontext=u:r:untrusted_app:s0:c63,c257,c512,c768 tcontext=u:object_r:app_data_file:s0:c63,c257,c512,c768 tclass=file app=com.mbwhatsapp
04-06 16:10:13.475 27482 27482 W com.mbwhatsapp: type=1400 audit(0.0:384767): avc: granted { execute } for path="/data/data/com.mbwhatsapp/files/decompressed/libs.spk.zst/libvlc.so" dev="dm- 11" ino=114964 scontext=u:r:untrusted_app:s0:c63,c257,c512,c768 tcontext=u:object_r:app_data_file:s0:c63,c257,c512,c768 tclass=file app=com.mbwhatsapp
04-06 16:10:13.487 27482 27482 W com.mbwhatsapp: type=1400 audit(0.0:384768): avc: granted { execute } for path="/data/data/com.mbwhatsapp/files/decompressed/libs.spk.zst/libwhatsapp.so" dev="dm-11" ino=297356 scontext=u:r:untrusted_app:s0:c63,c257,c512,c768 tcontext=u:object_r:app_data_file:s0:c63,c257,c512,c768 tclass=file app=com.mbwhatsapp
04-06 16:10:13.523 27482 27482 W com.mbwhatsapp: type=1400 audit(0.0:384769): avc: granted { execute } for path="/data/data/com.mbwhatsapp/files/decompressed/libs.spk.zst/libcurve25519.so" dev="dm-11" ino=276718 scontext=u:r:untrusted_app:s0:c63,c257,c512,c768 tcontext=u:object_r:app_data_file:s0:c63,c257,c512,c768 tclass=file app=com.mbwhatsapp
04-06 16:10:13.531 27482 27482 W com.mbwhatsapp: type=1400 audit(0.0:384770): avc: granted { execute } for path="/data/data/com.mbwhatsapp/files/decompressed/libs.spk.zst/libwhatsapp.so" dev="dm-11" ino=297356 scontext=u:r:untrusted_app:s0:c63,c257,c512,c768 tcontext=u:object_r:app_data_file:s0:c63,c257,c512,c768 tclass=file app=com.mbwhatsapp
04-06 16:10:13.535 27482 27482 W com.mbwhatsapp: type=1400 audit(0.0:384773): avc: denied { execmod } for path="/apex/com.android.runtime/lib64/bionic/libc.so" dev="loop26" ino=33 scontext=u:r:untrusted_app:s0:c63,c257,c512,c768 tcontext=u:object_r:system_lib_file:s0 tclass=file permissive=0 app=com.mbwhatsapp
04-06 16:10:13.685 27482 27482 W CheckTime: App running slow: Executing handleBindApplication : callApplicationOnCreate took 750ms
04-06 16:10:13.719 27482 27482 W com.mbwhatsapp: Class X.0eU failed lock verification and will run slower.
04-06 16:10:13.719 27482 27482 W com.mbwhatsapp: Common causes for lock verification issues are non-optimized dex code
04-06 16:10:13.719 27482 27482 W com.mbwhatsapp: and incorrect proguard optimizations.
04-06 16:10:13.719 27482 27530 W com.mbwhatsapp: Class X.2rL failed lock verification and will run slower.
04-06 16:10:14.046 27482 27482 W com.mbwhatsapp: Class com.mbwhatsapp.HomeActivity failed lock verification and will run slower.
04-06 16:10:14.620 27482 27482 E ArmVmp : Match on catch block at 0x0a in for 0xc5
04-06 16:10:14.662 27482 27482 E ArmVmp : Match on catch block at 0x0a in for 0x135
04-06 16:10:14.887 27482 27482 W CheckTime: App running slow: Executing activity onCreate took 833ms --------- beginning of system
04-06 16:10:15.231 27482 27542 W com.mbwhatsapp: Accessing hidden method Lcom/android/org/conscrypt/ConscryptEngineSocket;->setUseSessionTickets(Z)V (greylist-max-q,test-api, reflection, denied)
04-06 16:10:15.231 27482 27542 W com.mbwhatsapp: Accessing hidden method Lcom/android/org/conscrypt/OpenSSLSocketImpl;->setUseSessionTickets(Z)V (greylist- max-q,test-api, reflection, denied)
04-06 16:10:15.231 27482 27542 W com.mbwhatsapp: Accessing hidden method Lcom/android/org/conscrypt/AbstractConscryptSocket;->setUseSessionTickets(Z)V (greylist-max-q, reflection, denied)
04-06 16:10:15.231 27482 27542 W com.mbwhatsapp: Accessing hidden method Lcom/android/org/conscrypt/ConscryptEngineSocket;->setHostname(Ljava/lang/String;)V (greylist-max-q,test-api, reflection, denied)
04-06 16:10:15.231 27482 27542 W com.mbwhatsapp: Accessing hidden method Lcom/android/org/conscrypt/OpenSSLSocketImpl;->setHostname(Ljava/lang/String;)V (greylist-max-q,test-api, reflection, denied)
04-06 16:10:15.232 27482 27542 W com.mbwhatsapp: Accessing hidden method Lcom/android/org/conscrypt/AbstractConscryptSocket;->setHostname(Ljava/lang/ String;)V (greylist-max-q, reflection, denied)
04-06 16:10:15.232 27482 27542 W com.mbwhatsapp: Accessing hidden method Lcom/android/org/conscrypt/OpenSSLSocketImpl;->setAlpnProtocols([B)V (greylist-max- q,test-api, reflection, denied)
04-06 16:10:15.232 27482 27542 W com.mbwhatsapp: Accessing hidden method Lcom/android/org/conscrypt/AbstractConscryptSocket;->setAlpnProtocols([B)V (greylist-max-q, reflection, denied)
04-06 16:10:16.159 27482 27542 W com.mbwhatsapp: Accessing hidden method Lcom/android/org/conscrypt/OpenSSLSocketImpl;->getAlpnSelectedProtocol()[B (greylist-max-q,test-api, reflection, denied)
04-06 16:10:16.159 27482 27542 W com.mbwhatsapp: Accessing hidden method Lcom/android/org/conscrypt/AbstractConscryptSocket;->getAlpnSelectedProtocol()[B (greylist-max-q, reflection, denied)
04-06 16:10:16.518 27482 27482 E RecyclerView: No adapter attached; skipping layout
04-06 16:10:16.559 27482 27482 E OpenGLRenderer: ~SkiaDisplayList() ##### pid = 27482
04-06 16:10:16.761 27482 27482 E RecyclerView: No adapter attached; skipping layout
04-06 16:10:16.804 27482 27482 E ArmVmp : Match on catch block at 0x0a in for 0xd1
04-06 16:10:17.114 27482 27567 W LOTTIE : Animation contains merge paths. Merge paths are only supported on KitKat+ and must be manually enabled by calling enableMergePathsForKitKatAndAbove().
04-06 16:10:17.595 27482 27482 W LOTTIE : Animation contains merge paths but they are disabled.
04-06 16:10:18.510 27482 27503 W LibraryVersion: Failed to get app version for libraryName: firebase-iid
04-06 16:10:43.221 27482 27482 E Dialog : show dialog view=DecorView@16c765c[HomeActivity]
04-06 16:11:02.113 27482 27496 W System : A resource failed to call release.
04-06 16:11:02.115 27482 27496 W System : A resource failed to call release.
04-06 16:11:41.480 27482 27482 W InputEventReceiver: Attempted to finish an input event but the input event receiver has already been disposed. --------- beginning of system --------- beginning of main
04-06 16:13:58.338 28662 28662 E com.mbwhatsapp: Not starting debugger since process cannot load the jdwp agent.
04-06 16:13:58.364 28662 28681 E libc : Access denied finding property "vendor.MB.running"
04-06 16:13:58.379 28662 28662 W com.mbwhatsapp: OatFileAssistant::Lock: Failed to open file '/system/framework/org.apache.http.legacy.jar.arm64.flock': Read-only file system
04-06 16:13:58.389 28662 28662 W com.mbwhatsapp: OatFileAssistant::Lock: Failed to open file '/data/app/~~-k84dmHXhbN-9wCffgHlEw==/com.mbwhatsapp- hPlzhJdVjmPI7bE75BH7iQ==/base.apk.arm64.flock': Permission denied
04-06 16:13:58.695 28662 28662 W System.err: java.lang.ClassNotFoundException: mbmodsd.mbmodsw.ui.views.btn.BtnBK
04-06 16:13:58.695 28662 28662 W System.err: at java.lang.Runtime.nativeLoad(Native Method)
04-06 16:13:58.695 28662 28662 W System.err: at java.lang.Runtime.nativeLoad(Runtime.java:1131)
04-06 16:13:58.695 28662 28662 W System.err: at java.lang.Runtime.loadLibrary0(Runtime.java:1085)
04-06 16:13:58.695 28662 28662 W System.err: at java.lang.Runtime.loadLibrary0(Runtime.java:1008)
04-06 16:13:58.695 28662 28662 W System.err: at java.lang.System.loadLibrary(System.java:1664)
04-06 16:13:58.696 28662 28662 W System.err: at arm.EpicVm.<clinit>(Unknown Source:2)
04-06 16:13:58.696 28662 28662 W System.err: at java.lang.Class.newInstance(Native Method)
04-06 16:13:58.696 28662 28662 W System.err: at android.app.AppComponentFactory.instantiateApplication(AppComponentFactory.java:76)
04-06 16:13:58.696 28662 28662 W System.err: at androidx.core.app.CoreComponentFactory.instantiateApplication(Unknown Source:0)
04-06 16:13:58.696 28662 28662 W System.err: at android.app.Instrumentation.newApplication(Instrumentation.java:1162)
04-06 16:13:58.696 28662 28662 W System.err: at android.app.LoadedApk.makeApplication(LoadedApk.java:1268)
04-06 16:13:58.696 28662 28662 W System.err: at android.app.ActivityThread.handleBindApplication(ActivityThread.java:7223)
04-06 16:13:58.696 28662 28662 W System.err: at android.app.ActivityThread.access$1600(ActivityThread.java:291)
04-06 16:13:58.696 28662 28662 W System.err: at android.app.ActivityThread$H.handleMessage(ActivityThread.java:2105)
04-06 16:13:58.696 28662 28662 W System.err: at android.os.Handler.dispatchMessage(Handler.java:106)
04-06 16:13:58.696 28662 28662 W System.err: at android.os.Looper.loop(Looper.java:257)
04-06 16:13:58.696 28662 28662 W System.err: at android.app.ActivityThread.main(ActivityThread.java:8349)
04-06 16:13:58.696 28662 28662 W System.err: at java.lang.reflect.Method.invoke(Native Method)
04-06 16:13:58.696 28662 28662 W System.err: at com.android.internal.os.RuntimeInit$MethodAndArgsCaller.run(RuntimeInit.java:603)
04-06 16:13:58.696 28662 28662 W System.err: at com.android.internal.os.ZygoteInit.main(ZygoteInit.java:947)
04-06 16:13:58.821 28662 28662 W CheckTime: App running slow: Executing handleBindApplication : makeApplication took 346ms
04-06 16:13:58.831 28662 28662 E CustomActivityOnCrash: IMPORTANT WARNING! You already have an UncaughtExceptionHandler, are you sure this is correct? If you use a custom UncaughtExceptionHandler, you must initialize it AFTER CustomActivityOnCrash! Installing anyway, but your original handler will not be called.
04-06 16:13:59.430 28662 28662 W com.mbwhatsapp: Accessing hidden method Lcom/android/org/conscrypt/OpenSSLSocketImpl;->setUseSessionTickets(Z)V (greylist- max-q,test-api, reflection, denied)
04-06 16:13:59.430 28662 28662 W com.mbwhatsapp: Accessing hidden method Lcom/android/org/conscrypt/AbstractConscryptSocket;->setUseSessionTickets(Z)V (greylist-max-q, reflection, denied)
