04-30 00:01:36.982 7282 7282 W System.err: java.lang.ClassNotFoundException: mbmodsd.mbmodsw.ui.views.btn.BtnBK
04-30 00:01:36.983 7282 7282 W System.err: at java.lang.Runtime.nativeLoad(Native Method)
04-30 00:01:36.984 7282 7282 W System.err: at java.lang.Runtime.nativeLoad(Runtime.java:1131)
04-30 00:01:36.984 7282 7282 W System.err: at java.lang.Runtime.loadLibrary0(Runtime.java:1085)
04-30 00:01:36.985 7282 7282 W System.err: at java.lang.Runtime.loadLibrary0(Runtime.java:1008)
04-30 00:01:36.985 7282 7282 W System.err: at java.lang.System.loadLibrary(System.java:1664)
04-30 00:01:36.985 7282 7282 W System.err: at arm.EpicVm.<clinit>(Unknown Source:2)
04-30 00:01:36.985 7282 7282 W System.err: at java.lang.Class.newInstance(Native Method)
04-30 00:01:36.986 7282 7282 W System.err: at android.app.AppComponentFactory.instantiateApplication(AppComponentFactory.java:76)
04-30 00:01:36.986 7282 7282 W System.err: at androidx.core.app.CoreComponentFactory.instantiateApplication(Unknown Source:0)
04-30 00:01:36.987 7282 7282 W System.err: at android.app.Instrumentation.newApplication(Instrumentation.java:1158)
04-30 00:01:36.987 7282 7282 W System.err: at android.app.LoadedApk.makeApplication(LoadedApk.java:1324)
04-30 00:01:36.987 7282 7282 W System.err: at android.app.ActivityThread.handleBindApplication(ActivityThread.java:7272)
04-30 00:01:36.988 7282 7282 W System.err: at android.app.ActivityThread.access$1700(ActivityThread.java:309)
04-30 00:01:36.988 7282 7282 W System.err: at android.app.ActivityThread$H.handleMessage(ActivityThread.java:2194)
04-30 00:01:36.988 7282 7282 W System.err: at android.os.Handler.dispatchMessage(Handler.java:106)
04-30 00:01:36.988 7282 7282 W System.err: at android.os.Looper.loop(Looper.java:264)
04-30 00:01:36.989 7282 7282 W System.err: at android.app.ActivityThread.main(ActivityThread.java:8315)
04-30 00:01:36.989 7282 7282 W System.err: at java.lang.reflect.Method.invoke(Native Method)
04-30 00:01:36.989 7282 7282 W System.err: at com.android.internal.os.RuntimeInit$MethodAndArgsCaller.run(RuntimeInit.java:632)
04-30 00:01:36.989 7282 7282 W System.err: at com.android.internal.os.ZygoteInit.main(ZygoteInit.java:1049)
04-30 00:01:37.142 7282 7282 E CustomActivityOnCrash: IMPORTANT WARNING! You already have an UncaughtExceptionHandler, are you sure this is correct? If you use a custom UncaughtExceptionHandler, you must initialize it AFTER CustomActivityOnCrash! Installing anyway, but your original handler will not be called.
04-30 00:01:41.894 7282 7282 W com.mbwhatsapp: Accessing hidden method Lcom/android/org/conscrypt/OpenSSLSocketImpl;->setUseSessionTickets(Z)V (greylist- max-q,test-api, reflection, denied)
04-30 00:01:41.895 7282 7282 W com.mbwhatsapp: Accessing hidden method Lcom/android/org/conscrypt/AbstractConscryptSocket;->setUseSessionTickets(Z)V (greylist-max-q, reflection, denied)
04-30 00:01:42.014 7282 7282 W linker : Warning: "/data/data/com.mbwhatsapp/files/decompressed/libs.spk.zst/libc++_shared.so" unused DT entry: unknown processor-specific (type 0x70000001 arg 0x0) (ignoring)
04-30 00:01:42.364 7282 7282 E ANR_LOG : >>> msg's executing time is too long
04-30 00:01:42.364 7282 7282 E ANR_LOG : Blocked msg = { when=-6s154ms what=110 target=android.app.ActivityThread$H obj=AppBindData{appInfo=ApplicationInfo{6064303 com.mbwhatsapp}} } , cost = 6145 ms
04-30 00:01:42.364 7282 7282 E ANR_LOG : >>>Current msg List is:
04-30 00:01:42.365 7282 7282 E ANR_LOG : Current msg <1> = { when=-6s153ms what=113 target=android.app.ActivityThread$H obj=ReceiverData{intent=Intent { flg=0x80014 cmp=com.mbwhatsapp/.yo.autoschedreply.Receiver (has extras) } packageName=com.mbwhatsapp resultCode=0 resultData=null resultExtras=null} }
04-30 00:01:42.365 7282 7282 E ANR_LOG : Current msg <2> = { when=-6s151ms what=9999 target=android.app.ActivityThread$H }
04-30 00:01:42.365 7282 7282 E ANR_LOG : Current msg <3> = { when=-787ms what=0 target=android.app.ActivityThread$H callback=android.app.-$ $Lambda$LoadedApk$ReceiverDispatcher$Args$_BumDX2UKsnxLVrE6UJsJZkotuA }
04-30 00:01:42.366 7282 7282 E ANR_LOG : >>>CURRENT MSG DUMP OVER<<<
04-30 00:01:42.366 7282 7396 W com.mbwhatsapp: Class X.2rL failed lock verification and will run slower.
04-30 00:01:42.366 7282 7396 W com.mbwhatsapp: Common causes for lock verification issues are non-optimized dex code
04-30 00:01:42.366 7282 7396 W com.mbwhatsapp: and incorrect proguard optimizations.
04-30 00:01:42.888 7282 7407 W System : ClassLoader referenced unknown path: system/framework/mediatek-cta.jar
04-30 00:01:43.027 7282 7403 W System : ClassLoader referenced unknown path: system/framework/mediatek-cta.jar
04-30 00:01:43.190 7282 7402 E CheckPermission: _bluetooth code = 1
04-30 00:01:43.193 7282 7402 E CheckPermission: _bluetooth code = 3
04-30 00:01:43.195 7282 7402 E CheckPermission: _bluetooth code = 11 --------- beginning of system
04-30 00:03:49.745 7282 7282 E OplusCustomizeRestrictionManager: sInstance is null, start a new sInstance --------- beginning of main
04-30 00:04:58.949 9586 9586 E com.mbwhatsapp: Unknown bits set in runtime_flags: 0x40000000
04-30 00:04:58.961 9586 9586 E com.mbwhatsapp: Not starting debugger since process cannot load the jdwp agent.
04-30 00:04:58.983 9586 9586 E RefClass: java.lang.reflect.InvocationTargetException
04-30 00:04:59.054 9586 9586 E libc : Access denied finding property "ro.odm.prev.product.name"
04-30 00:04:59.664 9586 9586 W System.err: java.lang.ClassNotFoundException: mbmodsd.mbmodsw.ui.views.btn.BtnBK
04-30 00:04:59.670 9586 9586 W System.err: at java.lang.Runtime.nativeLoad(Native Method)
04-30 00:04:59.670 9586 9586 W System.err: at java.lang.Runtime.nativeLoad(Runtime.java:1131)
04-30 00:04:59.670 9586 9586 W System.err: at java.lang.Runtime.loadLibrary0(Runtime.java:1085)
04-30 00:04:59.670 9586 9586 W System.err: at java.lang.Runtime.loadLibrary0(Runtime.java:1008)
04-30 00:04:59.670 9586 9586 W System.err: at java.lang.System.loadLibrary(System.java:1664)
04-30 00:04:59.670 9586 9586 W System.err: at arm.EpicVm.<clinit>(Unknown Source:2)
04-30 00:04:59.670 9586 9586 W System.err: at java.lang.Class.newInstance(Native Method)
04-30 00:04:59.670 9586 9586 W System.err: at android.app.AppComponentFactory.instantiateApplication(AppComponentFactory.java:76)
04-30 00:04:59.670 9586 9586 W System.err: at androidx.core.app.CoreComponentFactory.instantiateApplication(Unknown Source:0)
04-30 00:04:59.670 9586 9586 W System.err: at android.app.Instrumentation.newApplication(Instrumentation.java:1158)
04-30 00:04:59.670 9586 9586 W System.err: at android.app.LoadedApk.makeApplication(LoadedApk.java:1324)
04-30 00:04:59.670 9586 9586 W System.err: at android.app.ActivityThread.handleBindApplication(ActivityThread.java:7272)
04-30 00:04:59.670 9586 9586 W System.err: at android.app.ActivityThread.access$1700(ActivityThread.java:309)
04-30 00:04:59.670 9586 9586 W System.err: at android.app.ActivityThread$H.handleMessage(ActivityThread.java:2194)
04-30 00:04:59.670 9586 9586 W System.err: at android.os.Handler.dispatchMessage(Handler.java:106)
04-30 00:04:59.671 9586 9586 W System.err: at android.os.Looper.loop(Looper.java:264)
04-30 00:04:59.671 9586 9586 W System.err: at android.app.ActivityThread.main(ActivityThread.java:8315)
04-30 00:04:59.671 9586 9586 W System.err: at java.lang.reflect.Method.invoke(Native Method)
04-30 00:04:59.671 9586 9586 W System.err: at com.android.internal.os.RuntimeInit$MethodAndArgsCaller.run(RuntimeInit.java:632)
04-30 00:04:59.671 9586 9586 W System.err: at com.android.internal.os.ZygoteInit.main(ZygoteInit.java:1049)
04-30 00:04:59.771 9586 9586 E CustomActivityOnCrash: IMPORTANT WARNING! You already have an UncaughtExceptionHandler, are you sure this is correct? If you use a custom UncaughtExceptionHandler, you must initialize it AFTER CustomActivityOnCrash! Installing anyway, but your original handler will not be called.
04-30 00:05:01.683 9586 9586 W com.mbwhatsapp: Accessing hidden method Lcom/android/org/conscrypt/OpenSSLSocketImpl;->setUseSessionTickets(Z)V (greylist- max-q,test-api, reflection, denied)
04-30 00:05:01.684 9586 9586 W com.mbwhatsapp: Accessing hidden method Lcom/android/org/conscrypt/AbstractConscryptSocket;->setUseSessionTickets(Z)V (greylist-max-q, reflection, denied)
04-30 00:05:01.944 9586 9586 W linker : Warning: "/data/data/com.mbwhatsapp/files/decompressed/libs.spk.zst/libc++_shared.so" unused DT entry: unknown processor-specific (type 0x70000001 arg 0x0) (ignoring)
04-30 00:05:02.339 9586 9752 W com.mbwhatsapp: Class X.2rL failed lock verification and will run slower.
04-30 00:05:02.339 9586 9752 W com.mbwhatsapp: Common causes for lock verification issues are non-optimized dex code
04-30 00:05:02.339 9586 9752 W com.mbwhatsapp: and incorrect proguard optimizations.
04-30 00:05:02.346 9586 9586 E ANR_LOG : >>> msg's executing time is too long
04-30 00:05:02.346 9586 9586 E ANR_LOG : Blocked msg = { when=-3s332ms what=110 target=android.app.ActivityThread$H obj=AppBindData{appInfo=ApplicationInfo{5c525bd com.mbwhatsapp}} } , cost = 3330 ms
04-30 00:05:02.346 9586 9586 E ANR_LOG : >>>Current msg List is:
04-30 00:05:02.347 9586 9586 E ANR_LOG : Current msg <1> = { when=-3s332ms what=9999 target=android.app.ActivityThread$H }
04-30 00:05:02.347 9586 9586 E ANR_LOG : Current msg <2> = { when=-3s332ms what=113 target=android.app.ActivityThread$H obj=ReceiverData{intent=Intent { flg=0x80014 cmp=com.mbwhatsapp/.yo.autoschedreply.Receiver (has extras) } packageName=com.mbwhatsapp resultCode=0 resultData=null resultExtras=null} }
04-30 00:05:02.347 9586 9586 E ANR_LOG : Current msg <3> = { when=-3s26ms what=0 target=android.app.ActivityThread$H callback=com.android.internal.util.function.pooled.PooledLambdaImpl }
04-30 00:05:02.347 9586 9586 E ANR_LOG : Current msg <4> = { when=-1s80ms what=0 target=android.app.ActivityThread$H callback=android.app.-$ $Lambda$LoadedApk$ReceiverDispatcher$Args$_BumDX2UKsnxLVrE6UJsJZkotuA }
04-30 00:05:02.347 9586 9586 E ANR_LOG : Current msg <5> = { when=-574ms what=0 target=android.app.ActivityThread$H callback=com.android.internal.util.function.pooled.PooledLambdaImpl }
04-30 00:05:02.347 9586 9586 E ANR_LOG : >>>CURRENT MSG DUMP OVER<<<
04-30 00:05:02.909 9586 9800 W System : ClassLoader referenced unknown path: system/framework/mediatek-cta.jar
04-30 00:05:02.950 9586 9800 W System : ClassLoader referenced unknown path: system/framework/mediatek-cta.jar
04-30 00:05:06.950 9586 9786 E CheckPermission: _bluetooth code = 1
04-30 00:05:06.956 9586 9786 E CheckPermission: _bluetooth code = 3
04-30 00:05:06.962 9586 9786 E CheckPermission: _bluetooth code = 11 --------- beginning of main
04-30 00:05:30.403 10601 10601 E com.mbwhatsapp: Unknown bits set in runtime_flags: 0x40000000
04-30 00:05:30.415 10601 10601 E com.mbwhatsapp: Not starting debugger since process cannot load the jdwp agent.
04-30 00:05:30.429 10601 10601 E RefClass: java.lang.reflect.InvocationTargetException
04-30 00:05:30.490 10601 10601 E libc : Access denied finding property "ro.odm.prev.product.name"
04-30 00:05:30.796 10601 10601 W System.err: java.lang.ClassNotFoundException: mbmodsd.mbmodsw.ui.views.btn.BtnBK
04-30 00:05:30.796 10601 10601 W System.err: at java.lang.Runtime.nativeLoad(Native Method)
04-30 00:05:30.797 10601 10601 W System.err: at java.lang.Runtime.nativeLoad(Runtime.java:1131)
04-30 00:05:30.797 10601 10601 W System.err: at java.lang.Runtime.loadLibrary0(Runtime.java:1085)
04-30 00:05:30.797 10601 10601 W System.err: at java.lang.Runtime.loadLibrary0(Runtime.java:1008)
04-30 00:05:30.797 10601 10601 W System.err: at java.lang.System.loadLibrary(System.java:1664)
04-30 00:05:30.798 10601 10601 W System.err: at arm.EpicVm.<clinit>(Unknown Source:2)
04-30 00:05:30.798 10601 10601 W System.err: at java.lang.Class.newInstance(Native Method)
04-30 00:05:30.798 10601 10601 W System.err: at android.app.AppComponentFactory.instantiateApplication(AppComponentFactory.java:76)
04-30 00:05:30.798 10601 10601 W System.err: at androidx.core.app.CoreComponentFactory.instantiateApplication(Unknown Source:0)
04-30 00:05:30.798 10601 10601 W System.err: at android.app.Instrumentation.newApplication(Instrumentation.java:1158)
04-30 00:05:30.798 10601 10601 W System.err: at android.app.LoadedApk.makeApplication(LoadedApk.java:1324)
04-30 00:05:30.799 10601 10601 W System.err: at android.app.ActivityThread.handleBindApplication(ActivityThread.java:7272)
04-30 00:05:30.799 10601 10601 W System.err: at android.app.ActivityThread.access$1700(ActivityThread.java:309)
04-30 00:05:30.799 10601 10601 W System.err: at android.app.ActivityThread$H.handleMessage(ActivityThread.java:2194)
04-30 00:05:30.799 10601 10601 W System.err: at android.os.Handler.dispatchMessage(Handler.java:106)
04-30 00:05:30.799 10601 10601 W System.err: at android.os.Looper.loop(Looper.java:264)
04-30 00:05:30.799 10601 10601 W System.err: at android.app.ActivityThread.main(ActivityThread.java:8315)
04-30 00:05:30.800 10601 10601 W System.err: at java.lang.reflect.Method.invoke(Native Method)
04-30 00:05:30.800 10601 10601 W System.err: at com.android.internal.os.RuntimeInit$MethodAndArgsCaller.run(RuntimeInit.java:632)
04-30 00:05:30.800 10601 10601 W System.err: at com.android.internal.os.ZygoteInit.main(ZygoteInit.java:1049)
04-30 00:05:30.875 10601 10601 E CustomActivityOnCrash: IMPORTANT WARNING! You already have an UncaughtExceptionHandler, are you sure this is correct? If you use a custom UncaughtExceptionHandler, you must initialize it AFTER CustomActivityOnCrash! Installing anyway, but your original handler will not be called.
04-30 00:05:31.599 10601 10601 W com.mbwhatsapp: Accessing hidden method Lcom/android/org/conscrypt/OpenSSLSocketImpl;->setUseSessionTickets(Z)V (greylist- max-q,test-api, reflection, denied)
04-30 00:05:31.600 10601 10601 W com.mbwhatsapp: Accessing hidden method Lcom/android/org/conscrypt/AbstractConscryptSocket;->setUseSessionTickets(Z)V (greylist-max-q, reflection, denied)
04-30 00:05:31.707 10601 10601 W linker : Warning: "/data/data/com.mbwhatsapp/files/decompressed/libs.spk.zst/libc++_shared.so" unused DT entry: unknown processor-specific (type 0x70000001 arg 0x0) (ignoring)
04-30 00:05:32.009 10601 10601 E ANR_LOG : >>> msg's executing time is too long
04-30 00:05:32.009 10601 10601 E ANR_LOG : Blocked msg = { when=-1s558ms what=110 target=android.app.ActivityThread$H obj=AppBindData{appInfo=ApplicationInfo{9874198 com.mbwhatsapp}} } , cost = 1551 ms
04-30 00:05:32.009 10601 10601 E ANR_LOG : >>>Current msg List is:
04-30 00:05:32.010 10601 10601 E ANR_LOG : Current msg <1> = { when=-1s557ms what=113 target=android.app.ActivityThread$H obj=ReceiverData{intent=Intent { flg=0x80014 cmp=com.mbwhatsapp/.yo.autoschedreply.Receiver (has extras) } packageName=com.mbwhatsapp resultCode=0 resultData=null resultExtras=null} }
04-30 00:05:32.010 10601 10601 E ANR_LOG : Current msg <2> = { when=-627ms what=0 target=android.app.ActivityThread$H callback=android.app.-$ $Lambda$LoadedApk$ReceiverDispatcher$Args$_BumDX2UKsnxLVrE6UJsJZkotuA }
04-30 00:05:32.010 10601 10601 E ANR_LOG : >>>CURRENT MSG DUMP OVER<<<
04-30 00:05:32.011 10601 10670 W com.mbwhatsapp: Class X.2rL failed lock verification and will run slower.
04-30 00:05:32.011 10601 10670 W com.mbwhatsapp: Common causes for lock verification issues are non-optimized dex code
04-30 00:05:32.011 10601 10670 W com.mbwhatsapp: and incorrect proguard optimizations.
04-30 00:05:32.288 10601 10683 W System : ClassLoader referenced unknown path: system/framework/mediatek-cta.jar
04-30 00:05:32.471 10601 10678 W System : ClassLoader referenced unknown path: system/framework/mediatek-cta.jar
04-30 00:05:33.169 10601 10676 E CheckPermission: _bluetooth code = 1
04-30 00:05:33.170 10601 10676 E CheckPermission: _bluetooth code = 3
04-30 00:05:33.172 10601 10676 E CheckPermission: _bluetooth code = 11 --------- beginning of main
04-30 00:06:22.017 11067 11067 E com.mbwhatsapp: Unknown bits set in runtime_flags: 0x40000000
04-30 00:06:22.025 11067 11067 E com.mbwhatsapp: Not starting debugger since process cannot load the jdwp agent.
04-30 00:06:22.037 11067 11067 E RefClass: java.lang.reflect.InvocationTargetException
04-30 00:06:22.083 11067 11067 E libc : Access denied finding property "ro.odm.prev.product.name"
04-30 00:06:22.493 11067 11067 W System.err: java.lang.ClassNotFoundException: mbmodsd.mbmodsw.ui.views.btn.BtnBK
04-30 00:06:22.493 11067 11067 W System.err: at java.lang.Runtime.nativeLoad(Native Method)
04-30 00:06:22.494 11067 11067 W System.err: at java.lang.Runtime.nativeLoad(Runtime.java:1131)
04-30 00:06:22.494 11067 11067 W System.err: at java.lang.Runtime.loadLibrary0(Runtime.java:1085)
04-30 00:06:22.494 11067 11067 W System.err: at java.lang.Runtime.loadLibrary0(Runtime.java:1008)
04-30 00:06:22.494 11067 11067 W System.err: at java.lang.System.loadLibrary(System.java:1664)
04-30 00:06:22.494 11067 11067 W System.err: at arm.EpicVm.<clinit>(Unknown Source:2)
04-30 00:06:22.494 11067 11067 W System.err: at java.lang.Class.newInstance(Native Method)
04-30 00:06:22.494 11067 11067 W System.err: at android.app.AppComponentFactory.instantiateApplication(AppComponentFactory.java:76)
04-30 00:06:22.494 11067 11067 W System.err: at androidx.core.app.CoreComponentFactory.instantiateApplication(Unknown Source:0)
04-30 00:06:22.494 11067 11067 W System.err: at android.app.Instrumentation.newApplication(Instrumentation.java:1158)
04-30 00:06:22.494 11067 11067 W System.err: at android.app.LoadedApk.makeApplication(LoadedApk.java:1324)
04-30 00:06:22.494 11067 11067 W System.err: at android.app.ActivityThread.handleBindApplication(ActivityThread.java:7272)
04-30 00:06:22.495 11067 11067 W System.err: at android.app.ActivityThread.access$1700(ActivityThread.java:309)
04-30 00:06:22.495 11067 11067 W System.err: at android.app.ActivityThread$H.handleMessage(ActivityThread.java:2194)
04-30 00:06:22.495 11067 11067 W System.err: at android.os.Handler.dispatchMessage(Handler.java:106)
04-30 00:06:22.495 11067 11067 W System.err: at android.os.Looper.loop(Looper.java:264)
04-30 00:06:22.495 11067 11067 W System.err: at android.app.ActivityThread.main(ActivityThread.java:8315)
04-30 00:06:22.495 11067 11067 W System.err: at java.lang.reflect.Method.invoke(Native Method)
04-30 00:06:22.495 11067 11067 W System.err: at com.android.internal.os.RuntimeInit$MethodAndArgsCaller.run(RuntimeInit.java:632)
04-30 00:06:22.495 11067 11067 W System.err: at com.android.internal.os.ZygoteInit.main(ZygoteInit.java:1049)
04-30 00:06:22.577 11067 11067 E CustomActivityOnCrash: IMPORTANT WARNING! You already have an UncaughtExceptionHandler, are you sure this is correct? If you use a custom UncaughtExceptionHandler, you must initialize it AFTER CustomActivityOnCrash! Installing anyway, but your original handler will not be called.
04-30 00:06:23.222 11067 11067 W com.mbwhatsapp: Accessing hidden method Lcom/android/org/conscrypt/OpenSSLSocketImpl;->setUseSessionTickets(Z)V (greylist- max-q,test-api, reflection, denied)
04-30 00:06:23.223 11067 11067 W com.mbwhatsapp: Accessing hidden method Lcom/android/org/conscrypt/AbstractConscryptSocket;->setUseSessionTickets(Z)V (greylist-max-q, reflection, denied)
04-30 00:06:23.315 11067 11067 W linker : Warning: "/data/data/com.mbwhatsapp/files/decompressed/libs.spk.zst/libc++_shared.so" unused DT entry: unknown processor-specific (type 0x70000001 arg 0x0) (ignoring)
04-30 00:06:23.580 11067 11067 E ANR_LOG : >>> msg's executing time is too long
04-30 00:06:23.581 11067 11067 E ANR_LOG : Blocked msg = { when=-1s525ms what=110 target=android.app.ActivityThread$H obj=AppBindData{appInfo=ApplicationInfo{5c525bd com.mbwhatsapp}} } , cost = 1521 ms
04-30 00:06:23.581 11067 11067 E ANR_LOG : >>>Current msg List is:
04-30 00:06:23.581 11067 11157 W com.mbwhatsapp: Class X.2rL failed lock verification and will run slower.
04-30 00:06:23.581 11067 11157 W com.mbwhatsapp: Common causes for lock verification issues are non-optimized dex code
04-30 00:06:23.581 11067 11157 W com.mbwhatsapp: and incorrect proguard optimizations.
04-30 00:06:23.581 11067 11067 E ANR_LOG : Current msg <1> = { when=-1s523ms what=113 target=android.app.ActivityThread$H obj=ReceiverData{intent=Intent { flg=0x80014 cmp=com.mbwhatsapp/.yo.autoschedreply.Receiver (has extras) } packageName=com.mbwhatsapp resultCode=0 resultData=null resultExtras=null} }
04-30 00:06:23.581 11067 11067 E ANR_LOG : Current msg <2> = { when=-1s523ms what=9999 target=android.app.ActivityThread$H }
04-30 00:06:23.582 11067 11067 E ANR_LOG : Current msg <3> = { when=-1s513ms what=0 target=android.app.ActivityThread$H callback=com.android.internal.util.function.pooled.PooledLambdaImpl }
04-30 00:06:23.582 11067 11067 E ANR_LOG : Current msg <4> = { when=-567ms what=0 target=android.app.ActivityThread$H callback=android.app.-$ $Lambda$LoadedApk$ReceiverDispatcher$Args$_BumDX2UKsnxLVrE6UJsJZkotuA }
04-30 00:06:23.582 11067 11067 E ANR_LOG : >>>CURRENT MSG DUMP OVER<<<
04-30 00:06:23.806 11067 11170 W System : ClassLoader referenced unknown path: system/framework/mediatek-cta.jar
04-30 00:06:23.895 11067 11169 W System : ClassLoader referenced unknown path: system/framework/mediatek-cta.jar
04-30 00:06:23.992 11067 11163 E CheckPermission: _bluetooth code = 1
04-30 00:06:23.993 11067 11163 E CheckPermission: _bluetooth code = 3
04-30 00:06:23.995 11067 11163 E CheckPermission: _bluetooth code = 11 --------- beginning of main
04-30 00:07:05.528 11693 11693 E com.mbwhatsapp: Unknown bits set in runtime_flags: 0x40000000
04-30 00:07:05.536 11693 11693 E com.mbwhatsapp: Not starting debugger since process cannot load the jdwp agent.
04-30 00:07:05.549 11693 11693 E RefClass: java.lang.reflect.InvocationTargetException
04-30 00:07:05.607 11693 11693 E libc : Access denied finding property "ro.odm.prev.product.name"
04-30 00:07:05.905 11693 11693 W System.err: java.lang.ClassNotFoundException: mbmodsd.mbmodsw.ui.views.btn.BtnBK
04-30 00:07:05.906 11693 11693 W System.err: at java.lang.Runtime.nativeLoad(Native Method)
04-30 00:07:05.906 11693 11693 W System.err: at java.lang.Runtime.nativeLoad(Runtime.java:1131)
04-30 00:07:05.906 11693 11693 W System.err: at java.lang.Runtime.loadLibrary0(Runtime.java:1085)
04-30 00:07:05.906 11693 11693 W System.err: at java.lang.Runtime.loadLibrary0(Runtime.java:1008)
04-30 00:07:05.906 11693 11693 W System.err: at java.lang.System.loadLibrary(System.java:1664)
04-30 00:07:05.906 11693 11693 W System.err: at arm.EpicVm.<clinit>(Unknown Source:2)
04-30 00:07:05.906 11693 11693 W System.err: at java.lang.Class.newInstance(Native Method)
04-30 00:07:05.906 11693 11693 W System.err: at android.app.AppComponentFactory.instantiateApplication(AppComponentFactory.java:76)
04-30 00:07:05.906 11693 11693 W System.err: at androidx.core.app.CoreComponentFactory.instantiateApplication(Unknown Source:0)
04-30 00:07:05.906 11693 11693 W System.err: at android.app.Instrumentation.newApplication(Instrumentation.java:1158)
04-30 00:07:05.906 11693 11693 W System.err: at android.app.LoadedApk.makeApplication(LoadedApk.java:1324)
04-30 00:07:05.906 11693 11693 W System.err: at android.app.ActivityThread.handleBindApplication(ActivityThread.java:7272)
04-30 00:07:05.906 11693 11693 W System.err: at android.app.ActivityThread.access$1700(ActivityThread.java:309)
04-30 00:07:05.906 11693 11693 W System.err: at android.app.ActivityThread$H.handleMessage(ActivityThread.java:2194)
04-30 00:07:05.906 11693 11693 W System.err: at android.os.Handler.dispatchMessage(Handler.java:106)
04-30 00:07:05.906 11693 11693 W System.err: at android.os.Looper.loop(Looper.java:264)
04-30 00:07:05.906 11693 11693 W System.err: at android.app.ActivityThread.main(ActivityThread.java:8315)
04-30 00:07:05.906 11693 11693 W System.err: at java.lang.reflect.Method.invoke(Native Method)
04-30 00:07:05.906 11693 11693 W System.err: at com.android.internal.os.RuntimeInit$MethodAndArgsCaller.run(RuntimeInit.java:632)
04-30 00:07:05.906 11693 11693 W System.err: at com.android.internal.os.ZygoteInit.main(ZygoteInit.java:1049)
04-30 00:07:05.964 11693 11693 E CustomActivityOnCrash: IMPORTANT WARNING! You already have an UncaughtExceptionHandler, are you sure this is correct? If you use a custom UncaughtExceptionHandler, you must initialize it AFTER CustomActivityOnCrash! Installing anyway, but your original handler will not be called.
04-30 00:07:06.370 11693 11693 W com.mbwhatsapp: Accessing hidden method Lcom/android/org/conscrypt/OpenSSLSocketImpl;->setUseSessionTickets(Z)V (greylist- max-q,test-api, reflection, denied)
04-30 00:07:06.370 11693 11693 W com.mbwhatsapp: Accessing hidden method Lcom/android/org/conscrypt/AbstractConscryptSocket;->setUseSessionTickets(Z)V (greylist-max-q, reflection, denied)
04-30 00:07:06.444 11693 11693 W linker : Warning: "/data/data/com.mbwhatsapp/files/decompressed/libs.spk.zst/libc++_shared.so" unused DT entry: unknown processor-specific (type 0x70000001 arg 0x0) (ignoring)
04-30 00:07:06.687 11693 11744 W com.mbwhatsapp: Class X.2rL failed lock verification and will run slower.
04-30 00:07:06.687 11693 11744 W com.mbwhatsapp: Common causes for lock verification issues are non-optimized dex code
04-30 00:07:06.687 11693 11744 W com.mbwhatsapp: and incorrect proguard optimizations.
04-30 00:07:06.702 11693 11751 E libEGL : Invalid file path for libcolorx- loader.so
04-30 00:07:06.746 11693 11693 W com.mbwhatsapp: Class com.mbwhatsapp.HomeActivity failed lock verification and will run slower.
04-30 00:07:06.762 11693 11693 W com.mbwhatsapp: Class X.0eU failed lock verification and will run slower. --------- beginning of system
04-30 00:07:06.933 11693 11693 E OplusCustomizeRestrictionManager: sInstance is null, start a new sInstance
04-30 00:07:07.328 11693 11693 E ion : ioctl c0044901 failed with code -1: Invalid argument
04-30 00:07:07.405 11693 11693 E ArmVmp : Match on catch block at 0x0a in for 0xc1
04-30 00:07:07.416 11693 11755 W System : ClassLoader referenced unknown path: system/framework/mediatek-cta.jar
04-30 00:07:07.443 11693 11693 E ArmVmp : Match on catch block at 0x0a in for 0x135
04-30 00:07:07.448 11693 11693 E Parcel : Reading a NULL string not supported here.
04-30 00:07:07.480 11693 11755 W com.mbwhatsapp: Accessing hidden method Lcom/android/org/conscrypt/ConscryptEngineSocket;->setUseSessionTickets(Z)V (greylist-max-q,test-api, reflection, denied)
04-30 00:07:07.480 11693 11755 W com.mbwhatsapp: Accessing hidden method Lcom/android/org/conscrypt/OpenSSLSocketImpl;->setUseSessionTickets(Z)V (greylist- max-q,test-api, reflection, denied)
04-30 00:07:07.480 11693 11755 W com.mbwhatsapp: Accessing hidden method Lcom/android/org/conscrypt/AbstractConscryptSocket;->setUseSessionTickets(Z)V (greylist-max-q, reflection, denied)
04-30 00:07:07.481 11693 11755 W com.mbwhatsapp: Accessing hidden method Lcom/android/org/conscrypt/ConscryptEngineSocket;->setHostname(Ljava/lang/String;)V (greylist-max-q,test-api, reflection, denied)
04-30 00:07:07.481 11693 11755 W com.mbwhatsapp: Accessing hidden method Lcom/android/org/conscrypt/OpenSSLSocketImpl;->setHostname(Ljava/lang/String;)V (greylist-max-q,test-api, reflection, denied)
04-30 00:07:07.481 11693 11755 W com.mbwhatsapp: Accessing hidden method Lcom/android/org/conscrypt/AbstractConscryptSocket;->setHostname(Ljava/lang/ String;)V (greylist-max-q, reflection, denied)
04-30 00:07:07.482 11693 11755 W com.mbwhatsapp: Accessing hidden method Lcom/android/org/conscrypt/OpenSSLSocketImpl;->setAlpnProtocols([B)V (greylist-max- q,test-api, reflection, denied)
04-30 00:07:07.482 11693 11755 W com.mbwhatsapp: Accessing hidden method Lcom/android/org/conscrypt/AbstractConscryptSocket;->setAlpnProtocols([B)V (greylist-max-q, reflection, denied)
04-30 00:07:07.488 11693 11693 E Parcel : Reading a NULL string not supported here.
04-30 00:07:07.579 11693 11755 W com.mbwhatsapp: Accessing hidden method Lcom/android/org/conscrypt/OpenSSLSocketImpl;->getAlpnSelectedProtocol()[B (greylist-max-q,test-api, reflection, denied)
04-30 00:07:07.580 11693 11755 W com.mbwhatsapp: Accessing hidden method Lcom/android/org/conscrypt/AbstractConscryptSocket;->getAlpnSelectedProtocol()[B (greylist-max-q, reflection, denied)
04-30 00:07:07.631 11693 11762 W System : ClassLoader referenced unknown path: system/framework/mediatek-cta.jar
04-30 00:07:07.967 11693 11775 W LOTTIE : Animation contains merge paths. Merge paths are only supported on KitKat+ and must be manually enabled by calling enableMergePathsForKitKatAndAbove().
04-30 00:07:08.041 11693 11693 E libEGL : Invalid file path for libcolorx- loader.so
04-30 00:07:08.044 11693 11693 E libEGL : Invalid file path for libcolorx- loader.so
04-30 00:07:08.044 11693 11693 E libEGL : Invalid file path for libcolorx- loader.so
04-30 00:07:08.045 11693 11693 E libEGL : Invalid file path for libcolorx- loader.so
04-30 00:07:08.045 11693 11693 E libEGL : Invalid file path for libcolorx- loader.so
04-30 00:07:08.149 11693 11693 W LOTTIE : Animation contains merge paths but they are disabled.
04-30 00:07:08.248 11693 11749 E libEGL : Invalid file path for libcolorx- loader.so
04-30 00:07:08.260 11693 11749 E Parcel : Reading a NULL string not supported here.
04-30 00:07:08.262 11693 11749 E Parcel : Reading a NULL string not supported here.
04-30 00:07:08.277 11693 11749 E libEGL : Invalid file path for libcolorx- loader.so
04-30 00:07:08.288 11693 11749 E libEGL : Invalid file path for libcolorx- loader.so
04-30 00:07:08.419 11693 11798 E libc : Access denied finding property "vendor.debug.drm.logv"
04-30 00:07:08.419 11693 11798 E libc : Access denied finding property "vendor.debug.drm.logv"
04-30 00:07:08.420 11693 11798 E libc : Access denied finding property "vendor.debug.drm.logd"
04-30 00:07:08.420 11693 11798 E libc : Access denied finding property "vendor.debug.drm.logv"
04-30 00:07:09.329 11693 11749 E ion : ioctl c0044901 failed with code -1: Invalid argument
04-30 00:07:09.785 11693 11693 E ScreenmodeClient: display mode not support
04-30 00:07:10.252 11693 11821 E libEGL : Invalid file path for libcolorx- loader.so
04-30 00:07:10.257 11693 11693 E ArmVmp : Match on catch block at 0x0a in for 0xd5
04-30 00:07:11.212 11693 11770 E CheckPermission: _bluetooth code = 1
04-30 00:07:11.214 11693 11770 E CheckPermission: _bluetooth code = 3
04-30 00:07:11.215 11693 11770 E CheckPermission: _bluetooth code = 11
04-30 00:07:28.613 11693 11693 E Parcel : Reading a NULL string not supported here.
04-30 00:07:28.737 11693 11996 E libEGL : Invalid file path for libcolorx- loader.so
04-30 00:07:29.454 11693 11693 E ArmVmp : Match on catch block at 0x0a in for 0xc5
04-30 00:07:29.462 11693 11693 E ArmVmp : Match on catch block at 0x0a in for 0xc5
04-30 00:07:29.562 11693 11693 E libEGL : Invalid file path for libcolorx- loader.so
04-30 00:07:29.564 11693 11693 E libEGL : Invalid file path for libcolorx- loader.so
04-30 00:07:30.088 11693 11693 E ArmVmp : Match on catch block at 0xc3 in for 0xb1
04-30 00:07:30.096 11693 11693 E ArmVmp : Match on catch block at 0xc3 in for 0xb9
04-30 00:07:30.208 11693 11693 E ArmVmp : Match on catch block at 0xc3 in for 0xa5
04-30 00:07:30.213 11693 11693 E ArmVmp : Match on catch block at 0xc3 in for 0xa1
04-30 00:07:30.299 11693 11693 E ArmVmp : Match on catch block at 0xc3 in for 0xa1
04-30 00:07:30.305 11693 11693 E ArmVmp : Match on catch block at 0xc3 in for 0xa5
04-30 00:07:30.366 11693 11693 E ArmVmp : Match on catch block at 0xc3 in for 0xa5
04-30 00:07:30.372 11693 11693 E ArmVmp : Match on catch block at 0xc3 in for 0xa9
04-30 00:07:30.853 11693 11693 E ArmVmp : Match on catch block at 0xc3 in for 0xa9
04-30 00:07:30.857 11693 11693 E ArmVmp : Match on catch block at 0xc3 in for 0xa1
04-30 00:07:31.222 11693 11693 E ArmVmp : Match on catch block at 0xc3 in for 0xa5
04-30 00:07:31.227 11693 11693 E ArmVmp : Match on catch block at 0xc3 in for 0xa9
04-30 00:07:31.358 11693 11693 E ArmVmp : Match on catch block at 0xc3 in for 0xa9
04-30 00:07:31.362 11693 11693 E ArmVmp : Match on catch block at 0xc3 in for 0xa1
04-30 00:07:31.511 11693 11693 E Parcel : Reading a NULL string not supported here.
04-30 00:07:31.557 11693 11693 E ArmVmp : Match on catch block at 0xc3 in for 0xa1
04-30 00:07:31.562 11693 11693 E ArmVmp : Match on catch block at 0xc3 in for 0xa5
04-30 00:07:31.594 11693 12099 E libEGL : Invalid file path for libcolorx- loader.so
04-30 00:07:31.736 11693 11693 E libEGL : Invalid file path for libcolorx- loader.so
04-30 00:07:31.737 11693 11693 E libEGL : Invalid file path for libcolorx- loader.so
04-30 00:07:31.746 11693 11693 E ArmVmp : Match on catch block at 0xc3 in for 0xa5
04-30 00:07:31.749 11693 11693 E ArmVmp : Match on catch block at 0xc3 in for 0xa9
04-30 00:07:31.776 11693 11693 E ArmVmp : Match on catch block at 0xc3 in for 0xb9
04-30 00:07:31.832 11693 11693 E ArmVmp : Match on catch block at 0xc3 in for 0xa5
04-30 00:07:31.835 11693 11693 E ArmVmp : Match on catch block at 0xc3 in for 0xa9
04-30 00:07:31.856 11693 11693 E ArmVmp : Match on catch block at 0xc3 in for 0xa1
04-30 00:07:32.583 11693 11693 E ArmVmp : Match on catch block at 0xc3 in for 0xa5
04-30 00:07:32.588 11693 11693 E ArmVmp : Match on catch block at 0xc3 in for 0xa9
04-30 00:07:32.625 11693 11693 E ArmVmp : Match on catch block at 0xc3 in for 0xa1
04-30 00:07:32.647 11693 11693 E ArmVmp : Match on catch block at 0xc3 in for 0xa5
04-30 00:07:32.653 11693 11693 E ArmVmp : Match on catch block at 0xc3 in for 0xa9
04-30 00:07:32.676 11693 11693 E ArmVmp : Match on catch block at 0xc3 in for 0xa1
04-30 00:07:32.697 11693 11693 E ArmVmp : Match on catch block at 0xc3 in for 0xa5
04-30 00:07:32.700 11693 11693 E ArmVmp : Match on catch block at 0xc3 in for 0xa9
04-30 00:07:32.721 11693 11693 E ArmVmp : Match on catch block at 0xc3 in for 0xa1
04-30 00:07:32.741 11693 11693 E ArmVmp : Match on catch block at 0xc3 in for 0xa5
04-30 00:07:32.745 11693 11693 E ArmVmp : Match on catch block at 0xc3 in for 0xa9
04-30 00:07:32.767 11693 11693 E ArmVmp : Match on catch block at 0xc3 in for 0xa1
04-30 00:07:32.796 11693 11693 E ArmVmp : Match on catch block at 0xc3 in for 0xa5
04-30 00:07:32.800 11693 11693 E ArmVmp : Match on catch block at 0xc3 in for 0xa9
04-30 00:07:32.821 11693 11693 E ArmVmp : Match on catch block at 0xc3 in for 0xa1
04-30 00:07:32.875 11693 11693 E ArmVmp : Match on catch block at 0xc3 in for 0xa5
04-30 00:07:32.880 11693 11693 E ArmVmp : Match on catch block at 0xc3 in for 0xa9
04-30 00:07:32.902 11693 11693 E ArmVmp : Match on catch block at 0xc3 in for 0xa1
04-30 00:07:32.994 11693 11693 E ArmVmp : Match on catch block at 0xc3 in for 0xa5
04-30 00:07:32.998 11693 11693 E ArmVmp : Match on catch block at 0xc3 in for 0xa9
04-30 00:07:33.038 11693 11693 E ArmVmp : Match on catch block at 0xc3 in for 0xa9
04-30 00:07:33.042 11693 11693 E ArmVmp : Match on catch block at 0xc3 in for 0xa1
04-30 00:07:33.522 11693 11693 E ArmVmp : Match on catch block at 0xc3 in for 0xa1
04-30 00:07:33.527 11693 11693 E ArmVmp : Match on catch block at 0xc3 in for 0xa5
04-30 00:07:33.857 11693 11693 E ArmVmp : Match on catch block at 0xc3 in for 0xa1
04-30 00:07:33.861 11693 11693 E ArmVmp : Match on catch block at 0xc3 in for 0xa5
04-30 00:07:34.025 11693 11693 E ArmVmp : Match on catch block at 0xc3 in for 0xa5
04-30 00:07:34.029 11693 11693 E ArmVmp : Match on catch block at 0xc3 in for 0xa9
04-30 00:07:34.155 11693 11693 E Parcel : Reading a NULL string not supported here.
04-30 00:07:34.190 11693 11693 E ArmVmp : Match on catch block at 0xc3 in for 0xa9
04-30 00:07:34.193 11693 11693 E ArmVmp : Match on catch block at 0xc3 in for 0xa1
04-30 00:07:34.221 11693 12109 E libEGL : Invalid file path for libcolorx- loader.so
04-30 00:07:34.314 11693 11693 E libEGL : Invalid file path for libcolorx- loader.so
04-30 00:07:34.315 11693 11693 E libEGL : Invalid file path for libcolorx- loader.so
04-30 00:07:34.322 11693 11693 E ArmVmp : Match on catch block at 0xc3 in for 0xa1
04-30 00:07:34.325 11693 11693 E ArmVmp : Match on catch block at 0xc3 in for 0xa5
04-30 00:07:34.347 11693 11693 E ArmVmp : Match on catch block at 0xc3 in for 0xa9
04-30 00:07:34.416 11693 11693 E ArmVmp : Match on catch block at 0xc3 in for 0xa1
04-30 00:07:34.421 11693 11693 E ArmVmp : Match on catch block at 0xc3 in for 0xa5
04-30 00:07:34.441 11693 11693 E ArmVmp : Match on catch block at 0xc3 in for 0xa9
04-30 00:07:34.465 11693 11693 E ArmVmp : Match on catch block at 0xc3 in for 0xa1
04-30 00:07:34.469 11693 11693 E ArmVmp : Match on catch block at 0xc3 in for 0xa5
04-30 00:07:34.488 11693 11693 E ArmVmp : Match on catch block at 0xc3 in for 0xa9
04-30 00:07:35.219 11693 11693 E ArmVmp : Match on catch block at 0xc3 in for 0xa5
04-30 00:07:35.225 11693 11693 E ArmVmp : Match on catch block at 0xc3 in for 0xa9
04-30 00:07:35.260 11693 11693 E ArmVmp : Match on catch block at 0xc3 in for 0xa1
04-30 00:07:35.286 11693 11693 E ArmVmp : Match on catch block at 0xc3 in for 0xa5
04-30 00:07:35.291 11693 11693 E ArmVmp : Match on catch block at 0xc3 in for 0xa9
04-30 00:07:35.322 11693 11693 E ArmVmp : Match on catch block at 0xc3 in for 0xa1
04-30 00:07:35.340 11693 11693 E ArmVmp : Match on catch block at 0xc3 in for 0xa5
04-30 00:07:35.345 11693 11693 E ArmVmp : Match on catch block at 0xc3 in for 0xa9
04-30 00:07:35.367 11693 11693 E ArmVmp : Match on catch block at 0xc3 in for 0xa1
04-30 00:07:35.389 11693 11693 E ArmVmp : Match on catch block at 0xc3 in for 0xa5
04-30 00:07:35.394 11693 11693 E ArmVmp : Match on catch block at 0xc3 in for 0xa9
04-30 00:07:35.417 11693 11693 E ArmVmp : Match on catch block at 0xc3 in for 0xa1
04-30 00:07:35.439 11693 11693 E ArmVmp : Match on catch block at 0xc3 in for 0xa5
04-30 00:07:35.444 11693 11693 E ArmVmp : Match on catch block at 0xc3 in for 0xa9
04-30 00:07:35.466 11693 11693 E ArmVmp : Match on catch block at 0xc3 in for 0xa1
04-30 00:07:35.477 11693 11693 E ArmVmp : Match on catch block at 0xc3 in for 0xa5
04-30 00:07:35.481 11693 11693 E ArmVmp : Match on catch block at 0xc3 in for 0xa9
04-30 00:07:35.506 11693 11693 E ArmVmp : Match on catch block at 0xc3 in for 0xa1
04-30 00:07:35.910 11693 11693 E libEGL : Invalid file path for libcolorx- loader.so
04-30 00:07:35.912 11693 11693 E libEGL : Invalid file path for libcolorx- loader.so
04-30 00:07:36.057 11693 11693 E ArmVmp : Match on catch block at 0xc3 in for 0xa9
04-30 00:07:36.062 11693 11693 E ArmVmp : Match on catch block at 0xc3 in for 0xa1
04-30 00:07:36.089 11693 11693 E ArmVmp : Match on catch block at 0xc3 in for 0xa1
04-30 00:07:36.093 11693 11693 E ArmVmp : Match on catch block at 0xc3 in for 0xa5
04-30 00:07:37.507 11693 11693 E ArmVmp : Match on catch block at 0xc3 in for 0xa9
04-30 00:07:37.512 11693 11693 E ArmVmp : Match on catch block at 0xc3 in for 0xa1
04-30 00:07:37.611 11693 11693 E ArmVmp : Match on catch block at 0xc3 in for 0xa9
04-30 00:07:37.615 11693 11693 E ArmVmp : Match on catch block at 0xc3 in for 0xa1
04-30 00:07:37.624 11693 11693 E ArmVmp : Match on catch block at 0xc3 in for 0xa1
04-30 00:07:37.629 11693 11693 E ArmVmp : Match on catch block at 0xc3 in for 0xa5
04-30 00:07:37.658 11693 11693 E ArmVmp : Match on catch block at 0xc3 in for 0xa9
04-30 00:07:37.662 11693 11693 E ArmVmp : Match on catch block at 0xc3 in for 0xa1
04-30 00:07:37.859 11693 11744 E SQLiteDatabase: Error inserting dirty_version=-1 version=0 lt_hash=null collection_name=regular_high
04-30 00:07:37.859 11693 11744 E SQLiteDatabase: android.database.sqlite.SQLiteConstraintException: UNIQUE constraint failed: collection_versions.collection_name (code 1555 SQLITE_CONSTRAINT_PRIMARYKEY)
04-30 00:07:37.859 11693 11744 E SQLiteDatabase: at android.database.sqlite.SQLiteConnection.nativeExecuteForLastInsertedRowId(Native Method)
04-30 00:07:37.859 11693 11744 E SQLiteDatabase: at android.database.sqlite.SQLiteConnection.executeForLastInsertedRowId(SQLiteConnecti on.java:948)
04-30 00:07:37.859 11693 11744 E SQLiteDatabase: at android.database.sqlite.SQLiteSession.executeForLastInsertedRowId(SQLiteSession.jav a:790)
04-30 00:07:37.859 11693 11744 E SQLiteDatabase: at android.database.sqlite.SQLiteStatement.executeInsert(SQLiteStatement.java:88)
04-30 00:07:37.859 11693 11744 E SQLiteDatabase: at android.database.sqlite.SQLiteDatabase.insertWithOnConflict(SQLiteDatabase.java:173 1)
04-30 00:07:37.859 11693 11744 E SQLiteDatabase: at android.database.sqlite.SQLiteDatabase.insert(SQLiteDatabase.java:1600)
04-30 00:07:37.859 11693 11744 E SQLiteDatabase: at X.2tm.A08(Unknown Source:6)
04-30 00:07:37.859 11693 11744 E SQLiteDatabase: at X.2sR.A03(Unknown Source:39)
04-30 00:07:37.859 11693 11744 E SQLiteDatabase: at X.2sR.A05(Unknown Source:14)
04-30 00:07:37.859 11693 11744 E SQLiteDatabase: at X.3eA.run(Unknown Source:2101)
04-30 00:07:37.859 11693 11744 E SQLiteDatabase: at java.util.concurrent.ThreadPoolExecutor.runWorker(ThreadPoolExecutor.java:1167)
04-30 00:07:37.859 11693 11744 E SQLiteDatabase: at java.util.concurrent.ThreadPoolExecutor$Worker.run(ThreadPoolExecutor.java:641)
04-30 00:07:37.859 11693 11744 E SQLiteDatabase: at X.3gH.run(Unknown Source:1548)
04-30 00:07:37.859 11693 11744 E SQLiteDatabase: at java.lang.Thread.run(Thread.java:923)
04-30 00:07:38.053 11693 11693 E ArmVmp : Match on catch block at 0xc3 in for 0xa5
04-30 00:07:38.059 11693 11693 E ArmVmp : Match on catch block at 0xc3 in for 0xa9
04-30 00:07:38.406 11693 11693 E ArmVmp : Match on catch block at 0xc3 in for 0xa9
04-30 00:07:38.409 11693 11693 E ArmVmp : Match on catch block at 0xc3 in for 0xa1
04-30 00:07:38.821 11693 11693 E ArmVmp : Match on catch block at 0xc3 in for 0xa1
04-30 00:07:38.825 11693 11693 E ArmVmp : Match on catch block at 0xc3 in for 0xa5
04-30 00:07:38.960 11693 11693 E ArmVmp : Match on catch block at 0xc3 in for 0xa9
04-30 00:07:38.964 11693 11693 E ArmVmp : Match on catch block at 0xc3 in for 0xa1
04-30 00:07:39.661 11693 11708 W System : A resource failed to call release.
04-30 00:07:41.297 11693 11693 E Parcel : Reading a NULL string not supported here.
04-30 00:07:41.358 11693 12265 E libEGL : Invalid file path for libcolorx- loader.so
04-30 00:07:41.448 11693 11693 E libEGL : Invalid file path for libcolorx- loader.so
04-30 00:07:41.449 11693 11693 E libEGL : Invalid file path for libcolorx- loader.so
04-30 00:07:41.662 11693 11693 W BottomSheetBehavior: BottomSheetBehavior now supports multiple callbacks. `setBottomSheetCallback()` removes all existing callbacks, including ones set internally by library authors, which may result in unintended behavior. This may change in the future. Please use `addBottomSheetCallback()` and `removeBottomSheetCallback()` instead to set your own callbacks.
04-30 00:07:41.663 11693 11693 W BottomSheetBehavior: BottomSheetBehavior now supports multiple callbacks. `setBottomSheetCallback()` removes all existing callbacks, including ones set internally by library authors, which may result in unintended behavior. This may change in the future. Please use `addBottomSheetCallback()` and `removeBottomSheetCallback()` instead to set your own callbacks.
04-30 00:07:41.898 11693 11693 W BottomSheetBehavior: BottomSheetBehavior now supports multiple callbacks. `setBottomSheetCallback()` removes all existing callbacks, including ones set internally by library authors, which may result in unintended behavior. This may change in the future. Please use `addBottomSheetCallback()` and `removeBottomSheetCallback()` instead to set your own callbacks.
04-30 00:07:41.898 11693 11693 W BottomSheetBehavior: BottomSheetBehavior now supports multiple callbacks. `setBottomSheetCallback()` removes all existing callbacks, including ones set internally by library authors, which may result in unintended behavior. This may change in the future. Please use `addBottomSheetCallback()` and `removeBottomSheetCallback()` instead to set your own callbacks.
04-30 00:07:41.927 11693 11693 W BottomSheetBehavior: BottomSheetBehavior now supports multiple callbacks. `setBottomSheetCallback()` removes all existing callbacks, including ones set internally by library authors, which may result in unintended behavior. This may change in the future. Please use `addBottomSheetCallback()` and `removeBottomSheetCallback()` instead to set your own callbacks.
04-30 00:07:41.927 11693 11693 W BottomSheetBehavior: BottomSheetBehavior now supports multiple callbacks. `setBottomSheetCallback()` removes all existing callbacks, including ones set internally by library authors, which may result in unintended behavior. This may change in the future. Please use `addBottomSheetCallback()` and `removeBottomSheetCallback()` instead to set your own callbacks.
04-30 00:07:41.934 11693 12271 W AudioCapabilities: Unsupported mime audio/ffmpeg
04-30 00:07:41.934 11693 12271 W AudioCapabilities: Unsupported mime audio/x-adpcm- ms
04-30 00:07:41.934 11693 12271 W AudioCapabilities: Unsupported mime audio/x-adpcm- dvi-ima
04-30 00:07:41.934 11693 12271 W AudioCapabilities: Unsupported mime audio/alac
04-30 00:07:41.935 11693 12271 W AudioCapabilities: Unsupported mime audio/ape
04-30 00:07:41.935 11693 12271 W AudioCapabilities: Unsupported mime audio/x-ms-wma
04-30 00:07:41.935 11693 12271 W VideoCapabilities: Unsupported mime video/ffmpeg
04-30 00:07:41.940 11693 12271 W VideoCapabilities: Unrecognized profile/level 1/32 for video/mp4v-es
04-30 00:07:41.940 11693 12271 W VideoCapabilities: Unrecognized profile/level 32768/2 for video/mp4v-es
04-30 00:07:41.940 11693 12271 W VideoCapabilities: Unrecognized profile/level 32768/64 for video/mp4v-es
04-30 00:07:41.941 11693 12271 W VideoCapabilities: Unsupported mime video/x-ms-wmv
04-30 00:07:41.944 11693 12271 W VideoCapabilities: Unrecognized profile/level 1/32 for video/mp4v-es
04-30 00:07:41.954 11693 11693 E RecyclerView: No adapter attached; skipping layout
04-30 00:07:41.956 11693 11693 E RecyclerView: No adapter attached; skipping layout
04-30 00:07:41.972 11693 12271 E Parcel : Reading a NULL string not supported here.
04-30 00:07:42.039 11693 12284 E libEGL : Invalid file path for libcolorx- loader.so
04-30 00:07:42.154 11693 12278 E OplusACodec: [GetVideoCodingTypeFromMime:L709] mime:video/avc
04-30 00:07:42.160 11693 12278 E MtkACodecExt: setConfig(OMX_CONFIG_ROTATIONTYPE) returned error 0xfffffc0e
04-30 00:07:42.160 11693 12278 E ACodec : [OMX.MTK.VIDEO.DECODER.AVC] failed to setViLTEParameters 1
04-30 00:07:42.196 11693 12285 W SQLiteLog: (28) double-quoted string literal: "600BD37A722FD4A3CE6E33BC268D8C12"
04-30 00:07:42.341 11693 12287 W Codec2Client: query -- param skipped: index = 1107298332.
04-30 00:07:42.341 11693 12287 W CCodec : This behavior is subject to change. It is recommended that app developers double check whether the requested max input size is in reasonable range.
04-30 00:07:42.363 11693 12287 W Codec2Client: query -- param skipped: index = 1342179345.
04-30 00:07:42.363 11693 12287 W Codec2Client: query -- param skipped: index = 2415921170.
04-30 00:07:42.363 11693 12287 W Codec2Client: query -- param skipped: index = 1610614798.
04-30 00:07:42.366 11693 12287 E FMQ : grantorIdx must be less than 3
04-30 00:07:42.367 11693 12287 E FMQ : grantorIdx must be less than 3
04-30 00:07:42.373 11693 12287 E FMQ : grantorIdx must be less than 3
04-30 00:07:42.395 11693 12279 E FMQ : grantorIdx must be less than 3
04-30 00:07:42.410 11693 12278 W ACodec : Failed to set ANW_HWComposer to OMX, ignoring (-2147483648)
04-30 00:07:46.228 11693 11749 W RefBase : CallStack::getCurrentInternal not linked, returning null
04-30 00:07:46.228 11693 11749 W RefBase : CallStack::logStackInternal not linked
04-30 00:07:46.229 11693 11749 W RefBase : CallStack::getCurrentInternal not linked, returning null
04-30 00:07:46.229 11693 11749 W RefBase : CallStack::logStackInternal not linked
04-30 00:07:46.230 11693 11749 W RefBase : CallStack::getCurrentInternal not linked, returning null
04-30 00:07:46.230 11693 11749 W RefBase : CallStack::logStackInternal not linked
04-30 00:07:46.230 11693 11749 W RefBase : CallStack::getCurrentInternal not linked, returning null
04-30 00:07:46.230 11693 11749 W RefBase : CallStack::logStackInternal not linked
04-30 00:07:46.233 11693 11749 W RefBase : CallStack::getCurrentInternal not linked, returning null
04-30 00:07:46.233 11693 11749 W RefBase : CallStack::logStackInternal not linked
04-30 00:07:46.234 11693 11749 W RefBase : CallStack::getCurrentInternal not linked, returning null
04-30 00:07:46.234 11693 11749 W RefBase : CallStack::logStackInternal not linked
04-30 00:07:46.235 11693 11749 W RefBase : CallStack::getCurrentInternal not linked, returning null
04-30 00:07:46.235 11693 11749 W RefBase : CallStack::logStackInternal not linked
04-30 00:07:46.237 11693 11749 W RefBase : CallStack::getCurrentInternal not linked, returning null
04-30 00:07:46.239 11693 11749 W RefBase : CallStack::logStackInternal not linked
04-30 00:07:46.241 11693 11749 W RefBase : CallStack::getCurrentInternal not linked, returning null
04-30 00:07:46.242 11693 11749 W RefBase : CallStack::logStackInternal not linked
04-30 00:07:46.244 11693 11749 W RefBase : CallStack::getCurrentInternal not linked, returning null
04-30 00:07:46.244 11693 11749 W RefBase : CallStack::logStackInternal not linked
04-30 00:07:46.245 11693 11749 W RefBase : CallStack::getCurrentInternal not linked, returning null
04-30 00:07:46.245 11693 11749 W RefBase : CallStack::logStackInternal not linked
04-30 00:07:46.246 11693 11749 W RefBase : CallStack::getCurrentInternal not linked, returning null
04-30 00:07:46.246 11693 11749 W RefBase : CallStack::logStackInternal not linked
04-30 00:07:46.247 11693 11749 W RefBase : CallStack::getCurrentInternal not linked, returning null
04-30 00:07:46.247 11693 11749 W RefBase : CallStack::logStackInternal not linked
