04-30 05:36:26.618 7596 7596 E ANR_LOG : Current msg <4> = { when=-1s251ms what=0 target=android.os.Handler callback=X.0lO }
04-30 05:36:26.618 7596 7596 E ANR_LOG : Current msg <5> = { when=-1s232ms what=149 target=android.app.ActivityThread$H obj=android.os.BinderProxy@ed7f6b8 }
04-30 05:36:26.618 7596 7596 E ANR_LOG : Current msg <6> = { when=-1s171ms what=0 target=android.os.Handler callback=X.0lO }
04-30 05:36:26.619 7596 7596 E ANR_LOG : Current msg <7> = { when=-1s142ms what=0 target=android.os.Handler callback=X.0lO }
04-30 05:36:26.619 7596 7596 E ANR_LOG : Current msg <8> = { when=-1s89ms what=0 target=android.os.Handler callback=X.0lO }
04-30 05:36:26.619 7596 7596 E ANR_LOG : Current msg <9> = { when=-1s38ms what=0 target=android.os.Handler callback=X.0lO }
04-30 05:36:26.620 7596 7596 E ANR_LOG : Current msg <10> = { when=-801ms what=113 target=android.app.ActivityThread$H obj=ReceiverData{intent=Intent { act=android.appwidget.action.APPWIDGET_UPDATE flg=0x80010 cmp=com.mbwhatsapp/.yo.WidgetProvider (has extras) } packageName=com.mbwhatsapp resultCode=-1 resultData=null resultExtras=null} }
04-30 05:36:26.620 7596 7596 E ANR_LOG : >>>CURRENT MSG DUMP OVER<<<
04-30 05:36:26.837 7596 8359 E libEGL : Invalid file path for libcolorx- loader.so
04-30 05:36:26.874 7596 8359 E Parcel : Reading a NULL string not supported here.
04-30 05:36:26.876 7596 8359 E Parcel : Reading a NULL string not supported here.
04-30 05:36:26.909 7596 8359 E libEGL : Invalid file path for libcolorx- loader.so
04-30 05:36:26.913 7596 8359 E libEGL : Invalid file path for libcolorx- loader.so
04-30 05:36:26.917 7596 8359 E libEGL : Invalid file path for libcolorx- loader.so
04-30 05:36:26.918 7596 8359 E libEGL : Invalid file path for libcolorx- loader.so
04-30 05:36:26.918 7596 8359 E libEGL : Invalid file path for libcolorx- loader.so
04-30 05:36:26.929 7596 8359 E libEGL : Invalid file path for libcolorx- loader.so
04-30 05:36:27.133 7596 8410 E libc : Access denied finding property "vendor.debug.drm.logv"
04-30 05:36:27.134 7596 8410 E libc : Access denied finding property "vendor.debug.drm.logv"
04-30 05:36:27.135 7596 8410 E libc : Access denied finding property "vendor.debug.drm.logd"
04-30 05:36:27.135 7596 8410 E libc : Access denied finding property "vendor.debug.drm.logv"
04-30 05:36:27.412 7596 8372 W com.mbwhatsapp: Accessing hidden method Lcom/android/org/conscrypt/ConscryptEngineSocket;->setUseSessionTickets(Z)V (greylist-max-q,test-api, reflection, denied)
04-30 05:36:27.413 7596 8372 W com.mbwhatsapp: Accessing hidden method Lcom/android/org/conscrypt/OpenSSLSocketImpl;->setUseSessionTickets(Z)V (greylist- max-q,test-api, reflection, denied)
04-30 05:36:27.413 7596 8372 W com.mbwhatsapp: Accessing hidden method Lcom/android/org/conscrypt/AbstractConscryptSocket;->setUseSessionTickets(Z)V (greylist-max-q, reflection, denied)
04-30 05:36:27.413 7596 8372 W com.mbwhatsapp: Accessing hidden method Lcom/android/org/conscrypt/ConscryptEngineSocket;->setHostname(Ljava/lang/String;)V (greylist-max-q,test-api, reflection, denied)
04-30 05:36:27.413 7596 8372 W com.mbwhatsapp: Accessing hidden method Lcom/android/org/conscrypt/OpenSSLSocketImpl;->setHostname(Ljava/lang/String;)V (greylist-max-q,test-api, reflection, denied)
04-30 05:36:27.413 7596 8372 W com.mbwhatsapp: Accessing hidden method Lcom/android/org/conscrypt/AbstractConscryptSocket;->setHostname(Ljava/lang/ String;)V (greylist-max-q, reflection, denied)
04-30 05:36:27.413 7596 8372 W com.mbwhatsapp: Accessing hidden method Lcom/android/org/conscrypt/OpenSSLSocketImpl;->setAlpnProtocols([B)V (greylist-max- q,test-api, reflection, denied)
04-30 05:36:27.413 7596 8372 W com.mbwhatsapp: Accessing hidden method Lcom/android/org/conscrypt/AbstractConscryptSocket;->setAlpnProtocols([B)V (greylist-max-q, reflection, denied)
04-30 05:36:28.073 7596 8359 E ion : ioctl c0044901 failed with code -1: Invalid argument
04-30 05:36:28.169 7596 7596 W LOTTIE : Animation contains merge paths but they are disabled.
04-30 05:36:28.351 7596 7596 E ScreenmodeClient: display mode not support
04-30 05:36:28.809 7596 8426 E libEGL : Invalid file path for libcolorx- loader.so
04-30 05:36:28.814 7596 7596 E ArmVmp : Match on catch block at 0x0a in for 0xd5
04-30 05:36:52.624 7596 8372 W com.mbwhatsapp: Accessing hidden method Lcom/android/org/conscrypt/ConscryptEngineSocket;->setUseSessionTickets(Z)V (greylist-max-q,test-api, reflection, denied)
04-30 05:36:52.624 7596 8372 W com.mbwhatsapp: Accessing hidden method Lcom/android/org/conscrypt/OpenSSLSocketImpl;->setUseSessionTickets(Z)V (greylist- max-q,test-api, reflection, denied)
04-30 05:36:52.625 7596 8372 W com.mbwhatsapp: Accessing hidden method Lcom/android/org/conscrypt/AbstractConscryptSocket;->setUseSessionTickets(Z)V (greylist-max-q, reflection, denied)
04-30 05:36:52.625 7596 8372 W com.mbwhatsapp: Accessing hidden method Lcom/android/org/conscrypt/ConscryptEngineSocket;->setHostname(Ljava/lang/String;)V (greylist-max-q,test-api, reflection, denied)
04-30 05:36:52.625 7596 8372 W com.mbwhatsapp: Accessing hidden method Lcom/android/org/conscrypt/OpenSSLSocketImpl;->setHostname(Ljava/lang/String;)V (greylist-max-q,test-api, reflection, denied)
04-30 05:36:52.625 7596 8372 W com.mbwhatsapp: Accessing hidden method Lcom/android/org/conscrypt/AbstractConscryptSocket;->setHostname(Ljava/lang/ String;)V (greylist-max-q, reflection, denied)
04-30 05:36:52.626 7596 8372 W com.mbwhatsapp: Accessing hidden method Lcom/android/org/conscrypt/OpenSSLSocketImpl;->setAlpnProtocols([B)V (greylist-max- q,test-api, reflection, denied)
04-30 05:36:52.626 7596 8372 W com.mbwhatsapp: Accessing hidden method Lcom/android/org/conscrypt/AbstractConscryptSocket;->setAlpnProtocols([B)V (greylist-max-q, reflection, denied)
04-30 05:37:16.819 7596 8372 W com.mbwhatsapp: Accessing hidden method Lcom/android/org/conscrypt/ConscryptEngineSocket;->setUseSessionTickets(Z)V (greylist-max-q,test-api, reflection, denied)
04-30 05:37:16.820 7596 8372 W com.mbwhatsapp: Accessing hidden method Lcom/android/org/conscrypt/OpenSSLSocketImpl;->setUseSessionTickets(Z)V (greylist- max-q,test-api, reflection, denied)
04-30 05:37:16.821 7596 8372 W com.mbwhatsapp: Accessing hidden method Lcom/android/org/conscrypt/AbstractConscryptSocket;->setUseSessionTickets(Z)V (greylist-max-q, reflection, denied)
04-30 05:37:16.822 7596 8372 W com.mbwhatsapp: Accessing hidden method Lcom/android/org/conscrypt/ConscryptEngineSocket;->setHostname(Ljava/lang/String;)V (greylist-max-q,test-api, reflection, denied)
04-30 05:37:16.823 7596 8372 W com.mbwhatsapp: Accessing hidden method Lcom/android/org/conscrypt/OpenSSLSocketImpl;->setHostname(Ljava/lang/String;)V (greylist-max-q,test-api, reflection, denied)
04-30 05:37:16.824 7596 8372 W com.mbwhatsapp: Accessing hidden method Lcom/android/org/conscrypt/AbstractConscryptSocket;->setHostname(Ljava/lang/ String;)V (greylist-max-q, reflection, denied)
04-30 05:37:16.825 7596 8372 W com.mbwhatsapp: Accessing hidden method Lcom/android/org/conscrypt/OpenSSLSocketImpl;->setAlpnProtocols([B)V (greylist-max- q,test-api, reflection, denied)
04-30 05:37:16.826 7596 8372 W com.mbwhatsapp: Accessing hidden method Lcom/android/org/conscrypt/AbstractConscryptSocket;->setAlpnProtocols([B)V (greylist-max-q, reflection, denied)
04-30 05:37:25.215 7596 9035 W LibraryVersion: Failed to get app version for libraryName: firebase-iid
04-30 05:37:25.239 7596 9037 E Parcel : Reading a NULL string not supported here.
04-30 05:37:42.024 7596 8372 W com.mbwhatsapp: Accessing hidden method Lcom/android/org/conscrypt/ConscryptEngineSocket;->setUseSessionTickets(Z)V (greylist-max-q,test-api, reflection, denied)
04-30 05:37:42.025 7596 8372 W com.mbwhatsapp: Accessing hidden method Lcom/android/org/conscrypt/OpenSSLSocketImpl;->setUseSessionTickets(Z)V (greylist- max-q,test-api, reflection, denied)
04-30 05:37:42.025 7596 8372 W com.mbwhatsapp: Accessing hidden method Lcom/android/org/conscrypt/AbstractConscryptSocket;->setUseSessionTickets(Z)V (greylist-max-q, reflection, denied)
04-30 05:37:42.026 7596 8372 W com.mbwhatsapp: Accessing hidden method Lcom/android/org/conscrypt/ConscryptEngineSocket;->setHostname(Ljava/lang/String;)V (greylist-max-q,test-api, reflection, denied)
04-30 05:37:42.027 7596 8372 W com.mbwhatsapp: Accessing hidden method Lcom/android/org/conscrypt/OpenSSLSocketImpl;->setHostname(Ljava/lang/String;)V (greylist-max-q,test-api, reflection, denied)
04-30 05:37:42.027 7596 8372 W com.mbwhatsapp: Accessing hidden method Lcom/android/org/conscrypt/AbstractConscryptSocket;->setHostname(Ljava/lang/ String;)V (greylist-max-q, reflection, denied)
04-30 05:37:42.028 7596 8372 W com.mbwhatsapp: Accessing hidden method Lcom/android/org/conscrypt/OpenSSLSocketImpl;->setAlpnProtocols([B)V (greylist-max- q,test-api, reflection, denied)
04-30 05:37:42.028 7596 8372 W com.mbwhatsapp: Accessing hidden method Lcom/android/org/conscrypt/AbstractConscryptSocket;->setAlpnProtocols([B)V (greylist-max-q, reflection, denied) --------- beginning of main
04-30 05:38:17.257 10122 10122 E com.mbwhatsapp: Unknown bits set in runtime_flags: 0x40000000
04-30 05:38:17.271 10122 10122 E com.mbwhatsapp: Not starting debugger since process cannot load the jdwp agent.
04-30 05:38:17.288 10122 10122 E RefClass: java.lang.reflect.InvocationTargetException
04-30 05:38:17.352 10122 10122 E libc : Access denied finding property "ro.odm.prev.product.name"
04-30 05:38:17.583 10122 10122 W System.err: java.lang.ClassNotFoundException: mbmodsd.mbmodsw.ui.views.btn.BtnBK
04-30 05:38:17.583 10122 10122 W System.err: at java.lang.Runtime.nativeLoad(Native Method)
04-30 05:38:17.584 10122 10122 W System.err: at java.lang.Runtime.nativeLoad(Runtime.java:1131)
04-30 05:38:17.584 10122 10122 W System.err: at java.lang.Runtime.loadLibrary0(Runtime.java:1085)
04-30 05:38:17.584 10122 10122 W System.err: at java.lang.Runtime.loadLibrary0(Runtime.java:1008)
04-30 05:38:17.584 10122 10122 W System.err: at java.lang.System.loadLibrary(System.java:1664)
04-30 05:38:17.584 10122 10122 W System.err: at arm.EpicVm.<clinit>(Unknown Source:2)
04-30 05:38:17.584 10122 10122 W System.err: at java.lang.Class.newInstance(Native Method)
04-30 05:38:17.584 10122 10122 W System.err: at android.app.AppComponentFactory.instantiateApplication(AppComponentFactory.java:76)
04-30 05:38:17.584 10122 10122 W System.err: at androidx.core.app.CoreComponentFactory.instantiateApplication(Unknown Source:0)
04-30 05:38:17.584 10122 10122 W System.err: at android.app.Instrumentation.newApplication(Instrumentation.java:1158)
04-30 05:38:17.584 10122 10122 W System.err: at android.app.LoadedApk.makeApplication(LoadedApk.java:1324)
04-30 05:38:17.585 10122 10122 W System.err: at android.app.ActivityThread.handleBindApplication(ActivityThread.java:7272)
04-30 05:38:17.585 10122 10122 W System.err: at android.app.ActivityThread.access$1700(ActivityThread.java:309)
04-30 05:38:17.585 10122 10122 W System.err: at android.app.ActivityThread$H.handleMessage(ActivityThread.java:2194)
04-30 05:38:17.585 10122 10122 W System.err: at android.os.Handler.dispatchMessage(Handler.java:106)
04-30 05:38:17.585 10122 10122 W System.err: at android.os.Looper.loop(Looper.java:264)
04-30 05:38:17.585 10122 10122 W System.err: at android.app.ActivityThread.main(ActivityThread.java:8315)
04-30 05:38:17.585 10122 10122 W System.err: at java.lang.reflect.Method.invoke(Native Method)
04-30 05:38:17.585 10122 10122 W System.err: at com.android.internal.os.RuntimeInit$MethodAndArgsCaller.run(RuntimeInit.java:632)
04-30 05:38:17.585 10122 10122 W System.err: at com.android.internal.os.ZygoteInit.main(ZygoteInit.java:1049)
04-30 05:38:17.621 10122 10122 E CustomActivityOnCrash: IMPORTANT WARNING! You already have an UncaughtExceptionHandler, are you sure this is correct? If you use a custom UncaughtExceptionHandler, you must initialize it AFTER CustomActivityOnCrash! Installing anyway, but your original handler will not be called.
04-30 05:38:18.437 10122 10122 W com.mbwhatsapp: Accessing hidden method Lcom/android/org/conscrypt/OpenSSLSocketImpl;->setUseSessionTickets(Z)V (greylist- max-q,test-api, reflection, denied)
04-30 05:38:18.438 10122 10122 W com.mbwhatsapp: Accessing hidden method Lcom/android/org/conscrypt/AbstractConscryptSocket;->setUseSessionTickets(Z)V (greylist-max-q, reflection, denied)
04-30 05:38:18.542 10122 10122 W linker : Warning: "/data/data/com.mbwhatsapp/files/decompressed/libs.spk.zst/libc++_shared.so" unused DT entry: unknown processor-specific (type 0x70000001 arg 0x0) (ignoring)
04-30 05:38:18.809 10122 10173 W com.mbwhatsapp: Class X.2rL failed lock verification and will run slower.
04-30 05:38:18.809 10122 10173 W com.mbwhatsapp: Common causes for lock verification issues are non-optimized dex code
04-30 05:38:18.809 10122 10173 W com.mbwhatsapp: and incorrect proguard optimizations.
04-30 05:38:19.047 10122 10186 W System : ClassLoader referenced unknown path: system/framework/mediatek-cta.jar
04-30 05:38:19.251 10122 10178 E CheckPermission: _bluetooth code = 1
04-30 05:38:19.252 10122 10178 E CheckPermission: _bluetooth code = 3
04-30 05:38:19.253 10122 10178 E CheckPermission: _bluetooth code = 11 --------- beginning of main
04-30 05:39:01.275 10596 10596 E com.mbwhatsapp: Unknown bits set in runtime_flags: 0x40000000
04-30 05:39:01.284 10596 10596 E com.mbwhatsapp: Not starting debugger since process cannot load the jdwp agent.
04-30 05:39:01.297 10596 10596 E RefClass: java.lang.reflect.InvocationTargetException
04-30 05:39:01.355 10596 10596 E libc : Access denied finding property "ro.odm.prev.product.name"
04-30 05:39:01.516 10596 10596 W System.err: java.lang.ClassNotFoundException: mbmodsd.mbmodsw.ui.views.btn.BtnBK
04-30 05:39:01.517 10596 10596 W System.err: at java.lang.Runtime.nativeLoad(Native Method)
04-30 05:39:01.517 10596 10596 W System.err: at java.lang.Runtime.nativeLoad(Runtime.java:1131)
04-30 05:39:01.517 10596 10596 W System.err: at java.lang.Runtime.loadLibrary0(Runtime.java:1085)
04-30 05:39:01.517 10596 10596 W System.err: at java.lang.Runtime.loadLibrary0(Runtime.java:1008)
04-30 05:39:01.517 10596 10596 W System.err: at java.lang.System.loadLibrary(System.java:1664)
04-30 05:39:01.517 10596 10596 W System.err: at arm.EpicVm.<clinit>(Unknown Source:2)
04-30 05:39:01.517 10596 10596 W System.err: at java.lang.Class.newInstance(Native Method)
04-30 05:39:01.517 10596 10596 W System.err: at android.app.AppComponentFactory.instantiateApplication(AppComponentFactory.java:76)
04-30 05:39:01.517 10596 10596 W System.err: at androidx.core.app.CoreComponentFactory.instantiateApplication(Unknown Source:0)
04-30 05:39:01.517 10596 10596 W System.err: at android.app.Instrumentation.newApplication(Instrumentation.java:1158)
04-30 05:39:01.517 10596 10596 W System.err: at android.app.LoadedApk.makeApplication(LoadedApk.java:1324)
04-30 05:39:01.517 10596 10596 W System.err: at android.app.ActivityThread.handleBindApplication(ActivityThread.java:7272)
04-30 05:39:01.517 10596 10596 W System.err: at android.app.ActivityThread.access$1700(ActivityThread.java:309)
04-30 05:39:01.517 10596 10596 W System.err: at android.app.ActivityThread$H.handleMessage(ActivityThread.java:2194)
04-30 05:39:01.517 10596 10596 W System.err: at android.os.Handler.dispatchMessage(Handler.java:106)
04-30 05:39:01.517 10596 10596 W System.err: at android.os.Looper.loop(Looper.java:264)
04-30 05:39:01.517 10596 10596 W System.err: at android.app.ActivityThread.main(ActivityThread.java:8315)
04-30 05:39:01.517 10596 10596 W System.err: at java.lang.reflect.Method.invoke(Native Method)
04-30 05:39:01.517 10596 10596 W System.err: at com.android.internal.os.RuntimeInit$MethodAndArgsCaller.run(RuntimeInit.java:632)
04-30 05:39:01.517 10596 10596 W System.err: at com.android.internal.os.ZygoteInit.main(ZygoteInit.java:1049)
04-30 05:39:01.539 10596 10596 E CustomActivityOnCrash: IMPORTANT WARNING! You already have an UncaughtExceptionHandler, are you sure this is correct? If you use a custom UncaughtExceptionHandler, you must initialize it AFTER CustomActivityOnCrash! Installing anyway, but your original handler will not be called.
04-30 05:39:01.878 10596 10596 W com.mbwhatsapp: Accessing hidden method Lcom/android/org/conscrypt/OpenSSLSocketImpl;->setUseSessionTickets(Z)V (greylist- max-q,test-api, reflection, denied)
04-30 05:39:01.878 10596 10596 W com.mbwhatsapp: Accessing hidden method Lcom/android/org/conscrypt/AbstractConscryptSocket;->setUseSessionTickets(Z)V (greylist-max-q, reflection, denied)
04-30 05:39:01.915 10596 10596 W linker : Warning: "/data/data/com.mbwhatsapp/files/decompressed/libs.spk.zst/libc++_shared.so" unused DT entry: unknown processor-specific (type 0x70000001 arg 0x0) (ignoring)
04-30 05:39:02.026 10596 10645 W com.mbwhatsapp: Class X.2rL failed lock verification and will run slower.
04-30 05:39:02.026 10596 10645 W com.mbwhatsapp: Common causes for lock verification issues are non-optimized dex code
04-30 05:39:02.026 10596 10645 W com.mbwhatsapp: and incorrect proguard optimizations.
04-30 05:39:02.039 10596 10652 E libEGL : Invalid file path for libcolorx- loader.so
04-30 05:39:02.081 10596 10596 W com.mbwhatsapp: Class com.mbwhatsapp.HomeActivity failed lock verification and will run slower.
04-30 05:39:02.094 10596 10596 W com.mbwhatsapp: Class X.0eU failed lock verification and will run slower. --------- beginning of system
04-30 05:39:02.260 10596 10596 E OplusCustomizeRestrictionManager: sInstance is null, start a new sInstance
04-30 05:39:02.600 10596 10596 E ion : ioctl c0044901 failed with code -1: Invalid argument
04-30 05:39:02.670 10596 10596 E ArmVmp : Match on catch block at 0x0a in for 0xc9
04-30 05:39:02.682 10596 10655 W System : ClassLoader referenced unknown path: system/framework/mediatek-cta.jar
04-30 05:39:02.709 10596 10596 E ArmVmp : Match on catch block at 0x0a in for 0x139
04-30 05:39:02.714 10596 10596 E Parcel : Reading a NULL string not supported here.
04-30 05:39:02.749 10596 10596 E Parcel : Reading a NULL string not supported here.
04-30 05:39:02.859 10596 10655 W com.mbwhatsapp: Accessing hidden method Lcom/android/org/conscrypt/ConscryptEngineSocket;->setUseSessionTickets(Z)V (greylist-max-q,test-api, reflection, denied)
04-30 05:39:02.859 10596 10655 W com.mbwhatsapp: Accessing hidden method Lcom/android/org/conscrypt/OpenSSLSocketImpl;->setUseSessionTickets(Z)V (greylist- max-q,test-api, reflection, denied)
04-30 05:39:02.860 10596 10655 W com.mbwhatsapp: Accessing hidden method Lcom/android/org/conscrypt/AbstractConscryptSocket;->setUseSessionTickets(Z)V (greylist-max-q, reflection, denied)
04-30 05:39:02.860 10596 10655 W com.mbwhatsapp: Accessing hidden method Lcom/android/org/conscrypt/ConscryptEngineSocket;->setHostname(Ljava/lang/String;)V (greylist-max-q,test-api, reflection, denied)
04-30 05:39:02.861 10596 10655 W com.mbwhatsapp: Accessing hidden method Lcom/android/org/conscrypt/OpenSSLSocketImpl;->setHostname(Ljava/lang/String;)V (greylist-max-q,test-api, reflection, denied)
04-30 05:39:02.861 10596 10655 W com.mbwhatsapp: Accessing hidden method Lcom/android/org/conscrypt/AbstractConscryptSocket;->setHostname(Ljava/lang/ String;)V (greylist-max-q, reflection, denied)
04-30 05:39:02.862 10596 10655 W com.mbwhatsapp: Accessing hidden method Lcom/android/org/conscrypt/OpenSSLSocketImpl;->setAlpnProtocols([B)V (greylist-max- q,test-api, reflection, denied)
04-30 05:39:02.862 10596 10655 W com.mbwhatsapp: Accessing hidden method Lcom/android/org/conscrypt/AbstractConscryptSocket;->setAlpnProtocols([B)V (greylist-max-q, reflection, denied)
04-30 05:39:02.889 10596 10660 W System : ClassLoader referenced unknown path: system/framework/mediatek-cta.jar
04-30 05:39:03.304 10596 10681 W LOTTIE : Animation contains merge paths. Merge paths are only supported on KitKat+ and must be manually enabled by calling enableMergePathsForKitKatAndAbove().
04-30 05:39:03.378 10596 10596 E libEGL : Invalid file path for libcolorx- loader.so
04-30 05:39:03.379 10596 10596 E libEGL : Invalid file path for libcolorx- loader.so
04-30 05:39:03.380 10596 10596 E libEGL : Invalid file path for libcolorx- loader.so
04-30 05:39:03.542 10596 10650 E libEGL : Invalid file path for libcolorx- loader.so
04-30 05:39:03.557 10596 10650 E Parcel : Reading a NULL string not supported here.
04-30 05:39:03.559 10596 10650 E Parcel : Reading a NULL string not supported here.
04-30 05:39:03.573 10596 10650 E libEGL : Invalid file path for libcolorx- loader.so
04-30 05:39:03.606 10596 10650 E libEGL : Invalid file path for libcolorx- loader.so
04-30 05:39:03.750 10596 10697 E libc : Access denied finding property "vendor.debug.drm.logv"
04-30 05:39:03.750 10596 10697 E libc : Access denied finding property "vendor.debug.drm.logv"
04-30 05:39:03.751 10596 10697 E libc : Access denied finding property "vendor.debug.drm.logd"
04-30 05:39:03.751 10596 10697 E libc : Access denied finding property "vendor.debug.drm.logv"
04-30 05:39:04.752 10596 10650 E ion : ioctl c0044901 failed with code -1: Invalid argument
04-30 05:39:04.857 10596 10596 W LOTTIE : Animation contains merge paths but they are disabled.
04-30 05:39:05.181 10596 10596 E ScreenmodeClient: display mode not support
04-30 05:39:05.591 10596 10723 E libEGL : Invalid file path for libcolorx- loader.so
04-30 05:39:05.595 10596 10596 E ArmVmp : Match on catch block at 0x0a in for 0xd9
04-30 05:39:05.956 10596 10596 E libEGL : Invalid file path for libcolorx- loader.so
04-30 05:39:05.957 10596 10596 E libEGL : Invalid file path for libcolorx- loader.so
04-30 05:39:07.441 10596 10668 E CheckPermission: _bluetooth code = 1
04-30 05:39:07.442 10596 10668 E CheckPermission: _bluetooth code = 3
04-30 05:39:07.444 10596 10668 E CheckPermission: _bluetooth code = 11
04-30 05:39:17.257 10596 10596 E Parcel : Reading a NULL string not supported here.
04-30 05:39:17.319 10596 10924 E libEGL : Invalid file path for libcolorx- loader.so
04-30 05:39:17.914 10596 10596 E ArmVmp : Match on catch block at 0x0a in for 0xc5
04-30 05:39:17.921 10596 10596 E ArmVmp : Match on catch block at 0x0a in for 0xc5
04-30 05:39:18.022 10596 10596 E libEGL : Invalid file path for libcolorx- loader.so
04-30 05:39:18.023 10596 10596 E libEGL : Invalid file path for libcolorx- loader.so
04-30 05:39:18.332 10596 10596 E ArmVmp : Match on catch block at 0xc3 in for 0xb1
04-30 05:39:18.341 10596 10596 E ArmVmp : Match on catch block at 0xc3 in for 0xb9
04-30 05:39:18.345 10596 10596 E ArmVmp : Match on catch block at 0xc3 in for 0xb9
04-30 05:39:18.469 10596 10596 E ArmVmp : Match on catch block at 0xc3 in for 0xa1
04-30 05:39:18.473 10596 10596 E ArmVmp : Match on catch block at 0xc3 in for 0xa9
04-30 05:39:18.475 10596 10596 E ArmVmp : Match on catch block at 0xc3 in for 0xa9
04-30 05:39:18.540 10596 10596 E ArmVmp : Match on catch block at 0xc3 in for 0xa9
04-30 05:39:18.544 10596 10596 E ArmVmp : Match on catch block at 0xc3 in for 0xa1
04-30 05:39:18.546 10596 10596 E ArmVmp : Match on catch block at 0xc3 in for 0xa1
04-30 05:39:18.571 10596 10596 E ArmVmp : Match on catch block at 0xc3 in for 0xa1
04-30 05:39:18.577 10596 10596 E ArmVmp : Match on catch block at 0xc3 in for 0xa5
04-30 05:39:18.581 10596 10596 E ArmVmp : Match on catch block at 0xc3 in for 0xa5
04-30 05:39:19.031 10596 10596 E ArmVmp : Match on catch block at 0xc3 in for 0xa9
04-30 05:39:19.036 10596 10596 E ArmVmp : Match on catch block at 0xc3 in for 0xa1
04-30 05:39:19.038 10596 10596 E ArmVmp : Match on catch block at 0xc3 in for 0xa1
04-30 05:39:19.535 10596 10596 E ArmVmp : Match on catch block at 0xc3 in for 0xa5
04-30 05:39:19.540 10596 10596 E ArmVmp : Match on catch block at 0xc3 in for 0xa9
04-30 05:39:19.543 10596 10596 E ArmVmp : Match on catch block at 0xc3 in for 0xa9
04-30 05:39:20.041 10596 10596 E ArmVmp : Match on catch block at 0xc3 in for 0xa1
04-30 05:39:20.047 10596 10596 E ArmVmp : Match on catch block at 0xc3 in for 0xa5
04-30 05:39:20.052 10596 10596 E ArmVmp : Match on catch block at 0xc3 in for 0xa5
04-30 05:39:20.530 10596 10596 E ArmVmp : Match on catch block at 0xc3 in for 0xa5
04-30 05:39:20.534 10596 10596 E ArmVmp : Match on catch block at 0xc3 in for 0xa9
04-30 05:39:20.537 10596 10596 E ArmVmp : Match on catch block at 0xc3 in for 0xa9
04-30 05:39:20.579 10596 10596 E ArmVmp : Match on catch block at 0xc3 in for 0xa5
04-30 05:39:20.583 10596 10596 E ArmVmp : Match on catch block at 0xc3 in for 0xa9
04-30 05:39:20.585 10596 10596 E ArmVmp : Match on catch block at 0xc3 in for 0xa9
04-30 05:39:20.756 10596 10596 E ArmVmp : Match on catch block at 0xc3 in for 0xa9
04-30 05:39:20.760 10596 10596 E ArmVmp : Match on catch block at 0xc3 in for 0xa1
04-30 05:39:20.763 10596 10596 E ArmVmp : Match on catch block at 0xc3 in for 0xa1
04-30 05:39:20.995 10596 10596 E ArmVmp : Match on catch block at 0xc3 in for 0xa1
04-30 05:39:21.001 10596 10596 E ArmVmp : Match on catch block at 0xc3 in for 0xa5
04-30 05:39:21.003 10596 10596 E ArmVmp : Match on catch block at 0xc3 in for 0xa5
04-30 05:39:35.275 10596 10655 W com.mbwhatsapp: Accessing hidden method Lcom/android/org/conscrypt/ConscryptEngineSocket;->setUseSessionTickets(Z)V (greylist-max-q,test-api, reflection, denied)
04-30 05:39:35.276 10596 10655 W com.mbwhatsapp: Accessing hidden method Lcom/android/org/conscrypt/OpenSSLSocketImpl;->setUseSessionTickets(Z)V (greylist- max-q,test-api, reflection, denied)
04-30 05:39:35.276 10596 10655 W com.mbwhatsapp: Accessing hidden method Lcom/android/org/conscrypt/AbstractConscryptSocket;->setUseSessionTickets(Z)V (greylist-max-q, reflection, denied)
04-30 05:39:35.277 10596 10655 W com.mbwhatsapp: Accessing hidden method Lcom/android/org/conscrypt/ConscryptEngineSocket;->setHostname(Ljava/lang/String;)V (greylist-max-q,test-api, reflection, denied)
04-30 05:39:35.277 10596 10655 W com.mbwhatsapp: Accessing hidden method Lcom/android/org/conscrypt/OpenSSLSocketImpl;->setHostname(Ljava/lang/String;)V (greylist-max-q,test-api, reflection, denied)
04-30 05:39:35.278 10596 10655 W com.mbwhatsapp: Accessing hidden method Lcom/android/org/conscrypt/AbstractConscryptSocket;->setHostname(Ljava/lang/ String;)V (greylist-max-q, reflection, denied)
04-30 05:39:35.279 10596 10655 W com.mbwhatsapp: Accessing hidden method Lcom/android/org/conscrypt/OpenSSLSocketImpl;->setAlpnProtocols([B)V (greylist-max- q,test-api, reflection, denied)
04-30 05:39:35.279 10596 10655 W com.mbwhatsapp: Accessing hidden method Lcom/android/org/conscrypt/AbstractConscryptSocket;->setAlpnProtocols([B)V (greylist-max-q, reflection, denied)
04-30 05:39:53.124 10596 10596 E Parcel : Reading a NULL string not supported here.
04-30 05:39:53.193 10596 11187 E libEGL : Invalid file path for libcolorx- loader.so
04-30 05:39:53.474 10596 10596 E ArmVmp : Match on catch block at 0x0a in for 0xc5
04-30 05:39:53.478 10596 10596 E ArmVmp : Match on catch block at 0x0a in for 0xc1
04-30 05:39:53.532 10596 10596 E libEGL : Invalid file path for libcolorx- loader.so
04-30 05:39:53.533 10596 10596 E libEGL : Invalid file path for libcolorx- loader.so
04-30 05:39:53.818 10596 10596 E ArmVmp : Match on catch block at 0xc3 in for 0xb1
04-30 05:39:53.827 10596 10596 E ArmVmp : Match on catch block at 0xc3 in for 0xb1
04-30 05:39:53.930 10596 10596 E ArmVmp : Match on catch block at 0xc3 in for 0xa9
04-30 05:39:53.935 10596 10596 E ArmVmp : Match on catch block at 0xc3 in for 0xa1
04-30 05:39:53.977 10596 10596 E ArmVmp : Match on catch block at 0xc3 in for 0xa5
04-30 05:39:53.983 10596 10596 E ArmVmp : Match on catch block at 0xc3 in for 0xa9
04-30 05:39:54.032 10596 10596 E ArmVmp : Match on catch block at 0xc3 in for 0xa5
04-30 05:39:54.035 10596 10596 E ArmVmp : Match on catch block at 0xc3 in for 0xa9
04-30 05:39:54.532 10596 10596 E ArmVmp : Match on catch block at 0xc3 in for 0xa9
04-30 05:39:54.540 10596 10596 E ArmVmp : Match on catch block at 0xc3 in for 0xa1
04-30 05:39:54.815 10596 10596 E ArmVmp : Match on catch block at 0xc3 in for 0xa1
04-30 05:39:54.820 10596 10596 E ArmVmp : Match on catch block at 0xc3 in for 0xa5
04-30 05:39:54.901 10596 10596 E libEGL : Invalid file path for libcolorx- loader.so
04-30 05:39:54.901 10596 10596 E libEGL : Invalid file path for libcolorx- loader.so
04-30 05:39:54.932 10596 10596 E ArmVmp : Match on catch block at 0xc3 in for 0xa9
04-30 05:39:54.936 10596 10596 E ArmVmp : Match on catch block at 0xc3 in for 0xa1
04-30 05:39:55.117 10596 10596 E ArmVmp : Match on catch block at 0xc3 in for 0xa1
04-30 05:39:55.123 10596 10596 E ArmVmp : Match on catch block at 0xc3 in for 0xa5
04-30 05:39:55.140 10596 10596 E ArmVmp : Match on catch block at 0xc3 in for 0xa5
04-30 05:39:55.147 10596 10596 E ArmVmp : Match on catch block at 0xc3 in for 0xa9
04-30 05:39:56.347 10596 10596 E Parcel : Reading a NULL string not supported here.
04-30 05:39:56.422 10596 11351 E libEGL : Invalid file path for libcolorx- loader.so
04-30 05:39:56.577 10596 10596 E libEGL : Invalid file path for libcolorx- loader.so
04-30 05:39:56.578 10596 10596 E libEGL : Invalid file path for libcolorx- loader.so
04-30 05:39:57.128 10596 10596 E ArmVmp : Match on catch block at 0xc3 in for 0xa9
04-30 05:39:57.133 10596 10596 E ArmVmp : Match on catch block at 0xc3 in for 0xa1
04-30 05:40:00.468 10596 10655 W com.mbwhatsapp: Accessing hidden method Lcom/android/org/conscrypt/ConscryptEngineSocket;->setUseSessionTickets(Z)V (greylist-max-q,test-api, reflection, denied)
04-30 05:40:00.469 10596 10655 W com.mbwhatsapp: Accessing hidden method Lcom/android/org/conscrypt/OpenSSLSocketImpl;->setUseSessionTickets(Z)V (greylist- max-q,test-api, reflection, denied)
04-30 05:40:00.470 10596 10655 W com.mbwhatsapp: Accessing hidden method Lcom/android/org/conscrypt/AbstractConscryptSocket;->setUseSessionTickets(Z)V (greylist-max-q, reflection, denied)
04-30 05:40:00.471 10596 10655 W com.mbwhatsapp: Accessing hidden method Lcom/android/org/conscrypt/ConscryptEngineSocket;->setHostname(Ljava/lang/String;)V (greylist-max-q,test-api, reflection, denied)
04-30 05:40:00.471 10596 10655 W com.mbwhatsapp: Accessing hidden method Lcom/android/org/conscrypt/OpenSSLSocketImpl;->setHostname(Ljava/lang/String;)V (greylist-max-q,test-api, reflection, denied)
04-30 05:40:00.471 10596 10655 W com.mbwhatsapp: Accessing hidden method Lcom/android/org/conscrypt/AbstractConscryptSocket;->setHostname(Ljava/lang/ String;)V (greylist-max-q, reflection, denied)
04-30 05:40:00.471 10596 10655 W com.mbwhatsapp: Accessing hidden method Lcom/android/org/conscrypt/OpenSSLSocketImpl;->setAlpnProtocols([B)V (greylist-max- q,test-api, reflection, denied)
04-30 05:40:00.472 10596 10655 W com.mbwhatsapp: Accessing hidden method Lcom/android/org/conscrypt/AbstractConscryptSocket;->setAlpnProtocols([B)V (greylist-max-q, reflection, denied)
04-30 05:40:00.960 10596 10596 E ArmVmp : Match on catch block at 0x0a in for 0xc5
04-30 05:40:00.965 10596 10596 E ArmVmp : Match on catch block at 0x0a in for 0xc1
04-30 05:40:01.047 10596 10596 E ArmVmp : Match on catch block at 0xc3 in for 0xa9
04-30 05:40:01.050 10596 10596 E ArmVmp : Match on catch block at 0xc3 in for 0xa1
04-30 05:40:01.106 10596 10596 E ArmVmp : Match on catch block at 0xc3 in for 0xa9
04-30 05:40:01.111 10596 10596 E ArmVmp : Match on catch block at 0xc3 in for 0xa1
04-30 05:40:01.163 10596 10596 E ArmVmp : Match on catch block at 0xc3 in for 0xa1
04-30 05:40:01.166 10596 10596 E ArmVmp : Match on catch block at 0xc3 in for 0xa5
04-30 05:40:01.667 10596 10596 E ArmVmp : Match on catch block at 0xc3 in for 0xa5
04-30 05:40:01.674 10596 10596 E ArmVmp : Match on catch block at 0xc3 in for 0xa9
04-30 05:40:02.153 10596 10596 E ArmVmp : Match on catch block at 0xc3 in for 0xa9
04-30 05:40:02.159 10596 10596 E ArmVmp : Match on catch block at 0xc3 in for 0xa1
04-30 05:40:02.291 10596 10596 E ArmVmp : Match on catch block at 0xc3 in for 0xa5
04-30 05:40:02.294 10596 10596 E ArmVmp : Match on catch block at 0xc3 in for 0xa9
04-30 05:40:02.305 10596 10596 E ArmVmp : Match on catch block at 0xc3 in for 0xa9
04-30 05:40:02.310 10596 10596 E ArmVmp : Match on catch block at 0xc3 in for 0xa1
04-30 05:40:02.318 10596 10596 E ArmVmp : Match on catch block at 0xc3 in for 0xa9
04-30 05:40:02.323 10596 10596 E ArmVmp : Match on catch block at 0xc3 in for 0xa1
04-30 05:40:02.335 10596 10596 E ArmVmp : Match on catch block at 0xc3 in for 0xa9
04-30 05:40:02.340 10596 10596 E ArmVmp : Match on catch block at 0xc3 in for 0xa1
04-30 05:40:02.353 10596 10596 E ArmVmp : Match on catch block at 0xc3 in for 0xa9
04-30 05:40:02.357 10596 10596 E ArmVmp : Match on catch block at 0xc3 in for 0xa1
04-30 05:40:02.369 10596 10596 E ArmVmp : Match on catch block at 0xc3 in for 0xa9
04-30 05:40:02.374 10596 10596 E ArmVmp : Match on catch block at 0xc3 in for 0xa1
04-30 05:40:02.385 10596 10596 E ArmVmp : Match on catch block at 0xc3 in for 0xa1
04-30 05:40:02.390 10596 10596 E ArmVmp : Match on catch block at 0xc3 in for 0xa5
04-30 05:40:02.401 10596 10596 E ArmVmp : Match on catch block at 0xc3 in for 0xa9
04-30 05:40:02.405 10596 10596 E ArmVmp : Match on catch block at 0xc3 in for 0xa1
04-30 05:40:02.418 10596 10596 E ArmVmp : Match on catch block at 0xc3 in for 0xa5
04-30 05:40:02.421 10596 10596 E ArmVmp : Match on catch block at 0xc3 in for 0xa9
04-30 05:40:02.435 10596 10596 E ArmVmp : Match on catch block at 0xc3 in for 0xa1
04-30 05:40:02.438 10596 10596 E ArmVmp : Match on catch block at 0xc3 in for 0xa5
04-30 05:40:02.451 10596 10596 E ArmVmp : Match on catch block at 0xc3 in for 0xa9
04-30 05:40:02.455 10596 10596 E ArmVmp : Match on catch block at 0xc3 in for 0xa1
04-30 05:40:02.468 10596 10596 E ArmVmp : Match on catch block at 0xc3 in for 0xa5
04-30 05:40:02.472 10596 10596 E ArmVmp : Match on catch block at 0xc3 in for 0xa9
04-30 05:40:02.485 10596 10596 E ArmVmp : Match on catch block at 0xc3 in for 0xa1
04-30 05:40:02.489 10596 10596 E ArmVmp : Match on catch block at 0xc3 in for 0xa5
04-30 05:40:02.502 10596 10596 E ArmVmp : Match on catch block at 0xc3 in for 0xa9
04-30 05:40:02.506 10596 10596 E ArmVmp : Match on catch block at 0xc3 in for 0xa1
04-30 05:40:02.519 10596 10596 E ArmVmp : Match on catch block at 0xc3 in for 0xa5
04-30 05:40:02.523 10596 10596 E ArmVmp : Match on catch block at 0xc3 in for 0xa9
04-30 05:40:02.535 10596 10596 E ArmVmp : Match on catch block at 0xc3 in for 0xa1
04-30 05:40:02.539 10596 10596 E ArmVmp : Match on catch block at 0xc3 in for 0xa5
04-30 05:40:02.552 10596 10596 E ArmVmp : Match on catch block at 0xc3 in for 0xa9
04-30 05:40:02.556 10596 10596 E ArmVmp : Match on catch block at 0xc3 in for 0xa1
04-30 05:40:02.569 10596 10596 E ArmVmp : Match on catch block at 0xc3 in for 0xa5
04-30 05:40:02.573 10596 10596 E ArmVmp : Match on catch block at 0xc3 in for 0xa9
04-30 05:40:02.586 10596 10596 E ArmVmp : Match on catch block at 0xc3 in for 0xa5
04-30 05:40:02.589 10596 10596 E ArmVmp : Match on catch block at 0xc3 in for 0xa9
04-30 05:40:02.652 10596 10596 E ArmVmp : Match on catch block at 0xc3 in for 0xa9
04-30 05:40:02.657 10596 10596 E ArmVmp : Match on catch block at 0xc3 in for 0xa1
04-30 05:40:02.962 10596 10596 E ArmVmp : Match on catch block at 0xc3 in for 0xa9
04-30 05:40:02.966 10596 10596 E ArmVmp : Match on catch block at 0xc3 in for 0xa1
04-30 05:40:02.977 10596 10596 E ArmVmp : Match on catch block at 0xc3 in for 0xa1
04-30 05:40:02.982 10596 10596 E ArmVmp : Match on catch block at 0xc3 in for 0xa5
04-30 05:40:02.994 10596 10596 E ArmVmp : Match on catch block at 0xc3 in for 0xa5
04-30 05:40:02.999 10596 10596 E ArmVmp : Match on catch block at 0xc3 in for 0xa9
04-30 05:40:03.018 10596 10596 E ArmVmp : Match on catch block at 0xc3 in for 0xa9
04-30 05:40:03.022 10596 10596 E ArmVmp : Match on catch block at 0xc3 in for 0xa1
04-30 05:40:03.029 10596 10596 E ArmVmp : Match on catch block at 0xc3 in for 0xa1
04-30 05:40:03.033 10596 10596 E ArmVmp : Match on catch block at 0xc3 in for 0xa5
04-30 05:40:03.119 10596 10596 E ArmVmp : Match on catch block at 0xc3 in for 0xa1
04-30 05:40:03.123 10596 10596 E ArmVmp : Match on catch block at 0xc3 in for 0xa5
04-30 05:40:03.160 10596 10596 E ArmVmp : Match on catch block at 0xc3 in for 0xa5
04-30 05:40:03.164 10596 10596 E ArmVmp : Match on catch block at 0xc3 in for 0xa9
04-30 05:40:03.174 10596 10596 E ArmVmp : Match on catch block at 0xc3 in for 0xa9
04-30 05:40:03.179 10596 10596 E ArmVmp : Match on catch block at 0xc3 in for 0xa1
04-30 05:40:03.190 10596 10596 E ArmVmp : Match on catch block at 0xc3 in for 0xa1
04-30 05:40:03.196 10596 10596 E ArmVmp : Match on catch block at 0xc3 in for 0xa5
04-30 05:40:03.207 10596 10596 E ArmVmp : Match on catch block at 0xc3 in for 0xa5
04-30 05:40:03.218 10596 10596 E ArmVmp : Match on catch block at 0xc3 in for 0xa9
04-30 05:40:03.227 10596 10596 E ArmVmp : Match on catch block at 0xc3 in for 0xa9
04-30 05:40:03.232 10596 10596 E ArmVmp : Match on catch block at 0xc3 in for 0xa1
04-30 05:40:03.243 10596 10596 E ArmVmp : Match on catch block at 0xc3 in for 0xa1
04-30 05:40:03.248 10596 10596 E ArmVmp : Match on catch block at 0xc3 in for 0xa5
04-30 05:40:03.258 10596 10596 E ArmVmp : Match on catch block at 0xc3 in for 0xa5
04-30 05:40:03.263 10596 10596 E ArmVmp : Match on catch block at 0xc3 in for 0xa9
04-30 05:40:03.274 10596 10596 E ArmVmp : Match on catch block at 0xc3 in for 0xa9
04-30 05:40:03.281 10596 10596 E ArmVmp : Match on catch block at 0xc3 in for 0xa1
04-30 05:40:03.291 10596 10596 E ArmVmp : Match on catch block at 0xc3 in for 0xa1
04-30 05:40:03.297 10596 10596 E ArmVmp : Match on catch block at 0xc3 in for 0xa5
04-30 05:40:03.307 10596 10596 E ArmVmp : Match on catch block at 0xc3 in for 0xa5
04-30 05:40:03.313 10596 10596 E ArmVmp : Match on catch block at 0xc3 in for 0xa9
04-30 05:40:03.349 10596 10596 E ArmVmp : Match on catch block at 0xc3 in for 0xa9
04-30 05:40:03.353 10596 10596 E ArmVmp : Match on catch block at 0xc3 in for 0xa1
04-30 05:40:03.383 10596 10596 E ArmVmp : Match on catch block at 0xc3 in for 0xa1
04-30 05:40:03.388 10596 10596 E ArmVmp : Match on catch block at 0xc3 in for 0xa5
04-30 05:40:03.429 10596 10596 E ArmVmp : Match on catch block at 0xc3 in for 0xa5
04-30 05:40:03.434 10596 10596 E ArmVmp : Match on catch block at 0xc3 in for 0xa9
04-30 05:40:03.445 10596 10596 E ArmVmp : Match on catch block at 0xc3 in for 0xa9
04-30 05:40:03.449 10596 10596 E ArmVmp : Match on catch block at 0xc3 in for 0xa1
04-30 05:40:03.475 10596 10596 E ArmVmp : Match on catch block at 0xc3 in for 0xa1
04-30 05:40:03.480 10596 10596 E ArmVmp : Match on catch block at 0xc3 in for 0xa5
04-30 05:40:03.492 10596 10596 E ArmVmp : Match on catch block at 0xc3 in for 0xa5
04-30 05:40:03.496 10596 10596 E ArmVmp : Match on catch block at 0xc3 in for 0xa9
04-30 05:40:03.509 10596 10596 E ArmVmp : Match on catch block at 0xc3 in for 0xa9
04-30 05:40:03.514 10596 10596 E ArmVmp : Match on catch block at 0xc3 in for 0xa1
04-30 05:40:03.526 10596 10596 E ArmVmp : Match on catch block at 0xc3 in for 0xa1
04-30 05:40:03.530 10596 10596 E ArmVmp : Match on catch block at 0xc3 in for 0xa5
04-30 05:40:03.542 10596 10596 E ArmVmp : Match on catch block at 0xc3 in for 0xa5
04-30 05:40:03.546 10596 10596 E ArmVmp : Match on catch block at 0xc3 in for 0xa9
04-30 05:40:03.559 10596 10596 E ArmVmp : Match on catch block at 0xc3 in for 0xa9
04-30 05:40:03.564 10596 10596 E ArmVmp : Match on catch block at 0xc3 in for 0xa1
04-30 05:40:03.576 10596 10596 E ArmVmp : Match on catch block at 0xc3 in for 0xa1
04-30 05:40:03.582 10596 10596 E ArmVmp : Match on catch block at 0xc3 in for 0xa5
04-30 05:40:03.593 10596 10596 E ArmVmp : Match on catch block at 0xc3 in for 0xa5
04-30 05:40:03.598 10596 10596 E ArmVmp : Match on catch block at 0xc3 in for 0xa9
04-30 05:40:03.635 10596 10596 E ArmVmp : Match on catch block at 0xc3 in for 0xa9
04-30 05:40:03.640 10596 10596 E ArmVmp : Match on catch block at 0xc3 in for 0xa1
04-30 05:40:03.651 10596 10596 E ArmVmp : Match on catch block at 0xc3 in for 0xa1
04-30 05:40:03.656 10596 10596 E ArmVmp : Match on catch block at 0xc3 in for 0xa5
04-30 05:40:03.665 10596 10596 E ArmVmp : Match on catch block at 0xc3 in for 0xa5
04-30 05:40:03.670 10596 10596 E ArmVmp : Match on catch block at 0xc3 in for 0xa9
04-30 05:40:03.676 10596 10596 E ArmVmp : Match on catch block at 0xc3 in for 0xa9
04-30 05:40:03.680 10596 10596 E ArmVmp : Match on catch block at 0xc3 in for 0xa1
04-30 05:40:03.693 10596 10596 E ArmVmp : Match on catch block at 0xc3 in for 0xa1
04-30 05:40:03.698 10596 10596 E ArmVmp : Match on catch block at 0xc3 in for 0xa5
04-30 05:40:03.711 10596 10596 E ArmVmp : Match on catch block at 0xc3 in for 0xa5
04-30 05:40:03.715 10596 10596 E ArmVmp : Match on catch block at 0xc3 in for 0xa9
04-30 05:40:03.727 10596 10596 E ArmVmp : Match on catch block at 0xc3 in for 0xa9
04-30 05:40:03.732 10596 10596 E ArmVmp : Match on catch block at 0xc3 in for 0xa1
04-30 05:40:04.216 10596 10596 E ArmVmp : Match on catch block at 0xc3 in for 0xa5
04-30 05:40:04.225 10596 10596 E ArmVmp : Match on catch block at 0xc3 in for 0xa9
04-30 05:40:04.622 10596 10596 E ArmVmp : Match on catch block at 0xc3 in for 0xa9
04-30 05:40:04.628 10596 10596 E ArmVmp : Match on catch block at 0xc3 in for 0xa1
04-30 05:40:04.650 10596 10596 E ArmVmp : Match on catch block at 0xc3 in for 0xa9
04-30 05:40:04.654 10596 10596 E ArmVmp : Match on catch block at 0xc3 in for 0xa1
04-30 05:40:04.667 10596 10596 E ArmVmp : Match on catch block at 0xc3 in for 0xa1
04-30 05:40:04.671 10596 10596 E ArmVmp : Match on catch block at 0xc3 in for 0xa5
04-30 05:40:04.683 10596 10596 E ArmVmp : Match on catch block at 0xc3 in for 0xa5
04-30 05:40:04.688 10596 10596 E ArmVmp : Match on catch block at 0xc3 in for 0xa9
04-30 05:40:04.700 10596 10596 E ArmVmp : Match on catch block at 0xc3 in for 0xa9
04-30 05:40:04.704 10596 10596 E ArmVmp : Match on catch block at 0xc3 in for 0xa1
04-30 05:40:04.717 10596 10596 E ArmVmp : Match on catch block at 0xc3 in for 0xa1
04-30 05:40:04.721 10596 10596 E ArmVmp : Match on catch block at 0xc3 in for 0xa5
04-30 05:40:04.738 10596 10596 E ArmVmp : Match on catch block at 0xc3 in for 0xa5
04-30 05:40:04.742 10596 10596 E ArmVmp : Match on catch block at 0xc3 in for 0xa9
04-30 05:40:04.759 10596 10596 E ArmVmp : Match on catch block at 0xc3 in for 0xa9
04-30 05:40:04.764 10596 10596 E ArmVmp : Match on catch block at 0xc3 in for 0xa1
04-30 05:40:04.784 10596 10596 E ArmVmp : Match on catch block at 0xc3 in for 0xa1
04-30 05:40:04.789 10596 10596 E ArmVmp : Match on catch block at 0xc3 in for 0xa5
04-30 05:40:04.801 10596 10596 E ArmVmp : Match on catch block at 0xc3 in for 0xa5
04-30 05:40:04.805 10596 10596 E ArmVmp : Match on catch block at 0xc3 in for 0xa9
04-30 05:40:04.818 10596 10596 E ArmVmp : Match on catch block at 0xc3 in for 0xa9
04-30 05:40:04.821 10596 10596 E ArmVmp : Match on catch block at 0xc3 in for 0xa1
04-30 05:40:04.834 10596 10596 E ArmVmp : Match on catch block at 0xc3 in for 0xa1
04-30 05:40:04.838 10596 10596 E ArmVmp : Match on catch block at 0xc3 in for 0xa5
04-30 05:40:05.071 10596 10596 E ArmVmp : Match on catch block at 0xc3 in for 0xa5
04-30 05:40:05.075 10596 10596 E ArmVmp : Match on catch block at 0xc3 in for 0xa9
04-30 05:40:05.087 10596 10596 E ArmVmp : Match on catch block at 0xc3 in for 0xa9
04-30 05:40:05.092 10596 10596 E ArmVmp : Match on catch block at 0xc3 in for 0xa1
04-30 05:40:05.105 10596 10596 E ArmVmp : Match on catch block at 0xc3 in for 0xa1
04-30 05:40:05.109 10596 10596 E ArmVmp : Match on catch block at 0xc3 in for 0xa5
04-30 05:40:05.120 10596 10596 E ArmVmp : Match on catch block at 0xc3 in for 0xa5
04-30 05:40:05.125 10596 10596 E ArmVmp : Match on catch block at 0xc3 in for 0xa9
04-30 05:40:05.137 10596 10596 E ArmVmp : Match on catch block at 0xc3 in for 0xa9
04-30 05:40:05.142 10596 10596 E ArmVmp : Match on catch block at 0xc3 in for 0xa1
04-30 05:40:05.154 10596 10596 E ArmVmp : Match on catch block at 0xc3 in for 0xa1
04-30 05:40:05.157 10596 10596 E ArmVmp : Match on catch block at 0xc3 in for 0xa5
04-30 05:40:05.171 10596 10596 E ArmVmp : Match on catch block at 0xc3 in for 0xa5
04-30 05:40:05.174 10596 10596 E ArmVmp : Match on catch block at 0xc3 in for 0xa9
04-30 05:40:05.188 10596 10596 E ArmVmp : Match on catch block at 0xc3 in for 0xa9
04-30 05:40:05.192 10596 10596 E ArmVmp : Match on catch block at 0xc3 in for 0xa1
04-30 05:40:05.204 10596 10596 E ArmVmp : Match on catch block at 0xc3 in for 0xa1
04-30 05:40:05.210 10596 10596 E ArmVmp : Match on catch block at 0xc3 in for 0xa5
04-30 05:40:05.221 10596 10596 E ArmVmp : Match on catch block at 0xc3 in for 0xa5
04-30 05:40:05.225 10596 10596 E ArmVmp : Match on catch block at 0xc3 in for 0xa9
04-30 05:40:05.238 10596 10596 E ArmVmp : Match on catch block at 0xc3 in for 0xa9
04-30 05:40:05.242 10596 10596 E ArmVmp : Match on catch block at 0xc3 in for 0xa1
04-30 05:40:05.254 10596 10596 E ArmVmp : Match on catch block at 0xc3 in for 0xa1
04-30 05:40:05.259 10596 10596 E ArmVmp : Match on catch block at 0xc3 in for 0xa5
04-30 05:40:05.274 10596 10596 E ArmVmp : Match on catch block at 0xc3 in for 0xa5
04-30 05:40:05.279 10596 10596 E ArmVmp : Match on catch block at 0xc3 in for 0xa9
04-30 05:40:05.289 10596 10596 E ArmVmp : Match on catch block at 0xc3 in for 0xa9
04-30 05:40:05.295 10596 10596 E ArmVmp : Match on catch block at 0xc3 in for 0xa1
04-30 05:40:05.305 10596 10596 E ArmVmp : Match on catch block at 0xc3 in for 0xa1
04-30 05:40:05.311 10596 10596 E ArmVmp : Match on catch block at 0xc3 in for 0xa5
04-30 05:40:05.322 10596 10596 E ArmVmp : Match on catch block at 0xc3 in for 0xa5
04-30 05:40:05.327 10596 10596 E ArmVmp : Match on catch block at 0xc3 in for 0xa9
04-30 05:40:05.338 10596 10596 E ArmVmp : Match on catch block at 0xc3 in for 0xa9
04-30 05:40:05.342 10596 10596 E ArmVmp : Match on catch block at 0xc3 in for 0xa1
04-30 05:40:05.355 10596 10596 E ArmVmp : Match on catch block at 0xc3 in for 0xa1
04-30 05:40:05.359 10596 10596 E ArmVmp : Match on catch block at 0xc3 in for 0xa5
04-30 05:40:05.372 10596 10596 E ArmVmp : Match on catch block at 0xc3 in for 0xa5
04-30 05:40:05.376 10596 10596 E ArmVmp : Match on catch block at 0xc3 in for 0xa9
04-30 05:40:05.389 10596 10596 E ArmVmp : Match on catch block at 0xc3 in for 0xa9
04-30 05:40:05.392 10596 10596 E ArmVmp : Match on catch block at 0xc3 in for 0xa1
04-30 05:40:05.405 10596 10596 E ArmVmp : Match on catch block at 0xc3 in for 0xa1
04-30 05:40:05.409 10596 10596 E ArmVmp : Match on catch block at 0xc3 in for 0xa5
04-30 05:40:05.422 10596 10596 E ArmVmp : Match on catch block at 0xc3 in for 0xa5
04-30 05:40:05.426 10596 10596 E ArmVmp : Match on catch block at 0xc3 in for 0xa9
04-30 05:40:05.441 10596 10596 E ArmVmp : Match on catch block at 0xc3 in for 0xa9
04-30 05:40:05.445 10596 10596 E ArmVmp : Match on catch block at 0xc3 in for 0xa1
04-30 05:40:05.456 10596 10596 E ArmVmp : Match on catch block at 0xc3 in for 0xa1
04-30 05:40:05.459 10596 10596 E ArmVmp : Match on catch block at 0xc3 in for 0xa5
04-30 05:40:05.472 10596 10596 E ArmVmp : Match on catch block at 0xc3 in for 0xa5
04-30 05:40:05.476 10596 10596 E ArmVmp : Match on catch block at 0xc3 in for 0xa9
04-30 05:40:05.794 10596 10596 E ArmVmp : Match on catch block at 0xc3 in for 0xa9
04-30 05:40:05.800 10596 10596 E ArmVmp : Match on catch block at 0xc3 in for 0xa1
04-30 05:40:06.076 10596 10596 E ArmVmp : Match on catch block at 0xc3 in for 0xa1
04-30 05:40:06.080 10596 10596 E ArmVmp : Match on catch block at 0xc3 in for 0xa5
04-30 05:40:06.211 10596 10596 E ArmVmp : Match on catch block at 0xc3 in for 0xa5
04-30 05:40:06.215 10596 10596 E ArmVmp : Match on catch block at 0xc3 in for 0xa9
04-30 05:40:06.328 10596 10596 E ArmVmp : Match on catch block at 0xc3 in for 0xa9
04-30 05:40:06.332 10596 10596 E ArmVmp : Match on catch block at 0xc3 in for 0xa1
04-30 05:40:06.429 10596 10596 E ArmVmp : Match on catch block at 0xc3 in for 0xa1
04-30 05:40:06.432 10596 10596 E ArmVmp : Match on catch block at 0xc3 in for 0xa5
04-30 05:40:06.597 10596 10596 E ArmVmp : Match on catch block at 0xc3 in for 0xa5
04-30 05:40:06.600 10596 10596 E ArmVmp : Match on catch block at 0xc3 in for 0xa9
04-30 05:40:06.714 10596 10596 E ArmVmp : Match on catch block at 0xc3 in for 0xa9
04-30 05:40:06.718 10596 10596 E ArmVmp : Match on catch block at 0xc3 in for 0xa1
04-30 05:40:06.899 10596 10596 E ArmVmp : Match on catch block at 0xc3 in for 0xa1
04-30 05:40:06.902 10596 10596 E ArmVmp : Match on catch block at 0xc3 in for 0xa5
04-30 05:40:07.084 10596 10596 E ArmVmp : Match on catch block at 0xc3 in for 0xa5
04-30 05:40:07.087 10596 10596 E ArmVmp : Match on catch block at 0xc3 in for 0xa9
04-30 05:40:07.286 10596 10596 E ArmVmp : Match on catch block at 0xc3 in for 0xa9
04-30 05:40:07.290 10596 10596 E ArmVmp : Match on catch block at 0xc3 in for 0xa1
04-30 05:40:07.520 10596 10596 E ArmVmp : Match on catch block at 0xc3 in for 0xa1
04-30 05:40:07.524 10596 10596 E ArmVmp : Match on catch block at 0xc3 in for 0xa5
04-30 05:40:07.621 10596 10596 E ArmVmp : Match on catch block at 0xc3 in for 0xa5
04-30 05:40:07.624 10596 10596 E ArmVmp : Match on catch block at 0xc3 in for 0xa9
04-30 05:40:07.705 10596 10596 E ArmVmp : Match on catch block at 0xc3 in for 0xa9
04-30 05:40:07.708 10596 10596 E ArmVmp : Match on catch block at 0xc3 in for 0xa1
04-30 05:40:07.805 10596 10596 E ArmVmp : Match on catch block at 0xc3 in for 0xa1
04-30 05:40:07.809 10596 10596 E ArmVmp : Match on catch block at 0xc3 in for 0xa5
04-30 05:40:07.856 10596 10596 E ArmVmp : Match on catch block at 0xc3 in for 0xa5
04-30 05:40:07.859 10596 10596 E ArmVmp : Match on catch block at 0xc3 in for 0xa9
04-30 05:40:08.091 10596 10596 E ArmVmp : Match on catch block at 0xc3 in for 0xa9
04-30 05:40:08.095 10596 10596 E ArmVmp : Match on catch block at 0xc3 in for 0xa1
