04-29 19:05:22.403 9158 9158 E RefClass: java.lang.reflect.InvocationTargetException
04-29 19:05:22.576 9158 9158 E libc : Access denied finding property "ro.odm.prev.product.name"
04-29 19:05:22.794 9158 9158 W System.err: java.lang.ClassNotFoundException: mbmodsd.mbmodsw.ui.views.btn.BtnBK
04-29 19:05:22.795 9158 9158 W System.err: at java.lang.Runtime.nativeLoad(Native Method)
04-29 19:05:22.795 9158 9158 W System.err: at java.lang.Runtime.nativeLoad(Runtime.java:1131)
04-29 19:05:22.796 9158 9158 W System.err: at java.lang.Runtime.loadLibrary0(Runtime.java:1085)
04-29 19:05:22.796 9158 9158 W System.err: at java.lang.Runtime.loadLibrary0(Runtime.java:1008)
04-29 19:05:22.796 9158 9158 W System.err: at java.lang.System.loadLibrary(System.java:1664)
04-29 19:05:22.796 9158 9158 W System.err: at arm.EpicVm.<clinit>(Unknown Source:2)
04-29 19:05:22.797 9158 9158 W System.err: at java.lang.Class.newInstance(Native Method)
04-29 19:05:22.797 9158 9158 W System.err: at android.app.AppComponentFactory.instantiateApplication(AppComponentFactory.java:76)
04-29 19:05:22.797 9158 9158 W System.err: at androidx.core.app.CoreComponentFactory.instantiateApplication(Unknown Source:0)
04-29 19:05:22.797 9158 9158 W System.err: at android.app.Instrumentation.newApplication(Instrumentation.java:1158)
04-29 19:05:22.797 9158 9158 W System.err: at android.app.LoadedApk.makeApplication(LoadedApk.java:1324)
04-29 19:05:22.797 9158 9158 W System.err: at android.app.ActivityThread.handleBindApplication(ActivityThread.java:7272)
04-29 19:05:22.797 9158 9158 W System.err: at android.app.ActivityThread.access$1700(ActivityThread.java:309)
04-29 19:05:22.797 9158 9158 W System.err: at android.app.ActivityThread$H.handleMessage(ActivityThread.java:2194)
04-29 19:05:22.797 9158 9158 W System.err: at android.os.Handler.dispatchMessage(Handler.java:106)
04-29 19:05:22.797 9158 9158 W System.err: at android.os.Looper.loop(Looper.java:264)
04-29 19:05:22.797 9158 9158 W System.err: at android.app.ActivityThread.main(ActivityThread.java:8315)
04-29 19:05:22.798 9158 9158 W System.err: at java.lang.reflect.Method.invoke(Native Method)
04-29 19:05:22.798 9158 9158 W System.err: at com.android.internal.os.RuntimeInit$MethodAndArgsCaller.run(RuntimeInit.java:632)
04-29 19:05:22.798 9158 9158 W System.err: at com.android.internal.os.ZygoteInit.main(ZygoteInit.java:1049)
04-29 19:05:22.824 9158 9158 E CustomActivityOnCrash: IMPORTANT WARNING! You already have an UncaughtExceptionHandler, are you sure this is correct? If you use a custom UncaughtExceptionHandler, you must initialize it AFTER CustomActivityOnCrash! Installing anyway, but your original handler will not be called.
04-29 19:05:23.907 9158 9158 W com.mbwhatsapp: Accessing hidden method Lcom/android/org/conscrypt/OpenSSLSocketImpl;->setUseSessionTickets(Z)V (greylist- max-q,test-api, reflection, denied)
04-29 19:05:23.908 9158 9158 W com.mbwhatsapp: Accessing hidden method Lcom/android/org/conscrypt/AbstractConscryptSocket;->setUseSessionTickets(Z)V (greylist-max-q, reflection, denied)
04-29 19:05:24.031 9158 9158 W linker : Warning: "/data/data/com.mbwhatsapp/files/decompressed/libs.spk.zst/libc++_shared.so" unused DT entry: unknown processor-specific (type 0x70000001 arg 0x0) (ignoring)
04-29 19:05:24.348 9158 9158 E ANR_LOG : >>> msg's executing time is too long
04-29 19:05:24.348 9158 9158 E ANR_LOG : Blocked msg = { when=-1s878ms what=110 target=android.app.ActivityThread$H obj=AppBindData{appInfo=ApplicationInfo{39ed7b2 com.mbwhatsapp}} } , cost = 1837 ms
04-29 19:05:24.348 9158 9158 E ANR_LOG : >>>Current msg List is:
04-29 19:05:24.349 9158 9158 E ANR_LOG : Current msg <1> = { when=-1s840ms what=113 target=android.app.ActivityThread$H obj=ReceiverData{intent=Intent { flg=0x80014 cmp=com.mbwhatsapp/.yo.autoschedreply.Receiver (has extras) } packageName=com.mbwhatsapp resultCode=0 resultData=null resultExtras=null} }
04-29 19:05:24.349 9158 9158 E ANR_LOG : Current msg <2> = { when=-1s840ms what=9999 target=android.app.ActivityThread$H }
04-29 19:05:24.350 9158 9158 E ANR_LOG : Current msg <3> = { when=-610ms what=0 target=android.app.ActivityThread$H callback=android.app.-$ $Lambda$LoadedApk$ReceiverDispatcher$Args$_BumDX2UKsnxLVrE6UJsJZkotuA }
04-29 19:05:24.350 9158 9158 E ANR_LOG : >>>CURRENT MSG DUMP OVER<<<
04-29 19:05:24.360 9158 9293 W com.mbwhatsapp: Class X.2rL failed lock verification and will run slower.
04-29 19:05:24.360 9158 9293 W com.mbwhatsapp: Common causes for lock verification issues are non-optimized dex code
04-29 19:05:24.360 9158 9293 W com.mbwhatsapp: and incorrect proguard optimizations.
04-29 19:05:24.808 9158 9300 W System : ClassLoader referenced unknown path: system/framework/mediatek-cta.jar
04-29 19:05:24.837 9158 9304 W System : ClassLoader referenced unknown path: system/framework/mediatek-cta.jar
04-29 19:05:24.956 9158 9298 E CheckPermission: _bluetooth code = 1
04-29 19:05:24.959 9158 9298 E CheckPermission: _bluetooth code = 3
04-29 19:05:24.961 9158 9298 E CheckPermission: _bluetooth code = 11 --------- beginning of main
04-29 19:07:00.257 9657 9657 E com.mbwhatsapp: Unknown bits set in runtime_flags: 0x40000000
04-29 19:07:00.264 9657 9657 E com.mbwhatsapp: Not starting debugger since process cannot load the jdwp agent.
04-29 19:07:00.275 9657 9657 E RefClass: java.lang.reflect.InvocationTargetException
04-29 19:07:00.316 9657 9657 E libc : Access denied finding property "ro.odm.prev.product.name"
04-29 19:07:00.433 9657 9657 W System.err: java.lang.ClassNotFoundException: mbmodsd.mbmodsw.ui.views.btn.BtnBK
04-29 19:07:00.434 9657 9657 W System.err: at java.lang.Runtime.nativeLoad(Native Method)
04-29 19:07:00.434 9657 9657 W System.err: at java.lang.Runtime.nativeLoad(Runtime.java:1131)
04-29 19:07:00.434 9657 9657 W System.err: at java.lang.Runtime.loadLibrary0(Runtime.java:1085)
04-29 19:07:00.434 9657 9657 W System.err: at java.lang.Runtime.loadLibrary0(Runtime.java:1008)
04-29 19:07:00.434 9657 9657 W System.err: at java.lang.System.loadLibrary(System.java:1664)
04-29 19:07:00.434 9657 9657 W System.err: at arm.EpicVm.<clinit>(Unknown Source:2)
04-29 19:07:00.434 9657 9657 W System.err: at java.lang.Class.newInstance(Native Method)
04-29 19:07:00.434 9657 9657 W System.err: at android.app.AppComponentFactory.instantiateApplication(AppComponentFactory.java:76)
04-29 19:07:00.434 9657 9657 W System.err: at androidx.core.app.CoreComponentFactory.instantiateApplication(Unknown Source:0)
04-29 19:07:00.434 9657 9657 W System.err: at android.app.Instrumentation.newApplication(Instrumentation.java:1158)
04-29 19:07:00.435 9657 9657 W System.err: at android.app.LoadedApk.makeApplication(LoadedApk.java:1324)
04-29 19:07:00.435 9657 9657 W System.err: at android.app.ActivityThread.handleBindApplication(ActivityThread.java:7272)
04-29 19:07:00.435 9657 9657 W System.err: at android.app.ActivityThread.access$1700(ActivityThread.java:309)
04-29 19:07:00.435 9657 9657 W System.err: at android.app.ActivityThread$H.handleMessage(ActivityThread.java:2194)
04-29 19:07:00.435 9657 9657 W System.err: at android.os.Handler.dispatchMessage(Handler.java:106)
04-29 19:07:00.435 9657 9657 W System.err: at android.os.Looper.loop(Looper.java:264)
04-29 19:07:00.435 9657 9657 W System.err: at android.app.ActivityThread.main(ActivityThread.java:8315)
04-29 19:07:00.435 9657 9657 W System.err: at java.lang.reflect.Method.invoke(Native Method)
04-29 19:07:00.435 9657 9657 W System.err: at com.android.internal.os.RuntimeInit$MethodAndArgsCaller.run(RuntimeInit.java:632)
04-29 19:07:00.435 9657 9657 W System.err: at com.android.internal.os.ZygoteInit.main(ZygoteInit.java:1049)
04-29 19:07:00.447 9657 9657 E CustomActivityOnCrash: IMPORTANT WARNING! You already have an UncaughtExceptionHandler, are you sure this is correct? If you use a custom UncaughtExceptionHandler, you must initialize it AFTER CustomActivityOnCrash! Installing anyway, but your original handler will not be called.
04-29 19:07:00.674 9657 9657 W com.mbwhatsapp: Accessing hidden method Lcom/android/org/conscrypt/OpenSSLSocketImpl;->setUseSessionTickets(Z)V (greylist- max-q,test-api, reflection, denied)
04-29 19:07:00.675 9657 9657 W com.mbwhatsapp: Accessing hidden method Lcom/android/org/conscrypt/AbstractConscryptSocket;->setUseSessionTickets(Z)V (greylist-max-q, reflection, denied)
04-29 19:07:00.731 9657 9657 W linker : Warning: "/data/data/com.mbwhatsapp/files/decompressed/libs.spk.zst/libc++_shared.so" unused DT entry: unknown processor-specific (type 0x70000001 arg 0x0) (ignoring)
04-29 19:07:00.863 9657 9715 W com.mbwhatsapp: Class X.2rL failed lock verification and will run slower.
04-29 19:07:00.863 9657 9715 W com.mbwhatsapp: Common causes for lock verification issues are non-optimized dex code
04-29 19:07:00.863 9657 9715 W com.mbwhatsapp: and incorrect proguard optimizations.
04-29 19:07:01.432 9657 9729 W System : ClassLoader referenced unknown path: system/framework/mediatek-cta.jar
04-29 19:07:01.880 9657 9723 W System : ClassLoader referenced unknown path: system/framework/mediatek-cta.jar
04-29 19:07:02.086 9657 9720 E CheckPermission: _bluetooth code = 1
04-29 19:07:02.087 9657 9720 E CheckPermission: _bluetooth code = 3
04-29 19:07:02.088 9657 9720 E CheckPermission: _bluetooth code = 11
04-29 19:09:09.162 9657 9657 W com.mbwhatsapp: Class X.0eU failed lock verification and will run slower.
04-29 19:09:09.391 9657 9657 E Parcel : Reading a NULL string not supported here.
04-29 19:09:09.513 9657 10321 E libEGL : Invalid file path for libcolorx- loader.so
04-29 19:09:09.563 9657 9657 W com.mbwhatsapp: Class com.mbwhatsapp.HomeActivity failed lock verification and will run slower. --------- beginning of system
04-29 19:09:09.680 9657 9657 E OplusCustomizeRestrictionManager: sInstance is null, start a new sInstance
04-29 19:09:10.095 9657 9657 E ion : ioctl c0044901 failed with code -1: Invalid argument
04-29 19:09:10.179 9657 9657 E ArmVmp : Match on catch block at 0x0a in for 0xc9
04-29 19:09:10.221 9657 9657 E ArmVmp : Match on catch block at 0x0a in for 0x139
04-29 19:09:10.226 9657 9657 E Parcel : Reading a NULL string not supported here.
04-29 19:09:10.271 9657 9657 E Parcel : Reading a NULL string not supported here.
04-29 19:09:10.453 9657 10325 W com.mbwhatsapp: Accessing hidden method Lcom/android/org/conscrypt/ConscryptEngineSocket;->setUseSessionTickets(Z)V (greylist-max-q,test-api, reflection, denied)
04-29 19:09:10.453 9657 10325 W com.mbwhatsapp: Accessing hidden method Lcom/android/org/conscrypt/OpenSSLSocketImpl;->setUseSessionTickets(Z)V (greylist- max-q,test-api, reflection, denied)
04-29 19:09:10.454 9657 10325 W com.mbwhatsapp: Accessing hidden method Lcom/android/org/conscrypt/AbstractConscryptSocket;->setUseSessionTickets(Z)V (greylist-max-q, reflection, denied)
04-29 19:09:10.454 9657 10325 W com.mbwhatsapp: Accessing hidden method Lcom/android/org/conscrypt/ConscryptEngineSocket;->setHostname(Ljava/lang/String;)V (greylist-max-q,test-api, reflection, denied)
04-29 19:09:10.454 9657 10325 W com.mbwhatsapp: Accessing hidden method Lcom/android/org/conscrypt/OpenSSLSocketImpl;->setHostname(Ljava/lang/String;)V (greylist-max-q,test-api, reflection, denied)
04-29 19:09:10.454 9657 10325 W com.mbwhatsapp: Accessing hidden method Lcom/android/org/conscrypt/AbstractConscryptSocket;->setHostname(Ljava/lang/ String;)V (greylist-max-q, reflection, denied)
04-29 19:09:10.455 9657 10325 W com.mbwhatsapp: Accessing hidden method Lcom/android/org/conscrypt/OpenSSLSocketImpl;->setAlpnProtocols([B)V (greylist-max- q,test-api, reflection, denied)
04-29 19:09:10.455 9657 10325 W com.mbwhatsapp: Accessing hidden method Lcom/android/org/conscrypt/AbstractConscryptSocket;->setAlpnProtocols([B)V (greylist-max-q, reflection, denied)
04-29 19:09:10.520 9657 10325 W com.mbwhatsapp: Accessing hidden method Lcom/android/org/conscrypt/OpenSSLSocketImpl;->getAlpnSelectedProtocol()[B (greylist-max-q,test-api, reflection, denied)
04-29 19:09:10.523 9657 10325 W com.mbwhatsapp: Accessing hidden method Lcom/android/org/conscrypt/AbstractConscryptSocket;->getAlpnSelectedProtocol()[B (greylist-max-q, reflection, denied)
04-29 19:09:10.612 9657 9657 E libEGL : Invalid file path for libcolorx- loader.so
04-29 19:09:10.614 9657 9657 E libEGL : Invalid file path for libcolorx- loader.so
04-29 19:09:10.615 9657 9657 E libEGL : Invalid file path for libcolorx- loader.so
04-29 19:09:11.145 9657 10319 E libEGL : Invalid file path for libcolorx- loader.so
04-29 19:09:11.170 9657 10319 E Parcel : Reading a NULL string not supported here.
04-29 19:09:11.173 9657 10319 E Parcel : Reading a NULL string not supported here.
04-29 19:09:11.194 9657 10319 E libEGL : Invalid file path for libcolorx- loader.so
04-29 19:09:11.203 9657 10319 E libEGL : Invalid file path for libcolorx- loader.so
04-29 19:09:11.204 9657 10319 E libEGL : Invalid file path for libcolorx- loader.so
04-29 19:09:11.204 9657 10319 E libEGL : Invalid file path for libcolorx- loader.so
04-29 19:09:11.212 9657 10319 E libEGL : Invalid file path for libcolorx- loader.so
04-29 19:09:11.367 9657 10367 E libc : Access denied finding property "vendor.debug.drm.logv"
04-29 19:09:11.368 9657 10367 E libc : Access denied finding property "vendor.debug.drm.logv"
04-29 19:09:11.369 9657 10367 E libc : Access denied finding property "vendor.debug.drm.logd"
04-29 19:09:11.369 9657 10367 E libc : Access denied finding property "vendor.debug.drm.logv"
04-29 19:09:12.644 9657 10319 E ion : ioctl c0044901 failed with code -1: Invalid argument
04-29 19:09:12.781 9657 9657 E ANR_LOG : >>> msg's executing time is too long
04-29 19:09:12.781 9657 9657 E ANR_LOG : Blocked msg = { when=-2s165ms what=0 target=android.view.Choreographer$FrameHandler callback=android.view.Choreographer$FrameDisplayEventReceiver } , cost = 2077 ms
04-29 19:09:12.781 9657 9657 E ANR_LOG : >>>Current msg List is:
04-29 19:09:12.781 9657 9657 E ANR_LOG : Current msg <1> = { when=- 3d23h43m21s356ms what=0 target=android.view.ViewRootImpl$ViewRootHandler callback=android.view.-$$Lambda$ViewRootImpl$DJd0VUYJgsebcnSohO6h8zc_ONI }
04-29 19:09:12.781 9657 9657 E ANR_LOG : Current msg <2> = { when=- 3d23h43m21s356ms what=0 target=android.os.Handler callback=X.3ef }
04-29 19:09:12.781 9657 9657 E ANR_LOG : Current msg <3> = { when=-2s93ms what=159 target=android.app.ActivityThread$H obj=ClientTransaction DestroyActivityItem }
04-29 19:09:12.781 9657 9657 E ANR_LOG : Current msg <4> = { when=-2s77ms what=0 target=android.view.ViewRootImpl$ViewRootHandler callback=X.0jM }
04-29 19:09:12.781 9657 9657 E ANR_LOG : Current msg <5> = { when=-2s51ms barrier=1 }
04-29 19:09:12.781 9657 9657 E ANR_LOG : Current msg <6> = { when=-2s48ms what=0 target=android.view.ViewRootImpl$ViewRootHandler callback=X.5ul }
04-29 19:09:12.781 9657 9657 E ANR_LOG : Current msg <7> = { when=-2s48ms what=0 target=android.view.ViewRootImpl$ViewRootHandler callback=X.5ul }
04-29 19:09:12.781 9657 9657 E ANR_LOG : Current msg <8> = { when=-1s991ms what=0 target=android.view.ViewRootImpl$ViewRootHandler callback=com.mbwhatsapp.yo.e2 }
04-29 19:09:12.781 9657 9657 E ANR_LOG : Current msg <9> = { when=-1s953ms what=0 target=android.os.Handler callback=X.0lO }
04-29 19:09:12.782 9657 9657 E ANR_LOG : Current msg <10> = { when=-1s940ms what=0 target=android.os.Handler callback=X.0lO }
04-29 19:09:12.782 9657 9657 E ANR_LOG : >>>CURRENT MSG DUMP OVER<<<
04-29 19:09:12.929 9657 10380 E libEGL : Invalid file path for libcolorx- loader.so
04-29 19:09:12.934 9657 9657 E ArmVmp : Match on catch block at 0x0a in for 0xd9
04-29 19:09:12.958 9657 9657 E ScreenmodeClient: display mode not support
04-29 19:09:13.337 9657 10383 W LOTTIE : Animation contains merge paths. Merge paths are only supported on KitKat+ and must be manually enabled by calling enableMergePathsForKitKatAndAbove().
04-29 19:09:13.607 9657 9657 W LOTTIE : Animation contains merge paths but they are disabled.
04-29 19:09:19.065 9657 9657 E Parcel : Reading a NULL string not supported here.
04-29 19:09:19.148 9657 10429 E libEGL : Invalid file path for libcolorx- loader.so
04-29 19:09:19.250 9657 9657 E libEGL : Invalid file path for libcolorx- loader.so
04-29 19:09:19.251 9657 9657 E libEGL : Invalid file path for libcolorx- loader.so
04-29 19:09:19.464 9657 9657 W BottomSheetBehavior: BottomSheetBehavior now supports multiple callbacks. `setBottomSheetCallback()` removes all existing callbacks, including ones set internally by library authors, which may result in unintended behavior. This may change in the future. Please use `addBottomSheetCallback()` and `removeBottomSheetCallback()` instead to set your own callbacks.
04-29 19:09:19.464 9657 9657 W BottomSheetBehavior: BottomSheetBehavior now supports multiple callbacks. `setBottomSheetCallback()` removes all existing callbacks, including ones set internally by library authors, which may result in unintended behavior. This may change in the future. Please use `addBottomSheetCallback()` and `removeBottomSheetCallback()` instead to set your own callbacks.
04-29 19:09:19.518 9657 9657 W BottomSheetBehavior: BottomSheetBehavior now supports multiple callbacks. `setBottomSheetCallback()` removes all existing callbacks, including ones set internally by library authors, which may result in unintended behavior. This may change in the future. Please use `addBottomSheetCallback()` and `removeBottomSheetCallback()` instead to set your own callbacks.
04-29 19:09:19.518 9657 9657 W BottomSheetBehavior: BottomSheetBehavior now supports multiple callbacks. `setBottomSheetCallback()` removes all existing callbacks, including ones set internally by library authors, which may result in unintended behavior. This may change in the future. Please use `addBottomSheetCallback()` and `removeBottomSheetCallback()` instead to set your own callbacks.
04-29 19:09:19.553 9657 9657 W BottomSheetBehavior: BottomSheetBehavior now supports multiple callbacks. `setBottomSheetCallback()` removes all existing callbacks, including ones set internally by library authors, which may result in unintended behavior. This may change in the future. Please use `addBottomSheetCallback()` and `removeBottomSheetCallback()` instead to set your own callbacks.
04-29 19:09:19.553 9657 9657 W BottomSheetBehavior: BottomSheetBehavior now supports multiple callbacks. `setBottomSheetCallback()` removes all existing callbacks, including ones set internally by library authors, which may result in unintended behavior. This may change in the future. Please use `addBottomSheetCallback()` and `removeBottomSheetCallback()` instead to set your own callbacks.
04-29 19:09:19.774 9657 9657 W BottomSheetBehavior: BottomSheetBehavior now supports multiple callbacks. `setBottomSheetCallback()` removes all existing callbacks, including ones set internally by library authors, which may result in unintended behavior. This may change in the future. Please use `addBottomSheetCallback()` and `removeBottomSheetCallback()` instead to set your own callbacks.
04-29 19:09:19.774 9657 9657 W BottomSheetBehavior: BottomSheetBehavior now supports multiple callbacks. `setBottomSheetCallback()` removes all existing callbacks, including ones set internally by library authors, which may result in unintended behavior. This may change in the future. Please use `addBottomSheetCallback()` and `removeBottomSheetCallback()` instead to set your own callbacks.
04-29 19:09:19.808 9657 9657 E RecyclerView: No adapter attached; skipping layout
04-29 19:09:19.811 9657 9657 E RecyclerView: No adapter attached; skipping layout
04-29 19:09:19.991 9657 9712 E SQLiteDatabase: Error inserting transferred=0 media_job_uuid=95af0384-ff59-443c-9e3a-05cfdf527dd7 transcoded=0 gif_attribution=0 first_scan_length=0 direct_path=/v/t62.7161- 24/31273174_751610230457899_5282513262939340687_n.enc?ccb=11- 4&oh=01_Q5AaIHytIotqN3GeM2IsYlszj8ix6pg0YEys1u5qHjpExGow&oe=6656891C&_nc_sid=5e03e0 thumbnail_height_width_ratio=1.7777778 is_animated_sticker=0 file_hash=+wzVEkp3M6GBjEYIziP37uww1JM8NCSe/Qvcg5BApKo= file_path=null file_size=0 partial_media_hash=null face_x=0 face_y=0 height=640 trim_to=0 media_key_timestamp=1714368390000 message_url=https://mmg.whatsapp.net/v/t62.7161- 24/31273174_751610230457899_5282513262939340687_n.enc?ccb=11- 4&oh=01_Q5AaIHytIotqN3GeM2IsYlszj8ix6pg0YEys1u5qHjpExGow&oe=6656891C&_nc_sid=5e03e0 &mms3=true media_caption=null trim_from=0 mime_type=video/mp4 partial_media_enc_hash=null width=360 original_file_hash=null has_streaming_sidecar=1 autotransfer_retry_enabled=1 media_upload_handle=null message_row_id=3122 multicast_id=null enc_file_hash=MjV4wb5RaBgU1fZIm0G61F+DU5VgNcDUroZvolA+ZZY= mute_video=0 page_count=0 first_scan_sidecar=null suspicious_content=0 file_length=1662913 media_name=null media_duration=12 chat_row_id=16 media_key=[B@6b32eba
04-29 19:09:19.991 9657 9712 E SQLiteDatabase: android.database.sqlite.SQLiteConstraintException: UNIQUE constraint failed: message_media.message_row_id (code 1555 SQLITE_CONSTRAINT_PRIMARYKEY)
04-29 19:09:19.991 9657 9712 E SQLiteDatabase: at android.database.sqlite.SQLiteConnection.nativeExecuteForLastInsertedRowId(Native Method)
04-29 19:09:19.991 9657 9712 E SQLiteDatabase: at android.database.sqlite.SQLiteConnection.executeForLastInsertedRowId(SQLiteConnecti on.java:948)
04-29 19:09:19.991 9657 9712 E SQLiteDatabase: at android.database.sqlite.SQLiteSession.executeForLastInsertedRowId(SQLiteSession.jav a:790)
04-29 19:09:19.991 9657 9712 E SQLiteDatabase: at android.database.sqlite.SQLiteStatement.executeInsert(SQLiteStatement.java:88)
04-29 19:09:19.991 9657 9712 E SQLiteDatabase: at android.database.sqlite.SQLiteDatabase.insertWithOnConflict(SQLiteDatabase.java:173 1)
04-29 19:09:19.991 9657 9712 E SQLiteDatabase: at android.database.sqlite.SQLiteDatabase.insert(SQLiteDatabase.java:1600)
04-29 19:09:19.991 9657 9712 E SQLiteDatabase: at X.2tm.A08(Unknown Source:6)
04-29 19:09:19.991 9657 9712 E SQLiteDatabase: at X.35Y.A07(Unknown Source:212)
04-29 19:09:19.991 9657 9712 E SQLiteDatabase: at X.3QF.A14(Unknown Source:470)
04-29 19:09:19.991 9657 9712 E SQLiteDatabase: at X.3gU.run(Unknown Source:982)
04-29 19:09:19.991 9657 9712 E SQLiteDatabase: at android.os.Handler.handleCallback(Handler.java:938)
04-29 19:09:19.991 9657 9712 E SQLiteDatabase: at android.os.Handler.dispatchMessage(Handler.java:99)
04-29 19:09:19.991 9657 9712 E SQLiteDatabase: at X.0zq.dispatchMessage(Unknown Source:4)
04-29 19:09:19.991 9657 9712 E SQLiteDatabase: at android.os.Looper.loop(Looper.java:264)
04-29 19:09:19.991 9657 9712 E SQLiteDatabase: at android.os.HandlerThread.run(HandlerThread.java:67)
04-29 19:09:20.568 9657 10385 E MediaMetadataRetrieverJNI: getFrameAtTime: videoFrame is a NULL pointer
04-29 19:09:20.781 9657 9657 E RecyclerView: No adapter attached; skipping layout
04-29 19:09:20.870 9657 10502 W AudioCapabilities: Unsupported mime audio/ffmpeg
04-29 19:09:20.870 9657 10502 W AudioCapabilities: Unsupported mime audio/x-adpcm- ms
04-29 19:09:20.871 9657 10502 W AudioCapabilities: Unsupported mime audio/x-adpcm- dvi-ima
04-29 19:09:20.871 9657 10502 W AudioCapabilities: Unsupported mime audio/alac
04-29 19:09:20.872 9657 10502 W AudioCapabilities: Unsupported mime audio/ape
04-29 19:09:20.873 9657 10502 W AudioCapabilities: Unsupported mime audio/x-ms-wma
04-29 19:09:20.874 9657 10502 W VideoCapabilities: Unsupported mime video/ffmpeg
04-29 19:09:20.878 9657 10502 W VideoCapabilities: Unrecognized profile/level 1/32 for video/mp4v-es
04-29 19:09:20.879 9657 10502 W VideoCapabilities: Unrecognized profile/level 32768/2 for video/mp4v-es
04-29 19:09:20.879 9657 10502 W VideoCapabilities: Unrecognized profile/level 32768/64 for video/mp4v-es
04-29 19:09:20.880 9657 10502 W VideoCapabilities: Unsupported mime video/x-ms-wmv
04-29 19:09:20.883 9657 10502 W VideoCapabilities: Unrecognized profile/level 1/32 for video/mp4v-es
04-29 19:09:20.908 9657 10502 E Parcel : Reading a NULL string not supported here.
04-29 19:09:20.961 9657 10385 E MediaMetadataRetrieverJNI: getFrameAtTime: videoFrame is a NULL pointer
04-29 19:09:20.961 9657 10385 E MediaMetadataRetrieverJNI: getEmbeddedPicture: Call to getEmbeddedPicture failed.
04-29 19:09:20.978 9657 10518 E OplusACodec: [GetVideoCodingTypeFromMime:L709] mime:video/avc
04-29 19:09:20.981 9657 10518 E MtkACodecExt: setConfig(OMX_CONFIG_ROTATIONTYPE) returned error 0xfffffc0e
04-29 19:09:20.981 9657 10518 E ACodec : [OMX.MTK.VIDEO.DECODER.AVC] failed to setViLTEParameters 1
04-29 19:09:21.078 9657 10528 W Codec2Client: query -- param skipped: index = 1107298332.
04-29 19:09:21.079 9657 10528 W CCodec : This behavior is subject to change. It is recommended that app developers double check whether the requested max input size is in reasonable range.
04-29 19:09:21.083 9657 10528 W Codec2Client: query -- param skipped: index = 1342179345.
04-29 19:09:21.084 9657 10528 W Codec2Client: query -- param skipped: index = 2415921170.
04-29 19:09:21.084 9657 10528 W Codec2Client: query -- param skipped: index = 1610614798.
04-29 19:09:21.086 9657 10528 E FMQ : grantorIdx must be less than 3
04-29 19:09:21.086 9657 10528 E FMQ : grantorIdx must be less than 3
04-29 19:09:21.092 9657 10528 E FMQ : grantorIdx must be less than 3
04-29 19:09:21.101 9657 10521 E FMQ : grantorIdx must be less than 3
04-29 19:09:21.498 9657 9712 E SQLiteDatabase: Error inserting transferred=0 media_job_uuid=d6a7bc4d-956f-4f33-8ced-97370e1bec09 transcoded=0 gif_attribution=0 first_scan_length=0 direct_path=/v/t62.7161- 24/20118780_350012760958623_7897043870120666206_n.enc?ccb=11- 4&oh=01_Q5AaIDJGydCfGz1HcNyoCKo712WnS1qz8p0bmGMePxfrMQI3&oe=6656D6E6&_nc_sid=5e03e0 thumbnail_height_width_ratio=1.0 is_animated_sticker=0 file_hash=vE9HMpgKqLO5TGrCNcaFW/Yx/ZJPFmil1F1saC3rcOU= file_path=null file_size=0 partial_media_hash=null face_x=0 face_y=0 height=576 trim_to=0 media_key_timestamp=1714385658000 message_url=https://mmg.whatsapp.net/v/t62.7161- 24/20118780_350012760958623_7897043870120666206_n.enc?ccb=11- 4&oh=01_Q5AaIDJGydCfGz1HcNyoCKo712WnS1qz8p0bmGMePxfrMQI3&oe=6656D6E6&_nc_sid=5e03e0 &mms3=true media_caption=null trim_from=0 mime_type=video/mp4 partial_media_enc_hash=null width=576 original_file_hash=null has_streaming_sidecar=1 autotransfer_retry_enabled=1 media_upload_handle=null message_row_id=3212 multicast_id=null enc_file_hash=CtNasVZ/fold79sQOEdpDoulQHRYPfi4yoOeobC/I4o= mute_video=0 page_count=0 first_scan_sidecar=null suspicious_content=0 file_length=4448009 media_name=null media_duration=24 chat_row_id=16 media_key=[B@bba91e3
04-29 19:09:21.498 9657 9712 E SQLiteDatabase: android.database.sqlite.SQLiteConstraintException: UNIQUE constraint failed: message_media.message_row_id (code 1555 SQLITE_CONSTRAINT_PRIMARYKEY)
04-29 19:09:21.498 9657 9712 E SQLiteDatabase: at android.database.sqlite.SQLiteConnection.nativeExecuteForLastInsertedRowId(Native Method)
04-29 19:09:21.498 9657 9712 E SQLiteDatabase: at android.database.sqlite.SQLiteConnection.executeForLastInsertedRowId(SQLiteConnecti on.java:948)
04-29 19:09:21.498 9657 9712 E SQLiteDatabase: at android.database.sqlite.SQLiteSession.executeForLastInsertedRowId(SQLiteSession.jav a:790)
04-29 19:09:21.498 9657 9712 E SQLiteDatabase: at android.database.sqlite.SQLiteStatement.executeInsert(SQLiteStatement.java:88)
04-29 19:09:21.498 9657 9712 E SQLiteDatabase: at android.database.sqlite.SQLiteDatabase.insertWithOnConflict(SQLiteDatabase.java:173 1)
04-29 19:09:21.498 9657 9712 E SQLiteDatabase: at android.database.sqlite.SQLiteDatabase.insert(SQLiteDatabase.java:1600)
04-29 19:09:21.498 9657 9712 E SQLiteDatabase: at X.2tm.A08(Unknown Source:6)
04-29 19:09:21.498 9657 9712 E SQLiteDatabase: at X.35Y.A07(Unknown Source:212)
04-29 19:09:21.498 9657 9712 E SQLiteDatabase: at X.3QF.A14(Unknown Source:470)
04-29 19:09:21.498 9657 9712 E SQLiteDatabase: at X.3gU.run(Unknown Source:982)
04-29 19:09:21.498 9657 9712 E SQLiteDatabase: at android.os.Handler.handleCallback(Handler.java:938)
04-29 19:09:21.498 9657 9712 E SQLiteDatabase: at android.os.Handler.dispatchMessage(Handler.java:99)
04-29 19:09:21.498 9657 9712 E SQLiteDatabase: at X.0zq.dispatchMessage(Unknown Source:4)
04-29 19:09:21.498 9657 9712 E SQLiteDatabase: at android.os.Looper.loop(Looper.java:264)
04-29 19:09:21.498 9657 9712 E SQLiteDatabase: at android.os.HandlerThread.run(HandlerThread.java:67)
04-29 19:09:21.993 9657 10385 E MediaMetadataRetrieverJNI: getFrameAtTime: videoFrame is a NULL pointer
04-29 19:09:22.277 9657 10385 E MediaMetadataRetrieverJNI: getFrameAtTime: videoFrame is a NULL pointer
04-29 19:09:22.278 9657 10385 E MediaMetadataRetrieverJNI: getEmbeddedPicture: Call to getEmbeddedPicture failed.
04-29 19:09:24.271 9657 10319 W RefBase : CallStack::getCurrentInternal not linked, returning null
04-29 19:09:24.271 9657 10319 W RefBase : CallStack::logStackInternal not linked
04-29 19:09:24.271 9657 10319 W RefBase : CallStack::getCurrentInternal not linked, returning null
04-29 19:09:24.271 9657 10319 W RefBase : CallStack::logStackInternal not linked
04-29 19:09:24.272 9657 10319 W RefBase : CallStack::getCurrentInternal not linked, returning null
04-29 19:09:24.272 9657 10319 W RefBase : CallStack::logStackInternal not linked
04-29 19:09:24.272 9657 10319 W RefBase : CallStack::getCurrentInternal not linked, returning null
04-29 19:09:24.272 9657 10319 W RefBase : CallStack::logStackInternal not linked
04-29 19:09:24.272 9657 10319 W RefBase : CallStack::getCurrentInternal not linked, returning null
04-29 19:09:24.272 9657 10319 W RefBase : CallStack::logStackInternal not linked
04-29 19:09:24.273 9657 10319 W RefBase : CallStack::getCurrentInternal not linked, returning null
04-29 19:09:24.273 9657 10319 W RefBase : CallStack::logStackInternal not linked
04-29 19:09:24.273 9657 10319 W RefBase : CallStack::getCurrentInternal not linked, returning null
04-29 19:09:24.273 9657 10319 W RefBase : CallStack::logStackInternal not linked
04-29 19:09:24.273 9657 10319 W RefBase : CallStack::getCurrentInternal not linked, returning null
04-29 19:09:24.273 9657 10319 W RefBase : CallStack::logStackInternal not linked
04-29 19:09:24.273 9657 10319 W RefBase : CallStack::getCurrentInternal not linked, returning null
04-29 19:09:24.273 9657 10319 W RefBase : CallStack::logStackInternal not linked
04-29 19:09:24.273 9657 10319 W RefBase : CallStack::getCurrentInternal not linked, returning null
04-29 19:09:24.273 9657 10319 W RefBase : CallStack::logStackInternal not linked
04-29 19:09:24.274 9657 10319 W RefBase : CallStack::getCurrentInternal not linked, returning null
04-29 19:09:24.274 9657 10319 W RefBase : CallStack::logStackInternal not linked
04-29 19:09:24.274 9657 10319 W RefBase : CallStack::getCurrentInternal not linked, returning null
04-29 19:09:24.274 9657 10319 W RefBase : CallStack::logStackInternal not linked
04-29 19:09:24.274 9657 10319 W RefBase : CallStack::getCurrentInternal not linked, returning null
04-29 19:09:24.274 9657 10319 W RefBase : CallStack::logStackInternal not linked
04-29 19:09:24.286 9657 10528 W Codec2Client: query -- param skipped: index = 1342179345.
04-29 19:09:24.286 9657 10528 W Codec2Client: query -- param skipped: index = 2415921170.
04-29 19:09:24.286 9657 10528 W Codec2Client: query -- param skipped: index = 1610614798.
04-29 19:09:24.289 9657 10518 W ACodec : Failed to set ANW_HWComposer to OMX, ignoring (-2147483648)
04-29 19:10:13.100 9657 10820 W LibraryVersion: Failed to get app version for libraryName: firebase-iid
04-29 19:10:13.114 9657 10822 E Parcel : Reading a NULL string not supported here. --------- beginning of main
04-29 19:12:22.387 11567 11567 E com.mbwhatsapp: Unknown bits set in runtime_flags: 0x40000000
04-29 19:12:22.405 11567 11567 E com.mbwhatsapp: Not starting debugger since process cannot load the jdwp agent.
04-29 19:12:22.426 11567 11567 E RefClass: java.lang.reflect.InvocationTargetException
04-29 19:12:22.513 11567 11567 E libc : Access denied finding property "ro.odm.prev.product.name"
04-29 19:12:22.854 11567 11567 W System.err: java.lang.ClassNotFoundException: mbmodsd.mbmodsw.ui.views.btn.BtnBK
04-29 19:12:22.854 11567 11567 W System.err: at java.lang.Runtime.nativeLoad(Native Method)
04-29 19:12:22.854 11567 11567 W System.err: at java.lang.Runtime.nativeLoad(Runtime.java:1131)
04-29 19:12:22.854 11567 11567 W System.err: at java.lang.Runtime.loadLibrary0(Runtime.java:1085)
04-29 19:12:22.855 11567 11567 W System.err: at java.lang.Runtime.loadLibrary0(Runtime.java:1008)
04-29 19:12:22.855 11567 11567 W System.err: at java.lang.System.loadLibrary(System.java:1664)
04-29 19:12:22.855 11567 11567 W System.err: at arm.EpicVm.<clinit>(Unknown Source:2)
04-29 19:12:22.855 11567 11567 W System.err: at java.lang.Class.newInstance(Native Method)
04-29 19:12:22.855 11567 11567 W System.err: at android.app.AppComponentFactory.instantiateApplication(AppComponentFactory.java:76)
04-29 19:12:22.855 11567 11567 W System.err: at androidx.core.app.CoreComponentFactory.instantiateApplication(Unknown Source:0)
04-29 19:12:22.855 11567 11567 W System.err: at android.app.Instrumentation.newApplication(Instrumentation.java:1158)
04-29 19:12:22.855 11567 11567 W System.err: at android.app.LoadedApk.makeApplication(LoadedApk.java:1324)
04-29 19:12:22.855 11567 11567 W System.err: at android.app.ActivityThread.handleBindApplication(ActivityThread.java:7272)
04-29 19:12:22.855 11567 11567 W System.err: at android.app.ActivityThread.access$1700(ActivityThread.java:309)
04-29 19:12:22.855 11567 11567 W System.err: at android.app.ActivityThread$H.handleMessage(ActivityThread.java:2194)
04-29 19:12:22.855 11567 11567 W System.err: at android.os.Handler.dispatchMessage(Handler.java:106)
04-29 19:12:22.855 11567 11567 W System.err: at android.os.Looper.loop(Looper.java:264)
04-29 19:12:22.855 11567 11567 W System.err: at android.app.ActivityThread.main(ActivityThread.java:8315)
04-29 19:12:22.856 11567 11567 W System.err: at java.lang.reflect.Method.invoke(Native Method)
04-29 19:12:22.856 11567 11567 W System.err: at com.android.internal.os.RuntimeInit$MethodAndArgsCaller.run(RuntimeInit.java:632)
04-29 19:12:22.856 11567 11567 W System.err: at com.android.internal.os.ZygoteInit.main(ZygoteInit.java:1049)
04-29 19:12:22.909 11567 11567 E CustomActivityOnCrash: IMPORTANT WARNING! You already have an UncaughtExceptionHandler, are you sure this is correct? If you use a custom UncaughtExceptionHandler, you must initialize it AFTER CustomActivityOnCrash! Installing anyway, but your original handler will not be called.
04-29 19:12:24.520 11567 11567 W com.mbwhatsapp: Accessing hidden method Lcom/android/org/conscrypt/OpenSSLSocketImpl;->setUseSessionTickets(Z)V (greylist- max-q,test-api, reflection, denied)
04-29 19:12:24.521 11567 11567 W com.mbwhatsapp: Accessing hidden method Lcom/android/org/conscrypt/AbstractConscryptSocket;->setUseSessionTickets(Z)V (greylist-max-q, reflection, denied)
04-29 19:12:24.675 11567 11567 W linker : Warning: "/data/data/com.mbwhatsapp/files/decompressed/libs.spk.zst/libc++_shared.so" unused DT entry: unknown processor-specific (type 0x70000001 arg 0x0) (ignoring)
04-29 19:12:25.466 11567 11567 E ANR_LOG : >>> msg's executing time is too long
04-29 19:12:25.466 11567 11567 E ANR_LOG : Blocked msg = { when=-3s14ms what=110 target=android.app.ActivityThread$H obj=AppBindData{appInfo=ApplicationInfo{5c525bd com.mbwhatsapp}} } , cost = 3007 ms
04-29 19:12:25.466 11567 11567 E ANR_LOG : >>>Current msg List is:
04-29 19:12:25.467 11567 11567 E ANR_LOG : Current msg <1> = { when=-3s12ms what=113 target=android.app.ActivityThread$H obj=ReceiverData{intent=Intent { flg=0x80014 cmp=com.mbwhatsapp/.yo.autoschedreply.Receiver (has extras) } packageName=com.mbwhatsapp resultCode=0 resultData=null resultExtras=null} }
04-29 19:12:25.468 11567 11567 E ANR_LOG : Current msg <2> = { when=-3s12ms what=9999 target=android.app.ActivityThread$H }
04-29 19:12:25.469 11567 11567 E ANR_LOG : Current msg <3> = { when=-1s225ms what=0 target=android.app.ActivityThread$H callback=android.app.-$ $Lambda$LoadedApk$ReceiverDispatcher$Args$_BumDX2UKsnxLVrE6UJsJZkotuA }
04-29 19:12:25.469 11567 11567 E ANR_LOG : >>>CURRENT MSG DUMP OVER<<<
04-29 19:12:25.510 11567 11816 W com.mbwhatsapp: Class X.2rL failed lock verification and will run slower.
04-29 19:12:25.510 11567 11816 W com.mbwhatsapp: Common causes for lock verification issues are non-optimized dex code
04-29 19:12:25.510 11567 11816 W com.mbwhatsapp: and incorrect proguard optimizations.
04-29 19:12:26.198 11567 11828 W System : ClassLoader referenced unknown path: system/framework/mediatek-cta.jar
04-29 19:12:26.476 11567 11826 E CheckPermission: _bluetooth code = 1
04-29 19:12:26.482 11567 11826 E CheckPermission: _bluetooth code = 3
04-29 19:12:26.487 11567 11826 E CheckPermission: _bluetooth code = 11
04-29 19:12:26.655 11567 11829 W System : ClassLoader referenced unknown path: system/framework/mediatek-cta.jar --------- beginning of main
04-29 19:16:46.204 13653 13653 E com.mbwhatsapp: Unknown bits set in runtime_flags: 0x40000000
04-29 19:16:46.216 13653 13653 E com.mbwhatsapp: Not starting debugger since process cannot load the jdwp agent.
04-29 19:16:46.234 13653 13653 E RefClass: java.lang.reflect.InvocationTargetException
04-29 19:16:46.347 13653 13653 E libc : Access denied finding property "ro.odm.prev.product.name"
04-29 19:16:57.178 13653 13653 W System.err: java.lang.ClassNotFoundException: mbmodsd.mbmodsw.ui.views.btn.BtnBK
04-29 19:16:57.179 13653 13653 W System.err: at java.lang.Runtime.nativeLoad(Native Method)
04-29 19:16:57.179 13653 13653 W System.err: at java.lang.Runtime.nativeLoad(Runtime.java:1131)
04-29 19:16:57.179 13653 13653 W System.err: at java.lang.Runtime.loadLibrary0(Runtime.java:1085)
04-29 19:16:57.180 13653 13653 W System.err: at java.lang.Runtime.loadLibrary0(Runtime.java:1008)
04-29 19:16:57.180 13653 13653 W System.err: at java.lang.System.loadLibrary(System.java:1664)
04-29 19:16:57.180 13653 13653 W System.err: at arm.EpicVm.<clinit>(Unknown Source:2)
04-29 19:16:57.180 13653 13653 W System.err: at java.lang.Class.newInstance(Native Method)
04-29 19:16:57.180 13653 13653 W System.err: at android.app.AppComponentFactory.instantiateApplication(AppComponentFactory.java:76)
04-29 19:16:57.180 13653 13653 W System.err: at androidx.core.app.CoreComponentFactory.instantiateApplication(Unknown Source:0)
04-29 19:16:57.180 13653 13653 W System.err: at android.app.Instrumentation.newApplication(Instrumentation.java:1158)
04-29 19:16:57.180 13653 13653 W System.err: at android.app.LoadedApk.makeApplication(LoadedApk.java:1324)
04-29 19:16:57.180 13653 13653 W System.err: at android.app.ActivityThread.handleBindApplication(ActivityThread.java:7272)
04-29 19:16:57.181 13653 13653 W System.err: at android.app.ActivityThread.access$1700(ActivityThread.java:309)
04-29 19:16:57.181 13653 13653 W System.err: at android.app.ActivityThread$H.handleMessage(ActivityThread.java:2194)
04-29 19:16:57.181 13653 13653 W System.err: at android.os.Handler.dispatchMessage(Handler.java:106)
04-29 19:16:57.181 13653 13653 W System.err: at android.os.Looper.loop(Looper.java:264)
04-29 19:16:57.181 13653 13653 W System.err: at android.app.ActivityThread.main(ActivityThread.java:8315)
04-29 19:16:57.181 13653 13653 W System.err: at java.lang.reflect.Method.invoke(Native Method)
04-29 19:16:57.181 13653 13653 W System.err: at com.android.internal.os.RuntimeInit$MethodAndArgsCaller.run(RuntimeInit.java:632)
04-29 19:16:57.181 13653 13653 W System.err: at com.android.internal.os.ZygoteInit.main(ZygoteInit.java:1049)
04-29 19:16:57.302 13653 13653 E CustomActivityOnCrash: IMPORTANT WARNING! You already have an UncaughtExceptionHandler, are you sure this is correct? If you use a custom UncaughtExceptionHandler, you must initialize it AFTER CustomActivityOnCrash! Installing anyway, but your original handler will not be called.
04-29 19:16:59.037 13653 13653 W com.mbwhatsapp: Accessing hidden method Lcom/android/org/conscrypt/OpenSSLSocketImpl;->setUseSessionTickets(Z)V (greylist- max-q,test-api, reflection, denied)
04-29 19:16:59.037 13653 13653 W com.mbwhatsapp: Accessing hidden method Lcom/android/org/conscrypt/AbstractConscryptSocket;->setUseSessionTickets(Z)V (greylist-max-q, reflection, denied)
04-29 19:16:59.380 13653 13653 W com.mbwhatsapp: Verification of void X.3gG.run() took 251.636ms (9489.90 bytecodes/s) (73648B approximate peak alloc)
04-29 19:16:59.530 13653 13653 W linker : Warning: "/data/data/com.mbwhatsapp/files/decompressed/libs.spk.zst/libc++_shared.so" unused DT entry: unknown processor-specific (type 0x70000001 arg 0x0) (ignoring)
04-29 19:17:00.153 13653 13653 E ANR_LOG : >>> msg's executing time is too long
04-29 19:17:00.153 13653 13653 E ANR_LOG : Blocked msg = { when=-13s885ms what=110 target=android.app.ActivityThread$H obj=AppBindData{appInfo=ApplicationInfo{7019767 com.mbwhatsapp}} } , cost = 13871 ms
04-29 19:17:00.153 13653 13653 E ANR_LOG : >>>Current msg List is:
04-29 19:17:00.153 13653 13653 E ANR_LOG : Current msg <1> = { when=-13s874ms what=9999 target=android.app.ActivityThread$H }
04-29 19:17:00.154 13653 13653 E ANR_LOG : Current msg <2> = { when=-13s872ms what=113 target=android.app.ActivityThread$H obj=ReceiverData{intent=Intent { flg=0x80014 cmp=com.mbwhatsapp/.yo.autoschedreply.Receiver (has extras) } packageName=com.mbwhatsapp resultCode=0 resultData=null resultExtras=null} }
04-29 19:17:00.154 13653 13653 E ANR_LOG : Current msg <3> = { when=-13s720ms what=0 target=android.app.ActivityThread$H callback=com.android.internal.util.function.pooled.PooledLambdaImpl }
04-29 19:17:00.154 13653 13653 E ANR_LOG : Current msg <4> = { when=-1s999ms what=0 target=android.app.ActivityThread$H callback=com.android.internal.util.function.pooled.PooledLambdaImpl }
04-29 19:17:00.155 13653 13653 E ANR_LOG : Current msg <5> = { when=-1s648ms what=0 target=android.app.ActivityThread$H callback=android.app.-$ $Lambda$LoadedApk$ReceiverDispatcher$Args$_BumDX2UKsnxLVrE6UJsJZkotuA }
04-29 19:17:00.155 13653 13653 E ANR_LOG : >>>CURRENT MSG DUMP OVER<<<
04-29 19:17:00.364 13653 13877 W com.mbwhatsapp: Class X.2rL failed lock verification and will run slower.
04-29 19:17:00.364 13653 13877 W com.mbwhatsapp: Common causes for lock verification issues are non-optimized dex code
04-29 19:17:00.364 13653 13877 W com.mbwhatsapp: and incorrect proguard optimizations.
04-29 19:17:01.230 13653 13898 W System : ClassLoader referenced unknown path: system/framework/mediatek-cta.jar
04-29 19:17:01.390 13653 13892 W System : ClassLoader referenced unknown path: system/framework/mediatek-cta.jar
04-29 19:17:02.487 13653 13895 E CheckPermission: _bluetooth code = 1
04-29 19:17:02.492 13653 13895 E CheckPermission: _bluetooth code = 3
04-29 19:17:02.494 13653 13895 E CheckPermission: _bluetooth code = 11 --------- beginning of main
04-29 19:18:55.081 14572 14572 E com.mbwhatsapp: Unknown bits set in runtime_flags: 0x40000000
04-29 19:18:55.097 14572 14572 E com.mbwhatsapp: Not starting debugger since process cannot load the jdwp agent.
04-29 19:18:55.118 14572 14572 E RefClass: java.lang.reflect.InvocationTargetException
04-29 19:18:55.252 14572 14572 E libc : Access denied finding property "ro.odm.prev.product.name"
04-29 19:18:55.685 14572 14572 W System.err: java.lang.ClassNotFoundException: mbmodsd.mbmodsw.ui.views.btn.BtnBK
04-29 19:18:55.686 14572 14572 W System.err: at java.lang.Runtime.nativeLoad(Native Method)
04-29 19:18:55.686 14572 14572 W System.err: at java.lang.Runtime.nativeLoad(Runtime.java:1131)
04-29 19:18:55.686 14572 14572 W System.err: at java.lang.Runtime.loadLibrary0(Runtime.java:1085)
04-29 19:18:55.686 14572 14572 W System.err: at java.lang.Runtime.loadLibrary0(Runtime.java:1008)
04-29 19:18:55.686 14572 14572 W System.err: at java.lang.System.loadLibrary(System.java:1664)
04-29 19:18:55.686 14572 14572 W System.err: at arm.EpicVm.<clinit>(Unknown Source:2)
04-29 19:18:55.686 14572 14572 W System.err: at java.lang.Class.newInstance(Native Method)
04-29 19:18:55.686 14572 14572 W System.err: at android.app.AppComponentFactory.instantiateApplication(AppComponentFactory.java:76)
04-29 19:18:55.686 14572 14572 W System.err: at androidx.core.app.CoreComponentFactory.instantiateApplication(Unknown Source:0)
04-29 19:18:55.686 14572 14572 W System.err: at android.app.Instrumentation.newApplication(Instrumentation.java:1158)
04-29 19:18:55.686 14572 14572 W System.err: at android.app.LoadedApk.makeApplication(LoadedApk.java:1324)
04-29 19:18:55.686 14572 14572 W System.err: at android.app.ActivityThread.handleBindApplication(ActivityThread.java:7272)
04-29 19:18:55.687 14572 14572 W System.err: at android.app.ActivityThread.access$1700(ActivityThread.java:309)
04-29 19:18:55.687 14572 14572 W System.err: at android.app.ActivityThread$H.handleMessage(ActivityThread.java:2194)
04-29 19:18:55.687 14572 14572 W System.err: at android.os.Handler.dispatchMessage(Handler.java:106)
04-29 19:18:55.687 14572 14572 W System.err: at android.os.Looper.loop(Looper.java:264)
04-29 19:18:55.687 14572 14572 W System.err: at android.app.ActivityThread.main(ActivityThread.java:8315)
04-29 19:18:55.687 14572 14572 W System.err: at java.lang.reflect.Method.invoke(Native Method)
04-29 19:18:55.687 14572 14572 W System.err: at com.android.internal.os.RuntimeInit$MethodAndArgsCaller.run(RuntimeInit.java:632)
04-29 19:18:55.687 14572 14572 W System.err: at com.android.internal.os.ZygoteInit.main(ZygoteInit.java:1049)
04-29 19:18:55.761 14572 14572 E CustomActivityOnCrash: IMPORTANT WARNING! You already have an UncaughtExceptionHandler, are you sure this is correct? If you use a custom UncaughtExceptionHandler, you must initialize it AFTER CustomActivityOnCrash! Installing anyway, but your original handler will not be called.
04-29 19:18:56.770 14572 14572 W com.mbwhatsapp: Accessing hidden method Lcom/android/org/conscrypt/OpenSSLSocketImpl;->setUseSessionTickets(Z)V (greylist- max-q,test-api, reflection, denied)
04-29 19:18:56.771 14572 14572 W com.mbwhatsapp: Accessing hidden method Lcom/android/org/conscrypt/AbstractConscryptSocket;->setUseSessionTickets(Z)V (greylist-max-q, reflection, denied)
04-29 19:18:56.913 14572 14572 W linker : Warning: "/data/data/com.mbwhatsapp/files/decompressed/libs.spk.zst/libc++_shared.so" unused DT entry: unknown processor-specific (type 0x70000001 arg 0x0) (ignoring)
04-29 19:18:57.276 14572 14572 E ANR_LOG : >>> msg's executing time is too long
04-29 19:18:57.276 14572 14572 E ANR_LOG : Blocked msg = { when=-2s126ms what=110 target=android.app.ActivityThread$H obj=AppBindData{appInfo=ApplicationInfo{8790914 com.mbwhatsapp}} } , cost = 2110 ms
04-29 19:18:57.276 14572 14572 E ANR_LOG : >>>Current msg List is:
04-29 19:18:57.277 14572 14572 E ANR_LOG : Current msg <1> = { when=-2s120ms what=113 target=android.app.ActivityThread$H obj=ReceiverData{intent=Intent { flg=0x80014 cmp=com.mbwhatsapp/.yo.autoschedreply.Receiver (has extras) } packageName=com.mbwhatsapp resultCode=0 resultData=null resultExtras=null} }
04-29 19:18:57.277 14572 14572 E ANR_LOG : Current msg <2> = { when=-2s118ms what=9999 target=android.app.ActivityThread$H }
04-29 19:18:57.277 14572 14572 E ANR_LOG : Current msg <3> = { when=-827ms what=0 target=android.app.ActivityThread$H callback=android.app.-$ $Lambda$LoadedApk$ReceiverDispatcher$Args$_BumDX2UKsnxLVrE6UJsJZkotuA }
04-29 19:18:57.278 14572 14572 E ANR_LOG : >>>CURRENT MSG DUMP OVER<<<
04-29 19:18:57.294 14572 14720 W com.mbwhatsapp: Class X.2rL failed lock verification and will run slower.
04-29 19:18:57.294 14572 14720 W com.mbwhatsapp: Common causes for lock verification issues are non-optimized dex code
04-29 19:18:57.294 14572 14720 W com.mbwhatsapp: and incorrect proguard optimizations.
04-29 19:18:57.760 14572 14734 W System : ClassLoader referenced unknown path: system/framework/mediatek-cta.jar
04-29 19:18:57.826 14572 14730 W System : ClassLoader referenced unknown path: system/framework/mediatek-cta.jar
04-29 19:18:58.014 14572 14725 E CheckPermission: _bluetooth code = 1
04-29 19:18:58.016 14572 14725 E CheckPermission: _bluetooth code = 3
04-29 19:18:58.019 14572 14725 E CheckPermission: _bluetooth code = 11 --------- beginning of main
04-29 19:20:53.121 15006 15006 E com.mbwhatsapp: Unknown bits set in runtime_flags: 0x40000000
04-29 19:20:53.141 15006 15006 E com.mbwhatsapp: Not starting debugger since process cannot load the jdwp agent.
04-29 19:20:53.224 15006 15006 E RefClass: java.lang.reflect.InvocationTargetException
04-29 19:20:53.384 15006 15006 E libc : Access denied finding property "ro.odm.prev.product.name"
04-29 19:20:53.714 15006 15006 W System.err: java.lang.ClassNotFoundException: mbmodsd.mbmodsw.ui.views.btn.BtnBK
04-29 19:20:53.716 15006 15006 W System.err: at java.lang.Runtime.nativeLoad(Native Method)
04-29 19:20:53.716 15006 15006 W System.err: at java.lang.Runtime.nativeLoad(Runtime.java:1131)
04-29 19:20:53.716 15006 15006 W System.err: at java.lang.Runtime.loadLibrary0(Runtime.java:1085)
04-29 19:20:53.716 15006 15006 W System.err: at java.lang.Runtime.loadLibrary0(Runtime.java:1008)
04-29 19:20:53.717 15006 15006 W System.err: at java.lang.System.loadLibrary(System.java:1664)
04-29 19:20:53.717 15006 15006 W System.err: at arm.EpicVm.<clinit>(Unknown Source:2)
04-29 19:20:53.717 15006 15006 W System.err: at java.lang.Class.newInstance(Native Method)
04-29 19:20:53.717 15006 15006 W System.err: at android.app.AppComponentFactory.instantiateApplication(AppComponentFactory.java:76)
04-29 19:20:53.717 15006 15006 W System.err: at androidx.core.app.CoreComponentFactory.instantiateApplication(Unknown Source:0)
04-29 19:20:53.718 15006 15006 W System.err: at android.app.Instrumentation.newApplication(Instrumentation.java:1158)
04-29 19:20:53.718 15006 15006 W System.err: at android.app.LoadedApk.makeApplication(LoadedApk.java:1324)
