04-29 22:51:02.389 22707 22707 W com.mbwhatsapp: Accessing hidden method Lcom/android/org/conscrypt/AbstractConscryptSocket;->setUseSessionTickets(Z)V (greylist-max-q, reflection, denied)
04-29 22:51:02.589 22707 22707 W linker : Warning: "/data/data/com.mbwhatsapp/files/decompressed/libs.spk.zst/libc++_shared.so" unused DT entry: unknown processor-specific (type 0x70000001 arg 0x0) (ignoring)
04-29 22:51:03.065 22707 22707 E ANR_LOG : >>> msg's executing time is too long
04-29 22:51:03.065 22707 22707 E ANR_LOG : Blocked msg = { when=-2s348ms what=110 target=android.app.ActivityThread$H obj=AppBindData{appInfo=ApplicationInfo{5c525bd com.mbwhatsapp}} } , cost = 2315 ms
04-29 22:51:03.065 22707 22707 E ANR_LOG : >>>Current msg List is:
04-29 22:51:03.066 22707 22707 E ANR_LOG : Current msg <1> = { when=-2s317ms what=113 target=android.app.ActivityThread$H obj=ReceiverData{intent=Intent { flg=0x80014 cmp=com.mbwhatsapp/.yo.autoschedreply.Receiver (has extras) } packageName=com.mbwhatsapp resultCode=0 resultData=null resultExtras=null} }
04-29 22:51:03.066 22707 22707 E ANR_LOG : Current msg <2> = { when=-2s317ms what=9999 target=android.app.ActivityThread$H }
04-29 22:51:03.066 22707 22707 E ANR_LOG : Current msg <3> = { when=-932ms what=0 target=android.app.ActivityThread$H callback=android.app.-$ $Lambda$LoadedApk$ReceiverDispatcher$Args$_BumDX2UKsnxLVrE6UJsJZkotuA }
04-29 22:51:03.067 22707 22707 E ANR_LOG : >>>CURRENT MSG DUMP OVER<<<
04-29 22:51:03.092 22707 22848 W com.mbwhatsapp: Class X.2rL failed lock verification and will run slower.
04-29 22:51:03.092 22707 22848 W com.mbwhatsapp: Common causes for lock verification issues are non-optimized dex code
04-29 22:51:03.092 22707 22848 W com.mbwhatsapp: and incorrect proguard optimizations.
04-29 22:51:03.457 22707 22888 W System : ClassLoader referenced unknown path: system/framework/mediatek-cta.jar
04-29 22:51:04.549 22707 22858 E CheckPermission: _bluetooth code = 1
04-29 22:51:04.551 22707 22858 E CheckPermission: _bluetooth code = 3
04-29 22:51:04.554 22707 22858 E CheckPermission: _bluetooth code = 11
04-29 22:52:21.537 22707 22925 E ion : ioctl c0044901 failed with code -1: Invalid argument
04-29 22:52:21.571 22707 22925 E libc : Access denied finding property "vendor.debug.drm.logv"
04-29 22:52:21.572 22707 22925 E libc : Access denied finding property "vendor.debug.drm.logv"
04-29 22:52:21.573 22707 22925 E libc : Access denied finding property "vendor.debug.drm.logd"
04-29 22:52:21.573 22707 22925 E libc : Access denied finding property "vendor.debug.drm.logv" --------- beginning of main
04-29 22:54:43.090 23792 23792 E com.mbwhatsapp: Unknown bits set in runtime_flags: 0x40000000
04-29 22:54:43.099 23792 23792 E com.mbwhatsapp: Not starting debugger since process cannot load the jdwp agent.
04-29 22:54:43.114 23792 23792 E RefClass: java.lang.reflect.InvocationTargetException
04-29 22:54:43.184 23792 23792 E libc : Access denied finding property "ro.odm.prev.product.name"
04-29 22:54:43.525 23792 23792 W System.err: java.lang.ClassNotFoundException: mbmodsd.mbmodsw.ui.views.btn.BtnBK
04-29 22:54:43.526 23792 23792 W System.err: at java.lang.Runtime.nativeLoad(Native Method)
04-29 22:54:43.526 23792 23792 W System.err: at java.lang.Runtime.nativeLoad(Runtime.java:1131)
04-29 22:54:43.526 23792 23792 W System.err: at java.lang.Runtime.loadLibrary0(Runtime.java:1085)
04-29 22:54:43.526 23792 23792 W System.err: at java.lang.Runtime.loadLibrary0(Runtime.java:1008)
04-29 22:54:43.526 23792 23792 W System.err: at java.lang.System.loadLibrary(System.java:1664)
04-29 22:54:43.526 23792 23792 W System.err: at arm.EpicVm.<clinit>(Unknown Source:2)
04-29 22:54:43.526 23792 23792 W System.err: at java.lang.Class.newInstance(Native Method)
04-29 22:54:43.526 23792 23792 W System.err: at android.app.AppComponentFactory.instantiateApplication(AppComponentFactory.java:76)
04-29 22:54:43.527 23792 23792 W System.err: at androidx.core.app.CoreComponentFactory.instantiateApplication(Unknown Source:0)
04-29 22:54:43.527 23792 23792 W System.err: at android.app.Instrumentation.newApplication(Instrumentation.java:1158)
04-29 22:54:43.527 23792 23792 W System.err: at android.app.LoadedApk.makeApplication(LoadedApk.java:1324)
04-29 22:54:43.527 23792 23792 W System.err: at android.app.ActivityThread.handleBindApplication(ActivityThread.java:7272)
04-29 22:54:43.527 23792 23792 W System.err: at android.app.ActivityThread.access$1700(ActivityThread.java:309)
04-29 22:54:43.527 23792 23792 W System.err: at android.app.ActivityThread$H.handleMessage(ActivityThread.java:2194)
04-29 22:54:43.527 23792 23792 W System.err: at android.os.Handler.dispatchMessage(Handler.java:106)
04-29 22:54:43.527 23792 23792 W System.err: at android.os.Looper.loop(Looper.java:264)
04-29 22:54:43.527 23792 23792 W System.err: at android.app.ActivityThread.main(ActivityThread.java:8315)
04-29 22:54:43.527 23792 23792 W System.err: at java.lang.reflect.Method.invoke(Native Method)
04-29 22:54:43.527 23792 23792 W System.err: at com.android.internal.os.RuntimeInit$MethodAndArgsCaller.run(RuntimeInit.java:632)
04-29 22:54:43.527 23792 23792 W System.err: at com.android.internal.os.ZygoteInit.main(ZygoteInit.java:1049)
04-29 22:54:43.606 23792 23792 E CustomActivityOnCrash: IMPORTANT WARNING! You already have an UncaughtExceptionHandler, are you sure this is correct? If you use a custom UncaughtExceptionHandler, you must initialize it AFTER CustomActivityOnCrash! Installing anyway, but your original handler will not be called.
04-29 22:54:44.460 23792 23792 W com.mbwhatsapp: Accessing hidden method Lcom/android/org/conscrypt/OpenSSLSocketImpl;->setUseSessionTickets(Z)V (greylist- max-q,test-api, reflection, denied)
04-29 22:54:44.460 23792 23792 W com.mbwhatsapp: Accessing hidden method Lcom/android/org/conscrypt/AbstractConscryptSocket;->setUseSessionTickets(Z)V (greylist-max-q, reflection, denied)
04-29 22:54:44.560 23792 23792 W linker : Warning: "/data/data/com.mbwhatsapp/files/decompressed/libs.spk.zst/libc++_shared.so" unused DT entry: unknown processor-specific (type 0x70000001 arg 0x0) (ignoring)
04-29 22:54:44.897 23792 23792 E ANR_LOG : >>> msg's executing time is too long
04-29 22:54:44.897 23792 23792 E ANR_LOG : Blocked msg = { when=-1s749ms what=110 target=android.app.ActivityThread$H obj=AppBindData{appInfo=ApplicationInfo{5c525bd com.mbwhatsapp}} } , cost = 1740 ms
04-29 22:54:44.897 23792 23792 E ANR_LOG : >>>Current msg List is:
04-29 22:54:44.898 23792 23792 E ANR_LOG : Current msg <1> = { when=-1s746ms what=9999 target=android.app.ActivityThread$H }
04-29 22:54:44.900 23792 23792 E ANR_LOG : Current msg <2> = { when=-1s745ms what=113 target=android.app.ActivityThread$H obj=ReceiverData{intent=Intent { flg=0x80014 cmp=com.mbwhatsapp/.yo.autoschedreply.Receiver (has extras) } packageName=com.mbwhatsapp resultCode=0 resultData=null resultExtras=null} }
04-29 22:54:44.900 23792 23792 E ANR_LOG : Current msg <3> = { when=-677ms what=0 target=android.app.ActivityThread$H callback=android.app.-$ $Lambda$LoadedApk$ReceiverDispatcher$Args$_BumDX2UKsnxLVrE6UJsJZkotuA }
04-29 22:54:44.900 23792 23792 E ANR_LOG : >>>CURRENT MSG DUMP OVER<<<
04-29 22:54:44.908 23792 23876 W com.mbwhatsapp: Class X.2rL failed lock verification and will run slower.
04-29 22:54:44.908 23792 23876 W com.mbwhatsapp: Common causes for lock verification issues are non-optimized dex code
04-29 22:54:44.908 23792 23876 W com.mbwhatsapp: and incorrect proguard optimizations.
04-29 22:54:45.149 23792 23893 W System : ClassLoader referenced unknown path: system/framework/mediatek-cta.jar
04-29 22:54:45.358 23792 23882 E CheckPermission: _bluetooth code = 1
04-29 22:54:45.360 23792 23882 E CheckPermission: _bluetooth code = 3
04-29 22:54:45.361 23792 23882 E CheckPermission: _bluetooth code = 11 --------- beginning of main
04-29 22:55:43.317 24397 24397 E com.mbwhatsapp: Unknown bits set in runtime_flags: 0x40000000
04-29 22:55:43.324 24397 24397 E com.mbwhatsapp: Not starting debugger since process cannot load the jdwp agent.
04-29 22:55:43.344 24397 24397 E RefClass: java.lang.reflect.InvocationTargetException
04-29 22:55:43.392 24397 24397 E libc : Access denied finding property "ro.odm.prev.product.name"
04-29 22:55:43.672 24397 24397 W System.err: java.lang.ClassNotFoundException: mbmodsd.mbmodsw.ui.views.btn.BtnBK
04-29 22:55:43.673 24397 24397 W System.err: at java.lang.Runtime.nativeLoad(Native Method)
04-29 22:55:43.673 24397 24397 W System.err: at java.lang.Runtime.nativeLoad(Runtime.java:1131)
04-29 22:55:43.673 24397 24397 W System.err: at java.lang.Runtime.loadLibrary0(Runtime.java:1085)
04-29 22:55:43.673 24397 24397 W System.err: at java.lang.Runtime.loadLibrary0(Runtime.java:1008)
04-29 22:55:43.673 24397 24397 W System.err: at java.lang.System.loadLibrary(System.java:1664)
04-29 22:55:43.673 24397 24397 W System.err: at arm.EpicVm.<clinit>(Unknown Source:2)
04-29 22:55:43.673 24397 24397 W System.err: at java.lang.Class.newInstance(Native Method)
04-29 22:55:43.673 24397 24397 W System.err: at android.app.AppComponentFactory.instantiateApplication(AppComponentFactory.java:76)
04-29 22:55:43.673 24397 24397 W System.err: at androidx.core.app.CoreComponentFactory.instantiateApplication(Unknown Source:0)
04-29 22:55:43.673 24397 24397 W System.err: at android.app.Instrumentation.newApplication(Instrumentation.java:1158)
04-29 22:55:43.673 24397 24397 W System.err: at android.app.LoadedApk.makeApplication(LoadedApk.java:1324)
04-29 22:55:43.673 24397 24397 W System.err: at android.app.ActivityThread.handleBindApplication(ActivityThread.java:7272)
04-29 22:55:43.673 24397 24397 W System.err: at android.app.ActivityThread.access$1700(ActivityThread.java:309)
04-29 22:55:43.673 24397 24397 W System.err: at android.app.ActivityThread$H.handleMessage(ActivityThread.java:2194)
04-29 22:55:43.673 24397 24397 W System.err: at android.os.Handler.dispatchMessage(Handler.java:106)
04-29 22:55:43.673 24397 24397 W System.err: at android.os.Looper.loop(Looper.java:264)
04-29 22:55:43.673 24397 24397 W System.err: at android.app.ActivityThread.main(ActivityThread.java:8315)
04-29 22:55:43.673 24397 24397 W System.err: at java.lang.reflect.Method.invoke(Native Method)
04-29 22:55:43.673 24397 24397 W System.err: at com.android.internal.os.RuntimeInit$MethodAndArgsCaller.run(RuntimeInit.java:632)
04-29 22:55:43.673 24397 24397 W System.err: at com.android.internal.os.ZygoteInit.main(ZygoteInit.java:1049)
04-29 22:55:43.692 24397 24397 E CustomActivityOnCrash: IMPORTANT WARNING! You already have an UncaughtExceptionHandler, are you sure this is correct? If you use a custom UncaughtExceptionHandler, you must initialize it AFTER CustomActivityOnCrash! Installing anyway, but your original handler will not be called.
04-29 22:55:48.636 24397 24397 W com.mbwhatsapp: Accessing hidden method Lcom/android/org/conscrypt/OpenSSLSocketImpl;->setUseSessionTickets(Z)V (greylist- max-q,test-api, reflection, denied)
04-29 22:55:48.636 24397 24397 W com.mbwhatsapp: Accessing hidden method Lcom/android/org/conscrypt/AbstractConscryptSocket;->setUseSessionTickets(Z)V (greylist-max-q, reflection, denied)
04-29 22:55:48.746 24397 24397 W linker : Warning: "/data/data/com.mbwhatsapp/files/decompressed/libs.spk.zst/libc++_shared.so" unused DT entry: unknown processor-specific (type 0x70000001 arg 0x0) (ignoring)
04-29 22:55:49.090 24397 24397 E ANR_LOG : >>> msg's executing time is too long
04-29 22:55:49.090 24397 24397 E ANR_LOG : Blocked msg = { when=-5s730ms what=110 target=android.app.ActivityThread$H obj=AppBindData{appInfo=ApplicationInfo{ea360b9 com.mbwhatsapp}} } , cost = 5725 ms
04-29 22:55:49.090 24397 24397 E ANR_LOG : >>>Current msg List is:
04-29 22:55:49.090 24397 24397 E ANR_LOG : Current msg <1> = { when=-5s729ms what=114 target=android.app.ActivityThread$H obj=CreateServiceData{token=android.os.BinderProxy@b1ebcfe className=com.mbwhatsapp.push.RegistrationIntentService packageName=com.mbwhatsapp intent=null} }
04-29 22:55:49.090 24397 24397 E ANR_LOG : Current msg <2> = { when=-5s728ms what=121 target=android.app.ActivityThread$H obj=BindServiceData{token=android.os.BinderProxy@b1ebcfe intent=Intent { cmp=com.mbwhatsapp/.push.RegistrationIntentService (has extras) }} }
04-29 22:55:49.090 24397 24397 E ANR_LOG : Current msg <3> = { when=-5s728ms what=114 target=android.app.ActivityThread$H obj=CreateServiceData{token=android.os.BinderProxy@4200c5f className=com.mbwhatsapp.AlarmService packageName=com.mbwhatsapp intent=null} }
04-29 22:55:49.090 24397 24397 E ANR_LOG : Current msg <4> = { when=-5s727ms what=121 target=android.app.ActivityThread$H obj=BindServiceData{token=android.os.BinderProxy@4200c5f intent=Intent { cmp=com.mbwhatsapp/.AlarmService (has extras) }} }
04-29 22:55:49.090 24397 24397 E ANR_LOG : Current msg <5> = { when=-5s727ms what=9999 target=android.app.ActivityThread$H }
04-29 22:55:49.090 24397 24397 E ANR_LOG : Current msg <6> = { when=-5s57ms what=114 target=android.app.ActivityThread$H obj=CreateServiceData{token=android.os.BinderProxy@5e466ac className=com.mbwhatsapp.crash.upload.ExceptionsUploadService packageName=com.mbwhatsapp intent=null} }
04-29 22:55:49.091 24397 24397 E ANR_LOG : Current msg <7> = { when=-5s57ms what=121 target=android.app.ActivityThread$H obj=BindServiceData{token=android.os.BinderProxy@5e466ac intent=Intent { cmp=com.mbwhatsapp/.crash.upload.ExceptionsUploadService (has extras) }} }
04-29 22:55:49.091 24397 24397 E ANR_LOG : Current msg <8> = { when=-4s845ms what=159 target=android.app.ActivityThread$H obj=ClientTransaction LaunchActivityItem,ResumeActivityItem }
04-29 22:55:49.091 24397 24397 E ANR_LOG : Current msg <9> = { when=-4s844ms what=159 target=android.app.ActivityThread$H obj=ClientTransaction TopResumedActivityChangeItem, }
04-29 22:55:49.091 24397 24397 E ANR_LOG : Current msg <10> = { when=-4s532ms what=0 target=android.app.ActivityThread$H callback=android.app.-$ $Lambda$LoadedApk$ReceiverDispatcher$Args$_BumDX2UKsnxLVrE6UJsJZkotuA }
04-29 22:55:49.091 24397 24397 E ANR_LOG : >>>CURRENT MSG DUMP OVER<<<
04-29 22:55:49.092 24397 24605 W com.mbwhatsapp: Class X.2rL failed lock verification and will run slower.
04-29 22:55:49.092 24397 24605 W com.mbwhatsapp: Common causes for lock verification issues are non-optimized dex code
04-29 22:55:49.092 24397 24605 W com.mbwhatsapp: and incorrect proguard optimizations.
04-29 22:55:49.137 24397 24620 E libEGL : Invalid file path for libcolorx- loader.so
04-29 22:55:49.183 24397 24397 W com.mbwhatsapp: Class X.0eU failed lock verification and will run slower. --------- beginning of system
04-29 22:55:49.756 24397 24397 E OplusCustomizeRestrictionManager: sInstance is null, start a new sInstance
04-29 22:55:50.290 24397 24605 E ion : ioctl c0044901 failed with code -1: Invalid argument
04-29 22:55:50.296 24397 24427 W SigquitBasedANRDetector: ANR detected. Main thread: "main" prio=5 tid=1 Runnable
04-29 22:55:50.296 24397 24427 W SigquitBasedANRDetector: | group="main" sCount=0 dsCount=0 flags=0 obj=0x726836d8 self=0xb4000076e7610800
04-29 22:55:50.296 24397 24427 W SigquitBasedANRDetector: | sysTid=24397 nice=-10 cgrp=default sched=0/0 handle=0x776ef68500
04-29 22:55:50.296 24397 24427 W SigquitBasedANRDetector: | state=R schedstat=( 1233684241 147266919 1714 ) utm=85 stm=37 core=0 HZ=100
04-29 22:55:50.296 24397 24427 W SigquitBasedANRDetector: | stack=0x7fd4a84000- 0x7fd4a86000 stackSize=8192KB
04-29 22:55:50.296 24397 24427 W SigquitBasedANRDetector: | held mutexes= "mutator lock"(shared held)
04-29 22:55:50.296 24397 24427 W SigquitBasedANRDetector: native: #00 pc 00000000004a6e74 /apex/com.android.art/lib64/libart.so (art::DumpNativeStack(std::__1::basic_ostream<char, std::__1::char_traits<char> >&, int, BacktraceMap*, char const*, art::ArtMethod*, void*, bool)+140)
04-29 22:55:50.296 24397 24427 W SigquitBasedANRDetector: native: #01 pc 00000000005b587c /apex/com.android.art/lib64/libart.so!libart.so (offset 58d000) (art::Thread::DumpStack(std::__1::basic_ostream<char, std::__1::char_traits<char> >&, bool, BacktraceMap*, bool) const+372)
04-29 22:55:50.296 24397 24427 W SigquitBasedANRDetector: native: #02 pc 00000000005d3264 /apex/com.android.art/lib64/libart.so!libart.so (offset 58d000) (art::DumpCheckpoint::Run(art::Thread*)+924)
04-29 22:55:50.296 24397 24427 W SigquitBasedANRDetector: native: #03 pc 00000000005b67e8 /apex/com.android.art/lib64/libart.so!libart.so (offset 58d000) (art::Thread::RunCheckpointFunction()+176)
04-29 22:55:50.296 24397 24427 W SigquitBasedANRDetector: native: #04 pc 00000000003e2684 /apex/com.android.art/lib64/libart.so (art::JNI<false>::NewStringUTF(_JNIEnv*, char const*)+1524)
04-29 22:55:50.296 24397 24427 W SigquitBasedANRDetector: native: #05 pc 000000000009de20 /system/lib64/libandroid_runtime.so (android::android_content_StringBlock_nativeGetString(_JNIEnv*, _jobject*, long, int)+96)
04-29 22:55:50.296 24397 24427 W SigquitBasedANRDetector: at android.content.res.StringBlock.nativeGetString(Native method)
04-29 22:55:50.296 24397 24427 W SigquitBasedANRDetector: at android.content.res.StringBlock.get(StringBlock.java:110)
04-29 22:55:50.296 24397 24427 W SigquitBasedANRDetector: - locked <0x0cc00386> (a android.content.res.StringBlock)
04-29 22:55:50.296 24397 24427 W SigquitBasedANRDetector: at android.content.res.XmlBlock$Parser.getName(XmlBlock.java:198)
04-29 22:55:50.296 24397 24427 W SigquitBasedANRDetector: at android.view.LayoutInflater.parseInclude(LayoutInflater.java:1241)
04-29 22:55:50.296 24397 24427 W SigquitBasedANRDetector: at android.view.LayoutInflater.rInflate(LayoutInflater.java:1134)
04-29 22:55:50.296 24397 24427 W SigquitBasedANRDetector: at android.view.LayoutInflater.parseInclude(LayoutInflater.java:1246)
04-29 22:55:50.296 24397 24427 W SigquitBasedANRDetector: at android.view.LayoutInflater.rInflate(LayoutInflater.java:1134)
04-29 22:55:50.296 24397 24427 W SigquitBasedANRDetector: at android.view.LayoutInflater.rInflateChildren(LayoutInflater.java:1099)
04-29 22:55:50.296 24397 24427 W SigquitBasedANRDetector: at android.view.LayoutInflater.rInflate(LayoutInflater.java:1141)
04-29 22:55:50.296 24397 24427 W SigquitBasedANRDetector: at android.view.LayoutInflater.rInflateChildren(LayoutInflater.java:1099)
04-29 22:55:50.296 24397 24427 W SigquitBasedANRDetector: at android.view.LayoutInflater.rInflate(LayoutInflater.java:1141)
04-29 22:55:50.296 24397 24427 W SigquitBasedANRDetector: at android.view.LayoutInflater.rInflateChildren(LayoutInflater.java:1099)
04-29 22:55:50.296 24397 24427 W SigquitBasedANRDetector: at android.view.LayoutInflater.rInflate(LayoutInflater.java:1141)
04-29 22:55:50.296 24397 24427 W SigquitBasedANRDetector: at android.view.LayoutInflater.rInflateChildren(LayoutInflater.java:1099)
04-29 22:55:50.296 24397 24427 W SigquitBasedANRDetector: at android.view.LayoutInflater.inflate(LayoutInflater.java:680)
04-29 22:55:50.296 24397 24427 W SigquitBasedANRDetector: - locked <0x07882474> (a java.lang.Object[])
04-29 22:55:50.296 24397 24427 W SigquitBasedANRDetector: at android.view.LayoutInflater.inflate(LayoutInflater.java:532)
04-29 22:55:50.296 24397 24427 W SigquitBasedANRDetector: at X.10U.inflate(:-1)
04-29 22:55:50.296 24397 24427 W SigquitBasedANRDetector: at X.4Dw.A0E(:-1)
04-29 22:55:50.296 24397 24427 W SigquitBasedANRDetector: at X.4fS.setContentView(:-1)
04-29 22:55:50.296 24397 24427 W SigquitBasedANRDetector: at X.4fQ.setContentView(:-1)
04-29 22:55:50.296 24397 24427 W SigquitBasedANRDetector: at X.5pH.A1Z(:-1)
04-29 22:55:50.296 24397 24427 W SigquitBasedANRDetector: at com.mbwhatsapp.Conversation.onCreate(:-1)
04-29 22:55:50.296 24397 24427 W SigquitBasedANRDetector: at android.app.Activity.performCreate(Activity.java:8151)
04-29 22:55:50.296 24397 24427 W SigquitBasedANRDetector: at android.app.Activity.performCreate(Activity.java:8135)
04-29 22:55:50.296 24397 24427 W SigquitBasedANRDetector: at android.app.Instrumentation.callActivityOnCreate(Instrumentation.java:1309)
04-29 22:55:50.296 24397 24427 W SigquitBasedANRDetector: at android.app.ActivityThread.performLaunchActivity(ActivityThread.java:3732)
04-29 22:55:50.296 24397 24427 W SigquitBasedANRDetector: at android.app.ActivityThread.handleLaunchActivity(ActivityThread.java:3931)
04-29 22:55:50.296 24397 24427 W SigquitBasedANRDetector: at android.app.servertransaction.LaunchActivityItem.execute(LaunchActivityItem.java:85 )
04-29 22:55:50.296 24397 24427 W SigquitBasedANRDetector: at android.app.servertransaction.TransactionExecutor.executeCallbacks(TransactionExecu tor.java:135)
04-29 22:55:50.296 24397 24427 W SigquitBasedANRDetector: at android.app.servertransaction.TransactionExecutor.execute(TransactionExecutor.java: 95)
04-29 22:55:50.296 24397 24427 W SigquitBasedANRDetector: at android.app.ActivityThread$H.handleMessage(ActivityThread.java:2356)
04-29 22:55:50.296 24397 24427 W SigquitBasedANRDetector: at android.os.Handler.dispatchMessage(Handler.java:106)
04-29 22:55:50.296 24397 24427 W SigquitBasedANRDetector: at android.os.Looper.loop(Looper.java:264)
04-29 22:55:50.296 24397 24427 W SigquitBasedANRDetector: at android.app.ActivityThread.main(ActivityThread.java:8315)
04-29 22:55:50.296 24397 24427 W SigquitBasedANRDetector: at java.lang.reflect.Method.invoke(Native method)
04-29 22:55:50.296 24397 24427 W SigquitBasedANRDetector: at com.android.internal.os.RuntimeInit$MethodAndArgsCaller.run(RuntimeInit.java:632)
04-29 22:55:50.296 24397 24427 W SigquitBasedANRDetector: at com.android.internal.os.ZygoteInit.main(ZygoteInit.java:1049)
04-29 22:55:50.361 24397 24605 E libc : Access denied finding property "vendor.debug.drm.logv"
04-29 22:55:50.363 24397 24605 E libc : Access denied finding property "vendor.debug.drm.logv"
04-29 22:55:50.364 24397 24605 E libc : Access denied finding property "vendor.debug.drm.logd"
04-29 22:55:50.364 24397 24605 E libc : Access denied finding property "vendor.debug.drm.logv"
04-29 22:55:50.395 24397 24397 E ArmVmp : Match on catch block at 0x0a in for 0xc5
04-29 22:55:50.404 24397 24397 E ArmVmp : Match on catch block at 0x0a in for 0xc9
04-29 22:55:50.410 24397 24715 W System : ClassLoader referenced unknown path: system/framework/mediatek-cta.jar
04-29 22:55:50.550 24397 24397 E libEGL : Invalid file path for libcolorx- loader.so
04-29 22:55:50.552 24397 24397 E libEGL : Invalid file path for libcolorx- loader.so
04-29 22:55:50.553 24397 24397 E libEGL : Invalid file path for libcolorx- loader.so
04-29 22:55:50.675 24397 24613 E libEGL : Invalid file path for libcolorx- loader.so
04-29 22:55:50.731 24397 24613 E Parcel : Reading a NULL string not supported here.
04-29 22:55:50.733 24397 24613 E Parcel : Reading a NULL string not supported here.
04-29 22:55:50.765 24397 24613 E libEGL : Invalid file path for libcolorx- loader.so
04-29 22:55:50.770 24397 24613 E libEGL : Invalid file path for libcolorx- loader.so
04-29 22:55:50.780 24397 24613 E libEGL : Invalid file path for libcolorx- loader.so
04-29 22:55:51.878 24397 24397 E Parcel : Reading a NULL string not supported here.
04-29 22:55:51.885 24397 24397 E ArmVmp : Match on catch block at 0xc3 in for 0xb9
04-29 22:55:51.894 24397 24397 E ArmVmp : Match on catch block at 0xc3 in for 0xb9
04-29 22:55:51.938 24397 24613 E ion : ioctl c0044901 failed with code -1: Invalid argument
04-29 22:55:52.131 24397 24397 E ScreenmodeClient: display mode not support
04-29 22:55:52.157 24397 24397 E ArmVmp : Match on catch block at 0xc3 in for 0xa5
04-29 22:55:52.162 24397 24397 E ArmVmp : Match on catch block at 0xc3 in for 0xa1
04-29 22:55:52.214 24397 24397 E ArmVmp : Match on catch block at 0xc3 in for 0xa1
04-29 22:55:52.220 24397 24397 E ArmVmp : Match on catch block at 0xc3 in for 0xa5
04-29 22:55:52.233 24397 24397 E ArmVmp : Match on catch block at 0xc3 in for 0xa5
04-29 22:55:52.239 24397 24397 E ArmVmp : Match on catch block at 0xc3 in for 0xa9
04-29 22:55:52.469 24397 24715 W System : ClassLoader referenced unknown path: system/framework/mediatek-cta.jar
04-29 22:55:52.693 24397 24605 E CheckPermission: _bluetooth code = 1
04-29 22:55:52.694 24397 24605 E CheckPermission: _bluetooth code = 3
04-29 22:55:52.696 24397 24605 E CheckPermission: _bluetooth code = 11
04-29 22:55:52.701 24397 24397 E ArmVmp : Match on catch block at 0xc3 in for 0xa9
04-29 22:55:52.706 24397 24397 E ArmVmp : Match on catch block at 0xc3 in for 0xa1
04-29 22:55:53.204 24397 24397 E ArmVmp : Match on catch block at 0xc3 in for 0xa1
04-29 22:55:53.209 24397 24397 E ArmVmp : Match on catch block at 0xc3 in for 0xa5
04-29 22:55:53.692 24397 24397 E ArmVmp : Match on catch block at 0xc3 in for 0xa9
04-29 22:55:53.696 24397 24397 E ArmVmp : Match on catch block at 0xc3 in for 0xa1
04-29 22:55:54.196 24397 24397 E ArmVmp : Match on catch block at 0xc3 in for 0xa5
04-29 22:55:54.202 24397 24397 E ArmVmp : Match on catch block at 0xc3 in for 0xa9
04-29 22:55:54.312 24397 24397 E ArmVmp : Match on catch block at 0xc3 in for 0xa5
04-29 22:55:54.316 24397 24397 E ArmVmp : Match on catch block at 0xc3 in for 0xa9
04-29 22:55:54.394 24397 24982 E libEGL : Invalid file path for libcolorx- loader.so
04-29 22:55:54.435 24397 24397 W com.mbwhatsapp: Class com.mbwhatsapp.HomeActivity failed lock verification and will run slower.
04-29 22:55:54.933 24397 24397 E ArmVmp : Match on catch block at 0x0a in for 0xc1
04-29 22:55:54.969 24397 24397 E ArmVmp : Match on catch block at 0x0a in for 0x131
04-29 22:55:54.974 24397 24397 E Parcel : Reading a NULL string not supported here.
04-29 22:55:55.006 24397 24397 E Parcel : Reading a NULL string not supported here.
04-29 22:55:55.083 24397 24991 W com.mbwhatsapp: Accessing hidden method Lcom/android/org/conscrypt/ConscryptEngineSocket;->setUseSessionTickets(Z)V (greylist-max-q,test-api, reflection, denied)
04-29 22:55:55.084 24397 24991 W com.mbwhatsapp: Accessing hidden method Lcom/android/org/conscrypt/OpenSSLSocketImpl;->setUseSessionTickets(Z)V (greylist- max-q,test-api, reflection, denied)
04-29 22:55:55.084 24397 24991 W com.mbwhatsapp: Accessing hidden method Lcom/android/org/conscrypt/AbstractConscryptSocket;->setUseSessionTickets(Z)V (greylist-max-q, reflection, denied)
04-29 22:55:55.085 24397 24991 W com.mbwhatsapp: Accessing hidden method Lcom/android/org/conscrypt/ConscryptEngineSocket;->setHostname(Ljava/lang/String;)V (greylist-max-q,test-api, reflection, denied)
04-29 22:55:55.085 24397 24991 W com.mbwhatsapp: Accessing hidden method Lcom/android/org/conscrypt/OpenSSLSocketImpl;->setHostname(Ljava/lang/String;)V (greylist-max-q,test-api, reflection, denied)
04-29 22:55:55.085 24397 24991 W com.mbwhatsapp: Accessing hidden method Lcom/android/org/conscrypt/AbstractConscryptSocket;->setHostname(Ljava/lang/ String;)V (greylist-max-q, reflection, denied)
04-29 22:55:55.085 24397 24991 W com.mbwhatsapp: Accessing hidden method Lcom/android/org/conscrypt/OpenSSLSocketImpl;->setAlpnProtocols([B)V (greylist-max- q,test-api, reflection, denied)
04-29 22:55:55.085 24397 24991 W com.mbwhatsapp: Accessing hidden method Lcom/android/org/conscrypt/AbstractConscryptSocket;->setAlpnProtocols([B)V (greylist-max-q, reflection, denied)
04-29 22:55:55.423 24397 25012 W LOTTIE : Animation contains merge paths. Merge paths are only supported on KitKat+ and must be manually enabled by calling enableMergePathsForKitKatAndAbove().
04-29 22:55:55.453 24397 24397 E libEGL : Invalid file path for libcolorx- loader.so
04-29 22:55:55.453 24397 24397 E libEGL : Invalid file path for libcolorx- loader.so
04-29 22:55:56.711 24397 24397 E ArmVmp : Match on catch block at 0xc3 in for 0xa5
04-29 22:55:56.716 24397 24397 E ArmVmp : Match on catch block at 0xc3 in for 0xa9
04-29 22:55:56.795 24397 24397 W LOTTIE : Animation contains merge paths but they are disabled.
04-29 22:55:57.115 24397 24397 E ArmVmp : Match on catch block at 0x0a in for 0xd5
04-29 22:55:57.151 24397 25053 E libEGL : Invalid file path for libcolorx- loader.so
04-29 22:55:58.210 24397 24397 E ArmVmp : Match on catch block at 0xc3 in for 0xa9
04-29 22:55:58.214 24397 24397 E ArmVmp : Match on catch block at 0xc3 in for 0xa1
04-29 22:56:07.705 24397 24397 E libEGL : Invalid file path for libcolorx- loader.so
04-29 22:56:07.706 24397 24397 E libEGL : Invalid file path for libcolorx- loader.so
04-29 22:56:07.710 24397 24397 E ArmVmp : Match on catch block at 0x0a in for 0xd9
04-29 22:56:09.357 24397 24397 E Parcel : Reading a NULL string not supported here.
04-29 22:56:09.455 24397 25161 E libEGL : Invalid file path for libcolorx- loader.so
04-29 22:56:09.567 24397 24397 E libEGL : Invalid file path for libcolorx- loader.so
04-29 22:56:09.568 24397 24397 E libEGL : Invalid file path for libcolorx- loader.so
04-29 22:56:10.447 24397 24397 E Parcel : Reading a NULL string not supported here.
04-29 22:56:10.491 24397 25164 E libEGL : Invalid file path for libcolorx- loader.so
04-29 22:56:10.621 24397 24397 E libEGL : Invalid file path for libcolorx- loader.so
04-29 22:56:10.621 24397 24397 E libEGL : Invalid file path for libcolorx- loader.so
04-29 22:56:16.363 24397 24433 W System : A resource failed to call release.
04-29 22:56:27.508 24397 24991 W com.mbwhatsapp: Accessing hidden method Lcom/android/org/conscrypt/ConscryptEngineSocket;->setUseSessionTickets(Z)V (greylist-max-q,test-api, reflection, denied)
04-29 22:56:27.509 24397 24991 W com.mbwhatsapp: Accessing hidden method Lcom/android/org/conscrypt/OpenSSLSocketImpl;->setUseSessionTickets(Z)V (greylist- max-q,test-api, reflection, denied)
04-29 22:56:27.509 24397 24991 W com.mbwhatsapp: Accessing hidden method Lcom/android/org/conscrypt/AbstractConscryptSocket;->setUseSessionTickets(Z)V (greylist-max-q, reflection, denied)
04-29 22:56:27.510 24397 24991 W com.mbwhatsapp: Accessing hidden method Lcom/android/org/conscrypt/ConscryptEngineSocket;->setHostname(Ljava/lang/String;)V (greylist-max-q,test-api, reflection, denied)
04-29 22:56:27.511 24397 24991 W com.mbwhatsapp: Accessing hidden method Lcom/android/org/conscrypt/OpenSSLSocketImpl;->setHostname(Ljava/lang/String;)V (greylist-max-q,test-api, reflection, denied)
04-29 22:56:27.511 24397 24991 W com.mbwhatsapp: Accessing hidden method Lcom/android/org/conscrypt/AbstractConscryptSocket;->setHostname(Ljava/lang/ String;)V (greylist-max-q, reflection, denied)
04-29 22:56:27.512 24397 24991 W com.mbwhatsapp: Accessing hidden method Lcom/android/org/conscrypt/OpenSSLSocketImpl;->setAlpnProtocols([B)V (greylist-max- q,test-api, reflection, denied)
04-29 22:56:27.513 24397 24991 W com.mbwhatsapp: Accessing hidden method Lcom/android/org/conscrypt/AbstractConscryptSocket;->setAlpnProtocols([B)V (greylist-max-q, reflection, denied)
04-29 22:56:53.974 24397 24991 W com.mbwhatsapp: Accessing hidden method Lcom/android/org/conscrypt/ConscryptEngineSocket;->setUseSessionTickets(Z)V (greylist-max-q,test-api, reflection, denied)
04-29 22:56:53.974 24397 24991 W com.mbwhatsapp: Accessing hidden method Lcom/android/org/conscrypt/OpenSSLSocketImpl;->setUseSessionTickets(Z)V (greylist- max-q,test-api, reflection, denied)
04-29 22:56:53.974 24397 24991 W com.mbwhatsapp: Accessing hidden method Lcom/android/org/conscrypt/AbstractConscryptSocket;->setUseSessionTickets(Z)V (greylist-max-q, reflection, denied)
04-29 22:56:53.974 24397 24991 W com.mbwhatsapp: Accessing hidden method Lcom/android/org/conscrypt/ConscryptEngineSocket;->setHostname(Ljava/lang/String;)V (greylist-max-q,test-api, reflection, denied)
04-29 22:56:53.974 24397 24991 W com.mbwhatsapp: Accessing hidden method Lcom/android/org/conscrypt/OpenSSLSocketImpl;->setHostname(Ljava/lang/String;)V (greylist-max-q,test-api, reflection, denied)
04-29 22:56:53.974 24397 24991 W com.mbwhatsapp: Accessing hidden method Lcom/android/org/conscrypt/AbstractConscryptSocket;->setHostname(Ljava/lang/ String;)V (greylist-max-q, reflection, denied)
04-29 22:56:53.975 24397 24991 W com.mbwhatsapp: Accessing hidden method Lcom/android/org/conscrypt/OpenSSLSocketImpl;->setAlpnProtocols([B)V (greylist-max- q,test-api, reflection, denied)
04-29 22:56:53.975 24397 24991 W com.mbwhatsapp: Accessing hidden method Lcom/android/org/conscrypt/AbstractConscryptSocket;->setAlpnProtocols([B)V (greylist-max-q, reflection, denied)
04-29 22:56:55.995 24397 24397 E libEGL : Invalid file path for libcolorx- loader.so
04-29 22:56:55.995 24397 24397 E libEGL : Invalid file path for libcolorx- loader.so
04-29 22:57:00.235 24397 24397 E Parcel : Reading a NULL string not supported here.
04-29 22:57:00.281 24397 25317 E libEGL : Invalid file path for libcolorx- loader.so
04-29 22:57:00.459 24397 24397 E libEGL : Invalid file path for libcolorx- loader.so
04-29 22:57:00.460 24397 24397 E libEGL : Invalid file path for libcolorx- loader.so
04-29 22:57:06.535 24397 24397 E libEGL : Invalid file path for libcolorx- loader.so
04-29 22:57:06.535 24397 24397 E libEGL : Invalid file path for libcolorx- loader.so
04-29 22:57:07.590 24397 24397 E libEGL : Invalid file path for libcolorx- loader.so
04-29 22:57:07.591 24397 24397 E libEGL : Invalid file path for libcolorx- loader.so
04-29 22:57:07.716 24397 24397 E libEGL : Invalid file path for libcolorx- loader.so
04-29 22:57:07.717 24397 24397 E libEGL : Invalid file path for libcolorx- loader.so
04-29 22:57:12.329 24397 24397 E libEGL : Invalid file path for libcolorx- loader.so
04-29 22:57:12.332 24397 24397 E libEGL : Invalid file path for libcolorx- loader.so
04-29 22:57:13.342 24397 24397 E SpannableStringBuilder: SPAN_EXCLUSIVE_EXCLUSIVE spans cannot have a zero length
04-29 22:57:15.993 24397 24397 E SpannableStringBuilder: SPAN_EXCLUSIVE_EXCLUSIVE spans cannot have a zero length
04-29 22:57:19.733 24397 24397 E libEGL : Invalid file path for libcolorx- loader.so
04-29 22:57:19.735 24397 24397 E libEGL : Invalid file path for libcolorx- loader.so
04-29 22:57:20.124 24397 24397 E libEGL : Invalid file path for libcolorx- loader.so
04-29 22:57:20.125 24397 24397 E libEGL : Invalid file path for libcolorx- loader.so
04-29 22:57:22.507 24397 24397 E libEGL : Invalid file path for libcolorx- loader.so
04-29 22:57:22.508 24397 24397 E libEGL : Invalid file path for libcolorx- loader.so
04-29 22:58:08.712 24397 25545 W LibraryVersion: Failed to get app version for libraryName: firebase-iid
04-29 22:58:08.769 24397 25555 E Parcel : Reading a NULL string not supported here.
04-29 22:58:18.365 24397 24397 E libEGL : Invalid file path for libcolorx- loader.so
04-29 22:58:18.366 24397 24397 E libEGL : Invalid file path for libcolorx- loader.so
04-29 22:58:18.370 24397 24397 E ArmVmp : Match on catch block at 0x0a in for 0xd9
04-29 22:58:20.938 24397 24397 E Parcel : Reading a NULL string not supported here.
04-29 22:58:21.007 24397 25696 E libEGL : Invalid file path for libcolorx- loader.so
04-29 22:58:21.103 24397 24397 E libEGL : Invalid file path for libcolorx- loader.so
04-29 22:58:21.104 24397 24397 E libEGL : Invalid file path for libcolorx- loader.so
04-29 22:58:22.093 24397 24397 E Parcel : Reading a NULL string not supported here.
04-29 22:58:22.133 24397 25698 E libEGL : Invalid file path for libcolorx- loader.so
04-29 22:58:22.211 24397 24397 E libEGL : Invalid file path for libcolorx- loader.so
04-29 22:58:22.212 24397 24397 E libEGL : Invalid file path for libcolorx- loader.so
04-29 22:58:22.212 24397 24397 E libEGL : Invalid file path for libcolorx- loader.so
04-29 22:58:34.938 24397 24433 W System : A resource failed to call release.
04-29 22:58:44.855 24397 24397 E libEGL : Invalid file path for libcolorx- loader.so
04-29 22:58:44.855 24397 24397 E libEGL : Invalid file path for libcolorx- loader.so
04-29 22:58:47.209 24397 24397 E Parcel : Reading a NULL string not supported here.
04-29 22:58:47.276 24397 25802 E libEGL : Invalid file path for libcolorx- loader.so
04-29 22:58:47.396 24397 24397 E libEGL : Invalid file path for libcolorx- loader.so
04-29 22:58:47.396 24397 24397 E libEGL : Invalid file path for libcolorx- loader.so
04-29 22:58:47.630 24397 24397 W BottomSheetBehavior: BottomSheetBehavior now supports multiple callbacks. `setBottomSheetCallback()` removes all existing callbacks, including ones set internally by library authors, which may result in unintended behavior. This may change in the future. Please use `addBottomSheetCallback()` and `removeBottomSheetCallback()` instead to set your own callbacks.
04-29 22:58:47.745 24397 24397 W BottomSheetBehavior: BottomSheetBehavior now supports multiple callbacks. `setBottomSheetCallback()` removes all existing callbacks, including ones set internally by library authors, which may result in unintended behavior. This may change in the future. Please use `addBottomSheetCallback()` and `removeBottomSheetCallback()` instead to set your own callbacks.
04-29 22:58:49.303 24397 24397 E Parcel : Reading a NULL string not supported here.
04-29 22:58:49.350 24397 25809 E libEGL : Invalid file path for libcolorx- loader.so
04-29 22:58:49.423 24397 24397 E libEGL : Invalid file path for libcolorx- loader.so
04-29 22:58:49.424 24397 24397 E libEGL : Invalid file path for libcolorx- loader.so
04-29 22:58:49.626 24397 24397 W BottomSheetBehavior: BottomSheetBehavior now supports multiple callbacks. `setBottomSheetCallback()` removes all existing callbacks, including ones set internally by library authors, which may result in unintended behavior. This may change in the future. Please use `addBottomSheetCallback()` and `removeBottomSheetCallback()` instead to set your own callbacks.
04-29 22:58:49.626 24397 24397 W BottomSheetBehavior: BottomSheetBehavior now supports multiple callbacks. `setBottomSheetCallback()` removes all existing callbacks, including ones set internally by library authors, which may result in unintended behavior. This may change in the future. Please use `addBottomSheetCallback()` and `removeBottomSheetCallback()` instead to set your own callbacks.
04-29 22:58:49.682 24397 24397 W BottomSheetBehavior: BottomSheetBehavior now supports multiple callbacks. `setBottomSheetCallback()` removes all existing callbacks, including ones set internally by library authors, which may result in unintended behavior. This may change in the future. Please use `addBottomSheetCallback()` and `removeBottomSheetCallback()` instead to set your own callbacks.
04-29 22:58:49.683 24397 24397 W BottomSheetBehavior: BottomSheetBehavior now supports multiple callbacks. `setBottomSheetCallback()` removes all existing callbacks, including ones set internally by library authors, which may result in unintended behavior. This may change in the future. Please use `addBottomSheetCallback()` and `removeBottomSheetCallback()` instead to set your own callbacks.
04-29 22:58:56.391 24397 24397 E Parcel : Reading a NULL string not supported here.
04-29 22:58:56.435 24397 25814 E libEGL : Invalid file path for libcolorx- loader.so
04-29 22:58:56.565 24397 24397 E libEGL : Invalid file path for libcolorx- loader.so
04-29 22:58:56.566 24397 24397 E libEGL : Invalid file path for libcolorx- loader.so
04-29 22:58:58.032 24397 24397 W IInputConnectionWrapper: requestCursorAnchorInfo on inactive InputConnection
04-29 22:59:05.047 24397 24397 E Parcel : Reading a NULL string not supported here.
04-29 22:59:05.115 24397 25818 E libEGL : Invalid file path for libcolorx- loader.so
04-29 22:59:05.166 24397 24397 E libEGL : Invalid file path for libcolorx- loader.so
04-29 22:59:05.167 24397 24397 E libEGL : Invalid file path for libcolorx- loader.so
04-29 22:59:05.367 24397 24397 W BottomSheetBehavior: BottomSheetBehavior now supports multiple callbacks. `setBottomSheetCallback()` removes all existing callbacks, including ones set internally by library authors, which may result in unintended behavior. This may change in the future. Please use `addBottomSheetCallback()` and `removeBottomSheetCallback()` instead to set your own callbacks.
04-29 22:59:05.367 24397 24397 W BottomSheetBehavior: BottomSheetBehavior now supports multiple callbacks. `setBottomSheetCallback()` removes all existing callbacks, including ones set internally by library authors, which may result in unintended behavior. This may change in the future. Please use `addBottomSheetCallback()` and `removeBottomSheetCallback()` instead to set your own callbacks.
04-29 22:59:05.419 24397 24397 W BottomSheetBehavior: BottomSheetBehavior now supports multiple callbacks. `setBottomSheetCallback()` removes all existing callbacks, including ones set internally by library authors, which may result in unintended behavior. This may change in the future. Please use `addBottomSheetCallback()` and `removeBottomSheetCallback()` instead to set your own callbacks.
04-29 22:59:05.419 24397 24397 W BottomSheetBehavior: BottomSheetBehavior now supports multiple callbacks. `setBottomSheetCallback()` removes all existing callbacks, including ones set internally by library authors, which may result in unintended behavior. This may change in the future. Please use `addBottomSheetCallback()` and `removeBottomSheetCallback()` instead to set your own callbacks.
04-29 22:59:21.209 24397 24433 W System : A resource failed to call release.
04-29 22:59:21.211 24397 24433 W System : A resource failed to call release.
04-29 23:00:15.881 24397 24715 E ArmVmp : No matching catch block at 0x07
04-29 23:00:15.886 24397 24715 E ArmVmp : Match on catch block at 0x02 in for 0x21
04-29 23:00:15.888 24397 24715 W System.err: java.net.SocketException: Software caused connection abort
04-29 23:00:15.889 24397 24715 W System.err:
04-29 23:00:15.890 24397 24715 W System.err: at java.net.SocketInputStream.socketRead0(Native Method)
04-29 23:00:15.891 24397 24715 W System.err:
04-29 23:00:15.892 24397 24715 W System.err: at java.net.SocketInputStream.socketRead(SocketInputStream.java:119)
04-29 23:00:15.892 24397 24715 W System.err:
04-29 23:00:15.893 24397 24715 W System.err: at java.net.SocketInputStream.read(SocketInputStream.java:176)
04-29 23:00:15.893 24397 24715 W System.err:
04-29 23:00:15.894 24397 24715 W System.err: at java.net.SocketInputStream.read(SocketInputStream.java:144)
04-29 23:00:15.895 24397 24715 W System.err:
04-29 23:00:15.896 24397 24715 W System.err: at com.android.org.conscrypt.ConscryptEngineSocket$SSLInputStream.readFromSocket(Consc ryptEngineSocket.java:983)
04-29 23:00:15.897 24397 24715 W System.err:
04-29 23:00:15.898 24397 24715 W System.err: at com.android.org.conscrypt.ConscryptEngineSocket$SSLInputStream.processDataFromSocke t(ConscryptEngineSocket.java:947)
04-29 23:00:15.898 24397 24715 W System.err:
04-29 23:00:15.899 24397 24715 W System.err: at com.android.org.conscrypt.ConscryptEngineSocket$SSLInputStream.-$ $Nest$mprocessDataFromSocket(Unknown Source:0)
04-29 23:00:15.900 24397 24715 W System.err:
04-29 23:00:15.901 24397 24715 W System.err: at com.android.org.conscrypt.ConscryptEngineSocket.doHandshake(ConscryptEngineSocket.j ava:236)
04-29 23:00:15.902 24397 24715 W System.err:
04-29 23:00:15.903 24397 24715 W System.err: at com.android.org.conscrypt.ConscryptEngineSocket.startHandshake(ConscryptEngineSocke t.java:218)
04-29 23:00:15.904 24397 24715 W System.err:
04-29 23:00:15.905 24397 24715 W System.err: at com.android.okhttp.internal.io.RealConnection.connectTls(RealConnection.java:196)
04-29 23:00:15.907 24397 24715 W System.err:
04-29 23:00:15.908 24397 24715 W System.err: at com.android.okhttp.internal.io.RealConnection.connectSocket(RealConnection.java:153 )
04-29 23:00:15.909 24397 24715 W System.err:
04-29 23:00:15.910 24397 24715 W System.err: at com.android.okhttp.internal.io.RealConnection.connect(RealConnection.java:116)
04-29 23:00:15.911 24397 24715 W System.err:
04-29 23:00:15.912 24397 24715 W System.err: at com.android.okhttp.internal.http.StreamAllocation.findConnection(StreamAllocation.j ava:186)
04-29 23:00:15.912 24397 24715 W System.err:
04-29 23:00:15.913 24397 24715 W System.err: at com.android.okhttp.internal.http.StreamAllocation.findHealthyConnection(StreamAlloc ation.java:128)
04-29 23:00:15.914 24397 24715 W System.err:
04-29 23:00:15.915 24397 24715 W System.err: at com.android.okhttp.internal.http.StreamAllocation.newStream(StreamAllocation.java:9 7)
04-29 23:00:15.916 24397 24715 W System.err:
04-29 23:00:15.916 24397 24715 W System.err: at com.android.okhttp.internal.http.HttpEngine.connect(HttpEngine.java:302)
04-29 23:00:15.917 24397 24715 W System.err:
04-29 23:00:15.917 24397 24715 W System.err: at com.android.okhttp.internal.http.HttpEngine.sendRequest(HttpEngine.java:245)
04-29 23:00:15.918 24397 24715 W System.err:
04-29 23:00:15.919 24397 24715 W System.err: at com.android.okhttp.internal.huc.HttpURLConnectionImpl.execute(HttpURLConnectionImpl .java:465)
04-29 23:00:15.919 24397 24715 W System.err:
04-29 23:00:15.919 24397 24715 W System.err: at com.android.okhttp.internal.huc.HttpURLConnectionImpl.getResponse(HttpURLConnection Impl.java:411)
04-29 23:00:15.920 24397 24715 W System.err:
04-29 23:00:15.921 24397 24715 W System.err: at com.android.okhttp.internal.huc.HttpURLConnectionImpl.getInputStream(HttpURLConnect ionImpl.java:248)
04-29 23:00:15.921 24397 24715 W System.err:
04-29 23:00:15.922 24397 24715 W System.err: at com.android.okhttp.internal.huc.DelegatingHttpsURLConnection.getInputStream(Delegat ingHttpsURLConnection.java:211)
04-29 23:00:15.922 24397 24715 W System.err:
04-29 23:00:15.923 24397 24715 W System.err: at com.android.okhttp.internal.huc.HttpsURLConnectionImpl.getInputStream(HttpsURLConne ctionImpl.java:30)
04-29 23:00:15.923 24397 24715 W System.err:
04-29 23:00:15.924 24397 24715 W System.err: at java.net.URL.openStream(URL.java:1072)
04-29 23:00:15.924 24397 24715 W System.err:
04-29 23:00:15.925 24397 24715 W System.err: at mbmodsd.mbmodsw.mbdialog.MBDialogMan.loadJsonFromUrl(Native Method)
04-29 23:00:15.925 24397 24715 W System.err:
04-29 23:00:15.926 24397 24715 W System.err: at mbmodsd.mbmodsw.mbdialog.MBDialogMan.access$000(Native Method)
04-29 23:00:15.926 24397 24715 W System.err:
04-29 23:00:15.927 24397 24715 W System.err: at mbmodsd.mbmodsw.mbdialog.MBDialogMan$FetchJsonTask.doInBackground(Native Method)
04-29 23:00:15.927 24397 24715 W System.err:
04-29 23:00:15.927 24397 24715 W System.err: at mbmodsd.mbmodsw.mbdialog.MBDialogMan$FetchJsonTask.doInBackground(Native Method)
04-29 23:00:15.928 24397 24715 W System.err:
04-29 23:00:15.928 24397 24715 W System.err: at android.os.AsyncTask$3.call(AsyncTask.java:394)
04-29 23:00:15.929 24397 24715 W System.err:
04-29 23:00:15.929 24397 24715 W System.err: at java.util.concurrent.FutureTask.run(FutureTask.java:266)
04-29 23:00:15.930 24397 24715 W System.err:
04-29 23:00:15.930 24397 24715 W System.err: at android.os.AsyncTask$SerialExecutor$1.run(AsyncTask.java:305)
04-29 23:00:15.931 24397 24715 W System.err:
04-29 23:00:15.931 24397 24715 W System.err: at java.util.concurrent.ThreadPoolExecutor.runWorker(ThreadPoolExecutor.java:1167)
04-29 23:00:15.932 24397 24715 W System.err:
04-29 23:00:15.932 24397 24715 W System.err: at java.util.concurrent.ThreadPoolExecutor$Worker.run(ThreadPoolExecutor.java:641)
04-29 23:00:15.932 24397 24715 W System.err:
04-29 23:00:15.933 24397 24715 W System.err: at java.lang.Thread.run(Thread.java:923)
04-29 23:00:15.933 24397 24715 W System.err:
04-29 23:01:25.801 24397 24397 E Parcel : Reading a NULL string not supported here.
04-29 23:01:25.861 24397 26873 E libEGL : Invalid file path for libcolorx- loader.so
04-29 23:01:25.977 24397 24397 E libEGL : Invalid file path for libcolorx- loader.so
04-29 23:01:25.979 24397 24397 E libEGL : Invalid file path for libcolorx- loader.so
04-29 23:01:26.208 24397 24397 W BottomSheetBehavior: BottomSheetBehavior now supports multiple callbacks. `setBottomSheetCallback()` removes all existing callbacks, including ones set internally by library authors, which may result in unintended behavior. This may change in the future. Please use `addBottomSheetCallback()` and `removeBottomSheetCallback()` instead to set your own callbacks.
04-29 23:01:26.208 24397 24397 W BottomSheetBehavior: BottomSheetBehavior now supports multiple callbacks. `setBottomSheetCallback()` removes all existing callbacks, including ones set internally by library authors, which may result in unintended behavior. This may change in the future. Please use `addBottomSheetCallback()` and `removeBottomSheetCallback()` instead to set your own callbacks.
04-29 23:01:26.268 24397 24397 W BottomSheetBehavior: BottomSheetBehavior now supports multiple callbacks. `setBottomSheetCallback()` removes all existing callbacks, including ones set internally by library authors, which may result in unintended behavior. This may change in the future. Please use `addBottomSheetCallback()` and `removeBottomSheetCallback()` instead to set your own callbacks.
04-29 23:01:26.268 24397 24397 W BottomSheetBehavior: BottomSheetBehavior now supports multiple callbacks. `setBottomSheetCallback()` removes all existing callbacks, including ones set internally by library authors, which may result in unintended behavior. This may change in the future. Please use `addBottomSheetCallback()` and `removeBottomSheetCallback()` instead to set your own callbacks.
04-29 23:01:34.572 24397 24433 W System : A resource failed to call release.
04-29 23:01:48.648 24397 24397 E Parcel : Reading a NULL string not supported here.
04-29 23:01:48.726 24397 26983 E libEGL : Invalid file path for libcolorx- loader.so
04-29 23:01:48.825 24397 24397 E libEGL : Invalid file path for libcolorx- loader.so
04-29 23:01:48.827 24397 24397 E libEGL : Invalid file path for libcolorx- loader.so
04-29 23:01:49.024 24397 24397 W BottomSheetBehavior: BottomSheetBehavior now supports multiple callbacks. `setBottomSheetCallback()` removes all existing callbacks, including ones set internally by library authors, which may result in unintended behavior. This may change in the future. Please use `addBottomSheetCallback()` and `removeBottomSheetCallback()` instead to set your own callbacks.
