04-29 20:59:27.279 25337 25337 E ArmVmp : Match on catch block at 0xc3 in for 0xa5
04-29 20:59:27.283 25337 25337 E ArmVmp : Match on catch block at 0xc3 in for 0xa9
04-29 20:59:27.295 25337 25337 E ArmVmp : Match on catch block at 0xc3 in for 0xa5
04-29 20:59:27.299 25337 25337 E ArmVmp : Match on catch block at 0xc3 in for 0xa9
04-29 20:59:27.310 25337 25337 E ArmVmp : Match on catch block at 0xc3 in for 0xa5
04-29 20:59:27.314 25337 25337 E ArmVmp : Match on catch block at 0xc3 in for 0xa9
04-29 20:59:27.331 25337 25337 E ArmVmp : Match on catch block at 0xc3 in for 0xa1
04-29 20:59:27.336 25337 25337 E ArmVmp : Match on catch block at 0xc3 in for 0xa5
04-29 20:59:27.344 25337 25337 E ArmVmp : Match on catch block at 0xc3 in for 0xa9
04-29 20:59:27.348 25337 25337 E ArmVmp : Match on catch block at 0xc3 in for 0xa1
04-29 20:59:27.361 25337 25337 E ArmVmp : Match on catch block at 0xc3 in for 0xa5
04-29 20:59:27.365 25337 25337 E ArmVmp : Match on catch block at 0xc3 in for 0xa9
04-29 20:59:27.377 25337 25337 E ArmVmp : Match on catch block at 0xc3 in for 0xa1
04-29 20:59:27.381 25337 25337 E ArmVmp : Match on catch block at 0xc3 in for 0xa5
04-29 20:59:27.394 25337 25337 E ArmVmp : Match on catch block at 0xc3 in for 0xa9
04-29 20:59:27.398 25337 25337 E ArmVmp : Match on catch block at 0xc3 in for 0xa1
04-29 20:59:27.411 25337 25337 E ArmVmp : Match on catch block at 0xc3 in for 0xa5
04-29 20:59:27.415 25337 25337 E ArmVmp : Match on catch block at 0xc3 in for 0xa9
04-29 20:59:27.428 25337 25337 E ArmVmp : Match on catch block at 0xc3 in for 0xa1
04-29 20:59:27.432 25337 25337 E ArmVmp : Match on catch block at 0xc3 in for 0xa5
04-29 20:59:27.445 25337 25337 E ArmVmp : Match on catch block at 0xc3 in for 0xa9
04-29 20:59:27.448 25337 25337 E ArmVmp : Match on catch block at 0xc3 in for 0xa1
04-29 20:59:27.461 25337 25337 E ArmVmp : Match on catch block at 0xc3 in for 0xa5
04-29 20:59:27.465 25337 25337 E ArmVmp : Match on catch block at 0xc3 in for 0xa9
04-29 20:59:27.478 25337 25337 E ArmVmp : Match on catch block at 0xc3 in for 0xa1
04-29 20:59:27.482 25337 25337 E ArmVmp : Match on catch block at 0xc3 in for 0xa5
04-29 20:59:27.495 25337 25337 E ArmVmp : Match on catch block at 0xc3 in for 0xa9
04-29 20:59:27.499 25337 25337 E ArmVmp : Match on catch block at 0xc3 in for 0xa1
04-29 20:59:27.512 25337 25337 E ArmVmp : Match on catch block at 0xc3 in for 0xa9
04-29 20:59:27.516 25337 25337 E ArmVmp : Match on catch block at 0xc3 in for 0xa1
04-29 20:59:27.713 25337 25337 E ArmVmp : Match on catch block at 0xc3 in for 0xa1
04-29 20:59:27.717 25337 25337 E ArmVmp : Match on catch block at 0xc3 in for 0xa5
04-29 20:59:27.730 25337 25337 E ArmVmp : Match on catch block at 0xc3 in for 0xa5
04-29 20:59:27.733 25337 25337 E ArmVmp : Match on catch block at 0xc3 in for 0xa9
04-29 20:59:27.746 25337 25337 E ArmVmp : Match on catch block at 0xc3 in for 0xa9
04-29 20:59:27.751 25337 25337 E ArmVmp : Match on catch block at 0xc3 in for 0xa1
04-29 20:59:27.763 25337 25337 E ArmVmp : Match on catch block at 0xc3 in for 0xa1
04-29 20:59:27.767 25337 25337 E ArmVmp : Match on catch block at 0xc3 in for 0xa5
04-29 20:59:27.780 25337 25337 E ArmVmp : Match on catch block at 0xc3 in for 0xa5
04-29 20:59:27.784 25337 25337 E ArmVmp : Match on catch block at 0xc3 in for 0xa9
04-29 20:59:27.797 25337 25337 E ArmVmp : Match on catch block at 0xc3 in for 0xa9
04-29 20:59:27.800 25337 25337 E ArmVmp : Match on catch block at 0xc3 in for 0xa1
04-29 20:59:27.813 25337 25337 E ArmVmp : Match on catch block at 0xc3 in for 0xa1
04-29 20:59:27.818 25337 25337 E ArmVmp : Match on catch block at 0xc3 in for 0xa5
04-29 20:59:27.831 25337 25337 E ArmVmp : Match on catch block at 0xc3 in for 0xa5
04-29 20:59:27.835 25337 25337 E ArmVmp : Match on catch block at 0xc3 in for 0xa9
04-29 20:59:27.847 25337 25337 E ArmVmp : Match on catch block at 0xc3 in for 0xa9
04-29 20:59:27.851 25337 25337 E ArmVmp : Match on catch block at 0xc3 in for 0xa1
04-29 20:59:27.864 25337 25337 E ArmVmp : Match on catch block at 0xc3 in for 0xa1
04-29 20:59:27.869 25337 25337 E ArmVmp : Match on catch block at 0xc3 in for 0xa5
04-29 20:59:27.881 25337 25337 E ArmVmp : Match on catch block at 0xc3 in for 0xa5
04-29 20:59:27.885 25337 25337 E ArmVmp : Match on catch block at 0xc3 in for 0xa9
04-29 20:59:27.897 25337 25337 E ArmVmp : Match on catch block at 0xc3 in for 0xa9
04-29 20:59:27.901 25337 25337 E ArmVmp : Match on catch block at 0xc3 in for 0xa1
04-29 20:59:27.914 25337 25337 E ArmVmp : Match on catch block at 0xc3 in for 0xa1
04-29 20:59:27.918 25337 25337 E ArmVmp : Match on catch block at 0xc3 in for 0xa5
04-29 20:59:27.931 25337 25337 E ArmVmp : Match on catch block at 0xc3 in for 0xa5
04-29 20:59:27.935 25337 25337 E ArmVmp : Match on catch block at 0xc3 in for 0xa9
04-29 20:59:27.948 25337 25337 E ArmVmp : Match on catch block at 0xc3 in for 0xa9
04-29 20:59:27.952 25337 25337 E ArmVmp : Match on catch block at 0xc3 in for 0xa1
04-29 20:59:27.965 25337 25337 E ArmVmp : Match on catch block at 0xc3 in for 0xa1
04-29 20:59:27.970 25337 25337 E ArmVmp : Match on catch block at 0xc3 in for 0xa5
04-29 20:59:27.982 25337 25337 E ArmVmp : Match on catch block at 0xc3 in for 0xa5
04-29 20:59:27.987 25337 25337 E ArmVmp : Match on catch block at 0xc3 in for 0xa9
04-29 20:59:28.385 25337 25337 E ArmVmp : Match on catch block at 0xc3 in for 0xa9
04-29 20:59:28.388 25337 25337 E ArmVmp : Match on catch block at 0xc3 in for 0xa1
04-29 20:59:28.417 25337 25337 E ArmVmp : Match on catch block at 0xc3 in for 0xa9
04-29 20:59:28.420 25337 25337 E ArmVmp : Match on catch block at 0xc3 in for 0xa1
04-29 20:59:28.637 25337 25337 E ArmVmp : Match on catch block at 0xc3 in for 0xa9
04-29 20:59:28.641 25337 25337 E ArmVmp : Match on catch block at 0xc3 in for 0xa1
04-29 20:59:28.787 25337 25337 E ArmVmp : Match on catch block at 0xc3 in for 0xa1
04-29 20:59:28.792 25337 25337 E ArmVmp : Match on catch block at 0xc3 in for 0xa5
04-29 20:59:33.424 25337 25337 E Parcel : Reading a NULL string not supported here.
04-29 20:59:33.478 25337 27957 E libEGL : Invalid file path for libcolorx- loader.so
04-29 20:59:33.725 25337 25337 E ArmVmp : Match on catch block at 0x0a in for 0xc1
04-29 20:59:33.729 25337 25337 E ArmVmp : Match on catch block at 0x0a in for 0xc9
04-29 20:59:33.778 25337 25337 E libEGL : Invalid file path for libcolorx- loader.so
04-29 20:59:33.779 25337 25337 E libEGL : Invalid file path for libcolorx- loader.so
04-29 20:59:34.215 25337 25337 E ArmVmp : Match on catch block at 0xc3 in for 0xb1
04-29 20:59:34.220 25337 25337 E ArmVmp : Match on catch block at 0xc3 in for 0xb1
04-29 20:59:34.307 25337 25337 E ArmVmp : Match on catch block at 0xc3 in for 0xa1
04-29 20:59:34.311 25337 25337 E ArmVmp : Match on catch block at 0xc3 in for 0xa5
04-29 20:59:34.353 25337 25337 E ArmVmp : Match on catch block at 0xc3 in for 0xa5
04-29 20:59:34.356 25337 25337 E ArmVmp : Match on catch block at 0xc3 in for 0xa9
04-29 20:59:34.403 25337 25337 E ArmVmp : Match on catch block at 0xc3 in for 0xa5
04-29 20:59:34.406 25337 25337 E ArmVmp : Match on catch block at 0xc3 in for 0xa9
04-29 20:59:34.898 25337 25337 E ArmVmp : Match on catch block at 0xc3 in for 0xa9
04-29 20:59:34.905 25337 25337 E ArmVmp : Match on catch block at 0xc3 in for 0xa1
04-29 20:59:35.316 25337 25337 E ArmVmp : Match on catch block at 0xc3 in for 0xa5
04-29 20:59:35.319 25337 25337 E ArmVmp : Match on catch block at 0xc3 in for 0xa9
04-29 20:59:35.572 25337 25337 E ArmVmp : Match on catch block at 0xc3 in for 0xa5
04-29 20:59:35.576 25337 25337 E ArmVmp : Match on catch block at 0xc3 in for 0xa9
04-29 20:59:35.730 25337 25337 E ArmVmp : Match on catch block at 0xc3 in for 0xa1
04-29 20:59:35.736 25337 25337 E ArmVmp : Match on catch block at 0xc3 in for 0xa5
04-29 20:59:43.181 25337 25355 W System : A resource failed to call dispose.
04-29 21:00:55.544 25337 28850 W LibraryVersion: Failed to get app version for libraryName: firebase-iid
04-29 21:00:55.585 25337 28852 E Parcel : Reading a NULL string not supported here.
04-29 21:01:40.560 25337 25519 E ArmVmp : No matching catch block at 0x07
04-29 21:01:40.561 25337 25519 E ArmVmp : Match on catch block at 0x02 in for 0x25
04-29 21:01:40.568 25337 25519 W System.err: java.net.SocketException: Software caused connection abort
04-29 21:01:40.569 25337 25519 W System.err:
04-29 21:01:40.572 25337 25519 W System.err: at java.net.SocketInputStream.socketRead0(Native Method)
04-29 21:01:40.573 25337 25519 W System.err:
04-29 21:01:40.574 25337 25519 W System.err: at java.net.SocketInputStream.socketRead(SocketInputStream.java:119)
04-29 21:01:40.576 25337 25519 W System.err:
04-29 21:01:40.577 25337 25519 W System.err: at java.net.SocketInputStream.read(SocketInputStream.java:176)
04-29 21:01:40.578 25337 25519 W System.err:
04-29 21:01:40.580 25337 25519 W System.err: at java.net.SocketInputStream.read(SocketInputStream.java:144)
04-29 21:01:40.580 25337 25519 W System.err:
04-29 21:01:40.582 25337 25519 W System.err: at com.android.org.conscrypt.ConscryptEngineSocket$SSLInputStream.readFromSocket(Consc ryptEngineSocket.java:983)
04-29 21:01:40.583 25337 25519 W System.err:
04-29 21:01:40.584 25337 25519 W System.err: at com.android.org.conscrypt.ConscryptEngineSocket$SSLInputStream.processDataFromSocke t(ConscryptEngineSocket.java:947)
04-29 21:01:40.585 25337 25519 W System.err:
04-29 21:01:40.587 25337 25519 W System.err: at com.android.org.conscrypt.ConscryptEngineSocket$SSLInputStream.-$ $Nest$mprocessDataFromSocket(Unknown Source:0)
04-29 21:01:40.588 25337 25519 W System.err:
04-29 21:01:40.600 25337 25519 W System.err: at com.android.org.conscrypt.ConscryptEngineSocket.doHandshake(ConscryptEngineSocket.j ava:236)
04-29 21:01:40.601 25337 25519 W System.err:
04-29 21:01:40.603 25337 25519 W System.err: at com.android.org.conscrypt.ConscryptEngineSocket.startHandshake(ConscryptEngineSocke t.java:218)
04-29 21:01:40.603 25337 25519 W System.err:
04-29 21:01:40.605 25337 25519 W System.err: at com.android.okhttp.internal.io.RealConnection.connectTls(RealConnection.java:196)
04-29 21:01:40.605 25337 25519 W System.err:
04-29 21:01:40.606 25337 25519 W System.err: at com.android.okhttp.internal.io.RealConnection.connectSocket(RealConnection.java:153 )
04-29 21:01:40.607 25337 25519 W System.err:
04-29 21:01:40.608 25337 25519 W System.err: at com.android.okhttp.internal.io.RealConnection.connect(RealConnection.java:116)
04-29 21:01:40.609 25337 25519 W System.err:
04-29 21:01:40.610 25337 25519 W System.err: at com.android.okhttp.internal.http.StreamAllocation.findConnection(StreamAllocation.j ava:186)
04-29 21:01:40.610 25337 25519 W System.err:
04-29 21:01:40.611 25337 25519 W System.err: at com.android.okhttp.internal.http.StreamAllocation.findHealthyConnection(StreamAlloc ation.java:128)
04-29 21:01:40.612 25337 25519 W System.err:
04-29 21:01:40.613 25337 25519 W System.err: at com.android.okhttp.internal.http.StreamAllocation.newStream(StreamAllocation.java:9 7)
04-29 21:01:40.614 25337 25519 W System.err:
04-29 21:01:40.615 25337 25519 W System.err: at com.android.okhttp.internal.http.HttpEngine.connect(HttpEngine.java:302)
04-29 21:01:40.615 25337 25519 W System.err:
04-29 21:01:40.616 25337 25519 W System.err: at com.android.okhttp.internal.http.HttpEngine.sendRequest(HttpEngine.java:245)
04-29 21:01:40.617 25337 25519 W System.err:
04-29 21:01:40.617 25337 25519 W System.err: at com.android.okhttp.internal.huc.HttpURLConnectionImpl.execute(HttpURLConnectionImpl .java:465)
04-29 21:01:40.618 25337 25519 W System.err:
04-29 21:01:40.619 25337 25519 W System.err: at com.android.okhttp.internal.huc.HttpURLConnectionImpl.getResponse(HttpURLConnection Impl.java:411)
04-29 21:01:40.619 25337 25519 W System.err:
04-29 21:01:40.620 25337 25519 W System.err: at com.android.okhttp.internal.huc.HttpURLConnectionImpl.getInputStream(HttpURLConnect ionImpl.java:248)
04-29 21:01:40.621 25337 25519 W System.err:
04-29 21:01:40.622 25337 25519 W System.err: at com.android.okhttp.internal.huc.DelegatingHttpsURLConnection.getInputStream(Delegat ingHttpsURLConnection.java:211)
04-29 21:01:40.622 25337 25519 W System.err:
04-29 21:01:40.623 25337 25519 W System.err: at com.android.okhttp.internal.huc.HttpsURLConnectionImpl.getInputStream(HttpsURLConne ctionImpl.java:30)
04-29 21:01:40.624 25337 25519 W System.err:
04-29 21:01:40.624 25337 25519 W System.err: at java.net.URL.openStream(URL.java:1072)
04-29 21:01:40.625 25337 25519 W System.err:
04-29 21:01:40.625 25337 25519 W System.err: at mbmodsd.mbmodsw.mbdialog.MBDialogMan.loadJsonFromUrl(Native Method)
04-29 21:01:40.626 25337 25519 W System.err:
04-29 21:01:40.627 25337 25519 W System.err: at mbmodsd.mbmodsw.mbdialog.MBDialogMan.access$000(Native Method)
04-29 21:01:40.627 25337 25519 W System.err:
04-29 21:01:40.628 25337 25519 W System.err: at mbmodsd.mbmodsw.mbdialog.MBDialogMan$FetchJsonTask.doInBackground(Native Method)
04-29 21:01:40.628 25337 25519 W System.err:
04-29 21:01:40.629 25337 25519 W System.err: at mbmodsd.mbmodsw.mbdialog.MBDialogMan$FetchJsonTask.doInBackground(Native Method)
04-29 21:01:40.629 25337 25519 W System.err:
04-29 21:01:40.630 25337 25519 W System.err: at android.os.AsyncTask$3.call(AsyncTask.java:394)
04-29 21:01:40.631 25337 25519 W System.err:
04-29 21:01:40.631 25337 25519 W System.err: at java.util.concurrent.FutureTask.run(FutureTask.java:266)
04-29 21:01:40.632 25337 25519 W System.err:
04-29 21:01:40.632 25337 25519 W System.err: at android.os.AsyncTask$SerialExecutor$1.run(AsyncTask.java:305)
04-29 21:01:40.633 25337 25519 W System.err:
04-29 21:01:40.633 25337 25519 W System.err: at java.util.concurrent.ThreadPoolExecutor.runWorker(ThreadPoolExecutor.java:1167)
04-29 21:01:40.634 25337 25519 W System.err:
04-29 21:01:40.635 25337 25519 W System.err: at java.util.concurrent.ThreadPoolExecutor$Worker.run(ThreadPoolExecutor.java:641)
04-29 21:01:40.635 25337 25519 W System.err:
04-29 21:01:40.636 25337 25519 W System.err: at java.lang.Thread.run(Thread.java:923)
04-29 21:01:40.636 25337 25519 W System.err:
04-29 21:02:27.458 25337 25387 E SQLiteDatabase: Error inserting transferred=1 media_job_uuid=05928355-fabd-4dca-8761-c2e8a38fd271 transcoded=0 gif_attribution=0 first_scan_length=2826 direct_path=/v/t62.7118- 24/19172759_958760772319529_2279535327655048376_n.enc?ccb=11- 4&oh=01_Q5AaICsiVEMtGed6vBouMiOD6sykdLhvH4p7BYhygVUBbbfE&oe=6656FEB9&_nc_sid=5e03e0 thumbnail_height_width_ratio=1.7777778 is_animated_sticker=0 file_hash=lM6ajbti9hN9kQrsL2QPaVA9EckTnxc/NR6wjv2yxoA= file_path=Media/.Statuses/a3a43b9bf7de4534a36ebf3dca93e333.jpg file_size=15546 partial_media_hash=e2rH7nYjzT7YvBdMj8D9fkkH4XhvgbrkWCriwj2o6uU= face_x=0 face_y=0 height=1080 trim_to=0 media_key_timestamp=1714399340000 message_url=https://mmg.whatsapp.net/v/t62.7118- 24/19172759_958760772319529_2279535327655048376_n.enc?ccb=11- 4&oh=01_Q5AaICsiVEMtGed6vBouMiOD6sykdLhvH4p7BYhygVUBbbfE&oe=6656FEB9&_nc_sid=5e03e0 &mms3=true media_caption=null trim_from=0 mime_type=image/jpeg partial_media_enc_hash=null width=608 original_file_hash=null has_streaming_sidecar=1 autotransfer_retry_enabled=1 media_upload_handle=null message_row_id=3232 multicast_id=null enc_file_hash=/6TcLOZVcA9LUOYjw2l9urjWWk6yTnH/0P3CQ0pmYpw= mute_video=0 page_count=0 first_scan_sidecar=[B@5088cdb suspicious_content=0 file_length=15546 media_name=null media_duration=0 chat_row_id=16 media_key=[B@bf0e378
04-29 21:02:27.458 25337 25387 E SQLiteDatabase: android.database.sqlite.SQLiteConstraintException: UNIQUE constraint failed: message_media.message_row_id (code 1555 SQLITE_CONSTRAINT_PRIMARYKEY)
04-29 21:02:27.458 25337 25387 E SQLiteDatabase: at android.database.sqlite.SQLiteConnection.nativeExecuteForLastInsertedRowId(Native Method)
04-29 21:02:27.458 25337 25387 E SQLiteDatabase: at android.database.sqlite.SQLiteConnection.executeForLastInsertedRowId(SQLiteConnecti on.java:948)
04-29 21:02:27.458 25337 25387 E SQLiteDatabase: at android.database.sqlite.SQLiteSession.executeForLastInsertedRowId(SQLiteSession.jav a:790)
04-29 21:02:27.458 25337 25387 E SQLiteDatabase: at android.database.sqlite.SQLiteStatement.executeInsert(SQLiteStatement.java:88)
04-29 21:02:27.458 25337 25387 E SQLiteDatabase: at android.database.sqlite.SQLiteDatabase.insertWithOnConflict(SQLiteDatabase.java:173 1)
04-29 21:02:27.458 25337 25387 E SQLiteDatabase: at android.database.sqlite.SQLiteDatabase.insert(SQLiteDatabase.java:1600)
04-29 21:02:27.458 25337 25387 E SQLiteDatabase: at X.2tm.A08(Unknown Source:6)
04-29 21:02:27.458 25337 25387 E SQLiteDatabase: at X.35Y.A07(Unknown Source:212)
04-29 21:02:27.458 25337 25387 E SQLiteDatabase: at X.3QF.A14(Unknown Source:470)
04-29 21:02:27.458 25337 25387 E SQLiteDatabase: at X.3gU.run(Unknown Source:982)
04-29 21:02:27.458 25337 25387 E SQLiteDatabase: at android.os.Handler.handleCallback(Handler.java:938)
04-29 21:02:27.458 25337 25387 E SQLiteDatabase: at android.os.Handler.dispatchMessage(Handler.java:99)
04-29 21:02:27.458 25337 25387 E SQLiteDatabase: at X.0zq.dispatchMessage(Unknown Source:4)
04-29 21:02:27.458 25337 25387 E SQLiteDatabase: at android.os.Looper.loop(Looper.java:264)
04-29 21:02:27.458 25337 25387 E SQLiteDatabase: at android.os.HandlerThread.run(HandlerThread.java:67)
04-29 21:22:05.756 25337 25337 E Parcel : Reading a NULL string not supported here.
04-29 21:22:05.851 25337 1938 E libEGL : Invalid file path for libcolorx- loader.so
04-29 21:22:06.366 25337 25337 E ArmVmp : Match on catch block at 0x0a in for 0xc9
04-29 21:22:06.402 25337 25337 E ArmVmp : Match on catch block at 0x0a in for 0x135
04-29 21:22:06.406 25337 25337 E Parcel : Reading a NULL string not supported here.
04-29 21:22:06.436 25337 25337 E Parcel : Reading a NULL string not supported here.
04-29 21:22:06.540 25337 1939 W com.mbwhatsapp: Accessing hidden method Lcom/android/org/conscrypt/ConscryptEngineSocket;->setUseSessionTickets(Z)V (greylist-max-q,test-api, reflection, denied)
04-29 21:22:06.540 25337 1939 W com.mbwhatsapp: Accessing hidden method Lcom/android/org/conscrypt/OpenSSLSocketImpl;->setUseSessionTickets(Z)V (greylist- max-q,test-api, reflection, denied)
04-29 21:22:06.540 25337 1939 W com.mbwhatsapp: Accessing hidden method Lcom/android/org/conscrypt/AbstractConscryptSocket;->setUseSessionTickets(Z)V (greylist-max-q, reflection, denied)
04-29 21:22:06.542 25337 1939 W com.mbwhatsapp: Accessing hidden method Lcom/android/org/conscrypt/ConscryptEngineSocket;->setHostname(Ljava/lang/String;)V (greylist-max-q,test-api, reflection, denied)
04-29 21:22:06.542 25337 1939 W com.mbwhatsapp: Accessing hidden method Lcom/android/org/conscrypt/OpenSSLSocketImpl;->setHostname(Ljava/lang/String;)V (greylist-max-q,test-api, reflection, denied)
04-29 21:22:06.543 25337 1939 W com.mbwhatsapp: Accessing hidden method Lcom/android/org/conscrypt/AbstractConscryptSocket;->setHostname(Ljava/lang/ String;)V (greylist-max-q, reflection, denied)
04-29 21:22:06.543 25337 1939 W com.mbwhatsapp: Accessing hidden method Lcom/android/org/conscrypt/OpenSSLSocketImpl;->setAlpnProtocols([B)V (greylist-max- q,test-api, reflection, denied)
04-29 21:22:06.544 25337 1939 W com.mbwhatsapp: Accessing hidden method Lcom/android/org/conscrypt/AbstractConscryptSocket;->setAlpnProtocols([B)V (greylist-max-q, reflection, denied)
04-29 21:22:06.639 25337 25337 E libEGL : Invalid file path for libcolorx- loader.so
04-29 21:22:06.641 25337 25337 E libEGL : Invalid file path for libcolorx- loader.so
04-29 21:22:07.009 25337 32013 E Parcel : Reading a NULL string not supported here.
04-29 21:22:08.151 25337 1961 E libEGL : Invalid file path for libcolorx- loader.so
04-29 21:22:08.156 25337 25337 E ArmVmp : Match on catch block at 0x0a in for 0xd9
04-29 21:22:31.746 25337 1939 W com.mbwhatsapp: Accessing hidden method Lcom/android/org/conscrypt/ConscryptEngineSocket;->setUseSessionTickets(Z)V (greylist-max-q,test-api, reflection, denied)
04-29 21:22:31.747 25337 1939 W com.mbwhatsapp: Accessing hidden method Lcom/android/org/conscrypt/OpenSSLSocketImpl;->setUseSessionTickets(Z)V (greylist- max-q,test-api, reflection, denied)
04-29 21:22:31.747 25337 1939 W com.mbwhatsapp: Accessing hidden method Lcom/android/org/conscrypt/AbstractConscryptSocket;->setUseSessionTickets(Z)V (greylist-max-q, reflection, denied)
04-29 21:22:31.749 25337 1939 W com.mbwhatsapp: Accessing hidden method Lcom/android/org/conscrypt/ConscryptEngineSocket;->setHostname(Ljava/lang/String;)V (greylist-max-q,test-api, reflection, denied)
04-29 21:22:31.749 25337 1939 W com.mbwhatsapp: Accessing hidden method Lcom/android/org/conscrypt/OpenSSLSocketImpl;->setHostname(Ljava/lang/String;)V (greylist-max-q,test-api, reflection, denied)
04-29 21:22:31.750 25337 1939 W com.mbwhatsapp: Accessing hidden method Lcom/android/org/conscrypt/AbstractConscryptSocket;->setHostname(Ljava/lang/ String;)V (greylist-max-q, reflection, denied)
04-29 21:22:31.751 25337 1939 W com.mbwhatsapp: Accessing hidden method Lcom/android/org/conscrypt/OpenSSLSocketImpl;->setAlpnProtocols([B)V (greylist-max- q,test-api, reflection, denied)
04-29 21:22:31.751 25337 1939 W com.mbwhatsapp: Accessing hidden method Lcom/android/org/conscrypt/AbstractConscryptSocket;->setAlpnProtocols([B)V (greylist-max-q, reflection, denied)
04-29 21:22:46.908 25337 1939 W com.mbwhatsapp: Accessing hidden method Lcom/android/org/conscrypt/ConscryptEngineSocket;->setUseSessionTickets(Z)V (greylist-max-q,test-api, reflection, denied)
04-29 21:22:46.909 25337 1939 W com.mbwhatsapp: Accessing hidden method Lcom/android/org/conscrypt/OpenSSLSocketImpl;->setUseSessionTickets(Z)V (greylist- max-q,test-api, reflection, denied)
04-29 21:22:46.909 25337 1939 W com.mbwhatsapp: Accessing hidden method Lcom/android/org/conscrypt/AbstractConscryptSocket;->setUseSessionTickets(Z)V (greylist-max-q, reflection, denied)
04-29 21:22:46.911 25337 1939 W com.mbwhatsapp: Accessing hidden method Lcom/android/org/conscrypt/ConscryptEngineSocket;->setHostname(Ljava/lang/String;)V (greylist-max-q,test-api, reflection, denied)
04-29 21:22:46.912 25337 1939 W com.mbwhatsapp: Accessing hidden method Lcom/android/org/conscrypt/OpenSSLSocketImpl;->setHostname(Ljava/lang/String;)V (greylist-max-q,test-api, reflection, denied)
04-29 21:22:46.912 25337 1939 W com.mbwhatsapp: Accessing hidden method Lcom/android/org/conscrypt/AbstractConscryptSocket;->setHostname(Ljava/lang/ String;)V (greylist-max-q, reflection, denied)
04-29 21:22:46.913 25337 1939 W com.mbwhatsapp: Accessing hidden method Lcom/android/org/conscrypt/OpenSSLSocketImpl;->setAlpnProtocols([B)V (greylist-max- q,test-api, reflection, denied)
04-29 21:22:46.914 25337 1939 W com.mbwhatsapp: Accessing hidden method Lcom/android/org/conscrypt/AbstractConscryptSocket;->setAlpnProtocols([B)V (greylist-max-q, reflection, denied)
04-29 21:22:47.512 25337 28852 E Parcel : Reading a NULL string not supported here.
04-29 21:23:12.146 25337 1939 W com.mbwhatsapp: Accessing hidden method Lcom/android/org/conscrypt/ConscryptEngineSocket;->setUseSessionTickets(Z)V (greylist-max-q,test-api, reflection, denied)
04-29 21:23:12.148 25337 1939 W com.mbwhatsapp: Accessing hidden method Lcom/android/org/conscrypt/OpenSSLSocketImpl;->setUseSessionTickets(Z)V (greylist- max-q,test-api, reflection, denied)
04-29 21:23:12.149 25337 1939 W com.mbwhatsapp: Accessing hidden method Lcom/android/org/conscrypt/AbstractConscryptSocket;->setUseSessionTickets(Z)V (greylist-max-q, reflection, denied)
04-29 21:23:12.150 25337 1939 W com.mbwhatsapp: Accessing hidden method Lcom/android/org/conscrypt/ConscryptEngineSocket;->setHostname(Ljava/lang/String;)V (greylist-max-q,test-api, reflection, denied)
04-29 21:23:12.151 25337 1939 W com.mbwhatsapp: Accessing hidden method Lcom/android/org/conscrypt/OpenSSLSocketImpl;->setHostname(Ljava/lang/String;)V (greylist-max-q,test-api, reflection, denied)
04-29 21:23:12.151 25337 1939 W com.mbwhatsapp: Accessing hidden method Lcom/android/org/conscrypt/AbstractConscryptSocket;->setHostname(Ljava/lang/ String;)V (greylist-max-q, reflection, denied)
04-29 21:23:12.152 25337 1939 W com.mbwhatsapp: Accessing hidden method Lcom/android/org/conscrypt/OpenSSLSocketImpl;->setAlpnProtocols([B)V (greylist-max- q,test-api, reflection, denied)
04-29 21:23:12.153 25337 1939 W com.mbwhatsapp: Accessing hidden method Lcom/android/org/conscrypt/AbstractConscryptSocket;->setAlpnProtocols([B)V (greylist-max-q, reflection, denied)
04-29 21:28:50.405 25337 28881 E ArmVmp : No matching catch block at 0x07
04-29 21:28:50.405 25337 28881 E ArmVmp : Match on catch block at 0x02 in for 0x21
04-29 21:28:50.423 25337 28881 W System.err: java.net.SocketException: Software caused connection abort
04-29 21:28:50.424 25337 28881 W System.err:
04-29 21:28:50.436 25337 28881 W System.err: at java.net.SocketInputStream.socketRead0(Native Method)
04-29 21:28:50.437 25337 28881 W System.err:
04-29 21:28:50.439 25337 28881 W System.err: at java.net.SocketInputStream.socketRead(SocketInputStream.java:119)
04-29 21:28:50.440 25337 28881 W System.err:
04-29 21:28:50.441 25337 28881 W System.err: at java.net.SocketInputStream.read(SocketInputStream.java:176)
04-29 21:28:50.442 25337 28881 W System.err:
04-29 21:28:50.443 25337 28881 W System.err: at java.net.SocketInputStream.read(SocketInputStream.java:144)
04-29 21:28:50.444 25337 28881 W System.err:
04-29 21:28:50.445 25337 28881 W System.err: at com.android.org.conscrypt.ConscryptEngineSocket$SSLInputStream.readFromSocket(Consc ryptEngineSocket.java:983)
04-29 21:28:50.446 25337 28881 W System.err:
04-29 21:28:50.447 25337 28881 W System.err: at com.android.org.conscrypt.ConscryptEngineSocket$SSLInputStream.processDataFromSocke t(ConscryptEngineSocket.java:947)
04-29 21:28:50.448 25337 28881 W System.err:
04-29 21:28:50.449 25337 28881 W System.err: at com.android.org.conscrypt.ConscryptEngineSocket$SSLInputStream.-$ $Nest$mprocessDataFromSocket(Unknown Source:0)
04-29 21:28:50.450 25337 28881 W System.err:
04-29 21:28:50.451 25337 28881 W System.err: at com.android.org.conscrypt.ConscryptEngineSocket.doHandshake(ConscryptEngineSocket.j ava:236)
04-29 21:28:50.451 25337 28881 W System.err:
04-29 21:28:50.452 25337 28881 W System.err: at com.android.org.conscrypt.ConscryptEngineSocket.startHandshake(ConscryptEngineSocke t.java:218)
04-29 21:28:50.453 25337 28881 W System.err:
04-29 21:28:50.453 25337 28881 W System.err: at com.android.okhttp.internal.io.RealConnection.connectTls(RealConnection.java:196)
04-29 21:28:50.454 25337 28881 W System.err:
04-29 21:28:50.455 25337 28881 W System.err: at com.android.okhttp.internal.io.RealConnection.connectSocket(RealConnection.java:153 )
04-29 21:28:50.456 25337 28881 W System.err:
04-29 21:28:50.457 25337 28881 W System.err: at com.android.okhttp.internal.io.RealConnection.connect(RealConnection.java:116)
04-29 21:28:50.457 25337 28881 W System.err:
04-29 21:28:50.458 25337 28881 W System.err: at com.android.okhttp.internal.http.StreamAllocation.findConnection(StreamAllocation.j ava:186)
04-29 21:28:50.459 25337 28881 W System.err:
04-29 21:28:50.460 25337 28881 W System.err: at com.android.okhttp.internal.http.StreamAllocation.findHealthyConnection(StreamAlloc ation.java:128)
04-29 21:28:50.461 25337 28881 W System.err:
04-29 21:28:50.462 25337 28881 W System.err: at com.android.okhttp.internal.http.StreamAllocation.newStream(StreamAllocation.java:9 7)
04-29 21:28:50.462 25337 28881 W System.err:
04-29 21:28:50.463 25337 28881 W System.err: at com.android.okhttp.internal.http.HttpEngine.connect(HttpEngine.java:302)
04-29 21:28:50.464 25337 28881 W System.err:
04-29 21:28:50.465 25337 28881 W System.err: at com.android.okhttp.internal.http.HttpEngine.sendRequest(HttpEngine.java:245)
04-29 21:28:50.466 25337 28881 W System.err:
04-29 21:28:50.466 25337 28881 W System.err: at com.android.okhttp.internal.huc.HttpURLConnectionImpl.execute(HttpURLConnectionImpl .java:465)
04-29 21:28:50.467 25337 28881 W System.err:
04-29 21:28:50.467 25337 28881 W System.err: at com.android.okhttp.internal.huc.HttpURLConnectionImpl.getResponse(HttpURLConnection Impl.java:411)
04-29 21:28:50.468 25337 28881 W System.err:
04-29 21:28:50.469 25337 28881 W System.err: at com.android.okhttp.internal.huc.HttpURLConnectionImpl.getInputStream(HttpURLConnect ionImpl.java:248)
04-29 21:28:50.470 25337 28881 W System.err:
04-29 21:28:50.471 25337 28881 W System.err: at com.android.okhttp.internal.huc.DelegatingHttpsURLConnection.getInputStream(Delegat ingHttpsURLConnection.java:211)
04-29 21:28:50.472 25337 28881 W System.err:
04-29 21:28:50.473 25337 28881 W System.err: at com.android.okhttp.internal.huc.HttpsURLConnectionImpl.getInputStream(HttpsURLConne ctionImpl.java:30)
04-29 21:28:50.473 25337 28881 W System.err:
04-29 21:28:50.475 25337 28881 W System.err: at java.net.URL.openStream(URL.java:1072)
04-29 21:28:50.475 25337 28881 W System.err:
04-29 21:28:50.476 25337 28881 W System.err: at mbmodsd.mbmodsw.mbdialog.MBDialogMan.loadJsonFromUrl(Native Method)
04-29 21:28:50.476 25337 28881 W System.err:
04-29 21:28:50.477 25337 28881 W System.err: at mbmodsd.mbmodsw.mbdialog.MBDialogMan.access$000(Native Method)
04-29 21:28:50.477 25337 28881 W System.err:
04-29 21:28:50.478 25337 28881 W System.err: at mbmodsd.mbmodsw.mbdialog.MBDialogMan$FetchJsonTask.doInBackground(Native Method)
04-29 21:28:50.479 25337 28881 W System.err:
04-29 21:28:50.481 25337 28881 W System.err: at mbmodsd.mbmodsw.mbdialog.MBDialogMan$FetchJsonTask.doInBackground(Native Method)
04-29 21:28:50.482 25337 28881 W System.err:
04-29 21:28:50.483 25337 28881 W System.err: at android.os.AsyncTask$3.call(AsyncTask.java:394)
04-29 21:28:50.484 25337 28881 W System.err:
04-29 21:28:50.484 25337 28881 W System.err: at java.util.concurrent.FutureTask.run(FutureTask.java:266)
04-29 21:28:50.485 25337 28881 W System.err:
04-29 21:28:50.486 25337 28881 W System.err: at android.os.AsyncTask$SerialExecutor$1.run(AsyncTask.java:305)
04-29 21:28:50.487 25337 28881 W System.err:
04-29 21:28:50.488 25337 28881 W System.err: at java.util.concurrent.ThreadPoolExecutor.runWorker(ThreadPoolExecutor.java:1167)
04-29 21:28:50.489 25337 28881 W System.err:
04-29 21:28:50.489 25337 28881 W System.err: at java.util.concurrent.ThreadPoolExecutor$Worker.run(ThreadPoolExecutor.java:641)
04-29 21:28:50.489 25337 28881 W System.err:
04-29 21:28:50.490 25337 28881 W System.err: at java.lang.Thread.run(Thread.java:923)
04-29 21:28:50.491 25337 28881 W System.err:
04-29 21:30:44.488 25337 25337 E Parcel : Reading a NULL string not supported here.
04-29 21:30:44.586 25337 4656 E libEGL : Invalid file path for libcolorx- loader.so
04-29 21:30:44.720 25337 25337 E libEGL : Invalid file path for libcolorx- loader.so
04-29 21:30:44.721 25337 25337 E libEGL : Invalid file path for libcolorx- loader.so
04-29 21:30:45.047 25337 25337 W BottomSheetBehavior: BottomSheetBehavior now supports multiple callbacks. `setBottomSheetCallback()` removes all existing callbacks, including ones set internally by library authors, which may result in unintended behavior. This may change in the future. Please use `addBottomSheetCallback()` and `removeBottomSheetCallback()` instead to set your own callbacks.
04-29 21:30:45.187 25337 25337 W BottomSheetBehavior: BottomSheetBehavior now supports multiple callbacks. `setBottomSheetCallback()` removes all existing callbacks, including ones set internally by library authors, which may result in unintended behavior. This may change in the future. Please use `addBottomSheetCallback()` and `removeBottomSheetCallback()` instead to set your own callbacks.
04-29 21:30:45.232 25337 25337 W BottomSheetBehavior: BottomSheetBehavior now supports multiple callbacks. `setBottomSheetCallback()` removes all existing callbacks, including ones set internally by library authors, which may result in unintended behavior. This may change in the future. Please use `addBottomSheetCallback()` and `removeBottomSheetCallback()` instead to set your own callbacks.
04-29 21:30:45.232 25337 25337 W BottomSheetBehavior: BottomSheetBehavior now supports multiple callbacks. `setBottomSheetCallback()` removes all existing callbacks, including ones set internally by library authors, which may result in unintended behavior. This may change in the future. Please use `addBottomSheetCallback()` and `removeBottomSheetCallback()` instead to set your own callbacks.
04-29 21:30:45.264 25337 25337 E RecyclerView: No adapter attached; skipping layout
04-29 21:30:45.266 25337 25337 E RecyclerView: No adapter attached; skipping layout
04-29 21:30:45.849 25337 25337 W BottomSheetBehavior: BottomSheetBehavior now supports multiple callbacks. `setBottomSheetCallback()` removes all existing callbacks, including ones set internally by library authors, which may result in unintended behavior. This may change in the future. Please use `addBottomSheetCallback()` and `removeBottomSheetCallback()` instead to set your own callbacks.
04-29 21:30:45.849 25337 25337 W BottomSheetBehavior: BottomSheetBehavior now supports multiple callbacks. `setBottomSheetCallback()` removes all existing callbacks, including ones set internally by library authors, which may result in unintended behavior. This may change in the future. Please use `addBottomSheetCallback()` and `removeBottomSheetCallback()` instead to set your own callbacks.
04-29 21:30:45.861 25337 25337 E RecyclerView: No adapter attached; skipping layout
04-29 21:30:45.902 25337 4668 W AudioCapabilities: Unsupported mime audio/ffmpeg
04-29 21:30:45.903 25337 4668 W AudioCapabilities: Unsupported mime audio/x-adpcm- ms
04-29 21:30:45.903 25337 4668 W AudioCapabilities: Unsupported mime audio/x-adpcm- dvi-ima
04-29 21:30:45.903 25337 4668 W AudioCapabilities: Unsupported mime audio/alac
04-29 21:30:45.904 25337 4668 W AudioCapabilities: Unsupported mime audio/ape
04-29 21:30:45.904 25337 4668 W AudioCapabilities: Unsupported mime audio/x-ms-wma
04-29 21:30:45.905 25337 4668 W VideoCapabilities: Unsupported mime video/ffmpeg
04-29 21:30:45.909 25337 4668 W VideoCapabilities: Unrecognized profile/level 1/32 for video/mp4v-es
04-29 21:30:45.909 25337 4668 W VideoCapabilities: Unrecognized profile/level 32768/2 for video/mp4v-es
04-29 21:30:45.909 25337 4668 W VideoCapabilities: Unrecognized profile/level 32768/64 for video/mp4v-es
04-29 21:30:45.912 25337 4668 W VideoCapabilities: Unsupported mime video/x-ms-wmv
04-29 21:30:45.914 25337 4668 W VideoCapabilities: Unrecognized profile/level 1/32 for video/mp4v-es
04-29 21:30:45.940 25337 4668 E Parcel : Reading a NULL string not supported here.
04-29 21:30:46.015 25337 4672 E OplusACodec: [GetVideoCodingTypeFromMime:L709] mime:video/avc
04-29 21:30:46.017 25337 4672 E MtkACodecExt: setConfig(OMX_CONFIG_ROTATIONTYPE) returned error 0xfffffc0e
04-29 21:30:46.017 25337 4672 E ACodec : [OMX.MTK.VIDEO.DECODER.AVC] failed to setViLTEParameters 1
04-29 21:30:46.281 25337 4678 W Codec2Client: query -- param skipped: index = 1107298332.
04-29 21:30:46.282 25337 4678 W CCodec : This behavior is subject to change. It is recommended that app developers double check whether the requested max input size is in reasonable range.
04-29 21:30:46.298 25337 4678 W Codec2Client: query -- param skipped: index = 1342179345.
04-29 21:30:46.298 25337 4678 W Codec2Client: query -- param skipped: index = 2415921170.
04-29 21:30:46.298 25337 4678 W Codec2Client: query -- param skipped: index = 1610614798.
04-29 21:30:46.302 25337 4678 E FMQ : grantorIdx must be less than 3
04-29 21:30:46.302 25337 4678 E FMQ : grantorIdx must be less than 3
04-29 21:30:46.317 25337 4678 E FMQ : grantorIdx must be less than 3
04-29 21:30:46.329 25337 4673 E FMQ : grantorIdx must be less than 3
04-29 21:30:47.028 25337 4678 W Codec2Client: query -- param skipped: index = 1342179345.
04-29 21:30:47.028 25337 4678 W Codec2Client: query -- param skipped: index = 2415921170.
04-29 21:30:47.028 25337 4678 W Codec2Client: query -- param skipped: index = 1610614798.
04-29 21:30:47.031 25337 4672 W ACodec : Failed to set ANW_HWComposer to OMX, ignoring (-2147483648)
04-29 21:30:47.049 25337 25387 E SQLiteDatabase: Error inserting transferred=1 media_job_uuid=0311bff5-2356-4a4e-b941-4db3e57df383 transcoded=0 gif_attribution=0 first_scan_length=0 direct_path=/v/t62.7161- 24/19395910_1439341946970870_5327592022558738473_n.enc?ccb=11- 4&oh=01_Q5AaIOo8GNORJ-zEJHfdGPqoAQ-My1kjQFE_HeRrKyCNe5cr&oe=6656FBC7&_nc_sid=5e03e0 thumbnail_height_width_ratio=1.7777778 is_animated_sticker=0 file_hash=Sj4QlcBpVYgSoU3VO7WKlCv/5LeL4UOYMSjGJXp3AX4= file_path=Media/.Statuses/2a15500d4c954eb5beeadc1d921a75bf.mp4 file_size=1306787 partial_media_hash=null face_x=0 face_y=0 height=958 trim_to=0 media_key_timestamp=1714398340000 message_url=https://mmg.whatsapp.net/v/t62.7161- 24/19395910_1439341946970870_5327592022558738473_n.enc?ccb=11- 4&oh=01_Q5AaIOo8GNORJ-zEJHfdGPqoAQ- My1kjQFE_HeRrKyCNe5cr&oe=6656FBC7&_nc_sid=5e03e0&mms3=true media_caption=null trim_from=0 mime_type=video/mp4 partial_media_enc_hash=null width=540 original_file_hash=null has_streaming_sidecar=1 autotransfer_retry_enabled=1 media_upload_handle=null message_row_id=3230 multicast_id=null enc_file_hash=W2MP5oCvFexo+giwNhWlROMb3Z7hJz4GtJq9zJMy7ew= mute_video=0 page_count=0 first_scan_sidecar=null suspicious_content=0 file_length=1306787 media_name=null media_duration=14 chat_row_id=16 media_key=[B@e3b246e
04-29 21:30:47.049 25337 25387 E SQLiteDatabase: android.database.sqlite.SQLiteConstraintException: UNIQUE constraint failed: message_media.message_row_id (code 1555 SQLITE_CONSTRAINT_PRIMARYKEY)
04-29 21:30:47.049 25337 25387 E SQLiteDatabase: at android.database.sqlite.SQLiteConnection.nativeExecuteForLastInsertedRowId(Native Method)
04-29 21:30:47.049 25337 25387 E SQLiteDatabase: at android.database.sqlite.SQLiteConnection.executeForLastInsertedRowId(SQLiteConnecti on.java:948)
04-29 21:30:47.049 25337 25387 E SQLiteDatabase: at android.database.sqlite.SQLiteSession.executeForLastInsertedRowId(SQLiteSession.jav a:790)
04-29 21:30:47.049 25337 25387 E SQLiteDatabase: at android.database.sqlite.SQLiteStatement.executeInsert(SQLiteStatement.java:88)
04-29 21:30:47.049 25337 25387 E SQLiteDatabase: at android.database.sqlite.SQLiteDatabase.insertWithOnConflict(SQLiteDatabase.java:173 1)
04-29 21:30:47.049 25337 25387 E SQLiteDatabase: at android.database.sqlite.SQLiteDatabase.insert(SQLiteDatabase.java:1600)
04-29 21:30:47.049 25337 25387 E SQLiteDatabase: at X.2tm.A08(Unknown Source:6)
04-29 21:30:47.049 25337 25387 E SQLiteDatabase: at X.35Y.A07(Unknown Source:212)
04-29 21:30:47.049 25337 25387 E SQLiteDatabase: at X.3QF.A14(Unknown Source:470)
04-29 21:30:47.049 25337 25387 E SQLiteDatabase: at X.3gU.run(Unknown Source:982)
04-29 21:30:47.049 25337 25387 E SQLiteDatabase: at android.os.Handler.handleCallback(Handler.java:938)
04-29 21:30:47.049 25337 25387 E SQLiteDatabase: at android.os.Handler.dispatchMessage(Handler.java:99)
04-29 21:30:47.049 25337 25387 E SQLiteDatabase: at X.0zq.dispatchMessage(Unknown Source:4)
04-29 21:30:47.049 25337 25387 E SQLiteDatabase: at android.os.Looper.loop(Looper.java:264)
04-29 21:30:47.049 25337 25387 E SQLiteDatabase: at android.os.HandlerThread.run(HandlerThread.java:67)
04-29 21:30:47.723 25337 25387 E SQLiteDatabase: Error inserting transferred=0 media_job_uuid=3b15820e-01a3-40d4-a5a8-4000a3d91e35 transcoded=0 gif_attribution=0 first_scan_length=0 direct_path=/v/t62.7161- 24/380375691_321707371019808_4223377783530115815_n.enc?ccb=11- 4&oh=01_Q5AaIEprSzzTORJBA0RioVXifOgsbTHYm20wcjLC5CKhhDUF&oe=66570B35&_nc_sid=5e03e0 thumbnail_height_width_ratio=1.7777778 is_animated_sticker=0 file_hash=8hqvCu2islhur2FZMicN5WdwCJid8JRQ3kn8xtSR1wE= file_path=null file_size=0 partial_media_hash=null face_x=0 face_y=0 height=1280 trim_to=0 media_key_timestamp=1714391225000 message_url=https://mmg.whatsapp.net/v/t62.7161- 24/380375691_321707371019808_4223377783530115815_n.enc?ccb=11- 4&oh=01_Q5AaIEprSzzTORJBA0RioVXifOgsbTHYm20wcjLC5CKhhDUF&oe=66570B35&_nc_sid=5e03e0 &mms3=true media_caption=null trim_from=0 mime_type=video/mp4 partial_media_enc_hash=null width=720 original_file_hash=null has_streaming_sidecar=1 autotransfer_retry_enabled=1 media_upload_handle=null message_row_id=3224 multicast_id=null enc_file_hash=NArNOxKXKYePrQ9SUmBxDLnL0JgLAG/rAHW+erqSGhs= mute_video=0 page_count=0 first_scan_sidecar=null suspicious_content=0 file_length=2122908 media_name=null media_duration=30 chat_row_id=16 media_key=[B@350dc51
04-29 21:30:47.723 25337 25387 E SQLiteDatabase: android.database.sqlite.SQLiteConstraintException: UNIQUE constraint failed: message_media.message_row_id (code 1555 SQLITE_CONSTRAINT_PRIMARYKEY)
04-29 21:30:47.723 25337 25387 E SQLiteDatabase: at android.database.sqlite.SQLiteConnection.nativeExecuteForLastInsertedRowId(Native Method)
04-29 21:30:47.723 25337 25387 E SQLiteDatabase: at android.database.sqlite.SQLiteConnection.executeForLastInsertedRowId(SQLiteConnecti on.java:948)
04-29 21:30:47.723 25337 25387 E SQLiteDatabase: at android.database.sqlite.SQLiteSession.executeForLastInsertedRowId(SQLiteSession.jav a:790)
04-29 21:30:47.723 25337 25387 E SQLiteDatabase: at android.database.sqlite.SQLiteStatement.executeInsert(SQLiteStatement.java:88)
04-29 21:30:47.723 25337 25387 E SQLiteDatabase: at android.database.sqlite.SQLiteDatabase.insertWithOnConflict(SQLiteDatabase.java:173 1)
04-29 21:30:47.723 25337 25387 E SQLiteDatabase: at android.database.sqlite.SQLiteDatabase.insert(SQLiteDatabase.java:1600)
04-29 21:30:47.723 25337 25387 E SQLiteDatabase: at X.2tm.A08(Unknown Source:6)
04-29 21:30:47.723 25337 25387 E SQLiteDatabase: at X.35Y.A07(Unknown Source:212)
04-29 21:30:47.723 25337 25387 E SQLiteDatabase: at X.3QF.A14(Unknown Source:470)
04-29 21:30:47.723 25337 25387 E SQLiteDatabase: at X.3gU.run(Unknown Source:982)
04-29 21:30:47.723 25337 25387 E SQLiteDatabase: at android.os.Handler.handleCallback(Handler.java:938)
04-29 21:30:47.723 25337 25387 E SQLiteDatabase: at android.os.Handler.dispatchMessage(Handler.java:99)
04-29 21:30:47.723 25337 25387 E SQLiteDatabase: at X.0zq.dispatchMessage(Unknown Source:4)
04-29 21:30:47.723 25337 25387 E SQLiteDatabase: at android.os.Looper.loop(Looper.java:264)
04-29 21:30:47.723 25337 25387 E SQLiteDatabase: at android.os.HandlerThread.run(HandlerThread.java:67)
04-29 21:30:48.109 25337 25387 E SQLiteDatabase: Error inserting transferred=1 media_job_uuid=ac59b95e-d7e3-4619-88f9-0c0e251dcb0f transcoded=0 gif_attribution=0 first_scan_length=3169 direct_path=/o1/v/t62.7118-24/f1/m235/up-oil-image-dea956ab- b5d5-4326-8ca5-b495dd505921?ccb=9-4&oh=01_Q5AaIIFjwhKPxx21fSx2sRQGxtGA9Yryf7C3S8- uXN4PS7FM&oe=665719DF&_nc_sid=000000 thumbnail_height_width_ratio=0.8333333 is_animated_sticker=0 file_hash=qf1ebsqRiTyKlHxcSvNZQDx2eeTRANvQV02SDPL5b/8= file_path=Media/.Statuses/784cf5c228294041be41d4ba858c236e.jpg file_size=29724 partial_media_hash=YbLpvjhDG4CpocaX7P0e/EjF6+eG7P8n5dWiWXszusc= face_x=0 face_y=0 height=599 trim_to=0 media_key_timestamp=1714400807000 message_url=https://mmg.whatsapp.net/o1/v/t62.7118-24/f1/m235/up-oil-image- dea956ab-b5d5-4326-8ca5-b495dd505921?ccb=9- 4&oh=01_Q5AaIIFjwhKPxx21fSx2sRQGxtGA9Yryf7C3S8- uXN4PS7FM&oe=665719DF&_nc_sid=000000&mms3=true media_caption=null trim_from=0 mime_type=image/jpeg partial_media_enc_hash=null width=720 original_file_hash=null has_streaming_sidecar=1 autotransfer_retry_enabled=1 media_upload_handle=null message_row_id=3236 multicast_id=null enc_file_hash=HGhVfyf9GjfaSuEzrG5qdPRt0Mf7Rzbkzz2NbZBN03Q= mute_video=0 page_count=0 first_scan_sidecar=[B@749d0d9 suspicious_content=0 file_length=29724 media_name=null media_duration=0 chat_row_id=16 media_key=[B@8e63a9e
04-29 21:30:48.109 25337 25387 E SQLiteDatabase: android.database.sqlite.SQLiteConstraintException: UNIQUE constraint failed: message_media.message_row_id (code 1555 SQLITE_CONSTRAINT_PRIMARYKEY)
04-29 21:30:48.109 25337 25387 E SQLiteDatabase: at android.database.sqlite.SQLiteConnection.nativeExecuteForLastInsertedRowId(Native Method)
04-29 21:30:48.109 25337 25387 E SQLiteDatabase: at android.database.sqlite.SQLiteConnection.executeForLastInsertedRowId(SQLiteConnecti on.java:948)
04-29 21:30:48.109 25337 25387 E SQLiteDatabase: at android.database.sqlite.SQLiteSession.executeForLastInsertedRowId(SQLiteSession.jav a:790)
04-29 21:30:48.109 25337 25387 E SQLiteDatabase: at android.database.sqlite.SQLiteStatement.executeInsert(SQLiteStatement.java:88)
04-29 21:30:48.109 25337 25387 E SQLiteDatabase: at android.database.sqlite.SQLiteDatabase.insertWithOnConflict(SQLiteDatabase.java:173 1)
04-29 21:30:48.109 25337 25387 E SQLiteDatabase: at android.database.sqlite.SQLiteDatabase.insert(SQLiteDatabase.java:1600)
04-29 21:30:48.109 25337 25387 E SQLiteDatabase: at X.2tm.A08(Unknown Source:6)
04-29 21:30:48.109 25337 25387 E SQLiteDatabase: at X.35Y.A07(Unknown Source:212)
04-29 21:30:48.109 25337 25387 E SQLiteDatabase: at X.3QF.A14(Unknown Source:470)
04-29 21:30:48.109 25337 25387 E SQLiteDatabase: at X.3gU.run(Unknown Source:982)
04-29 21:30:48.109 25337 25387 E SQLiteDatabase: at android.os.Handler.handleCallback(Handler.java:938)
04-29 21:30:48.109 25337 25387 E SQLiteDatabase: at android.os.Handler.dispatchMessage(Handler.java:99)
04-29 21:30:48.109 25337 25387 E SQLiteDatabase: at X.0zq.dispatchMessage(Unknown Source:4)
04-29 21:30:48.109 25337 25387 E SQLiteDatabase: at android.os.Looper.loop(Looper.java:264)
04-29 21:30:48.109 25337 25387 E SQLiteDatabase: at android.os.HandlerThread.run(HandlerThread.java:67)
04-29 21:30:50.327 25337 4668 E Parcel : Reading a NULL string not supported here.
04-29 21:30:50.346 25337 4705 E OplusACodec: [GetVideoCodingTypeFromMime:L709] mime:video/avc
04-29 21:30:50.349 25337 4705 E MtkACodecExt: setConfig(OMX_CONFIG_ROTATIONTYPE) returned error 0xfffffc0e
04-29 21:30:50.349 25337 4705 E ACodec : [OMX.MTK.VIDEO.DECODER.AVC] failed to setViLTEParameters 1
04-29 21:30:50.403 25337 4710 W Codec2Client: query -- param skipped: index = 1107298332.
04-29 21:30:50.403 25337 4710 W CCodec : This behavior is subject to change. It is recommended that app developers double check whether the requested max input size is in reasonable range.
04-29 21:30:50.404 25337 4710 W Codec2Client: query -- param skipped: index = 1342179345.
04-29 21:30:50.405 25337 4710 W Codec2Client: query -- param skipped: index = 2415921170.
04-29 21:30:50.405 25337 4710 W Codec2Client: query -- param skipped: index = 1610614798.
04-29 21:30:50.406 25337 4710 E FMQ : grantorIdx must be less than 3
04-29 21:30:50.406 25337 4710 E FMQ : grantorIdx must be less than 3
04-29 21:30:50.412 25337 4710 E FMQ : grantorIdx must be less than 3
04-29 21:30:50.420 25337 4673 E FMQ : grantorIdx must be less than 3
04-29 21:30:50.473 25337 25946 W RefBase : CallStack::getCurrentInternal not linked, returning null
04-29 21:30:50.473 25337 25946 W RefBase : CallStack::logStackInternal not linked
04-29 21:30:50.602 25337 4710 W Codec2Client: query -- param skipped: index = 1342179345.
04-29 21:30:50.602 25337 4710 W Codec2Client: query -- param skipped: index = 2415921170.
04-29 21:30:50.602 25337 4710 W Codec2Client: query -- param skipped: index = 1610614798.
04-29 21:30:50.606 25337 4705 W ACodec : Failed to set ANW_HWComposer to OMX, ignoring (-2147483648)
04-29 21:30:50.612 25337 25337 E RecyclerView: No adapter attached; skipping layout
04-29 21:31:08.476 25337 25946 W RefBase : CallStack::getCurrentInternal not linked, returning null
04-29 21:31:08.476 25337 25946 W RefBase : CallStack::logStackInternal not linked
04-29 21:31:08.477 25337 25946 W RefBase : CallStack::getCurrentInternal not linked, returning null
04-29 21:31:08.477 25337 25946 W RefBase : CallStack::logStackInternal not linked
04-29 21:31:08.478 25337 25946 W RefBase : CallStack::getCurrentInternal not linked, returning null
04-29 21:31:08.478 25337 25946 W RefBase : CallStack::logStackInternal not linked
04-29 21:31:08.478 25337 25946 W RefBase : CallStack::getCurrentInternal not linked, returning null
04-29 21:31:08.478 25337 25946 W RefBase : CallStack::logStackInternal not linked
04-29 21:31:08.479 25337 25946 W RefBase : CallStack::getCurrentInternal not linked, returning null
04-29 21:31:08.479 25337 25946 W RefBase : CallStack::logStackInternal not linked
04-29 21:31:08.480 25337 25946 W RefBase : CallStack::getCurrentInternal not linked, returning null
04-29 21:31:08.480 25337 25946 W RefBase : CallStack::logStackInternal not linked
04-29 21:31:08.481 25337 25946 W RefBase : CallStack::getCurrentInternal not linked, returning null
04-29 21:31:08.481 25337 25946 W RefBase : CallStack::logStackInternal not linked
04-29 21:31:08.482 25337 25946 W RefBase : CallStack::getCurrentInternal not linked, returning null
04-29 21:31:08.482 25337 25946 W RefBase : CallStack::logStackInternal not linked
04-29 21:31:08.482 25337 25946 W RefBase : CallStack::getCurrentInternal not linked, returning null
04-29 21:31:08.482 25337 25946 W RefBase : CallStack::logStackInternal not linked
04-29 21:31:08.483 25337 25946 W RefBase : CallStack::getCurrentInternal not linked, returning null
04-29 21:31:08.483 25337 25946 W RefBase : CallStack::logStackInternal not linked
04-29 21:31:08.484 25337 25946 W RefBase : CallStack::getCurrentInternal not linked, returning null
04-29 21:31:08.484 25337 25946 W RefBase : CallStack::logStackInternal not linked
04-29 21:31:16.056 25337 25355 W System : A resource failed to call release.
04-29 21:39:29.382 25337 5345 E Parcel : Reading a NULL string not supported here.
04-29 21:50:14.230 25337 25337 E Parcel : Reading a NULL string not supported here.
04-29 21:50:14.302 25337 9420 E libEGL : Invalid file path for libcolorx- loader.so
04-29 21:50:14.439 25337 25337 E libEGL : Invalid file path for libcolorx- loader.so
