04-30 01:30:45.217 32397 32397 W System.err: at android.app.Instrumentation.newApplication(Instrumentation.java:1158)
04-30 01:30:45.217 32397 32397 W System.err: at android.app.LoadedApk.makeApplication(LoadedApk.java:1324)
04-30 01:30:45.217 32397 32397 W System.err: at android.app.ActivityThread.handleBindApplication(ActivityThread.java:7272)
04-30 01:30:45.217 32397 32397 W System.err: at android.app.ActivityThread.access$1700(ActivityThread.java:309)
04-30 01:30:45.217 32397 32397 W System.err: at android.app.ActivityThread$H.handleMessage(ActivityThread.java:2194)
04-30 01:30:45.217 32397 32397 W System.err: at android.os.Handler.dispatchMessage(Handler.java:106)
04-30 01:30:45.217 32397 32397 W System.err: at android.os.Looper.loop(Looper.java:264)
04-30 01:30:45.217 32397 32397 W System.err: at android.app.ActivityThread.main(ActivityThread.java:8315)
04-30 01:30:45.217 32397 32397 W System.err: at java.lang.reflect.Method.invoke(Native Method)
04-30 01:30:45.217 32397 32397 W System.err: at com.android.internal.os.RuntimeInit$MethodAndArgsCaller.run(RuntimeInit.java:632)
04-30 01:30:45.217 32397 32397 W System.err: at com.android.internal.os.ZygoteInit.main(ZygoteInit.java:1049)
04-30 01:30:45.230 32397 32397 E CustomActivityOnCrash: IMPORTANT WARNING! You already have an UncaughtExceptionHandler, are you sure this is correct? If you use a custom UncaughtExceptionHandler, you must initialize it AFTER CustomActivityOnCrash! Installing anyway, but your original handler will not be called.
04-30 01:30:45.445 32397 32397 W com.mbwhatsapp: Accessing hidden method Lcom/android/org/conscrypt/OpenSSLSocketImpl;->setUseSessionTickets(Z)V (greylist- max-q,test-api, reflection, denied)
04-30 01:30:45.446 32397 32397 W com.mbwhatsapp: Accessing hidden method Lcom/android/org/conscrypt/AbstractConscryptSocket;->setUseSessionTickets(Z)V (greylist-max-q, reflection, denied)
04-30 01:30:45.499 32397 32397 W linker : Warning: "/data/data/com.mbwhatsapp/files/decompressed/libs.spk.zst/libc++_shared.so" unused DT entry: unknown processor-specific (type 0x70000001 arg 0x0) (ignoring)
04-30 01:30:45.635 32397 32397 W com.mbwhatsapp: Class X.0eU failed lock verification and will run slower.
04-30 01:30:45.635 32397 32397 W com.mbwhatsapp: Common causes for lock verification issues are non-optimized dex code
04-30 01:30:45.635 32397 32397 W com.mbwhatsapp: and incorrect proguard optimizations.
04-30 01:30:45.648 32397 32449 W com.mbwhatsapp: Class X.2rL failed lock verification and will run slower.
04-30 01:30:45.732 32397 32397 E Parcel : Reading a NULL string not supported here.
04-30 01:30:45.820 32397 32466 E libEGL : Invalid file path for libcolorx- loader.so
04-30 01:30:45.845 32397 32468 W System : ClassLoader referenced unknown path: system/framework/mediatek-cta.jar
04-30 01:30:45.848 32397 32397 W com.mbwhatsapp: Class com.mbwhatsapp.HomeActivity failed lock verification and will run slower. --------- beginning of system
04-30 01:30:45.888 32397 32397 E OplusCustomizeRestrictionManager: sInstance is null, start a new sInstance
04-30 01:30:46.197 32397 32397 E ion : ioctl c0044901 failed with code -1: Invalid argument
04-30 01:30:46.264 32397 32397 E ArmVmp : Match on catch block at 0x0a in for 0xc1
04-30 01:30:46.292 32397 32397 E ArmVmp : Match on catch block at 0x0a in for 0x131
04-30 01:30:46.297 32397 32397 E Parcel : Reading a NULL string not supported here.
04-30 01:30:46.327 32397 32397 E Parcel : Reading a NULL string not supported here.
04-30 01:30:46.351 32397 32475 W System : ClassLoader referenced unknown path: system/framework/mediatek-cta.jar
04-30 01:30:46.354 32397 32475 E ArmVmp : No matching catch block at 0x07
04-30 01:30:46.354 32397 32475 E ArmVmp : Match on catch block at 0x02 in for 0x25
04-30 01:30:46.355 32397 32475 W System.err: java.net.UnknownHostException: Unable to resolve host "pastebin.com": No address associated with hostname
04-30 01:30:46.355 32397 32475 W System.err:
04-30 01:30:46.356 32397 32475 W System.err: at java.net.Inet6AddressImpl.lookupHostByName(Inet6AddressImpl.java:163)
04-30 01:30:46.356 32397 32475 W System.err:
04-30 01:30:46.357 32397 32475 W System.err: at java.net.Inet6AddressImpl.lookupAllHostAddr(Inet6AddressImpl.java:103)
04-30 01:30:46.357 32397 32475 W System.err:
04-30 01:30:46.359 32397 32475 W System.err: at java.net.InetAddress.getAllByName(InetAddress.java:1152)
04-30 01:30:46.360 32397 32475 W System.err:
04-30 01:30:46.360 32397 32475 W System.err: at com.android.okhttp.Dns$1.lookup(Dns.java:41)
04-30 01:30:46.360 32397 32475 W System.err:
04-30 01:30:46.360 32397 32475 W System.err: at com.android.okhttp.internal.http.RouteSelector.resetNextInetSocketAddress(RouteSele ctor.java:178)
04-30 01:30:46.361 32397 32475 W System.err:
04-30 01:30:46.361 32397 32475 W System.err: at com.android.okhttp.internal.http.RouteSelector.nextProxy(RouteSelector.java:144)
04-30 01:30:46.361 32397 32475 W System.err:
04-30 01:30:46.361 32397 32475 W System.err: at com.android.okhttp.internal.http.RouteSelector.next(RouteSelector.java:86)
04-30 01:30:46.362 32397 32475 W System.err:
04-30 01:30:46.362 32397 32475 W System.err: at com.android.okhttp.internal.http.StreamAllocation.findConnection(StreamAllocation.j ava:176)
04-30 01:30:46.362 32397 32475 W System.err:
04-30 01:30:46.362 32397 32475 W System.err: at com.android.okhttp.internal.http.StreamAllocation.findHealthyConnection(StreamAlloc ation.java:128)
04-30 01:30:46.363 32397 32475 W System.err:
04-30 01:30:46.363 32397 32475 W System.err: at com.android.okhttp.internal.http.StreamAllocation.newStream(StreamAllocation.java:9 7)
04-30 01:30:46.363 32397 32475 W System.err:
04-30 01:30:46.363 32397 32475 W System.err: at com.android.okhttp.internal.http.HttpEngine.connect(HttpEngine.java:302)
04-30 01:30:46.363 32397 32475 W System.err:
04-30 01:30:46.364 32397 32475 W System.err: at com.android.okhttp.internal.http.HttpEngine.sendRequest(HttpEngine.java:245)
04-30 01:30:46.364 32397 32475 W System.err:
04-30 01:30:46.364 32397 32475 W System.err: at com.android.okhttp.internal.huc.HttpURLConnectionImpl.execute(HttpURLConnectionImpl .java:465)
04-30 01:30:46.364 32397 32475 W System.err:
04-30 01:30:46.364 32397 32475 W System.err: at com.android.okhttp.internal.huc.HttpURLConnectionImpl.getResponse(HttpURLConnection Impl.java:411)
04-30 01:30:46.365 32397 32475 W System.err:
04-30 01:30:46.365 32397 32475 W System.err: at com.android.okhttp.internal.huc.HttpURLConnectionImpl.getInputStream(HttpURLConnect ionImpl.java:248)
04-30 01:30:46.365 32397 32475 W System.err:
04-30 01:30:46.365 32397 32475 W System.err: at com.android.okhttp.internal.huc.DelegatingHttpsURLConnection.getInputStream(Delegat ingHttpsURLConnection.java:211)
04-30 01:30:46.365 32397 32475 W System.err:
04-30 01:30:46.366 32397 32475 W System.err: at com.android.okhttp.internal.huc.HttpsURLConnectionImpl.getInputStream(HttpsURLConne ctionImpl.java:30)
04-30 01:30:46.366 32397 32475 W System.err:
04-30 01:30:46.366 32397 32475 W System.err: at java.net.URL.openStream(URL.java:1072)
04-30 01:30:46.366 32397 32475 W System.err:
04-30 01:30:46.367 32397 32475 W System.err: at mbmodsd.mbmodsw.mbdialog.MBDialogMan.loadJsonFromUrl(Native Method)
04-30 01:30:46.367 32397 32475 W System.err:
04-30 01:30:46.367 32397 32475 W System.err: at mbmodsd.mbmodsw.mbdialog.MBDialogMan.access$000(Native Method)
04-30 01:30:46.367 32397 32475 W System.err:
04-30 01:30:46.367 32397 32475 W System.err: at mbmodsd.mbmodsw.mbdialog.MBDialogMan$FetchJsonTask.doInBackground(Native Method)
04-30 01:30:46.367 32397 32475 W System.err:
04-30 01:30:46.368 32397 32475 W System.err: at mbmodsd.mbmodsw.mbdialog.MBDialogMan$FetchJsonTask.doInBackground(Native Method)
04-30 01:30:46.368 32397 32475 W System.err:
04-30 01:30:46.368 32397 32475 W System.err: at android.os.AsyncTask$3.call(AsyncTask.java:394)
04-30 01:30:46.368 32397 32475 W System.err:
04-30 01:30:46.368 32397 32475 W System.err: at java.util.concurrent.FutureTask.run(FutureTask.java:266)
04-30 01:30:46.369 32397 32475 W System.err:
04-30 01:30:46.369 32397 32475 W System.err: at android.os.AsyncTask$SerialExecutor$1.run(AsyncTask.java:305)
04-30 01:30:46.369 32397 32475 W System.err:
04-30 01:30:46.369 32397 32475 W System.err: at java.util.concurrent.ThreadPoolExecutor.runWorker(ThreadPoolExecutor.java:1167)
04-30 01:30:46.369 32397 32475 W System.err:
04-30 01:30:46.369 32397 32475 W System.err: at java.util.concurrent.ThreadPoolExecutor$Worker.run(ThreadPoolExecutor.java:641)
04-30 01:30:46.370 32397 32475 W System.err:
04-30 01:30:46.370 32397 32475 W System.err: at java.lang.Thread.run(Thread.java:923)
04-30 01:30:46.370 32397 32475 W System.err:
04-30 01:30:46.371 32397 32475 W System.err: Caused by: android.system.GaiException: android_getaddrinfo failed: EAI_NODATA (No address associated with hostname)
04-30 01:30:46.371 32397 32475 W System.err:
04-30 01:30:46.371 32397 32475 W System.err: at libcore.io.Linux.android_getaddrinfo(Native Method)
04-30 01:30:46.371 32397 32475 W System.err:
04-30 01:30:46.372 32397 32475 W System.err: at libcore.io.ForwardingOs.android_getaddrinfo(ForwardingOs.java:73)
04-30 01:30:46.372 32397 32475 W System.err:
04-30 01:30:46.372 32397 32475 W System.err: at libcore.io.BlockGuardOs.android_getaddrinfo(BlockGuardOs.java:202)
04-30 01:30:46.372 32397 32475 W System.err:
04-30 01:30:46.373 32397 32475 W System.err: at libcore.io.ForwardingOs.android_getaddrinfo(ForwardingOs.java:73)
04-30 01:30:46.373 32397 32475 W System.err:
04-30 01:30:46.373 32397 32475 W System.err: at java.net.Inet6AddressImpl.lookupHostByName(Inet6AddressImpl.java:142)
04-30 01:30:46.373 32397 32475 W System.err:
04-30 01:30:46.374 32397 32475 W System.err: ... 27 more
04-30 01:30:46.374 32397 32475 W System.err:
04-30 01:30:46.491 32397 32397 E libEGL : Invalid file path for libcolorx- loader.so
04-30 01:30:46.492 32397 32397 E libEGL : Invalid file path for libcolorx- loader.so
04-30 01:30:46.493 32397 32397 E libEGL : Invalid file path for libcolorx- loader.so
04-30 01:30:46.877 32397 32463 E libEGL : Invalid file path for libcolorx- loader.so
04-30 01:30:46.891 32397 32463 E Parcel : Reading a NULL string not supported here.
04-30 01:30:46.892 32397 32463 E Parcel : Reading a NULL string not supported here.
04-30 01:30:46.906 32397 32463 E libEGL : Invalid file path for libcolorx- loader.so
04-30 01:30:46.908 32397 32463 E libEGL : Invalid file path for libcolorx- loader.so
04-30 01:30:46.908 32397 32463 E libEGL : Invalid file path for libcolorx- loader.so
04-30 01:30:46.915 32397 32463 E libEGL : Invalid file path for libcolorx- loader.so
04-30 01:30:46.915 32397 32463 E libEGL : Invalid file path for libcolorx- loader.so
04-30 01:30:46.916 32397 32463 E libEGL : Invalid file path for libcolorx- loader.so
04-30 01:30:47.044 32397 32486 E libc : Access denied finding property "vendor.debug.drm.logv"
04-30 01:30:47.045 32397 32486 E libc : Access denied finding property "vendor.debug.drm.logv"
04-30 01:30:47.046 32397 32486 E libc : Access denied finding property "vendor.debug.drm.logd"
04-30 01:30:47.046 32397 32486 E libc : Access denied finding property "vendor.debug.drm.logv"
04-30 01:30:47.722 32397 32463 E ion : ioctl c0044901 failed with code -1: Invalid argument
04-30 01:30:47.910 32397 32492 E libEGL : Invalid file path for libcolorx- loader.so
04-30 01:30:47.916 32397 32397 E ArmVmp : Match on catch block at 0x0a in for 0xd9
04-30 01:30:47.947 32397 32397 E ScreenmodeClient: display mode not support
04-30 01:30:48.261 32397 32514 W LOTTIE : Animation contains merge paths. Merge paths are only supported on KitKat+ and must be manually enabled by calling enableMergePathsForKitKatAndAbove().
04-30 01:30:48.529 32397 32397 W LOTTIE : Animation contains merge paths but they are disabled.
04-30 01:30:49.262 32397 32397 E Parcel : Reading a NULL string not supported here.
04-30 01:30:49.283 32397 32449 E CheckPermission: _bluetooth code = 1
04-30 01:30:49.284 32397 32449 E CheckPermission: _bluetooth code = 3
04-30 01:30:49.286 32397 32449 E CheckPermission: _bluetooth code = 11
04-30 01:30:49.400 32397 32563 E libEGL : Invalid file path for libcolorx- loader.so
04-30 01:30:49.892 32397 32397 E ArmVmp : Match on catch block at 0x0a in for 0xc5
04-30 01:30:49.899 32397 32397 E ArmVmp : Match on catch block at 0x0a in for 0xc5
04-30 01:30:49.902 32397 32475 E ArmVmp : Match on catch block at 0x48 in for 0x89
04-30 01:30:49.903 32397 32475 W System.err: java.net.UnknownHostException: Unable to resolve host "translate.googleapis.com": No address associated with hostname
04-30 01:30:49.903 32397 32475 W System.err:
04-30 01:30:49.904 32397 32475 W System.err: at java.net.Inet6AddressImpl.lookupHostByName(Inet6AddressImpl.java:163)
04-30 01:30:49.904 32397 32475 W System.err:
04-30 01:30:49.905 32397 32475 W System.err: at java.net.Inet6AddressImpl.lookupAllHostAddr(Inet6AddressImpl.java:103)
04-30 01:30:49.905 32397 32475 W System.err:
04-30 01:30:49.905 32397 32475 W System.err: at java.net.InetAddress.getAllByName(InetAddress.java:1152)
04-30 01:30:49.906 32397 32475 W System.err:
04-30 01:30:49.906 32397 32475 W System.err: at com.android.okhttp.Dns$1.lookup(Dns.java:41)
04-30 01:30:49.906 32397 32475 W System.err:
04-30 01:30:49.907 32397 32475 W System.err: at com.android.okhttp.internal.http.RouteSelector.resetNextInetSocketAddress(RouteSele ctor.java:178)
04-30 01:30:49.907 32397 32475 W System.err:
04-30 01:30:49.908 32397 32475 W System.err: at com.android.okhttp.internal.http.RouteSelector.nextProxy(RouteSelector.java:144)
04-30 01:30:49.908 32397 32475 W System.err:
04-30 01:30:49.908 32397 32475 W System.err: at com.android.okhttp.internal.http.RouteSelector.next(RouteSelector.java:86)
04-30 01:30:49.909 32397 32475 W System.err:
04-30 01:30:49.909 32397 32475 W System.err: at com.android.okhttp.internal.http.StreamAllocation.findConnection(StreamAllocation.j ava:176)
04-30 01:30:49.909 32397 32475 W System.err:
04-30 01:30:49.910 32397 32475 W System.err: at com.android.okhttp.internal.http.StreamAllocation.findHealthyConnection(StreamAlloc ation.java:128)
04-30 01:30:49.910 32397 32475 W System.err:
04-30 01:30:49.910 32397 32475 W System.err: at com.android.okhttp.internal.http.StreamAllocation.newStream(StreamAllocation.java:9 7)
04-30 01:30:49.911 32397 32475 W System.err:
04-30 01:30:49.911 32397 32475 W System.err: at com.android.okhttp.internal.http.HttpEngine.connect(HttpEngine.java:302)
04-30 01:30:49.911 32397 32475 W System.err:
04-30 01:30:49.912 32397 32475 W System.err: at com.android.okhttp.internal.http.HttpEngine.sendRequest(HttpEngine.java:245)
04-30 01:30:49.912 32397 32475 W System.err:
04-30 01:30:49.912 32397 32475 W System.err: at com.android.okhttp.internal.huc.HttpURLConnectionImpl.execute(HttpURLConnectionImpl .java:465)
04-30 01:30:49.913 32397 32475 W System.err:
04-30 01:30:49.913 32397 32475 W System.err: at com.android.okhttp.internal.huc.HttpURLConnectionImpl.connect(HttpURLConnectionImpl .java:131)
04-30 01:30:49.913 32397 32475 W System.err:
04-30 01:30:49.914 32397 32475 W System.err: at com.android.okhttp.internal.huc.DelegatingHttpsURLConnection.connect(DelegatingHttp sURLConnection.java:90)
04-30 01:30:49.914 32397 32475 W System.err:
04-30 01:30:49.914 32397 32475 W System.err: at com.android.okhttp.internal.huc.HttpsURLConnectionImpl.connect(HttpsURLConnectionIm pl.java:30)
04-30 01:30:49.915 32397 32475 W System.err:
04-30 01:30:49.915 32397 32475 W System.err: at mbmodsd.mbmodsw.home.MBTranslator.translate(Native Method)
04-30 01:30:49.915 32397 32475 W System.err:
04-30 01:30:49.915 32397 32475 W System.err: at mbmodsd.mbmodsw.home.MBTranslator$Async.doInBackground(Native Method)
04-30 01:30:49.916 32397 32475 W System.err:
04-30 01:30:49.916 32397 32475 W System.err: at mbmodsd.mbmodsw.home.MBTranslator$Async.doInBackground(Native Method)
04-30 01:30:49.916 32397 32475 W System.err:
04-30 01:30:49.917 32397 32475 W System.err: at android.os.AsyncTask$3.call(AsyncTask.java:394)
04-30 01:30:49.917 32397 32475 W System.err:
04-30 01:30:49.917 32397 32475 W System.err: at java.util.concurrent.FutureTask.run(FutureTask.java:266)
04-30 01:30:49.917 32397 32475 W System.err:
04-30 01:30:49.918 32397 32475 W System.err: at android.os.AsyncTask$SerialExecutor$1.run(AsyncTask.java:305)
04-30 01:30:49.918 32397 32475 W System.err:
04-30 01:30:49.919 32397 32475 W System.err: at java.util.concurrent.ThreadPoolExecutor.runWorker(ThreadPoolExecutor.java:1167)
04-30 01:30:49.919 32397 32475 W System.err:
04-30 01:30:49.919 32397 32475 W System.err: at java.util.concurrent.ThreadPoolExecutor$Worker.run(ThreadPoolExecutor.java:641)
04-30 01:30:49.920 32397 32475 W System.err:
04-30 01:30:49.920 32397 32475 W System.err: at java.lang.Thread.run(Thread.java:923)
04-30 01:30:49.920 32397 32475 W System.err:
04-30 01:30:49.921 32397 32475 W System.err: Caused by: android.system.GaiException: android_getaddrinfo failed: EAI_NODATA (No address associated with hostname)
04-30 01:30:49.921 32397 32475 W System.err:
04-30 01:30:49.922 32397 32475 W System.err: at libcore.io.Linux.android_getaddrinfo(Native Method)
04-30 01:30:49.922 32397 32475 W System.err:
04-30 01:30:49.923 32397 32475 W System.err: at libcore.io.ForwardingOs.android_getaddrinfo(ForwardingOs.java:73)
04-30 01:30:49.923 32397 32475 W System.err:
04-30 01:30:49.923 32397 32475 W System.err: at libcore.io.BlockGuardOs.android_getaddrinfo(BlockGuardOs.java:202)
04-30 01:30:49.924 32397 32475 W System.err:
04-30 01:30:49.924 32397 32475 W System.err: at libcore.io.ForwardingOs.android_getaddrinfo(ForwardingOs.java:73)
04-30 01:30:49.924 32397 32475 W System.err:
04-30 01:30:49.925 32397 32475 W System.err: at java.net.Inet6AddressImpl.lookupHostByName(Inet6AddressImpl.java:142)
04-30 01:30:49.925 32397 32475 W System.err:
04-30 01:30:49.925 32397 32475 W System.err: ... 24 more
04-30 01:30:49.926 32397 32475 W System.err:
04-30 01:30:49.927 32397 32475 E ArmVmp : Match on catch block at 0x48 in for 0x99
04-30 01:30:49.928 32397 32475 W System.err: java.net.UnknownHostException: Unable to resolve host "translate.googleapis.com": No address associated with hostname
04-30 01:30:49.929 32397 32475 W System.err:
04-30 01:30:49.929 32397 32475 W System.err: at java.net.Inet6AddressImpl.lookupHostByName(Inet6AddressImpl.java:124)
04-30 01:30:49.930 32397 32475 W System.err:
04-30 01:30:49.930 32397 32475 W System.err: at java.net.Inet6AddressImpl.lookupAllHostAddr(Inet6AddressImpl.java:103)
04-30 01:30:49.931 32397 32475 W System.err:
04-30 01:30:49.931 32397 32475 W System.err: at java.net.InetAddress.getAllByName(InetAddress.java:1152)
04-30 01:30:49.932 32397 32475 W System.err:
04-30 01:30:49.932 32397 32475 W System.err: at com.android.okhttp.Dns$1.lookup(Dns.java:41)
04-30 01:30:49.933 32397 32475 W System.err:
04-30 01:30:49.933 32397 32475 W System.err: at com.android.okhttp.internal.http.RouteSelector.resetNextInetSocketAddress(RouteSele ctor.java:178)
04-30 01:30:49.933 32397 32475 W System.err:
04-30 01:30:49.934 32397 32475 W System.err: at com.android.okhttp.internal.http.RouteSelector.nextProxy(RouteSelector.java:144)
04-30 01:30:49.934 32397 32475 W System.err:
04-30 01:30:49.934 32397 32475 W System.err: at com.android.okhttp.internal.http.RouteSelector.next(RouteSelector.java:86)
04-30 01:30:49.935 32397 32475 W System.err:
04-30 01:30:49.935 32397 32475 W System.err: at com.android.okhttp.internal.http.StreamAllocation.findConnection(StreamAllocation.j ava:176)
04-30 01:30:49.935 32397 32475 W System.err:
04-30 01:30:49.936 32397 32475 W System.err: at com.android.okhttp.internal.http.StreamAllocation.findHealthyConnection(StreamAlloc ation.java:128)
04-30 01:30:49.936 32397 32475 W System.err:
04-30 01:30:49.937 32397 32475 W System.err: at com.android.okhttp.internal.http.StreamAllocation.newStream(StreamAllocation.java:9 7)
04-30 01:30:49.937 32397 32475 W System.err:
04-30 01:30:49.938 32397 32475 W System.err: at com.android.okhttp.internal.http.HttpEngine.connect(HttpEngine.java:302)
04-30 01:30:49.938 32397 32475 W System.err:
04-30 01:30:49.939 32397 32475 W System.err: at com.android.okhttp.internal.http.HttpEngine.sendRequest(HttpEngine.java:245)
04-30 01:30:49.939 32397 32475 W System.err:
04-30 01:30:49.940 32397 32475 W System.err: at com.android.okhttp.internal.huc.HttpURLConnectionImpl.execute(HttpURLConnectionImpl .java:465)
04-30 01:30:49.940 32397 32475 W System.err:
04-30 01:30:49.941 32397 32475 W System.err: at com.android.okhttp.internal.huc.HttpURLConnectionImpl.connect(HttpURLConnectionImpl .java:131)
04-30 01:30:49.941 32397 32475 W System.err:
04-30 01:30:49.941 32397 32475 W System.err: at com.android.okhttp.internal.huc.DelegatingHttpsURLConnection.connect(DelegatingHttp sURLConnection.java:90)
04-30 01:30:49.942 32397 32475 W System.err:
04-30 01:30:49.943 32397 32475 W System.err: at com.android.okhttp.internal.huc.HttpsURLConnectionImpl.connect(HttpsURLConnectionIm pl.java:30)
04-30 01:30:49.943 32397 32475 W System.err:
04-30 01:30:49.944 32397 32475 W System.err: at mbmodsd.mbmodsw.home.MBTranslator.translate(Native Method)
04-30 01:30:49.944 32397 32475 W System.err:
04-30 01:30:49.945 32397 32475 W System.err: at mbmodsd.mbmodsw.home.MBTranslator$Async.doInBackground(Native Method)
04-30 01:30:49.945 32397 32475 W System.err:
04-30 01:30:49.946 32397 32475 W System.err: at mbmodsd.mbmodsw.home.MBTranslator$Async.doInBackground(Native Method)
04-30 01:30:49.947 32397 32475 W System.err:
04-30 01:30:49.947 32397 32475 W System.err: at android.os.AsyncTask$3.call(AsyncTask.java:394)
04-30 01:30:49.948 32397 32475 W System.err:
04-30 01:30:49.948 32397 32475 W System.err: at java.util.concurrent.FutureTask.run(FutureTask.java:266)
04-30 01:30:49.949 32397 32475 W System.err:
04-30 01:30:49.949 32397 32475 W System.err: at android.os.AsyncTask$SerialExecutor$1.run(AsyncTask.java:305)
04-30 01:30:49.950 32397 32475 W System.err:
04-30 01:30:49.951 32397 32475 W System.err: at java.util.concurrent.ThreadPoolExecutor.runWorker(ThreadPoolExecutor.java:1167)
04-30 01:30:49.951 32397 32475 W System.err:
04-30 01:30:49.952 32397 32475 W System.err: at java.util.concurrent.ThreadPoolExecutor$Worker.run(ThreadPoolExecutor.java:641)
04-30 01:30:49.952 32397 32475 W System.err:
04-30 01:30:49.953 32397 32475 W System.err: at java.lang.Thread.run(Thread.java:923)
04-30 01:30:49.953 32397 32475 W System.err:
04-30 01:30:49.963 32397 32397 E libEGL : Invalid file path for libcolorx- loader.so
04-30 01:30:49.964 32397 32397 E libEGL : Invalid file path for libcolorx- loader.so
04-30 01:30:50.304 32397 32397 E ArmVmp : Match on catch block at 0xc3 in for 0xb1
04-30 01:30:50.310 32397 32397 E ArmVmp : Match on catch block at 0xc3 in for 0xb9
04-30 01:30:50.464 32397 32397 E ArmVmp : Match on catch block at 0xc3 in for 0xa5
04-30 01:30:50.474 32397 32397 E ArmVmp : Match on catch block at 0xc3 in for 0xa1
04-30 01:30:50.552 32397 32397 E ArmVmp : Match on catch block at 0xc3 in for 0xa5
04-30 01:30:50.555 32397 32397 E ArmVmp : Match on catch block at 0xc3 in for 0xa9
04-30 01:30:50.583 32397 32397 E ArmVmp : Match on catch block at 0xc3 in for 0xa5
04-30 01:30:50.589 32397 32397 E ArmVmp : Match on catch block at 0xc3 in for 0xa9
04-30 01:30:51.028 32397 32397 E ArmVmp : Match on catch block at 0xc3 in for 0xa9
04-30 01:30:51.033 32397 32397 E ArmVmp : Match on catch block at 0xc3 in for 0xa1
04-30 01:30:51.189 32397 32397 E ArmVmp : Match on catch block at 0xc3 in for 0xa5
04-30 01:30:51.194 32397 32397 E ArmVmp : Match on catch block at 0xc3 in for 0xa9
04-30 01:30:51.209 32397 32397 E ArmVmp : Match on catch block at 0xc3 in for 0xa1
04-30 01:30:51.223 32397 32397 E ArmVmp : Match on catch block at 0xc3 in for 0xa5
04-30 01:30:51.322 32397 32397 E ArmVmp : Match on catch block at 0xc3 in for 0xa5
04-30 01:30:51.348 32397 32397 E ArmVmp : Match on catch block at 0xc3 in for 0xa9
04-30 01:30:51.501 32397 32397 E ArmVmp : Match on catch block at 0xc3 in for 0xa5
04-30 01:30:51.509 32397 32397 E ArmVmp : Match on catch block at 0xc3 in for 0xa9
04-30 01:30:51.618 32397 32397 E ArmVmp : Match on catch block at 0xc3 in for 0xa9
04-30 01:30:51.625 32397 32397 E ArmVmp : Match on catch block at 0xc3 in for 0xa1
04-30 01:30:51.682 32397 32397 E ArmVmp : Match on catch block at 0xc3 in for 0xa5
04-30 01:30:51.689 32397 32397 E ArmVmp : Match on catch block at 0xc3 in for 0xa9
04-30 01:30:51.734 32397 32397 E ArmVmp : Match on catch block at 0xc3 in for 0xa5
04-30 01:30:51.741 32397 32397 E ArmVmp : Match on catch block at 0xc3 in for 0xa9
04-30 01:30:51.756 32397 32397 E ArmVmp : Match on catch block at 0xc3 in for 0xa9
04-30 01:30:51.763 32397 32397 E ArmVmp : Match on catch block at 0xc3 in for 0xa1
04-30 01:30:51.877 32397 32397 E ArmVmp : Match on catch block at 0xc3 in for 0xa9
04-30 01:30:51.884 32397 32397 E ArmVmp : Match on catch block at 0xc3 in for 0xa1
04-30 01:30:51.963 32397 32397 E ArmVmp : Match on catch block at 0xc3 in for 0xa9
04-30 01:30:51.974 32397 32397 E ArmVmp : Match on catch block at 0xc3 in for 0xa1
04-30 01:30:52.027 32397 32397 E ArmVmp : Match on catch block at 0xc3 in for 0xa9
04-30 01:30:52.035 32397 32397 E ArmVmp : Match on catch block at 0xc3 in for 0xa1
04-30 01:30:52.092 32397 32397 E ArmVmp : Match on catch block at 0xc3 in for 0xa5
04-30 01:30:52.099 32397 32397 E ArmVmp : Match on catch block at 0xc3 in for 0xa9
04-30 01:30:52.126 32397 32397 E ArmVmp : Match on catch block at 0xc3 in for 0xa1
04-30 01:30:52.132 32397 32397 E ArmVmp : Match on catch block at 0xc3 in for 0xa5
04-30 01:30:52.226 32397 32397 E ArmVmp : Match on catch block at 0xc3 in for 0xa9
04-30 01:30:52.232 32397 32397 E ArmVmp : Match on catch block at 0xc3 in for 0xa1
04-30 01:30:52.343 32397 32397 E ArmVmp : Match on catch block at 0xc3 in for 0xa9
04-30 01:30:52.349 32397 32397 E ArmVmp : Match on catch block at 0xc3 in for 0xa1
04-30 01:30:52.386 32397 32397 E ArmVmp : Match on catch block at 0xc3 in for 0xa5
04-30 01:30:52.392 32397 32397 E ArmVmp : Match on catch block at 0xc3 in for 0xa9
04-30 01:30:52.406 32397 32397 E ArmVmp : Match on catch block at 0xc3 in for 0xa1
04-30 01:30:52.413 32397 32397 E ArmVmp : Match on catch block at 0xc3 in for 0xa5
04-30 01:30:52.434 32397 32397 E ArmVmp : Match on catch block at 0xc3 in for 0xa5
04-30 01:30:52.441 32397 32397 E ArmVmp : Match on catch block at 0xc3 in for 0xa9
04-30 01:30:52.450 32397 32397 E ArmVmp : Match on catch block at 0xc3 in for 0xa9
04-30 01:30:52.457 32397 32397 E ArmVmp : Match on catch block at 0xc3 in for 0xa1
04-30 01:30:52.471 32397 32397 E ArmVmp : Match on catch block at 0xc3 in for 0xa1
04-30 01:30:52.477 32397 32397 E ArmVmp : Match on catch block at 0xc3 in for 0xa5
04-30 01:30:52.489 32397 32397 E ArmVmp : Match on catch block at 0xc3 in for 0xa5
04-30 01:30:52.502 32397 32397 E ArmVmp : Match on catch block at 0xc3 in for 0xa9
04-30 01:30:52.513 32397 32397 E ArmVmp : Match on catch block at 0xc3 in for 0xa9
04-30 01:30:52.520 32397 32397 E ArmVmp : Match on catch block at 0xc3 in for 0xa1
04-30 01:30:52.757 32397 32397 E ArmVmp : Match on catch block at 0xc3 in for 0xa1
04-30 01:30:52.761 32397 32397 E ArmVmp : Match on catch block at 0xc3 in for 0xa5
04-30 01:30:52.876 32397 32397 E ArmVmp : Match on catch block at 0xc3 in for 0xa9
04-30 01:30:52.882 32397 32397 E ArmVmp : Match on catch block at 0xc3 in for 0xa1
04-30 01:30:52.896 32397 32397 E ArmVmp : Match on catch block at 0xc3 in for 0xa1
04-30 01:30:52.902 32397 32397 E ArmVmp : Match on catch block at 0xc3 in for 0xa5
04-30 01:30:52.909 32397 32397 E ArmVmp : Match on catch block at 0xc3 in for 0xa9
04-30 01:30:52.917 32397 32397 E ArmVmp : Match on catch block at 0xc3 in for 0xa1
04-30 01:30:52.927 32397 32397 E ArmVmp : Match on catch block at 0xc3 in for 0xa5
04-30 01:30:52.939 32397 32397 E ArmVmp : Match on catch block at 0xc3 in for 0xa9
04-30 01:30:52.947 32397 32397 E ArmVmp : Match on catch block at 0xc3 in for 0xa5
04-30 01:30:52.960 32397 32397 E ArmVmp : Match on catch block at 0xc3 in for 0xa9
04-30 01:30:52.967 32397 32397 E ArmVmp : Match on catch block at 0xc3 in for 0xa1
04-30 01:30:52.979 32397 32397 E ArmVmp : Match on catch block at 0xc3 in for 0xa5
04-30 01:30:52.987 32397 32397 E ArmVmp : Match on catch block at 0xc3 in for 0xa9
04-30 01:30:52.992 32397 32397 E ArmVmp : Match on catch block at 0xc3 in for 0xa1
04-30 01:30:53.001 32397 32397 E ArmVmp : Match on catch block at 0xc3 in for 0xa5
04-30 01:30:53.011 32397 32397 E ArmVmp : Match on catch block at 0xc3 in for 0xa9
04-30 01:30:53.018 32397 32397 E ArmVmp : Match on catch block at 0xc3 in for 0xa9
04-30 01:30:53.024 32397 32397 E ArmVmp : Match on catch block at 0xc3 in for 0xa1
04-30 01:30:53.156 32397 32397 E ArmVmp : Match on catch block at 0xc3 in for 0xa5
04-30 01:30:53.161 32397 32397 E ArmVmp : Match on catch block at 0xc3 in for 0xa9
04-30 01:30:53.181 32397 32397 E ArmVmp : Match on catch block at 0xc3 in for 0xa9
04-30 01:30:53.187 32397 32397 E ArmVmp : Match on catch block at 0xc3 in for 0xa1
04-30 01:30:53.202 32397 32397 E ArmVmp : Match on catch block at 0xc3 in for 0xa1
04-30 01:30:53.210 32397 32397 E ArmVmp : Match on catch block at 0xc3 in for 0xa5
04-30 01:30:53.250 32397 32397 E ArmVmp : Match on catch block at 0xc3 in for 0xa5
04-30 01:30:53.256 32397 32397 E ArmVmp : Match on catch block at 0xc3 in for 0xa9
04-30 01:30:53.272 32397 32397 E ArmVmp : Match on catch block at 0xc3 in for 0xa5
04-30 01:30:53.276 32397 32397 E ArmVmp : Match on catch block at 0xc3 in for 0xa9
04-30 01:30:53.297 32397 32397 E ArmVmp : Match on catch block at 0xc3 in for 0xa1
04-30 01:30:53.301 32397 32397 E ArmVmp : Match on catch block at 0xc3 in for 0xa5
04-30 01:30:53.318 32397 32397 E ArmVmp : Match on catch block at 0xc3 in for 0xa1
04-30 01:30:53.323 32397 32397 E ArmVmp : Match on catch block at 0xc3 in for 0xa5
04-30 01:30:53.335 32397 32397 E ArmVmp : Match on catch block at 0xc3 in for 0xa9
04-30 01:30:53.340 32397 32397 E ArmVmp : Match on catch block at 0xc3 in for 0xa1
04-30 01:30:53.355 32397 32397 E ArmVmp : Match on catch block at 0xc3 in for 0xa9
04-30 01:30:53.360 32397 32397 E ArmVmp : Match on catch block at 0xc3 in for 0xa1
04-30 01:30:53.368 32397 32397 E ArmVmp : Match on catch block at 0xc3 in for 0xa5
04-30 01:30:53.374 32397 32397 E ArmVmp : Match on catch block at 0xc3 in for 0xa9
04-30 01:30:53.384 32397 32397 E ArmVmp : Match on catch block at 0xc3 in for 0xa1
04-30 01:30:53.390 32397 32397 E ArmVmp : Match on catch block at 0xc3 in for 0xa5
04-30 01:30:53.397 32397 32397 E ArmVmp : Match on catch block at 0xc3 in for 0xa9
04-30 01:30:53.401 32397 32397 E ArmVmp : Match on catch block at 0xc3 in for 0xa1
04-30 01:30:53.415 32397 32397 E ArmVmp : Match on catch block at 0xc3 in for 0xa5
04-30 01:30:53.420 32397 32397 E ArmVmp : Match on catch block at 0xc3 in for 0xa9
04-30 01:30:53.428 32397 32397 E ArmVmp : Match on catch block at 0xc3 in for 0xa1
04-30 01:30:53.434 32397 32397 E ArmVmp : Match on catch block at 0xc3 in for 0xa5
04-30 01:30:53.453 32397 32397 E ArmVmp : Match on catch block at 0xc3 in for 0xa1
04-30 01:30:53.457 32397 32397 E ArmVmp : Match on catch block at 0xc3 in for 0xa5
04-30 01:30:53.465 32397 32397 E ArmVmp : Match on catch block at 0xc3 in for 0xa9
04-30 01:30:53.469 32397 32397 E ArmVmp : Match on catch block at 0xc3 in for 0xa1
04-30 01:30:53.484 32397 32397 E ArmVmp : Match on catch block at 0xc3 in for 0xa5
04-30 01:30:53.489 32397 32397 E ArmVmp : Match on catch block at 0xc3 in for 0xa9
04-30 01:30:53.497 32397 32397 E ArmVmp : Match on catch block at 0xc3 in for 0xa1
04-30 01:30:53.503 32397 32397 E ArmVmp : Match on catch block at 0xc3 in for 0xa5
04-30 01:30:53.512 32397 32397 E ArmVmp : Match on catch block at 0xc3 in for 0xa9
04-30 01:30:53.519 32397 32397 E ArmVmp : Match on catch block at 0xc3 in for 0xa1
04-30 01:30:53.536 32397 32397 E ArmVmp : Match on catch block at 0xc3 in for 0xa9
04-30 01:30:53.541 32397 32397 E ArmVmp : Match on catch block at 0xc3 in for 0xa1
04-30 01:30:53.550 32397 32397 E ArmVmp : Match on catch block at 0xc3 in for 0xa5
04-30 01:30:53.555 32397 32397 E ArmVmp : Match on catch block at 0xc3 in for 0xa9
04-30 01:30:53.563 32397 32397 E ArmVmp : Match on catch block at 0xc3 in for 0xa1
04-30 01:30:53.571 32397 32397 E ArmVmp : Match on catch block at 0xc3 in for 0xa5
04-30 01:30:53.584 32397 32397 E ArmVmp : Match on catch block at 0xc3 in for 0xa9
04-30 01:30:53.589 32397 32397 E ArmVmp : Match on catch block at 0xc3 in for 0xa1
04-30 01:30:53.596 32397 32397 E ArmVmp : Match on catch block at 0xc3 in for 0xa5
04-30 01:30:53.601 32397 32397 E ArmVmp : Match on catch block at 0xc3 in for 0xa9
04-30 01:30:53.613 32397 32397 E ArmVmp : Match on catch block at 0xc3 in for 0xa1
04-30 01:30:53.618 32397 32397 E ArmVmp : Match on catch block at 0xc3 in for 0xa5
04-30 01:30:53.630 32397 32397 E ArmVmp : Match on catch block at 0xc3 in for 0xa9
04-30 01:30:53.634 32397 32397 E ArmVmp : Match on catch block at 0xc3 in for 0xa1
04-30 01:30:53.647 32397 32397 E ArmVmp : Match on catch block at 0xc3 in for 0xa5
04-30 01:30:53.651 32397 32397 E ArmVmp : Match on catch block at 0xc3 in for 0xa9
04-30 01:30:53.664 32397 32397 E ArmVmp : Match on catch block at 0xc3 in for 0xa1
04-30 01:30:53.668 32397 32397 E ArmVmp : Match on catch block at 0xc3 in for 0xa5
04-30 01:30:53.681 32397 32397 E ArmVmp : Match on catch block at 0xc3 in for 0xa9
04-30 01:30:53.684 32397 32397 E ArmVmp : Match on catch block at 0xc3 in for 0xa1
04-30 01:30:53.698 32397 32397 E ArmVmp : Match on catch block at 0xc3 in for 0xa5
04-30 01:30:53.701 32397 32397 E ArmVmp : Match on catch block at 0xc3 in for 0xa9
04-30 01:30:53.721 32397 32397 E ArmVmp : Match on catch block at 0xc3 in for 0xa5
04-30 01:30:53.726 32397 32397 E ArmVmp : Match on catch block at 0xc3 in for 0xa9
04-30 01:30:53.734 32397 32397 E ArmVmp : Match on catch block at 0xc3 in for 0xa1
04-30 01:30:53.739 32397 32397 E ArmVmp : Match on catch block at 0xc3 in for 0xa5
04-30 01:30:53.748 32397 32397 E ArmVmp : Match on catch block at 0xc3 in for 0xa9
04-30 01:30:53.753 32397 32397 E ArmVmp : Match on catch block at 0xc3 in for 0xa1
04-30 01:30:53.764 32397 32397 E ArmVmp : Match on catch block at 0xc3 in for 0xa5
04-30 01:30:53.769 32397 32397 E ArmVmp : Match on catch block at 0xc3 in for 0xa9
04-30 01:30:53.782 32397 32397 E ArmVmp : Match on catch block at 0xc3 in for 0xa1
04-30 01:30:53.787 32397 32397 E ArmVmp : Match on catch block at 0xc3 in for 0xa5
04-30 01:30:53.798 32397 32397 E ArmVmp : Match on catch block at 0xc3 in for 0xa9
04-30 01:30:53.804 32397 32397 E ArmVmp : Match on catch block at 0xc3 in for 0xa1
04-30 01:30:53.815 32397 32397 E ArmVmp : Match on catch block at 0xc3 in for 0xa5
04-30 01:30:53.819 32397 32397 E ArmVmp : Match on catch block at 0xc3 in for 0xa9
04-30 01:30:53.831 32397 32397 E ArmVmp : Match on catch block at 0xc3 in for 0xa9
04-30 01:30:53.839 32397 32397 E ArmVmp : Match on catch block at 0xc3 in for 0xa1
04-30 01:30:53.934 32397 32397 E ArmVmp : Match on catch block at 0xc3 in for 0xa1
04-30 01:30:53.939 32397 32397 E ArmVmp : Match on catch block at 0xc3 in for 0xa5
04-30 01:30:53.954 32397 32397 E ArmVmp : Match on catch block at 0xc3 in for 0xa5
04-30 01:30:53.963 32397 32397 E ArmVmp : Match on catch block at 0xc3 in for 0xa9
04-30 01:30:53.976 32397 32397 E ArmVmp : Match on catch block at 0xc3 in for 0xa9
04-30 01:30:53.982 32397 32397 E ArmVmp : Match on catch block at 0xc3 in for 0xa1
04-30 01:30:53.994 32397 32397 E ArmVmp : Match on catch block at 0xc3 in for 0xa1
04-30 01:30:54.001 32397 32397 E ArmVmp : Match on catch block at 0xc3 in for 0xa5
04-30 01:30:54.008 32397 32397 E ArmVmp : Match on catch block at 0xc3 in for 0xa9
04-30 01:30:54.013 32397 32397 E ArmVmp : Match on catch block at 0xc3 in for 0xa1
04-30 01:30:54.034 32397 32397 E ArmVmp : Match on catch block at 0xc3 in for 0xa9
04-30 01:30:54.038 32397 32397 E ArmVmp : Match on catch block at 0xc3 in for 0xa1
04-30 01:30:54.046 32397 32397 E ArmVmp : Match on catch block at 0xc3 in for 0xa5
04-30 01:30:54.053 32397 32397 E ArmVmp : Match on catch block at 0xc3 in for 0xa9
04-30 01:30:54.061 32397 32397 E ArmVmp : Match on catch block at 0xc3 in for 0xa1
04-30 01:30:54.067 32397 32397 E ArmVmp : Match on catch block at 0xc3 in for 0xa5
04-30 01:30:54.083 32397 32397 E ArmVmp : Match on catch block at 0xc3 in for 0xa1
04-30 01:30:54.088 32397 32397 E ArmVmp : Match on catch block at 0xc3 in for 0xa5
04-30 01:30:54.106 32397 32397 E ArmVmp : Match on catch block at 0xc3 in for 0xa1
04-30 01:30:54.110 32397 32397 E ArmVmp : Match on catch block at 0xc3 in for 0xa5
04-30 01:30:54.128 32397 32397 E ArmVmp : Match on catch block at 0xc3 in for 0xa1
04-30 01:30:54.133 32397 32397 E ArmVmp : Match on catch block at 0xc3 in for 0xa5
04-30 01:30:54.142 32397 32397 E ArmVmp : Match on catch block at 0xc3 in for 0xa9
04-30 01:30:54.147 32397 32397 E ArmVmp : Match on catch block at 0xc3 in for 0xa1
04-30 01:30:54.186 32397 32397 E ArmVmp : Match on catch block at 0xc3 in for 0xa5
04-30 01:30:54.190 32397 32397 E ArmVmp : Match on catch block at 0xc3 in for 0xa9
04-30 01:30:54.203 32397 32397 E ArmVmp : Match on catch block at 0xc3 in for 0xa1
04-30 01:30:54.208 32397 32397 E ArmVmp : Match on catch block at 0xc3 in for 0xa5
04-30 01:30:54.216 32397 32397 E ArmVmp : Match on catch block at 0xc3 in for 0xa9
04-30 01:30:54.221 32397 32397 E ArmVmp : Match on catch block at 0xc3 in for 0xa1
04-30 01:30:54.229 32397 32397 E ArmVmp : Match on catch block at 0xc3 in for 0xa5
04-30 01:30:54.235 32397 32397 E ArmVmp : Match on catch block at 0xc3 in for 0xa9
04-30 01:30:54.242 32397 32397 E ArmVmp : Match on catch block at 0xc3 in for 0xa1
04-30 01:30:54.247 32397 32397 E ArmVmp : Match on catch block at 0xc3 in for 0xa5
04-30 01:30:54.256 32397 32397 E ArmVmp : Match on catch block at 0xc3 in for 0xa9
04-30 01:30:54.261 32397 32397 E ArmVmp : Match on catch block at 0xc3 in for 0xa1
04-30 01:30:54.268 32397 32397 E ArmVmp : Match on catch block at 0xc3 in for 0xa5
04-30 01:30:54.274 32397 32397 E ArmVmp : Match on catch block at 0xc3 in for 0xa9
04-30 01:30:54.285 32397 32397 E ArmVmp : Match on catch block at 0xc3 in for 0xa1
04-30 01:30:54.289 32397 32397 E ArmVmp : Match on catch block at 0xc3 in for 0xa5
04-30 01:30:54.302 32397 32397 E ArmVmp : Match on catch block at 0xc3 in for 0xa9
04-30 01:30:54.307 32397 32397 E ArmVmp : Match on catch block at 0xc3 in for 0xa1
04-30 01:30:54.328 32397 32397 E ArmVmp : Match on catch block at 0xc3 in for 0xa9
04-30 01:30:54.334 32397 32397 E ArmVmp : Match on catch block at 0xc3 in for 0xa1
04-30 01:30:54.342 32397 32397 E ArmVmp : Match on catch block at 0xc3 in for 0xa5
04-30 01:30:54.347 32397 32397 E ArmVmp : Match on catch block at 0xc3 in for 0xa9
04-30 01:30:54.355 32397 32397 E ArmVmp : Match on catch block at 0xc3 in for 0xa1
04-30 01:30:54.360 32397 32397 E ArmVmp : Match on catch block at 0xc3 in for 0xa5
04-30 01:30:54.369 32397 32397 E ArmVmp : Match on catch block at 0xc3 in for 0xa9
04-30 01:30:54.373 32397 32397 E ArmVmp : Match on catch block at 0xc3 in for 0xa1
04-30 01:30:54.386 32397 32397 E ArmVmp : Match on catch block at 0xc3 in for 0xa5
04-30 01:30:54.391 32397 32397 E ArmVmp : Match on catch block at 0xc3 in for 0xa9
04-30 01:30:54.406 32397 32397 E ArmVmp : Match on catch block at 0xc3 in for 0xa1
04-30 01:30:54.410 32397 32397 E ArmVmp : Match on catch block at 0xc3 in for 0xa5
04-30 01:30:54.419 32397 32397 E ArmVmp : Match on catch block at 0xc3 in for 0xa9
04-30 01:30:54.424 32397 32397 E ArmVmp : Match on catch block at 0xc3 in for 0xa1
04-30 01:30:54.436 32397 32397 E ArmVmp : Match on catch block at 0xc3 in for 0xa5
04-30 01:30:54.441 32397 32397 E ArmVmp : Match on catch block at 0xc3 in for 0xa9
04-30 01:30:54.453 32397 32397 E ArmVmp : Match on catch block at 0xc3 in for 0xa1
04-30 01:30:54.458 32397 32397 E ArmVmp : Match on catch block at 0xc3 in for 0xa5
04-30 01:30:54.477 32397 32397 E ArmVmp : Match on catch block at 0xc3 in for 0xa1
04-30 01:30:54.481 32397 32397 E ArmVmp : Match on catch block at 0xc3 in for 0xa5
04-30 01:30:54.490 32397 32397 E ArmVmp : Match on catch block at 0xc3 in for 0xa9
04-30 01:30:54.495 32397 32397 E ArmVmp : Match on catch block at 0xc3 in for 0xa1
04-30 01:30:54.503 32397 32397 E ArmVmp : Match on catch block at 0xc3 in for 0xa5
04-30 01:30:54.508 32397 32397 E ArmVmp : Match on catch block at 0xc3 in for 0xa9
04-30 01:30:54.520 32397 32397 E ArmVmp : Match on catch block at 0xc3 in for 0xa1
04-30 01:30:54.525 32397 32397 E ArmVmp : Match on catch block at 0xc3 in for 0xa5
04-30 01:30:54.537 32397 32397 E ArmVmp : Match on catch block at 0xc3 in for 0xa9
04-30 01:30:54.541 32397 32397 E ArmVmp : Match on catch block at 0xc3 in for 0xa1
04-30 01:30:54.553 32397 32397 E ArmVmp : Match on catch block at 0xc3 in for 0xa5
04-30 01:30:54.558 32397 32397 E ArmVmp : Match on catch block at 0xc3 in for 0xa9
04-30 01:30:54.570 32397 32397 E ArmVmp : Match on catch block at 0xc3 in for 0xa1
04-30 01:30:54.575 32397 32397 E ArmVmp : Match on catch block at 0xc3 in for 0xa5
04-30 01:30:54.587 32397 32397 E ArmVmp : Match on catch block at 0xc3 in for 0xa9
04-30 01:30:54.592 32397 32397 E ArmVmp : Match on catch block at 0xc3 in for 0xa1
04-30 01:30:54.604 32397 32397 E ArmVmp : Match on catch block at 0xc3 in for 0xa5
04-30 01:30:54.608 32397 32397 E ArmVmp : Match on catch block at 0xc3 in for 0xa9
04-30 01:30:54.620 32397 32397 E ArmVmp : Match on catch block at 0xc3 in for 0xa1
04-30 01:30:54.625 32397 32397 E ArmVmp : Match on catch block at 0xc3 in for 0xa5
04-30 01:30:54.637 32397 32397 E ArmVmp : Match on catch block at 0xc3 in for 0xa9
04-30 01:30:54.642 32397 32397 E ArmVmp : Match on catch block at 0xc3 in for 0xa1
04-30 01:30:54.654 32397 32397 E ArmVmp : Match on catch block at 0xc3 in for 0xa1
04-30 01:30:54.659 32397 32397 E ArmVmp : Match on catch block at 0xc3 in for 0xa5
04-30 01:30:54.672 32397 32397 E ArmVmp : Match on catch block at 0xc3 in for 0xa1
04-30 01:30:54.676 32397 32397 E ArmVmp : Match on catch block at 0xc3 in for 0xa5
04-30 01:30:54.709 32397 32397 E ArmVmp : Match on catch block at 0xc3 in for 0xa5
04-30 01:30:54.714 32397 32397 E ArmVmp : Match on catch block at 0xc3 in for 0xa9
04-30 01:30:54.736 32397 32397 E ArmVmp : Match on catch block at 0xc3 in for 0xa9
04-30 01:30:54.740 32397 32397 E ArmVmp : Match on catch block at 0xc3 in for 0xa1
04-30 01:30:54.754 32397 32397 E ArmVmp : Match on catch block at 0xc3 in for 0xa1
04-30 01:30:54.760 32397 32397 E ArmVmp : Match on catch block at 0xc3 in for 0xa5
04-30 01:30:54.772 32397 32397 E ArmVmp : Match on catch block at 0xc3 in for 0xa5
04-30 01:30:54.778 32397 32397 E ArmVmp : Match on catch block at 0xc3 in for 0xa9
04-30 01:30:54.788 32397 32397 E ArmVmp : Match on catch block at 0xc3 in for 0xa1
04-30 01:30:54.794 32397 32397 E ArmVmp : Match on catch block at 0xc3 in for 0xa5
04-30 01:30:54.809 32397 32397 E ArmVmp : Match on catch block at 0xc3 in for 0xa9
04-30 01:30:54.814 32397 32397 E ArmVmp : Match on catch block at 0xc3 in for 0xa1
04-30 01:30:54.825 32397 32397 E ArmVmp : Match on catch block at 0xc3 in for 0xa5
04-30 01:30:54.830 32397 32397 E ArmVmp : Match on catch block at 0xc3 in for 0xa9
04-30 01:30:54.838 32397 32397 E ArmVmp : Match on catch block at 0xc3 in for 0xa1
04-30 01:30:54.843 32397 32397 E ArmVmp : Match on catch block at 0xc3 in for 0xa5
04-30 01:30:54.858 32397 32397 E ArmVmp : Match on catch block at 0xc3 in for 0xa9
04-30 01:30:54.862 32397 32397 E ArmVmp : Match on catch block at 0xc3 in for 0xa1
04-30 01:30:54.872 32397 32397 E ArmVmp : Match on catch block at 0xc3 in for 0xa5
04-30 01:30:54.876 32397 32397 E ArmVmp : Match on catch block at 0xc3 in for 0xa9
04-30 01:30:54.893 32397 32397 E ArmVmp : Match on catch block at 0xc3 in for 0xa1
04-30 01:30:54.896 32397 32397 E ArmVmp : Match on catch block at 0xc3 in for 0xa5
04-30 01:30:54.909 32397 32397 E ArmVmp : Match on catch block at 0xc3 in for 0xa9
04-30 01:30:54.913 32397 32397 E ArmVmp : Match on catch block at 0xc3 in for 0xa1
04-30 01:30:54.950 32397 32397 E ArmVmp : Match on catch block at 0xc3 in for 0xa9
04-30 01:30:54.954 32397 32397 E ArmVmp : Match on catch block at 0xc3 in for 0xa1
04-30 01:30:54.964 32397 32397 E ArmVmp : Match on catch block at 0xc3 in for 0xa5
04-30 01:30:54.969 32397 32397 E ArmVmp : Match on catch block at 0xc3 in for 0xa9
04-30 01:30:54.975 32397 32397 E ArmVmp : Match on catch block at 0xc3 in for 0xa1
04-30 01:30:54.979 32397 32397 E ArmVmp : Match on catch block at 0xc3 in for 0xa5
04-30 01:30:54.993 32397 32397 E ArmVmp : Match on catch block at 0xc3 in for 0xa9
04-30 01:30:54.996 32397 32397 E ArmVmp : Match on catch block at 0xc3 in for 0xa1
04-30 01:30:55.006 32397 32397 E ArmVmp : Match on catch block at 0xc3 in for 0xa5
04-30 01:30:55.010 32397 32397 E ArmVmp : Match on catch block at 0xc3 in for 0xa9
04-30 01:30:55.023 32397 32397 E ArmVmp : Match on catch block at 0xc3 in for 0xa1
04-30 01:30:55.026 32397 32397 E ArmVmp : Match on catch block at 0xc3 in for 0xa5
04-30 01:30:55.040 32397 32397 E ArmVmp : Match on catch block at 0xc3 in for 0xa9
04-30 01:30:55.043 32397 32397 E ArmVmp : Match on catch block at 0xc3 in for 0xa1
04-30 01:30:55.056 32397 32397 E ArmVmp : Match on catch block at 0xc3 in for 0xa5
04-30 01:30:55.060 32397 32397 E ArmVmp : Match on catch block at 0xc3 in for 0xa9
04-30 01:30:55.074 32397 32397 E ArmVmp : Match on catch block at 0xc3 in for 0xa1
04-30 01:30:55.077 32397 32397 E ArmVmp : Match on catch block at 0xc3 in for 0xa5
04-30 01:30:55.093 32397 32397 E ArmVmp : Match on catch block at 0xc3 in for 0xa9
04-30 01:30:55.096 32397 32397 E ArmVmp : Match on catch block at 0xc3 in for 0xa1
04-30 01:30:55.107 32397 32397 E ArmVmp : Match on catch block at 0xc3 in for 0xa5
04-30 01:30:55.111 32397 32397 E ArmVmp : Match on catch block at 0xc3 in for 0xa9
04-30 01:30:55.124 32397 32397 E ArmVmp : Match on catch block at 0xc3 in for 0xa1
04-30 01:30:55.127 32397 32397 E ArmVmp : Match on catch block at 0xc3 in for 0xa5
04-30 01:30:55.141 32397 32397 E ArmVmp : Match on catch block at 0xc3 in for 0xa9
04-30 01:30:55.144 32397 32397 E ArmVmp : Match on catch block at 0xc3 in for 0xa1
04-30 01:30:55.157 32397 32397 E ArmVmp : Match on catch block at 0xc3 in for 0xa5
04-30 01:30:55.161 32397 32397 E ArmVmp : Match on catch block at 0xc3 in for 0xa9
04-30 01:30:55.177 32397 32397 E ArmVmp : Match on catch block at 0xc3 in for 0xa1
04-30 01:30:55.180 32397 32397 E ArmVmp : Match on catch block at 0xc3 in for 0xa5
04-30 01:30:55.191 32397 32397 E ArmVmp : Match on catch block at 0xc3 in for 0xa9
04-30 01:30:55.195 32397 32397 E ArmVmp : Match on catch block at 0xc3 in for 0xa1
04-30 01:30:55.208 32397 32397 E ArmVmp : Match on catch block at 0xc3 in for 0xa5
04-30 01:30:55.211 32397 32397 E ArmVmp : Match on catch block at 0xc3 in for 0xa9
04-30 01:30:55.225 32397 32397 E ArmVmp : Match on catch block at 0xc3 in for 0xa1
04-30 01:30:55.228 32397 32397 E ArmVmp : Match on catch block at 0xc3 in for 0xa5
04-30 01:30:55.241 32397 32397 E ArmVmp : Match on catch block at 0xc3 in for 0xa9
04-30 01:30:55.245 32397 32397 E ArmVmp : Match on catch block at 0xc3 in for 0xa1
04-30 01:30:55.258 32397 32397 E ArmVmp : Match on catch block at 0xc3 in for 0xa5
04-30 01:30:55.261 32397 32397 E ArmVmp : Match on catch block at 0xc3 in for 0xa9
04-30 01:30:55.275 32397 32397 E ArmVmp : Match on catch block at 0xc3 in for 0xa1
04-30 01:30:55.278 32397 32397 E ArmVmp : Match on catch block at 0xc3 in for 0xa5
04-30 01:30:55.292 32397 32397 E ArmVmp : Match on catch block at 0xc3 in for 0xa9
04-30 01:30:55.295 32397 32397 E ArmVmp : Match on catch block at 0xc3 in for 0xa1
04-30 01:30:55.308 32397 32397 E ArmVmp : Match on catch block at 0xc3 in for 0xa5
04-30 01:30:55.312 32397 32397 E ArmVmp : Match on catch block at 0xc3 in for 0xa9
04-30 01:30:55.325 32397 32397 E ArmVmp : Match on catch block at 0xc3 in for 0xa1
04-30 01:30:55.329 32397 32397 E ArmVmp : Match on catch block at 0xc3 in for 0xa5
04-30 01:30:55.342 32397 32397 E ArmVmp : Match on catch block at 0xc3 in for 0xa9
04-30 01:30:55.345 32397 32397 E ArmVmp : Match on catch block at 0xc3 in for 0xa1
04-30 01:30:55.359 32397 32397 E ArmVmp : Match on catch block at 0xc3 in for 0xa5
04-30 01:30:55.362 32397 32397 E ArmVmp : Match on catch block at 0xc3 in for 0xa9
04-30 01:30:55.375 32397 32397 E ArmVmp : Match on catch block at 0xc3 in for 0xa1
04-30 01:30:55.379 32397 32397 E ArmVmp : Match on catch block at 0xc3 in for 0xa5
04-30 01:30:55.392 32397 32397 E ArmVmp : Match on catch block at 0xc3 in for 0xa9
04-30 01:30:55.396 32397 32397 E ArmVmp : Match on catch block at 0xc3 in for 0xa1
04-30 01:30:55.409 32397 32397 E ArmVmp : Match on catch block at 0xc3 in for 0xa5
04-30 01:30:55.412 32397 32397 E ArmVmp : Match on catch block at 0xc3 in for 0xa9
04-30 01:30:55.426 32397 32397 E ArmVmp : Match on catch block at 0xc3 in for 0xa1
04-30 01:30:55.429 32397 32397 E ArmVmp : Match on catch block at 0xc3 in for 0xa5
04-30 01:30:55.444 32397 32397 E ArmVmp : Match on catch block at 0xc3 in for 0xa9
04-30 01:30:55.447 32397 32397 E ArmVmp : Match on catch block at 0xc3 in for 0xa1
04-30 01:30:55.460 32397 32397 E ArmVmp : Match on catch block at 0xc3 in for 0xa5
04-30 01:30:55.464 32397 32397 E ArmVmp : Match on catch block at 0xc3 in for 0xa9
04-30 01:30:55.476 32397 32397 E ArmVmp : Match on catch block at 0xc3 in for 0xa1
04-30 01:30:55.482 32397 32397 E ArmVmp : Match on catch block at 0xc3 in for 0xa5
04-30 01:30:55.492 32397 32397 E ArmVmp : Match on catch block at 0xc3 in for 0xa1
04-30 01:30:55.496 32397 32397 E ArmVmp : Match on catch block at 0xc3 in for 0xa5
04-30 01:30:55.549 32397 32397 E ArmVmp : Match on catch block at 0xc3 in for 0xa5
