04-30 04:16:17.839 10999 10999 W System.err: at java.lang.Runtime.loadLibrary0(Runtime.java:1085)
04-30 04:16:17.839 10999 10999 W System.err: at java.lang.Runtime.loadLibrary0(Runtime.java:1008)
04-30 04:16:17.839 10999 10999 W System.err: at java.lang.System.loadLibrary(System.java:1664)
04-30 04:16:17.839 10999 10999 W System.err: at arm.EpicVm.<clinit>(Unknown Source:2)
04-30 04:16:17.839 10999 10999 W System.err: at java.lang.Class.newInstance(Native Method)
04-30 04:16:17.839 10999 10999 W System.err: at android.app.AppComponentFactory.instantiateApplication(AppComponentFactory.java:76)
04-30 04:16:17.839 10999 10999 W System.err: at androidx.core.app.CoreComponentFactory.instantiateApplication(Unknown Source:0)
04-30 04:16:17.839 10999 10999 W System.err: at android.app.Instrumentation.newApplication(Instrumentation.java:1158)
04-30 04:16:17.839 10999 10999 W System.err: at android.app.LoadedApk.makeApplication(LoadedApk.java:1324)
04-30 04:16:17.839 10999 10999 W System.err: at android.app.ActivityThread.handleBindApplication(ActivityThread.java:7272)
04-30 04:16:17.839 10999 10999 W System.err: at android.app.ActivityThread.access$1700(ActivityThread.java:309)
04-30 04:16:17.839 10999 10999 W System.err: at android.app.ActivityThread$H.handleMessage(ActivityThread.java:2194)
04-30 04:16:17.839 10999 10999 W System.err: at android.os.Handler.dispatchMessage(Handler.java:106)
04-30 04:16:17.839 10999 10999 W System.err: at android.os.Looper.loop(Looper.java:264)
04-30 04:16:17.839 10999 10999 W System.err: at android.app.ActivityThread.main(ActivityThread.java:8315)
04-30 04:16:17.839 10999 10999 W System.err: at java.lang.reflect.Method.invoke(Native Method)
04-30 04:16:17.839 10999 10999 W System.err: at com.android.internal.os.RuntimeInit$MethodAndArgsCaller.run(RuntimeInit.java:632)
04-30 04:16:17.839 10999 10999 W System.err: at com.android.internal.os.ZygoteInit.main(ZygoteInit.java:1049)
04-30 04:16:17.857 10999 10999 E CustomActivityOnCrash: IMPORTANT WARNING! You already have an UncaughtExceptionHandler, are you sure this is correct? If you use a custom UncaughtExceptionHandler, you must initialize it AFTER CustomActivityOnCrash! Installing anyway, but your original handler will not be called.
04-30 04:16:18.097 10999 10999 W com.mbwhatsapp: Accessing hidden method Lcom/android/org/conscrypt/OpenSSLSocketImpl;->setUseSessionTickets(Z)V (greylist- max-q,test-api, reflection, denied)
04-30 04:16:18.098 10999 10999 W com.mbwhatsapp: Accessing hidden method Lcom/android/org/conscrypt/AbstractConscryptSocket;->setUseSessionTickets(Z)V (greylist-max-q, reflection, denied)
04-30 04:16:18.330 10999 10999 W linker : Warning: "/data/data/com.mbwhatsapp/files/decompressed/libs.spk.zst/libc++_shared.so" unused DT entry: unknown processor-specific (type 0x70000001 arg 0x0) (ignoring)
04-30 04:16:18.592 10999 11057 W com.mbwhatsapp: Class X.2rL failed lock verification and will run slower.
04-30 04:16:18.592 10999 11057 W com.mbwhatsapp: Common causes for lock verification issues are non-optimized dex code
04-30 04:16:18.592 10999 11057 W com.mbwhatsapp: and incorrect proguard optimizations.
04-30 04:16:18.595 10999 10999 W com.mbwhatsapp: Class X.0eU failed lock verification and will run slower.
04-30 04:16:18.704 10999 10999 E Parcel : Reading a NULL string not supported here.
04-30 04:16:18.777 10999 11068 E libEGL : Invalid file path for libcolorx- loader.so
04-30 04:16:18.800 10999 10999 W com.mbwhatsapp: Class com.mbwhatsapp.HomeActivity failed lock verification and will run slower. --------- beginning of system
04-30 04:16:18.853 10999 10999 E OplusCustomizeRestrictionManager: sInstance is null, start a new sInstance
04-30 04:16:19.196 10999 10999 E ion : ioctl c0044901 failed with code -1: Invalid argument
04-30 04:16:19.269 10999 10999 E ArmVmp : Match on catch block at 0x0a in for 0xc5
04-30 04:16:19.306 10999 10999 E ArmVmp : Match on catch block at 0x0a in for 0x135
04-30 04:16:19.311 10999 10999 E Parcel : Reading a NULL string not supported here.
04-30 04:16:19.320 10999 11070 W System : ClassLoader referenced unknown path: system/framework/mediatek-cta.jar
04-30 04:16:19.348 10999 10999 E Parcel : Reading a NULL string not supported here.
04-30 04:16:19.385 10999 11075 W System : ClassLoader referenced unknown path: system/framework/mediatek-cta.jar
04-30 04:16:19.473 10999 11070 W com.mbwhatsapp: Accessing hidden method Lcom/android/org/conscrypt/ConscryptEngineSocket;->setUseSessionTickets(Z)V (greylist-max-q,test-api, reflection, denied)
04-30 04:16:19.473 10999 11070 W com.mbwhatsapp: Accessing hidden method Lcom/android/org/conscrypt/OpenSSLSocketImpl;->setUseSessionTickets(Z)V (greylist- max-q,test-api, reflection, denied)
04-30 04:16:19.474 10999 11070 W com.mbwhatsapp: Accessing hidden method Lcom/android/org/conscrypt/AbstractConscryptSocket;->setUseSessionTickets(Z)V (greylist-max-q, reflection, denied)
04-30 04:16:19.474 10999 11070 W com.mbwhatsapp: Accessing hidden method Lcom/android/org/conscrypt/ConscryptEngineSocket;->setHostname(Ljava/lang/String;)V (greylist-max-q,test-api, reflection, denied)
04-30 04:16:19.474 10999 11070 W com.mbwhatsapp: Accessing hidden method Lcom/android/org/conscrypt/OpenSSLSocketImpl;->setHostname(Ljava/lang/String;)V (greylist-max-q,test-api, reflection, denied)
04-30 04:16:19.474 10999 11070 W com.mbwhatsapp: Accessing hidden method Lcom/android/org/conscrypt/AbstractConscryptSocket;->setHostname(Ljava/lang/ String;)V (greylist-max-q, reflection, denied)
04-30 04:16:19.475 10999 11070 W com.mbwhatsapp: Accessing hidden method Lcom/android/org/conscrypt/OpenSSLSocketImpl;->setAlpnProtocols([B)V (greylist-max- q,test-api, reflection, denied)
04-30 04:16:19.475 10999 11070 W com.mbwhatsapp: Accessing hidden method Lcom/android/org/conscrypt/AbstractConscryptSocket;->setAlpnProtocols([B)V (greylist-max-q, reflection, denied)
04-30 04:16:19.571 10999 10999 E libEGL : Invalid file path for libcolorx- loader.so
04-30 04:16:19.573 10999 10999 E libEGL : Invalid file path for libcolorx- loader.so
04-30 04:16:19.574 10999 10999 E libEGL : Invalid file path for libcolorx- loader.so
04-30 04:16:20.061 10999 11067 E libEGL : Invalid file path for libcolorx- loader.so
04-30 04:16:20.078 10999 11067 E Parcel : Reading a NULL string not supported here.
04-30 04:16:20.081 10999 11067 E Parcel : Reading a NULL string not supported here.
04-30 04:16:20.100 10999 11067 E libEGL : Invalid file path for libcolorx- loader.so
04-30 04:16:20.104 10999 11067 E libEGL : Invalid file path for libcolorx- loader.so
04-30 04:16:20.104 10999 11067 E libEGL : Invalid file path for libcolorx- loader.so
04-30 04:16:20.113 10999 11067 E libEGL : Invalid file path for libcolorx- loader.so
04-30 04:16:20.231 10999 11150 E libc : Access denied finding property "vendor.debug.drm.logv"
04-30 04:16:20.231 10999 11150 E libc : Access denied finding property "vendor.debug.drm.logv"
04-30 04:16:20.232 10999 11150 E libc : Access denied finding property "vendor.debug.drm.logd"
04-30 04:16:20.233 10999 11150 E libc : Access denied finding property "vendor.debug.drm.logv"
04-30 04:16:21.275 10999 11067 E ion : ioctl c0044901 failed with code -1: Invalid argument
04-30 04:16:21.398 10999 10999 E ANR_LOG : >>> msg's executing time is too long
04-30 04:16:21.398 10999 10999 E ANR_LOG : Blocked msg = { when=-1s827ms what=0 target=android.view.Choreographer$FrameHandler callback=android.view.Choreographer$FrameDisplayEventReceiver } , cost = 1748 ms
04-30 04:16:21.398 10999 10999 E ANR_LOG : >>>Current msg List is:
04-30 04:16:21.399 10999 10999 E ANR_LOG : Current msg <1> = { when=- 4d8h24m24s475ms what=0 target=android.view.ViewRootImpl$ViewRootHandler callback=android.view.-$$Lambda$ViewRootImpl$DJd0VUYJgsebcnSohO6h8zc_ONI }
04-30 04:16:21.399 10999 10999 E ANR_LOG : Current msg <2> = { when=- 4d8h24m24s475ms what=0 target=android.os.Handler callback=X.3ef }
04-30 04:16:21.399 10999 10999 E ANR_LOG : Current msg <3> = { when=-1s803ms what=1 target=X.10F }
04-30 04:16:21.399 10999 10999 E ANR_LOG : Current msg <4> = { when=-1s798ms what=0 target=android.os.Handler arg1=1 }
04-30 04:16:21.399 10999 10999 E ANR_LOG : Current msg <5> = { when=-1s748ms what=0 target=android.view.ViewRootImpl$ViewRootHandler callback=X.0jM }
04-30 04:16:21.399 10999 10999 E ANR_LOG : Current msg <6> = { when=-1s731ms what=159 target=android.app.ActivityThread$H obj=ClientTransaction DestroyActivityItem }
04-30 04:16:21.399 10999 10999 E ANR_LOG : Current msg <7> = { when=-1s728ms barrier=1 }
04-30 04:16:21.399 10999 10999 E ANR_LOG : Current msg <8> = { when=-1s726ms what=0 target=android.view.ViewRootImpl$ViewRootHandler callback=X.5ul }
04-30 04:16:21.399 10999 10999 E ANR_LOG : Current msg <9> = { when=-1s726ms what=0 target=android.view.ViewRootImpl$ViewRootHandler callback=X.5ul }
04-30 04:16:21.399 10999 10999 E ANR_LOG : Current msg <10> = { when=-1s668ms what=0 target=android.view.ViewRootImpl$ViewRootHandler callback=com.mbwhatsapp.yo.e2 }
04-30 04:16:21.399 10999 10999 E ANR_LOG : >>>CURRENT MSG DUMP OVER<<<
04-30 04:16:21.806 10999 10999 E ScreenmodeClient: display mode not support
04-30 04:16:21.861 10999 11329 E libEGL : Invalid file path for libcolorx- loader.so
04-30 04:16:21.871 10999 10999 E ArmVmp : Match on catch block at 0x0a in for 0xd5
04-30 04:16:22.062 10999 11340 W LOTTIE : Animation contains merge paths. Merge paths are only supported on KitKat+ and must be manually enabled by calling enableMergePathsForKitKatAndAbove().
04-30 04:16:22.539 10999 10999 W LOTTIE : Animation contains merge paths but they are disabled.
04-30 04:16:23.302 10999 11057 E CheckPermission: _bluetooth code = 1
04-30 04:16:23.303 10999 11057 E CheckPermission: _bluetooth code = 3
04-30 04:16:23.304 10999 11057 E CheckPermission: _bluetooth code = 11
04-30 04:16:44.866 10999 11070 W com.mbwhatsapp: Accessing hidden method Lcom/android/org/conscrypt/ConscryptEngineSocket;->setUseSessionTickets(Z)V (greylist-max-q,test-api, reflection, denied)
04-30 04:16:44.866 10999 11070 W com.mbwhatsapp: Accessing hidden method Lcom/android/org/conscrypt/OpenSSLSocketImpl;->setUseSessionTickets(Z)V (greylist- max-q,test-api, reflection, denied)
04-30 04:16:44.867 10999 11070 W com.mbwhatsapp: Accessing hidden method Lcom/android/org/conscrypt/AbstractConscryptSocket;->setUseSessionTickets(Z)V (greylist-max-q, reflection, denied)
04-30 04:16:44.868 10999 11070 W com.mbwhatsapp: Accessing hidden method Lcom/android/org/conscrypt/ConscryptEngineSocket;->setHostname(Ljava/lang/String;)V (greylist-max-q,test-api, reflection, denied)
04-30 04:16:44.868 10999 11070 W com.mbwhatsapp: Accessing hidden method Lcom/android/org/conscrypt/OpenSSLSocketImpl;->setHostname(Ljava/lang/String;)V (greylist-max-q,test-api, reflection, denied)
04-30 04:16:44.868 10999 11070 W com.mbwhatsapp: Accessing hidden method Lcom/android/org/conscrypt/AbstractConscryptSocket;->setHostname(Ljava/lang/ String;)V (greylist-max-q, reflection, denied)
04-30 04:16:44.868 10999 11070 W com.mbwhatsapp: Accessing hidden method Lcom/android/org/conscrypt/OpenSSLSocketImpl;->setAlpnProtocols([B)V (greylist-max- q,test-api, reflection, denied)
04-30 04:16:44.869 10999 11070 W com.mbwhatsapp: Accessing hidden method Lcom/android/org/conscrypt/AbstractConscryptSocket;->setAlpnProtocols([B)V (greylist-max-q, reflection, denied)
04-30 04:17:05.214 10999 11070 W com.mbwhatsapp: Accessing hidden method Lcom/android/org/conscrypt/ConscryptEngineSocket;->setUseSessionTickets(Z)V (greylist-max-q,test-api, reflection, denied)
04-30 04:17:05.216 10999 11070 W com.mbwhatsapp: Accessing hidden method Lcom/android/org/conscrypt/OpenSSLSocketImpl;->setUseSessionTickets(Z)V (greylist- max-q,test-api, reflection, denied)
04-30 04:17:05.218 10999 11070 W com.mbwhatsapp: Accessing hidden method Lcom/android/org/conscrypt/AbstractConscryptSocket;->setUseSessionTickets(Z)V (greylist-max-q, reflection, denied)
04-30 04:17:05.220 10999 11070 W com.mbwhatsapp: Accessing hidden method Lcom/android/org/conscrypt/ConscryptEngineSocket;->setHostname(Ljava/lang/String;)V (greylist-max-q,test-api, reflection, denied)
04-30 04:17:05.221 10999 11070 W com.mbwhatsapp: Accessing hidden method Lcom/android/org/conscrypt/OpenSSLSocketImpl;->setHostname(Ljava/lang/String;)V (greylist-max-q,test-api, reflection, denied)
04-30 04:17:05.222 10999 11070 W com.mbwhatsapp: Accessing hidden method Lcom/android/org/conscrypt/AbstractConscryptSocket;->setHostname(Ljava/lang/ String;)V (greylist-max-q, reflection, denied)
04-30 04:17:05.223 10999 11070 W com.mbwhatsapp: Accessing hidden method Lcom/android/org/conscrypt/OpenSSLSocketImpl;->setAlpnProtocols([B)V (greylist-max- q,test-api, reflection, denied)
04-30 04:17:05.224 10999 11070 W com.mbwhatsapp: Accessing hidden method Lcom/android/org/conscrypt/AbstractConscryptSocket;->setAlpnProtocols([B)V (greylist-max-q, reflection, denied)
04-30 04:17:30.438 10999 11070 W com.mbwhatsapp: Accessing hidden method Lcom/android/org/conscrypt/ConscryptEngineSocket;->setUseSessionTickets(Z)V (greylist-max-q,test-api, reflection, denied)
04-30 04:17:30.439 10999 11070 W com.mbwhatsapp: Accessing hidden method Lcom/android/org/conscrypt/OpenSSLSocketImpl;->setUseSessionTickets(Z)V (greylist- max-q,test-api, reflection, denied)
04-30 04:17:30.440 10999 11070 W com.mbwhatsapp: Accessing hidden method Lcom/android/org/conscrypt/AbstractConscryptSocket;->setUseSessionTickets(Z)V (greylist-max-q, reflection, denied)
04-30 04:17:30.441 10999 11070 W com.mbwhatsapp: Accessing hidden method Lcom/android/org/conscrypt/ConscryptEngineSocket;->setHostname(Ljava/lang/String;)V (greylist-max-q,test-api, reflection, denied)
04-30 04:17:30.442 10999 11070 W com.mbwhatsapp: Accessing hidden method Lcom/android/org/conscrypt/OpenSSLSocketImpl;->setHostname(Ljava/lang/String;)V (greylist-max-q,test-api, reflection, denied)
04-30 04:17:30.442 10999 11070 W com.mbwhatsapp: Accessing hidden method Lcom/android/org/conscrypt/AbstractConscryptSocket;->setHostname(Ljava/lang/ String;)V (greylist-max-q, reflection, denied)
04-30 04:17:30.443 10999 11070 W com.mbwhatsapp: Accessing hidden method Lcom/android/org/conscrypt/OpenSSLSocketImpl;->setAlpnProtocols([B)V (greylist-max- q,test-api, reflection, denied)
04-30 04:17:30.443 10999 11070 W com.mbwhatsapp: Accessing hidden method Lcom/android/org/conscrypt/AbstractConscryptSocket;->setAlpnProtocols([B)V (greylist-max-q, reflection, denied)
04-30 04:17:59.081 10999 12211 W LibraryVersion: Failed to get app version for libraryName: firebase-iid
04-30 04:17:59.111 10999 12213 E Parcel : Reading a NULL string not supported here.
04-30 04:18:25.926 10999 11075 E ArmVmp : No matching catch block at 0x07
04-30 04:18:25.928 10999 11075 E ArmVmp : Match on catch block at 0x02 in for 0x25
04-30 04:18:25.932 10999 11075 W System.err: java.net.SocketException: Software caused connection abort
04-30 04:18:25.933 10999 11075 W System.err:
04-30 04:18:25.934 10999 11075 W System.err: at java.net.SocketInputStream.socketRead0(Native Method)
04-30 04:18:25.936 10999 11075 W System.err:
04-30 04:18:25.937 10999 11075 W System.err: at java.net.SocketInputStream.socketRead(SocketInputStream.java:119)
04-30 04:18:25.938 10999 11075 W System.err:
04-30 04:18:25.939 10999 11075 W System.err: at java.net.SocketInputStream.read(SocketInputStream.java:176)
04-30 04:18:25.939 10999 11075 W System.err:
04-30 04:18:25.940 10999 11075 W System.err: at java.net.SocketInputStream.read(SocketInputStream.java:144)
04-30 04:18:25.941 10999 11075 W System.err:
04-30 04:18:25.942 10999 11075 W System.err: at com.android.org.conscrypt.ConscryptEngineSocket$SSLInputStream.readFromSocket(Consc ryptEngineSocket.java:983)
04-30 04:18:25.942 10999 11075 W System.err:
04-30 04:18:25.943 10999 11075 W System.err: at com.android.org.conscrypt.ConscryptEngineSocket$SSLInputStream.processDataFromSocke t(ConscryptEngineSocket.java:947)
04-30 04:18:25.944 10999 11075 W System.err:
04-30 04:18:25.944 10999 11075 W System.err: at com.android.org.conscrypt.ConscryptEngineSocket$SSLInputStream.-$ $Nest$mprocessDataFromSocket(Unknown Source:0)
04-30 04:18:25.944 10999 11075 W System.err:
04-30 04:18:25.945 10999 11075 W System.err: at com.android.org.conscrypt.ConscryptEngineSocket.doHandshake(ConscryptEngineSocket.j ava:236)
04-30 04:18:25.945 10999 11075 W System.err:
04-30 04:18:25.946 10999 11075 W System.err: at com.android.org.conscrypt.ConscryptEngineSocket.startHandshake(ConscryptEngineSocke t.java:218)
04-30 04:18:25.947 10999 11075 W System.err:
04-30 04:18:25.948 10999 11075 W System.err: at com.android.okhttp.internal.io.RealConnection.connectTls(RealConnection.java:196)
04-30 04:18:25.948 10999 11075 W System.err:
04-30 04:18:25.949 10999 11075 W System.err: at com.android.okhttp.internal.io.RealConnection.connectSocket(RealConnection.java:153 )
04-30 04:18:25.949 10999 11075 W System.err:
04-30 04:18:25.950 10999 11075 W System.err: at com.android.okhttp.internal.io.RealConnection.connect(RealConnection.java:116)
04-30 04:18:25.950 10999 11075 W System.err:
04-30 04:18:25.950 10999 11075 W System.err: at com.android.okhttp.internal.http.StreamAllocation.findConnection(StreamAllocation.j ava:186)
04-30 04:18:25.951 10999 11075 W System.err:
04-30 04:18:25.952 10999 11075 W System.err: at com.android.okhttp.internal.http.StreamAllocation.findHealthyConnection(StreamAlloc ation.java:128)
04-30 04:18:25.952 10999 11075 W System.err:
04-30 04:18:25.953 10999 11075 W System.err: at com.android.okhttp.internal.http.StreamAllocation.newStream(StreamAllocation.java:9 7)
04-30 04:18:25.954 10999 11075 W System.err:
04-30 04:18:25.955 10999 11075 W System.err: at com.android.okhttp.internal.http.HttpEngine.connect(HttpEngine.java:302)
04-30 04:18:25.955 10999 11075 W System.err:
04-30 04:18:25.956 10999 11075 W System.err: at com.android.okhttp.internal.http.HttpEngine.sendRequest(HttpEngine.java:245)
04-30 04:18:25.957 10999 11075 W System.err:
04-30 04:18:25.958 10999 11075 W System.err: at com.android.okhttp.internal.huc.HttpURLConnectionImpl.execute(HttpURLConnectionImpl .java:465)
04-30 04:18:25.958 10999 11075 W System.err:
04-30 04:18:25.959 10999 11075 W System.err: at com.android.okhttp.internal.huc.HttpURLConnectionImpl.getResponse(HttpURLConnection Impl.java:411)
04-30 04:18:25.960 10999 11075 W System.err:
04-30 04:18:25.961 10999 11075 W System.err: at com.android.okhttp.internal.huc.HttpURLConnectionImpl.getInputStream(HttpURLConnect ionImpl.java:248)
04-30 04:18:25.961 10999 11075 W System.err:
04-30 04:18:25.962 10999 11075 W System.err: at com.android.okhttp.internal.huc.DelegatingHttpsURLConnection.getInputStream(Delegat ingHttpsURLConnection.java:211)
04-30 04:18:25.963 10999 11075 W System.err:
04-30 04:18:25.964 10999 11075 W System.err: at com.android.okhttp.internal.huc.HttpsURLConnectionImpl.getInputStream(HttpsURLConne ctionImpl.java:30)
04-30 04:18:25.964 10999 11075 W System.err:
04-30 04:18:25.965 10999 11075 W System.err: at java.net.URL.openStream(URL.java:1072)
04-30 04:18:25.966 10999 11075 W System.err:
04-30 04:18:25.966 10999 11075 W System.err: at mbmodsd.mbmodsw.mbdialog.MBDialogMan.loadJsonFromUrl(Native Method)
04-30 04:18:25.967 10999 11075 W System.err:
04-30 04:18:25.968 10999 11075 W System.err: at mbmodsd.mbmodsw.mbdialog.MBDialogMan.access$000(Native Method)
04-30 04:18:25.968 10999 11075 W System.err:
04-30 04:18:25.969 10999 11075 W System.err: at mbmodsd.mbmodsw.mbdialog.MBDialogMan$FetchJsonTask.doInBackground(Native Method)
04-30 04:18:25.969 10999 11075 W System.err:
04-30 04:18:25.970 10999 11075 W System.err: at mbmodsd.mbmodsw.mbdialog.MBDialogMan$FetchJsonTask.doInBackground(Native Method)
04-30 04:18:25.970 10999 11075 W System.err:
04-30 04:18:25.971 10999 11075 W System.err: at android.os.AsyncTask$3.call(AsyncTask.java:394)
04-30 04:18:25.972 10999 11075 W System.err:
04-30 04:18:25.973 10999 11075 W System.err: at java.util.concurrent.FutureTask.run(FutureTask.java:266)
04-30 04:18:25.973 10999 11075 W System.err:
04-30 04:18:25.974 10999 11075 W System.err: at android.os.AsyncTask$SerialExecutor$1.run(AsyncTask.java:305)
04-30 04:18:25.974 10999 11075 W System.err:
04-30 04:18:25.975 10999 11075 W System.err: at java.util.concurrent.ThreadPoolExecutor.runWorker(ThreadPoolExecutor.java:1167)
04-30 04:18:25.976 10999 11075 W System.err:
04-30 04:18:25.977 10999 11075 W System.err: at java.util.concurrent.ThreadPoolExecutor$Worker.run(ThreadPoolExecutor.java:641)
04-30 04:18:25.978 10999 11075 W System.err:
04-30 04:18:25.979 10999 11075 W System.err: at java.lang.Thread.run(Thread.java:923)
04-30 04:18:25.980 10999 11075 W System.err: --------- beginning of main
04-30 04:35:11.012 15183 15183 E com.mbwhatsapp: Unknown bits set in runtime_flags: 0x40000000
04-30 04:35:11.019 15183 15183 E com.mbwhatsapp: Not starting debugger since process cannot load the jdwp agent.
04-30 04:35:11.030 15183 15183 E RefClass: java.lang.reflect.InvocationTargetException
04-30 04:35:11.076 15183 15183 E libc : Access denied finding property "ro.odm.prev.product.name"
04-30 04:35:11.448 15183 15183 W System.err: java.lang.ClassNotFoundException: mbmodsd.mbmodsw.ui.views.btn.BtnBK
04-30 04:35:11.449 15183 15183 W System.err: at java.lang.Runtime.nativeLoad(Native Method)
04-30 04:35:11.449 15183 15183 W System.err: at java.lang.Runtime.nativeLoad(Runtime.java:1131)
04-30 04:35:11.449 15183 15183 W System.err: at java.lang.Runtime.loadLibrary0(Runtime.java:1085)
04-30 04:35:11.449 15183 15183 W System.err: at java.lang.Runtime.loadLibrary0(Runtime.java:1008)
04-30 04:35:11.449 15183 15183 W System.err: at java.lang.System.loadLibrary(System.java:1664)
04-30 04:35:11.449 15183 15183 W System.err: at arm.EpicVm.<clinit>(Unknown Source:2)
04-30 04:35:11.449 15183 15183 W System.err: at java.lang.Class.newInstance(Native Method)
04-30 04:35:11.450 15183 15183 W System.err: at android.app.AppComponentFactory.instantiateApplication(AppComponentFactory.java:76)
04-30 04:35:11.450 15183 15183 W System.err: at androidx.core.app.CoreComponentFactory.instantiateApplication(Unknown Source:0)
04-30 04:35:11.450 15183 15183 W System.err: at android.app.Instrumentation.newApplication(Instrumentation.java:1158)
04-30 04:35:11.450 15183 15183 W System.err: at android.app.LoadedApk.makeApplication(LoadedApk.java:1324)
04-30 04:35:11.450 15183 15183 W System.err: at android.app.ActivityThread.handleBindApplication(ActivityThread.java:7272)
04-30 04:35:11.450 15183 15183 W System.err: at android.app.ActivityThread.access$1700(ActivityThread.java:309)
04-30 04:35:11.450 15183 15183 W System.err: at android.app.ActivityThread$H.handleMessage(ActivityThread.java:2194)
04-30 04:35:11.450 15183 15183 W System.err: at android.os.Handler.dispatchMessage(Handler.java:106)
04-30 04:35:11.450 15183 15183 W System.err: at android.os.Looper.loop(Looper.java:264)
04-30 04:35:11.451 15183 15183 W System.err: at android.app.ActivityThread.main(ActivityThread.java:8315)
04-30 04:35:11.451 15183 15183 W System.err: at java.lang.reflect.Method.invoke(Native Method)
04-30 04:35:11.451 15183 15183 W System.err: at com.android.internal.os.RuntimeInit$MethodAndArgsCaller.run(RuntimeInit.java:632)
04-30 04:35:11.451 15183 15183 W System.err: at com.android.internal.os.ZygoteInit.main(ZygoteInit.java:1049)
04-30 04:35:11.526 15183 15183 E CustomActivityOnCrash: IMPORTANT WARNING! You already have an UncaughtExceptionHandler, are you sure this is correct? If you use a custom UncaughtExceptionHandler, you must initialize it AFTER CustomActivityOnCrash! Installing anyway, but your original handler will not be called.
04-30 04:35:12.262 15183 15183 W com.mbwhatsapp: Accessing hidden method Lcom/android/org/conscrypt/OpenSSLSocketImpl;->setUseSessionTickets(Z)V (greylist- max-q,test-api, reflection, denied)
04-30 04:35:12.263 15183 15183 W com.mbwhatsapp: Accessing hidden method Lcom/android/org/conscrypt/AbstractConscryptSocket;->setUseSessionTickets(Z)V (greylist-max-q, reflection, denied)
04-30 04:35:12.403 15183 15183 W linker : Warning: "/data/data/com.mbwhatsapp/files/decompressed/libs.spk.zst/libc++_shared.so" unused DT entry: unknown processor-specific (type 0x70000001 arg 0x0) (ignoring)
04-30 04:35:12.693 15183 15183 E ANR_LOG : >>> msg's executing time is too long
04-30 04:35:12.694 15183 15183 E ANR_LOG : Blocked msg = { when=-1s650ms what=110 target=android.app.ActivityThread$H obj=AppBindData{appInfo=ApplicationInfo{5c525bd com.mbwhatsapp}} } , cost = 1646 ms
04-30 04:35:12.694 15183 15183 E ANR_LOG : >>>Current msg List is:
04-30 04:35:12.694 15183 15183 E ANR_LOG : Current msg <1> = { when=-1s649ms what=113 target=android.app.ActivityThread$H obj=ReceiverData{intent=Intent { flg=0x80014 cmp=com.mbwhatsapp/.yo.autoschedreply.Receiver (has extras) } packageName=com.mbwhatsapp resultCode=0 resultData=null resultExtras=null} }
04-30 04:35:12.694 15183 15183 E ANR_LOG : Current msg <2> = { when=-1s648ms what=9999 target=android.app.ActivityThread$H }
04-30 04:35:12.695 15183 15183 E ANR_LOG : Current msg <3> = { when=-695ms what=0 target=android.app.ActivityThread$H callback=android.app.-$ $Lambda$LoadedApk$ReceiverDispatcher$Args$_BumDX2UKsnxLVrE6UJsJZkotuA }
04-30 04:35:12.695 15183 15183 E ANR_LOG : >>>CURRENT MSG DUMP OVER<<<
04-30 04:35:12.723 15183 15237 W com.mbwhatsapp: Class X.2rL failed lock verification and will run slower.
04-30 04:35:12.723 15183 15237 W com.mbwhatsapp: Common causes for lock verification issues are non-optimized dex code
04-30 04:35:12.723 15183 15237 W com.mbwhatsapp: and incorrect proguard optimizations.
04-30 04:35:13.010 15183 15249 W System : ClassLoader referenced unknown path: system/framework/mediatek-cta.jar
04-30 04:35:13.345 15183 15242 E CheckPermission: _bluetooth code = 1
04-30 04:35:13.348 15183 15242 E CheckPermission: _bluetooth code = 3
04-30 04:35:13.350 15183 15242 E CheckPermission: _bluetooth code = 11
04-30 04:38:52.338 15183 16176 E libEGL : Invalid file path for libcolorx- loader.so
04-30 04:38:52.470 15183 15183 W com.mbwhatsapp: Class com.mbwhatsapp.HomeActivity failed lock verification and will run slower.
04-30 04:38:52.511 15183 15183 W com.mbwhatsapp: Class X.0eU failed lock verification and will run slower. --------- beginning of system
04-30 04:38:52.819 15183 15183 E OplusCustomizeRestrictionManager: sInstance is null, start a new sInstance
04-30 04:38:53.246 15183 15183 E ion : ioctl c0044901 failed with code -1: Invalid argument
04-30 04:38:53.320 15183 15183 E ArmVmp : Match on catch block at 0x0a in for 0xc1
04-30 04:38:53.364 15183 15183 E ArmVmp : Match on catch block at 0x0a in for 0x135
04-30 04:38:53.369 15183 15183 E Parcel : Reading a NULL string not supported here.
04-30 04:38:53.407 15183 15183 E Parcel : Reading a NULL string not supported here.
04-30 04:38:53.457 15183 15255 W System : ClassLoader referenced unknown path: system/framework/mediatek-cta.jar
04-30 04:38:53.534 15183 16178 W com.mbwhatsapp: Accessing hidden method Lcom/android/org/conscrypt/ConscryptEngineSocket;->setUseSessionTickets(Z)V (greylist-max-q,test-api, reflection, denied)
04-30 04:38:53.534 15183 16178 W com.mbwhatsapp: Accessing hidden method Lcom/android/org/conscrypt/OpenSSLSocketImpl;->setUseSessionTickets(Z)V (greylist- max-q,test-api, reflection, denied)
04-30 04:38:53.535 15183 16178 W com.mbwhatsapp: Accessing hidden method Lcom/android/org/conscrypt/AbstractConscryptSocket;->setUseSessionTickets(Z)V (greylist-max-q, reflection, denied)
04-30 04:38:53.535 15183 16178 W com.mbwhatsapp: Accessing hidden method Lcom/android/org/conscrypt/ConscryptEngineSocket;->setHostname(Ljava/lang/String;)V (greylist-max-q,test-api, reflection, denied)
04-30 04:38:53.535 15183 16178 W com.mbwhatsapp: Accessing hidden method Lcom/android/org/conscrypt/OpenSSLSocketImpl;->setHostname(Ljava/lang/String;)V (greylist-max-q,test-api, reflection, denied)
04-30 04:38:53.536 15183 16178 W com.mbwhatsapp: Accessing hidden method Lcom/android/org/conscrypt/AbstractConscryptSocket;->setHostname(Ljava/lang/ String;)V (greylist-max-q, reflection, denied)
04-30 04:38:53.536 15183 16178 W com.mbwhatsapp: Accessing hidden method Lcom/android/org/conscrypt/OpenSSLSocketImpl;->setAlpnProtocols([B)V (greylist-max- q,test-api, reflection, denied)
04-30 04:38:53.536 15183 16178 W com.mbwhatsapp: Accessing hidden method Lcom/android/org/conscrypt/AbstractConscryptSocket;->setAlpnProtocols([B)V (greylist-max-q, reflection, denied)
04-30 04:38:53.803 15183 16189 W LOTTIE : Animation contains merge paths. Merge paths are only supported on KitKat+ and must be manually enabled by calling enableMergePathsForKitKatAndAbove().
04-30 04:38:53.858 15183 15183 E libEGL : Invalid file path for libcolorx- loader.so
04-30 04:38:53.860 15183 15183 E libEGL : Invalid file path for libcolorx- loader.so
04-30 04:38:53.860 15183 15183 E libEGL : Invalid file path for libcolorx- loader.so
04-30 04:38:53.865 15183 15183 E ANR_LOG : >>> msg's executing time is too long
04-30 04:38:53.865 15183 15183 E ANR_LOG : Blocked msg = { when=-1s569ms what=159 target=android.app.ActivityThread$H obj=ClientTransaction LaunchActivityItem,ResumeActivityItem } , cost = 1569 ms
04-30 04:38:53.865 15183 15183 E ANR_LOG : >>>Current msg List is:
04-30 04:38:53.865 15183 15183 E ANR_LOG : Current msg <1> = { when=-1s567ms what=159 target=android.app.ActivityThread$H obj=ClientTransaction TopResumedActivityChangeItem, }
04-30 04:38:53.865 15183 15183 E ANR_LOG : Current msg <2> = { when=-1s543ms what=159 target=android.app.ActivityThread$H obj=ClientTransaction ConfigurationChangeItem, }
04-30 04:38:53.865 15183 15183 E ANR_LOG : Current msg <3> = { when=-1s321ms what=0 target=android.app.ActivityThread$H callback=android.app.-$ $Lambda$LoadedApk$ReceiverDispatcher$Args$_BumDX2UKsnxLVrE6UJsJZkotuA }
04-30 04:38:53.865 15183 15183 E ANR_LOG : Current msg <4> = { when=-1s179ms what=149 target=android.app.ActivityThread$H obj=android.os.BinderProxy@4cbc7ff }
04-30 04:38:53.865 15183 15183 E ANR_LOG : Current msg <5> = { when=-1s49ms what=0 target=android.os.Handler callback=X.0lO }
04-30 04:38:53.865 15183 15183 E ANR_LOG : Current msg <6> = { when=-1s48ms what=0 target=android.os.Handler callback=X.0lO }
04-30 04:38:53.866 15183 15183 E ANR_LOG : Current msg <7> = { when=-973ms what=0 target=android.os.Handler callback=X.0lO }
04-30 04:38:53.866 15183 15183 E ANR_LOG : Current msg <8> = { when=-933ms what=0 target=android.os.Handler callback=X.0lO }
04-30 04:38:53.866 15183 15183 E ANR_LOG : Current msg <9> = { when=-868ms what=0 target=android.os.Handler callback=X.0lO }
04-30 04:38:53.866 15183 15183 E ANR_LOG : Current msg <10> = { when=-812ms what=0 target=android.os.Handler callback=X.0lO }
04-30 04:38:53.866 15183 15183 E ANR_LOG : >>>CURRENT MSG DUMP OVER<<<
04-30 04:38:53.956 15183 15183 W LOTTIE : Animation contains merge paths but they are disabled.
04-30 04:38:54.067 15183 16174 E libEGL : Invalid file path for libcolorx- loader.so
04-30 04:38:54.081 15183 16174 E Parcel : Reading a NULL string not supported here.
04-30 04:38:54.082 15183 16174 E Parcel : Reading a NULL string not supported here.
04-30 04:38:54.095 15183 16174 E libEGL : Invalid file path for libcolorx- loader.so
04-30 04:38:54.103 15183 16174 E libEGL : Invalid file path for libcolorx- loader.so
04-30 04:38:54.252 15183 16193 E libc : Access denied finding property "vendor.debug.drm.logv"
04-30 04:38:54.253 15183 16193 E libc : Access denied finding property "vendor.debug.drm.logv"
04-30 04:38:54.254 15183 16193 E libc : Access denied finding property "vendor.debug.drm.logd"
04-30 04:38:54.254 15183 16193 E libc : Access denied finding property "vendor.debug.drm.logv"
04-30 04:38:55.261 15183 16174 E ion : ioctl c0044901 failed with code -1: Invalid argument
04-30 04:38:55.725 15183 16207 E libEGL : Invalid file path for libcolorx- loader.so
04-30 04:38:55.732 15183 15183 E ArmVmp : Match on catch block at 0x0a in for 0xd1
04-30 04:38:55.756 15183 15183 E ScreenmodeClient: display mode not support
04-30 04:39:31.229 15183 15183 E Parcel : Reading a NULL string not supported here.
04-30 04:39:31.291 15183 16458 E libEGL : Invalid file path for libcolorx- loader.so
04-30 04:39:31.943 15183 15183 E ArmVmp : Match on catch block at 0x0a in for 0xc1
04-30 04:39:31.950 15183 15183 E ArmVmp : Match on catch block at 0x0a in for 0xc1
04-30 04:39:32.151 15183 15183 E libEGL : Invalid file path for libcolorx- loader.so
04-30 04:39:32.152 15183 15183 E libEGL : Invalid file path for libcolorx- loader.so
04-30 04:39:32.460 15183 15183 E ArmVmp : Match on catch block at 0xc3 in for 0xb9
04-30 04:39:32.466 15183 15183 E ArmVmp : Match on catch block at 0xc3 in for 0xb5
04-30 04:39:32.552 15183 15183 E ArmVmp : Match on catch block at 0xc3 in for 0xa5
04-30 04:39:32.555 15183 15183 E ArmVmp : Match on catch block at 0xc3 in for 0xa1
04-30 04:39:32.616 15183 15183 E ArmVmp : Match on catch block at 0xc3 in for 0xa5
04-30 04:39:32.621 15183 15183 E ArmVmp : Match on catch block at 0xc3 in for 0xa9
04-30 04:39:32.668 15183 15183 E ArmVmp : Match on catch block at 0xc3 in for 0xa1
04-30 04:39:32.671 15183 15183 E ArmVmp : Match on catch block at 0xc3 in for 0xa5
04-30 04:39:33.152 15183 15183 E ArmVmp : Match on catch block at 0xc3 in for 0xa5
04-30 04:39:33.159 15183 15183 E ArmVmp : Match on catch block at 0xc3 in for 0xa9
04-30 04:39:33.257 15183 16178 W com.mbwhatsapp: Accessing hidden method Lcom/android/org/conscrypt/ConscryptEngineSocket;->setUseSessionTickets(Z)V (greylist-max-q,test-api, reflection, denied)
04-30 04:39:33.257 15183 16178 W com.mbwhatsapp: Accessing hidden method Lcom/android/org/conscrypt/OpenSSLSocketImpl;->setUseSessionTickets(Z)V (greylist- max-q,test-api, reflection, denied)
04-30 04:39:33.258 15183 16178 W com.mbwhatsapp: Accessing hidden method Lcom/android/org/conscrypt/AbstractConscryptSocket;->setUseSessionTickets(Z)V (greylist-max-q, reflection, denied)
04-30 04:39:33.259 15183 16178 W com.mbwhatsapp: Accessing hidden method Lcom/android/org/conscrypt/ConscryptEngineSocket;->setHostname(Ljava/lang/String;)V (greylist-max-q,test-api, reflection, denied)
04-30 04:39:33.259 15183 16178 W com.mbwhatsapp: Accessing hidden method Lcom/android/org/conscrypt/OpenSSLSocketImpl;->setHostname(Ljava/lang/String;)V (greylist-max-q,test-api, reflection, denied)
04-30 04:39:33.259 15183 16178 W com.mbwhatsapp: Accessing hidden method Lcom/android/org/conscrypt/AbstractConscryptSocket;->setHostname(Ljava/lang/ String;)V (greylist-max-q, reflection, denied)
04-30 04:39:33.260 15183 16178 W com.mbwhatsapp: Accessing hidden method Lcom/android/org/conscrypt/OpenSSLSocketImpl;->setAlpnProtocols([B)V (greylist-max- q,test-api, reflection, denied)
04-30 04:39:33.260 15183 16178 W com.mbwhatsapp: Accessing hidden method Lcom/android/org/conscrypt/AbstractConscryptSocket;->setAlpnProtocols([B)V (greylist-max-q, reflection, denied)
04-30 04:39:33.369 15183 15183 E ArmVmp : Match on catch block at 0xc3 in for 0xa1
04-30 04:39:33.374 15183 15183 E ArmVmp : Match on catch block at 0xc3 in for 0xa5
04-30 04:39:33.657 15183 15183 E ArmVmp : Match on catch block at 0xc3 in for 0xa5
04-30 04:39:33.661 15183 15183 E ArmVmp : Match on catch block at 0xc3 in for 0xa9
04-30 04:39:33.925 15183 15183 E ArmVmp : Match on catch block at 0xc3 in for 0xa9
04-30 04:39:33.931 15183 15183 E ArmVmp : Match on catch block at 0xc3 in for 0xa1
04-30 04:39:33.993 15183 15183 E ArmVmp : Match on catch block at 0xc3 in for 0xa9
04-30 04:39:33.999 15183 15183 E ArmVmp : Match on catch block at 0xc3 in for 0xa1
04-30 04:39:34.036 15183 15183 E ArmVmp : Match on catch block at 0xc3 in for 0xa1
04-30 04:39:34.041 15183 15183 E ArmVmp : Match on catch block at 0xc3 in for 0xa5
04-30 04:39:34.159 15183 15183 E ArmVmp : Match on catch block at 0xc3 in for 0xa5
04-30 04:39:34.164 15183 15183 E ArmVmp : Match on catch block at 0xc3 in for 0xa9
04-30 04:39:34.321 15183 15183 E ArmVmp : Match on catch block at 0xc3 in for 0xa5
04-30 04:39:34.328 15183 15183 E ArmVmp : Match on catch block at 0xc3 in for 0xa9
04-30 04:39:34.347 15183 15183 E ArmVmp : Match on catch block at 0xc3 in for 0xa9
04-30 04:39:34.354 15183 15183 E ArmVmp : Match on catch block at 0xc3 in for 0xa1
04-30 04:39:34.648 15183 15183 E ArmVmp : Match on catch block at 0xc3 in for 0xa1
04-30 04:39:34.653 15183 15183 E ArmVmp : Match on catch block at 0xc3 in for 0xa5
04-30 04:39:35.150 15183 15183 E ArmVmp : Match on catch block at 0xc3 in for 0xa9
04-30 04:39:35.153 15183 15183 E ArmVmp : Match on catch block at 0xc3 in for 0xa1
04-30 04:39:35.212 15183 15183 E ArmVmp : Match on catch block at 0xc3 in for 0xa1
04-30 04:39:35.217 15183 15183 E ArmVmp : Match on catch block at 0xc3 in for 0xa5
04-30 04:39:35.242 15183 15183 E ArmVmp : Match on catch block at 0xc3 in for 0xa1
04-30 04:39:35.246 15183 15183 E ArmVmp : Match on catch block at 0xc3 in for 0xa5
04-30 04:39:35.268 15183 15183 E ArmVmp : Match on catch block at 0xc3 in for 0xa5
04-30 04:39:35.273 15183 15183 E ArmVmp : Match on catch block at 0xc3 in for 0xa9
04-30 04:39:35.284 15183 15183 E ArmVmp : Match on catch block at 0xc3 in for 0xa9
04-30 04:39:35.289 15183 15183 E ArmVmp : Match on catch block at 0xc3 in for 0xa1
04-30 04:39:35.308 15183 15183 E ArmVmp : Match on catch block at 0xc3 in for 0xa1
04-30 04:39:35.313 15183 15183 E ArmVmp : Match on catch block at 0xc3 in for 0xa5
04-30 04:39:35.339 15183 15183 E ArmVmp : Match on catch block at 0xc3 in for 0xa5
04-30 04:39:35.343 15183 15183 E ArmVmp : Match on catch block at 0xc3 in for 0xa9
04-30 04:39:35.357 15183 15183 E ArmVmp : Match on catch block at 0xc3 in for 0xa9
04-30 04:39:35.362 15183 15183 E ArmVmp : Match on catch block at 0xc3 in for 0xa1
04-30 04:39:35.384 15183 15183 E ArmVmp : Match on catch block at 0xc3 in for 0xa1
04-30 04:39:35.389 15183 15183 E ArmVmp : Match on catch block at 0xc3 in for 0xa5
04-30 04:39:35.402 15183 15183 E ArmVmp : Match on catch block at 0xc3 in for 0xa5
04-30 04:39:35.407 15183 15183 E ArmVmp : Match on catch block at 0xc3 in for 0xa9
04-30 04:39:35.418 15183 15183 E ArmVmp : Match on catch block at 0xc3 in for 0xa9
04-30 04:39:35.422 15183 15183 E ArmVmp : Match on catch block at 0xc3 in for 0xa1
04-30 04:39:35.519 15183 15183 E ArmVmp : Match on catch block at 0xc3 in for 0xa1
04-30 04:39:35.524 15183 15183 E ArmVmp : Match on catch block at 0xc3 in for 0xa5
04-30 04:39:35.720 15183 15183 E ArmVmp : Match on catch block at 0xc3 in for 0xa5
04-30 04:39:35.725 15183 15183 E ArmVmp : Match on catch block at 0xc3 in for 0xa9
04-30 04:39:35.888 15183 15183 E ArmVmp : Match on catch block at 0xc3 in for 0xa9
04-30 04:39:35.892 15183 15183 E ArmVmp : Match on catch block at 0xc3 in for 0xa1
04-30 04:39:36.005 15183 15183 E ArmVmp : Match on catch block at 0xc3 in for 0xa1
04-30 04:39:36.009 15183 15183 E ArmVmp : Match on catch block at 0xc3 in for 0xa5
04-30 04:39:36.207 15183 15183 E ArmVmp : Match on catch block at 0xc3 in for 0xa5
04-30 04:39:36.211 15183 15183 E ArmVmp : Match on catch block at 0xc3 in for 0xa9
04-30 04:39:36.324 15183 15183 E ArmVmp : Match on catch block at 0xc3 in for 0xa9
04-30 04:39:36.328 15183 15183 E ArmVmp : Match on catch block at 0xc3 in for 0xa1
04-30 04:39:36.425 15183 15183 E ArmVmp : Match on catch block at 0xc3 in for 0xa1
04-30 04:39:36.429 15183 15183 E ArmVmp : Match on catch block at 0xc3 in for 0xa5
04-30 04:39:36.610 15183 15183 E ArmVmp : Match on catch block at 0xc3 in for 0xa5
04-30 04:39:36.614 15183 15183 E ArmVmp : Match on catch block at 0xc3 in for 0xa9
04-30 04:39:36.828 15183 15183 E ArmVmp : Match on catch block at 0xc3 in for 0xa9
04-30 04:39:36.833 15183 15183 E ArmVmp : Match on catch block at 0xc3 in for 0xa1
04-30 04:39:37.014 15183 15183 E ArmVmp : Match on catch block at 0xc3 in for 0xa1
04-30 04:39:37.021 15183 15183 E ArmVmp : Match on catch block at 0xc3 in for 0xa5
04-30 04:39:37.181 15183 15183 E ArmVmp : Match on catch block at 0xc3 in for 0xa5
04-30 04:39:37.186 15183 15183 E ArmVmp : Match on catch block at 0xc3 in for 0xa9
04-30 04:39:37.264 15183 15183 E ArmVmp : Match on catch block at 0xc3 in for 0xa9
04-30 04:39:37.268 15183 15183 E ArmVmp : Match on catch block at 0xc3 in for 0xa1
04-30 04:39:37.533 15183 15183 E ArmVmp : Match on catch block at 0xc3 in for 0xa1
04-30 04:39:37.537 15183 15183 E ArmVmp : Match on catch block at 0xc3 in for 0xa5
04-30 04:39:37.669 15183 15183 E ArmVmp : Match on catch block at 0xc3 in for 0xa5
04-30 04:39:37.674 15183 15183 E ArmVmp : Match on catch block at 0xc3 in for 0xa9
04-30 04:39:37.752 15183 15183 E ArmVmp : Match on catch block at 0xc3 in for 0xa9
04-30 04:39:37.757 15183 15183 E ArmVmp : Match on catch block at 0xc3 in for 0xa1
04-30 04:39:37.902 15183 15183 E ArmVmp : Match on catch block at 0xc3 in for 0xa1
04-30 04:39:37.906 15183 15183 E ArmVmp : Match on catch block at 0xc3 in for 0xa5
04-30 04:39:38.053 15183 15183 E ArmVmp : Match on catch block at 0xc3 in for 0xa5
04-30 04:39:38.057 15183 15183 E ArmVmp : Match on catch block at 0xc3 in for 0xa9
04-30 04:39:38.289 15183 15183 E ArmVmp : Match on catch block at 0xc3 in for 0xa9
04-30 04:39:38.295 15183 15183 E ArmVmp : Match on catch block at 0xc3 in for 0xa1
04-30 04:39:38.424 15183 15183 E ArmVmp : Match on catch block at 0xc3 in for 0xa1
04-30 04:39:38.429 15183 15183 E ArmVmp : Match on catch block at 0xc3 in for 0xa5
04-30 04:39:38.489 15183 15183 E ArmVmp : Match on catch block at 0xc3 in for 0xa5
04-30 04:39:38.493 15183 15183 E ArmVmp : Match on catch block at 0xc3 in for 0xa9
04-30 04:39:38.693 15183 15183 E ArmVmp : Match on catch block at 0xc3 in for 0xa9
04-30 04:39:38.699 15183 15183 E ArmVmp : Match on catch block at 0xc3 in for 0xa1
04-30 04:39:39.197 15183 15183 E ArmVmp : Match on catch block at 0xc3 in for 0xa1
04-30 04:39:39.204 15183 15183 E ArmVmp : Match on catch block at 0xc3 in for 0xa5
04-30 04:39:39.398 15183 15183 E ArmVmp : Match on catch block at 0xc3 in for 0xa1
04-30 04:39:39.404 15183 15183 E ArmVmp : Match on catch block at 0xc3 in for 0xa5
04-30 04:39:39.461 15183 15183 E ArmVmp : Match on catch block at 0xc3 in for 0xa9
04-30 04:39:39.467 15183 15183 E ArmVmp : Match on catch block at 0xc3 in for 0xa1
04-30 04:39:39.504 15183 15183 E ArmVmp : Match on catch block at 0xc3 in for 0xa9
04-30 04:39:39.508 15183 15183 E ArmVmp : Match on catch block at 0xc3 in for 0xa1
04-30 04:39:39.531 15183 15183 E ArmVmp : Match on catch block at 0xc3 in for 0xa1
04-30 04:39:39.534 15183 15183 E ArmVmp : Match on catch block at 0xc3 in for 0xa5
04-30 04:39:39.547 15183 15183 E ArmVmp : Match on catch block at 0xc3 in for 0xa5
04-30 04:39:39.551 15183 15183 E ArmVmp : Match on catch block at 0xc3 in for 0xa9
04-30 04:39:39.564 15183 15183 E ArmVmp : Match on catch block at 0xc3 in for 0xa9
04-30 04:39:39.569 15183 15183 E ArmVmp : Match on catch block at 0xc3 in for 0xa1
04-30 04:39:39.581 15183 15183 E ArmVmp : Match on catch block at 0xc3 in for 0xa1
04-30 04:39:39.585 15183 15183 E ArmVmp : Match on catch block at 0xc3 in for 0xa5
04-30 04:39:39.663 15183 15183 E ArmVmp : Match on catch block at 0xc3 in for 0xa9
04-30 04:39:39.667 15183 15183 E ArmVmp : Match on catch block at 0xc3 in for 0xa1
04-30 04:39:39.694 15183 15183 E ArmVmp : Match on catch block at 0xc3 in for 0xa1
04-30 04:39:39.699 15183 15183 E ArmVmp : Match on catch block at 0xc3 in for 0xa5
04-30 04:39:39.715 15183 15183 E ArmVmp : Match on catch block at 0xc3 in for 0xa5
04-30 04:39:39.720 15183 15183 E ArmVmp : Match on catch block at 0xc3 in for 0xa9
04-30 04:39:39.732 15183 15183 E ArmVmp : Match on catch block at 0xc3 in for 0xa9
04-30 04:39:39.736 15183 15183 E ArmVmp : Match on catch block at 0xc3 in for 0xa1
04-30 04:39:39.951 15183 15183 E ArmVmp : Match on catch block at 0xc3 in for 0xa9
04-30 04:39:39.959 15183 15183 E ArmVmp : Match on catch block at 0xc3 in for 0xa1
04-30 04:39:40.008 15183 15183 E ArmVmp : Match on catch block at 0xc3 in for 0xa5
04-30 04:39:40.015 15183 15183 E ArmVmp : Match on catch block at 0xc3 in for 0xa9
04-30 04:39:40.067 15183 16185 W MediaPlayer: Use of stream types is deprecated for operations other than volume control
04-30 04:39:40.067 15183 16185 W MediaPlayer: See the documentation of setAudioStreamType() for what to use instead with android.media.AudioAttributes to qualify your playback use case
04-30 04:39:40.454 15183 15183 E ArmVmp : Match on catch block at 0xc3 in for 0xa1
04-30 04:39:40.458 15183 15183 E ArmVmp : Match on catch block at 0xc3 in for 0xa5
04-30 04:39:40.539 15183 15183 E ArmVmp : Match on catch block at 0xc3 in for 0xa5
04-30 04:39:40.553 15183 15183 E ArmVmp : Match on catch block at 0xc3 in for 0xa9
04-30 04:39:40.706 15183 15183 E ArmVmp : Match on catch block at 0xc3 in for 0xa5
04-30 04:39:40.711 15183 15183 E ArmVmp : Match on catch block at 0xc3 in for 0xa9
04-30 04:39:40.865 15183 15183 E ArmVmp : Match on catch block at 0xc3 in for 0xa9
04-30 04:39:40.878 15183 15183 E ArmVmp : Match on catch block at 0xc3 in for 0xa1
04-30 04:39:41.236 15183 15183 E ArmVmp : Match on catch block at 0xc3 in for 0xa5
04-30 04:39:41.243 15183 15183 E ArmVmp : Match on catch block at 0xc3 in for 0xa9
04-30 04:40:24.224 15183 16178 W com.mbwhatsapp: Accessing hidden method Lcom/android/org/conscrypt/ConscryptEngineSocket;->setUseSessionTickets(Z)V (greylist-max-q,test-api, reflection, denied)
04-30 04:40:24.224 15183 16178 W com.mbwhatsapp: Accessing hidden method Lcom/android/org/conscrypt/OpenSSLSocketImpl;->setUseSessionTickets(Z)V (greylist- max-q,test-api, reflection, denied)
04-30 04:40:24.224 15183 16178 W com.mbwhatsapp: Accessing hidden method Lcom/android/org/conscrypt/AbstractConscryptSocket;->setUseSessionTickets(Z)V (greylist-max-q, reflection, denied)
04-30 04:40:24.225 15183 16178 W com.mbwhatsapp: Accessing hidden method Lcom/android/org/conscrypt/ConscryptEngineSocket;->setHostname(Ljava/lang/String;)V (greylist-max-q,test-api, reflection, denied)
04-30 04:40:24.225 15183 16178 W com.mbwhatsapp: Accessing hidden method Lcom/android/org/conscrypt/OpenSSLSocketImpl;->setHostname(Ljava/lang/String;)V (greylist-max-q,test-api, reflection, denied)
04-30 04:40:24.226 15183 16178 W com.mbwhatsapp: Accessing hidden method Lcom/android/org/conscrypt/AbstractConscryptSocket;->setHostname(Ljava/lang/ String;)V (greylist-max-q, reflection, denied)
04-30 04:40:24.226 15183 16178 W com.mbwhatsapp: Accessing hidden method Lcom/android/org/conscrypt/OpenSSLSocketImpl;->setAlpnProtocols([B)V (greylist-max- q,test-api, reflection, denied)
04-30 04:40:24.226 15183 16178 W com.mbwhatsapp: Accessing hidden method Lcom/android/org/conscrypt/AbstractConscryptSocket;->setAlpnProtocols([B)V (greylist-max-q, reflection, denied)
04-30 04:40:24.684 15183 16742 W LibraryVersion: Failed to get app version for libraryName: firebase-iid
04-30 04:40:24.703 15183 16745 E Parcel : Reading a NULL string not supported here.
04-30 04:41:20.033 15183 15183 E ArmVmp : Match on catch block at 0x0a in for 0xc1
04-30 04:41:20.039 15183 15183 E ArmVmp : Match on catch block at 0x0a in for 0xc9
04-30 04:41:20.168 15183 15183 E ArmVmp : Match on catch block at 0xc3 in for 0xa5
04-30 04:41:20.178 15183 15183 E ArmVmp : Match on catch block at 0xc3 in for 0xa9
04-30 04:41:20.318 15183 15183 E ArmVmp : Match on catch block at 0xc3 in for 0xa9
04-30 04:41:20.330 15183 15183 E ArmVmp : Match on catch block at 0xc3 in for 0xa1
04-30 04:41:20.388 15183 15183 E ArmVmp : Match on catch block at 0xc3 in for 0xa1
04-30 04:41:20.393 15183 15183 E ArmVmp : Match on catch block at 0xc3 in for 0xa5
04-30 04:41:20.851 15183 15183 E ArmVmp : Match on catch block at 0xc3 in for 0xa1
04-30 04:41:20.855 15183 15183 E ArmVmp : Match on catch block at 0xc3 in for 0xa5
04-30 04:41:20.868 15183 15183 E ArmVmp : Match on catch block at 0xc3 in for 0xa5
04-30 04:41:20.880 15183 15183 E ArmVmp : Match on catch block at 0xc3 in for 0xa9
04-30 04:41:20.886 15183 15183 E ArmVmp : Match on catch block at 0xc3 in for 0xa5
04-30 04:41:20.890 15183 15183 E ArmVmp : Match on catch block at 0xc3 in for 0xa9
04-30 04:41:20.898 15183 15183 E ArmVmp : Match on catch block at 0xc3 in for 0xa5
04-30 04:41:20.903 15183 15183 E ArmVmp : Match on catch block at 0xc3 in for 0xa9
04-30 04:41:20.914 15183 15183 E ArmVmp : Match on catch block at 0xc3 in for 0xa9
04-30 04:41:20.919 15183 15183 E ArmVmp : Match on catch block at 0xc3 in for 0xa1
04-30 04:41:20.925 15183 15183 E ArmVmp : Match on catch block at 0xc3 in for 0xa5
04-30 04:41:20.930 15183 15183 E ArmVmp : Match on catch block at 0xc3 in for 0xa9
04-30 04:41:20.943 15183 15183 E ArmVmp : Match on catch block at 0xc3 in for 0xa1
04-30 04:41:20.947 15183 15183 E ArmVmp : Match on catch block at 0xc3 in for 0xa5
04-30 04:41:20.959 15183 15183 E ArmVmp : Match on catch block at 0xc3 in for 0xa9
04-30 04:41:20.964 15183 15183 E ArmVmp : Match on catch block at 0xc3 in for 0xa1
04-30 04:41:20.976 15183 15183 E ArmVmp : Match on catch block at 0xc3 in for 0xa5
04-30 04:41:20.981 15183 15183 E ArmVmp : Match on catch block at 0xc3 in for 0xa9
04-30 04:41:20.993 15183 15183 E ArmVmp : Match on catch block at 0xc3 in for 0xa1
04-30 04:41:20.996 15183 15183 E ArmVmp : Match on catch block at 0xc3 in for 0xa5
04-30 04:41:21.009 15183 15183 E ArmVmp : Match on catch block at 0xc3 in for 0xa9
04-30 04:41:21.013 15183 15183 E ArmVmp : Match on catch block at 0xc3 in for 0xa1
04-30 04:41:21.026 15183 15183 E ArmVmp : Match on catch block at 0xc3 in for 0xa5
04-30 04:41:21.030 15183 15183 E ArmVmp : Match on catch block at 0xc3 in for 0xa9
04-30 04:41:21.043 15183 15183 E ArmVmp : Match on catch block at 0xc3 in for 0xa1
04-30 04:41:21.047 15183 15183 E ArmVmp : Match on catch block at 0xc3 in for 0xa5
04-30 04:41:21.060 15183 15183 E ArmVmp : Match on catch block at 0xc3 in for 0xa9
04-30 04:41:21.064 15183 15183 E ArmVmp : Match on catch block at 0xc3 in for 0xa1
