04-29 22:17:57.781 15411 15411 E Parcel : Reading a NULL string not supported here.
04-29 22:17:57.821 15411 15411 E Parcel : Reading a NULL string not supported here.
04-29 22:17:57.882 15411 15513 W System : ClassLoader referenced unknown path: system/framework/mediatek-cta.jar
04-29 22:17:57.914 15411 15507 W com.mbwhatsapp: Accessing hidden method Lcom/android/org/conscrypt/ConscryptEngineSocket;->setUseSessionTickets(Z)V (greylist-max-q,test-api, reflection, denied)
04-29 22:17:57.915 15411 15507 W com.mbwhatsapp: Accessing hidden method Lcom/android/org/conscrypt/OpenSSLSocketImpl;->setUseSessionTickets(Z)V (greylist- max-q,test-api, reflection, denied)
04-29 22:17:57.915 15411 15507 W com.mbwhatsapp: Accessing hidden method Lcom/android/org/conscrypt/AbstractConscryptSocket;->setUseSessionTickets(Z)V (greylist-max-q, reflection, denied)
04-29 22:17:57.916 15411 15507 W com.mbwhatsapp: Accessing hidden method Lcom/android/org/conscrypt/ConscryptEngineSocket;->setHostname(Ljava/lang/String;)V (greylist-max-q,test-api, reflection, denied)
04-29 22:17:57.917 15411 15507 W com.mbwhatsapp: Accessing hidden method Lcom/android/org/conscrypt/OpenSSLSocketImpl;->setHostname(Ljava/lang/String;)V (greylist-max-q,test-api, reflection, denied)
04-29 22:17:57.917 15411 15507 W com.mbwhatsapp: Accessing hidden method Lcom/android/org/conscrypt/AbstractConscryptSocket;->setHostname(Ljava/lang/ String;)V (greylist-max-q, reflection, denied)
04-29 22:17:57.918 15411 15507 W com.mbwhatsapp: Accessing hidden method Lcom/android/org/conscrypt/OpenSSLSocketImpl;->setAlpnProtocols([B)V (greylist-max- q,test-api, reflection, denied)
04-29 22:17:57.918 15411 15507 W com.mbwhatsapp: Accessing hidden method Lcom/android/org/conscrypt/AbstractConscryptSocket;->setAlpnProtocols([B)V (greylist-max-q, reflection, denied)
04-29 22:17:58.085 15411 15411 E libEGL : Invalid file path for libcolorx- loader.so
04-29 22:17:58.087 15411 15411 E libEGL : Invalid file path for libcolorx- loader.so
04-29 22:17:58.088 15411 15411 E libEGL : Invalid file path for libcolorx- loader.so
04-29 22:17:58.088 15411 15411 E libEGL : Invalid file path for libcolorx- loader.so
04-29 22:17:58.088 15411 15411 E libEGL : Invalid file path for libcolorx- loader.so
04-29 22:17:58.811 15411 15500 E libEGL : Invalid file path for libcolorx- loader.so
04-29 22:17:58.836 15411 15500 E Parcel : Reading a NULL string not supported here.
04-29 22:17:58.839 15411 15500 E Parcel : Reading a NULL string not supported here.
04-29 22:17:58.870 15411 15500 E libEGL : Invalid file path for libcolorx- loader.so
04-29 22:17:58.908 15411 15500 E libEGL : Invalid file path for libcolorx- loader.so
04-29 22:17:59.050 15411 15555 E libc : Access denied finding property "vendor.debug.drm.logv"
04-29 22:17:59.050 15411 15555 E libc : Access denied finding property "vendor.debug.drm.logv"
04-29 22:17:59.052 15411 15555 E libc : Access denied finding property "vendor.debug.drm.logd"
04-29 22:17:59.052 15411 15555 E libc : Access denied finding property "vendor.debug.drm.logv"
04-29 22:17:59.826 15411 15500 E ion : ioctl c0044901 failed with code -1: Invalid argument
04-29 22:17:59.917 15411 15411 E ANR_LOG : >>> msg's executing time is too long
04-29 22:17:59.917 15411 15411 E ANR_LOG : Blocked msg = { when=-1s834ms what=0 target=android.view.Choreographer$FrameHandler callback=android.view.Choreographer$FrameDisplayEventReceiver } , cost = 1760 ms
04-29 22:17:59.917 15411 15411 E ANR_LOG : >>>Current msg List is:
04-29 22:17:59.918 15411 15411 E ANR_LOG : Current msg <1> = { when=- 4d2h31m52s154ms what=0 target=android.view.ViewRootImpl$ViewRootHandler callback=android.view.-$$Lambda$ViewRootImpl$DJd0VUYJgsebcnSohO6h8zc_ONI }
04-29 22:17:59.918 15411 15411 E ANR_LOG : Current msg <2> = { when=- 4d2h31m52s154ms what=0 target=android.os.Handler callback=X.3ef }
04-29 22:17:59.918 15411 15411 E ANR_LOG : Current msg <3> = { when=-1s810ms what=1 target=X.10F }
04-29 22:17:59.918 15411 15411 E ANR_LOG : Current msg <4> = { when=-1s792ms what=0 target=android.os.Handler arg1=1 }
04-29 22:17:59.918 15411 15411 E ANR_LOG : Current msg <5> = { when=-1s760ms what=0 target=android.view.ViewRootImpl$ViewRootHandler callback=X.0jM }
04-29 22:17:59.918 15411 15411 E ANR_LOG : Current msg <6> = { when=-1s748ms barrier=1 }
04-29 22:17:59.918 15411 15411 E ANR_LOG : Current msg <7> = { when=-1s746ms what=0 target=android.view.ViewRootImpl$ViewRootHandler callback=X.5ul }
04-29 22:17:59.918 15411 15411 E ANR_LOG : Current msg <8> = { when=-1s746ms what=0 target=android.view.ViewRootImpl$ViewRootHandler callback=X.5ul }
04-29 22:17:59.918 15411 15411 E ANR_LOG : Current msg <9> = { when=-1s720ms what=159 target=android.app.ActivityThread$H obj=ClientTransaction DestroyActivityItem }
04-29 22:17:59.918 15411 15411 E ANR_LOG : Current msg <10> = { when=-1s693ms what=0 target=android.view.ViewRootImpl$ViewRootHandler callback=com.mbwhatsapp.yo.e2 }
04-29 22:17:59.918 15411 15411 E ANR_LOG : >>>CURRENT MSG DUMP OVER<<<
04-29 22:18:00.065 15411 15562 E libEGL : Invalid file path for libcolorx- loader.so
04-29 22:18:00.070 15411 15411 E ArmVmp : Match on catch block at 0x0a in for 0xd9
04-29 22:18:00.096 15411 15411 E ScreenmodeClient: display mode not support
04-29 22:18:00.424 15411 15566 W LOTTIE : Animation contains merge paths. Merge paths are only supported on KitKat+ and must be manually enabled by calling enableMergePathsForKitKatAndAbove().
04-29 22:18:00.707 15411 15411 W LOTTIE : Animation contains merge paths but they are disabled.
04-29 22:18:01.508 15411 15523 E CheckPermission: _bluetooth code = 1
04-29 22:18:01.510 15411 15523 E CheckPermission: _bluetooth code = 3
04-29 22:18:01.511 15411 15523 E CheckPermission: _bluetooth code = 11
04-29 22:18:03.281 15411 15411 E Parcel : Reading a NULL string not supported here.
04-29 22:18:05.538 15411 15411 E ANR_LOG : >>> msg's executing time is too long
04-29 22:18:05.538 15411 15411 E ANR_LOG : Blocked msg = { when=-2s239ms what=159 target=android.app.ActivityThread$H obj=ClientTransaction PauseActivityItem } , cost = 2220 ms
04-29 22:18:05.538 15411 15411 E ANR_LOG : >>>Current msg List is:
04-29 22:18:05.538 15411 15411 E ANR_LOG : Current msg <1> = { when=-2s214ms what=0 target=android.view.ViewRootImpl$ViewRootHandler callback=android.view.View$UnsetPressedState }
04-29 22:18:05.538 15411 15411 E ANR_LOG : Current msg <2> = { when=-2s180ms what=0 target=android.os.Handler callback=android.graphics.animation.-$ $Lambda$awqPSgriNRe12PWP0zkpAtPsfV4 }
04-29 22:18:05.538 15411 15411 E ANR_LOG : Current msg <3> = { when=-2s29ms what=0 target=android.os.Handler callback=android.graphics.animation.-$ $Lambda$awqPSgriNRe12PWP0zkpAtPsfV4 }
04-29 22:18:05.538 15411 15411 E ANR_LOG : Current msg <4> = { when=-2s29ms what=0 target=android.os.Handler callback=android.graphics.animation.-$ $Lambda$awqPSgriNRe12PWP0zkpAtPsfV4 }
04-29 22:18:05.538 15411 15411 E ANR_LOG : Current msg <5> = { when=-2s29ms what=0 target=android.os.Handler callback=android.graphics.animation.-$ $Lambda$awqPSgriNRe12PWP0zkpAtPsfV4 }
04-29 22:18:05.538 15411 15411 E ANR_LOG : Current msg <6> = { when=-1s732ms what=159 target=android.app.ActivityThread$H obj=ClientTransaction LaunchActivityItem,ResumeActivityItem }
04-29 22:18:05.538 15411 15411 E ANR_LOG : Current msg <7> = { when=-1s731ms what=159 target=android.app.ActivityThread$H obj=ClientTransaction TopResumedActivityChangeItem, }
04-29 22:18:05.538 15411 15411 E ANR_LOG : Current msg <8> = { when=-1s532ms what=0 target=android.view.ViewRootImpl$ViewRootHandler callback=android.view.View$ScrollabilityCache }
04-29 22:18:05.539 15411 15411 E ANR_LOG : Current msg <9> = { when=+6s462ms what=0 target=android.os.Handler callback=X.3fs }
04-29 22:18:05.539 15411 15411 E ANR_LOG : Current msg <10> = { when=+59m40s726ms what=0 target=android.os.Handler callback=X.3fs }
04-29 22:18:05.539 15411 15411 E ANR_LOG : >>>CURRENT MSG DUMP OVER<<<
04-29 22:18:05.541 15411 15611 E libEGL : Invalid file path for libcolorx- loader.so
04-29 22:18:05.639 15411 15411 E libEGL : Invalid file path for libcolorx- loader.so
04-29 22:18:05.640 15411 15411 E libEGL : Invalid file path for libcolorx- loader.so
04-29 22:18:23.120 15411 15507 W com.mbwhatsapp: Accessing hidden method Lcom/android/org/conscrypt/ConscryptEngineSocket;->setUseSessionTickets(Z)V (greylist-max-q,test-api, reflection, denied)
04-29 22:18:23.121 15411 15507 W com.mbwhatsapp: Accessing hidden method Lcom/android/org/conscrypt/OpenSSLSocketImpl;->setUseSessionTickets(Z)V (greylist- max-q,test-api, reflection, denied)
04-29 22:18:23.122 15411 15507 W com.mbwhatsapp: Accessing hidden method Lcom/android/org/conscrypt/AbstractConscryptSocket;->setUseSessionTickets(Z)V (greylist-max-q, reflection, denied)
04-29 22:18:23.123 15411 15507 W com.mbwhatsapp: Accessing hidden method Lcom/android/org/conscrypt/ConscryptEngineSocket;->setHostname(Ljava/lang/String;)V (greylist-max-q,test-api, reflection, denied)
04-29 22:18:23.124 15411 15507 W com.mbwhatsapp: Accessing hidden method Lcom/android/org/conscrypt/OpenSSLSocketImpl;->setHostname(Ljava/lang/String;)V (greylist-max-q,test-api, reflection, denied)
04-29 22:18:23.124 15411 15507 W com.mbwhatsapp: Accessing hidden method Lcom/android/org/conscrypt/AbstractConscryptSocket;->setHostname(Ljava/lang/ String;)V (greylist-max-q, reflection, denied)
04-29 22:18:23.125 15411 15507 W com.mbwhatsapp: Accessing hidden method Lcom/android/org/conscrypt/OpenSSLSocketImpl;->setAlpnProtocols([B)V (greylist-max- q,test-api, reflection, denied)
04-29 22:18:23.125 15411 15507 W com.mbwhatsapp: Accessing hidden method Lcom/android/org/conscrypt/AbstractConscryptSocket;->setAlpnProtocols([B)V (greylist-max-q, reflection, denied)
04-29 22:18:48.293 15411 15507 W com.mbwhatsapp: Accessing hidden method Lcom/android/org/conscrypt/ConscryptEngineSocket;->setUseSessionTickets(Z)V (greylist-max-q,test-api, reflection, denied)
04-29 22:18:48.295 15411 15507 W com.mbwhatsapp: Accessing hidden method Lcom/android/org/conscrypt/OpenSSLSocketImpl;->setUseSessionTickets(Z)V (greylist- max-q,test-api, reflection, denied)
04-29 22:18:48.296 15411 15507 W com.mbwhatsapp: Accessing hidden method Lcom/android/org/conscrypt/AbstractConscryptSocket;->setUseSessionTickets(Z)V (greylist-max-q, reflection, denied)
04-29 22:18:48.297 15411 15507 W com.mbwhatsapp: Accessing hidden method Lcom/android/org/conscrypt/ConscryptEngineSocket;->setHostname(Ljava/lang/String;)V (greylist-max-q,test-api, reflection, denied)
04-29 22:18:48.297 15411 15507 W com.mbwhatsapp: Accessing hidden method Lcom/android/org/conscrypt/OpenSSLSocketImpl;->setHostname(Ljava/lang/String;)V (greylist-max-q,test-api, reflection, denied)
04-29 22:18:48.298 15411 15507 W com.mbwhatsapp: Accessing hidden method Lcom/android/org/conscrypt/AbstractConscryptSocket;->setHostname(Ljava/lang/ String;)V (greylist-max-q, reflection, denied)
04-29 22:18:48.299 15411 15507 W com.mbwhatsapp: Accessing hidden method Lcom/android/org/conscrypt/OpenSSLSocketImpl;->setAlpnProtocols([B)V (greylist-max- q,test-api, reflection, denied)
04-29 22:18:48.300 15411 15507 W com.mbwhatsapp: Accessing hidden method Lcom/android/org/conscrypt/AbstractConscryptSocket;->setAlpnProtocols([B)V (greylist-max-q, reflection, denied)
04-29 22:18:52.485 15411 15729 W LibraryVersion: Failed to get app version for libraryName: firebase-iid
04-29 22:18:52.510 15411 15731 E Parcel : Reading a NULL string not supported here.
04-29 22:18:52.567 15411 15507 W com.mbwhatsapp: Accessing hidden method Lcom/android/org/conscrypt/ConscryptEngineSocket;->setUseSessionTickets(Z)V (greylist-max-q,test-api, reflection, denied)
04-29 22:18:52.568 15411 15507 W com.mbwhatsapp: Accessing hidden method Lcom/android/org/conscrypt/OpenSSLSocketImpl;->setUseSessionTickets(Z)V (greylist- max-q,test-api, reflection, denied)
04-29 22:18:52.569 15411 15507 W com.mbwhatsapp: Accessing hidden method Lcom/android/org/conscrypt/AbstractConscryptSocket;->setUseSessionTickets(Z)V (greylist-max-q, reflection, denied)
04-29 22:18:52.570 15411 15507 W com.mbwhatsapp: Accessing hidden method Lcom/android/org/conscrypt/ConscryptEngineSocket;->setHostname(Ljava/lang/String;)V (greylist-max-q,test-api, reflection, denied)
04-29 22:18:52.571 15411 15507 W com.mbwhatsapp: Accessing hidden method Lcom/android/org/conscrypt/OpenSSLSocketImpl;->setHostname(Ljava/lang/String;)V (greylist-max-q,test-api, reflection, denied)
04-29 22:18:52.571 15411 15507 W com.mbwhatsapp: Accessing hidden method Lcom/android/org/conscrypt/AbstractConscryptSocket;->setHostname(Ljava/lang/ String;)V (greylist-max-q, reflection, denied)
04-29 22:18:52.573 15411 15507 W com.mbwhatsapp: Accessing hidden method Lcom/android/org/conscrypt/OpenSSLSocketImpl;->setAlpnProtocols([B)V (greylist-max- q,test-api, reflection, denied)
04-29 22:18:52.574 15411 15507 W com.mbwhatsapp: Accessing hidden method Lcom/android/org/conscrypt/AbstractConscryptSocket;->setAlpnProtocols([B)V (greylist-max-q, reflection, denied)
04-29 22:19:53.752 15411 15513 E ArmVmp : No matching catch block at 0x07
04-29 22:19:53.754 15411 15513 E ArmVmp : Match on catch block at 0x02 in for 0x25
04-29 22:19:53.760 15411 15513 W System.err: java.net.SocketException: Software caused connection abort
04-29 22:19:53.761 15411 15513 W System.err:
04-29 22:19:53.763 15411 15513 W System.err: at java.net.SocketInputStream.socketRead0(Native Method)
04-29 22:19:53.763 15411 15513 W System.err:
04-29 22:19:53.764 15411 15513 W System.err: at java.net.SocketInputStream.socketRead(SocketInputStream.java:119)
04-29 22:19:53.765 15411 15513 W System.err:
04-29 22:19:53.767 15411 15513 W System.err: at java.net.SocketInputStream.read(SocketInputStream.java:176)
04-29 22:19:53.769 15411 15513 W System.err:
04-29 22:19:53.769 15411 15513 W System.err: at java.net.SocketInputStream.read(SocketInputStream.java:144)
04-29 22:19:53.769 15411 15513 W System.err:
04-29 22:19:53.770 15411 15513 W System.err: at com.android.org.conscrypt.ConscryptEngineSocket$SSLInputStream.readFromSocket(Consc ryptEngineSocket.java:983)
04-29 22:19:53.770 15411 15513 W System.err:
04-29 22:19:53.771 15411 15513 W System.err: at com.android.org.conscrypt.ConscryptEngineSocket$SSLInputStream.processDataFromSocke t(ConscryptEngineSocket.java:947)
04-29 22:19:53.771 15411 15513 W System.err:
04-29 22:19:53.772 15411 15513 W System.err: at com.android.org.conscrypt.ConscryptEngineSocket$SSLInputStream.-$ $Nest$mprocessDataFromSocket(Unknown Source:0)
04-29 22:19:53.773 15411 15513 W System.err:
04-29 22:19:53.774 15411 15513 W System.err: at com.android.org.conscrypt.ConscryptEngineSocket.doHandshake(ConscryptEngineSocket.j ava:236)
04-29 22:19:53.774 15411 15513 W System.err:
04-29 22:19:53.775 15411 15513 W System.err: at com.android.org.conscrypt.ConscryptEngineSocket.startHandshake(ConscryptEngineSocke t.java:218)
04-29 22:19:53.776 15411 15513 W System.err:
04-29 22:19:53.777 15411 15513 W System.err: at com.android.okhttp.internal.io.RealConnection.connectTls(RealConnection.java:196)
04-29 22:19:53.777 15411 15513 W System.err:
04-29 22:19:53.778 15411 15513 W System.err: at com.android.okhttp.internal.io.RealConnection.connectSocket(RealConnection.java:153 )
04-29 22:19:53.778 15411 15513 W System.err:
04-29 22:19:53.779 15411 15513 W System.err: at com.android.okhttp.internal.io.RealConnection.connect(RealConnection.java:116)
04-29 22:19:53.779 15411 15513 W System.err:
04-29 22:19:53.780 15411 15513 W System.err: at com.android.okhttp.internal.http.StreamAllocation.findConnection(StreamAllocation.j ava:186)
04-29 22:19:53.780 15411 15513 W System.err:
04-29 22:19:53.781 15411 15513 W System.err: at com.android.okhttp.internal.http.StreamAllocation.findHealthyConnection(StreamAlloc ation.java:128)
04-29 22:19:53.781 15411 15513 W System.err:
04-29 22:19:53.781 15411 15513 W System.err: at com.android.okhttp.internal.http.StreamAllocation.newStream(StreamAllocation.java:9 7)
04-29 22:19:53.782 15411 15513 W System.err:
04-29 22:19:53.782 15411 15513 W System.err: at com.android.okhttp.internal.http.HttpEngine.connect(HttpEngine.java:302)
04-29 22:19:53.783 15411 15513 W System.err:
04-29 22:19:53.784 15411 15513 W System.err: at com.android.okhttp.internal.http.HttpEngine.sendRequest(HttpEngine.java:245)
04-29 22:19:53.784 15411 15513 W System.err:
04-29 22:19:53.785 15411 15513 W System.err: at com.android.okhttp.internal.huc.HttpURLConnectionImpl.execute(HttpURLConnectionImpl .java:465)
04-29 22:19:53.785 15411 15513 W System.err:
04-29 22:19:53.786 15411 15513 W System.err: at com.android.okhttp.internal.huc.HttpURLConnectionImpl.getResponse(HttpURLConnection Impl.java:411)
04-29 22:19:53.787 15411 15513 W System.err:
04-29 22:19:53.788 15411 15513 W System.err: at com.android.okhttp.internal.huc.HttpURLConnectionImpl.getInputStream(HttpURLConnect ionImpl.java:248)
04-29 22:19:53.788 15411 15513 W System.err:
04-29 22:19:53.789 15411 15513 W System.err: at com.android.okhttp.internal.huc.DelegatingHttpsURLConnection.getInputStream(Delegat ingHttpsURLConnection.java:211)
04-29 22:19:53.789 15411 15513 W System.err:
04-29 22:19:53.790 15411 15513 W System.err: at com.android.okhttp.internal.huc.HttpsURLConnectionImpl.getInputStream(HttpsURLConne ctionImpl.java:30)
04-29 22:19:53.790 15411 15513 W System.err:
04-29 22:19:53.791 15411 15513 W System.err: at java.net.URL.openStream(URL.java:1072)
04-29 22:19:53.792 15411 15513 W System.err:
04-29 22:19:53.792 15411 15513 W System.err: at mbmodsd.mbmodsw.mbdialog.MBDialogMan.loadJsonFromUrl(Native Method)
04-29 22:19:53.793 15411 15513 W System.err:
04-29 22:19:53.793 15411 15513 W System.err: at mbmodsd.mbmodsw.mbdialog.MBDialogMan.access$000(Native Method)
04-29 22:19:53.794 15411 15513 W System.err:
04-29 22:19:53.795 15411 15513 W System.err: at mbmodsd.mbmodsw.mbdialog.MBDialogMan$FetchJsonTask.doInBackground(Native Method)
04-29 22:19:53.795 15411 15513 W System.err:
04-29 22:19:53.795 15411 15513 W System.err: at mbmodsd.mbmodsw.mbdialog.MBDialogMan$FetchJsonTask.doInBackground(Native Method)
04-29 22:19:53.796 15411 15513 W System.err:
04-29 22:19:53.796 15411 15513 W System.err: at android.os.AsyncTask$3.call(AsyncTask.java:394)
04-29 22:19:53.797 15411 15513 W System.err:
04-29 22:19:53.797 15411 15513 W System.err: at java.util.concurrent.FutureTask.run(FutureTask.java:266)
04-29 22:19:53.798 15411 15513 W System.err:
04-29 22:19:53.798 15411 15513 W System.err: at android.os.AsyncTask$SerialExecutor$1.run(AsyncTask.java:305)
04-29 22:19:53.799 15411 15513 W System.err:
04-29 22:19:53.799 15411 15513 W System.err: at java.util.concurrent.ThreadPoolExecutor.runWorker(ThreadPoolExecutor.java:1167)
04-29 22:19:53.800 15411 15513 W System.err:
04-29 22:19:53.801 15411 15513 W System.err: at java.util.concurrent.ThreadPoolExecutor$Worker.run(ThreadPoolExecutor.java:641)
04-29 22:19:53.801 15411 15513 W System.err:
04-29 22:19:53.802 15411 15513 W System.err: at java.lang.Thread.run(Thread.java:923)
04-29 22:19:53.802 15411 15513 W System.err:
04-29 22:22:51.803 15411 15411 E Parcel : Reading a NULL string not supported here.
04-29 22:22:51.857 15411 16469 E libEGL : Invalid file path for libcolorx- loader.so
04-29 22:22:52.050 15411 15411 E libEGL : Invalid file path for libcolorx- loader.so
04-29 22:22:52.052 15411 15411 E libEGL : Invalid file path for libcolorx- loader.so
04-29 22:22:52.293 15411 15411 W BottomSheetBehavior: BottomSheetBehavior now supports multiple callbacks. `setBottomSheetCallback()` removes all existing callbacks, including ones set internally by library authors, which may result in unintended behavior. This may change in the future. Please use `addBottomSheetCallback()` and `removeBottomSheetCallback()` instead to set your own callbacks.
04-29 22:22:52.293 15411 15411 W BottomSheetBehavior: BottomSheetBehavior now supports multiple callbacks. `setBottomSheetCallback()` removes all existing callbacks, including ones set internally by library authors, which may result in unintended behavior. This may change in the future. Please use `addBottomSheetCallback()` and `removeBottomSheetCallback()` instead to set your own callbacks.
04-29 22:22:52.349 15411 15411 W BottomSheetBehavior: BottomSheetBehavior now supports multiple callbacks. `setBottomSheetCallback()` removes all existing callbacks, including ones set internally by library authors, which may result in unintended behavior. This may change in the future. Please use `addBottomSheetCallback()` and `removeBottomSheetCallback()` instead to set your own callbacks.
04-29 22:22:52.349 15411 15411 W BottomSheetBehavior: BottomSheetBehavior now supports multiple callbacks. `setBottomSheetCallback()` removes all existing callbacks, including ones set internally by library authors, which may result in unintended behavior. This may change in the future. Please use `addBottomSheetCallback()` and `removeBottomSheetCallback()` instead to set your own callbacks.
04-29 22:22:52.397 15411 15411 W BottomSheetBehavior: BottomSheetBehavior now supports multiple callbacks. `setBottomSheetCallback()` removes all existing callbacks, including ones set internally by library authors, which may result in unintended behavior. This may change in the future. Please use `addBottomSheetCallback()` and `removeBottomSheetCallback()` instead to set your own callbacks.
04-29 22:22:52.397 15411 15411 W BottomSheetBehavior: BottomSheetBehavior now supports multiple callbacks. `setBottomSheetCallback()` removes all existing callbacks, including ones set internally by library authors, which may result in unintended behavior. This may change in the future. Please use `addBottomSheetCallback()` and `removeBottomSheetCallback()` instead to set your own callbacks.
04-29 22:22:52.621 15411 15411 E RecyclerView: No adapter attached; skipping layout
04-29 22:22:52.625 15411 15411 E RecyclerView: No adapter attached; skipping layout
04-29 22:22:53.262 15411 15480 E SQLiteDatabase: Error inserting transferred=0 media_job_uuid=3b15820e-01a3-40d4-a5a8-4000a3d91e35 transcoded=0 gif_attribution=0 first_scan_length=0 direct_path=/v/t62.7161- 24/380375691_321707371019808_4223377783530115815_n.enc?ccb=11- 4&oh=01_Q5AaIEprSzzTORJBA0RioVXifOgsbTHYm20wcjLC5CKhhDUF&oe=66570B35&_nc_sid=5e03e0 thumbnail_height_width_ratio=1.7777778 is_animated_sticker=0 file_hash=8hqvCu2islhur2FZMicN5WdwCJid8JRQ3kn8xtSR1wE= file_path=null file_size=0 partial_media_hash=null face_x=0 face_y=0 height=1280 trim_to=0 media_key_timestamp=1714391225000 message_url=https://mmg.whatsapp.net/v/t62.7161- 24/380375691_321707371019808_4223377783530115815_n.enc?ccb=11- 4&oh=01_Q5AaIEprSzzTORJBA0RioVXifOgsbTHYm20wcjLC5CKhhDUF&oe=66570B35&_nc_sid=5e03e0 &mms3=true media_caption=null trim_from=0 mime_type=video/mp4 partial_media_enc_hash=null width=720 original_file_hash=null has_streaming_sidecar=1 autotransfer_retry_enabled=1 media_upload_handle=null message_row_id=3224 multicast_id=null enc_file_hash=NArNOxKXKYePrQ9SUmBxDLnL0JgLAG/rAHW+erqSGhs= mute_video=0 page_count=0 first_scan_sidecar=null suspicious_content=0 file_length=2122908 media_name=null media_duration=30 chat_row_id=16 media_key=[B@3ebd6b
04-29 22:22:53.262 15411 15480 E SQLiteDatabase: android.database.sqlite.SQLiteConstraintException: UNIQUE constraint failed: message_media.message_row_id (code 1555 SQLITE_CONSTRAINT_PRIMARYKEY)
04-29 22:22:53.262 15411 15480 E SQLiteDatabase: at android.database.sqlite.SQLiteConnection.nativeExecuteForLastInsertedRowId(Native Method)
04-29 22:22:53.262 15411 15480 E SQLiteDatabase: at android.database.sqlite.SQLiteConnection.executeForLastInsertedRowId(SQLiteConnecti on.java:948)
04-29 22:22:53.262 15411 15480 E SQLiteDatabase: at android.database.sqlite.SQLiteSession.executeForLastInsertedRowId(SQLiteSession.jav a:790)
04-29 22:22:53.262 15411 15480 E SQLiteDatabase: at android.database.sqlite.SQLiteStatement.executeInsert(SQLiteStatement.java:88)
04-29 22:22:53.262 15411 15480 E SQLiteDatabase: at android.database.sqlite.SQLiteDatabase.insertWithOnConflict(SQLiteDatabase.java:173 1)
04-29 22:22:53.262 15411 15480 E SQLiteDatabase: at android.database.sqlite.SQLiteDatabase.insert(SQLiteDatabase.java:1600)
04-29 22:22:53.262 15411 15480 E SQLiteDatabase: at X.2tm.A08(Unknown Source:6)
04-29 22:22:53.262 15411 15480 E SQLiteDatabase: at X.35Y.A07(Unknown Source:212)
04-29 22:22:53.262 15411 15480 E SQLiteDatabase: at X.3QF.A14(Unknown Source:470)
04-29 22:22:53.262 15411 15480 E SQLiteDatabase: at X.3gU.run(Unknown Source:982)
04-29 22:22:53.262 15411 15480 E SQLiteDatabase: at android.os.Handler.handleCallback(Handler.java:938)
04-29 22:22:53.262 15411 15480 E SQLiteDatabase: at android.os.Handler.dispatchMessage(Handler.java:99)
04-29 22:22:53.262 15411 15480 E SQLiteDatabase: at X.0zq.dispatchMessage(Unknown Source:4)
04-29 22:22:53.262 15411 15480 E SQLiteDatabase: at android.os.Looper.loop(Looper.java:264)
04-29 22:22:53.262 15411 15480 E SQLiteDatabase: at android.os.HandlerThread.run(HandlerThread.java:67)
04-29 22:23:22.873 15411 15426 W System : A resource failed to call release.
04-29 22:23:46.751 15411 15411 E Parcel : Reading a NULL string not supported here.
04-29 22:23:46.798 15411 16859 E libEGL : Invalid file path for libcolorx- loader.so
04-29 22:23:46.931 15411 15411 E libEGL : Invalid file path for libcolorx- loader.so
04-29 22:23:46.931 15411 15411 E libEGL : Invalid file path for libcolorx- loader.so
04-29 22:23:48.177 15411 15411 E Parcel : Reading a NULL string not supported here.
04-29 22:23:48.216 15411 16862 E libEGL : Invalid file path for libcolorx- loader.so
04-29 22:23:48.761 15411 15411 E ArmVmp : Match on catch block at 0x0a in for 0xc5
04-29 22:23:48.768 15411 15411 E ArmVmp : Match on catch block at 0x0a in for 0xc5
04-29 22:23:48.906 15411 15411 E libEGL : Invalid file path for libcolorx- loader.so
04-29 22:23:48.907 15411 15411 E libEGL : Invalid file path for libcolorx- loader.so
04-29 22:23:49.184 15411 15411 E ArmVmp : Match on catch block at 0xc3 in for 0xb5
04-29 22:23:49.196 15411 15411 E ArmVmp : Match on catch block at 0xc3 in for 0xb1
04-29 22:23:49.328 15411 15411 E ArmVmp : Match on catch block at 0xc3 in for 0xa1
04-29 22:23:49.334 15411 15411 E ArmVmp : Match on catch block at 0xc3 in for 0xa9
04-29 22:23:49.373 15411 15411 E ArmVmp : Match on catch block at 0xc3 in for 0xa5
04-29 22:23:49.378 15411 15411 E ArmVmp : Match on catch block at 0xc3 in for 0xa9
04-29 22:23:49.427 15411 15411 E ArmVmp : Match on catch block at 0xc3 in for 0xa9
04-29 22:23:49.432 15411 15411 E ArmVmp : Match on catch block at 0xc3 in for 0xa1
04-29 22:23:49.919 15411 15411 E ArmVmp : Match on catch block at 0xc3 in for 0xa9
04-29 22:23:49.928 15411 15411 E ArmVmp : Match on catch block at 0xc3 in for 0xa1
04-29 22:23:50.422 15411 15411 E ArmVmp : Match on catch block at 0xc3 in for 0xa1
04-29 22:23:50.429 15411 15411 E ArmVmp : Match on catch block at 0xc3 in for 0xa5
04-29 22:23:50.931 15411 15411 E ArmVmp : Match on catch block at 0xc3 in for 0xa5
04-29 22:23:50.940 15411 15411 E ArmVmp : Match on catch block at 0xc3 in for 0xa9
04-29 22:23:51.432 15411 15411 E ArmVmp : Match on catch block at 0xc3 in for 0xa9
04-29 22:23:51.439 15411 15411 E ArmVmp : Match on catch block at 0xc3 in for 0xa1
04-29 22:23:51.649 15411 15411 E ArmVmp : Match on catch block at 0xc3 in for 0xa5
04-29 22:23:51.653 15411 15411 E ArmVmp : Match on catch block at 0xc3 in for 0xa9
04-29 22:23:51.665 15411 15411 E ArmVmp : Match on catch block at 0xc3 in for 0xa5
04-29 22:23:51.669 15411 15411 E ArmVmp : Match on catch block at 0xc3 in for 0xa9
04-29 22:23:51.680 15411 15411 E ArmVmp : Match on catch block at 0xc3 in for 0xa1
04-29 22:23:51.684 15411 15411 E ArmVmp : Match on catch block at 0xc3 in for 0xa5
04-29 22:23:51.697 15411 15411 E ArmVmp : Match on catch block at 0xc3 in for 0xa5
04-29 22:23:51.701 15411 15411 E ArmVmp : Match on catch block at 0xc3 in for 0xa9
04-29 22:23:51.714 15411 15411 E ArmVmp : Match on catch block at 0xc3 in for 0xa5
04-29 22:23:51.719 15411 15411 E ArmVmp : Match on catch block at 0xc3 in for 0xa9
04-29 22:23:51.732 15411 15411 E ArmVmp : Match on catch block at 0xc3 in for 0xa5
04-29 22:23:51.736 15411 15411 E ArmVmp : Match on catch block at 0xc3 in for 0xa9
04-29 22:23:51.748 15411 15411 E ArmVmp : Match on catch block at 0xc3 in for 0xa5
04-29 22:23:51.752 15411 15411 E ArmVmp : Match on catch block at 0xc3 in for 0xa9
04-29 22:23:51.765 15411 15411 E ArmVmp : Match on catch block at 0xc3 in for 0xa5
04-29 22:23:51.768 15411 15411 E ArmVmp : Match on catch block at 0xc3 in for 0xa9
04-29 22:23:51.782 15411 15411 E ArmVmp : Match on catch block at 0xc3 in for 0xa5
04-29 22:23:51.785 15411 15411 E ArmVmp : Match on catch block at 0xc3 in for 0xa9
04-29 22:23:51.798 15411 15411 E ArmVmp : Match on catch block at 0xc3 in for 0xa9
04-29 22:23:51.803 15411 15411 E ArmVmp : Match on catch block at 0xc3 in for 0xa1
04-29 22:23:51.814 15411 15411 E ArmVmp : Match on catch block at 0xc3 in for 0xa5
04-29 22:23:51.819 15411 15411 E ArmVmp : Match on catch block at 0xc3 in for 0xa9
04-29 22:23:51.831 15411 15411 E ArmVmp : Match on catch block at 0xc3 in for 0xa1
04-29 22:23:51.835 15411 15411 E ArmVmp : Match on catch block at 0xc3 in for 0xa5
04-29 22:23:51.848 15411 15411 E ArmVmp : Match on catch block at 0xc3 in for 0xa9
04-29 22:23:51.853 15411 15411 E ArmVmp : Match on catch block at 0xc3 in for 0xa1
04-29 22:23:51.865 15411 15411 E ArmVmp : Match on catch block at 0xc3 in for 0xa5
04-29 22:23:51.869 15411 15411 E ArmVmp : Match on catch block at 0xc3 in for 0xa9
04-29 22:23:51.882 15411 15411 E ArmVmp : Match on catch block at 0xc3 in for 0xa5
04-29 22:23:51.886 15411 15411 E ArmVmp : Match on catch block at 0xc3 in for 0xa9
04-29 22:23:51.898 15411 15411 E ArmVmp : Match on catch block at 0xc3 in for 0xa1
04-29 22:23:51.902 15411 15411 E ArmVmp : Match on catch block at 0xc3 in for 0xa5
04-29 22:23:51.915 15411 15411 E ArmVmp : Match on catch block at 0xc3 in for 0xa9
04-29 22:23:51.919 15411 15411 E ArmVmp : Match on catch block at 0xc3 in for 0xa1
04-29 22:23:51.932 15411 15411 E ArmVmp : Match on catch block at 0xc3 in for 0xa5
04-29 22:23:51.936 15411 15411 E ArmVmp : Match on catch block at 0xc3 in for 0xa9
04-29 22:23:51.949 15411 15411 E ArmVmp : Match on catch block at 0xc3 in for 0xa1
04-29 22:23:51.953 15411 15411 E ArmVmp : Match on catch block at 0xc3 in for 0xa5
04-29 22:23:51.966 15411 15411 E ArmVmp : Match on catch block at 0xc3 in for 0xa9
04-29 22:23:51.969 15411 15411 E ArmVmp : Match on catch block at 0xc3 in for 0xa1
04-29 22:23:51.982 15411 15411 E ArmVmp : Match on catch block at 0xc3 in for 0xa5
04-29 22:23:51.986 15411 15411 E ArmVmp : Match on catch block at 0xc3 in for 0xa9
04-29 22:23:51.999 15411 15411 E ArmVmp : Match on catch block at 0xc3 in for 0xa5
04-29 22:23:52.003 15411 15411 E ArmVmp : Match on catch block at 0xc3 in for 0xa9
04-29 22:23:52.197 15411 15411 E ArmVmp : Match on catch block at 0xc3 in for 0xa1
04-29 22:23:52.202 15411 15411 E ArmVmp : Match on catch block at 0xc3 in for 0xa5
04-29 22:23:52.436 15411 15411 E ArmVmp : Match on catch block at 0xc3 in for 0xa1
04-29 22:23:52.441 15411 15411 E ArmVmp : Match on catch block at 0xc3 in for 0xa5
04-29 22:23:52.553 15411 15411 E ArmVmp : Match on catch block at 0xc3 in for 0xa5
04-29 22:23:52.559 15411 15411 E ArmVmp : Match on catch block at 0xc3 in for 0xa9
04-29 22:23:52.570 15411 15411 E ArmVmp : Match on catch block at 0xc3 in for 0xa9
04-29 22:23:52.578 15411 15411 E ArmVmp : Match on catch block at 0xc3 in for 0xa1
04-29 22:23:52.586 15411 15411 E ArmVmp : Match on catch block at 0xc3 in for 0xa1
04-29 22:23:52.594 15411 15411 E ArmVmp : Match on catch block at 0xc3 in for 0xa5
04-29 22:23:52.603 15411 15411 E ArmVmp : Match on catch block at 0xc3 in for 0xa5
04-29 22:23:52.611 15411 15411 E ArmVmp : Match on catch block at 0xc3 in for 0xa9
04-29 22:23:52.650 15411 15411 E ArmVmp : Match on catch block at 0xc3 in for 0xa5
04-29 22:23:52.656 15411 15411 E ArmVmp : Match on catch block at 0xc3 in for 0xa9
04-29 22:23:52.691 15411 15411 E ArmVmp : Match on catch block at 0xc3 in for 0xa5
04-29 22:23:52.697 15411 15411 E ArmVmp : Match on catch block at 0xc3 in for 0xa9
04-29 22:23:52.717 15411 15411 E ArmVmp : Match on catch block at 0xc3 in for 0xa9
04-29 22:23:52.723 15411 15411 E ArmVmp : Match on catch block at 0xc3 in for 0xa1
04-29 22:23:52.737 15411 15411 E ArmVmp : Match on catch block at 0xc3 in for 0xa1
04-29 22:23:52.746 15411 15411 E ArmVmp : Match on catch block at 0xc3 in for 0xa5
04-29 22:23:52.758 15411 15411 E ArmVmp : Match on catch block at 0xc3 in for 0xa5
04-29 22:23:52.766 15411 15411 E ArmVmp : Match on catch block at 0xc3 in for 0xa9
04-29 22:23:52.774 15411 15411 E ArmVmp : Match on catch block at 0xc3 in for 0xa9
04-29 22:23:52.782 15411 15411 E ArmVmp : Match on catch block at 0xc3 in for 0xa1
04-29 22:23:52.790 15411 15411 E ArmVmp : Match on catch block at 0xc3 in for 0xa1
04-29 22:23:52.797 15411 15411 E ArmVmp : Match on catch block at 0xc3 in for 0xa5
04-29 22:23:52.804 15411 15411 E ArmVmp : Match on catch block at 0xc3 in for 0xa5
04-29 22:23:52.810 15411 15411 E ArmVmp : Match on catch block at 0xc3 in for 0xa9
04-29 22:23:52.939 15411 15411 E ArmVmp : Match on catch block at 0xc3 in for 0xa9
04-29 22:23:52.945 15411 15411 E ArmVmp : Match on catch block at 0xc3 in for 0xa1
04-29 22:23:53.056 15411 15411 E ArmVmp : Match on catch block at 0xc3 in for 0xa5
04-29 22:23:53.063 15411 15411 E ArmVmp : Match on catch block at 0xc3 in for 0xa9
04-29 22:23:53.075 15411 15411 E ArmVmp : Match on catch block at 0xc3 in for 0xa5
04-29 22:23:53.080 15411 15411 E ArmVmp : Match on catch block at 0xc3 in for 0xa9
04-29 22:23:53.445 15411 15411 E ArmVmp : Match on catch block at 0xc3 in for 0xa9
04-29 22:23:53.451 15411 15411 E ArmVmp : Match on catch block at 0xc3 in for 0xa1
04-29 22:23:53.947 15411 15411 E ArmVmp : Match on catch block at 0xc3 in for 0xa1
04-29 22:23:53.952 15411 15411 E ArmVmp : Match on catch block at 0xc3 in for 0xa5
04-29 22:23:54.446 15411 15411 E ArmVmp : Match on catch block at 0xc3 in for 0xa5
04-29 22:23:54.450 15411 15411 E ArmVmp : Match on catch block at 0xc3 in for 0xa9
04-29 22:23:54.463 15411 15411 E ArmVmp : Match on catch block at 0xc3 in for 0xa9
04-29 22:23:54.468 15411 15411 E ArmVmp : Match on catch block at 0xc3 in for 0xa1
04-29 22:23:54.481 15411 15411 E ArmVmp : Match on catch block at 0xc3 in for 0xa1
04-29 22:23:54.486 15411 15411 E ArmVmp : Match on catch block at 0xc3 in for 0xa5
04-29 22:23:54.497 15411 15411 E ArmVmp : Match on catch block at 0xc3 in for 0xa5
04-29 22:23:54.501 15411 15411 E ArmVmp : Match on catch block at 0xc3 in for 0xa9
04-29 22:23:54.540 15411 15411 E ArmVmp : Match on catch block at 0xc3 in for 0xa9
04-29 22:23:54.544 15411 15411 E ArmVmp : Match on catch block at 0xc3 in for 0xa1
04-29 22:23:54.551 15411 15411 E ArmVmp : Match on catch block at 0xc3 in for 0xa1
04-29 22:23:54.555 15411 15411 E ArmVmp : Match on catch block at 0xc3 in for 0xa5
04-29 22:23:54.572 15411 15411 E ArmVmp : Match on catch block at 0xc3 in for 0xa5
04-29 22:23:54.576 15411 15411 E ArmVmp : Match on catch block at 0xc3 in for 0xa9
04-29 22:23:54.591 15411 15411 E ArmVmp : Match on catch block at 0xc3 in for 0xa9
04-29 22:23:54.594 15411 15411 E ArmVmp : Match on catch block at 0xc3 in for 0xa1
04-29 22:23:54.617 15411 15411 E ArmVmp : Match on catch block at 0xc3 in for 0xa1
04-29 22:23:54.621 15411 15411 E ArmVmp : Match on catch block at 0xc3 in for 0xa5
04-29 22:23:54.634 15411 15411 E ArmVmp : Match on catch block at 0xc3 in for 0xa5
04-29 22:23:54.637 15411 15411 E ArmVmp : Match on catch block at 0xc3 in for 0xa9
04-29 22:23:54.650 15411 15411 E ArmVmp : Match on catch block at 0xc3 in for 0xa9
04-29 22:23:54.654 15411 15411 E ArmVmp : Match on catch block at 0xc3 in for 0xa1
04-29 22:23:55.020 15411 15411 E ArmVmp : Match on catch block at 0xc3 in for 0xa1
04-29 22:23:55.023 15411 15411 E ArmVmp : Match on catch block at 0xc3 in for 0xa5
04-29 22:23:55.181 15411 15411 E SpannableStringBuilder: SPAN_EXCLUSIVE_EXCLUSIVE spans cannot have a zero length
04-29 22:23:55.192 15411 15411 E ArmVmp : Match on catch block at 0xc3 in for 0xa9
04-29 22:23:55.196 15411 15411 E ArmVmp : Match on catch block at 0xc3 in for 0xa1
04-29 22:23:55.205 15411 15411 E ArmVmp : Match on catch block at 0xc3 in for 0xa1
04-29 22:23:55.210 15411 15411 E ArmVmp : Match on catch block at 0xc3 in for 0xa5
04-29 22:23:55.222 15411 15411 E ArmVmp : Match on catch block at 0xc3 in for 0xa5
04-29 22:23:55.226 15411 15411 E ArmVmp : Match on catch block at 0xc3 in for 0xa9
04-29 22:23:55.239 15411 15411 E ArmVmp : Match on catch block at 0xc3 in for 0xa9
04-29 22:23:55.244 15411 15411 E ArmVmp : Match on catch block at 0xc3 in for 0xa1
04-29 22:23:55.255 15411 15411 E ArmVmp : Match on catch block at 0xc3 in for 0xa1
04-29 22:23:55.259 15411 15411 E ArmVmp : Match on catch block at 0xc3 in for 0xa5
04-29 22:23:55.271 15411 15411 E ArmVmp : Match on catch block at 0xc3 in for 0xa5
04-29 22:23:55.275 15411 15411 E ArmVmp : Match on catch block at 0xc3 in for 0xa9
04-29 22:23:55.288 15411 15411 E ArmVmp : Match on catch block at 0xc3 in for 0xa9
04-29 22:23:55.291 15411 15411 E ArmVmp : Match on catch block at 0xc3 in for 0xa1
04-29 22:23:55.305 15411 15411 E ArmVmp : Match on catch block at 0xc3 in for 0xa1
04-29 22:23:55.309 15411 15411 E ArmVmp : Match on catch block at 0xc3 in for 0xa5
04-29 22:23:55.322 15411 15411 E ArmVmp : Match on catch block at 0xc3 in for 0xa5
04-29 22:23:55.325 15411 15411 E ArmVmp : Match on catch block at 0xc3 in for 0xa9
04-29 22:23:55.354 15411 15411 E ArmVmp : Match on catch block at 0xc3 in for 0xa1
04-29 22:23:55.358 15411 15411 E ArmVmp : Match on catch block at 0xc3 in for 0xa5
04-29 22:23:55.373 15411 15411 E ArmVmp : Match on catch block at 0xc3 in for 0xa1
04-29 22:23:55.376 15411 15411 E ArmVmp : Match on catch block at 0xc3 in for 0xa5
04-29 22:23:55.391 15411 15411 E ArmVmp : Match on catch block at 0xc3 in for 0xa5
04-29 22:23:55.395 15411 15411 E ArmVmp : Match on catch block at 0xc3 in for 0xa9
04-29 22:23:55.407 15411 15411 E ArmVmp : Match on catch block at 0xc3 in for 0xa9
04-29 22:23:55.414 15411 15411 E ArmVmp : Match on catch block at 0xc3 in for 0xa1
04-29 22:23:55.693 15411 15411 E ArmVmp : Match on catch block at 0xc3 in for 0xa1
04-29 22:23:55.701 15411 15411 E ArmVmp : Match on catch block at 0xc3 in for 0xa5
04-29 22:23:56.198 15411 15411 E ArmVmp : Match on catch block at 0xc3 in for 0xa5
04-29 22:23:56.205 15411 15411 E ArmVmp : Match on catch block at 0xc3 in for 0xa9
04-29 22:23:56.567 15411 15411 E ArmVmp : Match on catch block at 0xc3 in for 0xa1
04-29 22:23:56.570 15411 15411 E ArmVmp : Match on catch block at 0xc3 in for 0xa5
04-29 22:23:56.700 15411 15411 E ArmVmp : Match on catch block at 0xc3 in for 0xa1
04-29 22:23:56.703 15411 15411 E ArmVmp : Match on catch block at 0xc3 in for 0xa5
04-29 22:23:56.786 15411 15411 E ArmVmp : Match on catch block at 0xc3 in for 0xa5
04-29 22:23:56.792 15411 15411 E ArmVmp : Match on catch block at 0xc3 in for 0xa9
04-29 22:23:56.810 15411 15411 W IInputConnectionWrapper: requestCursorAnchorInfo on inactive InputConnection
04-29 22:23:56.813 15411 15411 E ArmVmp : Match on catch block at 0xc3 in for 0xa5
04-29 22:23:56.817 15411 15411 E ArmVmp : Match on catch block at 0xc3 in for 0xa9
04-29 22:23:56.938 15411 15411 E ArmVmp : Match on catch block at 0xc3 in for 0xa5
04-29 22:23:56.942 15411 15411 E ArmVmp : Match on catch block at 0xc3 in for 0xa9
04-29 22:23:56.946 15411 15411 E ArmVmp : Match on catch block at 0xc3 in for 0xa9
04-29 22:23:56.951 15411 15411 E ArmVmp : Match on catch block at 0xc3 in for 0xa1
04-29 22:24:01.654 15411 15411 E Parcel : Reading a NULL string not supported here.
04-29 22:24:01.718 15411 17008 E libEGL : Invalid file path for libcolorx- loader.so
04-29 22:24:02.016 15411 15411 E ArmVmp : Match on catch block at 0x0a in for 0xc1
04-29 22:24:02.021 15411 15411 E ArmVmp : Match on catch block at 0x0a in for 0xc9
04-29 22:24:02.072 15411 15411 E libEGL : Invalid file path for libcolorx- loader.so
04-29 22:24:02.073 15411 15411 E libEGL : Invalid file path for libcolorx- loader.so
04-29 22:24:02.390 15411 15411 E ArmVmp : Match on catch block at 0xc3 in for 0xb1
04-29 22:24:02.394 15411 15411 E ArmVmp : Match on catch block at 0xc3 in for 0xb1
04-29 22:24:02.485 15411 15411 E ArmVmp : Match on catch block at 0xc3 in for 0xa1
04-29 22:24:02.490 15411 15411 E ArmVmp : Match on catch block at 0xc3 in for 0xa5
04-29 22:24:02.529 15411 15411 E ArmVmp : Match on catch block at 0xc3 in for 0xa9
04-29 22:24:02.532 15411 15411 E ArmVmp : Match on catch block at 0xc3 in for 0xa1
04-29 22:24:02.576 15411 15411 E ArmVmp : Match on catch block at 0xc3 in for 0xa9
04-29 22:24:02.579 15411 15411 E ArmVmp : Match on catch block at 0xc3 in for 0xa1
04-29 22:24:03.060 15411 15411 E ArmVmp : Match on catch block at 0xc3 in for 0xa1
04-29 22:24:03.066 15411 15411 E ArmVmp : Match on catch block at 0xc3 in for 0xa5
04-29 22:24:03.563 15411 15411 E ArmVmp : Match on catch block at 0xc3 in for 0xa5
04-29 22:24:03.567 15411 15411 E ArmVmp : Match on catch block at 0xc3 in for 0xa9
04-29 22:24:04.067 15411 15411 E ArmVmp : Match on catch block at 0xc3 in for 0xa9
04-29 22:24:04.073 15411 15411 E ArmVmp : Match on catch block at 0xc3 in for 0xa1
04-29 22:24:04.570 15411 15411 E ArmVmp : Match on catch block at 0xc3 in for 0xa1
04-29 22:24:04.574 15411 15411 E ArmVmp : Match on catch block at 0xc3 in for 0xa5
04-29 22:24:05.073 15411 15411 E ArmVmp : Match on catch block at 0xc3 in for 0xa9
04-29 22:24:05.077 15411 15411 E ArmVmp : Match on catch block at 0xc3 in for 0xa1
04-29 22:24:05.577 15411 15411 E ArmVmp : Match on catch block at 0xc3 in for 0xa1
04-29 22:24:05.582 15411 15411 E ArmVmp : Match on catch block at 0xc3 in for 0xa5
04-29 22:24:06.081 15411 15411 E ArmVmp : Match on catch block at 0xc3 in for 0xa5
04-29 22:24:06.084 15411 15411 E ArmVmp : Match on catch block at 0xc3 in for 0xa9
04-29 22:24:06.587 15411 15411 E ArmVmp : Match on catch block at 0xc3 in for 0xa9
04-29 22:24:06.593 15411 15411 E ArmVmp : Match on catch block at 0xc3 in for 0xa1
04-29 22:24:07.072 15411 15411 E ArmVmp : Match on catch block at 0xc3 in for 0xa1
04-29 22:24:07.076 15411 15411 E ArmVmp : Match on catch block at 0xc3 in for 0xa5
04-29 22:24:07.387 15411 15411 E ArmVmp : Match on catch block at 0xc3 in for 0xa5
04-29 22:24:07.393 15411 15411 E ArmVmp : Match on catch block at 0xc3 in for 0xa9
04-29 22:24:07.528 15411 15411 E ArmVmp : Match on catch block at 0xc3 in for 0xa5
04-29 22:24:07.531 15411 15411 E ArmVmp : Match on catch block at 0xc3 in for 0xa9
04-29 22:24:07.557 15411 15411 E ArmVmp : Match on catch block at 0xc3 in for 0xa9
04-29 22:24:07.560 15411 15411 E ArmVmp : Match on catch block at 0xc3 in for 0xa1
04-29 22:24:07.592 15411 15411 E ArmVmp : Match on catch block at 0xc3 in for 0xa1
04-29 22:24:07.597 15411 15411 E ArmVmp : Match on catch block at 0xc3 in for 0xa5
04-29 22:24:07.715 15411 15411 E ArmVmp : Match on catch block at 0xc3 in for 0xa1
04-29 22:24:07.720 15411 15411 E ArmVmp : Match on catch block at 0xc3 in for 0xa5
04-29 22:24:07.742 15411 15411 E ArmVmp : Match on catch block at 0xc3 in for 0xa5
04-29 22:24:07.746 15411 15411 E ArmVmp : Match on catch block at 0xc3 in for 0xa9
04-29 22:24:08.097 15411 15411 E ArmVmp : Match on catch block at 0xc3 in for 0xa9
04-29 22:24:08.101 15411 15411 E ArmVmp : Match on catch block at 0xc3 in for 0xa1
04-29 22:24:08.603 15411 15411 E ArmVmp : Match on catch block at 0xc3 in for 0xa1
04-29 22:24:08.610 15411 15411 E ArmVmp : Match on catch block at 0xc3 in for 0xa5
04-29 22:24:09.090 15411 15411 E ArmVmp : Match on catch block at 0xc3 in for 0xa5
04-29 22:24:09.097 15411 15411 E ArmVmp : Match on catch block at 0xc3 in for 0xa9
04-29 22:24:09.534 15411 15411 E ArmVmp : Match on catch block at 0xc3 in for 0xa5
04-29 22:24:09.538 15411 15411 E ArmVmp : Match on catch block at 0xc3 in for 0xa9
04-29 22:24:09.547 15411 15411 E ArmVmp : Match on catch block at 0xc3 in for 0xa9
04-29 22:24:09.551 15411 15411 E ArmVmp : Match on catch block at 0xc3 in for 0xa1
04-29 22:24:09.581 15411 15411 E ArmVmp : Match on catch block at 0xc3 in for 0xa5
04-29 22:24:09.584 15411 15411 E ArmVmp : Match on catch block at 0xc3 in for 0xa9
04-29 22:24:09.593 15411 15411 E ArmVmp : Match on catch block at 0xc3 in for 0xa9
04-29 22:24:09.597 15411 15411 E ArmVmp : Match on catch block at 0xc3 in for 0xa1
04-29 22:24:09.610 15411 15411 E ArmVmp : Match on catch block at 0xc3 in for 0xa5
04-29 22:24:09.613 15411 15411 E ArmVmp : Match on catch block at 0xc3 in for 0xa9
04-29 22:24:09.626 15411 15411 E ArmVmp : Match on catch block at 0xc3 in for 0xa1
04-29 22:24:09.630 15411 15411 E ArmVmp : Match on catch block at 0xc3 in for 0xa5
04-29 22:24:09.641 15411 15411 E ArmVmp : Match on catch block at 0xc3 in for 0xa5
04-29 22:24:09.644 15411 15411 E ArmVmp : Match on catch block at 0xc3 in for 0xa9
04-29 22:24:09.657 15411 15411 E ArmVmp : Match on catch block at 0xc3 in for 0xa9
04-29 22:24:09.661 15411 15411 E ArmVmp : Match on catch block at 0xc3 in for 0xa1
04-29 22:24:09.674 15411 15411 E ArmVmp : Match on catch block at 0xc3 in for 0xa1
04-29 22:24:09.677 15411 15411 E ArmVmp : Match on catch block at 0xc3 in for 0xa5
04-29 22:24:09.691 15411 15411 E ArmVmp : Match on catch block at 0xc3 in for 0xa5
04-29 22:24:09.694 15411 15411 E ArmVmp : Match on catch block at 0xc3 in for 0xa9
04-29 22:24:09.710 15411 15411 E ArmVmp : Match on catch block at 0xc3 in for 0xa1
04-29 22:24:09.714 15411 15411 E ArmVmp : Match on catch block at 0xc3 in for 0xa5
04-29 22:24:09.725 15411 15411 E ArmVmp : Match on catch block at 0xc3 in for 0xa5
04-29 22:24:09.728 15411 15411 E ArmVmp : Match on catch block at 0xc3 in for 0xa9
04-29 22:24:09.741 15411 15411 E ArmVmp : Match on catch block at 0xc3 in for 0xa9
04-29 22:24:09.744 15411 15411 E ArmVmp : Match on catch block at 0xc3 in for 0xa1
04-29 22:24:09.758 15411 15411 E ArmVmp : Match on catch block at 0xc3 in for 0xa1
04-29 22:24:09.761 15411 15411 E ArmVmp : Match on catch block at 0xc3 in for 0xa5
04-29 22:24:09.775 15411 15411 E ArmVmp : Match on catch block at 0xc3 in for 0xa5
04-29 22:24:09.778 15411 15411 E ArmVmp : Match on catch block at 0xc3 in for 0xa9
04-29 22:24:09.791 15411 15411 E ArmVmp : Match on catch block at 0xc3 in for 0xa9
04-29 22:24:09.795 15411 15411 E ArmVmp : Match on catch block at 0xc3 in for 0xa1
04-29 22:24:09.808 15411 15411 E ArmVmp : Match on catch block at 0xc3 in for 0xa1
04-29 22:24:09.812 15411 15411 E ArmVmp : Match on catch block at 0xc3 in for 0xa5
04-29 22:24:09.825 15411 15411 E ArmVmp : Match on catch block at 0xc3 in for 0xa5
04-29 22:24:09.829 15411 15411 E ArmVmp : Match on catch block at 0xc3 in for 0xa9
04-29 22:24:09.842 15411 15411 E ArmVmp : Match on catch block at 0xc3 in for 0xa9
04-29 22:24:09.845 15411 15411 E ArmVmp : Match on catch block at 0xc3 in for 0xa1
04-29 22:24:09.859 15411 15411 E ArmVmp : Match on catch block at 0xc3 in for 0xa1
04-29 22:24:09.862 15411 15411 E ArmVmp : Match on catch block at 0xc3 in for 0xa5
04-29 22:24:09.876 15411 15411 E ArmVmp : Match on catch block at 0xc3 in for 0xa5
04-29 22:24:09.879 15411 15411 E ArmVmp : Match on catch block at 0xc3 in for 0xa9
04-29 22:24:09.892 15411 15411 E ArmVmp : Match on catch block at 0xc3 in for 0xa9
04-29 22:24:09.896 15411 15411 E ArmVmp : Match on catch block at 0xc3 in for 0xa1
04-29 22:24:09.910 15411 15411 E ArmVmp : Match on catch block at 0xc3 in for 0xa1
04-29 22:24:09.913 15411 15411 E ArmVmp : Match on catch block at 0xc3 in for 0xa5
04-29 22:24:09.925 15411 15411 E ArmVmp : Match on catch block at 0xc3 in for 0xa9
04-29 22:24:09.928 15411 15411 E ArmVmp : Match on catch block at 0xc3 in for 0xa1
04-29 22:24:09.941 15411 15411 E ArmVmp : Match on catch block at 0xc3 in for 0xa5
04-29 22:24:09.945 15411 15411 E ArmVmp : Match on catch block at 0xc3 in for 0xa9
04-29 22:24:09.958 15411 15411 E ArmVmp : Match on catch block at 0xc3 in for 0xa1
04-29 22:24:09.962 15411 15411 E ArmVmp : Match on catch block at 0xc3 in for 0xa5
04-29 22:24:09.975 15411 15411 E ArmVmp : Match on catch block at 0xc3 in for 0xa9
04-29 22:24:09.979 15411 15411 E ArmVmp : Match on catch block at 0xc3 in for 0xa1
04-29 22:24:09.992 15411 15411 E ArmVmp : Match on catch block at 0xc3 in for 0xa5
04-29 22:24:09.997 15411 15411 E ArmVmp : Match on catch block at 0xc3 in for 0xa9
04-29 22:24:10.010 15411 15411 E ArmVmp : Match on catch block at 0xc3 in for 0xa1
04-29 22:24:10.014 15411 15411 E ArmVmp : Match on catch block at 0xc3 in for 0xa5
04-29 22:24:10.026 15411 15411 E ArmVmp : Match on catch block at 0xc3 in for 0xa5
04-29 22:24:10.031 15411 15411 E ArmVmp : Match on catch block at 0xc3 in for 0xa9
04-29 22:24:10.111 15411 15411 E ArmVmp : Match on catch block at 0xc3 in for 0xa9
04-29 22:24:10.119 15411 15411 E ArmVmp : Match on catch block at 0xc3 in for 0xa1
04-29 22:24:10.413 15411 15411 E ArmVmp : Match on catch block at 0xc3 in for 0xa1
04-29 22:24:10.417 15411 15411 E ArmVmp : Match on catch block at 0xc3 in for 0xa5
04-29 22:24:10.428 15411 15411 E ArmVmp : Match on catch block at 0xc3 in for 0xa5
04-29 22:24:10.434 15411 15411 E ArmVmp : Match on catch block at 0xc3 in for 0xa9
04-29 22:24:10.445 15411 15411 E ArmVmp : Match on catch block at 0xc3 in for 0xa9
04-29 22:24:10.451 15411 15411 E ArmVmp : Match on catch block at 0xc3 in for 0xa1
04-29 22:24:10.462 15411 15411 E ArmVmp : Match on catch block at 0xc3 in for 0xa1
04-29 22:24:10.468 15411 15411 E ArmVmp : Match on catch block at 0xc3 in for 0xa5
04-29 22:24:10.478 15411 15411 E ArmVmp : Match on catch block at 0xc3 in for 0xa5
04-29 22:24:10.483 15411 15411 E ArmVmp : Match on catch block at 0xc3 in for 0xa9
