04-30 04:41:21.077 15183 15183 E ArmVmp : Match on catch block at 0xc3 in for 0xa5
04-30 04:41:21.081 15183 15183 E ArmVmp : Match on catch block at 0xc3 in for 0xa9
04-30 04:41:21.093 15183 15183 E ArmVmp : Match on catch block at 0xc3 in for 0xa1
04-30 04:41:21.097 15183 15183 E ArmVmp : Match on catch block at 0xc3 in for 0xa5
04-30 04:41:21.110 15183 15183 E ArmVmp : Match on catch block at 0xc3 in for 0xa1
04-30 04:41:21.114 15183 15183 E ArmVmp : Match on catch block at 0xc3 in for 0xa5
04-30 04:41:21.395 15183 15183 E ArmVmp : Match on catch block at 0xc3 in for 0xa5
04-30 04:41:21.400 15183 15183 E ArmVmp : Match on catch block at 0xc3 in for 0xa9
04-30 04:41:21.664 15183 15183 E ArmVmp : Match on catch block at 0xc3 in for 0xa9
04-30 04:41:21.668 15183 15183 E ArmVmp : Match on catch block at 0xc3 in for 0xa1
04-30 04:41:21.682 15183 15183 E ArmVmp : Match on catch block at 0xc3 in for 0xa1
04-30 04:41:21.688 15183 15183 E ArmVmp : Match on catch block at 0xc3 in for 0xa5
04-30 04:41:21.698 15183 15183 E ArmVmp : Match on catch block at 0xc3 in for 0xa5
04-30 04:41:21.705 15183 15183 E ArmVmp : Match on catch block at 0xc3 in for 0xa9
04-30 04:41:21.715 15183 15183 E ArmVmp : Match on catch block at 0xc3 in for 0xa9
04-30 04:41:21.721 15183 15183 E ArmVmp : Match on catch block at 0xc3 in for 0xa1
04-30 04:41:21.732 15183 15183 E ArmVmp : Match on catch block at 0xc3 in for 0xa1
04-30 04:41:21.738 15183 15183 E ArmVmp : Match on catch block at 0xc3 in for 0xa5
04-30 04:41:21.749 15183 15183 E ArmVmp : Match on catch block at 0xc3 in for 0xa5
04-30 04:41:21.755 15183 15183 E ArmVmp : Match on catch block at 0xc3 in for 0xa9
04-30 04:41:21.764 15183 15183 E ArmVmp : Match on catch block at 0xc3 in for 0xa9
04-30 04:41:21.771 15183 15183 E ArmVmp : Match on catch block at 0xc3 in for 0xa1
04-30 04:41:21.781 15183 15183 E ArmVmp : Match on catch block at 0xc3 in for 0xa1
04-30 04:41:21.788 15183 15183 E ArmVmp : Match on catch block at 0xc3 in for 0xa5
04-30 04:41:21.799 15183 15183 E ArmVmp : Match on catch block at 0xc3 in for 0xa5
04-30 04:41:21.805 15183 15183 E ArmVmp : Match on catch block at 0xc3 in for 0xa9
04-30 04:41:21.816 15183 15183 E ArmVmp : Match on catch block at 0xc3 in for 0xa9
04-30 04:41:21.821 15183 15183 E ArmVmp : Match on catch block at 0xc3 in for 0xa1
04-30 04:41:21.832 15183 15183 E ArmVmp : Match on catch block at 0xc3 in for 0xa1
04-30 04:41:21.837 15183 15183 E ArmVmp : Match on catch block at 0xc3 in for 0xa5
04-30 04:41:21.849 15183 15183 E ArmVmp : Match on catch block at 0xc3 in for 0xa5
04-30 04:41:21.855 15183 15183 E ArmVmp : Match on catch block at 0xc3 in for 0xa9
04-30 04:41:21.866 15183 15183 E ArmVmp : Match on catch block at 0xc3 in for 0xa9
04-30 04:41:21.871 15183 15183 E ArmVmp : Match on catch block at 0xc3 in for 0xa1
04-30 04:41:21.882 15183 15183 E ArmVmp : Match on catch block at 0xc3 in for 0xa1
04-30 04:41:21.888 15183 15183 E ArmVmp : Match on catch block at 0xc3 in for 0xa5
04-30 04:41:21.899 15183 15183 E ArmVmp : Match on catch block at 0xc3 in for 0xa5
04-30 04:41:21.905 15183 15183 E ArmVmp : Match on catch block at 0xc3 in for 0xa9
04-30 04:41:21.916 15183 15183 E ArmVmp : Match on catch block at 0xc3 in for 0xa9
04-30 04:41:21.923 15183 15183 E ArmVmp : Match on catch block at 0xc3 in for 0xa1
04-30 04:41:21.933 15183 15183 E ArmVmp : Match on catch block at 0xc3 in for 0xa1
04-30 04:41:21.939 15183 15183 E ArmVmp : Match on catch block at 0xc3 in for 0xa5
04-30 04:41:22.406 15183 15183 E ArmVmp : Match on catch block at 0xc3 in for 0xa5
04-30 04:41:22.413 15183 15183 E ArmVmp : Match on catch block at 0xc3 in for 0xa9
04-30 04:41:22.907 15183 15183 E ArmVmp : Match on catch block at 0xc3 in for 0xa9
04-30 04:41:22.912 15183 15183 E ArmVmp : Match on catch block at 0xc3 in for 0xa1
04-30 04:41:23.416 15183 15183 E ArmVmp : Match on catch block at 0xc3 in for 0xa5
04-30 04:41:23.421 15183 15183 E ArmVmp : Match on catch block at 0xc3 in for 0xa9
04-30 04:41:23.912 15183 15183 E ArmVmp : Match on catch block at 0xc3 in for 0xa9
04-30 04:41:23.918 15183 15183 E ArmVmp : Match on catch block at 0xc3 in for 0xa1
04-30 04:41:24.424 15183 15183 E ArmVmp : Match on catch block at 0xc3 in for 0xa1
04-30 04:41:24.431 15183 15183 E ArmVmp : Match on catch block at 0xc3 in for 0xa5
04-30 04:41:24.917 15183 15183 E ArmVmp : Match on catch block at 0xc3 in for 0xa5
04-30 04:41:24.924 15183 15183 E ArmVmp : Match on catch block at 0xc3 in for 0xa9
04-30 04:41:25.422 15183 15183 E ArmVmp : Match on catch block at 0xc3 in for 0xa9
04-30 04:41:25.428 15183 15183 E ArmVmp : Match on catch block at 0xc3 in for 0xa1
04-30 04:41:25.915 15183 15183 E ArmVmp : Match on catch block at 0xc3 in for 0xa1
04-30 04:41:25.920 15183 15183 E ArmVmp : Match on catch block at 0xc3 in for 0xa5
04-30 04:41:26.212 15183 15183 E ArmVmp : Match on catch block at 0xc3 in for 0xa5
04-30 04:41:26.217 15183 15183 E ArmVmp : Match on catch block at 0xc3 in for 0xa9
04-30 04:41:26.369 15183 15183 E ArmVmp : Match on catch block at 0xc3 in for 0xa9
04-30 04:41:26.377 15183 15183 E ArmVmp : Match on catch block at 0xc3 in for 0xa1
04-30 04:42:10.339 15183 15255 E ArmVmp : No matching catch block at 0x07
04-30 04:42:10.340 15183 15255 E ArmVmp : Match on catch block at 0x02 in for 0x21
04-30 04:42:10.382 15183 15255 W System.err: java.net.SocketException: Software caused connection abort
04-30 04:42:10.383 15183 15255 W System.err:
04-30 04:42:10.385 15183 15255 W System.err: at java.net.SocketInputStream.socketRead0(Native Method)
04-30 04:42:10.385 15183 15255 W System.err:
04-30 04:42:10.386 15183 15255 W System.err: at java.net.SocketInputStream.socketRead(SocketInputStream.java:119)
04-30 04:42:10.387 15183 15255 W System.err:
04-30 04:42:10.387 15183 15255 W System.err: at java.net.SocketInputStream.read(SocketInputStream.java:176)
04-30 04:42:10.388 15183 15255 W System.err:
04-30 04:42:10.389 15183 15255 W System.err: at java.net.SocketInputStream.read(SocketInputStream.java:144)
04-30 04:42:10.389 15183 15255 W System.err:
04-30 04:42:10.390 15183 15255 W System.err: at com.android.org.conscrypt.ConscryptEngineSocket$SSLInputStream.readFromSocket(Consc ryptEngineSocket.java:983)
04-30 04:42:10.391 15183 15255 W System.err:
04-30 04:42:10.392 15183 15255 W System.err: at com.android.org.conscrypt.ConscryptEngineSocket$SSLInputStream.processDataFromSocke t(ConscryptEngineSocket.java:947)
04-30 04:42:10.393 15183 15255 W System.err:
04-30 04:42:10.394 15183 15255 W System.err: at com.android.org.conscrypt.ConscryptEngineSocket$SSLInputStream.-$ $Nest$mprocessDataFromSocket(Unknown Source:0)
04-30 04:42:10.395 15183 15255 W System.err:
04-30 04:42:10.396 15183 15255 W System.err: at com.android.org.conscrypt.ConscryptEngineSocket.doHandshake(ConscryptEngineSocket.j ava:236)
04-30 04:42:10.396 15183 15255 W System.err:
04-30 04:42:10.397 15183 15255 W System.err: at com.android.org.conscrypt.ConscryptEngineSocket.startHandshake(ConscryptEngineSocke t.java:218)
04-30 04:42:10.398 15183 15255 W System.err:
04-30 04:42:10.399 15183 15255 W System.err: at com.android.okhttp.internal.io.RealConnection.connectTls(RealConnection.java:196)
04-30 04:42:10.399 15183 15255 W System.err:
04-30 04:42:10.400 15183 15255 W System.err: at com.android.okhttp.internal.io.RealConnection.connectSocket(RealConnection.java:153 )
04-30 04:42:10.401 15183 15255 W System.err:
04-30 04:42:10.401 15183 15255 W System.err: at com.android.okhttp.internal.io.RealConnection.connect(RealConnection.java:116)
04-30 04:42:10.402 15183 15255 W System.err:
04-30 04:42:10.402 15183 15255 W System.err: at com.android.okhttp.internal.http.StreamAllocation.findConnection(StreamAllocation.j ava:186)
04-30 04:42:10.403 15183 15255 W System.err:
04-30 04:42:10.404 15183 15255 W System.err: at com.android.okhttp.internal.http.StreamAllocation.findHealthyConnection(StreamAlloc ation.java:128)
04-30 04:42:10.405 15183 15255 W System.err:
04-30 04:42:10.405 15183 15255 W System.err: at com.android.okhttp.internal.http.StreamAllocation.newStream(StreamAllocation.java:9 7)
04-30 04:42:10.406 15183 15255 W System.err:
04-30 04:42:10.407 15183 15255 W System.err: at com.android.okhttp.internal.http.HttpEngine.connect(HttpEngine.java:302)
04-30 04:42:10.409 15183 15255 W System.err:
04-30 04:42:10.409 15183 15255 W System.err: at com.android.okhttp.internal.http.HttpEngine.sendRequest(HttpEngine.java:245)
04-30 04:42:10.410 15183 15255 W System.err:
04-30 04:42:10.411 15183 15255 W System.err: at com.android.okhttp.internal.huc.HttpURLConnectionImpl.execute(HttpURLConnectionImpl .java:465)
04-30 04:42:10.411 15183 15255 W System.err:
04-30 04:42:10.412 15183 15255 W System.err: at com.android.okhttp.internal.huc.HttpURLConnectionImpl.getResponse(HttpURLConnection Impl.java:411)
04-30 04:42:10.412 15183 15255 W System.err:
04-30 04:42:10.413 15183 15255 W System.err: at com.android.okhttp.internal.huc.HttpURLConnectionImpl.getInputStream(HttpURLConnect ionImpl.java:248)
04-30 04:42:10.413 15183 15255 W System.err:
04-30 04:42:10.414 15183 15255 W System.err: at com.android.okhttp.internal.huc.DelegatingHttpsURLConnection.getInputStream(Delegat ingHttpsURLConnection.java:211)
04-30 04:42:10.414 15183 15255 W System.err:
04-30 04:42:10.415 15183 15255 W System.err: at com.android.okhttp.internal.huc.HttpsURLConnectionImpl.getInputStream(HttpsURLConne ctionImpl.java:30)
04-30 04:42:10.415 15183 15255 W System.err:
04-30 04:42:10.416 15183 15255 W System.err: at java.net.URL.openStream(URL.java:1072)
04-30 04:42:10.417 15183 15255 W System.err:
04-30 04:42:10.417 15183 15255 W System.err: at mbmodsd.mbmodsw.mbdialog.MBDialogMan.loadJsonFromUrl(Native Method)
04-30 04:42:10.417 15183 15255 W System.err:
04-30 04:42:10.418 15183 15255 W System.err: at mbmodsd.mbmodsw.mbdialog.MBDialogMan.access$000(Native Method)
04-30 04:42:10.418 15183 15255 W System.err:
04-30 04:42:10.419 15183 15255 W System.err: at mbmodsd.mbmodsw.mbdialog.MBDialogMan$FetchJsonTask.doInBackground(Native Method)
04-30 04:42:10.419 15183 15255 W System.err:
04-30 04:42:10.420 15183 15255 W System.err: at mbmodsd.mbmodsw.mbdialog.MBDialogMan$FetchJsonTask.doInBackground(Native Method)
04-30 04:42:10.420 15183 15255 W System.err:
04-30 04:42:10.421 15183 15255 W System.err: at android.os.AsyncTask$3.call(AsyncTask.java:394)
04-30 04:42:10.421 15183 15255 W System.err:
04-30 04:42:10.422 15183 15255 W System.err: at java.util.concurrent.FutureTask.run(FutureTask.java:266)
04-30 04:42:10.422 15183 15255 W System.err:
04-30 04:42:10.423 15183 15255 W System.err: at android.os.AsyncTask$SerialExecutor$1.run(AsyncTask.java:305)
04-30 04:42:10.423 15183 15255 W System.err:
04-30 04:42:10.423 15183 15255 W System.err: at java.util.concurrent.ThreadPoolExecutor.runWorker(ThreadPoolExecutor.java:1167)
04-30 04:42:10.424 15183 15255 W System.err:
04-30 04:42:10.424 15183 15255 W System.err: at java.util.concurrent.ThreadPoolExecutor$Worker.run(ThreadPoolExecutor.java:641)
04-30 04:42:10.424 15183 15255 W System.err:
04-30 04:42:10.425 15183 15255 W System.err: at java.lang.Thread.run(Thread.java:923)
04-30 04:42:10.425 15183 15255 W System.err:
04-30 04:42:55.007 15183 15183 E ArmVmp : Match on catch block at 0x0a in for 0xc9
04-30 04:42:55.014 15183 15183 E ArmVmp : Match on catch block at 0x0a in for 0xc5
04-30 04:42:55.134 15183 15183 E ArmVmp : Match on catch block at 0xc3 in for 0xa5
04-30 04:42:55.141 15183 15183 E ArmVmp : Match on catch block at 0xc3 in for 0xa9
04-30 04:42:55.252 15183 15183 E ArmVmp : Match on catch block at 0xc3 in for 0xa9
04-30 04:42:55.258 15183 15183 E ArmVmp : Match on catch block at 0xc3 in for 0xa1
04-30 04:42:55.274 15183 15183 E ArmVmp : Match on catch block at 0xc3 in for 0xa1
04-30 04:42:55.282 15183 15183 E ArmVmp : Match on catch block at 0xc3 in for 0xa5
04-30 04:42:55.360 15183 15183 E ArmVmp : Match on catch block at 0xc3 in for 0xa5
04-30 04:42:55.365 15183 15183 E ArmVmp : Match on catch block at 0xc3 in for 0xa9
04-30 04:42:55.383 15183 15183 E ArmVmp : Match on catch block at 0xc3 in for 0xa9
04-30 04:42:55.389 15183 15183 E ArmVmp : Match on catch block at 0xc3 in for 0xa1
04-30 04:42:55.404 15183 15183 E ArmVmp : Match on catch block at 0xc3 in for 0xa1
04-30 04:42:55.410 15183 15183 E ArmVmp : Match on catch block at 0xc3 in for 0xa5
04-30 04:42:55.423 15183 15183 E ArmVmp : Match on catch block at 0xc3 in for 0xa5
04-30 04:42:55.429 15183 15183 E ArmVmp : Match on catch block at 0xc3 in for 0xa9
04-30 04:42:55.438 15183 15183 E ArmVmp : Match on catch block at 0xc3 in for 0xa9
04-30 04:42:55.444 15183 15183 E ArmVmp : Match on catch block at 0xc3 in for 0xa1
04-30 04:42:55.453 15183 15183 E ArmVmp : Match on catch block at 0xc3 in for 0xa1
04-30 04:42:55.457 15183 15183 E ArmVmp : Match on catch block at 0xc3 in for 0xa5
04-30 04:42:55.470 15183 15183 E ArmVmp : Match on catch block at 0xc3 in for 0xa5
04-30 04:42:55.474 15183 15183 E ArmVmp : Match on catch block at 0xc3 in for 0xa9
04-30 04:42:55.487 15183 15183 E ArmVmp : Match on catch block at 0xc3 in for 0xa9
04-30 04:42:55.491 15183 15183 E ArmVmp : Match on catch block at 0xc3 in for 0xa1
04-30 04:42:55.819 15183 15183 E ArmVmp : Match on catch block at 0xc3 in for 0xa1
04-30 04:42:55.825 15183 15183 E ArmVmp : Match on catch block at 0xc3 in for 0xa5
04-30 04:42:56.311 15183 15183 E ArmVmp : Match on catch block at 0xc3 in for 0xa5
04-30 04:42:56.318 15183 15183 E ArmVmp : Match on catch block at 0xc3 in for 0xa9
04-30 04:42:56.814 15183 15183 E ArmVmp : Match on catch block at 0xc3 in for 0xa9
04-30 04:42:56.821 15183 15183 E ArmVmp : Match on catch block at 0xc3 in for 0xa1
04-30 04:42:56.970 15183 15183 E ArmVmp : Match on catch block at 0xc3 in for 0xa9
04-30 04:42:56.973 15183 15183 E ArmVmp : Match on catch block at 0xc3 in for 0xa1
04-30 04:42:57.271 15183 15183 E Parcel : Reading a NULL string not supported here.
04-30 04:42:57.305 15183 15183 E ArmVmp : Match on catch block at 0xc3 in for 0xa1
04-30 04:42:57.309 15183 15183 E ArmVmp : Match on catch block at 0xc3 in for 0xa5
04-30 04:42:57.335 15183 17139 E libEGL : Invalid file path for libcolorx- loader.so
04-30 04:42:57.501 15183 15183 E libEGL : Invalid file path for libcolorx- loader.so
04-30 04:42:57.502 15183 15183 E libEGL : Invalid file path for libcolorx- loader.so
04-30 04:42:57.508 15183 15183 E ArmVmp : Match on catch block at 0xc3 in for 0xa9
04-30 04:42:57.511 15183 15183 E ArmVmp : Match on catch block at 0xc3 in for 0xa1
04-30 04:42:57.537 15183 15183 E ArmVmp : Match on catch block at 0xc3 in for 0xb5
04-30 04:42:57.592 15183 15183 E ArmVmp : Match on catch block at 0xc3 in for 0xa9
04-30 04:42:57.595 15183 15183 E ArmVmp : Match on catch block at 0xc3 in for 0xa1
04-30 04:42:57.614 15183 15183 E ArmVmp : Match on catch block at 0xc3 in for 0xa5
04-30 04:42:58.342 15183 15183 E ArmVmp : Match on catch block at 0xc3 in for 0xa1
04-30 04:42:58.348 15183 15183 E ArmVmp : Match on catch block at 0xc3 in for 0xa5
04-30 04:42:58.374 15183 15183 E ArmVmp : Match on catch block at 0xc3 in for 0xa9
04-30 04:42:58.401 15183 15183 E ArmVmp : Match on catch block at 0xc3 in for 0xa1
04-30 04:42:58.407 15183 15183 E ArmVmp : Match on catch block at 0xc3 in for 0xa5
04-30 04:42:58.435 15183 15183 E ArmVmp : Match on catch block at 0xc3 in for 0xa9
04-30 04:42:58.460 15183 15183 E ArmVmp : Match on catch block at 0xc3 in for 0xa1
04-30 04:42:58.466 15183 15183 E ArmVmp : Match on catch block at 0xc3 in for 0xa5
04-30 04:42:58.489 15183 15183 E ArmVmp : Match on catch block at 0xc3 in for 0xa9
04-30 04:42:58.512 15183 15183 E ArmVmp : Match on catch block at 0xc3 in for 0xa1
04-30 04:42:58.516 15183 15183 E ArmVmp : Match on catch block at 0xc3 in for 0xa5
04-30 04:42:58.539 15183 15183 E ArmVmp : Match on catch block at 0xc3 in for 0xa9
04-30 04:42:58.564 15183 15183 E ArmVmp : Match on catch block at 0xc3 in for 0xa1
04-30 04:42:58.569 15183 15183 E ArmVmp : Match on catch block at 0xc3 in for 0xa5
04-30 04:42:58.591 15183 15183 E ArmVmp : Match on catch block at 0xc3 in for 0xa9
04-30 04:42:58.615 15183 15183 E ArmVmp : Match on catch block at 0xc3 in for 0xa1
04-30 04:42:58.620 15183 15183 E ArmVmp : Match on catch block at 0xc3 in for 0xa5
04-30 04:42:58.642 15183 15183 E ArmVmp : Match on catch block at 0xc3 in for 0xa9
04-30 04:42:59.580 15183 15183 E libEGL : Invalid file path for libcolorx- loader.so
04-30 04:42:59.581 15183 15183 E libEGL : Invalid file path for libcolorx- loader.so
04-30 04:42:59.702 15183 15183 E ArmVmp : Match on catch block at 0xc3 in for 0xa5
04-30 04:42:59.705 15183 15183 E ArmVmp : Match on catch block at 0xc3 in for 0xa9
04-30 04:42:59.728 15183 15183 E ArmVmp : Match on catch block at 0xc3 in for 0xa9
04-30 04:42:59.732 15183 15183 E ArmVmp : Match on catch block at 0xc3 in for 0xa1
04-30 04:43:05.811 15183 15183 E ArmVmp : Match on catch block at 0xc3 in for 0xa9
04-30 04:43:05.818 15183 15183 E ArmVmp : Match on catch block at 0xc3 in for 0xa1
04-30 04:43:05.845 15183 15183 E ArmVmp : Match on catch block at 0xc3 in for 0xa1
04-30 04:43:05.852 15183 15183 E ArmVmp : Match on catch block at 0xc3 in for 0xa5
04-30 04:43:06.229 15183 15183 E ArmVmp : Match on catch block at 0xc3 in for 0xa5
04-30 04:43:06.233 15183 15183 E ArmVmp : Match on catch block at 0xc3 in for 0xa9
04-30 04:43:06.734 15183 15183 E ArmVmp : Match on catch block at 0xc3 in for 0xa9
04-30 04:43:06.739 15183 15183 E ArmVmp : Match on catch block at 0xc3 in for 0xa1
04-30 04:43:07.237 15183 15183 E ArmVmp : Match on catch block at 0xc3 in for 0xa1
04-30 04:43:07.241 15183 15183 E ArmVmp : Match on catch block at 0xc3 in for 0xa5
04-30 04:43:07.740 15183 15183 E ArmVmp : Match on catch block at 0xc3 in for 0xa5
04-30 04:43:07.743 15183 15183 E ArmVmp : Match on catch block at 0xc3 in for 0xa9
04-30 04:43:07.903 15183 15183 E ArmVmp : Match on catch block at 0xc3 in for 0xa5
04-30 04:43:07.908 15183 15183 E ArmVmp : Match on catch block at 0xc3 in for 0xa9
04-30 04:43:07.941 15183 15183 E ArmVmp : Match on catch block at 0xc3 in for 0xa1
04-30 04:43:07.945 15183 15183 E ArmVmp : Match on catch block at 0xc3 in for 0xa5
04-30 04:43:08.244 15183 15183 E ArmVmp : Match on catch block at 0xc3 in for 0xa5
04-30 04:43:08.248 15183 15183 E ArmVmp : Match on catch block at 0xc3 in for 0xa9
04-30 04:43:08.292 15183 15244 E SQLiteDatabase: Error inserting dirty_version=-1 version=0 lt_hash=null collection_name=regular_high
04-30 04:43:08.292 15183 15244 E SQLiteDatabase: android.database.sqlite.SQLiteConstraintException: UNIQUE constraint failed: collection_versions.collection_name (code 1555 SQLITE_CONSTRAINT_PRIMARYKEY)
04-30 04:43:08.292 15183 15244 E SQLiteDatabase: at android.database.sqlite.SQLiteConnection.nativeExecuteForLastInsertedRowId(Native Method)
04-30 04:43:08.292 15183 15244 E SQLiteDatabase: at android.database.sqlite.SQLiteConnection.executeForLastInsertedRowId(SQLiteConnecti on.java:948)
04-30 04:43:08.292 15183 15244 E SQLiteDatabase: at android.database.sqlite.SQLiteSession.executeForLastInsertedRowId(SQLiteSession.jav a:790)
04-30 04:43:08.292 15183 15244 E SQLiteDatabase: at android.database.sqlite.SQLiteStatement.executeInsert(SQLiteStatement.java:88)
04-30 04:43:08.292 15183 15244 E SQLiteDatabase: at android.database.sqlite.SQLiteDatabase.insertWithOnConflict(SQLiteDatabase.java:173 1)
04-30 04:43:08.292 15183 15244 E SQLiteDatabase: at android.database.sqlite.SQLiteDatabase.insert(SQLiteDatabase.java:1600)
04-30 04:43:08.292 15183 15244 E SQLiteDatabase: at X.2tm.A08(Unknown Source:6)
04-30 04:43:08.292 15183 15244 E SQLiteDatabase: at X.2sR.A03(Unknown Source:39)
04-30 04:43:08.292 15183 15244 E SQLiteDatabase: at X.2sR.A05(Unknown Source:14)
04-30 04:43:08.292 15183 15244 E SQLiteDatabase: at X.3eA.run(Unknown Source:2101)
04-30 04:43:08.292 15183 15244 E SQLiteDatabase: at java.util.concurrent.ThreadPoolExecutor.runWorker(ThreadPoolExecutor.java:1167)
04-30 04:43:08.292 15183 15244 E SQLiteDatabase: at java.util.concurrent.ThreadPoolExecutor$Worker.run(ThreadPoolExecutor.java:641)
04-30 04:43:08.292 15183 15244 E SQLiteDatabase: at X.3gH.run(Unknown Source:1548)
04-30 04:43:08.292 15183 15244 E SQLiteDatabase: at java.lang.Thread.run(Thread.java:923)
04-30 04:43:08.732 15183 15183 E ArmVmp : Match on catch block at 0xc3 in for 0xa9
04-30 04:43:08.737 15183 15183 E ArmVmp : Match on catch block at 0xc3 in for 0xa1
04-30 04:43:09.236 15183 15183 E ArmVmp : Match on catch block at 0xc3 in for 0xa1
04-30 04:43:09.244 15183 15183 E ArmVmp : Match on catch block at 0xc3 in for 0xa5
04-30 04:43:09.740 15183 15183 E ArmVmp : Match on catch block at 0xc3 in for 0xa5
04-30 04:43:09.745 15183 15183 E ArmVmp : Match on catch block at 0xc3 in for 0xa9
04-30 04:43:09.825 15183 15183 E ArmVmp : Match on catch block at 0xc3 in for 0xa5
04-30 04:43:09.831 15183 15183 E ArmVmp : Match on catch block at 0xc3 in for 0xa9
04-30 04:43:10.241 15183 15183 E ArmVmp : Match on catch block at 0xc3 in for 0xa9
04-30 04:43:10.244 15183 15183 E ArmVmp : Match on catch block at 0xc3 in for 0xa1
04-30 04:43:10.746 15183 15183 E ArmVmp : Match on catch block at 0xc3 in for 0xa1
04-30 04:43:10.754 15183 15183 E ArmVmp : Match on catch block at 0xc3 in for 0xa5
04-30 04:43:11.249 15183 15183 E ArmVmp : Match on catch block at 0xc3 in for 0xa5
04-30 04:43:11.256 15183 15183 E ArmVmp : Match on catch block at 0xc3 in for 0xa9
04-30 04:43:11.752 15183 15183 E ArmVmp : Match on catch block at 0xc3 in for 0xa9
04-30 04:43:11.756 15183 15183 E ArmVmp : Match on catch block at 0xc3 in for 0xa1
04-30 04:43:12.011 15183 17157 W SQLiteLog: (28) double-quoted string literal: "4D94953D0E9EB6977AC87D2F0CCC1F79"
04-30 04:43:12.256 15183 15183 E ArmVmp : Match on catch block at 0xc3 in for 0xa1
04-30 04:43:12.261 15183 15183 E ArmVmp : Match on catch block at 0xc3 in for 0xa5
04-30 04:43:12.759 15183 15183 E ArmVmp : Match on catch block at 0xc3 in for 0xa5
04-30 04:43:12.764 15183 15183 E ArmVmp : Match on catch block at 0xc3 in for 0xa9
04-30 04:43:13.262 15183 15183 E ArmVmp : Match on catch block at 0xc3 in for 0xa9
04-30 04:43:13.267 15183 15183 E ArmVmp : Match on catch block at 0xc3 in for 0xa1
04-30 04:43:13.768 15183 15183 E ArmVmp : Match on catch block at 0xc3 in for 0xa1
04-30 04:43:13.775 15183 15183 E ArmVmp : Match on catch block at 0xc3 in for 0xa5
04-30 04:43:14.267 15183 15183 E ArmVmp : Match on catch block at 0xc3 in for 0xa5
04-30 04:43:14.273 15183 15183 E ArmVmp : Match on catch block at 0xc3 in for 0xa9
04-30 04:43:14.764 15183 15183 E ArmVmp : Match on catch block at 0xc3 in for 0xa9
04-30 04:43:14.771 15183 15183 E ArmVmp : Match on catch block at 0xc3 in for 0xa1
04-30 04:43:15.261 15183 15183 E ArmVmp : Match on catch block at 0xc3 in for 0xa1
04-30 04:43:15.267 15183 15183 E ArmVmp : Match on catch block at 0xc3 in for 0xa5
04-30 04:43:15.763 15183 15183 E ArmVmp : Match on catch block at 0xc3 in for 0xa5
04-30 04:43:15.766 15183 15183 E ArmVmp : Match on catch block at 0xc3 in for 0xa9
04-30 04:43:16.268 15183 15183 E ArmVmp : Match on catch block at 0xc3 in for 0xa9
04-30 04:43:16.272 15183 15183 E ArmVmp : Match on catch block at 0xc3 in for 0xa1
04-30 04:43:16.535 15183 15183 E ArmVmp : Match on catch block at 0xc3 in for 0xa9
04-30 04:43:16.538 15183 15183 E ArmVmp : Match on catch block at 0xc3 in for 0xa1
04-30 04:43:16.957 15183 15197 W System : A resource failed to call release.
04-30 04:43:17.023 15183 15183 E ArmVmp : Match on catch block at 0xc3 in for 0xa5
04-30 04:43:17.027 15183 15183 E ArmVmp : Match on catch block at 0xc3 in for 0xa9
04-30 04:43:17.215 15183 15183 E ArmVmp : Match on catch block at 0xc3 in for 0xa9
04-30 04:43:17.219 15183 15183 E ArmVmp : Match on catch block at 0xc3 in for 0xa1
04-30 04:47:59.097 15183 15183 E Parcel : Reading a NULL string not supported here.
04-30 04:47:59.215 15183 18524 E libEGL : Invalid file path for libcolorx- loader.so
04-30 04:47:59.408 15183 15183 E libEGL : Invalid file path for libcolorx- loader.so
04-30 04:47:59.413 15183 15183 E libEGL : Invalid file path for libcolorx- loader.so
04-30 04:47:59.416 15183 15183 E libEGL : Invalid file path for libcolorx- loader.so
04-30 04:47:59.735 15183 15183 W BottomSheetBehavior: BottomSheetBehavior now supports multiple callbacks. `setBottomSheetCallback()` removes all existing callbacks, including ones set internally by library authors, which may result in unintended behavior. This may change in the future. Please use `addBottomSheetCallback()` and `removeBottomSheetCallback()` instead to set your own callbacks.
04-30 04:47:59.738 15183 15183 W BottomSheetBehavior: BottomSheetBehavior now supports multiple callbacks. `setBottomSheetCallback()` removes all existing callbacks, including ones set internally by library authors, which may result in unintended behavior. This may change in the future. Please use `addBottomSheetCallback()` and `removeBottomSheetCallback()` instead to set your own callbacks.
04-30 04:47:59.815 15183 15183 W BottomSheetBehavior: BottomSheetBehavior now supports multiple callbacks. `setBottomSheetCallback()` removes all existing callbacks, including ones set internally by library authors, which may result in unintended behavior. This may change in the future. Please use `addBottomSheetCallback()` and `removeBottomSheetCallback()` instead to set your own callbacks.
04-30 04:47:59.816 15183 15183 W BottomSheetBehavior: BottomSheetBehavior now supports multiple callbacks. `setBottomSheetCallback()` removes all existing callbacks, including ones set internally by library authors, which may result in unintended behavior. This may change in the future. Please use `addBottomSheetCallback()` and `removeBottomSheetCallback()` instead to set your own callbacks.
04-30 04:48:21.096 15183 15197 W System : A resource failed to call release. --------- beginning of main
04-30 04:52:17.244 22112 22112 E com.mbwhatsapp: Unknown bits set in runtime_flags: 0x40000000
04-30 04:52:17.251 22112 22112 E com.mbwhatsapp: Not starting debugger since process cannot load the jdwp agent.
04-30 04:52:17.262 22112 22112 E RefClass: java.lang.reflect.InvocationTargetException
04-30 04:52:17.330 22112 22112 E libc : Access denied finding property "ro.odm.prev.product.name"
04-30 04:52:17.800 22112 22112 W System.err: java.lang.ClassNotFoundException: mbmodsd.mbmodsw.ui.views.btn.BtnBK
04-30 04:52:17.801 22112 22112 W System.err: at java.lang.Runtime.nativeLoad(Native Method)
04-30 04:52:17.801 22112 22112 W System.err: at java.lang.Runtime.nativeLoad(Runtime.java:1131)
04-30 04:52:17.801 22112 22112 W System.err: at java.lang.Runtime.loadLibrary0(Runtime.java:1085)
04-30 04:52:17.801 22112 22112 W System.err: at java.lang.Runtime.loadLibrary0(Runtime.java:1008)
04-30 04:52:17.802 22112 22112 W System.err: at java.lang.System.loadLibrary(System.java:1664)
04-30 04:52:17.802 22112 22112 W System.err: at arm.EpicVm.<clinit>(Unknown Source:2)
04-30 04:52:17.802 22112 22112 W System.err: at java.lang.Class.newInstance(Native Method)
04-30 04:52:17.802 22112 22112 W System.err: at android.app.AppComponentFactory.instantiateApplication(AppComponentFactory.java:76)
04-30 04:52:17.802 22112 22112 W System.err: at androidx.core.app.CoreComponentFactory.instantiateApplication(Unknown Source:0)
04-30 04:52:17.802 22112 22112 W System.err: at android.app.Instrumentation.newApplication(Instrumentation.java:1158)
04-30 04:52:17.802 22112 22112 W System.err: at android.app.LoadedApk.makeApplication(LoadedApk.java:1324)
04-30 04:52:17.802 22112 22112 W System.err: at android.app.ActivityThread.handleBindApplication(ActivityThread.java:7272)
04-30 04:52:17.803 22112 22112 W System.err: at android.app.ActivityThread.access$1700(ActivityThread.java:309)
04-30 04:52:17.803 22112 22112 W System.err: at android.app.ActivityThread$H.handleMessage(ActivityThread.java:2194)
04-30 04:52:17.803 22112 22112 W System.err: at android.os.Handler.dispatchMessage(Handler.java:106)
04-30 04:52:17.803 22112 22112 W System.err: at android.os.Looper.loop(Looper.java:264)
04-30 04:52:17.803 22112 22112 W System.err: at android.app.ActivityThread.main(ActivityThread.java:8315)
04-30 04:52:17.803 22112 22112 W System.err: at java.lang.reflect.Method.invoke(Native Method)
04-30 04:52:17.803 22112 22112 W System.err: at com.android.internal.os.RuntimeInit$MethodAndArgsCaller.run(RuntimeInit.java:632)
04-30 04:52:17.803 22112 22112 W System.err: at com.android.internal.os.ZygoteInit.main(ZygoteInit.java:1049)
04-30 04:52:17.873 22112 22112 E CustomActivityOnCrash: IMPORTANT WARNING! You already have an UncaughtExceptionHandler, are you sure this is correct? If you use a custom UncaughtExceptionHandler, you must initialize it AFTER CustomActivityOnCrash! Installing anyway, but your original handler will not be called.
04-30 04:52:19.009 22112 22112 W com.mbwhatsapp: Accessing hidden method Lcom/android/org/conscrypt/OpenSSLSocketImpl;->setUseSessionTickets(Z)V (greylist- max-q,test-api, reflection, denied)
04-30 04:52:19.010 22112 22112 W com.mbwhatsapp: Accessing hidden method Lcom/android/org/conscrypt/AbstractConscryptSocket;->setUseSessionTickets(Z)V (greylist-max-q, reflection, denied)
04-30 04:52:19.102 22112 22112 W linker : Warning: "/data/data/com.mbwhatsapp/files/decompressed/libs.spk.zst/libc++_shared.so" unused DT entry: unknown processor-specific (type 0x70000001 arg 0x0) (ignoring)
04-30 04:52:19.381 22112 22112 E ANR_LOG : >>> msg's executing time is too long
04-30 04:52:19.381 22112 22112 E ANR_LOG : Blocked msg = { when=-2s101ms what=110 target=android.app.ActivityThread$H obj=AppBindData{appInfo=ApplicationInfo{5c525bd com.mbwhatsapp}} } , cost = 2094 ms
04-30 04:52:19.381 22112 22112 E ANR_LOG : >>>Current msg List is:
04-30 04:52:19.381 22112 22112 E ANR_LOG : Current msg <1> = { when=-2s100ms what=113 target=android.app.ActivityThread$H obj=ReceiverData{intent=Intent { flg=0x80014 cmp=com.mbwhatsapp/.yo.autoschedreply.Receiver (has extras) } packageName=com.mbwhatsapp resultCode=0 resultData=null resultExtras=null} }
04-30 04:52:19.381 22112 22112 E ANR_LOG : Current msg <2> = { when=-2s97ms what=9999 target=android.app.ActivityThread$H }
04-30 04:52:19.382 22112 22112 E ANR_LOG : Current msg <3> = { when=-1s923ms what=0 target=android.app.ActivityThread$H callback=com.android.internal.util.function.pooled.PooledLambdaImpl }
04-30 04:52:19.382 22112 22112 E ANR_LOG : Current msg <4> = { when=-643ms what=0 target=android.app.ActivityThread$H callback=android.app.-$ $Lambda$LoadedApk$ReceiverDispatcher$Args$_BumDX2UKsnxLVrE6UJsJZkotuA }
04-30 04:52:19.382 22112 22112 E ANR_LOG : >>>CURRENT MSG DUMP OVER<<<
04-30 04:52:19.404 22112 22170 W com.mbwhatsapp: Class X.2rL failed lock verification and will run slower.
04-30 04:52:19.404 22112 22170 W com.mbwhatsapp: Common causes for lock verification issues are non-optimized dex code
04-30 04:52:19.404 22112 22170 W com.mbwhatsapp: and incorrect proguard optimizations.
04-30 04:52:19.672 22112 22183 W System : ClassLoader referenced unknown path: system/framework/mediatek-cta.jar
04-30 04:52:19.971 22112 22176 E CheckPermission: _bluetooth code = 1
04-30 04:52:19.973 22112 22176 E CheckPermission: _bluetooth code = 3
04-30 04:52:19.974 22112 22176 E CheckPermission: _bluetooth code = 11 --------- beginning of main
04-30 04:53:21.545 23294 23294 E com.mbwhatsapp: Unknown bits set in runtime_flags: 0x40000000
04-30 04:53:21.554 23294 23294 E com.mbwhatsapp: Not starting debugger since process cannot load the jdwp agent.
04-30 04:53:21.572 23294 23294 E RefClass: java.lang.reflect.InvocationTargetException
04-30 04:53:21.673 23294 23294 E libc : Access denied finding property "ro.odm.prev.product.name"
04-30 04:53:22.064 23294 23294 W System.err: java.lang.ClassNotFoundException: mbmodsd.mbmodsw.ui.views.btn.BtnBK
04-30 04:53:22.065 23294 23294 W System.err: at java.lang.Runtime.nativeLoad(Native Method)
04-30 04:53:22.065 23294 23294 W System.err: at java.lang.Runtime.nativeLoad(Runtime.java:1131)
04-30 04:53:22.065 23294 23294 W System.err: at java.lang.Runtime.loadLibrary0(Runtime.java:1085)
04-30 04:53:22.065 23294 23294 W System.err: at java.lang.Runtime.loadLibrary0(Runtime.java:1008)
04-30 04:53:22.065 23294 23294 W System.err: at java.lang.System.loadLibrary(System.java:1664)
04-30 04:53:22.065 23294 23294 W System.err: at arm.EpicVm.<clinit>(Unknown Source:2)
04-30 04:53:22.066 23294 23294 W System.err: at java.lang.Class.newInstance(Native Method)
04-30 04:53:22.066 23294 23294 W System.err: at android.app.AppComponentFactory.instantiateApplication(AppComponentFactory.java:76)
04-30 04:53:22.066 23294 23294 W System.err: at androidx.core.app.CoreComponentFactory.instantiateApplication(Unknown Source:0)
04-30 04:53:22.066 23294 23294 W System.err: at android.app.Instrumentation.newApplication(Instrumentation.java:1158)
04-30 04:53:22.066 23294 23294 W System.err: at android.app.LoadedApk.makeApplication(LoadedApk.java:1324)
04-30 04:53:22.066 23294 23294 W System.err: at android.app.ActivityThread.handleBindApplication(ActivityThread.java:7272)
04-30 04:53:22.066 23294 23294 W System.err: at android.app.ActivityThread.access$1700(ActivityThread.java:309)
04-30 04:53:22.066 23294 23294 W System.err: at android.app.ActivityThread$H.handleMessage(ActivityThread.java:2194)
04-30 04:53:22.066 23294 23294 W System.err: at android.os.Handler.dispatchMessage(Handler.java:106)
04-30 04:53:22.067 23294 23294 W System.err: at android.os.Looper.loop(Looper.java:264)
04-30 04:53:22.067 23294 23294 W System.err: at android.app.ActivityThread.main(ActivityThread.java:8315)
04-30 04:53:22.067 23294 23294 W System.err: at java.lang.reflect.Method.invoke(Native Method)
04-30 04:53:22.067 23294 23294 W System.err: at com.android.internal.os.RuntimeInit$MethodAndArgsCaller.run(RuntimeInit.java:632)
04-30 04:53:22.067 23294 23294 W System.err: at com.android.internal.os.ZygoteInit.main(ZygoteInit.java:1049)
04-30 04:53:22.127 23294 23294 E CustomActivityOnCrash: IMPORTANT WARNING! You already have an UncaughtExceptionHandler, are you sure this is correct? If you use a custom UncaughtExceptionHandler, you must initialize it AFTER CustomActivityOnCrash! Installing anyway, but your original handler will not be called.
04-30 04:53:22.779 23294 23294 W com.mbwhatsapp: Accessing hidden method Lcom/android/org/conscrypt/OpenSSLSocketImpl;->setUseSessionTickets(Z)V (greylist- max-q,test-api, reflection, denied)
04-30 04:53:22.779 23294 23294 W com.mbwhatsapp: Accessing hidden method Lcom/android/org/conscrypt/AbstractConscryptSocket;->setUseSessionTickets(Z)V (greylist-max-q, reflection, denied)
04-30 04:53:22.885 23294 23294 W linker : Warning: "/data/data/com.mbwhatsapp/files/decompressed/libs.spk.zst/libc++_shared.so" unused DT entry: unknown processor-specific (type 0x70000001 arg 0x0) (ignoring)
04-30 04:53:23.173 23294 23294 E ANR_LOG : >>> msg's executing time is too long
04-30 04:53:23.173 23294 23294 E ANR_LOG : Blocked msg = { when=-1s564ms what=110 target=android.app.ActivityThread$H obj=AppBindData{appInfo=ApplicationInfo{7019767 com.mbwhatsapp}} } , cost = 1533 ms
04-30 04:53:23.173 23294 23294 E ANR_LOG : >>>Current msg List is:
04-30 04:53:23.174 23294 23294 E ANR_LOG : Current msg <1> = { when=-1s536ms what=9999 target=android.app.ActivityThread$H }
04-30 04:53:23.174 23294 23294 E ANR_LOG : Current msg <2> = { when=-1s536ms what=113 target=android.app.ActivityThread$H obj=ReceiverData{intent=Intent { flg=0x80014 cmp=com.mbwhatsapp/.yo.autoschedreply.Receiver (has extras) } packageName=com.mbwhatsapp resultCode=0 resultData=null resultExtras=null} }
04-30 04:53:23.174 23294 23294 E ANR_LOG : Current msg <3> = { when=-619ms what=0 target=android.app.ActivityThread$H callback=android.app.-$ $Lambda$LoadedApk$ReceiverDispatcher$Args$_BumDX2UKsnxLVrE6UJsJZkotuA }
04-30 04:53:23.174 23294 23294 E ANR_LOG : >>>CURRENT MSG DUMP OVER<<<
04-30 04:53:23.190 23294 23441 W com.mbwhatsapp: Class X.2rL failed lock verification and will run slower.
04-30 04:53:23.190 23294 23441 W com.mbwhatsapp: Common causes for lock verification issues are non-optimized dex code
04-30 04:53:23.190 23294 23441 W com.mbwhatsapp: and incorrect proguard optimizations.
04-30 04:53:23.468 23294 23453 W System : ClassLoader referenced unknown path: system/framework/mediatek-cta.jar
04-30 04:53:23.776 23294 23447 E CheckPermission: _bluetooth code = 1
04-30 04:53:23.778 23294 23447 E CheckPermission: _bluetooth code = 3
04-30 04:53:23.780 23294 23447 E CheckPermission: _bluetooth code = 11 --------- beginning of main
04-30 04:55:12.856 24232 24232 E com.mbwhatsapp: Unknown bits set in runtime_flags: 0x40000000
04-30 04:55:12.886 24232 24232 E com.mbwhatsapp: Not starting debugger since process cannot load the jdwp agent.
04-30 04:55:12.907 24232 24232 E RefClass: java.lang.reflect.InvocationTargetException
04-30 04:55:12.987 24232 24232 E libc : Access denied finding property "ro.odm.prev.product.name"
04-30 04:55:13.461 24232 24232 W System.err: java.lang.ClassNotFoundException: mbmodsd.mbmodsw.ui.views.btn.BtnBK
04-30 04:55:13.461 24232 24232 W System.err: at java.lang.Runtime.nativeLoad(Native Method)
04-30 04:55:13.461 24232 24232 W System.err: at java.lang.Runtime.nativeLoad(Runtime.java:1131)
04-30 04:55:13.461 24232 24232 W System.err: at java.lang.Runtime.loadLibrary0(Runtime.java:1085)
04-30 04:55:13.461 24232 24232 W System.err: at java.lang.Runtime.loadLibrary0(Runtime.java:1008)
04-30 04:55:13.462 24232 24232 W System.err: at java.lang.System.loadLibrary(System.java:1664)
04-30 04:55:13.462 24232 24232 W System.err: at arm.EpicVm.<clinit>(Unknown Source:2)
04-30 04:55:13.462 24232 24232 W System.err: at java.lang.Class.newInstance(Native Method)
04-30 04:55:13.462 24232 24232 W System.err: at android.app.AppComponentFactory.instantiateApplication(AppComponentFactory.java:76)
04-30 04:55:13.462 24232 24232 W System.err: at androidx.core.app.CoreComponentFactory.instantiateApplication(Unknown Source:0)
04-30 04:55:13.462 24232 24232 W System.err: at android.app.Instrumentation.newApplication(Instrumentation.java:1158)
04-30 04:55:13.462 24232 24232 W System.err: at android.app.LoadedApk.makeApplication(LoadedApk.java:1324)
04-30 04:55:13.462 24232 24232 W System.err: at android.app.ActivityThread.handleBindApplication(ActivityThread.java:7272)
04-30 04:55:13.462 24232 24232 W System.err: at android.app.ActivityThread.access$1700(ActivityThread.java:309)
04-30 04:55:13.462 24232 24232 W System.err: at android.app.ActivityThread$H.handleMessage(ActivityThread.java:2194)
04-30 04:55:13.462 24232 24232 W System.err: at android.os.Handler.dispatchMessage(Handler.java:106)
04-30 04:55:13.462 24232 24232 W System.err: at android.os.Looper.loop(Looper.java:264)
04-30 04:55:13.462 24232 24232 W System.err: at android.app.ActivityThread.main(ActivityThread.java:8315)
04-30 04:55:13.462 24232 24232 W System.err: at java.lang.reflect.Method.invoke(Native Method)
04-30 04:55:13.462 24232 24232 W System.err: at com.android.internal.os.RuntimeInit$MethodAndArgsCaller.run(RuntimeInit.java:632)
04-30 04:55:13.462 24232 24232 W System.err: at com.android.internal.os.ZygoteInit.main(ZygoteInit.java:1049)
04-30 04:55:13.604 24232 24232 E CustomActivityOnCrash: IMPORTANT WARNING! You already have an UncaughtExceptionHandler, are you sure this is correct? If you use a custom UncaughtExceptionHandler, you must initialize it AFTER CustomActivityOnCrash! Installing anyway, but your original handler will not be called.
04-30 04:55:14.609 24232 24232 W com.mbwhatsapp: Accessing hidden method Lcom/android/org/conscrypt/OpenSSLSocketImpl;->setUseSessionTickets(Z)V (greylist- max-q,test-api, reflection, denied)
04-30 04:55:14.610 24232 24232 W com.mbwhatsapp: Accessing hidden method Lcom/android/org/conscrypt/AbstractConscryptSocket;->setUseSessionTickets(Z)V (greylist-max-q, reflection, denied)
04-30 04:55:14.808 24232 24232 W linker : Warning: "/data/data/com.mbwhatsapp/files/decompressed/libs.spk.zst/libc++_shared.so" unused DT entry: unknown processor-specific (type 0x70000001 arg 0x0) (ignoring)
04-30 04:55:15.321 24232 24232 E ANR_LOG : >>> msg's executing time is too long
04-30 04:55:15.321 24232 24232 E ANR_LOG : Blocked msg = { when=-2s373ms what=110 target=android.app.ActivityThread$H obj=AppBindData{appInfo=ApplicationInfo{5c525bd com.mbwhatsapp}} } , cost = 2370 ms
04-30 04:55:15.321 24232 24232 E ANR_LOG : >>>Current msg List is:
04-30 04:55:15.321 24232 24232 E ANR_LOG : Current msg <1> = { when=-2s372ms what=9999 target=android.app.ActivityThread$H }
04-30 04:55:15.322 24232 24232 E ANR_LOG : Current msg <2> = { when=-2s372ms what=113 target=android.app.ActivityThread$H obj=ReceiverData{intent=Intent { flg=0x80014 cmp=com.mbwhatsapp/.yo.autoschedreply.Receiver (has extras) } packageName=com.mbwhatsapp resultCode=0 resultData=null resultExtras=null} }
04-30 04:55:15.322 24232 24232 E ANR_LOG : Current msg <3> = { when=-1s8ms what=0 target=android.app.ActivityThread$H callback=android.app.-$ $Lambda$LoadedApk$ReceiverDispatcher$Args$_BumDX2UKsnxLVrE6UJsJZkotuA }
04-30 04:55:15.322 24232 24232 E ANR_LOG : >>>CURRENT MSG DUMP OVER<<<
04-30 04:55:15.322 24232 24319 W com.mbwhatsapp: Class X.2rL failed lock verification and will run slower.
04-30 04:55:15.322 24232 24319 W com.mbwhatsapp: Common causes for lock verification issues are non-optimized dex code
04-30 04:55:15.322 24232 24319 W com.mbwhatsapp: and incorrect proguard optimizations.
04-30 04:55:15.659 24232 24332 W System : ClassLoader referenced unknown path: system/framework/mediatek-cta.jar
04-30 04:55:15.954 24232 24324 E CheckPermission: _bluetooth code = 1
04-30 04:55:15.955 24232 24324 E CheckPermission: _bluetooth code = 3
04-30 04:55:15.956 24232 24324 E CheckPermission: _bluetooth code = 11
04-30 04:58:33.176 24232 24934 E libEGL : Invalid file path for libcolorx- loader.so
04-30 04:58:33.291 24232 24232 W com.mbwhatsapp: Class com.mbwhatsapp.HomeActivity failed lock verification and will run slower.
04-30 04:58:33.335 24232 24232 W com.mbwhatsapp: Class X.0eU failed lock verification and will run slower. --------- beginning of system
04-30 04:58:33.617 24232 24232 E OplusCustomizeRestrictionManager: sInstance is null, start a new sInstance
04-30 04:58:34.017 24232 24232 E ion : ioctl c0044901 failed with code -1: Invalid argument
04-30 04:58:34.096 24232 24232 E ArmVmp : Match on catch block at 0x0a in for 0xc5
04-30 04:58:34.139 24232 24232 E ArmVmp : Match on catch block at 0x0a in for 0x131
04-30 04:58:34.144 24232 24232 E Parcel : Reading a NULL string not supported here.
04-30 04:58:34.178 24232 24232 E Parcel : Reading a NULL string not supported here.
04-30 04:58:34.309 24232 24936 W com.mbwhatsapp: Accessing hidden method Lcom/android/org/conscrypt/ConscryptEngineSocket;->setUseSessionTickets(Z)V (greylist-max-q,test-api, reflection, denied)
04-30 04:58:34.309 24232 24936 W com.mbwhatsapp: Accessing hidden method Lcom/android/org/conscrypt/OpenSSLSocketImpl;->setUseSessionTickets(Z)V (greylist- max-q,test-api, reflection, denied)
04-30 04:58:34.309 24232 24936 W com.mbwhatsapp: Accessing hidden method Lcom/android/org/conscrypt/AbstractConscryptSocket;->setUseSessionTickets(Z)V (greylist-max-q, reflection, denied)
04-30 04:58:34.309 24232 24936 W com.mbwhatsapp: Accessing hidden method Lcom/android/org/conscrypt/ConscryptEngineSocket;->setHostname(Ljava/lang/String;)V (greylist-max-q,test-api, reflection, denied)
04-30 04:58:34.309 24232 24936 W com.mbwhatsapp: Accessing hidden method Lcom/android/org/conscrypt/OpenSSLSocketImpl;->setHostname(Ljava/lang/String;)V (greylist-max-q,test-api, reflection, denied)
04-30 04:58:34.309 24232 24936 W com.mbwhatsapp: Accessing hidden method Lcom/android/org/conscrypt/AbstractConscryptSocket;->setHostname(Ljava/lang/ String;)V (greylist-max-q, reflection, denied)
04-30 04:58:34.309 24232 24936 W com.mbwhatsapp: Accessing hidden method Lcom/android/org/conscrypt/OpenSSLSocketImpl;->setAlpnProtocols([B)V (greylist-max- q,test-api, reflection, denied)
04-30 04:58:34.310 24232 24936 W com.mbwhatsapp: Accessing hidden method Lcom/android/org/conscrypt/AbstractConscryptSocket;->setAlpnProtocols([B)V (greylist-max-q, reflection, denied)
04-30 04:58:34.330 24232 24337 W System : ClassLoader referenced unknown path: system/framework/mediatek-cta.jar
04-30 04:58:34.778 24232 24232 W PhoneWindow: Previously focused view reported id 2131429103 during save, but can't be found during restore.
04-30 04:58:34.850 24232 24966 W LOTTIE : Animation contains merge paths. Merge paths are only supported on KitKat+ and must be manually enabled by calling enableMergePathsForKitKatAndAbove().
04-30 04:58:34.932 24232 24232 E libEGL : Invalid file path for libcolorx- loader.so
04-30 04:58:34.934 24232 24232 E libEGL : Invalid file path for libcolorx- loader.so
04-30 04:58:34.936 24232 24232 E libEGL : Invalid file path for libcolorx- loader.so
04-30 04:58:34.943 24232 24232 E ANR_LOG : >>> msg's executing time is too long
04-30 04:58:34.943 24232 24232 E ANR_LOG : Blocked msg = { when=-1s814ms what=159 target=android.app.ActivityThread$H obj=ClientTransaction LaunchActivityItem,ResumeActivityItem } , cost = 1813 ms
04-30 04:58:34.943 24232 24232 E ANR_LOG : >>>Current msg List is:
04-30 04:58:34.943 24232 24232 E ANR_LOG : Current msg <1> = { when=-1s791ms what=159 target=android.app.ActivityThread$H obj=ClientTransaction TopResumedActivityChangeItem, }
04-30 04:58:34.943 24232 24232 E ANR_LOG : Current msg <2> = { when=-1s757ms what=159 target=android.app.ActivityThread$H obj=ClientTransaction ConfigurationChangeItem, }
04-30 04:58:34.944 24232 24232 E ANR_LOG : Current msg <3> = { when=-1s341ms what=149 target=android.app.ActivityThread$H obj=android.os.BinderProxy@5558ce7 }
04-30 04:58:34.944 24232 24232 E ANR_LOG : Current msg <4> = { when=-1s327ms what=0 target=android.os.Handler callback=X.0lO }
04-30 04:58:34.944 24232 24232 E ANR_LOG : Current msg <5> = { when=-1s327ms what=0 target=android.os.Handler callback=X.0lO }
04-30 04:58:34.944 24232 24232 E ANR_LOG : Current msg <6> = { when=-1s262ms what=0 target=android.os.Handler callback=X.0lO }
04-30 04:58:34.944 24232 24232 E ANR_LOG : Current msg <7> = { when=-1s230ms what=0 target=android.os.Handler callback=X.0lO }
04-30 04:58:34.944 24232 24232 E ANR_LOG : Current msg <8> = { when=-1s174ms what=0 target=android.os.Handler callback=X.0lO }
04-30 04:58:34.944 24232 24232 E ANR_LOG : Current msg <9> = { when=-1s122ms what=0 target=android.os.Handler callback=X.0lO }
04-30 04:58:34.944 24232 24232 E ANR_LOG : Current msg <10> = { when=-890ms what=113 target=android.app.ActivityThread$H obj=ReceiverData{intent=Intent { act=android.appwidget.action.APPWIDGET_UPDATE flg=0x80010 cmp=com.mbwhatsapp/.yo.WidgetProvider (has extras) } packageName=com.mbwhatsapp resultCode=-1 resultData=null resultExtras=null} }
04-30 04:58:34.944 24232 24232 E ANR_LOG : >>>CURRENT MSG DUMP OVER<<<
04-30 04:58:35.050 24232 24232 W LOTTIE : Animation contains merge paths but they are disabled.
04-30 04:58:35.208 24232 24932 E libEGL : Invalid file path for libcolorx- loader.so
04-30 04:58:35.265 24232 24932 E Parcel : Reading a NULL string not supported here.
04-30 04:58:35.277 24232 24932 E Parcel : Reading a NULL string not supported here.
04-30 04:58:35.344 24232 24932 E libEGL : Invalid file path for libcolorx- loader.so
04-30 04:58:35.368 24232 24932 E libEGL : Invalid file path for libcolorx- loader.so
04-30 04:58:35.369 24232 24932 E libEGL : Invalid file path for libcolorx- loader.so
04-30 04:58:35.373 24232 24932 E libEGL : Invalid file path for libcolorx- loader.so
04-30 04:58:35.625 24232 24977 E libc : Access denied finding property "vendor.debug.drm.logv"
04-30 04:58:35.625 24232 24977 E libc : Access denied finding property "vendor.debug.drm.logv"
04-30 04:58:35.626 24232 24977 E libc : Access denied finding property "vendor.debug.drm.logd"
04-30 04:58:35.626 24232 24977 E libc : Access denied finding property "vendor.debug.drm.logv"
04-30 04:58:36.765 24232 24932 E ion : ioctl c0044901 failed with code -1: Invalid argument
04-30 04:58:36.970 24232 24232 E ANR_LOG : >>> msg's executing time is too long
04-30 04:58:36.970 24232 24232 E ANR_LOG : Blocked msg = { when=-2s46ms what=0 target=android.view.Choreographer$FrameHandler callback=android.view.Choreographer$FrameDisplayEventReceiver } , cost = 1918 ms
04-30 04:58:36.970 24232 24232 E ANR_LOG : >>>Current msg List is:
04-30 04:58:36.970 24232 24232 E ANR_LOG : Current msg <1> = { when=- 4d8h55m17s102ms what=0 target=android.view.ViewRootImpl$ViewRootHandler callback=android.view.-$$Lambda$ViewRootImpl$DJd0VUYJgsebcnSohO6h8zc_ONI }
04-30 04:58:36.970 24232 24232 E ANR_LOG : Current msg <2> = { when=- 4d8h55m17s102ms what=0 target=android.os.Handler callback=X.3ef }
04-30 04:58:36.970 24232 24232 E ANR_LOG : Current msg <3> = { when=-1s963ms what=0 target=android.os.Handler callback=X.0lO }
04-30 04:58:36.970 24232 24232 E ANR_LOG : Current msg <4> = { when=-1s957ms what=0 target=android.os.Handler callback=X.0lO }
04-30 04:58:36.970 24232 24232 E ANR_LOG : Current msg <5> = { when=-1s947ms what=0 target=android.os.Handler callback=mbmodsd.mbmodsw.ui.views.settings.utils.NavigationTab$1 }
04-30 04:58:36.970 24232 24232 E ANR_LOG : Current msg <6> = { when=-1s947ms what=0 target=android.os.Handler callback=mbmodsd.mbmodsw.ui.views.settings.utils.NavigationTab$1 }
04-30 04:58:36.970 24232 24232 E ANR_LOG : Current msg <7> = { when=-1s947ms what=0 target=android.os.Handler callback=mbmodsd.mbmodsw.ui.views.settings.utils.NavigationTab$1 }
04-30 04:58:36.970 24232 24232 E ANR_LOG : Current msg <8> = { when=-1s947ms what=0 target=android.os.Handler callback=mbmodsd.mbmodsw.ui.views.settings.utils.NavigationTab$1 }
04-30 04:58:36.970 24232 24232 E ANR_LOG : Current msg <9> = { when=-1s943ms what=0 target=android.os.Handler callback=X.0lO }
