04-30 01:30:55.552 32397 32397 E ArmVmp : Match on catch block at 0xc3 in for 0xa9
04-30 01:30:55.571 32397 32397 E ArmVmp : Match on catch block at 0xc3 in for 0xa1
04-30 01:30:55.576 32397 32397 E ArmVmp : Match on catch block at 0xc3 in for 0xa5
04-30 01:30:55.588 32397 32397 E ArmVmp : Match on catch block at 0xc3 in for 0xa5
04-30 01:30:55.593 32397 32397 E ArmVmp : Match on catch block at 0xc3 in for 0xa9
04-30 01:30:55.603 32397 32397 E ArmVmp : Match on catch block at 0xc3 in for 0xa9
04-30 01:30:55.607 32397 32397 E ArmVmp : Match on catch block at 0xc3 in for 0xa1
04-30 01:30:55.613 32397 32397 E ArmVmp : Match on catch block at 0xc3 in for 0xa5
04-30 01:30:55.619 32397 32397 E ArmVmp : Match on catch block at 0xc3 in for 0xa9
04-30 01:30:55.634 32397 32397 E ArmVmp : Match on catch block at 0xc3 in for 0xa5
04-30 01:30:55.638 32397 32397 E ArmVmp : Match on catch block at 0xc3 in for 0xa9
04-30 01:30:55.649 32397 32397 E ArmVmp : Match on catch block at 0xc3 in for 0xa1
04-30 01:30:55.653 32397 32397 E ArmVmp : Match on catch block at 0xc3 in for 0xa5
04-30 01:30:55.661 32397 32397 E ArmVmp : Match on catch block at 0xc3 in for 0xa5
04-30 01:30:55.665 32397 32397 E ArmVmp : Match on catch block at 0xc3 in for 0xa9
04-30 01:30:55.677 32397 32397 E ArmVmp : Match on catch block at 0xc3 in for 0xa9
04-30 01:30:55.682 32397 32397 E ArmVmp : Match on catch block at 0xc3 in for 0xa1
04-30 01:30:55.694 32397 32397 E ArmVmp : Match on catch block at 0xc3 in for 0xa1
04-30 01:30:55.698 32397 32397 E ArmVmp : Match on catch block at 0xc3 in for 0xa5
04-30 01:30:55.711 32397 32397 E ArmVmp : Match on catch block at 0xc3 in for 0xa5
04-30 01:30:55.714 32397 32397 E ArmVmp : Match on catch block at 0xc3 in for 0xa9
04-30 01:30:55.727 32397 32397 E ArmVmp : Match on catch block at 0xc3 in for 0xa9
04-30 01:30:55.731 32397 32397 E ArmVmp : Match on catch block at 0xc3 in for 0xa1
04-30 01:30:55.744 32397 32397 E ArmVmp : Match on catch block at 0xc3 in for 0xa1
04-30 01:30:55.748 32397 32397 E ArmVmp : Match on catch block at 0xc3 in for 0xa5
04-30 01:30:55.761 32397 32397 E ArmVmp : Match on catch block at 0xc3 in for 0xa5
04-30 01:30:55.764 32397 32397 E ArmVmp : Match on catch block at 0xc3 in for 0xa9
04-30 01:30:55.811 32397 32397 E ArmVmp : Match on catch block at 0xc3 in for 0xa9
04-30 01:30:55.814 32397 32397 E ArmVmp : Match on catch block at 0xc3 in for 0xa1
04-30 01:30:56.046 32397 32397 E ArmVmp : Match on catch block at 0xc3 in for 0xa1
04-30 01:30:56.050 32397 32397 E ArmVmp : Match on catch block at 0xc3 in for 0xa5
04-30 01:30:56.063 32397 32397 E ArmVmp : Match on catch block at 0xc3 in for 0xa5
04-30 01:30:56.067 32397 32397 E ArmVmp : Match on catch block at 0xc3 in for 0xa9
04-30 01:30:56.080 32397 32397 E ArmVmp : Match on catch block at 0xc3 in for 0xa9
04-30 01:30:56.084 32397 32397 E ArmVmp : Match on catch block at 0xc3 in for 0xa1
04-30 01:30:56.096 32397 32397 E ArmVmp : Match on catch block at 0xc3 in for 0xa1
04-30 01:30:56.100 32397 32397 E ArmVmp : Match on catch block at 0xc3 in for 0xa5
04-30 01:30:56.113 32397 32397 E ArmVmp : Match on catch block at 0xc3 in for 0xa5
04-30 01:30:56.116 32397 32397 E ArmVmp : Match on catch block at 0xc3 in for 0xa9
04-30 01:30:56.130 32397 32397 E ArmVmp : Match on catch block at 0xc3 in for 0xa9
04-30 01:30:56.133 32397 32397 E ArmVmp : Match on catch block at 0xc3 in for 0xa1
04-30 01:30:56.147 32397 32397 E ArmVmp : Match on catch block at 0xc3 in for 0xa1
04-30 01:30:56.151 32397 32397 E ArmVmp : Match on catch block at 0xc3 in for 0xa5
04-30 01:30:56.165 32397 32397 E ArmVmp : Match on catch block at 0xc3 in for 0xa5
04-30 01:30:56.169 32397 32397 E ArmVmp : Match on catch block at 0xc3 in for 0xa9
04-30 01:30:56.181 32397 32397 E ArmVmp : Match on catch block at 0xc3 in for 0xa9
04-30 01:30:56.186 32397 32397 E ArmVmp : Match on catch block at 0xc3 in for 0xa1
04-30 01:30:56.197 32397 32397 E ArmVmp : Match on catch block at 0xc3 in for 0xa1
04-30 01:30:56.202 32397 32397 E ArmVmp : Match on catch block at 0xc3 in for 0xa5
04-30 01:30:56.215 32397 32397 E ArmVmp : Match on catch block at 0xc3 in for 0xa5
04-30 01:30:56.220 32397 32397 E ArmVmp : Match on catch block at 0xc3 in for 0xa9
04-30 01:30:56.231 32397 32397 E ArmVmp : Match on catch block at 0xc3 in for 0xa9
04-30 01:30:56.235 32397 32397 E ArmVmp : Match on catch block at 0xc3 in for 0xa1
04-30 01:30:56.248 32397 32397 E ArmVmp : Match on catch block at 0xc3 in for 0xa1
04-30 01:30:56.252 32397 32397 E ArmVmp : Match on catch block at 0xc3 in for 0xa5
04-30 01:30:56.265 32397 32397 E ArmVmp : Match on catch block at 0xc3 in for 0xa5
04-30 01:30:56.269 32397 32397 E ArmVmp : Match on catch block at 0xc3 in for 0xa9
04-30 01:30:56.281 32397 32397 E ArmVmp : Match on catch block at 0xc3 in for 0xa9
04-30 01:30:56.284 32397 32397 E ArmVmp : Match on catch block at 0xc3 in for 0xa1
04-30 01:30:56.299 32397 32397 E ArmVmp : Match on catch block at 0xc3 in for 0xa9
04-30 01:30:56.302 32397 32397 E ArmVmp : Match on catch block at 0xc3 in for 0xa1
04-30 01:30:56.316 32397 32397 E ArmVmp : Match on catch block at 0xc3 in for 0xa9
04-30 01:30:56.319 32397 32397 E ArmVmp : Match on catch block at 0xc3 in for 0xa1
04-30 01:30:56.338 32397 32397 E ArmVmp : Match on catch block at 0xc3 in for 0xa9
04-30 01:30:56.341 32397 32397 E ArmVmp : Match on catch block at 0xc3 in for 0xa1
04-30 01:30:56.350 32397 32397 E ArmVmp : Match on catch block at 0xc3 in for 0xa1
04-30 01:30:56.355 32397 32397 E ArmVmp : Match on catch block at 0xc3 in for 0xa5
04-30 01:30:56.373 32397 32397 E ArmVmp : Match on catch block at 0xc3 in for 0xa9
04-30 01:30:56.377 32397 32397 E ArmVmp : Match on catch block at 0xc3 in for 0xa1
04-30 01:30:56.399 32397 32397 E ArmVmp : Match on catch block at 0xc3 in for 0xa1
04-30 01:30:56.403 32397 32397 E ArmVmp : Match on catch block at 0xc3 in for 0xa5
04-30 01:30:56.418 32397 32397 E ArmVmp : Match on catch block at 0xc3 in for 0xa1
04-30 01:30:56.421 32397 32397 E ArmVmp : Match on catch block at 0xc3 in for 0xa5
04-30 01:30:56.433 32397 32397 E ArmVmp : Match on catch block at 0xc3 in for 0xa1
04-30 01:30:56.437 32397 32397 E ArmVmp : Match on catch block at 0xc3 in for 0xa5
04-30 01:30:56.444 32397 32397 E ArmVmp : Match on catch block at 0xc3 in for 0xa9
04-30 01:30:56.448 32397 32397 E ArmVmp : Match on catch block at 0xc3 in for 0xa1
04-30 01:30:56.460 32397 32397 E ArmVmp : Match on catch block at 0xc3 in for 0xa9
04-30 01:30:56.463 32397 32397 E ArmVmp : Match on catch block at 0xc3 in for 0xa1
04-30 01:30:56.477 32397 32397 E ArmVmp : Match on catch block at 0xc3 in for 0xa9
04-30 01:30:56.480 32397 32397 E ArmVmp : Match on catch block at 0xc3 in for 0xa1
04-30 01:30:56.496 32397 32397 E ArmVmp : Match on catch block at 0xc3 in for 0xa9
04-30 01:30:56.500 32397 32397 E ArmVmp : Match on catch block at 0xc3 in for 0xa1
04-30 01:30:56.512 32397 32397 E ArmVmp : Match on catch block at 0xc3 in for 0xa9
04-30 01:30:56.517 32397 32397 E ArmVmp : Match on catch block at 0xc3 in for 0xa1
04-30 01:30:56.524 32397 32397 E ArmVmp : Match on catch block at 0xc3 in for 0xa5
04-30 01:30:56.528 32397 32397 E ArmVmp : Match on catch block at 0xc3 in for 0xa9
04-30 01:30:56.538 32397 32397 E ArmVmp : Match on catch block at 0xc3 in for 0xa5
04-30 01:30:56.543 32397 32397 E ArmVmp : Match on catch block at 0xc3 in for 0xa9
04-30 01:30:56.555 32397 32397 E ArmVmp : Match on catch block at 0xc3 in for 0xa5
04-30 01:30:56.559 32397 32397 E ArmVmp : Match on catch block at 0xc3 in for 0xa9
04-30 01:30:56.567 32397 32397 E ArmVmp : Match on catch block at 0xc3 in for 0xa1
04-30 01:30:56.571 32397 32397 E ArmVmp : Match on catch block at 0xc3 in for 0xa5
04-30 01:30:56.588 32397 32397 E ArmVmp : Match on catch block at 0xc3 in for 0xa1
04-30 01:30:56.592 32397 32397 E ArmVmp : Match on catch block at 0xc3 in for 0xa5
04-30 01:30:56.602 32397 32397 E ArmVmp : Match on catch block at 0xc3 in for 0xa9
04-30 01:30:56.605 32397 32397 E ArmVmp : Match on catch block at 0xc3 in for 0xa1
04-30 01:30:56.626 32397 32397 E ArmVmp : Match on catch block at 0xc3 in for 0xa9
04-30 01:30:56.630 32397 32397 E ArmVmp : Match on catch block at 0xc3 in for 0xa1
04-30 01:30:56.642 32397 32397 E ArmVmp : Match on catch block at 0xc3 in for 0xa9
04-30 01:30:56.646 32397 32397 E ArmVmp : Match on catch block at 0xc3 in for 0xa1
04-30 01:30:56.664 32397 32397 E ArmVmp : Match on catch block at 0xc3 in for 0xa5
04-30 01:30:56.668 32397 32397 E ArmVmp : Match on catch block at 0xc3 in for 0xa9
04-30 01:30:56.676 32397 32397 E ArmVmp : Match on catch block at 0xc3 in for 0xa1
04-30 01:30:56.680 32397 32397 E ArmVmp : Match on catch block at 0xc3 in for 0xa5
04-30 01:30:56.688 32397 32397 E ArmVmp : Match on catch block at 0xc3 in for 0xa9
04-30 01:30:56.692 32397 32397 E ArmVmp : Match on catch block at 0xc3 in for 0xa1
04-30 01:30:56.702 32397 32397 E ArmVmp : Match on catch block at 0xc3 in for 0xa5
04-30 01:30:56.705 32397 32397 E ArmVmp : Match on catch block at 0xc3 in for 0xa9
04-30 01:30:56.718 32397 32397 E ArmVmp : Match on catch block at 0xc3 in for 0xa1
04-30 01:30:56.722 32397 32397 E ArmVmp : Match on catch block at 0xc3 in for 0xa5
04-30 01:30:56.745 32397 32397 E ArmVmp : Match on catch block at 0xc3 in for 0xa1
04-30 01:30:56.748 32397 32397 E ArmVmp : Match on catch block at 0xc3 in for 0xa5
04-30 01:30:56.758 32397 32397 E ArmVmp : Match on catch block at 0xc3 in for 0xa9
04-30 01:30:56.762 32397 32397 E ArmVmp : Match on catch block at 0xc3 in for 0xa1
04-30 01:30:56.771 32397 32397 E ArmVmp : Match on catch block at 0xc3 in for 0xa5
04-30 01:30:56.775 32397 32397 E ArmVmp : Match on catch block at 0xc3 in for 0xa9
04-30 01:30:56.803 32397 32397 E ArmVmp : Match on catch block at 0xc3 in for 0xa1
04-30 01:30:56.807 32397 32397 E ArmVmp : Match on catch block at 0xc3 in for 0xa5
04-30 01:30:56.820 32397 32397 E ArmVmp : Match on catch block at 0xc3 in for 0xa5
04-30 01:30:56.824 32397 32397 E ArmVmp : Match on catch block at 0xc3 in for 0xa9
04-30 01:30:56.844 32397 32397 E ArmVmp : Match on catch block at 0xc3 in for 0xa5
04-30 01:30:56.847 32397 32397 E ArmVmp : Match on catch block at 0xc3 in for 0xa9
04-30 01:30:56.865 32397 32397 E ArmVmp : Match on catch block at 0xc3 in for 0xa9
04-30 01:30:56.869 32397 32397 E ArmVmp : Match on catch block at 0xc3 in for 0xa1
04-30 01:30:56.889 32397 32397 E ArmVmp : Match on catch block at 0xc3 in for 0xa1
04-30 01:30:56.893 32397 32397 E ArmVmp : Match on catch block at 0xc3 in for 0xa5
04-30 01:30:56.914 32397 32397 E ArmVmp : Match on catch block at 0xc3 in for 0xa5
04-30 01:30:56.919 32397 32397 E ArmVmp : Match on catch block at 0xc3 in for 0xa9
04-30 01:30:56.943 32397 32397 E ArmVmp : Match on catch block at 0xc3 in for 0xa5
04-30 01:30:56.947 32397 32397 E ArmVmp : Match on catch block at 0xc3 in for 0xa9
04-30 01:30:56.972 32397 32397 E ArmVmp : Match on catch block at 0xc3 in for 0xa5
04-30 01:30:56.976 32397 32397 E ArmVmp : Match on catch block at 0xc3 in for 0xa9
04-30 01:30:56.996 32397 32397 E ArmVmp : Match on catch block at 0xc3 in for 0xa1
04-30 01:30:57.000 32397 32397 E ArmVmp : Match on catch block at 0xc3 in for 0xa5
04-30 01:30:57.028 32397 32397 E ArmVmp : Match on catch block at 0xc3 in for 0xa9
04-30 01:30:57.032 32397 32397 E ArmVmp : Match on catch block at 0xc3 in for 0xa1
04-30 01:30:57.087 32397 32397 E ArmVmp : Match on catch block at 0xc3 in for 0xa9
04-30 01:30:57.090 32397 32397 E ArmVmp : Match on catch block at 0xc3 in for 0xa1
04-30 01:30:57.163 32397 32397 E ArmVmp : Match on catch block at 0xc3 in for 0xa5
04-30 01:30:57.167 32397 32397 E ArmVmp : Match on catch block at 0xc3 in for 0xa9
04-30 01:30:57.199 32397 32397 E ArmVmp : Match on catch block at 0xc3 in for 0xa1
04-30 01:30:57.203 32397 32397 E ArmVmp : Match on catch block at 0xc3 in for 0xa5
04-30 01:30:57.227 32397 32397 E ArmVmp : Match on catch block at 0xc3 in for 0xa5
04-30 01:30:57.233 32397 32397 E ArmVmp : Match on catch block at 0xc3 in for 0xa9
04-30 01:30:57.259 32397 32397 E ArmVmp : Match on catch block at 0xc3 in for 0xa1
04-30 01:30:57.264 32397 32397 E ArmVmp : Match on catch block at 0xc3 in for 0xa5
04-30 01:30:57.302 32397 32397 E ArmVmp : Match on catch block at 0xc3 in for 0xa9
04-30 01:30:57.306 32397 32397 E ArmVmp : Match on catch block at 0xc3 in for 0xa1
04-30 01:30:57.315 32397 32397 E ArmVmp : Match on catch block at 0xc3 in for 0xa5
04-30 01:30:57.319 32397 32397 E ArmVmp : Match on catch block at 0xc3 in for 0xa9
04-30 01:30:57.327 32397 32397 E ArmVmp : Match on catch block at 0xc3 in for 0xa1
04-30 01:30:57.331 32397 32397 E ArmVmp : Match on catch block at 0xc3 in for 0xa5
04-30 01:30:57.349 32397 32397 E ArmVmp : Match on catch block at 0xc3 in for 0xa9
04-30 01:30:57.353 32397 32397 E ArmVmp : Match on catch block at 0xc3 in for 0xa1
04-30 01:30:57.361 32397 32397 E ArmVmp : Match on catch block at 0xc3 in for 0xa5
04-30 01:30:57.365 32397 32397 E ArmVmp : Match on catch block at 0xc3 in for 0xa9
04-30 01:30:57.384 32397 32397 E ArmVmp : Match on catch block at 0xc3 in for 0xa1
04-30 01:30:57.388 32397 32397 E ArmVmp : Match on catch block at 0xc3 in for 0xa5
04-30 01:30:57.407 32397 32397 E ArmVmp : Match on catch block at 0xc3 in for 0xa9
04-30 01:30:57.410 32397 32397 E ArmVmp : Match on catch block at 0xc3 in for 0xa1
04-30 01:30:57.417 32397 32397 E ArmVmp : Match on catch block at 0xc3 in for 0xa5
04-30 01:30:57.422 32397 32397 E ArmVmp : Match on catch block at 0xc3 in for 0xa9
04-30 01:30:57.428 32397 32397 E ArmVmp : Match on catch block at 0xc3 in for 0xa1
04-30 01:30:57.432 32397 32397 E ArmVmp : Match on catch block at 0xc3 in for 0xa5
04-30 01:30:57.440 32397 32397 E ArmVmp : Match on catch block at 0xc3 in for 0xa9
04-30 01:30:57.443 32397 32397 E ArmVmp : Match on catch block at 0xc3 in for 0xa1
04-30 01:30:57.468 32397 32397 E ArmVmp : Match on catch block at 0xc3 in for 0xa5
04-30 01:30:57.472 32397 32397 E ArmVmp : Match on catch block at 0xc3 in for 0xa9
04-30 01:30:57.480 32397 32397 E ArmVmp : Match on catch block at 0xc3 in for 0xa1
04-30 01:30:57.485 32397 32397 E ArmVmp : Match on catch block at 0xc3 in for 0xa5
04-30 01:30:57.501 32397 32397 E ArmVmp : Match on catch block at 0xc3 in for 0xa9
04-30 01:30:57.506 32397 32397 E ArmVmp : Match on catch block at 0xc3 in for 0xa1
04-30 01:30:57.514 32397 32397 E ArmVmp : Match on catch block at 0xc3 in for 0xa1
04-30 01:30:57.518 32397 32397 E ArmVmp : Match on catch block at 0xc3 in for 0xa5
04-30 01:30:57.538 32397 32397 E ArmVmp : Match on catch block at 0xc3 in for 0xa5
04-30 01:30:57.542 32397 32397 E ArmVmp : Match on catch block at 0xc3 in for 0xa9
04-30 01:30:57.551 32397 32397 E ArmVmp : Match on catch block at 0xc3 in for 0xa9
04-30 01:30:57.555 32397 32397 E ArmVmp : Match on catch block at 0xc3 in for 0xa1
04-30 01:30:57.563 32397 32397 E ArmVmp : Match on catch block at 0xc3 in for 0xa1
04-30 01:30:57.568 32397 32397 E ArmVmp : Match on catch block at 0xc3 in for 0xa5
04-30 01:30:57.576 32397 32397 E ArmVmp : Match on catch block at 0xc3 in for 0xa5
04-30 01:30:57.581 32397 32397 E ArmVmp : Match on catch block at 0xc3 in for 0xa9
04-30 01:30:57.604 32397 32397 E ArmVmp : Match on catch block at 0xc3 in for 0xa5
04-30 01:30:57.608 32397 32397 E ArmVmp : Match on catch block at 0xc3 in for 0xa9
04-30 01:30:57.616 32397 32397 E ArmVmp : Match on catch block at 0xc3 in for 0xa9
04-30 01:30:57.620 32397 32397 E ArmVmp : Match on catch block at 0xc3 in for 0xa1
04-30 01:30:57.644 32397 32397 E ArmVmp : Match on catch block at 0xc3 in for 0xa9
04-30 01:30:57.647 32397 32397 E ArmVmp : Match on catch block at 0xc3 in for 0xa1
04-30 01:30:57.657 32397 32397 E ArmVmp : Match on catch block at 0xc3 in for 0xa1
04-30 01:30:57.662 32397 32397 E ArmVmp : Match on catch block at 0xc3 in for 0xa5
04-30 01:30:57.670 32397 32397 E ArmVmp : Match on catch block at 0xc3 in for 0xa5
04-30 01:30:57.676 32397 32397 E ArmVmp : Match on catch block at 0xc3 in for 0xa9
04-30 01:30:57.683 32397 32397 E ArmVmp : Match on catch block at 0xc3 in for 0xa9
04-30 01:30:57.688 32397 32397 E ArmVmp : Match on catch block at 0xc3 in for 0xa1
04-30 01:30:57.696 32397 32397 E ArmVmp : Match on catch block at 0xc3 in for 0xa1
04-30 01:30:57.701 32397 32397 E ArmVmp : Match on catch block at 0xc3 in for 0xa5
04-30 01:30:57.710 32397 32397 E ArmVmp : Match on catch block at 0xc3 in for 0xa5
04-30 01:30:57.714 32397 32397 E ArmVmp : Match on catch block at 0xc3 in for 0xa9
04-30 01:30:57.726 32397 32397 E ArmVmp : Match on catch block at 0xc3 in for 0xa9
04-30 01:30:57.731 32397 32397 E ArmVmp : Match on catch block at 0xc3 in for 0xa1
04-30 01:30:57.754 32397 32397 E ArmVmp : Match on catch block at 0xc3 in for 0xa9
04-30 01:30:57.759 32397 32397 E ArmVmp : Match on catch block at 0xc3 in for 0xa1
04-30 01:30:57.767 32397 32397 E ArmVmp : Match on catch block at 0xc3 in for 0xa1
04-30 01:30:57.771 32397 32397 E ArmVmp : Match on catch block at 0xc3 in for 0xa5
04-30 01:30:57.780 32397 32397 E ArmVmp : Match on catch block at 0xc3 in for 0xa5
04-30 01:30:57.785 32397 32397 E ArmVmp : Match on catch block at 0xc3 in for 0xa9
04-30 01:30:57.794 32397 32397 E ArmVmp : Match on catch block at 0xc3 in for 0xa9
04-30 01:30:57.798 32397 32397 E ArmVmp : Match on catch block at 0xc3 in for 0xa1
04-30 01:30:57.811 32397 32397 E ArmVmp : Match on catch block at 0xc3 in for 0xa1
04-30 01:30:57.815 32397 32397 E ArmVmp : Match on catch block at 0xc3 in for 0xa5
04-30 01:30:57.827 32397 32397 E ArmVmp : Match on catch block at 0xc3 in for 0xa5
04-30 01:30:57.832 32397 32397 E ArmVmp : Match on catch block at 0xc3 in for 0xa9
04-30 01:30:57.844 32397 32397 E ArmVmp : Match on catch block at 0xc3 in for 0xa9
04-30 01:30:57.848 32397 32397 E ArmVmp : Match on catch block at 0xc3 in for 0xa1
04-30 01:30:57.861 32397 32397 E ArmVmp : Match on catch block at 0xc3 in for 0xa1
04-30 01:30:57.865 32397 32397 E ArmVmp : Match on catch block at 0xc3 in for 0xa5
04-30 01:30:57.876 32397 32397 E ArmVmp : Match on catch block at 0xc3 in for 0xa5
04-30 01:30:57.880 32397 32397 E ArmVmp : Match on catch block at 0xc3 in for 0xa9
04-30 01:30:57.893 32397 32397 E ArmVmp : Match on catch block at 0xc3 in for 0xa1
04-30 01:30:57.897 32397 32397 E ArmVmp : Match on catch block at 0xc3 in for 0xa5
04-30 01:30:57.910 32397 32397 E ArmVmp : Match on catch block at 0xc3 in for 0xa9
04-30 01:30:57.914 32397 32397 E ArmVmp : Match on catch block at 0xc3 in for 0xa1
04-30 01:30:57.927 32397 32397 E ArmVmp : Match on catch block at 0xc3 in for 0xa5
04-30 01:30:57.931 32397 32397 E ArmVmp : Match on catch block at 0xc3 in for 0xa9
04-30 01:30:57.943 32397 32397 E ArmVmp : Match on catch block at 0xc3 in for 0xa1
04-30 01:30:57.948 32397 32397 E ArmVmp : Match on catch block at 0xc3 in for 0xa5
04-30 01:30:57.960 32397 32397 E ArmVmp : Match on catch block at 0xc3 in for 0xa9
04-30 01:30:57.965 32397 32397 E ArmVmp : Match on catch block at 0xc3 in for 0xa1
04-30 01:30:57.977 32397 32397 E ArmVmp : Match on catch block at 0xc3 in for 0xa5
04-30 01:30:57.981 32397 32397 E ArmVmp : Match on catch block at 0xc3 in for 0xa9
04-30 01:30:57.993 32397 32397 E ArmVmp : Match on catch block at 0xc3 in for 0xa9
04-30 01:30:57.998 32397 32397 E ArmVmp : Match on catch block at 0xc3 in for 0xa1
04-30 01:30:58.347 32397 32397 E ArmVmp : Match on catch block at 0xc3 in for 0xa1
04-30 01:30:58.356 32397 32397 E ArmVmp : Match on catch block at 0xc3 in for 0xa5
04-30 01:30:58.381 32397 32397 E ArmVmp : Match on catch block at 0xc3 in for 0xa5
04-30 01:30:58.388 32397 32397 E ArmVmp : Match on catch block at 0xc3 in for 0xa9
04-30 01:30:58.396 32397 32397 E ArmVmp : Match on catch block at 0xc3 in for 0xa9
04-30 01:30:58.401 32397 32397 E ArmVmp : Match on catch block at 0xc3 in for 0xa1
04-30 01:30:58.413 32397 32397 E ArmVmp : Match on catch block at 0xc3 in for 0xa1
04-30 01:30:58.419 32397 32397 E ArmVmp : Match on catch block at 0xc3 in for 0xa5
04-30 01:30:58.430 32397 32397 E ArmVmp : Match on catch block at 0xc3 in for 0xa5
04-30 01:30:58.435 32397 32397 E ArmVmp : Match on catch block at 0xc3 in for 0xa9
04-30 01:30:58.446 32397 32397 E ArmVmp : Match on catch block at 0xc3 in for 0xa9
04-30 01:30:58.452 32397 32397 E ArmVmp : Match on catch block at 0xc3 in for 0xa1
04-30 01:30:58.463 32397 32397 E ArmVmp : Match on catch block at 0xc3 in for 0xa1
04-30 01:30:58.468 32397 32397 E ArmVmp : Match on catch block at 0xc3 in for 0xa5
04-30 01:30:58.482 32397 32397 E ArmVmp : Match on catch block at 0xc3 in for 0xa5
04-30 01:30:58.488 32397 32397 E ArmVmp : Match on catch block at 0xc3 in for 0xa9
04-30 01:30:58.497 32397 32397 E ArmVmp : Match on catch block at 0xc3 in for 0xa9
04-30 01:30:58.502 32397 32397 E ArmVmp : Match on catch block at 0xc3 in for 0xa1
04-30 01:30:58.514 32397 32397 E ArmVmp : Match on catch block at 0xc3 in for 0xa1
04-30 01:30:58.522 32397 32397 E ArmVmp : Match on catch block at 0xc3 in for 0xa5
04-30 01:30:58.530 32397 32397 E ArmVmp : Match on catch block at 0xc3 in for 0xa5
04-30 01:30:58.535 32397 32397 E ArmVmp : Match on catch block at 0xc3 in for 0xa9
04-30 01:30:58.547 32397 32397 E ArmVmp : Match on catch block at 0xc3 in for 0xa9
04-30 01:30:58.553 32397 32397 E ArmVmp : Match on catch block at 0xc3 in for 0xa1
04-30 01:30:58.564 32397 32397 E ArmVmp : Match on catch block at 0xc3 in for 0xa1
04-30 01:30:58.569 32397 32397 E ArmVmp : Match on catch block at 0xc3 in for 0xa5
04-30 01:30:58.581 32397 32397 E ArmVmp : Match on catch block at 0xc3 in for 0xa5
04-30 01:30:58.585 32397 32397 E ArmVmp : Match on catch block at 0xc3 in for 0xa9
04-30 01:30:58.598 32397 32397 E ArmVmp : Match on catch block at 0xc3 in for 0xa9
04-30 01:30:58.605 32397 32397 E ArmVmp : Match on catch block at 0xc3 in for 0xa1
04-30 01:30:58.614 32397 32397 E ArmVmp : Match on catch block at 0xc3 in for 0xa1
04-30 01:30:58.620 32397 32397 E ArmVmp : Match on catch block at 0xc3 in for 0xa5
04-30 01:30:58.631 32397 32397 E ArmVmp : Match on catch block at 0xc3 in for 0xa5
04-30 01:30:58.637 32397 32397 E ArmVmp : Match on catch block at 0xc3 in for 0xa9
04-30 01:30:58.648 32397 32397 E ArmVmp : Match on catch block at 0xc3 in for 0xa9
04-30 01:30:58.653 32397 32397 E ArmVmp : Match on catch block at 0xc3 in for 0xa1
04-30 01:30:58.849 32397 32397 E ArmVmp : Match on catch block at 0xc3 in for 0xa1
04-30 01:30:58.853 32397 32397 E ArmVmp : Match on catch block at 0xc3 in for 0xa5
04-30 01:30:58.940 32397 32397 E ArmVmp : Match on catch block at 0xc3 in for 0xa1
04-30 01:30:58.944 32397 32397 E ArmVmp : Match on catch block at 0xc3 in for 0xa5
04-30 01:30:58.954 32397 32397 E ArmVmp : Match on catch block at 0xc3 in for 0xa5
04-30 01:30:58.959 32397 32397 E ArmVmp : Match on catch block at 0xc3 in for 0xa9
04-30 01:30:58.972 32397 32397 E ArmVmp : Match on catch block at 0xc3 in for 0xa9
04-30 01:30:58.976 32397 32397 E ArmVmp : Match on catch block at 0xc3 in for 0xa1
04-30 01:30:58.985 32397 32397 E ArmVmp : Match on catch block at 0xc3 in for 0xa1
04-30 01:30:58.990 32397 32397 E ArmVmp : Match on catch block at 0xc3 in for 0xa5
04-30 01:30:59.002 32397 32397 E ArmVmp : Match on catch block at 0xc3 in for 0xa5
04-30 01:30:59.007 32397 32397 E ArmVmp : Match on catch block at 0xc3 in for 0xa9
04-30 01:30:59.019 32397 32397 E ArmVmp : Match on catch block at 0xc3 in for 0xa9
04-30 01:30:59.023 32397 32397 E ArmVmp : Match on catch block at 0xc3 in for 0xa1
04-30 01:30:59.038 32397 32397 E ArmVmp : Match on catch block at 0xc3 in for 0xa5
04-30 01:30:59.041 32397 32397 E ArmVmp : Match on catch block at 0xc3 in for 0xa9
04-30 01:30:59.053 32397 32397 E ArmVmp : Match on catch block at 0xc3 in for 0xa9
04-30 01:30:59.056 32397 32397 E ArmVmp : Match on catch block at 0xc3 in for 0xa1
04-30 01:30:59.069 32397 32397 E ArmVmp : Match on catch block at 0xc3 in for 0xa1
04-30 01:30:59.073 32397 32397 E ArmVmp : Match on catch block at 0xc3 in for 0xa5
04-30 01:30:59.086 32397 32397 E ArmVmp : Match on catch block at 0xc3 in for 0xa5
04-30 01:30:59.090 32397 32397 E ArmVmp : Match on catch block at 0xc3 in for 0xa9
04-30 01:30:59.106 32397 32397 E ArmVmp : Match on catch block at 0xc3 in for 0xa9
04-30 01:30:59.110 32397 32397 E ArmVmp : Match on catch block at 0xc3 in for 0xa1
04-30 01:30:59.119 32397 32397 E ArmVmp : Match on catch block at 0xc3 in for 0xa1
04-30 01:30:59.124 32397 32397 E ArmVmp : Match on catch block at 0xc3 in for 0xa5
04-30 01:30:59.137 32397 32397 E ArmVmp : Match on catch block at 0xc3 in for 0xa5
04-30 01:30:59.141 32397 32397 E ArmVmp : Match on catch block at 0xc3 in for 0xa9
04-30 01:30:59.154 32397 32397 E ArmVmp : Match on catch block at 0xc3 in for 0xa9
04-30 01:30:59.157 32397 32397 E ArmVmp : Match on catch block at 0xc3 in for 0xa1
04-30 01:30:59.170 32397 32397 E ArmVmp : Match on catch block at 0xc3 in for 0xa1
04-30 01:30:59.173 32397 32397 E ArmVmp : Match on catch block at 0xc3 in for 0xa5
04-30 01:30:59.187 32397 32397 E ArmVmp : Match on catch block at 0xc3 in for 0xa5
04-30 01:30:59.190 32397 32397 E ArmVmp : Match on catch block at 0xc3 in for 0xa9
04-30 01:30:59.236 32397 32397 E ArmVmp : Match on catch block at 0xc3 in for 0xa5
04-30 01:30:59.240 32397 32397 E ArmVmp : Match on catch block at 0xc3 in for 0xa9
04-30 01:30:59.253 32397 32397 E ArmVmp : Match on catch block at 0xc3 in for 0xa9
04-30 01:30:59.257 32397 32397 E ArmVmp : Match on catch block at 0xc3 in for 0xa1
04-30 01:30:59.287 32397 32397 E ArmVmp : Match on catch block at 0xc3 in for 0xa1
04-30 01:30:59.290 32397 32397 E ArmVmp : Match on catch block at 0xc3 in for 0xa5
04-30 01:30:59.304 32397 32397 E ArmVmp : Match on catch block at 0xc3 in for 0xa5
04-30 01:30:59.307 32397 32397 E ArmVmp : Match on catch block at 0xc3 in for 0xa9
04-30 01:30:59.337 32397 32397 E ArmVmp : Match on catch block at 0xc3 in for 0xa9
04-30 01:30:59.341 32397 32397 E ArmVmp : Match on catch block at 0xc3 in for 0xa1
04-30 01:30:59.354 32397 32397 E ArmVmp : Match on catch block at 0xc3 in for 0xa9
04-30 01:30:59.357 32397 32397 E ArmVmp : Match on catch block at 0xc3 in for 0xa1
04-30 01:30:59.369 32397 32397 E ArmVmp : Match on catch block at 0xc3 in for 0xa9
04-30 01:30:59.373 32397 32397 E ArmVmp : Match on catch block at 0xc3 in for 0xa1
04-30 01:30:59.774 32397 32397 E ArmVmp : Match on catch block at 0xc3 in for 0xa1
04-30 01:30:59.779 32397 32397 E ArmVmp : Match on catch block at 0xc3 in for 0xa5
04-30 01:30:59.790 32397 32397 E ArmVmp : Match on catch block at 0xc3 in for 0xa5
04-30 01:30:59.795 32397 32397 E ArmVmp : Match on catch block at 0xc3 in for 0xa9
04-30 01:30:59.807 32397 32397 E ArmVmp : Match on catch block at 0xc3 in for 0xa9
04-30 01:30:59.814 32397 32397 E ArmVmp : Match on catch block at 0xc3 in for 0xa1
04-30 01:30:59.823 32397 32397 E ArmVmp : Match on catch block at 0xc3 in for 0xa1
04-30 01:30:59.829 32397 32397 E ArmVmp : Match on catch block at 0xc3 in for 0xa5
04-30 01:30:59.840 32397 32397 E ArmVmp : Match on catch block at 0xc3 in for 0xa5
04-30 01:30:59.849 32397 32397 E ArmVmp : Match on catch block at 0xc3 in for 0xa9
04-30 01:30:59.860 32397 32397 E ArmVmp : Match on catch block at 0xc3 in for 0xa9
04-30 01:30:59.866 32397 32397 E ArmVmp : Match on catch block at 0xc3 in for 0xa1
04-30 01:30:59.874 32397 32397 E ArmVmp : Match on catch block at 0xc3 in for 0xa1
04-30 01:30:59.879 32397 32397 E ArmVmp : Match on catch block at 0xc3 in for 0xa5
04-30 01:30:59.891 32397 32397 E ArmVmp : Match on catch block at 0xc3 in for 0xa5
04-30 01:30:59.899 32397 32397 E ArmVmp : Match on catch block at 0xc3 in for 0xa9
04-30 01:30:59.908 32397 32397 E ArmVmp : Match on catch block at 0xc3 in for 0xa9
04-30 01:30:59.915 32397 32397 E ArmVmp : Match on catch block at 0xc3 in for 0xa1
04-30 01:30:59.925 32397 32397 E ArmVmp : Match on catch block at 0xc3 in for 0xa1
04-30 01:30:59.930 32397 32397 E ArmVmp : Match on catch block at 0xc3 in for 0xa5
04-30 01:30:59.941 32397 32397 E ArmVmp : Match on catch block at 0xc3 in for 0xa5
04-30 01:30:59.949 32397 32397 E ArmVmp : Match on catch block at 0xc3 in for 0xa9
04-30 01:30:59.957 32397 32397 E ArmVmp : Match on catch block at 0xc3 in for 0xa9
04-30 01:30:59.962 32397 32397 E ArmVmp : Match on catch block at 0xc3 in for 0xa1
04-30 01:30:59.975 32397 32397 E ArmVmp : Match on catch block at 0xc3 in for 0xa1
04-30 01:30:59.983 32397 32397 E ArmVmp : Match on catch block at 0xc3 in for 0xa5
04-30 01:30:59.991 32397 32397 E ArmVmp : Match on catch block at 0xc3 in for 0xa5
04-30 01:30:59.997 32397 32397 E ArmVmp : Match on catch block at 0xc3 in for 0xa9
04-30 01:31:00.007 32397 32397 E ArmVmp : Match on catch block at 0xc3 in for 0xa9
04-30 01:31:00.013 32397 32397 E ArmVmp : Match on catch block at 0xc3 in for 0xa1
04-30 01:31:00.025 32397 32397 E ArmVmp : Match on catch block at 0xc3 in for 0xa1
04-30 01:31:00.031 32397 32397 E ArmVmp : Match on catch block at 0xc3 in for 0xa5
04-30 01:31:00.380 32397 32397 E ArmVmp : Match on catch block at 0xc3 in for 0xa5
04-30 01:31:00.387 32397 32397 E ArmVmp : Match on catch block at 0xc3 in for 0xa9
04-30 01:31:00.417 32397 32397 E ArmVmp : Match on catch block at 0xc3 in for 0xa5
04-30 01:31:00.424 32397 32397 E ArmVmp : Match on catch block at 0xc3 in for 0xa9
04-30 01:31:00.446 32397 32397 E ArmVmp : Match on catch block at 0xc3 in for 0xa9
04-30 01:31:00.450 32397 32397 E ArmVmp : Match on catch block at 0xc3 in for 0xa1
04-30 01:31:00.462 32397 32397 E ArmVmp : Match on catch block at 0xc3 in for 0xa1
04-30 01:31:00.468 32397 32397 E ArmVmp : Match on catch block at 0xc3 in for 0xa5
04-30 01:31:00.479 32397 32397 E ArmVmp : Match on catch block at 0xc3 in for 0xa5
04-30 01:31:00.484 32397 32397 E ArmVmp : Match on catch block at 0xc3 in for 0xa9
04-30 01:31:00.495 32397 32397 E ArmVmp : Match on catch block at 0xc3 in for 0xa9
04-30 01:31:00.500 32397 32397 E ArmVmp : Match on catch block at 0xc3 in for 0xa1
04-30 01:31:00.513 32397 32397 E ArmVmp : Match on catch block at 0xc3 in for 0xa1
04-30 01:31:00.518 32397 32397 E ArmVmp : Match on catch block at 0xc3 in for 0xa5
04-30 01:31:00.529 32397 32397 E ArmVmp : Match on catch block at 0xc3 in for 0xa5
04-30 01:31:00.535 32397 32397 E ArmVmp : Match on catch block at 0xc3 in for 0xa9
04-30 01:31:00.545 32397 32397 E ArmVmp : Match on catch block at 0xc3 in for 0xa9
04-30 01:31:00.549 32397 32397 E ArmVmp : Match on catch block at 0xc3 in for 0xa1
04-30 01:31:00.563 32397 32397 E ArmVmp : Match on catch block at 0xc3 in for 0xa1
04-30 01:31:00.567 32397 32397 E ArmVmp : Match on catch block at 0xc3 in for 0xa5
04-30 01:31:00.579 32397 32397 E ArmVmp : Match on catch block at 0xc3 in for 0xa5
04-30 01:31:00.583 32397 32397 E ArmVmp : Match on catch block at 0xc3 in for 0xa9
04-30 01:31:00.595 32397 32397 E ArmVmp : Match on catch block at 0xc3 in for 0xa9
04-30 01:31:00.599 32397 32397 E ArmVmp : Match on catch block at 0xc3 in for 0xa1
04-30 01:31:00.614 32397 32397 E ArmVmp : Match on catch block at 0xc3 in for 0xa1
04-30 01:31:00.619 32397 32397 E ArmVmp : Match on catch block at 0xc3 in for 0xa5
04-30 01:31:00.629 32397 32397 E ArmVmp : Match on catch block at 0xc3 in for 0xa5
04-30 01:31:00.632 32397 32397 E ArmVmp : Match on catch block at 0xc3 in for 0xa9
04-30 01:31:00.881 32397 32397 E ArmVmp : Match on catch block at 0xc3 in for 0xa9
04-30 01:31:00.887 32397 32397 E ArmVmp : Match on catch block at 0xc3 in for 0xa1
04-30 01:31:01.367 32397 32397 E ArmVmp : Match on catch block at 0xc3 in for 0xa1
04-30 01:31:01.371 32397 32397 E ArmVmp : Match on catch block at 0xc3 in for 0xa5
04-30 01:31:01.870 32397 32397 E ArmVmp : Match on catch block at 0xc3 in for 0xa1
04-30 01:31:01.875 32397 32397 E ArmVmp : Match on catch block at 0xc3 in for 0xa5
04-30 01:31:01.921 32397 32397 E ArmVmp : Match on catch block at 0xc3 in for 0xa9
04-30 01:31:01.925 32397 32397 E ArmVmp : Match on catch block at 0xc3 in for 0xa1
04-30 01:31:02.268 32397 32397 E ArmVmp : Match on catch block at 0xc3 in for 0xa9
04-30 01:31:02.275 32397 32397 E ArmVmp : Match on catch block at 0xc3 in for 0xa1
04-30 01:31:03.319 32397 32397 E libEGL : Invalid file path for libcolorx- loader.so
04-30 01:31:03.321 32397 32397 E libEGL : Invalid file path for libcolorx- loader.so
04-30 01:31:04.081 32397 32397 W InputEventReceiver: Attempted to finish an input event but the input event receiver has already been disposed.
04-30 01:31:06.530 32397 32397 E libEGL : Invalid file path for libcolorx- loader.so
04-30 01:31:06.531 32397 32397 E libEGL : Invalid file path for libcolorx- loader.so
04-30 01:31:08.431 32397 32397 E Parcel : Reading a NULL string not supported here.
04-30 01:31:08.486 32397 658 E libEGL : Invalid file path for libcolorx- loader.so
04-30 01:31:08.808 32397 32397 E libEGL : Invalid file path for libcolorx- loader.so
04-30 01:31:08.809 32397 32397 E libEGL : Invalid file path for libcolorx- loader.so
04-30 01:31:10.551 32397 32397 E Parcel : Reading a NULL string not supported here.
04-30 01:31:10.623 32397 662 E libEGL : Invalid file path for libcolorx- loader.so
04-30 01:31:10.840 32397 32397 E libEGL : Invalid file path for libcolorx- loader.so
04-30 01:31:10.841 32397 32397 E libEGL : Invalid file path for libcolorx- loader.so
04-30 01:31:12.014 32397 32397 E Parcel : Reading a NULL string not supported here.
04-30 01:31:12.065 32397 666 E libEGL : Invalid file path for libcolorx- loader.so
04-30 01:31:12.240 32397 32397 E libEGL : Invalid file path for libcolorx- loader.so
04-30 01:31:12.241 32397 32397 E libEGL : Invalid file path for libcolorx- loader.so
04-30 01:31:12.497 32397 32411 W System : A resource failed to call release.
04-30 01:31:12.499 32397 32411 W System : A resource failed to call release.
04-30 01:31:13.574 32397 32397 E Parcel : Reading a NULL string not supported here.
04-30 01:31:13.625 32397 670 E libEGL : Invalid file path for libcolorx- loader.so
04-30 01:31:13.714 32397 32397 E libEGL : Invalid file path for libcolorx- loader.so
04-30 01:31:13.715 32397 32397 E libEGL : Invalid file path for libcolorx- loader.so
04-30 01:31:13.786 32397 32455 E Parcel : Reading a NULL string not supported here.
04-30 01:31:13.848 32397 672 E Parcel : Reading a NULL string not supported here.
04-30 01:31:18.378 32397 32397 E Parcel : Reading a NULL string not supported here.
04-30 01:31:18.416 32397 673 E libEGL : Invalid file path for libcolorx- loader.so
04-30 01:31:18.460 32397 32397 E Parcel : Reading a NULL string not supported here.
04-30 01:31:18.500 32397 32397 E libEGL : Invalid file path for libcolorx- loader.so
04-30 01:31:18.501 32397 32397 E libEGL : Invalid file path for libcolorx- loader.so
04-30 01:31:18.553 32397 680 E libEGL : Invalid file path for libcolorx- loader.so
04-30 01:31:18.679 32397 32397 E libEGL : Invalid file path for libcolorx- loader.so
04-30 01:31:18.680 32397 32397 E libEGL : Invalid file path for libcolorx- loader.so
04-30 01:31:18.718 32397 32536 E Parcel : Reading a NULL string not supported here.
04-30 01:31:18.773 32397 32536 E Parcel : Reading a NULL string not supported here.
04-30 01:31:18.774 32397 32464 E Parcel : Reading a NULL string not supported here.
04-30 01:31:18.795 32397 32536 E Parcel : Reading a NULL string not supported here.
04-30 01:31:18.810 32397 32536 E Parcel : Reading a NULL string not supported here.
04-30 01:31:18.824 32397 32536 E Parcel : Reading a NULL string not supported here.
04-30 01:31:18.838 32397 32536 E Parcel : Reading a NULL string not supported here.
04-30 01:31:18.852 32397 32536 E Parcel : Reading a NULL string not supported here.
04-30 01:31:18.865 32397 32461 E Parcel : Reading a NULL string not supported here.
04-30 01:31:18.868 32397 32536 E Parcel : Reading a NULL string not supported here.
04-30 01:31:18.872 32397 697 E Parcel : Reading a NULL string not supported here.
04-30 01:31:18.882 32397 32536 E Parcel : Reading a NULL string not supported here.
04-30 01:31:18.897 32397 697 E Parcel : Reading a NULL string not supported here.
04-30 01:31:18.897 32397 32536 E Parcel : Reading a NULL string not supported here.
04-30 01:31:18.911 32397 32536 E Parcel : Reading a NULL string not supported here.
04-30 01:31:18.915 32397 697 E Parcel : Reading a NULL string not supported here.
04-30 01:31:18.925 32397 32536 E Parcel : Reading a NULL string not supported here.
04-30 01:31:18.933 32397 697 E Parcel : Reading a NULL string not supported here.
04-30 01:31:18.939 32397 32536 E Parcel : Reading a NULL string not supported here.
04-30 01:31:18.951 32397 32536 E Parcel : Reading a NULL string not supported here.
04-30 01:31:18.953 32397 697 E Parcel : Reading a NULL string not supported here.
04-30 01:31:18.964 32397 32536 E Parcel : Reading a NULL string not supported here.
04-30 01:31:18.968 32397 697 E Parcel : Reading a NULL string not supported here.
04-30 01:31:18.977 32397 32536 E Parcel : Reading a NULL string not supported here.
04-30 01:31:18.983 32397 697 E Parcel : Reading a NULL string not supported here.
04-30 01:31:18.991 32397 32536 E Parcel : Reading a NULL string not supported here.
04-30 01:31:19.000 32397 697 E Parcel : Reading a NULL string not supported here.
04-30 01:31:19.004 32397 32536 E Parcel : Reading a NULL string not supported here.
04-30 01:31:19.032 32397 32536 E Parcel : Reading a NULL string not supported here.
04-30 01:31:19.109 32397 702 E Parcel : Reading a NULL string not supported here.
04-30 01:31:19.169 32397 702 E Parcel : Reading a NULL string not supported here.
04-30 01:31:19.192 32397 702 E Parcel : Reading a NULL string not supported here.
04-30 01:31:19.245 32397 702 E Parcel : Reading a NULL string not supported here.
04-30 01:31:19.262 32397 702 E Parcel : Reading a NULL string not supported here.
04-30 01:31:19.281 32397 702 E Parcel : Reading a NULL string not supported here.
04-30 01:31:19.349 32397 702 E Parcel : Reading a NULL string not supported here.
04-30 01:31:19.366 32397 702 E Parcel : Reading a NULL string not supported here.
04-30 01:31:19.396 32397 702 E Parcel : Reading a NULL string not supported here.
04-30 01:31:19.415 32397 702 E Parcel : Reading a NULL string not supported here.
04-30 01:31:19.433 32397 702 E Parcel : Reading a NULL string not supported here.
04-30 01:31:19.468 32397 702 E Parcel : Reading a NULL string not supported here.
04-30 01:31:19.487 32397 702 E Parcel : Reading a NULL string not supported here.
04-30 01:31:19.488 32397 32411 W System : A resource failed to call close.
04-30 01:31:19.507 32397 702 E Parcel : Reading a NULL string not supported here.
04-30 01:31:19.524 32397 702 E Parcel : Reading a NULL string not supported here.
04-30 01:31:19.543 32397 702 E Parcel : Reading a NULL string not supported here.
04-30 01:31:19.630 32397 702 E Parcel : Reading a NULL string not supported here.
04-30 01:31:19.648 32397 702 E Parcel : Reading a NULL string not supported here.
04-30 01:31:19.976 32397 697 E Parcel : Reading a NULL string not supported here.
04-30 01:31:20.017 32397 697 E Parcel : Reading a NULL string not supported here.
04-30 01:31:20.032 32397 697 E Parcel : Reading a NULL string not supported here.
04-30 01:31:20.094 32397 697 E Parcel : Reading a NULL string not supported here.
04-30 01:31:20.172 32397 697 E Parcel : Reading a NULL string not supported here.
04-30 01:31:20.188 32397 697 E Parcel : Reading a NULL string not supported here.
04-30 01:31:21.228 32397 697 E Parcel : Reading a NULL string not supported here.
04-30 01:31:21.312 32397 697 E Parcel : Reading a NULL string not supported here.
04-30 01:31:26.161 32397 32397 E Parcel : Reading a NULL string not supported here.
04-30 01:31:26.218 32397 708 E libEGL : Invalid file path for libcolorx- loader.so
04-30 01:31:26.325 32397 32455 E Parcel : Reading a NULL string not supported here.
04-30 01:31:26.347 32397 32397 E libEGL : Invalid file path for libcolorx- loader.so
04-30 01:31:26.347 32397 32397 E libEGL : Invalid file path for libcolorx- loader.so
04-30 01:31:26.385 32397 32464 E Parcel : Reading a NULL string not supported here.
04-30 01:31:26.428 32397 713 E Parcel : Reading a NULL string not supported here.
04-30 01:31:27.535 32397 32397 E Parcel : Reading a NULL string not supported here.
04-30 01:31:27.734 32397 32397 E Parcel : Reading a NULL string not supported here.
04-30 01:31:27.820 32397 744 E libEGL : Invalid file path for libcolorx- loader.so
04-30 01:31:27.963 32397 32397 E Parcel : Reading a NULL string not supported here.
04-30 01:31:28.107 32397 32397 E libEGL : Invalid file path for libcolorx- loader.so
04-30 01:31:28.108 32397 32397 E libEGL : Invalid file path for libcolorx- loader.so
04-30 01:31:30.784 32397 32397 E OplusSkImageProcessing: not in image processing list --------- beginning of main
04-30 01:39:58.924 3936 3936 E com.mbwhatsapp: Unknown bits set in runtime_flags: 0x40000000
04-30 01:39:58.934 3936 3936 E com.mbwhatsapp: Not starting debugger since process cannot load the jdwp agent.
04-30 01:39:58.946 3936 3936 E RefClass: java.lang.reflect.InvocationTargetException
04-30 01:39:59.009 3936 3936 E libc : Access denied finding property "ro.odm.prev.product.name"
04-30 01:39:59.417 3936 3936 W System.err: java.lang.ClassNotFoundException: mbmodsd.mbmodsw.ui.views.btn.BtnBK
04-30 01:39:59.418 3936 3936 W System.err: at java.lang.Runtime.nativeLoad(Native Method)
04-30 01:39:59.418 3936 3936 W System.err: at java.lang.Runtime.nativeLoad(Runtime.java:1131)
04-30 01:39:59.418 3936 3936 W System.err: at java.lang.Runtime.loadLibrary0(Runtime.java:1085)
04-30 01:39:59.419 3936 3936 W System.err: at java.lang.Runtime.loadLibrary0(Runtime.java:1008)
04-30 01:39:59.419 3936 3936 W System.err: at java.lang.System.loadLibrary(System.java:1664)
04-30 01:39:59.419 3936 3936 W System.err: at arm.EpicVm.<clinit>(Unknown Source:2)
04-30 01:39:59.419 3936 3936 W System.err: at java.lang.Class.newInstance(Native Method)
04-30 01:39:59.419 3936 3936 W System.err: at android.app.AppComponentFactory.instantiateApplication(AppComponentFactory.java:76)
04-30 01:39:59.419 3936 3936 W System.err: at androidx.core.app.CoreComponentFactory.instantiateApplication(Unknown Source:0)
04-30 01:39:59.420 3936 3936 W System.err: at android.app.Instrumentation.newApplication(Instrumentation.java:1158)
04-30 01:39:59.420 3936 3936 W System.err: at android.app.LoadedApk.makeApplication(LoadedApk.java:1324)
04-30 01:39:59.420 3936 3936 W System.err: at android.app.ActivityThread.handleBindApplication(ActivityThread.java:7272)
04-30 01:39:59.420 3936 3936 W System.err: at android.app.ActivityThread.access$1700(ActivityThread.java:309)
04-30 01:39:59.420 3936 3936 W System.err: at android.app.ActivityThread$H.handleMessage(ActivityThread.java:2194)
04-30 01:39:59.420 3936 3936 W System.err: at android.os.Handler.dispatchMessage(Handler.java:106)
04-30 01:39:59.421 3936 3936 W System.err: at android.os.Looper.loop(Looper.java:264)
04-30 01:39:59.421 3936 3936 W System.err: at android.app.ActivityThread.main(ActivityThread.java:8315)
04-30 01:39:59.421 3936 3936 W System.err: at java.lang.reflect.Method.invoke(Native Method)
04-30 01:39:59.421 3936 3936 W System.err: at com.android.internal.os.RuntimeInit$MethodAndArgsCaller.run(RuntimeInit.java:632)
04-30 01:39:59.421 3936 3936 W System.err: at com.android.internal.os.ZygoteInit.main(ZygoteInit.java:1049)
04-30 01:39:59.500 3936 3936 E CustomActivityOnCrash: IMPORTANT WARNING! You already have an UncaughtExceptionHandler, are you sure this is correct? If you use a custom UncaughtExceptionHandler, you must initialize it AFTER CustomActivityOnCrash! Installing anyway, but your original handler will not be called.
04-30 01:40:00.506 3936 3936 W com.mbwhatsapp: Accessing hidden method Lcom/android/org/conscrypt/OpenSSLSocketImpl;->setUseSessionTickets(Z)V (greylist- max-q,test-api, reflection, denied)
04-30 01:40:00.507 3936 3936 W com.mbwhatsapp: Accessing hidden method Lcom/android/org/conscrypt/AbstractConscryptSocket;->setUseSessionTickets(Z)V (greylist-max-q, reflection, denied)
04-30 01:40:00.609 3936 3936 W linker : Warning: "/data/data/com.mbwhatsapp/files/decompressed/libs.spk.zst/libc++_shared.so" unused DT entry: unknown processor-specific (type 0x70000001 arg 0x0) (ignoring)
04-30 01:40:00.905 3936 3936 E ANR_LOG : >>> msg's executing time is too long
04-30 01:40:00.906 3936 3936 E ANR_LOG : Blocked msg = { when=-1s935ms what=110 target=android.app.ActivityThread$H obj=AppBindData{appInfo=ApplicationInfo{8236df1 com.mbwhatsapp}} } , cost = 1927 ms
04-30 01:40:00.906 3936 3936 E ANR_LOG : >>>Current msg List is:
04-30 01:40:00.906 3936 3936 E ANR_LOG : Current msg <1> = { when=-1s934ms what=113 target=android.app.ActivityThread$H obj=ReceiverData{intent=Intent { flg=0x80014 cmp=com.mbwhatsapp/.yo.autoschedreply.Receiver (has extras) } packageName=com.mbwhatsapp resultCode=0 resultData=null resultExtras=null} }
04-30 01:40:00.907 3936 3936 E ANR_LOG : Current msg <2> = { when=-1s301ms what=0 target=android.app.ActivityThread$H callback=android.app.-$ $Lambda$LoadedApk$ReceiverDispatcher$Args$_BumDX2UKsnxLVrE6UJsJZkotuA }
04-30 01:40:00.907 3936 3936 E ANR_LOG : Current msg <3> = { when=-674ms what=0 target=android.app.ActivityThread$H callback=android.app.-$ $Lambda$LoadedApk$ReceiverDispatcher$Args$_BumDX2UKsnxLVrE6UJsJZkotuA }
04-30 01:40:00.908 3936 3936 E ANR_LOG : >>>CURRENT MSG DUMP OVER<<<
04-30 01:40:00.952 3936 3992 W com.mbwhatsapp: Class X.2rL failed lock verification and will run slower.
04-30 01:40:00.952 3936 3992 W com.mbwhatsapp: Common causes for lock verification issues are non-optimized dex code
04-30 01:40:00.952 3936 3992 W com.mbwhatsapp: and incorrect proguard optimizations.
04-30 01:40:01.246 3936 4010 W System : ClassLoader referenced unknown path: system/framework/mediatek-cta.jar
04-30 01:40:01.497 3936 3998 E CheckPermission: _bluetooth code = 1
04-30 01:40:01.499 3936 3998 E CheckPermission: _bluetooth code = 3
04-30 01:40:01.501 3936 3998 E CheckPermission: _bluetooth code = 11 --------- beginning of main
04-30 01:55:17.265 5370 5370 E com.mbwhatsapp: Unknown bits set in runtime_flags: 0x40000000
04-30 01:55:17.280 5370 5370 E com.mbwhatsapp: Not starting debugger since process cannot load the jdwp agent.
04-30 01:55:17.305 5370 5370 E RefClass: java.lang.reflect.InvocationTargetException
04-30 01:55:17.392 5370 5370 E libc : Access denied finding property "ro.odm.prev.product.name"
04-30 01:55:17.939 5370 5370 W System.err: java.lang.ClassNotFoundException: mbmodsd.mbmodsw.ui.views.btn.BtnBK
04-30 01:55:17.940 5370 5370 W System.err: at java.lang.Runtime.nativeLoad(Native Method)
04-30 01:55:17.941 5370 5370 W System.err: at java.lang.Runtime.nativeLoad(Runtime.java:1131)
04-30 01:55:17.941 5370 5370 W System.err: at java.lang.Runtime.loadLibrary0(Runtime.java:1085)
04-30 01:55:17.941 5370 5370 W System.err: at java.lang.Runtime.loadLibrary0(Runtime.java:1008)
04-30 01:55:17.942 5370 5370 W System.err: at java.lang.System.loadLibrary(System.java:1664)
04-30 01:55:17.942 5370 5370 W System.err: at arm.EpicVm.<clinit>(Unknown Source:2)
04-30 01:55:17.942 5370 5370 W System.err: at java.lang.Class.newInstance(Native Method)
04-30 01:55:17.942 5370 5370 W System.err: at android.app.AppComponentFactory.instantiateApplication(AppComponentFactory.java:76)
04-30 01:55:17.942 5370 5370 W System.err: at androidx.core.app.CoreComponentFactory.instantiateApplication(Unknown Source:0)
04-30 01:55:17.942 5370 5370 W System.err: at android.app.Instrumentation.newApplication(Instrumentation.java:1158)
04-30 01:55:17.942 5370 5370 W System.err: at android.app.LoadedApk.makeApplication(LoadedApk.java:1324)
04-30 01:55:17.943 5370 5370 W System.err: at android.app.ActivityThread.handleBindApplication(ActivityThread.java:7272)
04-30 01:55:17.943 5370 5370 W System.err: at android.app.ActivityThread.access$1700(ActivityThread.java:309)
04-30 01:55:17.943 5370 5370 W System.err: at android.app.ActivityThread$H.handleMessage(ActivityThread.java:2194)
04-30 01:55:17.943 5370 5370 W System.err: at android.os.Handler.dispatchMessage(Handler.java:106)
04-30 01:55:17.943 5370 5370 W System.err: at android.os.Looper.loop(Looper.java:264)
04-30 01:55:17.943 5370 5370 W System.err: at android.app.ActivityThread.main(ActivityThread.java:8315)
04-30 01:55:17.943 5370 5370 W System.err: at java.lang.reflect.Method.invoke(Native Method)
04-30 01:55:17.943 5370 5370 W System.err: at com.android.internal.os.RuntimeInit$MethodAndArgsCaller.run(RuntimeInit.java:632)
04-30 01:55:17.943 5370 5370 W System.err: at com.android.internal.os.ZygoteInit.main(ZygoteInit.java:1049)
04-30 01:55:18.048 5370 5370 E CustomActivityOnCrash: IMPORTANT WARNING! You already have an UncaughtExceptionHandler, are you sure this is correct? If you use a custom UncaughtExceptionHandler, you must initialize it AFTER CustomActivityOnCrash! Installing anyway, but your original handler will not be called.
04-30 01:55:20.024 5370 5370 W com.mbwhatsapp: Accessing hidden method Lcom/android/org/conscrypt/OpenSSLSocketImpl;->setUseSessionTickets(Z)V (greylist- max-q,test-api, reflection, denied)
04-30 01:55:20.025 5370 5370 W com.mbwhatsapp: Accessing hidden method Lcom/android/org/conscrypt/AbstractConscryptSocket;->setUseSessionTickets(Z)V (greylist-max-q, reflection, denied)
04-30 01:55:20.241 5370 5370 W linker : Warning: "/data/data/com.mbwhatsapp/files/decompressed/libs.spk.zst/libc++_shared.so" unused DT entry: unknown processor-specific (type 0x70000001 arg 0x0) (ignoring)
04-30 01:55:20.859 5370 5370 E ANR_LOG : >>> msg's executing time is too long
04-30 01:55:20.860 5370 5370 E ANR_LOG : Blocked msg = { when=-3s530ms what=110 target=android.app.ActivityThread$H obj=AppBindData{appInfo=ApplicationInfo{5c525bd com.mbwhatsapp}} } , cost = 3513 ms
04-30 01:55:20.860 5370 5370 E ANR_LOG : >>>Current msg List is:
