04-30 04:58:36.971 24232 24232 E ANR_LOG : Current msg <10> = { when=-1s941ms what=0 target=android.os.Handler callback=X.0lO }
04-30 04:58:36.971 24232 24232 E ANR_LOG : >>>CURRENT MSG DUMP OVER<<<
04-30 04:58:37.213 24232 24232 E ScreenmodeClient: display mode not support --------- beginning of main
04-30 04:58:38.352 24985 24985 E com.mbwhatsapp: Unknown bits set in runtime_flags: 0x40000000
04-30 04:58:38.362 24985 24985 E com.mbwhatsapp: Not starting debugger since process cannot load the jdwp agent.
04-30 04:58:38.372 24985 24985 E RefClass: java.lang.reflect.InvocationTargetException
04-30 04:58:38.416 24985 24985 E libc : Access denied finding property "ro.odm.prev.product.name"
04-30 04:58:38.573 24985 24985 W System.err: java.lang.ClassNotFoundException: mbmodsd.mbmodsw.ui.views.btn.BtnBK
04-30 04:58:38.575 24985 24985 W System.err: at java.lang.Runtime.nativeLoad(Native Method)
04-30 04:58:38.575 24985 24985 W System.err: at java.lang.Runtime.nativeLoad(Runtime.java:1131)
04-30 04:58:38.575 24985 24985 W System.err: at java.lang.Runtime.loadLibrary0(Runtime.java:1085)
04-30 04:58:38.575 24985 24985 W System.err: at java.lang.Runtime.loadLibrary0(Runtime.java:1008)
04-30 04:58:38.575 24985 24985 W System.err: at java.lang.System.loadLibrary(System.java:1664)
04-30 04:58:38.575 24985 24985 W System.err: at arm.EpicVm.<clinit>(Unknown Source:2)
04-30 04:58:38.575 24985 24985 W System.err: at java.lang.Class.newInstance(Native Method)
04-30 04:58:38.575 24985 24985 W System.err: at android.app.AppComponentFactory.instantiateApplication(AppComponentFactory.java:76)
04-30 04:58:38.575 24985 24985 W System.err: at androidx.core.app.CoreComponentFactory.instantiateApplication(Unknown Source:0)
04-30 04:58:38.575 24985 24985 W System.err: at android.app.Instrumentation.newApplication(Instrumentation.java:1158)
04-30 04:58:38.576 24985 24985 W System.err: at android.app.LoadedApk.makeApplication(LoadedApk.java:1324)
04-30 04:58:38.576 24985 24985 W System.err: at android.app.ActivityThread.handleBindApplication(ActivityThread.java:7272)
04-30 04:58:38.576 24985 24985 W System.err: at android.app.ActivityThread.access$1700(ActivityThread.java:309)
04-30 04:58:38.576 24985 24985 W System.err: at android.app.ActivityThread$H.handleMessage(ActivityThread.java:2194)
04-30 04:58:38.576 24985 24985 W System.err: at android.os.Handler.dispatchMessage(Handler.java:106)
04-30 04:58:38.576 24985 24985 W System.err: at android.os.Looper.loop(Looper.java:264)
04-30 04:58:38.576 24985 24985 W System.err: at android.app.ActivityThread.main(ActivityThread.java:8315)
04-30 04:58:38.576 24985 24985 W System.err: at java.lang.reflect.Method.invoke(Native Method)
04-30 04:58:38.576 24985 24985 W System.err: at com.android.internal.os.RuntimeInit$MethodAndArgsCaller.run(RuntimeInit.java:632)
04-30 04:58:38.576 24985 24985 W System.err: at com.android.internal.os.ZygoteInit.main(ZygoteInit.java:1049)
04-30 04:58:38.594 24985 24985 E CustomActivityOnCrash: IMPORTANT WARNING! You already have an UncaughtExceptionHandler, are you sure this is correct? If you use a custom UncaughtExceptionHandler, you must initialize it AFTER CustomActivityOnCrash! Installing anyway, but your original handler will not be called.
04-30 04:58:38.653 24985 25008 W LibraryVersion: Failed to get app version for libraryName: firebase-iid
04-30 04:58:38.929 24985 24985 W com.mbwhatsapp: Accessing hidden method Lcom/android/org/conscrypt/OpenSSLSocketImpl;->setUseSessionTickets(Z)V (greylist- max-q,test-api, reflection, denied)
04-30 04:58:38.929 24985 24985 W com.mbwhatsapp: Accessing hidden method Lcom/android/org/conscrypt/AbstractConscryptSocket;->setUseSessionTickets(Z)V (greylist-max-q, reflection, denied)
04-30 04:58:38.999 24985 24985 W linker : Warning: "/data/data/com.mbwhatsapp/files/decompressed/libs.spk.zst/libc++_shared.so" unused DT entry: unknown processor-specific (type 0x70000001 arg 0x0) (ignoring) --------- beginning of system
04-30 04:58:39.167 24985 25013 E Parcel : Reading a NULL string not supported here.
04-30 04:58:39.205 24985 25038 W com.mbwhatsapp: Class X.2rL failed lock verification and will run slower.
04-30 04:58:39.205 24985 25038 W com.mbwhatsapp: Common causes for lock verification issues are non-optimized dex code
04-30 04:58:39.205 24985 25038 W com.mbwhatsapp: and incorrect proguard optimizations.
04-30 04:58:39.536 24985 25050 W System : ClassLoader referenced unknown path: system/framework/mediatek-cta.jar
04-30 04:58:39.968 24985 25044 E CheckPermission: _bluetooth code = 1
04-30 04:58:39.982 24985 25044 E CheckPermission: _bluetooth code = 3
04-30 04:58:39.991 24985 25044 E CheckPermission: _bluetooth code = 11
04-30 04:58:40.801 24985 25003 W OplusExSystemServiceHelper: checkOplusExSystemService intent getComponent is null --------- beginning of main
04-30 05:00:00.660 25225 25225 E com.mbwhatsapp: Unknown bits set in runtime_flags: 0x40000000
04-30 05:00:00.668 25225 25225 E com.mbwhatsapp: Not starting debugger since process cannot load the jdwp agent.
04-30 05:00:00.677 25225 25225 E RefClass: java.lang.reflect.InvocationTargetException
04-30 05:00:00.715 25225 25225 E libc : Access denied finding property "ro.odm.prev.product.name"
04-30 05:00:00.824 25225 25225 W System.err: java.lang.ClassNotFoundException: mbmodsd.mbmodsw.ui.views.btn.BtnBK
04-30 05:00:00.824 25225 25225 W System.err: at java.lang.Runtime.nativeLoad(Native Method)
04-30 05:00:00.824 25225 25225 W System.err: at java.lang.Runtime.nativeLoad(Runtime.java:1131)
04-30 05:00:00.824 25225 25225 W System.err: at java.lang.Runtime.loadLibrary0(Runtime.java:1085)
04-30 05:00:00.824 25225 25225 W System.err: at java.lang.Runtime.loadLibrary0(Runtime.java:1008)
04-30 05:00:00.824 25225 25225 W System.err: at java.lang.System.loadLibrary(System.java:1664)
04-30 05:00:00.825 25225 25225 W System.err: at arm.EpicVm.<clinit>(Unknown Source:2)
04-30 05:00:00.825 25225 25225 W System.err: at java.lang.Class.newInstance(Native Method)
04-30 05:00:00.825 25225 25225 W System.err: at android.app.AppComponentFactory.instantiateApplication(AppComponentFactory.java:76)
04-30 05:00:00.825 25225 25225 W System.err: at androidx.core.app.CoreComponentFactory.instantiateApplication(Unknown Source:0)
04-30 05:00:00.825 25225 25225 W System.err: at android.app.Instrumentation.newApplication(Instrumentation.java:1158)
04-30 05:00:00.825 25225 25225 W System.err: at android.app.LoadedApk.makeApplication(LoadedApk.java:1324)
04-30 05:00:00.825 25225 25225 W System.err: at android.app.ActivityThread.handleBindApplication(ActivityThread.java:7272)
04-30 05:00:00.825 25225 25225 W System.err: at android.app.ActivityThread.access$1700(ActivityThread.java:309)
04-30 05:00:00.825 25225 25225 W System.err: at android.app.ActivityThread$H.handleMessage(ActivityThread.java:2194)
04-30 05:00:00.825 25225 25225 W System.err: at android.os.Handler.dispatchMessage(Handler.java:106)
04-30 05:00:00.825 25225 25225 W System.err: at android.os.Looper.loop(Looper.java:264)
04-30 05:00:00.825 25225 25225 W System.err: at android.app.ActivityThread.main(ActivityThread.java:8315)
04-30 05:00:00.825 25225 25225 W System.err: at java.lang.reflect.Method.invoke(Native Method)
04-30 05:00:00.825 25225 25225 W System.err: at com.android.internal.os.RuntimeInit$MethodAndArgsCaller.run(RuntimeInit.java:632)
04-30 05:00:00.826 25225 25225 W System.err: at com.android.internal.os.ZygoteInit.main(ZygoteInit.java:1049)
04-30 05:00:00.837 25225 25225 E CustomActivityOnCrash: IMPORTANT WARNING! You already have an UncaughtExceptionHandler, are you sure this is correct? If you use a custom UncaughtExceptionHandler, you must initialize it AFTER CustomActivityOnCrash! Installing anyway, but your original handler will not be called.
04-30 05:00:01.022 25225 25225 W com.mbwhatsapp: Accessing hidden method Lcom/android/org/conscrypt/OpenSSLSocketImpl;->setUseSessionTickets(Z)V (greylist- max-q,test-api, reflection, denied)
04-30 05:00:01.022 25225 25225 W com.mbwhatsapp: Accessing hidden method Lcom/android/org/conscrypt/AbstractConscryptSocket;->setUseSessionTickets(Z)V (greylist-max-q, reflection, denied)
04-30 05:00:01.056 25225 25225 W linker : Warning: "/data/data/com.mbwhatsapp/files/decompressed/libs.spk.zst/libc++_shared.so" unused DT entry: unknown processor-specific (type 0x70000001 arg 0x0) (ignoring)
04-30 05:00:01.153 25225 25275 W com.mbwhatsapp: Class X.2rL failed lock verification and will run slower.
04-30 05:00:01.153 25225 25275 W com.mbwhatsapp: Common causes for lock verification issues are non-optimized dex code
04-30 05:00:01.153 25225 25275 W com.mbwhatsapp: and incorrect proguard optimizations.
04-30 05:00:01.349 25225 25288 W System : ClassLoader referenced unknown path: system/framework/mediatek-cta.jar
04-30 05:00:01.509 25225 25280 E CheckPermission: _bluetooth code = 1
04-30 05:00:01.512 25225 25280 E CheckPermission: _bluetooth code = 3
04-30 05:00:01.514 25225 25280 E CheckPermission: _bluetooth code = 11
04-30 05:00:12.296 25225 25225 W com.mbwhatsapp: Class X.0eU failed lock verification and will run slower.
04-30 05:00:12.396 25225 25225 E Parcel : Reading a NULL string not supported here.
04-30 05:00:12.476 25225 25333 E libEGL : Invalid file path for libcolorx- loader.so
04-30 05:00:12.502 25225 25225 W com.mbwhatsapp: Class com.mbwhatsapp.HomeActivity failed lock verification and will run slower. --------- beginning of system
04-30 05:00:12.569 25225 25225 E OplusCustomizeRestrictionManager: sInstance is null, start a new sInstance
04-30 05:00:12.921 25225 25225 E ion : ioctl c0044901 failed with code -1: Invalid argument
04-30 05:00:12.999 25225 25225 E ArmVmp : Match on catch block at 0x0a in for 0xc9
04-30 05:00:13.032 25225 25225 E ArmVmp : Match on catch block at 0x0a in for 0x131
04-30 05:00:13.037 25225 25225 E Parcel : Reading a NULL string not supported here.
04-30 05:00:13.063 25225 25225 E Parcel : Reading a NULL string not supported here.
04-30 05:00:13.084 25225 25293 W System : ClassLoader referenced unknown path: system/framework/mediatek-cta.jar
04-30 05:00:13.156 25225 25335 W com.mbwhatsapp: Accessing hidden method Lcom/android/org/conscrypt/ConscryptEngineSocket;->setUseSessionTickets(Z)V (greylist-max-q,test-api, reflection, denied)
04-30 05:00:13.157 25225 25335 W com.mbwhatsapp: Accessing hidden method Lcom/android/org/conscrypt/OpenSSLSocketImpl;->setUseSessionTickets(Z)V (greylist- max-q,test-api, reflection, denied)
04-30 05:00:13.157 25225 25335 W com.mbwhatsapp: Accessing hidden method Lcom/android/org/conscrypt/AbstractConscryptSocket;->setUseSessionTickets(Z)V (greylist-max-q, reflection, denied)
04-30 05:00:13.157 25225 25335 W com.mbwhatsapp: Accessing hidden method Lcom/android/org/conscrypt/ConscryptEngineSocket;->setHostname(Ljava/lang/String;)V (greylist-max-q,test-api, reflection, denied)
04-30 05:00:13.157 25225 25335 W com.mbwhatsapp: Accessing hidden method Lcom/android/org/conscrypt/OpenSSLSocketImpl;->setHostname(Ljava/lang/String;)V (greylist-max-q,test-api, reflection, denied)
04-30 05:00:13.158 25225 25335 W com.mbwhatsapp: Accessing hidden method Lcom/android/org/conscrypt/AbstractConscryptSocket;->setHostname(Ljava/lang/ String;)V (greylist-max-q, reflection, denied)
04-30 05:00:13.158 25225 25335 W com.mbwhatsapp: Accessing hidden method Lcom/android/org/conscrypt/OpenSSLSocketImpl;->setAlpnProtocols([B)V (greylist-max- q,test-api, reflection, denied)
04-30 05:00:13.158 25225 25335 W com.mbwhatsapp: Accessing hidden method Lcom/android/org/conscrypt/AbstractConscryptSocket;->setAlpnProtocols([B)V (greylist-max-q, reflection, denied)
04-30 05:00:13.226 25225 25225 E libEGL : Invalid file path for libcolorx- loader.so
04-30 05:00:13.227 25225 25225 E libEGL : Invalid file path for libcolorx- loader.so
04-30 05:00:13.228 25225 25225 E libEGL : Invalid file path for libcolorx- loader.so
04-30 05:00:13.562 25225 25332 E libEGL : Invalid file path for libcolorx- loader.so
04-30 05:00:13.573 25225 25332 E Parcel : Reading a NULL string not supported here.
04-30 05:00:13.576 25225 25332 E Parcel : Reading a NULL string not supported here.
04-30 05:00:13.588 25225 25332 E libEGL : Invalid file path for libcolorx- loader.so
04-30 05:00:13.596 25225 25332 E libEGL : Invalid file path for libcolorx- loader.so
04-30 05:00:13.724 25225 25352 E libc : Access denied finding property "vendor.debug.drm.logv"
04-30 05:00:13.725 25225 25352 E libc : Access denied finding property "vendor.debug.drm.logv"
04-30 05:00:13.725 25225 25352 E libc : Access denied finding property "vendor.debug.drm.logd"
04-30 05:00:13.726 25225 25352 E libc : Access denied finding property "vendor.debug.drm.logv"
04-30 05:00:14.520 25225 25332 E ion : ioctl c0044901 failed with code -1: Invalid argument
04-30 05:00:14.709 25225 25357 E libEGL : Invalid file path for libcolorx- loader.so
04-30 05:00:14.714 25225 25225 E ArmVmp : Match on catch block at 0x0a in for 0xd9
04-30 05:00:14.742 25225 25225 E ScreenmodeClient: display mode not support
04-30 05:00:15.079 25225 25360 W LOTTIE : Animation contains merge paths. Merge paths are only supported on KitKat+ and must be manually enabled by calling enableMergePathsForKitKatAndAbove().
04-30 05:00:15.379 25225 25225 W LOTTIE : Animation contains merge paths but they are disabled.
04-30 05:00:19.476 25225 25225 E Parcel : Reading a NULL string not supported here.
04-30 05:00:19.532 25225 25366 E libEGL : Invalid file path for libcolorx- loader.so
04-30 05:00:19.614 25225 25225 W TabLayout: MODE_SCROLLABLE + GRAVITY_FILL is not supported, GRAVITY_START will be used instead
04-30 05:00:19.679 25225 25225 E Parcel : Reading a NULL string not supported here.
04-30 05:00:19.697 25225 25225 E Parcel : Reading a NULL string not supported here.
04-30 05:00:19.697 25225 25225 E Parcel : Reading a NULL string not supported here.
04-30 05:00:19.704 25225 25225 W BottomSheetBehavior: BottomSheetBehavior now supports multiple callbacks. `setBottomSheetCallback()` removes all existing callbacks, including ones set internally by library authors, which may result in unintended behavior. This may change in the future. Please use `addBottomSheetCallback()` and `removeBottomSheetCallback()` instead to set your own callbacks.
04-30 05:00:19.709 25225 25225 E Parcel : Reading a NULL string not supported here.
04-30 05:00:19.714 25225 25285 E Parcel : Reading a NULL string not supported here.
04-30 05:00:19.753 25225 25294 E CameraManagerGlobal: Camera 4 is not available. Ignore physical camera status change
04-30 05:00:19.787 25225 25225 E libEGL : Invalid file path for libcolorx- loader.so
04-30 05:00:19.788 25225 25225 E libEGL : Invalid file path for libcolorx- loader.so
04-30 05:00:19.980 25225 25285 E Parcel : Reading a NULL string not supported here.
04-30 05:00:20.001 25225 25285 E Parcel : Reading a NULL string not supported here.
04-30 05:00:20.018 25225 25285 E Parcel : Reading a NULL string not supported here.
04-30 05:00:20.041 25225 25285 E Parcel : Reading a NULL string not supported here.
04-30 05:00:20.054 25225 25280 E Parcel : Reading a NULL string not supported here.
04-30 05:00:20.055 25225 25285 E Parcel : Reading a NULL string not supported here.
04-30 05:00:20.072 25225 25285 E Parcel : Reading a NULL string not supported here.
04-30 05:00:20.100 25225 25285 E Parcel : Reading a NULL string not supported here.
04-30 05:00:20.117 25225 25285 E Parcel : Reading a NULL string not supported here.
04-30 05:00:20.125 25225 25367 E libEGL : Invalid file path for libcolorx- loader.so
04-30 05:00:20.131 25225 25285 E Parcel : Reading a NULL string not supported here.
04-30 05:00:20.145 25225 25285 E Parcel : Reading a NULL string not supported here.
04-30 05:00:20.162 25225 25285 E Parcel : Reading a NULL string not supported here.
04-30 05:00:20.178 25225 25285 E Parcel : Reading a NULL string not supported here.
04-30 05:00:20.196 25225 25285 E Parcel : Reading a NULL string not supported here.
04-30 05:00:20.202 25225 25281 E Parcel : Reading a NULL string not supported here.
04-30 05:00:20.237 25225 25387 E Parcel : Reading a NULL string not supported here.
04-30 05:00:20.341 25225 25285 E Parcel : Reading a NULL string not supported here.
04-30 05:00:20.385 25225 25285 E Parcel : Reading a NULL string not supported here.
04-30 05:00:20.403 25225 25285 E Parcel : Reading a NULL string not supported here.
04-30 05:00:20.429 25225 25285 E Parcel : Reading a NULL string not supported here.
04-30 05:00:20.449 25225 25285 E Parcel : Reading a NULL string not supported here.
04-30 05:00:20.467 25225 25285 E Parcel : Reading a NULL string not supported here.
04-30 05:00:20.484 25225 25285 E Parcel : Reading a NULL string not supported here.
04-30 05:00:20.498 25225 25285 E Parcel : Reading a NULL string not supported here.
04-30 05:00:20.518 25225 25285 E Parcel : Reading a NULL string not supported here.
04-30 05:00:20.536 25225 25285 E Parcel : Reading a NULL string not supported here.
04-30 05:00:20.556 25225 25285 E Parcel : Reading a NULL string not supported here.
04-30 05:00:20.572 25225 25285 E Parcel : Reading a NULL string not supported here.
04-30 05:00:20.587 25225 25285 E Parcel : Reading a NULL string not supported here.
04-30 05:00:20.607 25225 25285 E Parcel : Reading a NULL string not supported here.
04-30 05:00:20.623 25225 25285 E Parcel : Reading a NULL string not supported here.
04-30 05:00:20.855 25225 25367 E libEGL : Invalid file path for libcolorx- loader.so
04-30 05:00:21.592 25225 25387 E Parcel : Reading a NULL string not supported here.
04-30 05:00:21.618 25225 25387 E Parcel : Reading a NULL string not supported here.
04-30 05:00:21.641 25225 25387 E Parcel : Reading a NULL string not supported here.
04-30 05:00:21.681 25225 25387 E Parcel : Reading a NULL string not supported here.
04-30 05:00:21.717 25225 25387 E Parcel : Reading a NULL string not supported here.
04-30 05:00:21.741 25225 25387 E Parcel : Reading a NULL string not supported here.
04-30 05:00:21.872 25225 25390 E Parcel : Reading a NULL string not supported here.
04-30 05:00:21.888 25225 25390 E Parcel : Reading a NULL string not supported here.
04-30 05:00:21.908 25225 25390 E Parcel : Reading a NULL string not supported here.
04-30 05:00:21.925 25225 25390 E Parcel : Reading a NULL string not supported here.
04-30 05:00:21.951 25225 25390 E Parcel : Reading a NULL string not supported here.
04-30 05:00:21.970 25225 25390 E Parcel : Reading a NULL string not supported here.
04-30 05:00:21.988 25225 25390 E Parcel : Reading a NULL string not supported here.
04-30 05:00:22.004 25225 25390 E Parcel : Reading a NULL string not supported here.
04-30 05:00:22.022 25225 25390 E Parcel : Reading a NULL string not supported here.
04-30 05:00:22.036 25225 25225 E Parcel : Reading a NULL string not supported here.
04-30 05:00:22.039 25225 25390 E Parcel : Reading a NULL string not supported here.
04-30 05:00:22.055 25225 25390 E Parcel : Reading a NULL string not supported here.
04-30 05:00:22.074 25225 25390 E Parcel : Reading a NULL string not supported here.
04-30 05:00:22.089 25225 25390 E Parcel : Reading a NULL string not supported here.
04-30 05:00:22.107 25225 25390 E Parcel : Reading a NULL string not supported here.
04-30 05:00:22.114 25225 25225 E Parcel : Reading a NULL string not supported here.
04-30 05:00:22.116 25225 25225 E Parcel : Reading a NULL string not supported here.
04-30 05:00:22.288 25225 25390 E Parcel : Reading a NULL string not supported here.
04-30 05:00:22.303 25225 25390 E Parcel : Reading a NULL string not supported here.
04-30 05:00:22.320 25225 25390 E Parcel : Reading a NULL string not supported here.
04-30 05:00:22.331 25225 25524 E CameraManagerGlobal: Camera 4 is not available. Ignore physical camera status change
04-30 05:00:22.343 25225 25390 E Parcel : Reading a NULL string not supported here.
04-30 05:00:22.362 25225 25390 E Parcel : Reading a NULL string not supported here.
04-30 05:00:22.378 25225 25283 E Parcel : Reading a NULL string not supported here.
04-30 05:00:22.379 25225 25390 E Parcel : Reading a NULL string not supported here.
04-30 05:00:22.400 25225 25390 E Parcel : Reading a NULL string not supported here.
04-30 05:00:22.441 25225 25225 E libEGL : Invalid file path for libcolorx- loader.so
04-30 05:00:22.442 25225 25225 E libEGL : Invalid file path for libcolorx- loader.so
04-30 05:00:22.576 25225 25225 W BottomSheetBehavior: BottomSheetBehavior now supports multiple callbacks. `setBottomSheetCallback()` removes all existing callbacks, including ones set internally by library authors, which may result in unintended behavior. This may change in the future. Please use `addBottomSheetCallback()` and `removeBottomSheetCallback()` instead to set your own callbacks.
04-30 05:00:22.601 25225 25225 E RecyclerView: No adapter attached; skipping layout
04-30 05:00:22.609 25225 25225 E RecyclerView: No adapter attached; skipping layout
04-30 05:00:26.974 25225 25225 E Parcel : Reading a NULL string not supported here.
04-30 05:00:27.017 25225 25537 E libEGL : Invalid file path for libcolorx- loader.so
04-30 05:00:27.285 25225 25225 E libEGL : Invalid file path for libcolorx- loader.so
04-30 05:00:27.285 25225 25225 E libEGL : Invalid file path for libcolorx- loader.so
04-30 05:00:27.311 25225 25225 E libEGL : Invalid file path for libcolorx- loader.so
04-30 05:00:27.312 25225 25225 E libEGL : Invalid file path for libcolorx- loader.so
04-30 05:00:28.776 25225 25225 E Parcel : Reading a NULL string not supported here.
04-30 05:00:28.837 25225 25649 E libEGL : Invalid file path for libcolorx- loader.so
04-30 05:00:28.941 25225 25225 E libEGL : Invalid file path for libcolorx- loader.so
04-30 05:00:28.942 25225 25225 E libEGL : Invalid file path for libcolorx- loader.so
04-30 05:00:38.325 25225 25335 W com.mbwhatsapp: Accessing hidden method Lcom/android/org/conscrypt/ConscryptEngineSocket;->setUseSessionTickets(Z)V (greylist-max-q,test-api, reflection, denied)
04-30 05:00:38.326 25225 25335 W com.mbwhatsapp: Accessing hidden method Lcom/android/org/conscrypt/OpenSSLSocketImpl;->setUseSessionTickets(Z)V (greylist- max-q,test-api, reflection, denied)
04-30 05:00:38.326 25225 25335 W com.mbwhatsapp: Accessing hidden method Lcom/android/org/conscrypt/AbstractConscryptSocket;->setUseSessionTickets(Z)V (greylist-max-q, reflection, denied)
04-30 05:00:38.326 25225 25335 W com.mbwhatsapp: Accessing hidden method Lcom/android/org/conscrypt/ConscryptEngineSocket;->setHostname(Ljava/lang/String;)V (greylist-max-q,test-api, reflection, denied)
04-30 05:00:38.327 25225 25335 W com.mbwhatsapp: Accessing hidden method Lcom/android/org/conscrypt/OpenSSLSocketImpl;->setHostname(Ljava/lang/String;)V (greylist-max-q,test-api, reflection, denied)
04-30 05:00:38.327 25225 25335 W com.mbwhatsapp: Accessing hidden method Lcom/android/org/conscrypt/AbstractConscryptSocket;->setHostname(Ljava/lang/ String;)V (greylist-max-q, reflection, denied)
04-30 05:00:38.327 25225 25335 W com.mbwhatsapp: Accessing hidden method Lcom/android/org/conscrypt/OpenSSLSocketImpl;->setAlpnProtocols([B)V (greylist-max- q,test-api, reflection, denied)
04-30 05:00:38.327 25225 25335 W com.mbwhatsapp: Accessing hidden method Lcom/android/org/conscrypt/AbstractConscryptSocket;->setAlpnProtocols([B)V (greylist-max-q, reflection, denied)
04-30 05:01:03.520 25225 25335 W com.mbwhatsapp: Accessing hidden method Lcom/android/org/conscrypt/ConscryptEngineSocket;->setUseSessionTickets(Z)V (greylist-max-q,test-api, reflection, denied)
04-30 05:01:03.521 25225 25335 W com.mbwhatsapp: Accessing hidden method Lcom/android/org/conscrypt/OpenSSLSocketImpl;->setUseSessionTickets(Z)V (greylist- max-q,test-api, reflection, denied)
04-30 05:01:03.521 25225 25335 W com.mbwhatsapp: Accessing hidden method Lcom/android/org/conscrypt/AbstractConscryptSocket;->setUseSessionTickets(Z)V (greylist-max-q, reflection, denied)
04-30 05:01:03.522 25225 25335 W com.mbwhatsapp: Accessing hidden method Lcom/android/org/conscrypt/ConscryptEngineSocket;->setHostname(Ljava/lang/String;)V (greylist-max-q,test-api, reflection, denied)
04-30 05:01:03.522 25225 25335 W com.mbwhatsapp: Accessing hidden method Lcom/android/org/conscrypt/OpenSSLSocketImpl;->setHostname(Ljava/lang/String;)V (greylist-max-q,test-api, reflection, denied)
04-30 05:01:03.523 25225 25335 W com.mbwhatsapp: Accessing hidden method Lcom/android/org/conscrypt/AbstractConscryptSocket;->setHostname(Ljava/lang/ String;)V (greylist-max-q, reflection, denied)
04-30 05:01:03.523 25225 25335 W com.mbwhatsapp: Accessing hidden method Lcom/android/org/conscrypt/OpenSSLSocketImpl;->setAlpnProtocols([B)V (greylist-max- q,test-api, reflection, denied)
04-30 05:01:03.523 25225 25335 W com.mbwhatsapp: Accessing hidden method Lcom/android/org/conscrypt/AbstractConscryptSocket;->setAlpnProtocols([B)V (greylist-max-q, reflection, denied)
04-30 05:01:09.557 25225 25225 E libEGL : Invalid file path for libcolorx- loader.so
04-30 05:01:09.558 25225 25225 E libEGL : Invalid file path for libcolorx- loader.so
04-30 05:01:11.373 25225 25225 E Parcel : Reading a NULL string not supported here.
04-30 05:01:11.415 25225 25821 E libEGL : Invalid file path for libcolorx- loader.so
04-30 05:01:11.501 25225 25225 E libEGL : Invalid file path for libcolorx- loader.so
04-30 05:01:11.502 25225 25225 E libEGL : Invalid file path for libcolorx- loader.so
04-30 05:01:20.492 25225 25225 E libEGL : Invalid file path for libcolorx- loader.so
04-30 05:01:20.493 25225 25225 E libEGL : Invalid file path for libcolorx- loader.so
04-30 05:01:27.787 25225 25225 E libEGL : Invalid file path for libcolorx- loader.so
04-30 05:01:27.787 25225 25225 E libEGL : Invalid file path for libcolorx- loader.so
04-30 05:01:28.704 25225 25335 W com.mbwhatsapp: Accessing hidden method Lcom/android/org/conscrypt/ConscryptEngineSocket;->setUseSessionTickets(Z)V (greylist-max-q,test-api, reflection, denied)
04-30 05:01:28.705 25225 25335 W com.mbwhatsapp: Accessing hidden method Lcom/android/org/conscrypt/OpenSSLSocketImpl;->setUseSessionTickets(Z)V (greylist- max-q,test-api, reflection, denied)
04-30 05:01:28.706 25225 25335 W com.mbwhatsapp: Accessing hidden method Lcom/android/org/conscrypt/AbstractConscryptSocket;->setUseSessionTickets(Z)V (greylist-max-q, reflection, denied)
04-30 05:01:28.706 25225 25335 W com.mbwhatsapp: Accessing hidden method Lcom/android/org/conscrypt/ConscryptEngineSocket;->setHostname(Ljava/lang/String;)V (greylist-max-q,test-api, reflection, denied)
04-30 05:01:28.706 25225 25335 W com.mbwhatsapp: Accessing hidden method Lcom/android/org/conscrypt/OpenSSLSocketImpl;->setHostname(Ljava/lang/String;)V (greylist-max-q,test-api, reflection, denied)
04-30 05:01:28.706 25225 25335 W com.mbwhatsapp: Accessing hidden method Lcom/android/org/conscrypt/AbstractConscryptSocket;->setHostname(Ljava/lang/ String;)V (greylist-max-q, reflection, denied)
04-30 05:01:28.707 25225 25335 W com.mbwhatsapp: Accessing hidden method Lcom/android/org/conscrypt/OpenSSLSocketImpl;->setAlpnProtocols([B)V (greylist-max- q,test-api, reflection, denied)
04-30 05:01:28.707 25225 25335 W com.mbwhatsapp: Accessing hidden method Lcom/android/org/conscrypt/AbstractConscryptSocket;->setAlpnProtocols([B)V (greylist-max-q, reflection, denied)
04-30 05:01:33.756 25225 25225 E SpannableStringBuilder: SPAN_EXCLUSIVE_EXCLUSIVE spans cannot have a zero length
04-30 05:01:34.594 25225 25225 W IInputConnectionWrapper: requestCursorAnchorInfo on inactive InputConnection
04-30 05:01:35.654 25225 25225 E libEGL : Invalid file path for libcolorx- loader.so
04-30 05:01:35.654 25225 25225 E libEGL : Invalid file path for libcolorx- loader.so
04-30 05:01:39.071 25225 25225 W IInputConnectionWrapper: requestCursorAnchorInfo on inactive InputConnection
04-30 05:01:39.090 25225 25275 E OplusSkImageProcessing: not in image processing list
04-30 05:01:39.320 25225 25239 W System : A resource failed to call release.
04-30 05:01:39.321 25225 25239 W System : A resource failed to call release.
04-30 05:01:39.629 25225 25272 E SQLiteDatabase: Error inserting transferred=0 media_job_uuid=33275745-1808-4476-857d-3ace3eab3580 transcoded=1 gif_attribution=0 first_scan_length=0 direct_path=null thumbnail_height_width_ratio=1.7777778 is_animated_sticker=0 file_hash=null file_path=/data/user/0/com.mbwhatsapp/files/.Shared/ab919d7b-c0bf-4b9c-906f- 404514b0df3a.jpg file_size=98688 partial_media_hash=null face_x=0 face_y=0 height=1280 trim_to=0 media_key_timestamp=0 message_url=null media_caption=null trim_from=0 mime_type=null partial_media_enc_hash=null width=720 original_file_hash=CzZVn6KTDYwzfCnq8dLD0N3Asq1IuvU5WR4jxqWO3Fw= has_streaming_sidecar=0 autotransfer_retry_enabled=1 media_upload_handle=null message_row_id=3275 multicast_id=null enc_file_hash=null mute_video=0 page_count=0 first_scan_sidecar=null suspicious_content=0 file_length=98688 media_name=ab919d7b- c0bf-4b9c-906f-404514b0df3a.jpg media_duration=0 chat_row_id=16 media_key=null
04-30 05:01:39.629 25225 25272 E SQLiteDatabase: android.database.sqlite.SQLiteConstraintException: UNIQUE constraint failed: message_media.message_row_id (code 1555 SQLITE_CONSTRAINT_PRIMARYKEY)
04-30 05:01:39.629 25225 25272 E SQLiteDatabase: at android.database.sqlite.SQLiteConnection.nativeExecuteForLastInsertedRowId(Native Method)
04-30 05:01:39.629 25225 25272 E SQLiteDatabase: at android.database.sqlite.SQLiteConnection.executeForLastInsertedRowId(SQLiteConnecti on.java:948)
04-30 05:01:39.629 25225 25272 E SQLiteDatabase: at android.database.sqlite.SQLiteSession.executeForLastInsertedRowId(SQLiteSession.jav a:790)
04-30 05:01:39.629 25225 25272 E SQLiteDatabase: at android.database.sqlite.SQLiteStatement.executeInsert(SQLiteStatement.java:88)
04-30 05:01:39.629 25225 25272 E SQLiteDatabase: at android.database.sqlite.SQLiteDatabase.insertWithOnConflict(SQLiteDatabase.java:173 1)
04-30 05:01:39.629 25225 25272 E SQLiteDatabase: at android.database.sqlite.SQLiteDatabase.insert(SQLiteDatabase.java:1600)
04-30 05:01:39.629 25225 25272 E SQLiteDatabase: at X.2tm.A08(Unknown Source:6)
04-30 05:01:39.629 25225 25272 E SQLiteDatabase: at X.35Y.A07(Unknown Source:212)
04-30 05:01:39.629 25225 25272 E SQLiteDatabase: at X.3QF.A14(Unknown Source:470)
04-30 05:01:39.629 25225 25272 E SQLiteDatabase: at X.3gU.run(Unknown Source:982)
04-30 05:01:39.629 25225 25272 E SQLiteDatabase: at android.os.Handler.handleCallback(Handler.java:938)
04-30 05:01:39.629 25225 25272 E SQLiteDatabase: at android.os.Handler.dispatchMessage(Handler.java:99)
04-30 05:01:39.629 25225 25272 E SQLiteDatabase: at X.0zq.dispatchMessage(Unknown Source:4)
04-30 05:01:39.629 25225 25272 E SQLiteDatabase: at android.os.Looper.loop(Looper.java:264)
04-30 05:01:39.629 25225 25272 E SQLiteDatabase: at android.os.HandlerThread.run(HandlerThread.java:67)
04-30 05:01:39.981 25225 25225 W BottomSheetBehavior: BottomSheetBehavior now supports multiple callbacks. `setBottomSheetCallback()` removes all existing callbacks, including ones set internally by library authors, which may result in unintended behavior. This may change in the future. Please use `addBottomSheetCallback()` and `removeBottomSheetCallback()` instead to set your own callbacks.
04-30 05:01:40.863 25225 25285 E Parcel : Reading a NULL string not supported here.
04-30 05:01:40.872 25225 25272 E SQLiteDatabase: Error inserting transferred=1 media_job_uuid=33275745-1808-4476-857d-3ace3eab3580 transcoded=1 gif_attribution=0 first_scan_length=0 direct_path=/o1/v/t62.7118-24/f1/m232/up-oil-image-963e7f3f- 094b-4ee3-85f2-eed1acfa989d?ccb=9-4&oh=01_Q5AaIMqucjq6HUdciw1s3- 8kOeKJAxj9VU7tqTCSFLMIAsnD&oe=6657A542&_nc_sid=000000 thumbnail_height_width_ratio=1.7777778 is_animated_sticker=0 file_hash=KRYed3BEfdl0+ZHI6YDFolLQXl/m4qAP3DlD9AL8+ZU= file_path=Media/MBWhatsApp Images/Sent/IMG-20240430-WA0000.jpg file_size=98688 partial_media_hash=R6/IVHAUNtCfi2Wg98OeKh54kxz6G8DCLtSsgwgV1JY= face_x=0 face_y=0 height=1280 trim_to=0 media_key_timestamp=1714428100364 message_url=https://mmg.whatsapp.net/o1/v/t62.7118-24/f1/m232/up-oil-image- 963e7f3f-094b-4ee3-85f2-eed1acfa989d?ccb=9-4&oh=01_Q5AaIMqucjq6HUdciw1s3- 8kOeKJAxj9VU7tqTCSFLMIAsnD&oe=6657A542&_nc_sid=000000&mms3=true media_caption=null trim_from=0 mime_type=null partial_media_enc_hash=null width=720 original_file_hash=CzZVn6KTDYwzfCnq8dLD0N3Asq1IuvU5WR4jxqWO3Fw= has_streaming_sidecar=1 autotransfer_retry_enabled=0 media_upload_handle=null message_row_id=3275 multicast_id=null enc_file_hash=ZEQJ3cq6Yn/+2tr3ovUZQ65DP6HEgynlddqRF/SYvps= mute_video=0 page_count=0 first_scan_sidecar=null suspicious_content=0 file_length=98688 media_name=ab919d7b-c0bf-4b9c-906f-404514b0df3a.jpg media_duration=0 chat_row_id=16 media_key=[B@70d3137
04-30 05:01:40.872 25225 25272 E SQLiteDatabase: android.database.sqlite.SQLiteConstraintException: UNIQUE constraint failed: message_media.message_row_id (code 1555 SQLITE_CONSTRAINT_PRIMARYKEY)
04-30 05:01:40.872 25225 25272 E SQLiteDatabase: at android.database.sqlite.SQLiteConnection.nativeExecuteForLastInsertedRowId(Native Method)
04-30 05:01:40.872 25225 25272 E SQLiteDatabase: at android.database.sqlite.SQLiteConnection.executeForLastInsertedRowId(SQLiteConnecti on.java:948)
04-30 05:01:40.872 25225 25272 E SQLiteDatabase: at android.database.sqlite.SQLiteSession.executeForLastInsertedRowId(SQLiteSession.jav a:790)
04-30 05:01:40.872 25225 25272 E SQLiteDatabase: at android.database.sqlite.SQLiteStatement.executeInsert(SQLiteStatement.java:88)
04-30 05:01:40.872 25225 25272 E SQLiteDatabase: at android.database.sqlite.SQLiteDatabase.insertWithOnConflict(SQLiteDatabase.java:173 1)
04-30 05:01:40.872 25225 25272 E SQLiteDatabase: at android.database.sqlite.SQLiteDatabase.insert(SQLiteDatabase.java:1600)
04-30 05:01:40.872 25225 25272 E SQLiteDatabase: at X.2tm.A08(Unknown Source:6)
04-30 05:01:40.872 25225 25272 E SQLiteDatabase: at X.35Y.A07(Unknown Source:212)
04-30 05:01:40.872 25225 25272 E SQLiteDatabase: at X.3QF.A14(Unknown Source:470)
04-30 05:01:40.872 25225 25272 E SQLiteDatabase: at X.3gU.run(Unknown Source:982)
04-30 05:01:40.872 25225 25272 E SQLiteDatabase: at android.os.Handler.handleCallback(Handler.java:938)
04-30 05:01:40.872 25225 25272 E SQLiteDatabase: at android.os.Handler.dispatchMessage(Handler.java:99)
04-30 05:01:40.872 25225 25272 E SQLiteDatabase: at X.0zq.dispatchMessage(Unknown Source:4)
04-30 05:01:40.872 25225 25272 E SQLiteDatabase: at android.os.Looper.loop(Looper.java:264)
04-30 05:01:40.872 25225 25272 E SQLiteDatabase: at android.os.HandlerThread.run(HandlerThread.java:67)
04-30 05:02:47.812 25225 26303 W LibraryVersion: Failed to get app version for libraryName: firebase-iid
04-30 05:02:47.835 25225 26305 E Parcel : Reading a NULL string not supported here.
04-30 05:03:17.839 25225 26305 W MessengerIpcClient: Timing out request: 1
04-30 05:03:17.915 25225 26305 E Parcel : Reading a NULL string not supported here.
04-30 05:03:47.901 25225 25225 W MessengerIpcClient: Received response for unknown request: 1
04-30 05:03:47.912 25225 25293 E ArmVmp : No matching catch block at 0x07
04-30 05:03:47.912 25225 25293 E ArmVmp : Match on catch block at 0x02 in for 0x21
04-30 05:03:47.918 25225 25293 W System.err: java.net.SocketException: Software caused connection abort
04-30 05:03:47.919 25225 25293 W System.err:
04-30 05:03:47.923 25225 25293 W System.err: at java.net.SocketInputStream.socketRead0(Native Method)
04-30 05:03:47.924 25225 25293 W System.err:
04-30 05:03:47.925 25225 25293 W System.err: at java.net.SocketInputStream.socketRead(SocketInputStream.java:119)
04-30 05:03:47.926 25225 25293 W System.err:
04-30 05:03:47.927 25225 25293 W System.err: at java.net.SocketInputStream.read(SocketInputStream.java:176)
04-30 05:03:47.928 25225 25293 W System.err:
04-30 05:03:47.929 25225 25293 W System.err: at java.net.SocketInputStream.read(SocketInputStream.java:144)
04-30 05:03:47.929 25225 25293 W System.err:
04-30 05:03:47.931 25225 25293 W System.err: at com.android.org.conscrypt.ConscryptEngineSocket$SSLInputStream.readFromSocket(Consc ryptEngineSocket.java:983)
04-30 05:03:47.931 25225 25293 W System.err:
04-30 05:03:47.933 25225 25293 W System.err: at com.android.org.conscrypt.ConscryptEngineSocket$SSLInputStream.processDataFromSocke t(ConscryptEngineSocket.java:947)
04-30 05:03:47.935 25225 25293 W System.err:
04-30 05:03:47.937 25225 25293 W System.err: at com.android.org.conscrypt.ConscryptEngineSocket$SSLInputStream.-$ $Nest$mprocessDataFromSocket(Unknown Source:0)
04-30 05:03:47.943 25225 25293 W System.err:
04-30 05:03:47.944 25225 25293 W System.err: at com.android.org.conscrypt.ConscryptEngineSocket.doHandshake(ConscryptEngineSocket.j ava:236)
04-30 05:03:47.945 25225 25293 W System.err:
04-30 05:03:47.947 25225 25293 W System.err: at com.android.org.conscrypt.ConscryptEngineSocket.startHandshake(ConscryptEngineSocke t.java:218)
04-30 05:03:47.948 25225 25293 W System.err:
04-30 05:03:47.949 25225 25293 W System.err: at com.android.okhttp.internal.io.RealConnection.connectTls(RealConnection.java:196)
04-30 05:03:47.950 25225 25293 W System.err:
04-30 05:03:47.951 25225 25293 W System.err: at com.android.okhttp.internal.io.RealConnection.connectSocket(RealConnection.java:153 )
04-30 05:03:47.952 25225 25293 W System.err:
04-30 05:03:47.953 25225 25293 W System.err: at com.android.okhttp.internal.io.RealConnection.connect(RealConnection.java:116)
04-30 05:03:47.953 25225 25293 W System.err:
04-30 05:03:47.954 25225 25293 W System.err: at com.android.okhttp.internal.http.StreamAllocation.findConnection(StreamAllocation.j ava:186)
04-30 05:03:47.955 25225 25293 W System.err:
04-30 05:03:47.956 25225 25293 W System.err: at com.android.okhttp.internal.http.StreamAllocation.findHealthyConnection(StreamAlloc ation.java:128)
04-30 05:03:47.956 25225 25293 W System.err:
04-30 05:03:47.957 25225 25293 W System.err: at com.android.okhttp.internal.http.StreamAllocation.newStream(StreamAllocation.java:9 7)
04-30 05:03:47.958 25225 25293 W System.err:
04-30 05:03:47.959 25225 25293 W System.err: at com.android.okhttp.internal.http.HttpEngine.connect(HttpEngine.java:302)
04-30 05:03:47.959 25225 25293 W System.err:
04-30 05:03:47.960 25225 25293 W System.err: at com.android.okhttp.internal.http.HttpEngine.sendRequest(HttpEngine.java:245)
04-30 05:03:47.961 25225 25293 W System.err:
04-30 05:03:47.962 25225 25293 W System.err: at com.android.okhttp.internal.huc.HttpURLConnectionImpl.execute(HttpURLConnectionImpl .java:465)
04-30 05:03:47.962 25225 25293 W System.err:
04-30 05:03:47.963 25225 25293 W System.err: at com.android.okhttp.internal.huc.HttpURLConnectionImpl.getResponse(HttpURLConnection Impl.java:411)
04-30 05:03:47.964 25225 25293 W System.err:
04-30 05:03:47.964 25225 25293 W System.err: at com.android.okhttp.internal.huc.HttpURLConnectionImpl.getInputStream(HttpURLConnect ionImpl.java:248)
04-30 05:03:47.965 25225 25293 W System.err:
04-30 05:03:47.965 25225 25293 W System.err: at com.android.okhttp.internal.huc.DelegatingHttpsURLConnection.getInputStream(Delegat ingHttpsURLConnection.java:211)
04-30 05:03:47.966 25225 25293 W System.err:
04-30 05:03:47.966 25225 25293 W System.err: at com.android.okhttp.internal.huc.HttpsURLConnectionImpl.getInputStream(HttpsURLConne ctionImpl.java:30)
04-30 05:03:47.967 25225 25293 W System.err:
04-30 05:03:47.967 25225 25293 W System.err: at java.net.URL.openStream(URL.java:1072)
04-30 05:03:47.968 25225 25293 W System.err:
04-30 05:03:47.968 25225 25293 W System.err: at mbmodsd.mbmodsw.mbdialog.MBDialogMan.loadJsonFromUrl(Native Method)
04-30 05:03:47.968 25225 25293 W System.err:
04-30 05:03:47.969 25225 25293 W System.err: at mbmodsd.mbmodsw.mbdialog.MBDialogMan.access$000(Native Method)
04-30 05:03:47.969 25225 25293 W System.err:
04-30 05:03:47.970 25225 25293 W System.err: at mbmodsd.mbmodsw.mbdialog.MBDialogMan$FetchJsonTask.doInBackground(Native Method)
04-30 05:03:47.970 25225 25293 W System.err:
04-30 05:03:47.970 25225 25293 W System.err: at mbmodsd.mbmodsw.mbdialog.MBDialogMan$FetchJsonTask.doInBackground(Native Method)
04-30 05:03:47.971 25225 25293 W System.err:
04-30 05:03:47.971 25225 25293 W System.err: at android.os.AsyncTask$3.call(AsyncTask.java:394)
04-30 05:03:47.972 25225 25293 W System.err:
04-30 05:03:47.972 25225 25293 W System.err: at java.util.concurrent.FutureTask.run(FutureTask.java:266)
04-30 05:03:47.973 25225 25293 W System.err:
04-30 05:03:47.973 25225 25293 W System.err: at android.os.AsyncTask$SerialExecutor$1.run(AsyncTask.java:305)
04-30 05:03:47.973 25225 25293 W System.err:
04-30 05:03:47.974 25225 25293 W System.err: at java.util.concurrent.ThreadPoolExecutor.runWorker(ThreadPoolExecutor.java:1167)
04-30 05:03:47.975 25225 25293 W System.err:
04-30 05:03:47.975 25225 25293 W System.err: at java.util.concurrent.ThreadPoolExecutor$Worker.run(ThreadPoolExecutor.java:641)
04-30 05:03:47.976 25225 25293 W System.err:
04-30 05:03:47.977 25225 25293 W System.err: at java.lang.Thread.run(Thread.java:923)
04-30 05:03:47.978 25225 25293 W System.err:
04-30 05:19:02.829 25225 25225 E Parcel : Reading a NULL string not supported here.
04-30 05:19:02.887 25225 29298 E libEGL : Invalid file path for libcolorx- loader.so
04-30 05:19:03.045 25225 25225 E libEGL : Invalid file path for libcolorx- loader.so
04-30 05:19:03.046 25225 25225 E libEGL : Invalid file path for libcolorx- loader.so
04-30 05:19:03.314 25225 25225 W BottomSheetBehavior: BottomSheetBehavior now supports multiple callbacks. `setBottomSheetCallback()` removes all existing callbacks, including ones set internally by library authors, which may result in unintended behavior. This may change in the future. Please use `addBottomSheetCallback()` and `removeBottomSheetCallback()` instead to set your own callbacks.
04-30 05:19:03.314 25225 25225 W BottomSheetBehavior: BottomSheetBehavior now supports multiple callbacks. `setBottomSheetCallback()` removes all existing callbacks, including ones set internally by library authors, which may result in unintended behavior. This may change in the future. Please use `addBottomSheetCallback()` and `removeBottomSheetCallback()` instead to set your own callbacks.
04-30 05:19:03.390 25225 25225 W BottomSheetBehavior: BottomSheetBehavior now supports multiple callbacks. `setBottomSheetCallback()` removes all existing callbacks, including ones set internally by library authors, which may result in unintended behavior. This may change in the future. Please use `addBottomSheetCallback()` and `removeBottomSheetCallback()` instead to set your own callbacks.
04-30 05:19:03.390 25225 25225 W BottomSheetBehavior: BottomSheetBehavior now supports multiple callbacks. `setBottomSheetCallback()` removes all existing callbacks, including ones set internally by library authors, which may result in unintended behavior. This may change in the future. Please use `addBottomSheetCallback()` and `removeBottomSheetCallback()` instead to set your own callbacks.
04-30 05:19:05.002 25225 25225 E Parcel : Reading a NULL string not supported here.
04-30 05:19:05.054 25225 29306 E libEGL : Invalid file path for libcolorx- loader.so
04-30 05:19:05.121 25225 25225 E libEGL : Invalid file path for libcolorx- loader.so
04-30 05:19:05.122 25225 25225 E libEGL : Invalid file path for libcolorx- loader.so
04-30 05:19:05.325 25225 25225 W BottomSheetBehavior: BottomSheetBehavior now supports multiple callbacks. `setBottomSheetCallback()` removes all existing callbacks, including ones set internally by library authors, which may result in unintended behavior. This may change in the future. Please use `addBottomSheetCallback()` and `removeBottomSheetCallback()` instead to set your own callbacks.
04-30 05:19:05.325 25225 25225 W BottomSheetBehavior: BottomSheetBehavior now supports multiple callbacks. `setBottomSheetCallback()` removes all existing callbacks, including ones set internally by library authors, which may result in unintended behavior. This may change in the future. Please use `addBottomSheetCallback()` and `removeBottomSheetCallback()` instead to set your own callbacks.
04-30 05:19:05.386 25225 25225 W BottomSheetBehavior: BottomSheetBehavior now supports multiple callbacks. `setBottomSheetCallback()` removes all existing callbacks, including ones set internally by library authors, which may result in unintended behavior. This may change in the future. Please use `addBottomSheetCallback()` and `removeBottomSheetCallback()` instead to set your own callbacks.
04-30 05:19:05.386 25225 25225 W BottomSheetBehavior: BottomSheetBehavior now supports multiple callbacks. `setBottomSheetCallback()` removes all existing callbacks, including ones set internally by library authors, which may result in unintended behavior. This may change in the future. Please use `addBottomSheetCallback()` and `removeBottomSheetCallback()` instead to set your own callbacks.
04-30 05:19:06.091 25225 25225 W BottomSheetBehavior: BottomSheetBehavior now supports multiple callbacks. `setBottomSheetCallback()` removes all existing callbacks, including ones set internally by library authors, which may result in unintended behavior. This may change in the future. Please use `addBottomSheetCallback()` and `removeBottomSheetCallback()` instead to set your own callbacks.
04-30 05:19:06.091 25225 25225 W BottomSheetBehavior: BottomSheetBehavior now supports multiple callbacks. `setBottomSheetCallback()` removes all existing callbacks, including ones set internally by library authors, which may result in unintended behavior. This may change in the future. Please use `addBottomSheetCallback()` and `removeBottomSheetCallback()` instead to set your own callbacks.
04-30 05:19:23.074 25225 25239 W System : A resource failed to call release.
04-30 05:22:57.865 25225 25225 E Parcel : Reading a NULL string not supported here.
04-30 05:22:57.930 25225 30038 E libEGL : Invalid file path for libcolorx- loader.so
04-30 05:22:58.025 25225 25225 E libEGL : Invalid file path for libcolorx- loader.so
04-30 05:22:58.027 25225 25225 E libEGL : Invalid file path for libcolorx- loader.so
04-30 05:22:58.226 25225 25225 W BottomSheetBehavior: BottomSheetBehavior now supports multiple callbacks. `setBottomSheetCallback()` removes all existing callbacks, including ones set internally by library authors, which may result in unintended behavior. This may change in the future. Please use `addBottomSheetCallback()` and `removeBottomSheetCallback()` instead to set your own callbacks.
04-30 05:22:58.226 25225 25225 W BottomSheetBehavior: BottomSheetBehavior now supports multiple callbacks. `setBottomSheetCallback()` removes all existing callbacks, including ones set internally by library authors, which may result in unintended behavior. This may change in the future. Please use `addBottomSheetCallback()` and `removeBottomSheetCallback()` instead to set your own callbacks.
04-30 05:22:58.275 25225 25225 W BottomSheetBehavior: BottomSheetBehavior now supports multiple callbacks. `setBottomSheetCallback()` removes all existing callbacks, including ones set internally by library authors, which may result in unintended behavior. This may change in the future. Please use `addBottomSheetCallback()` and `removeBottomSheetCallback()` instead to set your own callbacks.
04-30 05:22:58.275 25225 25225 W BottomSheetBehavior: BottomSheetBehavior now supports multiple callbacks. `setBottomSheetCallback()` removes all existing callbacks, including ones set internally by library authors, which may result in unintended behavior. This may change in the future. Please use `addBottomSheetCallback()` and `removeBottomSheetCallback()` instead to set your own callbacks.
04-30 05:22:58.875 25225 25225 W BottomSheetBehavior: BottomSheetBehavior now supports multiple callbacks. `setBottomSheetCallback()` removes all existing callbacks, including ones set internally by library authors, which may result in unintended behavior. This may change in the future. Please use `addBottomSheetCallback()` and `removeBottomSheetCallback()` instead to set your own callbacks.
04-30 05:22:58.875 25225 25225 W BottomSheetBehavior: BottomSheetBehavior now supports multiple callbacks. `setBottomSheetCallback()` removes all existing callbacks, including ones set internally by library authors, which may result in unintended behavior. This may change in the future. Please use `addBottomSheetCallback()` and `removeBottomSheetCallback()` instead to set your own callbacks.
04-30 05:23:13.327 25225 25239 W System : A resource failed to call release.
04-30 05:24:18.497 25225 25237 W com.mbwhatsapp: Suspending all threads took: 6.561ms
04-30 05:25:55.144 25225 25241 E CameraManagerGlobal: Camera 4 is not available. Ignore physical camera status change
04-30 05:26:01.627 25225 25524 E CameraManagerGlobal: Camera 4 is not available. Ignore physical camera status change
04-30 05:26:01.747 25225 25241 E CameraManagerGlobal: Camera 4 is not available. Ignore physical camera status change --------- beginning of main
04-30 05:27:39.255 31708 31708 E CustomActivityOnCrash: IMPORTANT WARNING! You already have an UncaughtExceptionHandler, are you sure this is correct? If you use a custom UncaughtExceptionHandler, you must initialize it AFTER CustomActivityOnCrash! Installing anyway, but your original handler will not be called.
04-30 05:27:41.711 31708 31708 W com.mbwhatsapp: Accessing hidden method Lcom/android/org/conscrypt/OpenSSLSocketImpl;->setUseSessionTickets(Z)V (greylist- max-q,test-api, reflection, denied)
04-30 05:27:41.711 31708 31708 W com.mbwhatsapp: Accessing hidden method Lcom/android/org/conscrypt/AbstractConscryptSocket;->setUseSessionTickets(Z)V (greylist-max-q, reflection, denied)
04-30 05:27:41.993 31708 31708 W com.mbwhatsapp: Verification of void X.3gG.run() took 167.699ms (14239.75 bytecodes/s) (73648B approximate peak alloc)
