04-29 23:29:06.349 23479 23546 E SQLiteDatabase: at android.os.HandlerThread.run(HandlerThread.java:67)
04-29 23:29:12.261 23479 23479 W BottomSheetBehavior: BottomSheetBehavior now supports multiple callbacks. `setBottomSheetCallback()` removes all existing callbacks, including ones set internally by library authors, which may result in unintended behavior. This may change in the future. Please use `addBottomSheetCallback()` and `removeBottomSheetCallback()` instead to set your own callbacks.
04-29 23:29:12.261 23479 23479 W BottomSheetBehavior: BottomSheetBehavior now supports multiple callbacks. `setBottomSheetCallback()` removes all existing callbacks, including ones set internally by library authors, which may result in unintended behavior. This may change in the future. Please use `addBottomSheetCallback()` and `removeBottomSheetCallback()` instead to set your own callbacks.
04-29 23:29:12.285 23479 23479 E RecyclerView: No adapter attached; skipping layout
04-29 23:29:16.585 23479 23479 W BottomSheetBehavior: BottomSheetBehavior now supports multiple callbacks. `setBottomSheetCallback()` removes all existing callbacks, including ones set internally by library authors, which may result in unintended behavior. This may change in the future. Please use `addBottomSheetCallback()` and `removeBottomSheetCallback()` instead to set your own callbacks.
04-29 23:29:16.585 23479 23479 W BottomSheetBehavior: BottomSheetBehavior now supports multiple callbacks. `setBottomSheetCallback()` removes all existing callbacks, including ones set internally by library authors, which may result in unintended behavior. This may change in the future. Please use `addBottomSheetCallback()` and `removeBottomSheetCallback()` instead to set your own callbacks.
04-29 23:29:16.675 23479 23479 W BottomSheetBehavior: BottomSheetBehavior now supports multiple callbacks. `setBottomSheetCallback()` removes all existing callbacks, including ones set internally by library authors, which may result in unintended behavior. This may change in the future. Please use `addBottomSheetCallback()` and `removeBottomSheetCallback()` instead to set your own callbacks.
04-29 23:29:16.675 23479 23479 W BottomSheetBehavior: BottomSheetBehavior now supports multiple callbacks. `setBottomSheetCallback()` removes all existing callbacks, including ones set internally by library authors, which may result in unintended behavior. This may change in the future. Please use `addBottomSheetCallback()` and `removeBottomSheetCallback()` instead to set your own callbacks.
04-29 23:29:16.728 23479 23479 W BottomSheetBehavior: BottomSheetBehavior now supports multiple callbacks. `setBottomSheetCallback()` removes all existing callbacks, including ones set internally by library authors, which may result in unintended behavior. This may change in the future. Please use `addBottomSheetCallback()` and `removeBottomSheetCallback()` instead to set your own callbacks.
04-29 23:29:16.728 23479 23479 W BottomSheetBehavior: BottomSheetBehavior now supports multiple callbacks. `setBottomSheetCallback()` removes all existing callbacks, including ones set internally by library authors, which may result in unintended behavior. This may change in the future. Please use `addBottomSheetCallback()` and `removeBottomSheetCallback()` instead to set your own callbacks.
04-29 23:29:16.775 23479 23479 E RecyclerView: No adapter attached; skipping layout
04-29 23:29:17.825 23479 23479 W BottomSheetBehavior: BottomSheetBehavior now supports multiple callbacks. `setBottomSheetCallback()` removes all existing callbacks, including ones set internally by library authors, which may result in unintended behavior. This may change in the future. Please use `addBottomSheetCallback()` and `removeBottomSheetCallback()` instead to set your own callbacks.
04-29 23:29:17.825 23479 23479 W BottomSheetBehavior: BottomSheetBehavior now supports multiple callbacks. `setBottomSheetCallback()` removes all existing callbacks, including ones set internally by library authors, which may result in unintended behavior. This may change in the future. Please use `addBottomSheetCallback()` and `removeBottomSheetCallback()` instead to set your own callbacks.
04-29 23:29:17.834 23479 23479 E RecyclerView: No adapter attached; skipping layout
04-29 23:29:18.109 23479 23479 W BottomSheetBehavior: BottomSheetBehavior now supports multiple callbacks. `setBottomSheetCallback()` removes all existing callbacks, including ones set internally by library authors, which may result in unintended behavior. This may change in the future. Please use `addBottomSheetCallback()` and `removeBottomSheetCallback()` instead to set your own callbacks.
04-29 23:29:18.109 23479 23479 W BottomSheetBehavior: BottomSheetBehavior now supports multiple callbacks. `setBottomSheetCallback()` removes all existing callbacks, including ones set internally by library authors, which may result in unintended behavior. This may change in the future. Please use `addBottomSheetCallback()` and `removeBottomSheetCallback()` instead to set your own callbacks.
04-29 23:29:18.139 23479 23479 E RecyclerView: No adapter attached; skipping layout
04-29 23:29:18.987 23479 23479 W BottomSheetBehavior: BottomSheetBehavior now supports multiple callbacks. `setBottomSheetCallback()` removes all existing callbacks, including ones set internally by library authors, which may result in unintended behavior. This may change in the future. Please use `addBottomSheetCallback()` and `removeBottomSheetCallback()` instead to set your own callbacks.
04-29 23:29:18.988 23479 23479 W BottomSheetBehavior: BottomSheetBehavior now supports multiple callbacks. `setBottomSheetCallback()` removes all existing callbacks, including ones set internally by library authors, which may result in unintended behavior. This may change in the future. Please use `addBottomSheetCallback()` and `removeBottomSheetCallback()` instead to set your own callbacks.
04-29 23:29:18.997 23479 23479 E RecyclerView: No adapter attached; skipping layout
04-29 23:29:23.231 23479 23479 W BottomSheetBehavior: BottomSheetBehavior now supports multiple callbacks. `setBottomSheetCallback()` removes all existing callbacks, including ones set internally by library authors, which may result in unintended behavior. This may change in the future. Please use `addBottomSheetCallback()` and `removeBottomSheetCallback()` instead to set your own callbacks.
04-29 23:29:23.231 23479 23479 W BottomSheetBehavior: BottomSheetBehavior now supports multiple callbacks. `setBottomSheetCallback()` removes all existing callbacks, including ones set internally by library authors, which may result in unintended behavior. This may change in the future. Please use `addBottomSheetCallback()` and `removeBottomSheetCallback()` instead to set your own callbacks.
04-29 23:29:23.268 23479 23479 E RecyclerView: No adapter attached; skipping layout
04-29 23:29:25.152 23479 23479 W BottomSheetBehavior: BottomSheetBehavior now supports multiple callbacks. `setBottomSheetCallback()` removes all existing callbacks, including ones set internally by library authors, which may result in unintended behavior. This may change in the future. Please use `addBottomSheetCallback()` and `removeBottomSheetCallback()` instead to set your own callbacks.
04-29 23:29:25.152 23479 23479 W BottomSheetBehavior: BottomSheetBehavior now supports multiple callbacks. `setBottomSheetCallback()` removes all existing callbacks, including ones set internally by library authors, which may result in unintended behavior. This may change in the future. Please use `addBottomSheetCallback()` and `removeBottomSheetCallback()` instead to set your own callbacks.
04-29 23:29:25.201 23479 23479 E RecyclerView: No adapter attached; skipping layout
04-29 23:29:26.790 23479 23479 E RecyclerView: No adapter attached; skipping layout
04-29 23:29:27.633 23479 23479 W BottomSheetBehavior: BottomSheetBehavior now supports multiple callbacks. `setBottomSheetCallback()` removes all existing callbacks, including ones set internally by library authors, which may result in unintended behavior. This may change in the future. Please use `addBottomSheetCallback()` and `removeBottomSheetCallback()` instead to set your own callbacks.
04-29 23:29:27.633 23479 23479 W BottomSheetBehavior: BottomSheetBehavior now supports multiple callbacks. `setBottomSheetCallback()` removes all existing callbacks, including ones set internally by library authors, which may result in unintended behavior. This may change in the future. Please use `addBottomSheetCallback()` and `removeBottomSheetCallback()` instead to set your own callbacks.
04-29 23:29:27.654 23479 23479 W BottomSheetBehavior: BottomSheetBehavior now supports multiple callbacks. `setBottomSheetCallback()` removes all existing callbacks, including ones set internally by library authors, which may result in unintended behavior. This may change in the future. Please use `addBottomSheetCallback()` and `removeBottomSheetCallback()` instead to set your own callbacks.
04-29 23:29:27.654 23479 23479 W BottomSheetBehavior: BottomSheetBehavior now supports multiple callbacks. `setBottomSheetCallback()` removes all existing callbacks, including ones set internally by library authors, which may result in unintended behavior. This may change in the future. Please use `addBottomSheetCallback()` and `removeBottomSheetCallback()` instead to set your own callbacks.
04-29 23:29:27.712 23479 23479 W BottomSheetBehavior: BottomSheetBehavior now supports multiple callbacks. `setBottomSheetCallback()` removes all existing callbacks, including ones set internally by library authors, which may result in unintended behavior. This may change in the future. Please use `addBottomSheetCallback()` and `removeBottomSheetCallback()` instead to set your own callbacks.
04-29 23:29:27.712 23479 23479 W BottomSheetBehavior: BottomSheetBehavior now supports multiple callbacks. `setBottomSheetCallback()` removes all existing callbacks, including ones set internally by library authors, which may result in unintended behavior. This may change in the future. Please use `addBottomSheetCallback()` and `removeBottomSheetCallback()` instead to set your own callbacks.
04-29 23:29:27.725 23479 23479 E RecyclerView: No adapter attached; skipping layout
04-29 23:29:28.039 23479 23546 E SQLiteDatabase: Error inserting transferred=0 media_job_uuid=c61e391b-66d7-410f-8dba-d10bc8afd3ab transcoded=0 gif_attribution=0 first_scan_length=0 direct_path=/v/t62.7161- 24/35105680_458481129936208_6806720547556748141_n.enc?ccb=11- 4&oh=01_Q5AaICz8TSXSbgco2nVU8u-9P6H5HmE1sSKWy_cVdjg8TJ5I&oe=66569ABB&_nc_sid=5e03e0 thumbnail_height_width_ratio=2.2325583 is_animated_sticker=0 file_hash=vF2q2acjErwe8JEpi+EnWTul0miRyUFJKigPVHeLIqA= file_path=null file_size=0 partial_media_hash=null face_x=0 face_y=0 height=640 trim_to=0 media_key_timestamp=1714362063000 message_url=https://mmg.whatsapp.net/v/t62.7161- 24/35105680_458481129936208_6806720547556748141_n.enc?ccb=11- 4&oh=01_Q5AaICz8TSXSbgco2nVU8u- 9P6H5HmE1sSKWy_cVdjg8TJ5I&oe=66569ABB&_nc_sid=5e03e0&mms3=true media_caption=null trim_from=0 mime_type=video/mp4 partial_media_enc_hash=null width=288 original_file_hash=null has_streaming_sidecar=1 autotransfer_retry_enabled=1 media_upload_handle=null message_row_id=3062 multicast_id=null enc_file_hash=a/Vtkoy3DUipeaBP0PHpu+YUhORxlH54Gz3w5yIKwaA= mute_video=0 page_count=0 first_scan_sidecar=null suspicious_content=0 file_length=3105094 media_name=null media_duration=12 chat_row_id=16 media_key=[B@712557d
04-29 23:29:28.039 23479 23546 E SQLiteDatabase: android.database.sqlite.SQLiteConstraintException: UNIQUE constraint failed: message_media.message_row_id (code 1555 SQLITE_CONSTRAINT_PRIMARYKEY)
04-29 23:29:28.039 23479 23546 E SQLiteDatabase: at android.database.sqlite.SQLiteConnection.nativeExecuteForLastInsertedRowId(Native Method)
04-29 23:29:28.039 23479 23546 E SQLiteDatabase: at android.database.sqlite.SQLiteConnection.executeForLastInsertedRowId(SQLiteConnecti on.java:948)
04-29 23:29:28.039 23479 23546 E SQLiteDatabase: at android.database.sqlite.SQLiteSession.executeForLastInsertedRowId(SQLiteSession.jav a:790)
04-29 23:29:28.039 23479 23546 E SQLiteDatabase: at android.database.sqlite.SQLiteStatement.executeInsert(SQLiteStatement.java:88)
04-29 23:29:28.039 23479 23546 E SQLiteDatabase: at android.database.sqlite.SQLiteDatabase.insertWithOnConflict(SQLiteDatabase.java:173 1)
04-29 23:29:28.039 23479 23546 E SQLiteDatabase: at android.database.sqlite.SQLiteDatabase.insert(SQLiteDatabase.java:1600)
04-29 23:29:28.039 23479 23546 E SQLiteDatabase: at X.2tm.A08(Unknown Source:6)
04-29 23:29:28.039 23479 23546 E SQLiteDatabase: at X.35Y.A07(Unknown Source:212)
04-29 23:29:28.039 23479 23546 E SQLiteDatabase: at X.3QF.A14(Unknown Source:470)
04-29 23:29:28.039 23479 23546 E SQLiteDatabase: at X.3gU.run(Unknown Source:982)
04-29 23:29:28.039 23479 23546 E SQLiteDatabase: at android.os.Handler.handleCallback(Handler.java:938)
04-29 23:29:28.039 23479 23546 E SQLiteDatabase: at android.os.Handler.dispatchMessage(Handler.java:99)
04-29 23:29:28.039 23479 23546 E SQLiteDatabase: at X.0zq.dispatchMessage(Unknown Source:4)
04-29 23:29:28.039 23479 23546 E SQLiteDatabase: at android.os.Looper.loop(Looper.java:264)
04-29 23:29:28.039 23479 23546 E SQLiteDatabase: at android.os.HandlerThread.run(HandlerThread.java:67)
04-29 23:29:28.292 23479 23546 E SQLiteDatabase: Error inserting transferred=0 media_job_uuid=0c136001-02a5-4315-b0ee-56df482d453d transcoded=0 gif_attribution=0 first_scan_length=0 direct_path=/v/t62.7161- 24/35500731_1609372203156015_3401568510197836416_n.enc?ccb=11- 4&oh=01_Q5AaII2FsTyM83wpJjGngn70oTeiiQJy0pk_7ddQEopQNkk4&oe=66573034&_nc_sid=5e03e0 thumbnail_height_width_ratio=1.7777778 is_animated_sticker=0 file_hash=TLuE0VebA9E8wIXCrrP9zu+qJjAY+GnTkE0jSHK9Pbg= file_path=null file_size=0 partial_media_hash=null face_x=0 face_y=0 height=640 trim_to=0 media_key_timestamp=1714407040000 message_url=https://mmg.whatsapp.net/v/t62.7161- 24/35500731_1609372203156015_3401568510197836416_n.enc?ccb=11- 4&oh=01_Q5AaII2FsTyM83wpJjGngn70oTeiiQJy0pk_7ddQEopQNkk4&oe=66573034&_nc_sid=5e03e0 &mms3=true media_caption=null trim_from=0 mime_type=video/mp4 partial_media_enc_hash=null width=360 original_file_hash=null has_streaming_sidecar=1 autotransfer_retry_enabled=1 media_upload_handle=null message_row_id=3254 multicast_id=null enc_file_hash=Dh4tjpDgsR8g+PABnrYnjBfQ6c6/XV/m8QL2ZdXcsNI= mute_video=0 page_count=0 first_scan_sidecar=null suspicious_content=0 file_length=2394053 media_name=null media_duration=18 chat_row_id=16 media_key=[B@fb490cd
04-29 23:29:28.292 23479 23546 E SQLiteDatabase: android.database.sqlite.SQLiteConstraintException: UNIQUE constraint failed: message_media.message_row_id (code 1555 SQLITE_CONSTRAINT_PRIMARYKEY)
04-29 23:29:28.292 23479 23546 E SQLiteDatabase: at android.database.sqlite.SQLiteConnection.nativeExecuteForLastInsertedRowId(Native Method)
04-29 23:29:28.292 23479 23546 E SQLiteDatabase: at android.database.sqlite.SQLiteConnection.executeForLastInsertedRowId(SQLiteConnecti on.java:948)
04-29 23:29:28.292 23479 23546 E SQLiteDatabase: at android.database.sqlite.SQLiteSession.executeForLastInsertedRowId(SQLiteSession.jav a:790)
04-29 23:29:28.292 23479 23546 E SQLiteDatabase: at android.database.sqlite.SQLiteStatement.executeInsert(SQLiteStatement.java:88)
04-29 23:29:28.292 23479 23546 E SQLiteDatabase: at android.database.sqlite.SQLiteDatabase.insertWithOnConflict(SQLiteDatabase.java:173 1)
04-29 23:29:28.292 23479 23546 E SQLiteDatabase: at android.database.sqlite.SQLiteDatabase.insert(SQLiteDatabase.java:1600)
04-29 23:29:28.292 23479 23546 E SQLiteDatabase: at X.2tm.A08(Unknown Source:6)
04-29 23:29:28.292 23479 23546 E SQLiteDatabase: at X.35Y.A07(Unknown Source:212)
04-29 23:29:28.292 23479 23546 E SQLiteDatabase: at X.3QF.A14(Unknown Source:470)
04-29 23:29:28.292 23479 23546 E SQLiteDatabase: at X.3gU.run(Unknown Source:982)
04-29 23:29:28.292 23479 23546 E SQLiteDatabase: at android.os.Handler.handleCallback(Handler.java:938)
04-29 23:29:28.292 23479 23546 E SQLiteDatabase: at android.os.Handler.dispatchMessage(Handler.java:99)
04-29 23:29:28.292 23479 23546 E SQLiteDatabase: at X.0zq.dispatchMessage(Unknown Source:4)
04-29 23:29:28.292 23479 23546 E SQLiteDatabase: at android.os.Looper.loop(Looper.java:264)
04-29 23:29:28.292 23479 23546 E SQLiteDatabase: at android.os.HandlerThread.run(HandlerThread.java:67)
04-29 23:29:32.623 23479 23479 W BottomSheetBehavior: BottomSheetBehavior now supports multiple callbacks. `setBottomSheetCallback()` removes all existing callbacks, including ones set internally by library authors, which may result in unintended behavior. This may change in the future. Please use `addBottomSheetCallback()` and `removeBottomSheetCallback()` instead to set your own callbacks.
04-29 23:29:32.623 23479 23479 W BottomSheetBehavior: BottomSheetBehavior now supports multiple callbacks. `setBottomSheetCallback()` removes all existing callbacks, including ones set internally by library authors, which may result in unintended behavior. This may change in the future. Please use `addBottomSheetCallback()` and `removeBottomSheetCallback()` instead to set your own callbacks.
04-29 23:29:32.659 23479 23479 E RecyclerView: No adapter attached; skipping layout
04-29 23:29:37.943 23479 23479 W BottomSheetBehavior: BottomSheetBehavior now supports multiple callbacks. `setBottomSheetCallback()` removes all existing callbacks, including ones set internally by library authors, which may result in unintended behavior. This may change in the future. Please use `addBottomSheetCallback()` and `removeBottomSheetCallback()` instead to set your own callbacks.
04-29 23:29:37.943 23479 23479 W BottomSheetBehavior: BottomSheetBehavior now supports multiple callbacks. `setBottomSheetCallback()` removes all existing callbacks, including ones set internally by library authors, which may result in unintended behavior. This may change in the future. Please use `addBottomSheetCallback()` and `removeBottomSheetCallback()` instead to set your own callbacks.
04-29 23:29:37.979 23479 23479 E RecyclerView: No adapter attached; skipping layout
04-29 23:29:38.495 23479 23479 W BottomSheetBehavior: BottomSheetBehavior now supports multiple callbacks. `setBottomSheetCallback()` removes all existing callbacks, including ones set internally by library authors, which may result in unintended behavior. This may change in the future. Please use `addBottomSheetCallback()` and `removeBottomSheetCallback()` instead to set your own callbacks.
04-29 23:29:38.496 23479 23479 W BottomSheetBehavior: BottomSheetBehavior now supports multiple callbacks. `setBottomSheetCallback()` removes all existing callbacks, including ones set internally by library authors, which may result in unintended behavior. This may change in the future. Please use `addBottomSheetCallback()` and `removeBottomSheetCallback()` instead to set your own callbacks.
04-29 23:29:38.507 23479 23479 E RecyclerView: No adapter attached; skipping layout
04-29 23:29:38.576 23479 23479 W BottomSheetBehavior: BottomSheetBehavior now supports multiple callbacks. `setBottomSheetCallback()` removes all existing callbacks, including ones set internally by library authors, which may result in unintended behavior. This may change in the future. Please use `addBottomSheetCallback()` and `removeBottomSheetCallback()` instead to set your own callbacks.
04-29 23:29:38.577 23479 23479 W BottomSheetBehavior: BottomSheetBehavior now supports multiple callbacks. `setBottomSheetCallback()` removes all existing callbacks, including ones set internally by library authors, which may result in unintended behavior. This may change in the future. Please use `addBottomSheetCallback()` and `removeBottomSheetCallback()` instead to set your own callbacks.
04-29 23:29:39.136 23479 23479 E Parcel : Reading a NULL string not supported here.
04-29 23:29:39.194 23479 23982 E libEGL : Invalid file path for libcolorx- loader.so
04-29 23:29:39.395 23479 23479 W SoundPool: Use of stream types is deprecated for operations other than volume control
04-29 23:29:39.395 23479 23479 W SoundPool: See the documentation of SoundPool() for what to use instead with android.media.AudioAttributes to qualify your playback use case
04-29 23:29:39.412 23479 23983 E Parcel : Reading a NULL string not supported here.
04-29 23:29:39.427 23479 23987 W Codec2Client: query -- param skipped: index = 1107298332.
04-29 23:29:39.427 23479 23987 W Codec2Client: query -- param skipped: index = 1342179345.
04-29 23:29:39.427 23479 23987 W Codec2Client: query -- param skipped: index = 2415921170.
04-29 23:29:39.428 23479 23987 E FMQ : grantorIdx must be less than 3
04-29 23:29:39.429 23479 23987 E FMQ : grantorIdx must be less than 3
04-29 23:29:39.429 23479 23988 W Codec2Client: query -- param skipped: index = 1107298332.
04-29 23:29:39.431 23479 23988 W Codec2Client: query -- param skipped: index = 1342179345.
04-29 23:29:39.431 23479 23988 W Codec2Client: query -- param skipped: index = 2415921170.
04-29 23:29:39.431 23479 23988 E FMQ : grantorIdx must be less than 3
04-29 23:29:39.431 23479 23988 E FMQ : grantorIdx must be less than 3
04-29 23:29:39.435 23479 23987 E FMQ : grantorIdx must be less than 3
04-29 23:29:39.437 23479 23988 E FMQ : grantorIdx must be less than 3
04-29 23:29:39.444 23479 23876 E FMQ : grantorIdx must be less than 3
04-29 23:29:39.447 23479 23876 E FMQ : grantorIdx must be less than 3
04-29 23:29:39.452 23479 23479 W BottomSheetBehavior: BottomSheetBehavior now supports multiple callbacks. `setBottomSheetCallback()` removes all existing callbacks, including ones set internally by library authors, which may result in unintended behavior. This may change in the future. Please use `addBottomSheetCallback()` and `removeBottomSheetCallback()` instead to set your own callbacks.
04-29 23:29:39.475 23479 23983 E Parcel : Reading a NULL string not supported here.
04-29 23:29:39.481 23479 23479 E libEGL : Invalid file path for libcolorx- loader.so
04-29 23:29:39.482 23479 23479 E libEGL : Invalid file path for libcolorx- loader.so
04-29 23:29:39.488 23479 23993 W Codec2Client: query -- param skipped: index = 1107298332.
04-29 23:29:39.492 23479 23993 W Codec2Client: query -- param skipped: index = 1342179345.
04-29 23:29:39.492 23479 23993 W Codec2Client: query -- param skipped: index = 2415921170.
04-29 23:29:39.494 23479 23993 E FMQ : grantorIdx must be less than 3
04-29 23:29:39.494 23479 23993 E FMQ : grantorIdx must be less than 3
04-29 23:29:39.498 23479 23995 W Codec2Client: query -- param skipped: index = 1107298332.
04-29 23:29:39.499 23479 23993 E FMQ : grantorIdx must be less than 3
04-29 23:29:39.499 23479 23995 W Codec2Client: query -- param skipped: index = 1342179345.
04-29 23:29:39.499 23479 23995 W Codec2Client: query -- param skipped: index = 2415921170.
04-29 23:29:39.500 23479 23995 E FMQ : grantorIdx must be less than 3
04-29 23:29:39.500 23479 23995 E FMQ : grantorIdx must be less than 3
04-29 23:29:39.505 23479 23995 E FMQ : grantorIdx must be less than 3
04-29 23:29:39.509 23479 23876 E FMQ : grantorIdx must be less than 3
04-29 23:29:39.515 23479 23876 E FMQ : grantorIdx must be less than 3
04-29 23:29:39.576 23479 24000 W Codec2Client: query -- param skipped: index = 1107298332.
04-29 23:29:39.577 23479 24000 W Codec2Client: query -- param skipped: index = 1342179345.
04-29 23:29:39.578 23479 24000 W Codec2Client: query -- param skipped: index = 2415921170.
04-29 23:29:39.579 23479 24000 E FMQ : grantorIdx must be less than 3
04-29 23:29:39.579 23479 24000 E FMQ : grantorIdx must be less than 3
04-29 23:29:39.584 23479 24000 E FMQ : grantorIdx must be less than 3
04-29 23:29:39.595 23479 23876 E FMQ : grantorIdx must be less than 3
04-29 23:29:39.640 23479 24004 W Codec2Client: query -- param skipped: index = 1107298332.
04-29 23:29:39.641 23479 24004 W Codec2Client: query -- param skipped: index = 1342179345.
04-29 23:29:39.642 23479 24004 W Codec2Client: query -- param skipped: index = 2415921170.
04-29 23:29:39.643 23479 24004 E FMQ : grantorIdx must be less than 3
04-29 23:29:39.643 23479 24004 E FMQ : grantorIdx must be less than 3
04-29 23:29:39.653 23479 24004 E FMQ : grantorIdx must be less than 3
04-29 23:29:39.663 23479 23876 E FMQ : grantorIdx must be less than 3
04-29 23:29:40.304 23479 23546 E SQLiteDatabase: Error inserting transferred=0 media_job_uuid=0c136001-02a5-4315-b0ee-56df482d453d transcoded=0 gif_attribution=0 first_scan_length=0 direct_path=/v/t62.7161- 24/35500731_1609372203156015_3401568510197836416_n.enc?ccb=11- 4&oh=01_Q5AaII2FsTyM83wpJjGngn70oTeiiQJy0pk_7ddQEopQNkk4&oe=66573034&_nc_sid=5e03e0 thumbnail_height_width_ratio=1.7777778 is_animated_sticker=0 file_hash=TLuE0VebA9E8wIXCrrP9zu+qJjAY+GnTkE0jSHK9Pbg= file_path=null file_size=0 partial_media_hash=null face_x=0 face_y=0 height=640 trim_to=0 media_key_timestamp=1714407040000 message_url=https://mmg.whatsapp.net/v/t62.7161- 24/35500731_1609372203156015_3401568510197836416_n.enc?ccb=11- 4&oh=01_Q5AaII2FsTyM83wpJjGngn70oTeiiQJy0pk_7ddQEopQNkk4&oe=66573034&_nc_sid=5e03e0 &mms3=true media_caption=null trim_from=0 mime_type=video/mp4 partial_media_enc_hash=null width=360 original_file_hash=null has_streaming_sidecar=1 autotransfer_retry_enabled=1 media_upload_handle=null message_row_id=3254 multicast_id=null enc_file_hash=Dh4tjpDgsR8g+PABnrYnjBfQ6c6/XV/m8QL2ZdXcsNI= mute_video=0 page_count=0 first_scan_sidecar=null suspicious_content=0 file_length=2394053 media_name=null media_duration=18 chat_row_id=16 media_key=[B@fb490cd
04-29 23:29:40.304 23479 23546 E SQLiteDatabase: android.database.sqlite.SQLiteConstraintException: UNIQUE constraint failed: message_media.message_row_id (code 1555 SQLITE_CONSTRAINT_PRIMARYKEY)
04-29 23:29:40.304 23479 23546 E SQLiteDatabase: at android.database.sqlite.SQLiteConnection.nativeExecuteForLastInsertedRowId(Native Method)
04-29 23:29:40.304 23479 23546 E SQLiteDatabase: at android.database.sqlite.SQLiteConnection.executeForLastInsertedRowId(SQLiteConnecti on.java:948)
04-29 23:29:40.304 23479 23546 E SQLiteDatabase: at android.database.sqlite.SQLiteSession.executeForLastInsertedRowId(SQLiteSession.jav a:790)
04-29 23:29:40.304 23479 23546 E SQLiteDatabase: at android.database.sqlite.SQLiteStatement.executeInsert(SQLiteStatement.java:88)
04-29 23:29:40.304 23479 23546 E SQLiteDatabase: at android.database.sqlite.SQLiteDatabase.insertWithOnConflict(SQLiteDatabase.java:173 1)
04-29 23:29:40.304 23479 23546 E SQLiteDatabase: at android.database.sqlite.SQLiteDatabase.insert(SQLiteDatabase.java:1600)
04-29 23:29:40.304 23479 23546 E SQLiteDatabase: at X.2tm.A08(Unknown Source:6)
04-29 23:29:40.304 23479 23546 E SQLiteDatabase: at X.35Y.A07(Unknown Source:212)
04-29 23:29:40.304 23479 23546 E SQLiteDatabase: at X.3QF.A14(Unknown Source:470)
04-29 23:29:40.304 23479 23546 E SQLiteDatabase: at X.3gU.run(Unknown Source:982)
04-29 23:29:40.304 23479 23546 E SQLiteDatabase: at android.os.Handler.handleCallback(Handler.java:938)
04-29 23:29:40.304 23479 23546 E SQLiteDatabase: at android.os.Handler.dispatchMessage(Handler.java:99)
04-29 23:29:40.304 23479 23546 E SQLiteDatabase: at X.0zq.dispatchMessage(Unknown Source:4)
04-29 23:29:40.304 23479 23546 E SQLiteDatabase: at android.os.Looper.loop(Looper.java:264)
04-29 23:29:40.304 23479 23546 E SQLiteDatabase: at android.os.HandlerThread.run(HandlerThread.java:67)
04-29 23:29:42.134 23479 23546 E SQLiteDatabase: Error inserting transferred=0 media_job_uuid=c61e391b-66d7-410f-8dba-d10bc8afd3ab transcoded=0 gif_attribution=0 first_scan_length=0 direct_path=/v/t62.7161- 24/35105680_458481129936208_6806720547556748141_n.enc?ccb=11- 4&oh=01_Q5AaICz8TSXSbgco2nVU8u-9P6H5HmE1sSKWy_cVdjg8TJ5I&oe=66569ABB&_nc_sid=5e03e0 thumbnail_height_width_ratio=2.2325583 is_animated_sticker=0 file_hash=vF2q2acjErwe8JEpi+EnWTul0miRyUFJKigPVHeLIqA= file_path=null file_size=0 partial_media_hash=null face_x=0 face_y=0 height=640 trim_to=0 media_key_timestamp=1714362063000 message_url=https://mmg.whatsapp.net/v/t62.7161- 24/35105680_458481129936208_6806720547556748141_n.enc?ccb=11- 4&oh=01_Q5AaICz8TSXSbgco2nVU8u- 9P6H5HmE1sSKWy_cVdjg8TJ5I&oe=66569ABB&_nc_sid=5e03e0&mms3=true media_caption=null trim_from=0 mime_type=video/mp4 partial_media_enc_hash=null width=288 original_file_hash=null has_streaming_sidecar=1 autotransfer_retry_enabled=1 media_upload_handle=null message_row_id=3062 multicast_id=null enc_file_hash=a/Vtkoy3DUipeaBP0PHpu+YUhORxlH54Gz3w5yIKwaA= mute_video=0 page_count=0 first_scan_sidecar=null suspicious_content=0 file_length=3105094 media_name=null media_duration=12 chat_row_id=16 media_key=[B@712557d
04-29 23:29:42.134 23479 23546 E SQLiteDatabase: android.database.sqlite.SQLiteConstraintException: UNIQUE constraint failed: message_media.message_row_id (code 1555 SQLITE_CONSTRAINT_PRIMARYKEY)
04-29 23:29:42.134 23479 23546 E SQLiteDatabase: at android.database.sqlite.SQLiteConnection.nativeExecuteForLastInsertedRowId(Native Method)
04-29 23:29:42.134 23479 23546 E SQLiteDatabase: at android.database.sqlite.SQLiteConnection.executeForLastInsertedRowId(SQLiteConnecti on.java:948)
04-29 23:29:42.134 23479 23546 E SQLiteDatabase: at android.database.sqlite.SQLiteSession.executeForLastInsertedRowId(SQLiteSession.jav a:790)
04-29 23:29:42.134 23479 23546 E SQLiteDatabase: at android.database.sqlite.SQLiteStatement.executeInsert(SQLiteStatement.java:88)
04-29 23:29:42.134 23479 23546 E SQLiteDatabase: at android.database.sqlite.SQLiteDatabase.insertWithOnConflict(SQLiteDatabase.java:173 1)
04-29 23:29:42.134 23479 23546 E SQLiteDatabase: at android.database.sqlite.SQLiteDatabase.insert(SQLiteDatabase.java:1600)
04-29 23:29:42.134 23479 23546 E SQLiteDatabase: at X.2tm.A08(Unknown Source:6)
04-29 23:29:42.134 23479 23546 E SQLiteDatabase: at X.35Y.A07(Unknown Source:212)
04-29 23:29:42.134 23479 23546 E SQLiteDatabase: at X.3QF.A14(Unknown Source:470)
04-29 23:29:42.134 23479 23546 E SQLiteDatabase: at X.3gU.run(Unknown Source:982)
04-29 23:29:42.134 23479 23546 E SQLiteDatabase: at android.os.Handler.handleCallback(Handler.java:938)
04-29 23:29:42.134 23479 23546 E SQLiteDatabase: at android.os.Handler.dispatchMessage(Handler.java:99)
04-29 23:29:42.134 23479 23546 E SQLiteDatabase: at X.0zq.dispatchMessage(Unknown Source:4)
04-29 23:29:42.134 23479 23546 E SQLiteDatabase: at android.os.Looper.loop(Looper.java:264)
04-29 23:29:42.134 23479 23546 E SQLiteDatabase: at android.os.HandlerThread.run(HandlerThread.java:67)
04-29 23:29:45.656 23479 23479 E Toast : setGravity() shouldn't be called on text toasts, the values won't be used
04-29 23:29:45.745 23479 23479 E libEGL : Invalid file path for libcolorx- loader.so
04-29 23:29:45.746 23479 23479 E libEGL : Invalid file path for libcolorx- loader.so
04-29 23:29:47.427 23479 23479 W BottomSheetBehavior: BottomSheetBehavior now supports multiple callbacks. `setBottomSheetCallback()` removes all existing callbacks, including ones set internally by library authors, which may result in unintended behavior. This may change in the future. Please use `addBottomSheetCallback()` and `removeBottomSheetCallback()` instead to set your own callbacks.
04-29 23:29:47.427 23479 23479 W BottomSheetBehavior: BottomSheetBehavior now supports multiple callbacks. `setBottomSheetCallback()` removes all existing callbacks, including ones set internally by library authors, which may result in unintended behavior. This may change in the future. Please use `addBottomSheetCallback()` and `removeBottomSheetCallback()` instead to set your own callbacks.
04-29 23:29:50.040 23479 23479 W BottomSheetBehavior: BottomSheetBehavior now supports multiple callbacks. `setBottomSheetCallback()` removes all existing callbacks, including ones set internally by library authors, which may result in unintended behavior. This may change in the future. Please use `addBottomSheetCallback()` and `removeBottomSheetCallback()` instead to set your own callbacks.
04-29 23:29:50.040 23479 23479 W BottomSheetBehavior: BottomSheetBehavior now supports multiple callbacks. `setBottomSheetCallback()` removes all existing callbacks, including ones set internally by library authors, which may result in unintended behavior. This may change in the future. Please use `addBottomSheetCallback()` and `removeBottomSheetCallback()` instead to set your own callbacks.
04-29 23:29:50.079 23479 23479 E RecyclerView: No adapter attached; skipping layout
04-29 23:29:53.098 23479 23479 W BottomSheetBehavior: BottomSheetBehavior now supports multiple callbacks. `setBottomSheetCallback()` removes all existing callbacks, including ones set internally by library authors, which may result in unintended behavior. This may change in the future. Please use `addBottomSheetCallback()` and `removeBottomSheetCallback()` instead to set your own callbacks.
04-29 23:29:53.099 23479 23479 W BottomSheetBehavior: BottomSheetBehavior now supports multiple callbacks. `setBottomSheetCallback()` removes all existing callbacks, including ones set internally by library authors, which may result in unintended behavior. This may change in the future. Please use `addBottomSheetCallback()` and `removeBottomSheetCallback()` instead to set your own callbacks.
04-29 23:29:53.113 23479 23479 E RecyclerView: No adapter attached; skipping layout
04-29 23:29:53.663 23479 23546 E SQLiteDatabase: Error inserting transferred=1 media_job_uuid=e0aa02c1-06a2-492a-9366-317442e019ed transcoded=0 gif_attribution=0 first_scan_length=2485 direct_path=/o1/v/t62.7118-24/f1/m236/up-oil-image-2adc80cc- 4e74-458f-a889-0a47e5b16758?ccb=9- 4&oh=01_Q5AaILNNWFn364JWl3ZmqUyFNTfD0wRKMeze_DCVIF_-WWQf&oe=66573C0C&_nc_sid=000000 thumbnail_height_width_ratio=0.6875 is_animated_sticker=0 file_hash=ZBPECHtN/v/Z5D3iWhQuOV0DkE3r8iBUACEgHxcmbvI= file_path=Media/.Statuses/52ab7fc42e514f4983112cf9f3c0d939.jpg file_size=19979 partial_media_hash=c5HQiR0mmXyySCmSr+VpnKm+6QchCIRV3jbRvRWbqX4= face_x=0 face_y=0 height=359 trim_to=0 media_key_timestamp=1714407830000 message_url=https://mmg.whatsapp.net/o1/v/t62.7118-24/f1/m236/up-oil-image- 2adc80cc-4e74-458f-a889-0a47e5b16758?ccb=9- 4&oh=01_Q5AaILNNWFn364JWl3ZmqUyFNTfD0wRKMeze_DCVIF_- WWQf&oe=66573C0C&_nc_sid=000000&mms3=true media_caption=null trim_from=0 mime_type=image/jpeg partial_media_enc_hash=null width=515 original_file_hash=null has_streaming_sidecar=1 autotransfer_retry_enabled=1 media_upload_handle=null message_row_id=3260 multicast_id=null enc_file_hash=QjnNGIHHb0M/CccwK/jjdy7Q3L4DUUo2/W/gbPFhqG8= mute_video=0 page_count=0 first_scan_sidecar=[B@fe84691 suspicious_content=0 file_length=19979 media_name=null media_duration=0 chat_row_id=16 media_key=[B@8c69f6
04-29 23:29:53.663 23479 23546 E SQLiteDatabase: android.database.sqlite.SQLiteConstraintException: UNIQUE constraint failed: message_media.message_row_id (code 1555 SQLITE_CONSTRAINT_PRIMARYKEY)
04-29 23:29:53.663 23479 23546 E SQLiteDatabase: at android.database.sqlite.SQLiteConnection.nativeExecuteForLastInsertedRowId(Native Method)
04-29 23:29:53.663 23479 23546 E SQLiteDatabase: at android.database.sqlite.SQLiteConnection.executeForLastInsertedRowId(SQLiteConnecti on.java:948)
04-29 23:29:53.663 23479 23546 E SQLiteDatabase: at android.database.sqlite.SQLiteSession.executeForLastInsertedRowId(SQLiteSession.jav a:790)
04-29 23:29:53.663 23479 23546 E SQLiteDatabase: at android.database.sqlite.SQLiteStatement.executeInsert(SQLiteStatement.java:88)
04-29 23:29:53.663 23479 23546 E SQLiteDatabase: at android.database.sqlite.SQLiteDatabase.insertWithOnConflict(SQLiteDatabase.java:173 1)
04-29 23:29:53.663 23479 23546 E SQLiteDatabase: at android.database.sqlite.SQLiteDatabase.insert(SQLiteDatabase.java:1600)
04-29 23:29:53.663 23479 23546 E SQLiteDatabase: at X.2tm.A08(Unknown Source:6)
04-29 23:29:53.663 23479 23546 E SQLiteDatabase: at X.35Y.A07(Unknown Source:212)
04-29 23:29:53.663 23479 23546 E SQLiteDatabase: at X.3QF.A14(Unknown Source:470)
04-29 23:29:53.663 23479 23546 E SQLiteDatabase: at X.3gU.run(Unknown Source:982)
04-29 23:29:53.663 23479 23546 E SQLiteDatabase: at android.os.Handler.handleCallback(Handler.java:938)
04-29 23:29:53.663 23479 23546 E SQLiteDatabase: at android.os.Handler.dispatchMessage(Handler.java:99)
04-29 23:29:53.663 23479 23546 E SQLiteDatabase: at X.0zq.dispatchMessage(Unknown Source:4)
04-29 23:29:53.663 23479 23546 E SQLiteDatabase: at android.os.Looper.loop(Looper.java:264)
04-29 23:29:53.663 23479 23546 E SQLiteDatabase: at android.os.HandlerThread.run(HandlerThread.java:67)
04-29 23:29:54.340 23479 23479 W BottomSheetBehavior: BottomSheetBehavior now supports multiple callbacks. `setBottomSheetCallback()` removes all existing callbacks, including ones set internally by library authors, which may result in unintended behavior. This may change in the future. Please use `addBottomSheetCallback()` and `removeBottomSheetCallback()` instead to set your own callbacks.
04-29 23:29:54.340 23479 23479 W BottomSheetBehavior: BottomSheetBehavior now supports multiple callbacks. `setBottomSheetCallback()` removes all existing callbacks, including ones set internally by library authors, which may result in unintended behavior. This may change in the future. Please use `addBottomSheetCallback()` and `removeBottomSheetCallback()` instead to set your own callbacks.
04-29 23:29:56.611 23479 23479 W BottomSheetBehavior: BottomSheetBehavior now supports multiple callbacks. `setBottomSheetCallback()` removes all existing callbacks, including ones set internally by library authors, which may result in unintended behavior. This may change in the future. Please use `addBottomSheetCallback()` and `removeBottomSheetCallback()` instead to set your own callbacks.
04-29 23:29:56.611 23479 23479 W BottomSheetBehavior: BottomSheetBehavior now supports multiple callbacks. `setBottomSheetCallback()` removes all existing callbacks, including ones set internally by library authors, which may result in unintended behavior. This may change in the future. Please use `addBottomSheetCallback()` and `removeBottomSheetCallback()` instead to set your own callbacks.
04-29 23:29:58.316 23479 23479 E RecyclerView: No adapter attached; skipping layout
04-29 23:30:02.034 23479 23479 W BottomSheetBehavior: BottomSheetBehavior now supports multiple callbacks. `setBottomSheetCallback()` removes all existing callbacks, including ones set internally by library authors, which may result in unintended behavior. This may change in the future. Please use `addBottomSheetCallback()` and `removeBottomSheetCallback()` instead to set your own callbacks.
04-29 23:30:02.095 23479 23479 W BottomSheetBehavior: BottomSheetBehavior now supports multiple callbacks. `setBottomSheetCallback()` removes all existing callbacks, including ones set internally by library authors, which may result in unintended behavior. This may change in the future. Please use `addBottomSheetCallback()` and `removeBottomSheetCallback()` instead to set your own callbacks.
04-29 23:30:02.139 23479 23479 E RecyclerView: No adapter attached; skipping layout
04-29 23:30:02.793 23479 23870 E Parcel : Reading a NULL string not supported here.
04-29 23:30:02.815 23479 24127 E OplusACodec: [GetVideoCodingTypeFromMime:L709] mime:video/avc
04-29 23:30:02.817 23479 24127 E MtkACodecExt: setConfig(OMX_CONFIG_ROTATIONTYPE) returned error 0xfffffc0e
04-29 23:30:02.817 23479 24127 E ACodec : [OMX.MTK.VIDEO.DECODER.AVC] failed to setViLTEParameters 1
04-29 23:30:02.870 23479 24132 W Codec2Client: query -- param skipped: index = 1107298332.
04-29 23:30:02.870 23479 24132 W CCodec : This behavior is subject to change. It is recommended that app developers double check whether the requested max input size is in reasonable range.
04-29 23:30:02.871 23479 24132 W Codec2Client: query -- param skipped: index = 1342179345.
04-29 23:30:02.872 23479 24132 W Codec2Client: query -- param skipped: index = 2415921170.
04-29 23:30:02.872 23479 24132 W Codec2Client: query -- param skipped: index = 1610614798.
04-29 23:30:02.872 23479 24132 E FMQ : grantorIdx must be less than 3
04-29 23:30:02.872 23479 24132 E FMQ : grantorIdx must be less than 3
04-29 23:30:02.884 23479 24132 E FMQ : grantorIdx must be less than 3
04-29 23:30:02.895 23479 23876 E FMQ : grantorIdx must be less than 3
04-29 23:30:02.909 23479 23674 W RefBase : CallStack::getCurrentInternal not linked, returning null
04-29 23:30:02.910 23479 23674 W RefBase : CallStack::logStackInternal not linked
04-29 23:30:03.220 23479 23674 W RefBase : CallStack::getCurrentInternal not linked, returning null
04-29 23:30:03.220 23479 23674 W RefBase : CallStack::logStackInternal not linked
04-29 23:30:03.296 23479 23674 W RefBase : CallStack::getCurrentInternal not linked, returning null
04-29 23:30:03.296 23479 23674 W RefBase : CallStack::logStackInternal not linked
04-29 23:30:03.345 23479 23674 W RefBase : CallStack::getCurrentInternal not linked, returning null
04-29 23:30:03.345 23479 23674 W RefBase : CallStack::logStackInternal not linked
04-29 23:30:03.396 23479 23674 W RefBase : CallStack::getCurrentInternal not linked, returning null
04-29 23:30:03.396 23479 23674 W RefBase : CallStack::logStackInternal not linked
04-29 23:30:03.447 23479 23674 W RefBase : CallStack::getCurrentInternal not linked, returning null
04-29 23:30:03.447 23479 23674 W RefBase : CallStack::logStackInternal not linked
04-29 23:30:03.496 23479 23674 W RefBase : CallStack::getCurrentInternal not linked, returning null
04-29 23:30:03.496 23479 23674 W RefBase : CallStack::logStackInternal not linked
04-29 23:30:03.547 23479 23674 W RefBase : CallStack::getCurrentInternal not linked, returning null
04-29 23:30:03.547 23479 23674 W RefBase : CallStack::logStackInternal not linked
04-29 23:30:03.597 23479 23674 W RefBase : CallStack::getCurrentInternal not linked, returning null
04-29 23:30:03.597 23479 23674 W RefBase : CallStack::logStackInternal not linked
04-29 23:30:03.648 23479 23674 W RefBase : CallStack::getCurrentInternal not linked, returning null
04-29 23:30:03.648 23479 23674 W RefBase : CallStack::logStackInternal not linked
04-29 23:30:03.698 23479 23674 W RefBase : CallStack::getCurrentInternal not linked, returning null
04-29 23:30:03.698 23479 23674 W RefBase : CallStack::logStackInternal not linked
04-29 23:30:03.749 23479 23674 W RefBase : CallStack::getCurrentInternal not linked, returning null
04-29 23:30:03.749 23479 23674 W RefBase : CallStack::logStackInternal not linked
04-29 23:30:03.849 23479 23674 W RefBase : CallStack::getCurrentInternal not linked, returning null
04-29 23:30:03.849 23479 23674 W RefBase : CallStack::logStackInternal not linked
04-29 23:30:05.016 23479 24132 W Codec2Client: query -- param skipped: index = 1342179345.
04-29 23:30:05.016 23479 24132 W Codec2Client: query -- param skipped: index = 2415921170.
04-29 23:30:05.016 23479 24132 W Codec2Client: query -- param skipped: index = 1610614798.
04-29 23:30:05.020 23479 24127 W ACodec : Failed to set ANW_HWComposer to OMX, ignoring (-2147483648)
04-29 23:30:05.047 23479 23479 E RecyclerView: No adapter attached; skipping layout
04-29 23:30:07.562 23479 23479 W BottomSheetBehavior: BottomSheetBehavior now supports multiple callbacks. `setBottomSheetCallback()` removes all existing callbacks, including ones set internally by library authors, which may result in unintended behavior. This may change in the future. Please use `addBottomSheetCallback()` and `removeBottomSheetCallback()` instead to set your own callbacks.
04-29 23:30:07.605 23479 23479 W BottomSheetBehavior: BottomSheetBehavior now supports multiple callbacks. `setBottomSheetCallback()` removes all existing callbacks, including ones set internally by library authors, which may result in unintended behavior. This may change in the future. Please use `addBottomSheetCallback()` and `removeBottomSheetCallback()` instead to set your own callbacks.
04-29 23:30:07.619 23479 23479 E RecyclerView: No adapter attached; skipping layout
04-29 23:30:13.183 23479 23479 E RecyclerView: No adapter attached; skipping layout
04-29 23:30:13.196 23479 23546 E SQLiteDatabase: Error inserting transferred=0 media_job_uuid=0c136001-02a5-4315-b0ee-56df482d453d transcoded=0 gif_attribution=0 first_scan_length=0 direct_path=/v/t62.7161- 24/35500731_1609372203156015_3401568510197836416_n.enc?ccb=11- 4&oh=01_Q5AaII2FsTyM83wpJjGngn70oTeiiQJy0pk_7ddQEopQNkk4&oe=66573034&_nc_sid=5e03e0 thumbnail_height_width_ratio=1.7777778 is_animated_sticker=0 file_hash=TLuE0VebA9E8wIXCrrP9zu+qJjAY+GnTkE0jSHK9Pbg= file_path=null file_size=0 partial_media_hash=null face_x=0 face_y=0 height=640 trim_to=0 media_key_timestamp=1714407040000 message_url=https://mmg.whatsapp.net/v/t62.7161- 24/35500731_1609372203156015_3401568510197836416_n.enc?ccb=11- 4&oh=01_Q5AaII2FsTyM83wpJjGngn70oTeiiQJy0pk_7ddQEopQNkk4&oe=66573034&_nc_sid=5e03e0 &mms3=true media_caption=null trim_from=0 mime_type=video/mp4 partial_media_enc_hash=null width=360 original_file_hash=null has_streaming_sidecar=1 autotransfer_retry_enabled=0 media_upload_handle=null message_row_id=3254 multicast_id=null enc_file_hash=Dh4tjpDgsR8g+PABnrYnjBfQ6c6/XV/m8QL2ZdXcsNI= mute_video=0 page_count=0 first_scan_sidecar=null suspicious_content=0 file_length=2394053 media_name=null media_duration=18 chat_row_id=16 media_key=[B@fb490cd
04-29 23:30:13.196 23479 23546 E SQLiteDatabase: android.database.sqlite.SQLiteConstraintException: UNIQUE constraint failed: message_media.message_row_id (code 1555 SQLITE_CONSTRAINT_PRIMARYKEY)
04-29 23:30:13.196 23479 23546 E SQLiteDatabase: at android.database.sqlite.SQLiteConnection.nativeExecuteForLastInsertedRowId(Native Method)
04-29 23:30:13.196 23479 23546 E SQLiteDatabase: at android.database.sqlite.SQLiteConnection.executeForLastInsertedRowId(SQLiteConnecti on.java:948)
04-29 23:30:13.196 23479 23546 E SQLiteDatabase: at android.database.sqlite.SQLiteSession.executeForLastInsertedRowId(SQLiteSession.jav a:790)
04-29 23:30:13.196 23479 23546 E SQLiteDatabase: at android.database.sqlite.SQLiteStatement.executeInsert(SQLiteStatement.java:88)
04-29 23:30:13.196 23479 23546 E SQLiteDatabase: at android.database.sqlite.SQLiteDatabase.insertWithOnConflict(SQLiteDatabase.java:173 1)
04-29 23:30:13.196 23479 23546 E SQLiteDatabase: at android.database.sqlite.SQLiteDatabase.insert(SQLiteDatabase.java:1600)
04-29 23:30:13.196 23479 23546 E SQLiteDatabase: at X.2tm.A08(Unknown Source:6)
04-29 23:30:13.196 23479 23546 E SQLiteDatabase: at X.35Y.A07(Unknown Source:212)
04-29 23:30:13.196 23479 23546 E SQLiteDatabase: at X.3QF.A14(Unknown Source:470)
04-29 23:30:13.196 23479 23546 E SQLiteDatabase: at X.3gU.run(Unknown Source:982)
04-29 23:30:13.196 23479 23546 E SQLiteDatabase: at android.os.Handler.handleCallback(Handler.java:938)
04-29 23:30:13.196 23479 23546 E SQLiteDatabase: at android.os.Handler.dispatchMessage(Handler.java:99)
04-29 23:30:13.196 23479 23546 E SQLiteDatabase: at X.0zq.dispatchMessage(Unknown Source:4)
04-29 23:30:13.196 23479 23546 E SQLiteDatabase: at android.os.Looper.loop(Looper.java:264)
04-29 23:30:13.196 23479 23546 E SQLiteDatabase: at android.os.HandlerThread.run(HandlerThread.java:67)
04-29 23:30:13.212 23479 23546 E SQLiteDatabase: Error inserting transferred=0 media_job_uuid=0c136001-02a5-4315-b0ee-56df482d453d transcoded=0 gif_attribution=0 first_scan_length=0 direct_path=/v/t62.7161- 24/35500731_1609372203156015_3401568510197836416_n.enc?ccb=11- 4&oh=01_Q5AaII2FsTyM83wpJjGngn70oTeiiQJy0pk_7ddQEopQNkk4&oe=66573034&_nc_sid=5e03e0 thumbnail_height_width_ratio=1.7777778 is_animated_sticker=0 file_hash=TLuE0VebA9E8wIXCrrP9zu+qJjAY+GnTkE0jSHK9Pbg= file_path=null file_size=0 partial_media_hash=null face_x=0 face_y=0 height=640 trim_to=0 media_key_timestamp=1714407040000 message_url=https://mmg.whatsapp.net/v/t62.7161- 24/35500731_1609372203156015_3401568510197836416_n.enc?ccb=11- 4&oh=01_Q5AaII2FsTyM83wpJjGngn70oTeiiQJy0pk_7ddQEopQNkk4&oe=66573034&_nc_sid=5e03e0 &mms3=true media_caption=null trim_from=0 mime_type=video/mp4 partial_media_enc_hash=null width=360 original_file_hash=null has_streaming_sidecar=1 autotransfer_retry_enabled=0 media_upload_handle=null message_row_id=3254 multicast_id=null enc_file_hash=Dh4tjpDgsR8g+PABnrYnjBfQ6c6/XV/m8QL2ZdXcsNI= mute_video=0 page_count=0 first_scan_sidecar=null suspicious_content=0 file_length=2394053 media_name=null media_duration=18 chat_row_id=16 media_key=[B@fb490cd
04-29 23:30:13.212 23479 23546 E SQLiteDatabase: android.database.sqlite.SQLiteConstraintException: UNIQUE constraint failed: message_media.message_row_id (code 1555 SQLITE_CONSTRAINT_PRIMARYKEY)
04-29 23:30:13.212 23479 23546 E SQLiteDatabase: at android.database.sqlite.SQLiteConnection.nativeExecuteForLastInsertedRowId(Native Method)
04-29 23:30:13.212 23479 23546 E SQLiteDatabase: at android.database.sqlite.SQLiteConnection.executeForLastInsertedRowId(SQLiteConnecti on.java:948)
04-29 23:30:13.212 23479 23546 E SQLiteDatabase: at android.database.sqlite.SQLiteSession.executeForLastInsertedRowId(SQLiteSession.jav a:790)
04-29 23:30:13.212 23479 23546 E SQLiteDatabase: at android.database.sqlite.SQLiteStatement.executeInsert(SQLiteStatement.java:88)
04-29 23:30:13.212 23479 23546 E SQLiteDatabase: at android.database.sqlite.SQLiteDatabase.insertWithOnConflict(SQLiteDatabase.java:173 1)
04-29 23:30:13.212 23479 23546 E SQLiteDatabase: at android.database.sqlite.SQLiteDatabase.insert(SQLiteDatabase.java:1600)
04-29 23:30:13.212 23479 23546 E SQLiteDatabase: at X.2tm.A08(Unknown Source:6)
04-29 23:30:13.212 23479 23546 E SQLiteDatabase: at X.35Y.A07(Unknown Source:212)
04-29 23:30:13.212 23479 23546 E SQLiteDatabase: at X.3QF.A14(Unknown Source:470)
