04-30 01:29:47.117 31435 31435 E ScreenmodeClient: display mode not support
04-30 01:29:50.870 31435 31435 E Parcel : Reading a NULL string not supported here.
04-30 01:29:50.931 31435 32181 E libEGL : Invalid file path for libcolorx- loader.so
04-30 01:29:51.420 31435 31435 E ArmVmp : Match on catch block at 0x0a in for 0xc9
04-30 01:29:51.427 31435 31435 E ArmVmp : Match on catch block at 0x0a in for 0xc9
04-30 01:29:51.431 31435 32144 E ArmVmp : Match on catch block at 0x48 in for 0x85
04-30 01:29:51.432 31435 32144 W System.err: java.net.UnknownHostException: Unable to resolve host "translate.googleapis.com": No address associated with hostname
04-30 01:29:51.432 31435 32144 W System.err:
04-30 01:29:51.432 31435 32144 W System.err: at java.net.Inet6AddressImpl.lookupHostByName(Inet6AddressImpl.java:163)
04-30 01:29:51.433 31435 32144 W System.err:
04-30 01:29:51.433 31435 32144 W System.err: at java.net.Inet6AddressImpl.lookupAllHostAddr(Inet6AddressImpl.java:103)
04-30 01:29:51.433 31435 32144 W System.err:
04-30 01:29:51.433 31435 32144 W System.err: at java.net.InetAddress.getAllByName(InetAddress.java:1152)
04-30 01:29:51.433 31435 32144 W System.err:
04-30 01:29:51.434 31435 32144 W System.err: at com.android.okhttp.Dns$1.lookup(Dns.java:41)
04-30 01:29:51.434 31435 32144 W System.err:
04-30 01:29:51.434 31435 32144 W System.err: at com.android.okhttp.internal.http.RouteSelector.resetNextInetSocketAddress(RouteSele ctor.java:178)
04-30 01:29:51.434 31435 32144 W System.err:
04-30 01:29:51.435 31435 32144 W System.err: at com.android.okhttp.internal.http.RouteSelector.nextProxy(RouteSelector.java:144)
04-30 01:29:51.435 31435 32144 W System.err:
04-30 01:29:51.435 31435 32144 W System.err: at com.android.okhttp.internal.http.RouteSelector.next(RouteSelector.java:86)
04-30 01:29:51.435 31435 32144 W System.err:
04-30 01:29:51.435 31435 32144 W System.err: at com.android.okhttp.internal.http.StreamAllocation.findConnection(StreamAllocation.j ava:176)
04-30 01:29:51.436 31435 32144 W System.err:
04-30 01:29:51.436 31435 32144 W System.err: at com.android.okhttp.internal.http.StreamAllocation.findHealthyConnection(StreamAlloc ation.java:128)
04-30 01:29:51.436 31435 32144 W System.err:
04-30 01:29:51.436 31435 32144 W System.err: at com.android.okhttp.internal.http.StreamAllocation.newStream(StreamAllocation.java:9 7)
04-30 01:29:51.436 31435 32144 W System.err:
04-30 01:29:51.437 31435 32144 W System.err: at com.android.okhttp.internal.http.HttpEngine.connect(HttpEngine.java:302)
04-30 01:29:51.437 31435 32144 W System.err:
04-30 01:29:51.437 31435 32144 W System.err: at com.android.okhttp.internal.http.HttpEngine.sendRequest(HttpEngine.java:245)
04-30 01:29:51.437 31435 32144 W System.err:
04-30 01:29:51.437 31435 32144 W System.err: at com.android.okhttp.internal.huc.HttpURLConnectionImpl.execute(HttpURLConnectionImpl .java:465)
04-30 01:29:51.438 31435 32144 W System.err:
04-30 01:29:51.438 31435 32144 W System.err: at com.android.okhttp.internal.huc.HttpURLConnectionImpl.connect(HttpURLConnectionImpl .java:131)
04-30 01:29:51.438 31435 32144 W System.err:
04-30 01:29:51.438 31435 32144 W System.err: at com.android.okhttp.internal.huc.DelegatingHttpsURLConnection.connect(DelegatingHttp sURLConnection.java:90)
04-30 01:29:51.439 31435 32144 W System.err:
04-30 01:29:51.439 31435 32144 W System.err: at com.android.okhttp.internal.huc.HttpsURLConnectionImpl.connect(HttpsURLConnectionIm pl.java:30)
04-30 01:29:51.439 31435 32144 W System.err:
04-30 01:29:51.439 31435 32144 W System.err: at mbmodsd.mbmodsw.home.MBTranslator.translate(Native Method)
04-30 01:29:51.439 31435 32144 W System.err:
04-30 01:29:51.440 31435 32144 W System.err: at mbmodsd.mbmodsw.home.MBTranslator$Async.doInBackground(Native Method)
04-30 01:29:51.440 31435 32144 W System.err:
04-30 01:29:51.440 31435 32144 W System.err: at mbmodsd.mbmodsw.home.MBTranslator$Async.doInBackground(Native Method)
04-30 01:29:51.440 31435 32144 W System.err:
04-30 01:29:51.440 31435 32144 W System.err: at android.os.AsyncTask$3.call(AsyncTask.java:394)
04-30 01:29:51.441 31435 32144 W System.err:
04-30 01:29:51.441 31435 32144 W System.err: at java.util.concurrent.FutureTask.run(FutureTask.java:266)
04-30 01:29:51.441 31435 32144 W System.err:
04-30 01:29:51.441 31435 32144 W System.err: at android.os.AsyncTask$SerialExecutor$1.run(AsyncTask.java:305)
04-30 01:29:51.441 31435 32144 W System.err:
04-30 01:29:51.442 31435 32144 W System.err: at java.util.concurrent.ThreadPoolExecutor.runWorker(ThreadPoolExecutor.java:1167)
04-30 01:29:51.442 31435 32144 W System.err:
04-30 01:29:51.442 31435 32144 W System.err: at java.util.concurrent.ThreadPoolExecutor$Worker.run(ThreadPoolExecutor.java:641)
04-30 01:29:51.442 31435 32144 W System.err:
04-30 01:29:51.443 31435 32144 W System.err: at java.lang.Thread.run(Thread.java:923)
04-30 01:29:51.443 31435 32144 W System.err:
04-30 01:29:51.443 31435 32144 W System.err: Caused by: android.system.GaiException: android_getaddrinfo failed: EAI_NODATA (No address associated with hostname)
04-30 01:29:51.444 31435 32144 W System.err:
04-30 01:29:51.444 31435 32144 W System.err: at libcore.io.Linux.android_getaddrinfo(Native Method)
04-30 01:29:51.444 31435 32144 W System.err:
04-30 01:29:51.444 31435 32144 W System.err: at libcore.io.ForwardingOs.android_getaddrinfo(ForwardingOs.java:73)
04-30 01:29:51.444 31435 32144 W System.err:
04-30 01:29:51.445 31435 32144 W System.err: at libcore.io.BlockGuardOs.android_getaddrinfo(BlockGuardOs.java:202)
04-30 01:29:51.445 31435 32144 W System.err:
04-30 01:29:51.445 31435 32144 W System.err: at libcore.io.ForwardingOs.android_getaddrinfo(ForwardingOs.java:73)
04-30 01:29:51.445 31435 32144 W System.err:
04-30 01:29:51.445 31435 32144 W System.err: at java.net.Inet6AddressImpl.lookupHostByName(Inet6AddressImpl.java:142)
04-30 01:29:51.445 31435 32144 W System.err:
04-30 01:29:51.446 31435 32144 W System.err: ... 24 more
04-30 01:29:51.446 31435 32144 W System.err:
04-30 01:29:51.447 31435 32144 E ArmVmp : Match on catch block at 0x48 in for 0x95
04-30 01:29:51.448 31435 32144 W System.err: java.net.UnknownHostException: Unable to resolve host "translate.googleapis.com": No address associated with hostname
04-30 01:29:51.448 31435 32144 W System.err:
04-30 01:29:51.449 31435 32144 W System.err: at java.net.Inet6AddressImpl.lookupHostByName(Inet6AddressImpl.java:124)
04-30 01:29:51.449 31435 32144 W System.err:
04-30 01:29:51.449 31435 32144 W System.err: at java.net.Inet6AddressImpl.lookupAllHostAddr(Inet6AddressImpl.java:103)
04-30 01:29:51.449 31435 32144 W System.err:
04-30 01:29:51.449 31435 32144 W System.err: at java.net.InetAddress.getAllByName(InetAddress.java:1152)
04-30 01:29:51.450 31435 32144 W System.err:
04-30 01:29:51.450 31435 32144 W System.err: at com.android.okhttp.Dns$1.lookup(Dns.java:41)
04-30 01:29:51.450 31435 32144 W System.err:
04-30 01:29:51.450 31435 32144 W System.err: at com.android.okhttp.internal.http.RouteSelector.resetNextInetSocketAddress(RouteSele ctor.java:178)
04-30 01:29:51.451 31435 32144 W System.err:
04-30 01:29:51.451 31435 32144 W System.err: at com.android.okhttp.internal.http.RouteSelector.nextProxy(RouteSelector.java:144)
04-30 01:29:51.451 31435 32144 W System.err:
04-30 01:29:51.451 31435 32144 W System.err: at com.android.okhttp.internal.http.RouteSelector.next(RouteSelector.java:86)
04-30 01:29:51.451 31435 32144 W System.err:
04-30 01:29:51.452 31435 32144 W System.err: at com.android.okhttp.internal.http.StreamAllocation.findConnection(StreamAllocation.j ava:176)
04-30 01:29:51.452 31435 32144 W System.err:
04-30 01:29:51.452 31435 32144 W System.err: at com.android.okhttp.internal.http.StreamAllocation.findHealthyConnection(StreamAlloc ation.java:128)
04-30 01:29:51.452 31435 32144 W System.err:
04-30 01:29:51.452 31435 32144 W System.err: at com.android.okhttp.internal.http.StreamAllocation.newStream(StreamAllocation.java:9 7)
04-30 01:29:51.453 31435 32144 W System.err:
04-30 01:29:51.453 31435 32144 W System.err: at com.android.okhttp.internal.http.HttpEngine.connect(HttpEngine.java:302)
04-30 01:29:51.453 31435 32144 W System.err:
04-30 01:29:51.453 31435 32144 W System.err: at com.android.okhttp.internal.http.HttpEngine.sendRequest(HttpEngine.java:245)
04-30 01:29:51.453 31435 32144 W System.err:
04-30 01:29:51.454 31435 32144 W System.err: at com.android.okhttp.internal.huc.HttpURLConnectionImpl.execute(HttpURLConnectionImpl .java:465)
04-30 01:29:51.454 31435 32144 W System.err:
04-30 01:29:51.454 31435 32144 W System.err: at com.android.okhttp.internal.huc.HttpURLConnectionImpl.connect(HttpURLConnectionImpl .java:131)
04-30 01:29:51.454 31435 32144 W System.err:
04-30 01:29:51.455 31435 32144 W System.err: at com.android.okhttp.internal.huc.DelegatingHttpsURLConnection.connect(DelegatingHttp sURLConnection.java:90)
04-30 01:29:51.455 31435 32144 W System.err:
04-30 01:29:51.455 31435 32144 W System.err: at com.android.okhttp.internal.huc.HttpsURLConnectionImpl.connect(HttpsURLConnectionIm pl.java:30)
04-30 01:29:51.455 31435 32144 W System.err:
04-30 01:29:51.455 31435 32144 W System.err: at mbmodsd.mbmodsw.home.MBTranslator.translate(Native Method)
04-30 01:29:51.456 31435 32144 W System.err:
04-30 01:29:51.456 31435 32144 W System.err: at mbmodsd.mbmodsw.home.MBTranslator$Async.doInBackground(Native Method)
04-30 01:29:51.456 31435 32144 W System.err:
04-30 01:29:51.456 31435 32144 W System.err: at mbmodsd.mbmodsw.home.MBTranslator$Async.doInBackground(Native Method)
04-30 01:29:51.456 31435 32144 W System.err:
04-30 01:29:51.457 31435 32144 W System.err: at android.os.AsyncTask$3.call(AsyncTask.java:394)
04-30 01:29:51.457 31435 32144 W System.err:
04-30 01:29:51.457 31435 32144 W System.err: at java.util.concurrent.FutureTask.run(FutureTask.java:266)
04-30 01:29:51.457 31435 32144 W System.err:
04-30 01:29:51.457 31435 32144 W System.err: at android.os.AsyncTask$SerialExecutor$1.run(AsyncTask.java:305)
04-30 01:29:51.458 31435 32144 W System.err:
04-30 01:29:51.458 31435 32144 W System.err: at java.util.concurrent.ThreadPoolExecutor.runWorker(ThreadPoolExecutor.java:1167)
04-30 01:29:51.458 31435 32144 W System.err:
04-30 01:29:51.458 31435 32144 W System.err: at java.util.concurrent.ThreadPoolExecutor$Worker.run(ThreadPoolExecutor.java:641)
04-30 01:29:51.459 31435 32144 W System.err:
04-30 01:29:51.459 31435 32144 W System.err: at java.lang.Thread.run(Thread.java:923)
04-30 01:29:51.459 31435 32144 W System.err:
04-30 01:29:51.547 31435 31435 E libEGL : Invalid file path for libcolorx- loader.so
04-30 01:29:51.547 31435 31435 E libEGL : Invalid file path for libcolorx- loader.so
04-30 01:29:51.855 31435 31435 E ArmVmp : Match on catch block at 0xc3 in for 0xb5
04-30 01:29:51.872 31435 31435 E ArmVmp : Match on catch block at 0xc3 in for 0xb1
04-30 01:29:51.982 31435 31435 E ArmVmp : Match on catch block at 0xc3 in for 0xa9
04-30 01:29:51.987 31435 31435 E ArmVmp : Match on catch block at 0xc3 in for 0xa5
04-30 01:29:52.030 31435 31435 E ArmVmp : Match on catch block at 0xc3 in for 0xa9
04-30 01:29:52.034 31435 31435 E ArmVmp : Match on catch block at 0xc3 in for 0xa1
04-30 01:29:52.134 31435 31435 E ArmVmp : Match on catch block at 0xc3 in for 0xa9
04-30 01:29:52.137 31435 31435 E ArmVmp : Match on catch block at 0xc3 in for 0xa1
04-30 01:29:52.508 31435 31435 E ArmVmp : Match on catch block at 0xc3 in for 0xa9
04-30 01:29:52.512 31435 31435 E ArmVmp : Match on catch block at 0xc3 in for 0xa1
04-30 01:29:52.523 31435 31435 E ArmVmp : Match on catch block at 0xc3 in for 0xa5
04-30 01:29:52.528 31435 31435 E ArmVmp : Match on catch block at 0xc3 in for 0xa9
04-30 01:29:52.538 31435 31435 E ArmVmp : Match on catch block at 0xc3 in for 0xa9
04-30 01:29:52.544 31435 31435 E ArmVmp : Match on catch block at 0xc3 in for 0xa1
04-30 01:29:52.569 31435 31435 E ArmVmp : Match on catch block at 0xc3 in for 0xa5
04-30 01:29:52.573 31435 31435 E ArmVmp : Match on catch block at 0xc3 in for 0xa9
04-30 01:29:52.612 31435 31435 E ArmVmp : Match on catch block at 0xc3 in for 0xa5
04-30 01:29:52.616 31435 31435 E ArmVmp : Match on catch block at 0xc3 in for 0xa9
04-30 01:29:52.648 31435 31435 E ArmVmp : Match on catch block at 0xc3 in for 0xa9
04-30 01:29:52.653 31435 31435 E ArmVmp : Match on catch block at 0xc3 in for 0xa1
04-30 01:29:52.663 31435 31435 E ArmVmp : Match on catch block at 0xc3 in for 0xa1
04-30 01:29:52.668 31435 31435 E ArmVmp : Match on catch block at 0xc3 in for 0xa5
04-30 01:29:52.678 31435 31435 E ArmVmp : Match on catch block at 0xc3 in for 0xa5
04-30 01:29:52.683 31435 31435 E ArmVmp : Match on catch block at 0xc3 in for 0xa9
04-30 01:29:52.691 31435 31435 E ArmVmp : Match on catch block at 0xc3 in for 0xa9
04-30 01:29:52.696 31435 31435 E ArmVmp : Match on catch block at 0xc3 in for 0xa1
04-30 01:29:52.716 31435 31435 E ArmVmp : Match on catch block at 0xc3 in for 0xa1
04-30 01:29:52.721 31435 31435 E ArmVmp : Match on catch block at 0xc3 in for 0xa5
04-30 01:29:52.729 31435 31435 E ArmVmp : Match on catch block at 0xc3 in for 0xa5
04-30 01:29:52.734 31435 31435 E ArmVmp : Match on catch block at 0xc3 in for 0xa9
04-30 01:29:52.742 31435 31435 E ArmVmp : Match on catch block at 0xc3 in for 0xa9
04-30 01:29:52.747 31435 31435 E ArmVmp : Match on catch block at 0xc3 in for 0xa1
04-30 01:29:52.755 31435 31435 E ArmVmp : Match on catch block at 0xc3 in for 0xa1
04-30 01:29:52.760 31435 31435 E ArmVmp : Match on catch block at 0xc3 in for 0xa5
04-30 01:29:52.782 31435 31435 E ArmVmp : Match on catch block at 0xc3 in for 0xa1
04-30 01:29:52.787 31435 31435 E ArmVmp : Match on catch block at 0xc3 in for 0xa5
04-30 01:29:52.795 31435 31435 E ArmVmp : Match on catch block at 0xc3 in for 0xa5
04-30 01:29:52.800 31435 31435 E ArmVmp : Match on catch block at 0xc3 in for 0xa9
04-30 01:29:52.808 31435 31435 E ArmVmp : Match on catch block at 0xc3 in for 0xa9
04-30 01:29:52.813 31435 31435 E ArmVmp : Match on catch block at 0xc3 in for 0xa1
04-30 01:29:52.822 31435 31435 E ArmVmp : Match on catch block at 0xc3 in for 0xa1
04-30 01:29:52.827 31435 31435 E ArmVmp : Match on catch block at 0xc3 in for 0xa5
04-30 01:29:52.839 31435 31435 E ArmVmp : Match on catch block at 0xc3 in for 0xa5
04-30 01:29:52.843 31435 31435 E ArmVmp : Match on catch block at 0xc3 in for 0xa9
04-30 01:29:52.855 31435 31435 E ArmVmp : Match on catch block at 0xc3 in for 0xa9
04-30 01:29:52.859 31435 31435 E ArmVmp : Match on catch block at 0xc3 in for 0xa1
04-30 01:29:52.872 31435 31435 E ArmVmp : Match on catch block at 0xc3 in for 0xa1
04-30 01:29:52.876 31435 31435 E ArmVmp : Match on catch block at 0xc3 in for 0xa5
04-30 01:29:52.919 31435 31435 E ArmVmp : Match on catch block at 0xc3 in for 0xa5
04-30 01:29:52.923 31435 31435 E ArmVmp : Match on catch block at 0xc3 in for 0xa9
04-30 01:29:52.930 31435 31435 E ArmVmp : Match on catch block at 0xc3 in for 0xa1
04-30 01:29:52.934 31435 31435 E ArmVmp : Match on catch block at 0xc3 in for 0xa5
04-30 01:29:52.941 31435 31435 E ArmVmp : Match on catch block at 0xc3 in for 0xa9
04-30 01:29:52.945 31435 31435 E ArmVmp : Match on catch block at 0xc3 in for 0xa1
04-30 01:29:52.955 31435 31435 E ArmVmp : Match on catch block at 0xc3 in for 0xa5
04-30 01:29:52.959 31435 31435 E ArmVmp : Match on catch block at 0xc3 in for 0xa9
04-30 01:29:52.972 31435 31435 E ArmVmp : Match on catch block at 0xc3 in for 0xa1
04-30 01:29:52.975 31435 31435 E ArmVmp : Match on catch block at 0xc3 in for 0xa5
04-30 01:29:52.989 31435 31435 E ArmVmp : Match on catch block at 0xc3 in for 0xa9
04-30 01:29:52.993 31435 31435 E ArmVmp : Match on catch block at 0xc3 in for 0xa1
04-30 01:29:53.005 31435 31435 E ArmVmp : Match on catch block at 0xc3 in for 0xa5
04-30 01:29:53.009 31435 31435 E ArmVmp : Match on catch block at 0xc3 in for 0xa9
04-30 01:29:53.023 31435 31435 E ArmVmp : Match on catch block at 0xc3 in for 0xa1
04-30 01:29:53.026 31435 31435 E ArmVmp : Match on catch block at 0xc3 in for 0xa5
04-30 01:29:53.039 31435 31435 E ArmVmp : Match on catch block at 0xc3 in for 0xa9
04-30 01:29:53.042 31435 31435 E ArmVmp : Match on catch block at 0xc3 in for 0xa1
04-30 01:29:53.056 31435 31435 E ArmVmp : Match on catch block at 0xc3 in for 0xa5
04-30 01:29:53.060 31435 31435 E ArmVmp : Match on catch block at 0xc3 in for 0xa9
04-30 01:29:53.073 31435 31435 E ArmVmp : Match on catch block at 0xc3 in for 0xa1
04-30 01:29:53.076 31435 31435 E ArmVmp : Match on catch block at 0xc3 in for 0xa5
04-30 01:29:53.089 31435 31435 E ArmVmp : Match on catch block at 0xc3 in for 0xa9
04-30 01:29:53.092 31435 31435 E ArmVmp : Match on catch block at 0xc3 in for 0xa1
04-30 01:29:53.106 31435 31435 E ArmVmp : Match on catch block at 0xc3 in for 0xa5
04-30 01:29:53.109 31435 31435 E ArmVmp : Match on catch block at 0xc3 in for 0xa9
04-30 01:29:53.123 31435 31435 E ArmVmp : Match on catch block at 0xc3 in for 0xa1
04-30 01:29:53.127 31435 31435 E ArmVmp : Match on catch block at 0xc3 in for 0xa5
04-30 01:29:53.139 31435 31435 E ArmVmp : Match on catch block at 0xc3 in for 0xa9
04-30 01:29:53.143 31435 31435 E ArmVmp : Match on catch block at 0xc3 in for 0xa1
04-30 01:29:53.156 31435 31435 E ArmVmp : Match on catch block at 0xc3 in for 0xa5
04-30 01:29:53.160 31435 31435 E ArmVmp : Match on catch block at 0xc3 in for 0xa9
04-30 01:29:53.173 31435 31435 E ArmVmp : Match on catch block at 0xc3 in for 0xa1
04-30 01:29:53.176 31435 31435 E ArmVmp : Match on catch block at 0xc3 in for 0xa5
04-30 01:29:53.190 31435 31435 E ArmVmp : Match on catch block at 0xc3 in for 0xa9
04-30 01:29:53.193 31435 31435 E ArmVmp : Match on catch block at 0xc3 in for 0xa1
04-30 01:29:53.210 31435 31435 E ArmVmp : Match on catch block at 0xc3 in for 0xa5
04-30 01:29:53.214 31435 31435 E ArmVmp : Match on catch block at 0xc3 in for 0xa9
04-30 01:29:53.224 31435 31435 E ArmVmp : Match on catch block at 0xc3 in for 0xa9
04-30 01:29:53.229 31435 31435 E ArmVmp : Match on catch block at 0xc3 in for 0xa1
04-30 01:29:53.346 31435 31435 E ArmVmp : Match on catch block at 0xc3 in for 0xa1
04-30 01:29:53.350 31435 31435 E ArmVmp : Match on catch block at 0xc3 in for 0xa5
04-30 01:29:53.381 31435 31435 E ArmVmp : Match on catch block at 0xc3 in for 0xa5
04-30 01:29:53.385 31435 31435 E ArmVmp : Match on catch block at 0xc3 in for 0xa9
04-30 01:29:53.405 31435 31435 E ArmVmp : Match on catch block at 0xc3 in for 0xa9
04-30 01:29:53.409 31435 31435 E ArmVmp : Match on catch block at 0xc3 in for 0xa1
04-30 01:29:53.444 31435 31435 E ArmVmp : Match on catch block at 0xc3 in for 0xa1
04-30 01:29:53.448 31435 31435 E ArmVmp : Match on catch block at 0xc3 in for 0xa5
04-30 01:29:53.458 31435 31435 E ArmVmp : Match on catch block at 0xc3 in for 0xa5
04-30 01:29:53.463 31435 31435 E ArmVmp : Match on catch block at 0xc3 in for 0xa9
04-30 01:29:53.501 31435 31435 E ArmVmp : Match on catch block at 0xc3 in for 0xa1
04-30 01:29:53.504 31435 31435 E ArmVmp : Match on catch block at 0xc3 in for 0xa5
04-30 01:29:53.551 31435 31435 E ArmVmp : Match on catch block at 0xc3 in for 0xa9
04-30 01:29:53.555 31435 31435 E ArmVmp : Match on catch block at 0xc3 in for 0xa1
04-30 01:29:53.588 31435 31435 E ArmVmp : Match on catch block at 0xc3 in for 0xa5
04-30 01:29:53.592 31435 31435 E ArmVmp : Match on catch block at 0xc3 in for 0xa9
04-30 01:29:53.612 31435 31435 E ArmVmp : Match on catch block at 0xc3 in for 0xa1
04-30 01:29:53.616 31435 31435 E ArmVmp : Match on catch block at 0xc3 in for 0xa5
04-30 01:29:53.647 31435 31435 E ArmVmp : Match on catch block at 0xc3 in for 0xa1
04-30 01:29:53.651 31435 31435 E ArmVmp : Match on catch block at 0xc3 in for 0xa5
04-30 01:29:53.692 31435 31435 E ArmVmp : Match on catch block at 0xc3 in for 0xa5
04-30 01:29:53.696 31435 31435 E ArmVmp : Match on catch block at 0xc3 in for 0xa9
04-30 01:29:53.704 31435 31435 E ArmVmp : Match on catch block at 0xc3 in for 0xa1
04-30 01:29:53.708 31435 31435 E ArmVmp : Match on catch block at 0xc3 in for 0xa5
04-30 01:29:53.715 31435 31435 E ArmVmp : Match on catch block at 0xc3 in for 0xa9
04-30 01:29:53.720 31435 31435 E ArmVmp : Match on catch block at 0xc3 in for 0xa1
04-30 01:29:53.727 31435 31435 E ArmVmp : Match on catch block at 0xc3 in for 0xa5
04-30 01:29:53.731 31435 31435 E ArmVmp : Match on catch block at 0xc3 in for 0xa9
04-30 01:29:53.744 31435 31435 E ArmVmp : Match on catch block at 0xc3 in for 0xa1
04-30 01:29:53.747 31435 31435 E ArmVmp : Match on catch block at 0xc3 in for 0xa5
04-30 01:29:53.760 31435 31435 E ArmVmp : Match on catch block at 0xc3 in for 0xa9
04-30 01:29:53.764 31435 31435 E ArmVmp : Match on catch block at 0xc3 in for 0xa1
04-30 01:29:53.777 31435 31435 E ArmVmp : Match on catch block at 0xc3 in for 0xa1
04-30 01:29:53.781 31435 31435 E ArmVmp : Match on catch block at 0xc3 in for 0xa5
04-30 01:29:53.795 31435 31435 E ArmVmp : Match on catch block at 0xc3 in for 0xa5
04-30 01:29:53.799 31435 31435 E ArmVmp : Match on catch block at 0xc3 in for 0xa9
04-30 01:29:53.811 31435 31435 E ArmVmp : Match on catch block at 0xc3 in for 0xa1
04-30 01:29:53.815 31435 31435 E ArmVmp : Match on catch block at 0xc3 in for 0xa5
04-30 01:29:53.827 31435 31435 E ArmVmp : Match on catch block at 0xc3 in for 0xa5
04-30 01:29:53.831 31435 31435 E ArmVmp : Match on catch block at 0xc3 in for 0xa9
04-30 01:29:53.862 31435 31435 E ArmVmp : Match on catch block at 0xc3 in for 0xa5
04-30 01:29:53.866 31435 31435 E ArmVmp : Match on catch block at 0xc3 in for 0xa9
04-30 01:29:53.880 31435 31435 E ArmVmp : Match on catch block at 0xc3 in for 0xa9
04-30 01:29:53.883 31435 31435 E ArmVmp : Match on catch block at 0xc3 in for 0xa1
04-30 01:29:53.897 31435 31435 E ArmVmp : Match on catch block at 0xc3 in for 0xa1
04-30 01:29:53.900 31435 31435 E ArmVmp : Match on catch block at 0xc3 in for 0xa5
04-30 01:29:53.914 31435 31435 E ArmVmp : Match on catch block at 0xc3 in for 0xa5
04-30 01:29:53.917 31435 31435 E ArmVmp : Match on catch block at 0xc3 in for 0xa9
04-30 01:29:53.930 31435 31435 E ArmVmp : Match on catch block at 0xc3 in for 0xa9
04-30 01:29:53.933 31435 31435 E ArmVmp : Match on catch block at 0xc3 in for 0xa1
04-30 01:29:53.952 31435 31435 E ArmVmp : Match on catch block at 0xc3 in for 0xa5
04-30 01:29:53.955 31435 31435 E ArmVmp : Match on catch block at 0xc3 in for 0xa9
04-30 01:29:53.963 31435 31435 E ArmVmp : Match on catch block at 0xc3 in for 0xa9
04-30 01:29:53.968 31435 31435 E ArmVmp : Match on catch block at 0xc3 in for 0xa1
04-30 01:29:53.983 31435 31435 E ArmVmp : Match on catch block at 0xc3 in for 0xa1
04-30 01:29:53.986 31435 31435 E ArmVmp : Match on catch block at 0xc3 in for 0xa5
04-30 01:29:54.005 31435 31435 E ArmVmp : Match on catch block at 0xc3 in for 0xa1
04-30 01:29:54.008 31435 31435 E ArmVmp : Match on catch block at 0xc3 in for 0xa5
04-30 01:29:54.025 31435 31435 E ArmVmp : Match on catch block at 0xc3 in for 0xa1
04-30 01:29:54.028 31435 31435 E ArmVmp : Match on catch block at 0xc3 in for 0xa5
04-30 01:29:54.040 31435 31435 E ArmVmp : Match on catch block at 0xc3 in for 0xa9
04-30 01:29:54.044 31435 31435 E ArmVmp : Match on catch block at 0xc3 in for 0xa1
04-30 01:29:54.051 31435 31435 E ArmVmp : Match on catch block at 0xc3 in for 0xa5
04-30 01:29:54.055 31435 31435 E ArmVmp : Match on catch block at 0xc3 in for 0xa9
04-30 01:29:54.066 31435 31435 E ArmVmp : Match on catch block at 0xc3 in for 0xa1
04-30 01:29:54.070 31435 31435 E ArmVmp : Match on catch block at 0xc3 in for 0xa5
04-30 01:29:54.083 31435 31435 E ArmVmp : Match on catch block at 0xc3 in for 0xa9
04-30 01:29:54.086 31435 31435 E ArmVmp : Match on catch block at 0xc3 in for 0xa1
04-30 01:29:54.096 31435 31435 E ArmVmp : Match on catch block at 0xc3 in for 0xa5
04-30 01:29:54.100 31435 31435 E ArmVmp : Match on catch block at 0xc3 in for 0xa9
04-30 01:29:54.113 31435 31435 E ArmVmp : Match on catch block at 0xc3 in for 0xa1
04-30 01:29:54.117 31435 31435 E ArmVmp : Match on catch block at 0xc3 in for 0xa5
04-30 01:29:54.133 31435 31435 E ArmVmp : Match on catch block at 0xc3 in for 0xa9
04-30 01:29:54.137 31435 31435 E ArmVmp : Match on catch block at 0xc3 in for 0xa1
04-30 01:29:54.146 31435 31435 E ArmVmp : Match on catch block at 0xc3 in for 0xa5
04-30 01:29:54.151 31435 31435 E ArmVmp : Match on catch block at 0xc3 in for 0xa9
04-30 01:29:54.167 31435 31435 E ArmVmp : Match on catch block at 0xc3 in for 0xa1
04-30 01:29:54.170 31435 31435 E ArmVmp : Match on catch block at 0xc3 in for 0xa5
04-30 01:29:54.180 31435 31435 E ArmVmp : Match on catch block at 0xc3 in for 0xa9
04-30 01:29:54.184 31435 31435 E ArmVmp : Match on catch block at 0xc3 in for 0xa1
04-30 01:29:54.200 31435 31435 E ArmVmp : Match on catch block at 0xc3 in for 0xa5
04-30 01:29:54.203 31435 31435 E ArmVmp : Match on catch block at 0xc3 in for 0xa9
04-30 01:29:54.227 31435 31435 E ArmVmp : Match on catch block at 0xc3 in for 0xa5
04-30 01:29:54.230 31435 31435 E ArmVmp : Match on catch block at 0xc3 in for 0xa9
04-30 01:29:54.239 31435 31435 E ArmVmp : Match on catch block at 0xc3 in for 0xa1
04-30 01:29:54.243 31435 31435 E ArmVmp : Match on catch block at 0xc3 in for 0xa5
04-30 01:29:54.250 31435 31435 E ArmVmp : Match on catch block at 0xc3 in for 0xa9
04-30 01:29:54.255 31435 31435 E ArmVmp : Match on catch block at 0xc3 in for 0xa1
04-30 01:29:54.264 31435 31435 E ArmVmp : Match on catch block at 0xc3 in for 0xa1
04-30 01:29:54.268 31435 31435 E ArmVmp : Match on catch block at 0xc3 in for 0xa5
04-30 01:29:54.282 31435 31435 E ArmVmp : Match on catch block at 0xc3 in for 0xa5
04-30 01:29:54.285 31435 31435 E ArmVmp : Match on catch block at 0xc3 in for 0xa9
04-30 01:29:54.300 31435 31435 E ArmVmp : Match on catch block at 0xc3 in for 0xa1
04-30 01:29:54.304 31435 31435 E ArmVmp : Match on catch block at 0xc3 in for 0xa5
04-30 01:29:54.314 31435 31435 E ArmVmp : Match on catch block at 0xc3 in for 0xa5
04-30 01:29:54.317 31435 31435 E ArmVmp : Match on catch block at 0xc3 in for 0xa9
04-30 01:29:54.332 31435 31435 E ArmVmp : Match on catch block at 0xc3 in for 0xa9
04-30 01:29:54.335 31435 31435 E ArmVmp : Match on catch block at 0xc3 in for 0xa1
04-30 01:29:54.349 31435 31435 E ArmVmp : Match on catch block at 0xc3 in for 0xa1
04-30 01:29:54.353 31435 31435 E ArmVmp : Match on catch block at 0xc3 in for 0xa5
04-30 01:29:54.366 31435 31435 E ArmVmp : Match on catch block at 0xc3 in for 0xa5
04-30 01:29:54.370 31435 31435 E ArmVmp : Match on catch block at 0xc3 in for 0xa9
04-30 01:29:54.383 31435 31435 E ArmVmp : Match on catch block at 0xc3 in for 0xa9
04-30 01:29:54.386 31435 31435 E ArmVmp : Match on catch block at 0xc3 in for 0xa1
04-30 01:29:54.402 31435 31435 E ArmVmp : Match on catch block at 0xc3 in for 0xa1
04-30 01:29:54.406 31435 31435 E ArmVmp : Match on catch block at 0xc3 in for 0xa5
04-30 01:29:54.417 31435 31435 E ArmVmp : Match on catch block at 0xc3 in for 0xa5
04-30 01:29:54.420 31435 31435 E ArmVmp : Match on catch block at 0xc3 in for 0xa9
04-30 01:29:54.433 31435 31435 E ArmVmp : Match on catch block at 0xc3 in for 0xa9
04-30 01:29:54.437 31435 31435 E ArmVmp : Match on catch block at 0xc3 in for 0xa1
04-30 01:29:54.452 31435 31435 E ArmVmp : Match on catch block at 0xc3 in for 0xa5
04-30 01:29:54.455 31435 31435 E ArmVmp : Match on catch block at 0xc3 in for 0xa9
04-30 01:29:54.466 31435 31435 E ArmVmp : Match on catch block at 0xc3 in for 0xa1
04-30 01:29:54.469 31435 31435 E ArmVmp : Match on catch block at 0xc3 in for 0xa5
04-30 01:29:54.489 31435 31435 E ArmVmp : Match on catch block at 0xc3 in for 0xa5
04-30 01:29:54.493 31435 31435 E ArmVmp : Match on catch block at 0xc3 in for 0xa9
04-30 01:29:54.501 31435 31435 E ArmVmp : Match on catch block at 0xc3 in for 0xa1
04-30 01:29:54.505 31435 31435 E ArmVmp : Match on catch block at 0xc3 in for 0xa5
04-30 01:29:54.524 31435 31435 E ArmVmp : Match on catch block at 0xc3 in for 0xa1
04-30 01:29:54.527 31435 31435 E ArmVmp : Match on catch block at 0xc3 in for 0xa5
04-30 01:29:54.539 31435 31435 E ArmVmp : Match on catch block at 0xc3 in for 0xa1
04-30 01:29:54.543 31435 31435 E ArmVmp : Match on catch block at 0xc3 in for 0xa5
04-30 01:29:54.549 31435 31435 E ArmVmp : Match on catch block at 0xc3 in for 0xa9
04-30 01:29:54.553 31435 31435 E ArmVmp : Match on catch block at 0xc3 in for 0xa1
04-30 01:29:54.566 31435 31435 E ArmVmp : Match on catch block at 0xc3 in for 0xa5
04-30 01:29:54.570 31435 31435 E ArmVmp : Match on catch block at 0xc3 in for 0xa9
04-30 01:29:54.583 31435 31435 E ArmVmp : Match on catch block at 0xc3 in for 0xa9
04-30 01:29:54.586 31435 31435 E ArmVmp : Match on catch block at 0xc3 in for 0xa1
04-30 01:29:54.599 31435 31435 E ArmVmp : Match on catch block at 0xc3 in for 0xa1
04-30 01:29:54.602 31435 31435 E ArmVmp : Match on catch block at 0xc3 in for 0xa5
04-30 01:29:54.616 31435 31435 E ArmVmp : Match on catch block at 0xc3 in for 0xa5
04-30 01:29:54.619 31435 31435 E ArmVmp : Match on catch block at 0xc3 in for 0xa9
04-30 01:29:54.633 31435 31435 E ArmVmp : Match on catch block at 0xc3 in for 0xa9
04-30 01:29:54.636 31435 31435 E ArmVmp : Match on catch block at 0xc3 in for 0xa1
04-30 01:29:54.649 31435 31435 E ArmVmp : Match on catch block at 0xc3 in for 0xa1
04-30 01:29:54.652 31435 31435 E ArmVmp : Match on catch block at 0xc3 in for 0xa5
04-30 01:29:54.750 31435 31435 E ArmVmp : Match on catch block at 0xc3 in for 0xa5
04-30 01:29:54.753 31435 31435 E ArmVmp : Match on catch block at 0xc3 in for 0xa9
04-30 01:29:54.969 31435 31435 E ArmVmp : Match on catch block at 0xc3 in for 0xa5
04-30 01:29:54.973 31435 31435 E ArmVmp : Match on catch block at 0xc3 in for 0xa9
04-30 01:29:54.988 31435 31435 E ArmVmp : Match on catch block at 0xc3 in for 0xa5
04-30 01:29:54.991 31435 31435 E ArmVmp : Match on catch block at 0xc3 in for 0xa9
04-30 01:29:55.003 31435 31435 E ArmVmp : Match on catch block at 0xc3 in for 0xa5
04-30 01:29:55.008 31435 31435 E ArmVmp : Match on catch block at 0xc3 in for 0xa9
04-30 01:29:55.021 31435 31435 E ArmVmp : Match on catch block at 0xc3 in for 0xa5
04-30 01:29:55.024 31435 31435 E ArmVmp : Match on catch block at 0xc3 in for 0xa9
04-30 01:29:55.037 31435 31435 E ArmVmp : Match on catch block at 0xc3 in for 0xa5
04-30 01:29:55.041 31435 31435 E ArmVmp : Match on catch block at 0xc3 in for 0xa9
04-30 01:29:55.053 31435 31435 E ArmVmp : Match on catch block at 0xc3 in for 0xa5
04-30 01:29:55.056 31435 31435 E ArmVmp : Match on catch block at 0xc3 in for 0xa9
04-30 01:29:55.069 31435 31435 E ArmVmp : Match on catch block at 0xc3 in for 0xa1
04-30 01:29:55.072 31435 31435 E ArmVmp : Match on catch block at 0xc3 in for 0xa5
04-30 01:29:55.086 31435 31435 E ArmVmp : Match on catch block at 0xc3 in for 0xa9
04-30 01:29:55.089 31435 31435 E ArmVmp : Match on catch block at 0xc3 in for 0xa1
04-30 01:29:55.103 31435 31435 E ArmVmp : Match on catch block at 0xc3 in for 0xa5
04-30 01:29:55.106 31435 31435 E ArmVmp : Match on catch block at 0xc3 in for 0xa9
04-30 01:29:55.120 31435 31435 E ArmVmp : Match on catch block at 0xc3 in for 0xa1
04-30 01:29:55.123 31435 31435 E ArmVmp : Match on catch block at 0xc3 in for 0xa5
04-30 01:29:55.137 31435 31435 E ArmVmp : Match on catch block at 0xc3 in for 0xa9
04-30 01:29:55.139 31435 31435 E ArmVmp : Match on catch block at 0xc3 in for 0xa1
04-30 01:29:55.153 31435 31435 E ArmVmp : Match on catch block at 0xc3 in for 0xa5
04-30 01:29:55.157 31435 31435 E ArmVmp : Match on catch block at 0xc3 in for 0xa9
04-30 01:29:55.170 31435 31435 E ArmVmp : Match on catch block at 0xc3 in for 0xa1
04-30 01:29:55.173 31435 31435 E ArmVmp : Match on catch block at 0xc3 in for 0xa5
04-30 01:29:55.187 31435 31435 E ArmVmp : Match on catch block at 0xc3 in for 0xa9
04-30 01:29:55.189 31435 31435 E ArmVmp : Match on catch block at 0xc3 in for 0xa1
04-30 01:29:55.204 31435 31435 E ArmVmp : Match on catch block at 0xc3 in for 0xa5
04-30 01:29:55.207 31435 31435 E ArmVmp : Match on catch block at 0xc3 in for 0xa9
04-30 01:29:55.220 31435 31435 E ArmVmp : Match on catch block at 0xc3 in for 0xa1
04-30 01:29:55.223 31435 31435 E ArmVmp : Match on catch block at 0xc3 in for 0xa5
04-30 01:29:55.237 31435 31435 E ArmVmp : Match on catch block at 0xc3 in for 0xa9
04-30 01:29:55.240 31435 31435 E ArmVmp : Match on catch block at 0xc3 in for 0xa1
04-30 01:29:55.254 31435 31435 E ArmVmp : Match on catch block at 0xc3 in for 0xa9
04-30 01:29:55.257 31435 31435 E ArmVmp : Match on catch block at 0xc3 in for 0xa1
04-30 01:29:55.457 31435 31435 E ArmVmp : Match on catch block at 0xc3 in for 0xa1
04-30 01:29:55.460 31435 31435 E ArmVmp : Match on catch block at 0xc3 in for 0xa5
04-30 01:29:55.473 31435 31435 E ArmVmp : Match on catch block at 0xc3 in for 0xa5
04-30 01:29:55.477 31435 31435 E ArmVmp : Match on catch block at 0xc3 in for 0xa9
04-30 01:29:55.490 31435 31435 E ArmVmp : Match on catch block at 0xc3 in for 0xa9
04-30 01:29:55.493 31435 31435 E ArmVmp : Match on catch block at 0xc3 in for 0xa1
04-30 01:29:55.506 31435 31435 E ArmVmp : Match on catch block at 0xc3 in for 0xa1
04-30 01:29:55.509 31435 31435 E ArmVmp : Match on catch block at 0xc3 in for 0xa5
04-30 01:29:55.522 31435 31435 E ArmVmp : Match on catch block at 0xc3 in for 0xa5
04-30 01:29:55.526 31435 31435 E ArmVmp : Match on catch block at 0xc3 in for 0xa9
04-30 01:29:55.539 31435 31435 E ArmVmp : Match on catch block at 0xc3 in for 0xa9
04-30 01:29:55.542 31435 31435 E ArmVmp : Match on catch block at 0xc3 in for 0xa1
04-30 01:29:55.556 31435 31435 E ArmVmp : Match on catch block at 0xc3 in for 0xa1
04-30 01:29:55.559 31435 31435 E ArmVmp : Match on catch block at 0xc3 in for 0xa5
04-30 01:29:55.572 31435 31435 E ArmVmp : Match on catch block at 0xc3 in for 0xa5
04-30 01:29:55.576 31435 31435 E ArmVmp : Match on catch block at 0xc3 in for 0xa9
04-30 01:29:55.589 31435 31435 E ArmVmp : Match on catch block at 0xc3 in for 0xa9
04-30 01:29:55.593 31435 31435 E ArmVmp : Match on catch block at 0xc3 in for 0xa1
04-30 01:29:55.606 31435 31435 E ArmVmp : Match on catch block at 0xc3 in for 0xa1
04-30 01:29:55.609 31435 31435 E ArmVmp : Match on catch block at 0xc3 in for 0xa5
04-30 01:29:55.623 31435 31435 E ArmVmp : Match on catch block at 0xc3 in for 0xa5
04-30 01:29:55.626 31435 31435 E ArmVmp : Match on catch block at 0xc3 in for 0xa9
04-30 01:29:55.639 31435 31435 E ArmVmp : Match on catch block at 0xc3 in for 0xa9
04-30 01:29:55.643 31435 31435 E ArmVmp : Match on catch block at 0xc3 in for 0xa1
04-30 01:29:55.656 31435 31435 E ArmVmp : Match on catch block at 0xc3 in for 0xa1
04-30 01:29:55.660 31435 31435 E ArmVmp : Match on catch block at 0xc3 in for 0xa5
04-30 01:29:55.673 31435 31435 E ArmVmp : Match on catch block at 0xc3 in for 0xa5
04-30 01:29:55.677 31435 31435 E ArmVmp : Match on catch block at 0xc3 in for 0xa9
04-30 01:29:55.690 31435 31435 E ArmVmp : Match on catch block at 0xc3 in for 0xa9
04-30 01:29:55.693 31435 31435 E ArmVmp : Match on catch block at 0xc3 in for 0xa1
04-30 01:29:55.707 31435 31435 E ArmVmp : Match on catch block at 0xc3 in for 0xa9
04-30 01:29:55.710 31435 31435 E ArmVmp : Match on catch block at 0xc3 in for 0xa1
04-30 01:29:55.723 31435 31435 E ArmVmp : Match on catch block at 0xc3 in for 0xa1
04-30 01:29:55.726 31435 31435 E ArmVmp : Match on catch block at 0xc3 in for 0xa5
04-30 01:29:55.757 31435 31435 E ArmVmp : Match on catch block at 0xc3 in for 0xa5
04-30 01:29:55.760 31435 31435 E ArmVmp : Match on catch block at 0xc3 in for 0xa9
04-30 01:29:55.774 31435 31435 E ArmVmp : Match on catch block at 0xc3 in for 0xa1
04-30 01:29:55.777 31435 31435 E ArmVmp : Match on catch block at 0xc3 in for 0xa5
04-30 01:29:56.010 31435 31435 E ArmVmp : Match on catch block at 0xc3 in for 0xa1
04-30 01:29:56.013 31435 31435 E ArmVmp : Match on catch block at 0xc3 in for 0xa5
04-30 01:29:56.073 31435 31435 E ArmVmp : Match on catch block at 0xc3 in for 0xa5
04-30 01:29:56.076 31435 31435 E ArmVmp : Match on catch block at 0xc3 in for 0xa9
04-30 01:29:56.091 31435 31435 E ArmVmp : Match on catch block at 0xc3 in for 0xa9
04-30 01:29:56.094 31435 31435 E ArmVmp : Match on catch block at 0xc3 in for 0xa1
04-30 01:29:56.106 31435 31435 E ArmVmp : Match on catch block at 0xc3 in for 0xa1
04-30 01:29:56.109 31435 31435 E ArmVmp : Match on catch block at 0xc3 in for 0xa5
04-30 01:29:56.114 31435 31435 E ArmVmp : Match on catch block at 0xc3 in for 0xa5
04-30 01:29:56.118 31435 31435 E ArmVmp : Match on catch block at 0xc3 in for 0xa9
04-30 01:29:56.145 31435 31435 E ArmVmp : Match on catch block at 0xc3 in for 0xa9
04-30 01:29:56.148 31435 31435 E ArmVmp : Match on catch block at 0xc3 in for 0xa1
04-30 01:29:57.150 31435 31435 E libEGL : Invalid file path for libcolorx- loader.so
04-30 01:29:57.151 31435 31435 E libEGL : Invalid file path for libcolorx- loader.so
04-30 01:29:58.389 31435 31435 E Parcel : Reading a NULL string not supported here.
04-30 01:29:58.411 31435 31435 W InputEventReceiver: Attempted to finish an input event but the input event receiver has already been disposed.
04-30 01:29:58.448 31435 32270 E libEGL : Invalid file path for libcolorx- loader.so
04-30 01:29:58.765 31435 31435 E libEGL : Invalid file path for libcolorx- loader.so
04-30 01:29:58.766 31435 31435 E libEGL : Invalid file path for libcolorx- loader.so
04-30 01:29:59.196 31435 31449 W System : A resource failed to call release.
04-30 01:29:59.196 31435 31449 W System : A resource failed to call release.
04-30 01:30:02.364 31435 31435 E Parcel : Reading a NULL string not supported here.
04-30 01:30:02.416 31435 32272 E libEGL : Invalid file path for libcolorx- loader.so
04-30 01:30:02.602 31435 31435 E libEGL : Invalid file path for libcolorx- loader.so
04-30 01:30:02.603 31435 31435 E libEGL : Invalid file path for libcolorx- loader.so
04-30 01:30:04.823 31435 31435 E Parcel : Reading a NULL string not supported here.
04-30 01:30:04.879 31435 32274 E libEGL : Invalid file path for libcolorx- loader.so
04-30 01:30:05.044 31435 31435 E libEGL : Invalid file path for libcolorx- loader.so
04-30 01:30:05.045 31435 31435 E libEGL : Invalid file path for libcolorx- loader.so
04-30 01:30:06.443 31435 31435 E Parcel : Reading a NULL string not supported here.
04-30 01:30:06.490 31435 32278 E libEGL : Invalid file path for libcolorx- loader.so
04-30 01:30:06.574 31435 31435 E libEGL : Invalid file path for libcolorx- loader.so
04-30 01:30:06.575 31435 31435 E libEGL : Invalid file path for libcolorx- loader.so
04-30 01:30:06.653 31435 31489 E Parcel : Reading a NULL string not supported here.
04-30 01:30:06.741 31435 32280 E Parcel : Reading a NULL string not supported here.
04-30 01:30:08.314 31435 31435 E Parcel : Reading a NULL string not supported here.
04-30 01:30:08.365 31435 32281 E libEGL : Invalid file path for libcolorx- loader.so
04-30 01:30:08.481 31435 31435 E libEGL : Invalid file path for libcolorx- loader.so
04-30 01:30:08.482 31435 31435 E libEGL : Invalid file path for libcolorx- loader.so
04-30 01:30:10.956 31435 31435 E Parcel : Reading a NULL string not supported here.
04-30 01:30:10.995 31435 32287 E libEGL : Invalid file path for libcolorx- loader.so
04-30 01:30:11.067 31435 31435 E Parcel : Reading a NULL string not supported here.
04-30 01:30:11.108 31435 31435 E libEGL : Invalid file path for libcolorx- loader.so
04-30 01:30:11.108 31435 31435 E libEGL : Invalid file path for libcolorx- loader.so
04-30 01:30:11.163 31435 32289 E libEGL : Invalid file path for libcolorx- loader.so
04-30 01:30:11.284 31435 31435 E libEGL : Invalid file path for libcolorx- loader.so
04-30 01:30:11.285 31435 31435 E libEGL : Invalid file path for libcolorx- loader.so
04-30 01:30:11.321 31435 31484 E Parcel : Reading a NULL string not supported here.
04-30 01:30:11.338 31435 31449 W System : A resource failed to call close.
04-30 01:30:11.350 31435 31484 E Parcel : Reading a NULL string not supported here.
04-30 01:30:11.383 31435 31484 E Parcel : Reading a NULL string not supported here.
04-30 01:30:11.385 31435 31489 E Parcel : Reading a NULL string not supported here.
04-30 01:30:11.392 31435 31484 E Parcel : Reading a NULL string not supported here.
04-30 01:30:11.485 31435 31492 E Parcel : Reading a NULL string not supported here.
04-30 01:30:11.487 31435 31484 E Parcel : Reading a NULL string not supported here.
04-30 01:30:11.487 31435 32292 E Parcel : Reading a NULL string not supported here.
04-30 01:30:11.503 31435 31484 E Parcel : Reading a NULL string not supported here.
04-30 01:30:11.520 31435 31484 E Parcel : Reading a NULL string not supported here.
04-30 01:30:11.530 31435 32292 E Parcel : Reading a NULL string not supported here.
04-30 01:30:11.536 31435 31484 E Parcel : Reading a NULL string not supported here.
04-30 01:30:11.550 31435 31484 E Parcel : Reading a NULL string not supported here.
04-30 01:30:11.567 31435 31484 E Parcel : Reading a NULL string not supported here.
04-30 01:30:11.614 31435 31484 E Parcel : Reading a NULL string not supported here.
04-30 01:30:11.630 31435 31484 E Parcel : Reading a NULL string not supported here.
04-30 01:30:11.640 31435 32292 E Parcel : Reading a NULL string not supported here.
04-30 01:30:11.643 31435 31484 E Parcel : Reading a NULL string not supported here.
04-30 01:30:11.655 31435 32293 E Parcel : Reading a NULL string not supported here.
04-30 01:30:11.656 31435 32292 E Parcel : Reading a NULL string not supported here.
04-30 01:30:11.658 31435 31484 E Parcel : Reading a NULL string not supported here.
04-30 01:30:11.669 31435 32293 E Parcel : Reading a NULL string not supported here.
04-30 01:30:11.672 31435 31484 E Parcel : Reading a NULL string not supported here.
04-30 01:30:11.690 31435 32293 E Parcel : Reading a NULL string not supported here.
04-30 01:30:11.691 31435 31484 E Parcel : Reading a NULL string not supported here.
04-30 01:30:11.707 31435 31484 E Parcel : Reading a NULL string not supported here.
04-30 01:30:11.707 31435 32293 E Parcel : Reading a NULL string not supported here.
04-30 01:30:11.719 31435 31484 E Parcel : Reading a NULL string not supported here.
04-30 01:30:11.722 31435 32293 E Parcel : Reading a NULL string not supported here.
04-30 01:30:11.733 31435 31484 E Parcel : Reading a NULL string not supported here.
04-30 01:30:11.741 31435 32293 E Parcel : Reading a NULL string not supported here.
04-30 01:30:11.746 31435 31484 E Parcel : Reading a NULL string not supported here.
04-30 01:30:11.747 31435 32292 E Parcel : Reading a NULL string not supported here.
04-30 01:30:11.765 31435 32292 E Parcel : Reading a NULL string not supported here.
04-30 01:30:11.767 31435 32293 E Parcel : Reading a NULL string not supported here.
04-30 01:30:11.785 31435 32292 E Parcel : Reading a NULL string not supported here.
04-30 01:30:11.788 31435 32293 E Parcel : Reading a NULL string not supported here.
04-30 01:30:11.806 31435 32292 E Parcel : Reading a NULL string not supported here.
04-30 01:30:11.806 31435 32293 E Parcel : Reading a NULL string not supported here.
04-30 01:30:11.877 31435 32293 E Parcel : Reading a NULL string not supported here.
04-30 01:30:11.897 31435 32293 E Parcel : Reading a NULL string not supported here.
04-30 01:30:11.975 31435 32293 E Parcel : Reading a NULL string not supported here.
04-30 01:30:11.997 31435 32293 E Parcel : Reading a NULL string not supported here.
04-30 01:30:12.052 31435 32293 E Parcel : Reading a NULL string not supported here.
04-30 01:30:12.078 31435 32293 E Parcel : Reading a NULL string not supported here.
04-30 01:30:12.096 31435 32293 E Parcel : Reading a NULL string not supported here.
04-30 01:30:12.115 31435 32293 E Parcel : Reading a NULL string not supported here.
04-30 01:30:12.129 31435 32293 E Parcel : Reading a NULL string not supported here.
04-30 01:30:12.145 31435 32293 E Parcel : Reading a NULL string not supported here.
04-30 01:30:12.220 31435 32293 E Parcel : Reading a NULL string not supported here.
04-30 01:30:12.656 31435 32292 E Parcel : Reading a NULL string not supported here.
04-30 01:30:12.696 31435 32292 E Parcel : Reading a NULL string not supported here.
04-30 01:30:12.711 31435 32292 E Parcel : Reading a NULL string not supported here.
04-30 01:30:13.597 31435 32292 E Parcel : Reading a NULL string not supported here.
04-30 01:30:13.611 31435 32292 E Parcel : Reading a NULL string not supported here.
04-30 01:30:13.739 31435 32292 E Parcel : Reading a NULL string not supported here.
04-30 01:30:13.753 31435 32292 E Parcel : Reading a NULL string not supported here.
04-30 01:30:14.444 31435 32292 E Parcel : Reading a NULL string not supported here.
04-30 01:30:14.461 31435 32292 E Parcel : Reading a NULL string not supported here.
04-30 01:30:14.562 31435 32292 E Parcel : Reading a NULL string not supported here.
04-30 01:30:21.083 31435 31435 E Parcel : Reading a NULL string not supported here.
04-30 01:30:21.145 31435 32298 E libEGL : Invalid file path for libcolorx- loader.so
04-30 01:30:21.271 31435 31493 E Parcel : Reading a NULL string not supported here.
04-30 01:30:21.321 31435 31435 E libEGL : Invalid file path for libcolorx- loader.so
04-30 01:30:21.321 31435 31435 E libEGL : Invalid file path for libcolorx- loader.so
04-30 01:30:21.364 31435 31489 E Parcel : Reading a NULL string not supported here.
04-30 01:30:21.467 31435 32299 E Parcel : Reading a NULL string not supported here.
04-30 01:30:21.530 31435 32299 E Parcel : Reading a NULL string not supported here.
04-30 01:30:21.549 31435 32299 E Parcel : Reading a NULL string not supported here.
04-30 01:30:21.567 31435 32299 E Parcel : Reading a NULL string not supported here.
04-30 01:30:21.585 31435 32299 E Parcel : Reading a NULL string not supported here.
04-30 01:30:21.604 31435 32299 E Parcel : Reading a NULL string not supported here.
04-30 01:30:21.623 31435 32299 E Parcel : Reading a NULL string not supported here.
04-30 01:30:21.642 31435 32299 E Parcel : Reading a NULL string not supported here.
04-30 01:30:21.792 31435 32299 E Parcel : Reading a NULL string not supported here.
04-30 01:30:21.818 31435 32299 E Parcel : Reading a NULL string not supported here.
04-30 01:30:22.686 31435 32299 E Parcel : Reading a NULL string not supported here.
04-30 01:30:22.703 31435 32299 E Parcel : Reading a NULL string not supported here.
04-30 01:30:22.858 31435 32299 E Parcel : Reading a NULL string not supported here.
04-30 01:30:22.876 31435 32299 E Parcel : Reading a NULL string not supported here.
04-30 01:30:23.056 31435 32299 E Parcel : Reading a NULL string not supported here.
04-30 01:30:25.159 31435 32293 E Parcel : Reading a NULL string not supported here.
04-30 01:30:25.173 31435 32293 E Parcel : Reading a NULL string not supported here.
04-30 01:30:25.188 31435 32293 E Parcel : Reading a NULL string not supported here.
04-30 01:30:25.224 31435 32293 E Parcel : Reading a NULL string not supported here.
04-30 01:30:29.093 31435 31435 E Parcel : Reading a NULL string not supported here.
04-30 01:30:29.141 31435 32302 E libEGL : Invalid file path for libcolorx- loader.so
04-30 01:30:29.251 31435 31492 E Parcel : Reading a NULL string not supported here.
04-30 01:30:29.277 31435 31435 E libEGL : Invalid file path for libcolorx- loader.so
04-30 01:30:29.278 31435 31435 E libEGL : Invalid file path for libcolorx- loader.so
04-30 01:30:29.315 31435 31484 E Parcel : Reading a NULL string not supported here.
04-30 01:30:29.403 31435 32303 E Parcel : Reading a NULL string not supported here.
04-30 01:30:29.422 31435 32303 E Parcel : Reading a NULL string not supported here.
04-30 01:30:29.441 31435 32303 E Parcel : Reading a NULL string not supported here.
04-30 01:30:29.460 31435 32303 E Parcel : Reading a NULL string not supported here.
04-30 01:30:29.481 31435 32303 E Parcel : Reading a NULL string not supported here.
04-30 01:30:32.449 31435 31435 E Parcel : Reading a NULL string not supported here.
04-30 01:30:32.460 31435 31435 E Parcel : Reading a NULL string not supported here.
04-30 01:30:32.522 31435 32383 E libEGL : Invalid file path for libcolorx- loader.so
04-30 01:30:32.819 31435 31435 E Parcel : Reading a NULL string not supported here.
04-30 01:30:32.985 31435 31435 E libEGL : Invalid file path for libcolorx- loader.so
04-30 01:30:32.986 31435 31435 E libEGL : Invalid file path for libcolorx- loader.so
04-30 01:30:40.259 31435 31435 E OplusSkImageProcessing: not in image processing list
04-30 01:30:40.945 31435 31449 W System : A resource failed to call release.
04-30 01:30:44.815 31435 31435 E Parcel : Reading a NULL string not supported here. --------- beginning of main
04-30 01:30:45.015 32397 32397 E com.mbwhatsapp: Unknown bits set in runtime_flags: 0x40000000
04-30 01:30:45.021 32397 32397 E com.mbwhatsapp: Not starting debugger since process cannot load the jdwp agent.
04-30 01:30:45.029 32397 32397 E RefClass: java.lang.reflect.InvocationTargetException
04-30 01:30:45.087 32397 32397 E libc : Access denied finding property "ro.odm.prev.product.name"
04-30 01:30:45.217 32397 32397 W System.err: java.lang.ClassNotFoundException: mbmodsd.mbmodsw.ui.views.btn.BtnBK
04-30 01:30:45.217 32397 32397 W System.err: at java.lang.Runtime.nativeLoad(Native Method)
04-30 01:30:45.217 32397 32397 W System.err: at java.lang.Runtime.nativeLoad(Runtime.java:1131)
04-30 01:30:45.217 32397 32397 W System.err: at java.lang.Runtime.loadLibrary0(Runtime.java:1085)
04-30 01:30:45.217 32397 32397 W System.err: at java.lang.Runtime.loadLibrary0(Runtime.java:1008)
04-30 01:30:45.217 32397 32397 W System.err: at java.lang.System.loadLibrary(System.java:1664)
04-30 01:30:45.217 32397 32397 W System.err: at arm.EpicVm.<clinit>(Unknown Source:2)
04-30 01:30:45.217 32397 32397 W System.err: at java.lang.Class.newInstance(Native Method)
04-30 01:30:45.217 32397 32397 W System.err: at android.app.AppComponentFactory.instantiateApplication(AppComponentFactory.java:76)
04-30 01:30:45.217 32397 32397 W System.err: at androidx.core.app.CoreComponentFactory.instantiateApplication(Unknown Source:0)
