04-29 20:49:32.201 20436 20698 W System.err: at com.android.okhttp.internal.huc.HttpURLConnectionImpl.getInputStream(HttpURLConnect ionImpl.java:248)
04-29 20:49:32.201 20436 20698 W System.err:
04-29 20:49:32.202 20436 20698 W System.err: at com.android.okhttp.internal.huc.DelegatingHttpsURLConnection.getInputStream(Delegat ingHttpsURLConnection.java:211)
04-29 20:49:32.202 20436 20698 W System.err:
04-29 20:49:32.203 20436 20698 W System.err: at com.android.okhttp.internal.huc.HttpsURLConnectionImpl.getInputStream(HttpsURLConne ctionImpl.java:30)
04-29 20:49:32.203 20436 20698 W System.err:
04-29 20:49:32.203 20436 20698 W System.err: at java.net.URL.openStream(URL.java:1072)
04-29 20:49:32.203 20436 20698 W System.err:
04-29 20:49:32.204 20436 20698 W System.err: at mbmodsd.mbmodsw.mbdialog.MBDialogMan.loadJsonFromUrl(Native Method)
04-29 20:49:32.204 20436 20698 W System.err:
04-29 20:49:32.204 20436 20698 W System.err: at mbmodsd.mbmodsw.mbdialog.MBDialogMan.access$000(Native Method)
04-29 20:49:32.205 20436 20698 W System.err:
04-29 20:49:32.205 20436 20698 W System.err: at mbmodsd.mbmodsw.mbdialog.MBDialogMan$FetchJsonTask.doInBackground(Native Method)
04-29 20:49:32.206 20436 20698 W System.err:
04-29 20:49:32.206 20436 20698 W System.err: at mbmodsd.mbmodsw.mbdialog.MBDialogMan$FetchJsonTask.doInBackground(Native Method)
04-29 20:49:32.206 20436 20698 W System.err:
04-29 20:49:32.206 20436 20698 W System.err: at android.os.AsyncTask$3.call(AsyncTask.java:394)
04-29 20:49:32.206 20436 20698 W System.err:
04-29 20:49:32.206 20436 20698 W System.err: at java.util.concurrent.FutureTask.run(FutureTask.java:266)
04-29 20:49:32.206 20436 20698 W System.err:
04-29 20:49:32.207 20436 20698 W System.err: at android.os.AsyncTask$SerialExecutor$1.run(AsyncTask.java:305)
04-29 20:49:32.207 20436 20698 W System.err:
04-29 20:49:32.207 20436 20698 W System.err: at java.util.concurrent.ThreadPoolExecutor.runWorker(ThreadPoolExecutor.java:1167)
04-29 20:49:32.208 20436 20698 W System.err:
04-29 20:49:32.209 20436 20698 W System.err: at java.util.concurrent.ThreadPoolExecutor$Worker.run(ThreadPoolExecutor.java:641)
04-29 20:49:32.210 20436 20698 W System.err:
04-29 20:49:32.216 20436 20698 W System.err: at java.lang.Thread.run(Thread.java:923)
04-29 20:49:32.216 20436 20698 W System.err: --------- beginning of main
04-29 20:54:17.259 24155 24155 E com.mbwhatsapp: Unknown bits set in runtime_flags: 0x40000000
04-29 20:54:17.265 24155 24155 E com.mbwhatsapp: Not starting debugger since process cannot load the jdwp agent.
04-29 20:54:17.275 24155 24155 E RefClass: java.lang.reflect.InvocationTargetException
04-29 20:54:17.313 24155 24155 E libc : Access denied finding property "ro.odm.prev.product.name"
04-29 20:54:17.636 24155 24155 W System.err: java.lang.ClassNotFoundException: mbmodsd.mbmodsw.ui.views.btn.BtnBK
04-29 20:54:17.637 24155 24155 W System.err: at java.lang.Runtime.nativeLoad(Native Method)
04-29 20:54:17.638 24155 24155 W System.err: at java.lang.Runtime.nativeLoad(Runtime.java:1131)
04-29 20:54:17.638 24155 24155 W System.err: at java.lang.Runtime.loadLibrary0(Runtime.java:1085)
04-29 20:54:17.638 24155 24155 W System.err: at java.lang.Runtime.loadLibrary0(Runtime.java:1008)
04-29 20:54:17.638 24155 24155 W System.err: at java.lang.System.loadLibrary(System.java:1664)
04-29 20:54:17.638 24155 24155 W System.err: at arm.EpicVm.<clinit>(Unknown Source:2)
04-29 20:54:17.639 24155 24155 W System.err: at java.lang.Class.newInstance(Native Method)
04-29 20:54:17.639 24155 24155 W System.err: at android.app.AppComponentFactory.instantiateApplication(AppComponentFactory.java:76)
04-29 20:54:17.639 24155 24155 W System.err: at androidx.core.app.CoreComponentFactory.instantiateApplication(Unknown Source:0)
04-29 20:54:17.639 24155 24155 W System.err: at android.app.Instrumentation.newApplication(Instrumentation.java:1158)
04-29 20:54:17.639 24155 24155 W System.err: at android.app.LoadedApk.makeApplication(LoadedApk.java:1324)
04-29 20:54:17.639 24155 24155 W System.err: at android.app.ActivityThread.handleBindApplication(ActivityThread.java:7272)
04-29 20:54:17.639 24155 24155 W System.err: at android.app.ActivityThread.access$1700(ActivityThread.java:309)
04-29 20:54:17.639 24155 24155 W System.err: at android.app.ActivityThread$H.handleMessage(ActivityThread.java:2194)
04-29 20:54:17.639 24155 24155 W System.err: at android.os.Handler.dispatchMessage(Handler.java:106)
04-29 20:54:17.639 24155 24155 W System.err: at android.os.Looper.loop(Looper.java:264)
04-29 20:54:17.639 24155 24155 W System.err: at android.app.ActivityThread.main(ActivityThread.java:8315)
04-29 20:54:17.639 24155 24155 W System.err: at java.lang.reflect.Method.invoke(Native Method)
04-29 20:54:17.639 24155 24155 W System.err: at com.android.internal.os.RuntimeInit$MethodAndArgsCaller.run(RuntimeInit.java:632)
04-29 20:54:17.639 24155 24155 W System.err: at com.android.internal.os.ZygoteInit.main(ZygoteInit.java:1049)
04-29 20:54:17.695 24155 24155 E CustomActivityOnCrash: IMPORTANT WARNING! You already have an UncaughtExceptionHandler, are you sure this is correct? If you use a custom UncaughtExceptionHandler, you must initialize it AFTER CustomActivityOnCrash! Installing anyway, but your original handler will not be called.
04-29 20:54:18.441 24155 24155 W com.mbwhatsapp: Accessing hidden method Lcom/android/org/conscrypt/OpenSSLSocketImpl;->setUseSessionTickets(Z)V (greylist- max-q,test-api, reflection, denied)
04-29 20:54:18.442 24155 24155 W com.mbwhatsapp: Accessing hidden method Lcom/android/org/conscrypt/AbstractConscryptSocket;->setUseSessionTickets(Z)V (greylist-max-q, reflection, denied)
04-29 20:54:18.527 24155 24155 W linker : Warning: "/data/data/com.mbwhatsapp/files/decompressed/libs.spk.zst/libc++_shared.so" unused DT entry: unknown processor-specific (type 0x70000001 arg 0x0) (ignoring)
04-29 20:54:18.845 24155 24155 E ANR_LOG : >>> msg's executing time is too long
04-29 20:54:18.846 24155 24155 E ANR_LOG : Blocked msg = { when=-1s559ms what=110 target=android.app.ActivityThread$H obj=AppBindData{appInfo=ApplicationInfo{5c525bd com.mbwhatsapp}} } , cost = 1555 ms
04-29 20:54:18.846 24155 24155 E ANR_LOG : >>>Current msg List is:
04-29 20:54:18.846 24155 24155 E ANR_LOG : Current msg <1> = { when=-1s558ms what=113 target=android.app.ActivityThread$H obj=ReceiverData{intent=Intent { flg=0x80014 cmp=com.mbwhatsapp/.yo.autoschedreply.Receiver (has extras) } packageName=com.mbwhatsapp resultCode=0 resultData=null resultExtras=null} }
04-29 20:54:18.846 24155 24155 E ANR_LOG : Current msg <2> = { when=-1s557ms what=9999 target=android.app.ActivityThread$H }
04-29 20:54:18.847 24155 24155 E ANR_LOG : Current msg <3> = { when=-1s207ms what=0 target=android.app.ActivityThread$H callback=com.android.internal.util.function.pooled.PooledLambdaImpl }
04-29 20:54:18.847 24155 24155 E ANR_LOG : Current msg <4> = { when=-597ms what=0 target=android.app.ActivityThread$H callback=android.app.-$ $Lambda$LoadedApk$ReceiverDispatcher$Args$_BumDX2UKsnxLVrE6UJsJZkotuA }
04-29 20:54:18.847 24155 24155 E ANR_LOG : >>>CURRENT MSG DUMP OVER<<<
04-29 20:54:18.915 24155 24227 W com.mbwhatsapp: Class X.2rL failed lock verification and will run slower.
04-29 20:54:18.915 24155 24227 W com.mbwhatsapp: Common causes for lock verification issues are non-optimized dex code
04-29 20:54:18.915 24155 24227 W com.mbwhatsapp: and incorrect proguard optimizations.
04-29 20:54:19.143 24155 24244 W System : ClassLoader referenced unknown path: system/framework/mediatek-cta.jar
04-29 20:54:19.377 24155 24237 E CheckPermission: _bluetooth code = 1
04-29 20:54:19.379 24155 24237 E CheckPermission: _bluetooth code = 3
04-29 20:54:19.380 24155 24237 E CheckPermission: _bluetooth code = 11 --------- beginning of main
04-29 20:55:33.233 25337 25337 E com.mbwhatsapp: Unknown bits set in runtime_flags: 0x40000000
04-29 20:55:33.238 25337 25337 E com.mbwhatsapp: Not starting debugger since process cannot load the jdwp agent.
04-29 20:55:33.247 25337 25337 E RefClass: java.lang.reflect.InvocationTargetException
04-29 20:55:33.286 25337 25337 E libc : Access denied finding property "ro.odm.prev.product.name"
04-29 20:55:33.523 25337 25337 W System.err: java.lang.ClassNotFoundException: mbmodsd.mbmodsw.ui.views.btn.BtnBK
04-29 20:55:33.523 25337 25337 W System.err: at java.lang.Runtime.nativeLoad(Native Method)
04-29 20:55:33.524 25337 25337 W System.err: at java.lang.Runtime.nativeLoad(Runtime.java:1131)
04-29 20:55:33.524 25337 25337 W System.err: at java.lang.Runtime.loadLibrary0(Runtime.java:1085)
04-29 20:55:33.524 25337 25337 W System.err: at java.lang.Runtime.loadLibrary0(Runtime.java:1008)
04-29 20:55:33.524 25337 25337 W System.err: at java.lang.System.loadLibrary(System.java:1664)
04-29 20:55:33.524 25337 25337 W System.err: at arm.EpicVm.<clinit>(Unknown Source:2)
04-29 20:55:33.524 25337 25337 W System.err: at java.lang.Class.newInstance(Native Method)
04-29 20:55:33.524 25337 25337 W System.err: at android.app.AppComponentFactory.instantiateApplication(AppComponentFactory.java:76)
04-29 20:55:33.524 25337 25337 W System.err: at androidx.core.app.CoreComponentFactory.instantiateApplication(Unknown Source:0)
04-29 20:55:33.524 25337 25337 W System.err: at android.app.Instrumentation.newApplication(Instrumentation.java:1158)
04-29 20:55:33.525 25337 25337 W System.err: at android.app.LoadedApk.makeApplication(LoadedApk.java:1324)
04-29 20:55:33.525 25337 25337 W System.err: at android.app.ActivityThread.handleBindApplication(ActivityThread.java:7272)
04-29 20:55:33.525 25337 25337 W System.err: at android.app.ActivityThread.access$1700(ActivityThread.java:309)
04-29 20:55:33.525 25337 25337 W System.err: at android.app.ActivityThread$H.handleMessage(ActivityThread.java:2194)
04-29 20:55:33.525 25337 25337 W System.err: at android.os.Handler.dispatchMessage(Handler.java:106)
04-29 20:55:33.525 25337 25337 W System.err: at android.os.Looper.loop(Looper.java:264)
04-29 20:55:33.526 25337 25337 W System.err: at android.app.ActivityThread.main(ActivityThread.java:8315)
04-29 20:55:33.526 25337 25337 W System.err: at java.lang.reflect.Method.invoke(Native Method)
04-29 20:55:33.526 25337 25337 W System.err: at com.android.internal.os.RuntimeInit$MethodAndArgsCaller.run(RuntimeInit.java:632)
04-29 20:55:33.527 25337 25337 W System.err: at com.android.internal.os.ZygoteInit.main(ZygoteInit.java:1049)
04-29 20:55:33.549 25337 25337 E CustomActivityOnCrash: IMPORTANT WARNING! You already have an UncaughtExceptionHandler, are you sure this is correct? If you use a custom UncaughtExceptionHandler, you must initialize it AFTER CustomActivityOnCrash! Installing anyway, but your original handler will not be called.
04-29 20:55:33.971 25337 25337 W com.mbwhatsapp: Accessing hidden method Lcom/android/org/conscrypt/OpenSSLSocketImpl;->setUseSessionTickets(Z)V (greylist- max-q,test-api, reflection, denied)
04-29 20:55:33.972 25337 25337 W com.mbwhatsapp: Accessing hidden method Lcom/android/org/conscrypt/AbstractConscryptSocket;->setUseSessionTickets(Z)V (greylist-max-q, reflection, denied)
04-29 20:55:34.054 25337 25337 W linker : Warning: "/data/data/com.mbwhatsapp/files/decompressed/libs.spk.zst/libc++_shared.so" unused DT entry: unknown processor-specific (type 0x70000001 arg 0x0) (ignoring)
04-29 20:55:34.241 25337 25390 W com.mbwhatsapp: Class X.2rL failed lock verification and will run slower.
04-29 20:55:34.241 25337 25390 W com.mbwhatsapp: Common causes for lock verification issues are non-optimized dex code
04-29 20:55:34.241 25337 25390 W com.mbwhatsapp: and incorrect proguard optimizations.
04-29 20:55:34.471 25337 25402 W System : ClassLoader referenced unknown path: system/framework/mediatek-cta.jar
04-29 20:55:34.642 25337 25396 E CheckPermission: _bluetooth code = 1
04-29 20:55:34.644 25337 25396 E CheckPermission: _bluetooth code = 3
04-29 20:55:34.646 25337 25396 E CheckPermission: _bluetooth code = 11
04-29 20:57:00.419 25337 25400 W System : ClassLoader referenced unknown path: system/framework/mediatek-cta.jar
04-29 20:58:18.637 25337 25948 E libEGL : Invalid file path for libcolorx- loader.so
04-29 20:58:18.699 25337 25337 W com.mbwhatsapp: Class com.mbwhatsapp.HomeActivity failed lock verification and will run slower.
04-29 20:58:18.716 25337 25337 W com.mbwhatsapp: Class X.0eU failed lock verification and will run slower. --------- beginning of system
04-29 20:58:18.923 25337 25337 E OplusCustomizeRestrictionManager: sInstance is null, start a new sInstance
04-29 20:58:19.350 25337 25337 E ion : ioctl c0044901 failed with code -1: Invalid argument
04-29 20:58:19.423 25337 25337 E ArmVmp : Match on catch block at 0x0a in for 0xc1
04-29 20:58:19.460 25337 25337 E ArmVmp : Match on catch block at 0x0a in for 0x135
04-29 20:58:19.465 25337 25337 E Parcel : Reading a NULL string not supported here.
04-29 20:58:19.496 25337 25337 E Parcel : Reading a NULL string not supported here.
04-29 20:58:19.907 25337 25962 W LOTTIE : Animation contains merge paths. Merge paths are only supported on KitKat+ and must be manually enabled by calling enableMergePathsForKitKatAndAbove().
04-29 20:58:19.957 25337 25337 E libEGL : Invalid file path for libcolorx- loader.so
04-29 20:58:19.960 25337 25337 E libEGL : Invalid file path for libcolorx- loader.so
04-29 20:58:19.960 25337 25337 E libEGL : Invalid file path for libcolorx- loader.so
04-29 20:58:20.066 25337 25337 W LOTTIE : Animation contains merge paths but they are disabled.
04-29 20:58:20.178 25337 25946 E libEGL : Invalid file path for libcolorx- loader.so
04-29 20:58:20.190 25337 25946 E Parcel : Reading a NULL string not supported here.
04-29 20:58:20.192 25337 25946 E Parcel : Reading a NULL string not supported here.
04-29 20:58:20.211 25337 25946 E libEGL : Invalid file path for libcolorx- loader.so
04-29 20:58:20.229 25337 25946 E libEGL : Invalid file path for libcolorx- loader.so
04-29 20:58:20.364 25337 25966 E libc : Access denied finding property "vendor.debug.drm.logv"
04-29 20:58:20.364 25337 25966 E libc : Access denied finding property "vendor.debug.drm.logv"
04-29 20:58:20.365 25337 25966 E libc : Access denied finding property "vendor.debug.drm.logd"
04-29 20:58:20.366 25337 25966 E libc : Access denied finding property "vendor.debug.drm.logv"
04-29 20:58:21.285 25337 25946 E ion : ioctl c0044901 failed with code -1: Invalid argument
04-29 20:58:21.663 25337 25982 E libEGL : Invalid file path for libcolorx- loader.so
04-29 20:58:21.667 25337 25337 E ArmVmp : Match on catch block at 0x0a in for 0xd1
04-29 20:58:21.694 25337 25337 E ScreenmodeClient: display mode not support
04-29 20:58:26.915 25337 25951 W com.mbwhatsapp: Accessing hidden method Lcom/android/org/conscrypt/ConscryptEngineSocket;->setUseSessionTickets(Z)V (greylist-max-q,test-api, reflection, denied)
04-29 20:58:26.915 25337 25951 W com.mbwhatsapp: Accessing hidden method Lcom/android/org/conscrypt/OpenSSLSocketImpl;->setUseSessionTickets(Z)V (greylist- max-q,test-api, reflection, denied)
04-29 20:58:26.916 25337 25951 W com.mbwhatsapp: Accessing hidden method Lcom/android/org/conscrypt/AbstractConscryptSocket;->setUseSessionTickets(Z)V (greylist-max-q, reflection, denied)
04-29 20:58:26.917 25337 25951 W com.mbwhatsapp: Accessing hidden method Lcom/android/org/conscrypt/ConscryptEngineSocket;->setHostname(Ljava/lang/String;)V (greylist-max-q,test-api, reflection, denied)
04-29 20:58:26.917 25337 25951 W com.mbwhatsapp: Accessing hidden method Lcom/android/org/conscrypt/OpenSSLSocketImpl;->setHostname(Ljava/lang/String;)V (greylist-max-q,test-api, reflection, denied)
04-29 20:58:26.917 25337 25951 W com.mbwhatsapp: Accessing hidden method Lcom/android/org/conscrypt/AbstractConscryptSocket;->setHostname(Ljava/lang/ String;)V (greylist-max-q, reflection, denied)
04-29 20:58:26.918 25337 25951 W com.mbwhatsapp: Accessing hidden method Lcom/android/org/conscrypt/OpenSSLSocketImpl;->setAlpnProtocols([B)V (greylist-max- q,test-api, reflection, denied)
04-29 20:58:26.918 25337 25951 W com.mbwhatsapp: Accessing hidden method Lcom/android/org/conscrypt/AbstractConscryptSocket;->setAlpnProtocols([B)V (greylist-max-q, reflection, denied)
04-29 20:58:28.487 25337 25337 E Parcel : Reading a NULL string not supported here.
04-29 20:58:28.556 25337 26020 E libEGL : Invalid file path for libcolorx- loader.so
04-29 20:58:28.665 25337 25337 E libEGL : Invalid file path for libcolorx- loader.so
04-29 20:58:28.666 25337 25337 E libEGL : Invalid file path for libcolorx- loader.so
04-29 20:58:28.894 25337 25337 W BottomSheetBehavior: BottomSheetBehavior now supports multiple callbacks. `setBottomSheetCallback()` removes all existing callbacks, including ones set internally by library authors, which may result in unintended behavior. This may change in the future. Please use `addBottomSheetCallback()` and `removeBottomSheetCallback()` instead to set your own callbacks.
04-29 20:58:28.894 25337 25337 W BottomSheetBehavior: BottomSheetBehavior now supports multiple callbacks. `setBottomSheetCallback()` removes all existing callbacks, including ones set internally by library authors, which may result in unintended behavior. This may change in the future. Please use `addBottomSheetCallback()` and `removeBottomSheetCallback()` instead to set your own callbacks.
04-29 20:58:34.281 25337 25337 E Parcel : Reading a NULL string not supported here.
04-29 20:58:34.329 25337 26038 E libEGL : Invalid file path for libcolorx- loader.so
04-29 20:58:34.406 25337 25337 W TabLayout: MODE_SCROLLABLE + GRAVITY_FILL is not supported, GRAVITY_START will be used instead
04-29 20:58:34.442 25337 25337 E Parcel : Reading a NULL string not supported here.
04-29 20:58:34.464 25337 25337 E Parcel : Reading a NULL string not supported here.
04-29 20:58:34.465 25337 25337 E Parcel : Reading a NULL string not supported here.
04-29 20:58:34.471 25337 25337 W BottomSheetBehavior: BottomSheetBehavior now supports multiple callbacks. `setBottomSheetCallback()` removes all existing callbacks, including ones set internally by library authors, which may result in unintended behavior. This may change in the future. Please use `addBottomSheetCallback()` and `removeBottomSheetCallback()` instead to set your own callbacks.
04-29 20:58:34.476 25337 25337 E Parcel : Reading a NULL string not supported here.
04-29 20:58:34.483 25337 25390 E Parcel : Reading a NULL string not supported here.
04-29 20:58:34.572 25337 25337 E libEGL : Invalid file path for libcolorx- loader.so
04-29 20:58:34.572 25337 25337 E libEGL : Invalid file path for libcolorx- loader.so
04-29 20:58:34.572 25337 25337 E libEGL : Invalid file path for libcolorx- loader.so
04-29 20:58:34.573 25337 25337 E libEGL : Invalid file path for libcolorx- loader.so
04-29 20:58:34.701 25337 25355 W System : A resource failed to call release.
04-29 20:58:34.709 25337 25397 E Parcel : Reading a NULL string not supported here.
04-29 20:58:34.727 25337 25397 E Parcel : Reading a NULL string not supported here.
04-29 20:58:34.745 25337 25397 E Parcel : Reading a NULL string not supported here.
04-29 20:58:34.771 25337 25397 E Parcel : Reading a NULL string not supported here.
04-29 20:58:34.775 25337 25390 E Parcel : Reading a NULL string not supported here.
04-29 20:58:34.786 25337 25397 E Parcel : Reading a NULL string not supported here.
04-29 20:58:34.798 25337 25397 E Parcel : Reading a NULL string not supported here.
04-29 20:58:34.828 25337 25397 E Parcel : Reading a NULL string not supported here.
04-29 20:58:34.838 25337 26039 E libEGL : Invalid file path for libcolorx- loader.so
04-29 20:58:34.844 25337 25397 E Parcel : Reading a NULL string not supported here.
04-29 20:58:34.858 25337 25397 E Parcel : Reading a NULL string not supported here.
04-29 20:58:34.875 25337 25397 E Parcel : Reading a NULL string not supported here.
04-29 20:58:34.894 25337 25397 E Parcel : Reading a NULL string not supported here.
04-29 20:58:34.915 25337 25397 E Parcel : Reading a NULL string not supported here.
04-29 20:58:34.923 25337 25867 E Parcel : Reading a NULL string not supported here.
04-29 20:58:34.948 25337 25397 E Parcel : Reading a NULL string not supported here.
04-29 20:58:34.967 25337 26058 E Parcel : Reading a NULL string not supported here.
04-29 20:58:35.096 25337 25397 E Parcel : Reading a NULL string not supported here.
04-29 20:58:35.118 25337 25397 E Parcel : Reading a NULL string not supported here.
04-29 20:58:35.158 25337 25397 E Parcel : Reading a NULL string not supported here.
04-29 20:58:35.183 25337 25397 E Parcel : Reading a NULL string not supported here.
04-29 20:58:35.205 25337 25397 E Parcel : Reading a NULL string not supported here.
04-29 20:58:35.222 25337 25397 E Parcel : Reading a NULL string not supported here.
04-29 20:58:35.239 25337 25397 E Parcel : Reading a NULL string not supported here.
04-29 20:58:35.267 25337 25397 E Parcel : Reading a NULL string not supported here.
04-29 20:58:35.290 25337 25397 E Parcel : Reading a NULL string not supported here.
04-29 20:58:35.323 25337 25397 E Parcel : Reading a NULL string not supported here.
04-29 20:58:35.371 25337 25397 E Parcel : Reading a NULL string not supported here.
04-29 20:58:35.385 25337 26058 E Parcel : Reading a NULL string not supported here.
04-29 20:58:35.402 25337 26039 E libEGL : Invalid file path for libcolorx- loader.so
04-29 20:58:35.405 25337 25397 E Parcel : Reading a NULL string not supported here.
04-29 20:58:35.424 25337 25397 E Parcel : Reading a NULL string not supported here.
04-29 20:58:35.443 25337 25397 E Parcel : Reading a NULL string not supported here.
04-29 20:58:35.447 25337 26058 E Parcel : Reading a NULL string not supported here.
04-29 20:58:35.479 25337 26058 E Parcel : Reading a NULL string not supported here.
04-29 20:58:35.535 25337 26058 E Parcel : Reading a NULL string not supported here.
04-29 20:58:35.591 25337 26058 E Parcel : Reading a NULL string not supported here.
04-29 20:58:35.636 25337 26058 E Parcel : Reading a NULL string not supported here.
04-29 20:58:36.092 25337 26059 E Parcel : Reading a NULL string not supported here.
04-29 20:58:36.110 25337 26059 E Parcel : Reading a NULL string not supported here.
04-29 20:58:36.126 25337 26059 E Parcel : Reading a NULL string not supported here.
04-29 20:58:36.140 25337 26059 E Parcel : Reading a NULL string not supported here.
04-29 20:58:36.157 25337 26059 E Parcel : Reading a NULL string not supported here.
04-29 20:58:36.201 25337 26059 E Parcel : Reading a NULL string not supported here.
04-29 20:58:36.215 25337 26059 E Parcel : Reading a NULL string not supported here.
04-29 20:58:36.231 25337 26059 E Parcel : Reading a NULL string not supported here.
04-29 20:58:36.245 25337 26059 E Parcel : Reading a NULL string not supported here.
04-29 20:58:36.261 25337 26059 E Parcel : Reading a NULL string not supported here.
04-29 20:58:36.277 25337 26059 E Parcel : Reading a NULL string not supported here.
04-29 20:58:36.292 25337 26059 E Parcel : Reading a NULL string not supported here.
04-29 20:58:36.308 25337 26059 E Parcel : Reading a NULL string not supported here.
04-29 20:58:36.323 25337 26059 E Parcel : Reading a NULL string not supported here.
04-29 20:58:36.492 25337 26059 E Parcel : Reading a NULL string not supported here.
04-29 20:58:36.507 25337 26059 E Parcel : Reading a NULL string not supported here.
04-29 20:58:36.521 25337 26059 E Parcel : Reading a NULL string not supported here.
04-29 20:58:36.536 25337 26059 E Parcel : Reading a NULL string not supported here.
04-29 20:58:36.550 25337 26059 E Parcel : Reading a NULL string not supported here.
04-29 20:58:36.567 25337 26059 E Parcel : Reading a NULL string not supported here.
04-29 20:58:36.583 25337 26059 E Parcel : Reading a NULL string not supported here.
04-29 20:58:38.936 25337 25357 E CameraManagerGlobal: Camera 4 is not available. Ignore physical camera status change
04-29 20:58:43.616 25337 25337 E Parcel : Reading a NULL string not supported here.
04-29 20:58:43.650 25337 25337 E Parcel : Reading a NULL string not supported here.
04-29 20:58:43.652 25337 25337 E Parcel : Reading a NULL string not supported here.
04-29 20:58:43.901 25337 26023 E CameraManagerGlobal: Camera 4 is not available. Ignore physical camera status change
04-29 20:58:43.968 25337 25337 E libEGL : Invalid file path for libcolorx- loader.so
04-29 20:58:43.969 25337 25337 E libEGL : Invalid file path for libcolorx- loader.so
04-29 20:58:44.171 25337 25337 W BottomSheetBehavior: BottomSheetBehavior now supports multiple callbacks. `setBottomSheetCallback()` removes all existing callbacks, including ones set internally by library authors, which may result in unintended behavior. This may change in the future. Please use `addBottomSheetCallback()` and `removeBottomSheetCallback()` instead to set your own callbacks.
04-29 20:58:44.188 25337 25337 E RecyclerView: No adapter attached; skipping layout
04-29 20:58:44.261 25337 25337 E RecyclerView: No adapter attached; skipping layout
04-29 20:58:46.387 25337 25337 E Parcel : Reading a NULL string not supported here.
04-29 20:58:46.398 25337 25337 E Parcel : Reading a NULL string not supported here.
04-29 20:58:46.408 25337 25337 W RecyclerView: An instance of 6Hl was started more than once. Each instance of6Hl is intended to only be used once. You should create a new instance for each use.
04-29 20:58:46.483 25337 26059 E Parcel : Reading a NULL string not supported here.
04-29 20:58:46.492 25337 26406 E CameraManagerGlobal: Camera 4 is not available. Ignore physical camera status change
04-29 20:58:46.518 25337 26039 E libEGL : Invalid file path for libcolorx- loader.so
04-29 20:58:46.668 25337 25337 W RecyclerView: An instance of 6Hl was started more than once. Each instance of6Hl is intended to only be used once. You should create a new instance for each use.
04-29 20:58:46.674 25337 25337 W RecyclerView: An instance of 6Hl was started more than once. Each instance of6Hl is intended to only be used once. You should create a new instance for each use.
04-29 20:58:46.989 25337 25337 W BottomSheetBehavior: BottomSheetBehavior now supports multiple callbacks. `setBottomSheetCallback()` removes all existing callbacks, including ones set internally by library authors, which may result in unintended behavior. This may change in the future. Please use `addBottomSheetCallback()` and `removeBottomSheetCallback()` instead to set your own callbacks.
04-29 20:58:47.583 25337 26059 E Parcel : Reading a NULL string not supported here.
04-29 20:58:47.599 25337 26059 E Parcel : Reading a NULL string not supported here.
04-29 20:58:47.614 25337 26059 E Parcel : Reading a NULL string not supported here.
04-29 20:58:47.630 25337 26059 E Parcel : Reading a NULL string not supported here.
04-29 20:58:47.649 25337 26059 E Parcel : Reading a NULL string not supported here.
04-29 20:58:47.669 25337 26059 E Parcel : Reading a NULL string not supported here.
04-29 20:58:47.685 25337 26059 E Parcel : Reading a NULL string not supported here.
04-29 20:58:47.701 25337 26059 E Parcel : Reading a NULL string not supported here.
04-29 20:58:47.723 25337 26059 E Parcel : Reading a NULL string not supported here.
04-29 20:58:47.739 25337 26059 E Parcel : Reading a NULL string not supported here.
04-29 20:58:47.755 25337 26059 E Parcel : Reading a NULL string not supported here.
04-29 20:58:47.774 25337 26059 E Parcel : Reading a NULL string not supported here.
04-29 20:58:47.792 25337 26059 E Parcel : Reading a NULL string not supported here.
04-29 20:58:47.930 25337 26059 E Parcel : Reading a NULL string not supported here.
04-29 20:58:48.046 25337 25337 E Parcel : Reading a NULL string not supported here.
04-29 20:58:48.048 25337 25337 E Parcel : Reading a NULL string not supported here.
04-29 20:58:48.285 25337 26059 E Parcel : Reading a NULL string not supported here.
04-29 20:58:48.399 25337 26023 E CameraManagerGlobal: Camera 4 is not available. Ignore physical camera status change
04-29 20:58:48.421 25337 26059 E Parcel : Reading a NULL string not supported here.
04-29 20:58:48.459 25337 26059 E Parcel : Reading a NULL string not supported here.
04-29 20:58:48.493 25337 26059 E Parcel : Reading a NULL string not supported here.
04-29 20:58:48.523 25337 26059 E Parcel : Reading a NULL string not supported here.
04-29 20:58:48.543 25337 26059 E Parcel : Reading a NULL string not supported here.
04-29 20:58:48.561 25337 26059 E Parcel : Reading a NULL string not supported here.
04-29 20:58:52.351 25337 25951 W com.mbwhatsapp: Accessing hidden method Lcom/android/org/conscrypt/ConscryptEngineSocket;->setUseSessionTickets(Z)V (greylist-max-q,test-api, reflection, denied)
04-29 20:58:52.352 25337 25951 W com.mbwhatsapp: Accessing hidden method Lcom/android/org/conscrypt/OpenSSLSocketImpl;->setUseSessionTickets(Z)V (greylist- max-q,test-api, reflection, denied)
04-29 20:58:52.352 25337 25951 W com.mbwhatsapp: Accessing hidden method Lcom/android/org/conscrypt/AbstractConscryptSocket;->setUseSessionTickets(Z)V (greylist-max-q, reflection, denied)
04-29 20:58:52.353 25337 25951 W com.mbwhatsapp: Accessing hidden method Lcom/android/org/conscrypt/ConscryptEngineSocket;->setHostname(Ljava/lang/String;)V (greylist-max-q,test-api, reflection, denied)
04-29 20:58:52.354 25337 25951 W com.mbwhatsapp: Accessing hidden method Lcom/android/org/conscrypt/OpenSSLSocketImpl;->setHostname(Ljava/lang/String;)V (greylist-max-q,test-api, reflection, denied)
04-29 20:58:52.354 25337 25951 W com.mbwhatsapp: Accessing hidden method Lcom/android/org/conscrypt/AbstractConscryptSocket;->setHostname(Ljava/lang/ String;)V (greylist-max-q, reflection, denied)
04-29 20:58:52.355 25337 25951 W com.mbwhatsapp: Accessing hidden method Lcom/android/org/conscrypt/OpenSSLSocketImpl;->setAlpnProtocols([B)V (greylist-max- q,test-api, reflection, denied)
04-29 20:58:52.356 25337 25951 W com.mbwhatsapp: Accessing hidden method Lcom/android/org/conscrypt/AbstractConscryptSocket;->setAlpnProtocols([B)V (greylist-max-q, reflection, denied)
04-29 20:58:58.205 25337 26023 E CameraManagerGlobal: Camera 4 is not available. Ignore physical camera status change
04-29 20:59:09.495 25337 25337 E Parcel : Reading a NULL string not supported here.
04-29 20:59:09.545 25337 25337 E Parcel : Reading a NULL string not supported here.
04-29 20:59:09.781 25337 26059 E Parcel : Reading a NULL string not supported here.
04-29 20:59:10.038 25337 25358 E CameraManagerGlobal: Camera 4 is not available. Ignore physical camera status change
04-29 20:59:10.065 25337 25358 E CameraManagerGlobal: Camera 4 is not available. Ignore physical camera status change
04-29 20:59:10.135 25337 26039 E libEGL : Invalid file path for libcolorx- loader.so
04-29 20:59:11.131 25337 26059 E Parcel : Reading a NULL string not supported here.
04-29 20:59:11.163 25337 26059 E Parcel : Reading a NULL string not supported here.
04-29 20:59:11.285 25337 26059 E Parcel : Reading a NULL string not supported here.
04-29 20:59:11.356 25337 25337 E Parcel : Reading a NULL string not supported here.
04-29 20:59:11.361 25337 25337 E Parcel : Reading a NULL string not supported here.
04-29 20:59:11.678 25337 25358 E CameraManagerGlobal: Camera 4 is not available. Ignore physical camera status change
04-29 20:59:11.713 25337 27499 E CameraManagerGlobal: Camera 4 is not available. Ignore physical camera status change
04-29 20:59:11.802 25337 26059 E Parcel : Reading a NULL string not supported here.
04-29 20:59:11.848 25337 26059 E Parcel : Reading a NULL string not supported here.
04-29 20:59:11.877 25337 25415 E CameraManagerGlobal: Camera 4 is not available. Ignore physical camera status change
04-29 20:59:11.965 25337 26059 E Parcel : Reading a NULL string not supported here.
04-29 20:59:12.111 25337 26059 E Parcel : Reading a NULL string not supported here.
04-29 20:59:12.247 25337 26059 E Parcel : Reading a NULL string not supported here.
04-29 20:59:12.371 25337 26059 E Parcel : Reading a NULL string not supported here.
04-29 20:59:12.501 25337 26059 E Parcel : Reading a NULL string not supported here.
04-29 20:59:17.554 25337 25951 W com.mbwhatsapp: Accessing hidden method Lcom/android/org/conscrypt/ConscryptEngineSocket;->setUseSessionTickets(Z)V (greylist-max-q,test-api, reflection, denied)
04-29 20:59:17.555 25337 25951 W com.mbwhatsapp: Accessing hidden method Lcom/android/org/conscrypt/OpenSSLSocketImpl;->setUseSessionTickets(Z)V (greylist- max-q,test-api, reflection, denied)
04-29 20:59:17.555 25337 25951 W com.mbwhatsapp: Accessing hidden method Lcom/android/org/conscrypt/AbstractConscryptSocket;->setUseSessionTickets(Z)V (greylist-max-q, reflection, denied)
04-29 20:59:17.556 25337 25951 W com.mbwhatsapp: Accessing hidden method Lcom/android/org/conscrypt/ConscryptEngineSocket;->setHostname(Ljava/lang/String;)V (greylist-max-q,test-api, reflection, denied)
04-29 20:59:17.556 25337 25951 W com.mbwhatsapp: Accessing hidden method Lcom/android/org/conscrypt/OpenSSLSocketImpl;->setHostname(Ljava/lang/String;)V (greylist-max-q,test-api, reflection, denied)
04-29 20:59:17.556 25337 25951 W com.mbwhatsapp: Accessing hidden method Lcom/android/org/conscrypt/AbstractConscryptSocket;->setHostname(Ljava/lang/ String;)V (greylist-max-q, reflection, denied)
04-29 20:59:17.556 25337 25951 W com.mbwhatsapp: Accessing hidden method Lcom/android/org/conscrypt/OpenSSLSocketImpl;->setAlpnProtocols([B)V (greylist-max- q,test-api, reflection, denied)
04-29 20:59:17.556 25337 25951 W com.mbwhatsapp: Accessing hidden method Lcom/android/org/conscrypt/AbstractConscryptSocket;->setAlpnProtocols([B)V (greylist-max-q, reflection, denied)
04-29 20:59:21.647 25337 25337 E Parcel : Reading a NULL string not supported here.
04-29 20:59:21.712 25337 27888 E libEGL : Invalid file path for libcolorx- loader.so
04-29 20:59:22.395 25337 25337 E ArmVmp : Match on catch block at 0x0a in for 0xc1
04-29 20:59:22.404 25337 25337 E ArmVmp : Match on catch block at 0x0a in for 0xc1
04-29 20:59:22.592 25337 25337 E libEGL : Invalid file path for libcolorx- loader.so
04-29 20:59:22.593 25337 25337 E libEGL : Invalid file path for libcolorx- loader.so
04-29 20:59:23.136 25337 25337 E ArmVmp : Match on catch block at 0xc3 in for 0xb1
04-29 20:59:23.143 25337 25337 E ArmVmp : Match on catch block at 0xc3 in for 0xb9
04-29 20:59:23.273 25337 25337 E ArmVmp : Match on catch block at 0xc3 in for 0xa5
04-29 20:59:23.277 25337 25337 E ArmVmp : Match on catch block at 0xc3 in for 0xa1
04-29 20:59:23.346 25337 25337 E ArmVmp : Match on catch block at 0xc3 in for 0xa1
04-29 20:59:23.350 25337 25337 E ArmVmp : Match on catch block at 0xc3 in for 0xa5
04-29 20:59:23.377 25337 25337 E ArmVmp : Match on catch block at 0xc3 in for 0xa1
04-29 20:59:23.384 25337 25337 E ArmVmp : Match on catch block at 0xc3 in for 0xa5
04-29 20:59:23.837 25337 25337 E ArmVmp : Match on catch block at 0xc3 in for 0xa5
04-29 20:59:23.844 25337 25337 E ArmVmp : Match on catch block at 0xc3 in for 0xa9
04-29 20:59:24.340 25337 25337 E ArmVmp : Match on catch block at 0xc3 in for 0xa1
04-29 20:59:24.344 25337 25337 E ArmVmp : Match on catch block at 0xc3 in for 0xa5
04-29 20:59:24.375 25337 25337 E ArmVmp : Match on catch block at 0xc3 in for 0xa9
04-29 20:59:24.379 25337 25337 E ArmVmp : Match on catch block at 0xc3 in for 0xa1
04-29 20:59:24.414 25337 25337 E ArmVmp : Match on catch block at 0xc3 in for 0xa5
04-29 20:59:24.419 25337 25337 E ArmVmp : Match on catch block at 0xc3 in for 0xa9
04-29 20:59:24.482 25337 25337 E ArmVmp : Match on catch block at 0xc3 in for 0xa1
04-29 20:59:24.486 25337 25337 E ArmVmp : Match on catch block at 0xc3 in for 0xa5
04-29 20:59:24.497 25337 25337 E ArmVmp : Match on catch block at 0xc3 in for 0xa5
04-29 20:59:24.502 25337 25337 E ArmVmp : Match on catch block at 0xc3 in for 0xa9
04-29 20:59:24.512 25337 25337 E ArmVmp : Match on catch block at 0xc3 in for 0xa9
04-29 20:59:24.517 25337 25337 E ArmVmp : Match on catch block at 0xc3 in for 0xa1
04-29 20:59:24.526 25337 25337 E ArmVmp : Match on catch block at 0xc3 in for 0xa1
04-29 20:59:24.531 25337 25337 E ArmVmp : Match on catch block at 0xc3 in for 0xa5
04-29 20:59:24.542 25337 25337 E ArmVmp : Match on catch block at 0xc3 in for 0xa5
04-29 20:59:24.548 25337 25337 E ArmVmp : Match on catch block at 0xc3 in for 0xa9
04-29 20:59:24.559 25337 25337 E ArmVmp : Match on catch block at 0xc3 in for 0xa9
04-29 20:59:24.563 25337 25337 E ArmVmp : Match on catch block at 0xc3 in for 0xa1
04-29 20:59:24.599 25337 25337 E ArmVmp : Match on catch block at 0xc3 in for 0xa1
04-29 20:59:24.603 25337 25337 E ArmVmp : Match on catch block at 0xc3 in for 0xa5
04-29 20:59:24.612 25337 25337 E ArmVmp : Match on catch block at 0xc3 in for 0xa5
04-29 20:59:24.618 25337 25337 E ArmVmp : Match on catch block at 0xc3 in for 0xa9
04-29 20:59:24.627 25337 25337 E ArmVmp : Match on catch block at 0xc3 in for 0xa9
04-29 20:59:24.633 25337 25337 E ArmVmp : Match on catch block at 0xc3 in for 0xa1
04-29 20:59:24.643 25337 25337 E ArmVmp : Match on catch block at 0xc3 in for 0xa1
04-29 20:59:24.647 25337 25337 E ArmVmp : Match on catch block at 0xc3 in for 0xa5
04-29 20:59:24.660 25337 25337 E ArmVmp : Match on catch block at 0xc3 in for 0xa5
04-29 20:59:24.663 25337 25337 E ArmVmp : Match on catch block at 0xc3 in for 0xa9
04-29 20:59:24.677 25337 25337 E ArmVmp : Match on catch block at 0xc3 in for 0xa9
04-29 20:59:24.680 25337 25337 E ArmVmp : Match on catch block at 0xc3 in for 0xa1
04-29 20:59:24.694 25337 25337 E ArmVmp : Match on catch block at 0xc3 in for 0xa1
04-29 20:59:24.698 25337 25337 E ArmVmp : Match on catch block at 0xc3 in for 0xa5
04-29 20:59:24.711 25337 25337 E ArmVmp : Match on catch block at 0xc3 in for 0xa5
04-29 20:59:24.715 25337 25337 E ArmVmp : Match on catch block at 0xc3 in for 0xa9
04-29 20:59:24.727 25337 25337 E ArmVmp : Match on catch block at 0xc3 in for 0xa9
04-29 20:59:24.731 25337 25337 E ArmVmp : Match on catch block at 0xc3 in for 0xa1
04-29 20:59:24.744 25337 25337 E ArmVmp : Match on catch block at 0xc3 in for 0xa1
04-29 20:59:24.748 25337 25337 E ArmVmp : Match on catch block at 0xc3 in for 0xa5
04-29 20:59:24.761 25337 25337 E ArmVmp : Match on catch block at 0xc3 in for 0xa5
04-29 20:59:24.764 25337 25337 E ArmVmp : Match on catch block at 0xc3 in for 0xa9
04-29 20:59:24.778 25337 25337 E ArmVmp : Match on catch block at 0xc3 in for 0xa9
04-29 20:59:24.781 25337 25337 E ArmVmp : Match on catch block at 0xc3 in for 0xa1
04-29 20:59:24.795 25337 25337 E ArmVmp : Match on catch block at 0xc3 in for 0xa1
04-29 20:59:24.799 25337 25337 E ArmVmp : Match on catch block at 0xc3 in for 0xa5
04-29 20:59:24.811 25337 25337 E ArmVmp : Match on catch block at 0xc3 in for 0xa5
04-29 20:59:24.815 25337 25337 E ArmVmp : Match on catch block at 0xc3 in for 0xa9
04-29 20:59:24.828 25337 25337 E ArmVmp : Match on catch block at 0xc3 in for 0xa9
04-29 20:59:24.832 25337 25337 E ArmVmp : Match on catch block at 0xc3 in for 0xa1
04-29 20:59:24.845 25337 25337 E ArmVmp : Match on catch block at 0xc3 in for 0xa1
04-29 20:59:24.848 25337 25337 E ArmVmp : Match on catch block at 0xc3 in for 0xa5
04-29 20:59:24.862 25337 25337 E ArmVmp : Match on catch block at 0xc3 in for 0xa5
04-29 20:59:24.865 25337 25337 E ArmVmp : Match on catch block at 0xc3 in for 0xa9
04-29 20:59:24.878 25337 25337 E ArmVmp : Match on catch block at 0xc3 in for 0xa9
04-29 20:59:24.881 25337 25337 E ArmVmp : Match on catch block at 0xc3 in for 0xa1
04-29 20:59:24.895 25337 25337 E ArmVmp : Match on catch block at 0xc3 in for 0xa1
04-29 20:59:24.899 25337 25337 E ArmVmp : Match on catch block at 0xc3 in for 0xa5
04-29 20:59:24.912 25337 25337 E ArmVmp : Match on catch block at 0xc3 in for 0xa5
04-29 20:59:24.916 25337 25337 E ArmVmp : Match on catch block at 0xc3 in for 0xa9
04-29 20:59:24.929 25337 25337 E ArmVmp : Match on catch block at 0xc3 in for 0xa9
04-29 20:59:24.932 25337 25337 E ArmVmp : Match on catch block at 0xc3 in for 0xa1
04-29 20:59:24.945 25337 25337 E ArmVmp : Match on catch block at 0xc3 in for 0xa1
04-29 20:59:24.949 25337 25337 E ArmVmp : Match on catch block at 0xc3 in for 0xa5
04-29 20:59:24.962 25337 25337 E ArmVmp : Match on catch block at 0xc3 in for 0xa5
04-29 20:59:24.966 25337 25337 E ArmVmp : Match on catch block at 0xc3 in for 0xa9
04-29 20:59:24.979 25337 25337 E ArmVmp : Match on catch block at 0xc3 in for 0xa9
04-29 20:59:24.982 25337 25337 E ArmVmp : Match on catch block at 0xc3 in for 0xa1
04-29 20:59:24.996 25337 25337 E ArmVmp : Match on catch block at 0xc3 in for 0xa1
04-29 20:59:24.999 25337 25337 E ArmVmp : Match on catch block at 0xc3 in for 0xa5
04-29 20:59:25.012 25337 25337 E ArmVmp : Match on catch block at 0xc3 in for 0xa5
04-29 20:59:25.016 25337 25337 E ArmVmp : Match on catch block at 0xc3 in for 0xa9
04-29 20:59:25.030 25337 25337 E ArmVmp : Match on catch block at 0xc3 in for 0xa9
04-29 20:59:25.033 25337 25337 E ArmVmp : Match on catch block at 0xc3 in for 0xa1
04-29 20:59:25.046 25337 25337 E ArmVmp : Match on catch block at 0xc3 in for 0xa1
04-29 20:59:25.049 25337 25337 E ArmVmp : Match on catch block at 0xc3 in for 0xa5
04-29 20:59:25.129 25337 25337 E ArmVmp : Match on catch block at 0xc3 in for 0xa9
04-29 20:59:25.134 25337 25337 E ArmVmp : Match on catch block at 0xc3 in for 0xa1
04-29 20:59:25.180 25337 25337 E ArmVmp : Match on catch block at 0xc3 in for 0xa5
04-29 20:59:25.183 25337 25337 E ArmVmp : Match on catch block at 0xc3 in for 0xa9
04-29 20:59:25.295 25337 25337 E ArmVmp : Match on catch block at 0xc3 in for 0xa9
04-29 20:59:25.299 25337 25337 E ArmVmp : Match on catch block at 0xc3 in for 0xa1
04-29 20:59:25.347 25337 25337 E ArmVmp : Match on catch block at 0xc3 in for 0xa1
04-29 20:59:25.353 25337 25337 E ArmVmp : Match on catch block at 0xc3 in for 0xa5
04-29 20:59:25.700 25337 25337 E ArmVmp : Match on catch block at 0xc3 in for 0xa9
04-29 20:59:25.706 25337 25337 E ArmVmp : Match on catch block at 0xc3 in for 0xa1
04-29 20:59:25.718 25337 25337 E ArmVmp : Match on catch block at 0xc3 in for 0xa1
04-29 20:59:25.725 25337 25337 E ArmVmp : Match on catch block at 0xc3 in for 0xa5
04-29 20:59:25.738 25337 25337 E ArmVmp : Match on catch block at 0xc3 in for 0xa5
04-29 20:59:25.747 25337 25337 E ArmVmp : Match on catch block at 0xc3 in for 0xa9
04-29 20:59:25.761 25337 25337 E ArmVmp : Match on catch block at 0xc3 in for 0xa9
04-29 20:59:25.772 25337 25337 E ArmVmp : Match on catch block at 0xc3 in for 0xa1
04-29 20:59:25.785 25337 25337 E ArmVmp : Match on catch block at 0xc3 in for 0xa1
04-29 20:59:25.794 25337 25337 E ArmVmp : Match on catch block at 0xc3 in for 0xa5
04-29 20:59:25.807 25337 25337 E ArmVmp : Match on catch block at 0xc3 in for 0xa5
04-29 20:59:25.815 25337 25337 E ArmVmp : Match on catch block at 0xc3 in for 0xa9
04-29 20:59:25.835 25337 25337 E ArmVmp : Match on catch block at 0xc3 in for 0xa9
04-29 20:59:25.844 25337 25337 E ArmVmp : Match on catch block at 0xc3 in for 0xa1
04-29 20:59:25.855 25337 25337 E ArmVmp : Match on catch block at 0xc3 in for 0xa1
04-29 20:59:25.863 25337 25337 E ArmVmp : Match on catch block at 0xc3 in for 0xa5
04-29 20:59:25.876 25337 25337 E ArmVmp : Match on catch block at 0xc3 in for 0xa5
04-29 20:59:25.884 25337 25337 E ArmVmp : Match on catch block at 0xc3 in for 0xa9
04-29 20:59:25.902 25337 25337 E ArmVmp : Match on catch block at 0xc3 in for 0xa9
04-29 20:59:25.911 25337 25337 E ArmVmp : Match on catch block at 0xc3 in for 0xa1
04-29 20:59:25.921 25337 25337 E ArmVmp : Match on catch block at 0xc3 in for 0xa1
04-29 20:59:25.928 25337 25337 E ArmVmp : Match on catch block at 0xc3 in for 0xa5
04-29 20:59:25.941 25337 25337 E ArmVmp : Match on catch block at 0xc3 in for 0xa5
04-29 20:59:25.949 25337 25337 E ArmVmp : Match on catch block at 0xc3 in for 0xa9
04-29 20:59:25.969 25337 25337 E ArmVmp : Match on catch block at 0xc3 in for 0xa9
04-29 20:59:25.975 25337 25337 E ArmVmp : Match on catch block at 0xc3 in for 0xa1
04-29 20:59:26.372 25337 25337 E ArmVmp : Match on catch block at 0xc3 in for 0xa1
04-29 20:59:26.379 25337 25337 E ArmVmp : Match on catch block at 0xc3 in for 0xa5
04-29 20:59:26.614 25337 25337 E ArmVmp : Match on catch block at 0xc3 in for 0xa5
04-29 20:59:26.617 25337 25337 E ArmVmp : Match on catch block at 0xc3 in for 0xa9
04-29 20:59:26.627 25337 25337 E ArmVmp : Match on catch block at 0xc3 in for 0xa9
04-29 20:59:26.632 25337 25337 E ArmVmp : Match on catch block at 0xc3 in for 0xa1
04-29 20:59:26.651 25337 25337 E ArmVmp : Match on catch block at 0xc3 in for 0xa1
04-29 20:59:26.655 25337 25337 E ArmVmp : Match on catch block at 0xc3 in for 0xa5
04-29 20:59:26.664 25337 25337 E ArmVmp : Match on catch block at 0xc3 in for 0xa5
04-29 20:59:26.667 25337 25337 E ArmVmp : Match on catch block at 0xc3 in for 0xa9
04-29 20:59:26.676 25337 25337 E ArmVmp : Match on catch block at 0xc3 in for 0xa9
04-29 20:59:26.679 25337 25337 E ArmVmp : Match on catch block at 0xc3 in for 0xa1
04-29 20:59:26.691 25337 25337 E ArmVmp : Match on catch block at 0xc3 in for 0xa1
04-29 20:59:26.695 25337 25337 E ArmVmp : Match on catch block at 0xc3 in for 0xa5
04-29 20:59:26.708 25337 25337 E ArmVmp : Match on catch block at 0xc3 in for 0xa5
04-29 20:59:26.712 25337 25337 E ArmVmp : Match on catch block at 0xc3 in for 0xa9
04-29 20:59:26.726 25337 25337 E ArmVmp : Match on catch block at 0xc3 in for 0xa9
04-29 20:59:26.730 25337 25337 E ArmVmp : Match on catch block at 0xc3 in for 0xa1
04-29 20:59:26.741 25337 25337 E ArmVmp : Match on catch block at 0xc3 in for 0xa1
04-29 20:59:26.745 25337 25337 E ArmVmp : Match on catch block at 0xc3 in for 0xa5
04-29 20:59:26.760 25337 25337 E ArmVmp : Match on catch block at 0xc3 in for 0xa9
04-29 20:59:26.764 25337 25337 E ArmVmp : Match on catch block at 0xc3 in for 0xa1
04-29 20:59:26.775 25337 25337 E ArmVmp : Match on catch block at 0xc3 in for 0xa1
04-29 20:59:26.780 25337 25337 E ArmVmp : Match on catch block at 0xc3 in for 0xa5
04-29 20:59:26.792 25337 25337 E ArmVmp : Match on catch block at 0xc3 in for 0xa5
04-29 20:59:26.797 25337 25337 E ArmVmp : Match on catch block at 0xc3 in for 0xa9
04-29 20:59:26.808 25337 25337 E ArmVmp : Match on catch block at 0xc3 in for 0xa9
04-29 20:59:26.812 25337 25337 E ArmVmp : Match on catch block at 0xc3 in for 0xa1
04-29 20:59:26.825 25337 25337 E ArmVmp : Match on catch block at 0xc3 in for 0xa1
04-29 20:59:26.828 25337 25337 E ArmVmp : Match on catch block at 0xc3 in for 0xa5
04-29 20:59:26.841 25337 25337 E ArmVmp : Match on catch block at 0xc3 in for 0xa9
04-29 20:59:26.844 25337 25337 E ArmVmp : Match on catch block at 0xc3 in for 0xa1
04-29 20:59:26.863 25337 25337 E ArmVmp : Match on catch block at 0xc3 in for 0xa9
04-29 20:59:26.867 25337 25337 E ArmVmp : Match on catch block at 0xc3 in for 0xa1
04-29 20:59:26.874 25337 25337 E ArmVmp : Match on catch block at 0xc3 in for 0xa5
04-29 20:59:26.879 25337 25337 E ArmVmp : Match on catch block at 0xc3 in for 0xa9
04-29 20:59:26.891 25337 25337 E ArmVmp : Match on catch block at 0xc3 in for 0xa1
04-29 20:59:26.895 25337 25337 E ArmVmp : Match on catch block at 0xc3 in for 0xa5
04-29 20:59:26.908 25337 25337 E ArmVmp : Match on catch block at 0xc3 in for 0xa9
04-29 20:59:26.911 25337 25337 E ArmVmp : Match on catch block at 0xc3 in for 0xa1
04-29 20:59:26.925 25337 25337 E ArmVmp : Match on catch block at 0xc3 in for 0xa5
04-29 20:59:26.929 25337 25337 E ArmVmp : Match on catch block at 0xc3 in for 0xa9
04-29 20:59:26.942 25337 25337 E ArmVmp : Match on catch block at 0xc3 in for 0xa1
04-29 20:59:26.945 25337 25337 E ArmVmp : Match on catch block at 0xc3 in for 0xa5
04-29 20:59:26.960 25337 25337 E ArmVmp : Match on catch block at 0xc3 in for 0xa1
04-29 20:59:26.964 25337 25337 E ArmVmp : Match on catch block at 0xc3 in for 0xa5
04-29 20:59:26.978 25337 25337 E ArmVmp : Match on catch block at 0xc3 in for 0xa9
04-29 20:59:26.981 25337 25337 E ArmVmp : Match on catch block at 0xc3 in for 0xa1
04-29 20:59:26.992 25337 25337 E ArmVmp : Match on catch block at 0xc3 in for 0xa5
04-29 20:59:26.996 25337 25337 E ArmVmp : Match on catch block at 0xc3 in for 0xa9
04-29 20:59:27.009 25337 25337 E ArmVmp : Match on catch block at 0xc3 in for 0xa1
04-29 20:59:27.013 25337 25337 E ArmVmp : Match on catch block at 0xc3 in for 0xa5
04-29 20:59:27.025 25337 25337 E ArmVmp : Match on catch block at 0xc3 in for 0xa9
04-29 20:59:27.030 25337 25337 E ArmVmp : Match on catch block at 0xc3 in for 0xa1
04-29 20:59:27.042 25337 25337 E ArmVmp : Match on catch block at 0xc3 in for 0xa5
04-29 20:59:27.047 25337 25337 E ArmVmp : Match on catch block at 0xc3 in for 0xa9
04-29 20:59:27.059 25337 25337 E ArmVmp : Match on catch block at 0xc3 in for 0xa1
04-29 20:59:27.063 25337 25337 E ArmVmp : Match on catch block at 0xc3 in for 0xa5
04-29 20:59:27.076 25337 25337 E ArmVmp : Match on catch block at 0xc3 in for 0xa9
04-29 20:59:27.080 25337 25337 E ArmVmp : Match on catch block at 0xc3 in for 0xa1
04-29 20:59:27.092 25337 25337 E ArmVmp : Match on catch block at 0xc3 in for 0xa5
04-29 20:59:27.097 25337 25337 E ArmVmp : Match on catch block at 0xc3 in for 0xa9
04-29 20:59:27.109 25337 25337 E ArmVmp : Match on catch block at 0xc3 in for 0xa1
04-29 20:59:27.113 25337 25337 E ArmVmp : Match on catch block at 0xc3 in for 0xa5
04-29 20:59:27.127 25337 25337 E ArmVmp : Match on catch block at 0xc3 in for 0xa9
04-29 20:59:27.131 25337 25337 E ArmVmp : Match on catch block at 0xc3 in for 0xa1
04-29 20:59:27.143 25337 25337 E ArmVmp : Match on catch block at 0xc3 in for 0xa5
04-29 20:59:27.148 25337 25337 E ArmVmp : Match on catch block at 0xc3 in for 0xa9
04-29 20:59:27.159 25337 25337 E ArmVmp : Match on catch block at 0xc3 in for 0xa9
04-29 20:59:27.165 25337 25337 E ArmVmp : Match on catch block at 0xc3 in for 0xa1
04-29 20:59:27.261 25337 25337 E ArmVmp : Match on catch block at 0xc3 in for 0xa1
04-29 20:59:27.265 25337 25337 E ArmVmp : Match on catch block at 0xc3 in for 0xa5
